-- We cannot use stored procedures because we change the dialect from h2 to postgresql based on the spring profile / environment

INSERT INTO users (id, email, name) VALUES ('1', '1@gmail.com', 'user1');
INSERT INTO users (id, email, name) VALUES ('2', '2@gmail.com', 'user2');
INSERT INTO users (id, email, name) VALUES ('3', '3@gmail.com', 'user3');
INSERT INTO users (id, email, name) VALUES ('4', '4@gmail.com', 'user4');
INSERT INTO users (id, email, name) VALUES ('5', '5@gmail.com', 'user5');
INSERT INTO users (id, email, name) VALUES ('6', '6@gmail.com', 'user6');
INSERT INTO users (id, email, name) VALUES ('7', '7@gmail.com', 'user7');
INSERT INTO users (id, email, name) VALUES ('8', '8@gmail.com', 'user8');
INSERT INTO users (id, email, name) VALUES ('9', '9@gmail.com', 'user9');
INSERT INTO users (id, email, name) VALUES ('10', '10@gmail.com', 'user10');

INSERT INTO posts (id, title, content, user_id) VALUES ('1', '1', '1', '1');
INSERT INTO posts (id, title, content, user_id) VALUES ('2', '2', '2', '1');
INSERT INTO posts (id, title, content, user_id) VALUES ('3', '3', '3', '1');
INSERT INTO posts (id, title, content, user_id) VALUES ('4', '4', '4', '2');
INSERT INTO posts (id, title, content, user_id) VALUES ('5', '5', '5', '2');
INSERT INTO posts (id, title, content, user_id) VALUES ('6', '6', '6', '2');
INSERT INTO posts (id, title, content, user_id) VALUES ('7', '7', '7', '3');
INSERT INTO posts (id, title, content, user_id) VALUES ('8', '8', '8', '3');
INSERT INTO posts (id, title, content, user_id) VALUES ('9', '9', '9', '3');
INSERT INTO posts (id, title, content, user_id) VALUES ('10', '10', '10', '4');
INSERT INTO posts (id, title, content, user_id) VALUES ('11', '11', '11', '4');
INSERT INTO posts (id, title, content, user_id) VALUES ('12', '12', '12', '4');
INSERT INTO posts (id, title, content, user_id) VALUES ('13', '13', '13', '5');
INSERT INTO posts (id, title, content, user_id) VALUES ('14', '14', '14', '5');
INSERT INTO posts (id, title, content, user_id) VALUES ('15', '15', '15', '5');
INSERT INTO posts (id, title, content, user_id) VALUES ('16', '16', '16', '6');
INSERT INTO posts (id, title, content, user_id) VALUES ('17', '17', '17', '6');
INSERT INTO posts (id, title, content, user_id) VALUES ('18', '18', '18', '6');
INSERT INTO posts (id, title, content, user_id) VALUES ('19', '19', '19', '7');
INSERT INTO posts (id, title, content, user_id) VALUES ('20', '20', '20', '7');
INSERT INTO posts (id, title, content, user_id) VALUES ('21', '21', '21', '7');
INSERT INTO posts (id, title, content, user_id) VALUES ('22', '22', '22', '8');
INSERT INTO posts (id, title, content, user_id) VALUES ('23', '23', '23', '8');
INSERT INTO posts (id, title, content, user_id) VALUES ('24', '24', '24', '8');
INSERT INTO posts (id, title, content, user_id) VALUES ('25', '25', '25', '9');
INSERT INTO posts (id, title, content, user_id) VALUES ('26', '26', '26', '9');
INSERT INTO posts (id, title, content, user_id) VALUES ('27', '27', '27', '9');
INSERT INTO posts (id, title, content, user_id) VALUES ('28', '28', '28', '10');
INSERT INTO posts (id, title, content, user_id) VALUES ('29', '29', '29', '10');
INSERT INTO posts (id, title, content, user_id) VALUES ('30', '30', '30', '10');

INSERT INTO comments (id, content, post_id, user_id) VALUES ('1', '1', '1', '1');
INSERT INTO comments (id, content, post_id, user_id) VALUES ('2', '2', '1', '2');
INSERT INTO comments (id, content, post_id, user_id) VALUES ('3', '3', '1', '3');
INSERT INTO comments (id, content, post_id, user_id) VALUES ('4', '4', '1', '4');
INSERT INTO comments (id, content, post_id, user_id) VALUES ('5', '5', '1', '5');
INSERT INTO comments (id, content, post_id, user_id) VALUES ('6', '6', '2', '6');
INSERT INTO comments (id, content, post_id, user_id) VALUES ('7', '7', '2', '7');
INSERT INTO comments (id, content, post_id, user_id) VALUES ('8', '8', '2', '8');
INSERT INTO comments (id, content, post_id, user_id) VALUES ('9', '9', '2', '9');
INSERT INTO comments (id, content, post_id, user_id) VALUES ('10', '10', '2', '10');
INSERT INTO comments (id, content, post_id, user_id) VALUES ('11', '11', '3', '1');
INSERT INTO comments (id, content, post_id, user_id) VALUES ('12', '12', '3', '2');
INSERT INTO comments (id, content, post_id, user_id) VALUES ('13', '13', '3', '3');
INSERT INTO comments (id, content, post_id, user_id) VALUES ('14', '14', '3', '4');
INSERT INTO comments (id, content, post_id, user_id) VALUES ('15', '15', '3', '5');
INSERT INTO comments (id, content, post_id, user_id) VALUES ('16', '16', '4', '6');
INSERT INTO comments (id, content, post_id, user_id) VALUES ('17', '17', '4', '7');
INSERT INTO comments (id, content, post_id, user_id) VALUES ('18', '18', '4', '8');
INSERT INTO comments (id, content, post_id, user_id) VALUES ('19', '19', '4', '9');
INSERT INTO comments (id, content, post_id, user_id) VALUES ('20', '20', '4', '10');
INSERT INTO comments (id, content, post_id, user_id) VALUES ('21', '21', '5', '1');
INSERT INTO comments (id, content, post_id, user_id) VALUES ('22', '22', '5', '2');
INSERT INTO comments (id, content, post_id, user_id) VALUES ('23', '23', '5', '3');
INSERT INTO comments (id, content, post_id, user_id) VALUES ('24', '24', '5', '4');
INSERT INTO comments (id, content, post_id, user_id) VALUES ('25', '25', '5', '5');
INSERT INTO comments (id, content, post_id, user_id) VALUES ('26', '26', '6', '6');
INSERT INTO comments (id, content, post_id, user_id) VALUES ('27', '27', '6', '7');
INSERT INTO comments (id, content, post_id, user_id) VALUES ('28', '28', '6', '8');
INSERT INTO comments (id, content, post_id, user_id) VALUES ('29', '29', '6', '9');
INSERT INTO comments (id, content, post_id, user_id) VALUES ('30', '30', '6', '10');
INSERT INTO comments (id, content, post_id, user_id) VALUES ('31', '31', '7', '1');
INSERT INTO comments (id, content, post_id, user_id) VALUES ('32', '32', '7', '2');
INSERT INTO comments (id, content, post_id, user_id) VALUES ('33', '33', '7', '3');
INSERT INTO comments (id, content, post_id, user_id) VALUES ('34', '34', '7', '4');
INSERT INTO comments (id, content, post_id, user_id) VALUES ('35', '35', '7', '5');
INSERT INTO comments (id, content, post_id, user_id) VALUES ('36', '36', '8', '6');
INSERT INTO comments (id, content, post_id, user_id) VALUES ('37', '37', '8', '7');
INSERT INTO comments (id, content, post_id, user_id) VALUES ('38', '38', '8', '8');
INSERT INTO comments (id, content, post_id, user_id) VALUES ('39', '39', '8', '9');
INSERT INTO comments (id, content, post_id, user_id) VALUES ('40', '40', '8', '10');
INSERT INTO comments (id, content, post_id, user_id) VALUES ('41', '41', '9', '1');
INSERT INTO comments (id, content, post_id, user_id) VALUES ('42', '42', '9', '2');
INSERT INTO comments (id, content, post_id, user_id) VALUES ('43', '43', '9', '3');
INSERT INTO comments (id, content, post_id, user_id) VALUES ('44', '44', '9', '4');
INSERT INTO comments (id, content, post_id, user_id) VALUES ('45', '45', '9', '5');
INSERT INTO comments (id, content, post_id, user_id) VALUES ('46', '46', '10', '6');
INSERT INTO comments (id, content, post_id, user_id) VALUES ('47', '47', '10', '7');
INSERT INTO comments (id, content, post_id, user_id) VALUES ('48', '48', '10', '8');
INSERT INTO comments (id, content, post_id, user_id) VALUES ('49', '49', '10', '9');
INSERT INTO comments (id, content, post_id, user_id) VALUES ('50', '50', '10', '10');
INSERT INTO comments (id, content, post_id, user_id) VALUES ('51', '51', '11', '1');
INSERT INTO comments (id, content, post_id, user_id) VALUES ('52', '52', '11', '2');
INSERT INTO comments (id, content, post_id, user_id) VALUES ('53', '53', '11', '3');
INSERT INTO comments (id, content, post_id, user_id) VALUES ('54', '54', '11', '4');
INSERT INTO comments (id, content, post_id, user_id) VALUES ('55', '55', '11', '5');
INSERT INTO comments (id, content, post_id, user_id) VALUES ('56', '56', '12', '6');
INSERT INTO comments (id, content, post_id, user_id) VALUES ('57', '57', '12', '7');
INSERT INTO comments (id, content, post_id, user_id) VALUES ('58', '58', '12', '8');
INSERT INTO comments (id, content, post_id, user_id) VALUES ('59', '59', '12', '9');
INSERT INTO comments (id, content, post_id, user_id) VALUES ('60', '60', '12', '10');
INSERT INTO comments (id, content, post_id, user_id) VALUES ('61', '61', '13', '1');
INSERT INTO comments (id, content, post_id, user_id) VALUES ('62', '62', '13', '2');
INSERT INTO comments (id, content, post_id, user_id) VALUES ('63', '63', '13', '3');
INSERT INTO comments (id, content, post_id, user_id) VALUES ('64', '64', '13', '4');
INSERT INTO comments (id, content, post_id, user_id) VALUES ('65', '65', '13', '5');
INSERT INTO comments (id, content, post_id, user_id) VALUES ('66', '66', '14', '6');
INSERT INTO comments (id, content, post_id, user_id) VALUES ('67', '67', '14', '7');
INSERT INTO comments (id, content, post_id, user_id) VALUES ('68', '68', '14', '8');
INSERT INTO comments (id, content, post_id, user_id) VALUES ('69', '69', '14', '9');
INSERT INTO comments (id, content, post_id, user_id) VALUES ('70', '70', '14', '10');
INSERT INTO comments (id, content, post_id, user_id) VALUES ('71', '71', '15', '1');
INSERT INTO comments (id, content, post_id, user_id) VALUES ('72', '72', '15', '2');
INSERT INTO comments (id, content, post_id, user_id) VALUES ('73', '73', '15', '3');
INSERT INTO comments (id, content, post_id, user_id) VALUES ('74', '74', '15', '4');
INSERT INTO comments (id, content, post_id, user_id) VALUES ('75', '75', '15', '5');
INSERT INTO comments (id, content, post_id, user_id) VALUES ('76', '76', '16', '6');
INSERT INTO comments (id, content, post_id, user_id) VALUES ('77', '77', '16', '7');
INSERT INTO comments (id, content, post_id, user_id) VALUES ('78', '78', '16', '8');
INSERT INTO comments (id, content, post_id, user_id) VALUES ('79', '79', '16', '9');
INSERT INTO comments (id, content, post_id, user_id) VALUES ('80', '80', '16', '10');
INSERT INTO comments (id, content, post_id, user_id) VALUES ('81', '81', '17', '1');
INSERT INTO comments (id, content, post_id, user_id) VALUES ('82', '82', '17', '2');
INSERT INTO comments (id, content, post_id, user_id) VALUES ('83', '83', '17', '3');
INSERT INTO comments (id, content, post_id, user_id) VALUES ('84', '84', '17', '4');
INSERT INTO comments (id, content, post_id, user_id) VALUES ('85', '85', '17', '5');
INSERT INTO comments (id, content, post_id, user_id) VALUES ('86', '86', '18', '6');
INSERT INTO comments (id, content, post_id, user_id) VALUES ('87', '87', '18', '7');
INSERT INTO comments (id, content, post_id, user_id) VALUES ('88', '88', '18', '8');
INSERT INTO comments (id, content, post_id, user_id) VALUES ('89', '89', '18', '9');
INSERT INTO comments (id, content, post_id, user_id) VALUES ('90', '90', '18', '10');
INSERT INTO comments (id, content, post_id, user_id) VALUES ('91', '91', '19', '1');
INSERT INTO comments (id, content, post_id, user_id) VALUES ('92', '92', '19', '2');
INSERT INTO comments (id, content, post_id, user_id) VALUES ('93', '93', '19', '3');
INSERT INTO comments (id, content, post_id, user_id) VALUES ('94', '94', '19', '4');
INSERT INTO comments (id, content, post_id, user_id) VALUES ('95', '95', '19', '5');
INSERT INTO comments (id, content, post_id, user_id) VALUES ('96', '96', '20', '6');
INSERT INTO comments (id, content, post_id, user_id) VALUES ('97', '97', '20', '7');
INSERT INTO comments (id, content, post_id, user_id) VALUES ('98', '98', '20', '8');
INSERT INTO comments (id, content, post_id, user_id) VALUES ('99', '99', '20', '9');
INSERT INTO comments (id, content, post_id, user_id) VALUES ('100', '100', '20', '10');
INSERT INTO comments (id, content, post_id, user_id) VALUES ('101', '101', '21', '1');
INSERT INTO comments (id, content, post_id, user_id) VALUES ('102', '102', '21', '2');
INSERT INTO comments (id, content, post_id, user_id) VALUES ('103', '103', '21', '3');
INSERT INTO comments (id, content, post_id, user_id) VALUES ('104', '104', '21', '4');
INSERT INTO comments (id, content, post_id, user_id) VALUES ('105', '105', '21', '5');
INSERT INTO comments (id, content, post_id, user_id) VALUES ('106', '106', '22', '6');
INSERT INTO comments (id, content, post_id, user_id) VALUES ('107', '107', '22', '7');
INSERT INTO comments (id, content, post_id, user_id) VALUES ('108', '108', '22', '8');
INSERT INTO comments (id, content, post_id, user_id) VALUES ('109', '109', '22', '9');
INSERT INTO comments (id, content, post_id, user_id) VALUES ('110', '110', '22', '10');
INSERT INTO comments (id, content, post_id, user_id) VALUES ('111', '111', '23', '1');
INSERT INTO comments (id, content, post_id, user_id) VALUES ('112', '112', '23', '2');
INSERT INTO comments (id, content, post_id, user_id) VALUES ('113', '113', '23', '3');
INSERT INTO comments (id, content, post_id, user_id) VALUES ('114', '114', '23', '4');
INSERT INTO comments (id, content, post_id, user_id) VALUES ('115', '115', '23', '5');
INSERT INTO comments (id, content, post_id, user_id) VALUES ('116', '116', '24', '6');
INSERT INTO comments (id, content, post_id, user_id) VALUES ('117', '117', '24', '7');
INSERT INTO comments (id, content, post_id, user_id) VALUES ('118', '118', '24', '8');
INSERT INTO comments (id, content, post_id, user_id) VALUES ('119', '119', '24', '9');
INSERT INTO comments (id, content, post_id, user_id) VALUES ('120', '120', '24', '10');
INSERT INTO comments (id, content, post_id, user_id) VALUES ('121', '121', '25', '1');
INSERT INTO comments (id, content, post_id, user_id) VALUES ('122', '122', '25', '2');
INSERT INTO comments (id, content, post_id, user_id) VALUES ('123', '123', '25', '3');
INSERT INTO comments (id, content, post_id, user_id) VALUES ('124', '124', '25', '4');
INSERT INTO comments (id, content, post_id, user_id) VALUES ('125', '125', '25', '5');
INSERT INTO comments (id, content, post_id, user_id) VALUES ('126', '126', '26', '6');
INSERT INTO comments (id, content, post_id, user_id) VALUES ('127', '127', '26', '7');
INSERT INTO comments (id, content, post_id, user_id) VALUES ('128', '128', '26', '8');
INSERT INTO comments (id, content, post_id, user_id) VALUES ('129', '129', '26', '9');
INSERT INTO comments (id, content, post_id, user_id) VALUES ('130', '130', '26', '10');
INSERT INTO comments (id, content, post_id, user_id) VALUES ('131', '131', '27', '1');
INSERT INTO comments (id, content, post_id, user_id) VALUES ('132', '132', '27', '2');
INSERT INTO comments (id, content, post_id, user_id) VALUES ('133', '133', '27', '3');
INSERT INTO comments (id, content, post_id, user_id) VALUES ('134', '134', '27', '4');
INSERT INTO comments (id, content, post_id, user_id) VALUES ('135', '135', '27', '5');
INSERT INTO comments (id, content, post_id, user_id) VALUES ('136', '136', '28', '6');
INSERT INTO comments (id, content, post_id, user_id) VALUES ('137', '137', '28', '7');
INSERT INTO comments (id, content, post_id, user_id) VALUES ('138', '138', '28', '8');
INSERT INTO comments (id, content, post_id, user_id) VALUES ('139', '139', '28', '9');
INSERT INTO comments (id, content, post_id, user_id) VALUES ('140', '140', '28', '10');
INSERT INTO comments (id, content, post_id, user_id) VALUES ('141', '141', '29', '1');
INSERT INTO comments (id, content, post_id, user_id) VALUES ('142', '142', '29', '2');
INSERT INTO comments (id, content, post_id, user_id) VALUES ('143', '143', '29', '3');
INSERT INTO comments (id, content, post_id, user_id) VALUES ('144', '144', '29', '4');
INSERT INTO comments (id, content, post_id, user_id) VALUES ('145', '145', '29', '5');
INSERT INTO comments (id, content, post_id, user_id) VALUES ('146', '146', '30', '6');
INSERT INTO comments (id, content, post_id, user_id) VALUES ('147', '147', '30', '7');
INSERT INTO comments (id, content, post_id, user_id) VALUES ('148', '148', '30', '8');
INSERT INTO comments (id, content, post_id, user_id) VALUES ('149', '149', '30', '9');
INSERT INTO comments (id, content, post_id, user_id) VALUES ('150', '150', '30', '10');
