-- phpMyAdmin SQL Dump
-- version 5.0.4
-- https://www.phpmyadmin.net/
--
-- Host: 127.0.0.1
-- Generation Time: May 22, 2021 at 04:07 AM
-- Server version: 10.4.17-MariaDB
-- PHP Version: 7.3.26

SET SQL_MODE = "NO_AUTO_VALUE_ON_ZERO";
START TRANSACTION;
SET time_zone = "+00:00";


/*!40101 SET @OLD_CHARACTER_SET_CLIENT=@@CHARACTER_SET_CLIENT */;
/*!40101 SET @OLD_CHARACTER_SET_RESULTS=@@CHARACTER_SET_RESULTS */;
/*!40101 SET @OLD_COLLATION_CONNECTION=@@COLLATION_CONNECTION */;
/*!40101 SET NAMES utf8mb4 */;

--
-- Database: `gmm`
--

-- --------------------------------------------------------

--
-- Table structure for table `accounts`
--

CREATE TABLE `accounts` (
  `account_number` char(12) NOT NULL,
  `parent_number` char(12) DEFAULT NULL,
  `group_number` varchar(20) DEFAULT NULL,
  `account_name` varchar(100) NOT NULL,
  `account_normal_balance` enum('Db','Cr') NOT NULL,
  `account_type` enum('Group','Account') NOT NULL DEFAULT 'Account',
  `account_primary` tinyint(1) NOT NULL DEFAULT 0,
  `account_initial_balance` double(10,2) NOT NULL DEFAULT 0.00
) ENGINE=InnoDB DEFAULT CHARSET=utf8mb4;

--
-- Dumping data for table `accounts`
--

INSERT INTO `accounts` (`account_number`, `parent_number`, `group_number`, `account_name`, `account_normal_balance`, `account_type`, `account_primary`, `account_initial_balance`) VALUES
('1', NULL, '1', 'Harta', 'Db', 'Group', 1, 0.00),
('1-1', '1', '1', 'Kas', 'Db', 'Account', 1, 0.00),
('1-1.1', '1-1', '1', 'Kas Kecil', 'Db', 'Account', 1, 0.00),
('1-1.2', '1-1', '1', 'Kas Besar', 'Db', 'Account', 1, 0.00),
('1-2', '1', '1', 'Bank', 'Db', 'Account', 1, 0.00),
('1-2.1', '1-2', '1', 'BCA', 'Db', 'Account', 0, 0.00),
('1-2.2', '1-2', '1', 'Mandiri', 'Db', 'Account', 0, 0.00),
('1-3', '1', '1', 'Piutang', 'Db', 'Account', 1, 0.00),
('1-3.1', '1-3', '1', 'Piutang Usaha', 'Db', 'Account', 1, 0.00),
('1-4', '1', '1', 'Persediaan Barang', 'Db', 'Account', 1, 0.00),
('2', NULL, '2', 'Kewajiban', 'Cr', 'Group', 1, 0.00),
('2-1', '2', '2', 'Hutang', 'Cr', 'Account', 1, 0.00),
('2-1.1', '2-1', '2', 'Hutang Usaha', 'Cr', 'Account', 1, 0.00),
('3', NULL, '3', 'Modal', 'Cr', 'Group', 1, 0.00),
('4', NULL, '4', 'Pendapatan', 'Cr', 'Group', 1, 0.00),
('4-1', '4', '4', 'Penjualan', 'Cr', 'Account', 1, 0.00),
('4-2', '4', '4', 'Pendapatan Lainnya', 'Cr', 'Account', 1, 0.00),
('4-2.1', '4-2', '4', 'Potongan Pembelian', 'Cr', 'Account', 0, 0.00),
('5', NULL, '5', 'Biaya', 'Db', 'Group', 1, 0.00),
('5-1', '5', '5', 'Pembelian', 'Db', 'Account', 1, 0.00),
('5-2', '5', '5', 'Promosi', 'Db', 'Account', 1, 0.00),
('5-2.1', '5-2', '5', 'Potongan Penjualan', 'Db', 'Account', 1, 0.00),
('5-4', '5', '5', 'Beban Gaji', 'Db', 'Account', 0, 0.00);

-- --------------------------------------------------------

--
-- Table structure for table `categories`
--

CREATE TABLE `categories` (
  `category_id` int(11) NOT NULL,
  `category_name` varchar(100) NOT NULL
) ENGINE=InnoDB DEFAULT CHARSET=utf8mb4;

--
-- Dumping data for table `categories`
--

INSERT INTO `categories` (`category_id`, `category_name`) VALUES
(2, 'Alat Berat'),
(3, 'Makanan'),
(4, 'Minuman');

-- --------------------------------------------------------

--
-- Table structure for table `groups`
--

CREATE TABLE `groups` (
  `id` mediumint(8) UNSIGNED NOT NULL,
  `name` varchar(20) NOT NULL,
  `description` varchar(100) NOT NULL
) ENGINE=InnoDB DEFAULT CHARSET=utf8 ROW_FORMAT=DYNAMIC;

--
-- Dumping data for table `groups`
--

INSERT INTO `groups` (`id`, `name`, `description`) VALUES
(1, 'admin', 'Administrator'),
(2, 'member', 'Member'),
(5, 'pelanggan', 'Pelanggan'),
(6, 'pemasok', 'Pemasok'),
(7, 'supir', 'Supir');

-- --------------------------------------------------------

--
-- Table structure for table `groups_permissions`
--

CREATE TABLE `groups_permissions` (
  `id` int(11) NOT NULL,
  `group_id` int(11) NOT NULL,
  `perm_id` int(11) NOT NULL,
  `value` tinyint(4) DEFAULT 0,
  `created_at` int(11) NOT NULL DEFAULT current_timestamp(),
  `updated_at` int(11) NOT NULL
) ENGINE=InnoDB DEFAULT CHARSET=latin1;

--
-- Dumping data for table `groups_permissions`
--

INSERT INTO `groups_permissions` (`id`, `group_id`, `perm_id`, `value`, `created_at`, `updated_at`) VALUES
(1, 1, 1, 1, 1620109884, 1620109884),
(2, 2, 1, 0, 1620109884, 1620109884),
(3, 5, 1, 0, 1620109884, 1620109884),
(4, 6, 1, 0, 1620109884, 1620109884),
(5, 7, 1, 0, 1620109884, 1620109884),
(6, 1, 2, 1, 1620109884, 1620109884),
(7, 2, 2, 0, 1620109884, 1620109884),
(8, 5, 2, 0, 1620109884, 1620109884),
(9, 6, 2, 0, 1620109884, 1620109884),
(10, 7, 2, 0, 1620109884, 1620109884),
(11, 1, 3, 1, 1620109884, 1620109884),
(12, 2, 3, 0, 1620109884, 1620109884),
(13, 5, 3, 0, 1620109884, 1620109884),
(14, 6, 3, 0, 1620109884, 1620109884),
(15, 7, 3, 0, 1620109884, 1620109884),
(16, 1, 4, 1, 1620109884, 1620109884),
(17, 2, 4, 0, 1620109884, 1620109884),
(18, 5, 4, 0, 1620109884, 1620109884),
(19, 6, 4, 0, 1620109884, 1620109884),
(20, 7, 4, 0, 1620109884, 1620109884),
(21, 1, 5, 1, 1620109884, 1620109884),
(22, 2, 5, 0, 1620109884, 1620109884),
(23, 5, 5, 0, 1620109884, 1620109884),
(24, 6, 5, 0, 1620109884, 1620109884),
(25, 7, 5, 0, 1620109884, 1620109884),
(26, 1, 6, 1, 1620109884, 1620109884),
(27, 2, 6, 0, 1620109884, 1620109884),
(28, 5, 6, 0, 1620109884, 1620109884),
(29, 6, 6, 0, 1620109884, 1620109884),
(30, 7, 6, 0, 1620109884, 1620109884),
(31, 1, 7, 1, 1620109884, 1620109884),
(32, 2, 7, 0, 1620109884, 1620109884),
(33, 5, 7, 0, 1620109884, 1620109884),
(34, 6, 7, 0, 1620109884, 1620109884),
(35, 7, 7, 0, 1620109884, 1620109884),
(36, 1, 8, 1, 1620109884, 1620109884),
(37, 2, 8, 0, 1620109884, 1620109884),
(38, 5, 8, 0, 1620109884, 1620109884),
(39, 6, 8, 0, 1620109884, 1620109884),
(40, 7, 8, 0, 1620109884, 1620109884),
(41, 1, 9, 1, 1620109884, 1620109884),
(42, 2, 9, 0, 1620109884, 1620109884),
(43, 5, 9, 0, 1620109884, 1620109884),
(44, 6, 9, 0, 1620109884, 1620109884),
(45, 7, 9, 0, 1620109884, 1620109884),
(46, 1, 10, 1, 1620109884, 1620109884),
(47, 2, 10, 0, 1620109884, 1620109884),
(48, 5, 10, 0, 1620109884, 1620109884),
(49, 6, 10, 0, 1620109884, 1620109884),
(50, 7, 10, 0, 1620109884, 1620109884),
(51, 1, 11, 1, 1620109884, 1620109884),
(52, 2, 11, 0, 1620109884, 1620109884),
(53, 5, 11, 0, 1620109884, 1620109884),
(54, 6, 11, 0, 1620109884, 1620109884),
(55, 7, 11, 0, 1620109884, 1620109884),
(56, 1, 12, 1, 1620109884, 1620109884),
(57, 2, 12, 0, 1620109884, 1620109884),
(58, 5, 12, 0, 1620109884, 1620109884),
(59, 6, 12, 0, 1620109884, 1620109884),
(60, 7, 12, 0, 1620109884, 1620109884),
(61, 1, 13, 1, 1620109884, 1620109884),
(62, 2, 13, 0, 1620109884, 1620109884),
(63, 5, 13, 0, 1620109884, 1620109884),
(64, 6, 13, 0, 1620109884, 1620109884),
(65, 7, 13, 0, 1620109884, 1620109884),
(66, 1, 14, 1, 1620109884, 1620109884),
(67, 2, 14, 0, 1620109884, 1620109884),
(68, 5, 14, 0, 1620109884, 1620109884),
(69, 6, 14, 0, 1620109884, 1620109884),
(70, 7, 14, 0, 1620109884, 1620109884),
(71, 1, 15, 1, 1620109884, 1620109884),
(72, 2, 15, 0, 1620109884, 1620109884),
(73, 5, 15, 0, 1620109884, 1620109884),
(74, 6, 15, 0, 1620109884, 1620109884),
(75, 7, 15, 0, 1620109884, 1620109884),
(76, 1, 16, 1, 1620109884, 1620109884),
(77, 2, 16, 0, 1620109884, 1620109884),
(78, 5, 16, 0, 1620109884, 1620109884),
(79, 6, 16, 0, 1620109884, 1620109884),
(80, 7, 16, 0, 1620109884, 1620109884),
(81, 1, 17, 1, 1620109884, 1620109884),
(82, 2, 17, 0, 1620109884, 1620109884),
(83, 5, 17, 0, 1620109884, 1620109884),
(84, 6, 17, 0, 1620109884, 1620109884),
(85, 7, 17, 0, 1620109884, 1620109884),
(86, 1, 18, 1, 1620109884, 1620109884),
(87, 2, 18, 0, 1620109884, 1620109884),
(88, 5, 18, 0, 1620109884, 1620109884),
(89, 6, 18, 0, 1620109884, 1620109884),
(90, 7, 18, 0, 1620109884, 1620109884),
(91, 1, 19, 1, 1620109884, 1620109884),
(92, 2, 19, 0, 1620109884, 1620109884),
(93, 5, 19, 0, 1620109884, 1620109884),
(94, 6, 19, 0, 1620109884, 1620109884),
(95, 7, 19, 0, 1620109884, 1620109884),
(96, 1, 20, 1, 1620109884, 1620109884),
(97, 2, 20, 0, 1620109884, 1620109884),
(98, 5, 20, 0, 1620109884, 1620109884),
(99, 6, 20, 0, 1620109884, 1620109884),
(100, 7, 20, 0, 1620109884, 1620109884),
(101, 1, 21, 1, 1620109884, 1620109884),
(102, 2, 21, 0, 1620109884, 1620109884),
(103, 5, 21, 0, 1620109884, 1620109884),
(104, 6, 21, 0, 1620109884, 1620109884),
(105, 7, 21, 0, 1620109884, 1620109884),
(106, 1, 22, 1, 1620109884, 1620109884),
(107, 2, 22, 0, 1620109884, 1620109884),
(108, 5, 22, 0, 1620109884, 1620109884),
(109, 6, 22, 0, 1620109884, 1620109884),
(110, 7, 22, 0, 1620109884, 1620109884),
(111, 1, 23, 1, 1620109884, 1620109884),
(112, 2, 23, 0, 1620109884, 1620109884),
(113, 5, 23, 0, 1620109884, 1620109884),
(114, 6, 23, 0, 1620109884, 1620109884),
(115, 7, 23, 0, 1620109884, 1620109884),
(116, 1, 24, 1, 1620109884, 1620109884),
(117, 2, 24, 0, 1620109884, 1620109884),
(118, 5, 24, 0, 1620109884, 1620109884),
(119, 6, 24, 0, 1620109884, 1620109884),
(120, 7, 24, 0, 1620109884, 1620109884),
(121, 1, 25, 1, 1620109884, 1620109884),
(122, 2, 25, 0, 1620109884, 1620109884),
(123, 5, 25, 0, 1620109884, 1620109884),
(124, 6, 25, 0, 1620109884, 1620109884),
(125, 7, 25, 0, 1620109884, 1620109884),
(126, 1, 26, 1, 1620109884, 1620109884),
(127, 2, 26, 0, 1620109884, 1620109884),
(128, 5, 26, 0, 1620109884, 1620109884),
(129, 6, 26, 0, 1620109884, 1620109884),
(130, 7, 26, 0, 1620109884, 1620109884),
(131, 1, 27, 1, 1620109884, 1620109884),
(132, 2, 27, 0, 1620109884, 1620109884),
(133, 5, 27, 0, 1620109884, 1620109884),
(134, 6, 27, 0, 1620109884, 1620109884),
(135, 7, 27, 0, 1620109884, 1620109884),
(136, 1, 28, 1, 1620109884, 1620109884),
(137, 2, 28, 0, 1620109884, 1620109884),
(138, 5, 28, 0, 1620109884, 1620109884),
(139, 6, 28, 0, 1620109884, 1620109884),
(140, 7, 28, 0, 1620109884, 1620109884),
(141, 1, 29, 1, 1620109884, 1620109884),
(142, 2, 29, 0, 1620109884, 1620109884),
(143, 5, 29, 0, 1620109884, 1620109884),
(144, 6, 29, 0, 1620109884, 1620109884),
(145, 7, 29, 0, 1620109884, 1620109884),
(146, 1, 30, 1, 1620109884, 1620109884),
(147, 2, 30, 0, 1620109884, 1620109884),
(148, 5, 30, 0, 1620109884, 1620109884),
(149, 6, 30, 0, 1620109884, 1620109884),
(150, 7, 30, 0, 1620109884, 1620109884),
(151, 1, 31, 1, 1620109884, 1620109884),
(152, 2, 31, 0, 1620109884, 1620109884),
(153, 5, 31, 0, 1620109884, 1620109884),
(154, 6, 31, 0, 1620109884, 1620109884),
(155, 7, 31, 0, 1620109884, 1620109884),
(156, 1, 32, 1, 1620109884, 1620109884),
(157, 2, 32, 0, 1620109884, 1620109884),
(158, 5, 32, 0, 1620109884, 1620109884),
(159, 6, 32, 0, 1620109884, 1620109884),
(160, 7, 32, 0, 1620109884, 1620109884),
(161, 1, 33, 1, 1620109884, 1620109884),
(162, 2, 33, 0, 1620109884, 1620109884),
(163, 5, 33, 0, 1620109884, 1620109884),
(164, 6, 33, 0, 1620109884, 1620109884),
(165, 7, 33, 0, 1620109884, 1620109884),
(166, 1, 34, 1, 1620109884, 1620109884),
(167, 2, 34, 0, 1620109884, 1620109884),
(168, 5, 34, 0, 1620109884, 1620109884),
(169, 6, 34, 0, 1620109884, 1620109884),
(170, 7, 34, 0, 1620109884, 1620109884),
(171, 1, 35, 1, 1620109884, 1620109884),
(172, 2, 35, 0, 1620109884, 1620109884),
(173, 5, 35, 0, 1620109884, 1620109884),
(174, 6, 35, 0, 1620109884, 1620109884),
(175, 7, 35, 0, 1620109884, 1620109884),
(176, 1, 36, 1, 1620109884, 1620109884),
(177, 2, 36, 0, 1620109884, 1620109884),
(178, 5, 36, 0, 1620109884, 1620109884),
(179, 6, 36, 0, 1620109884, 1620109884),
(180, 7, 36, 0, 1620109884, 1620109884),
(181, 1, 37, 1, 1620109884, 1620109884),
(182, 2, 37, 0, 1620109884, 1620109884),
(183, 5, 37, 0, 1620109884, 1620109884),
(184, 6, 37, 0, 1620109884, 1620109884),
(185, 7, 37, 0, 1620109884, 1620109884),
(186, 1, 38, 1, 1620109884, 1620109884),
(187, 2, 38, 0, 1620109884, 1620109884),
(188, 5, 38, 0, 1620109884, 1620109884),
(189, 6, 38, 0, 1620109884, 1620109884),
(190, 7, 38, 0, 1620109884, 1620109884),
(191, 1, 39, 1, 1620109884, 1620109884),
(192, 2, 39, 0, 1620109884, 1620109884),
(193, 5, 39, 0, 1620109884, 1620109884),
(194, 6, 39, 0, 1620109884, 1620109884),
(195, 7, 39, 0, 1620109884, 1620109884),
(196, 1, 40, 1, 1620109884, 1620109884),
(197, 2, 40, 0, 1620109884, 1620109884),
(198, 5, 40, 0, 1620109884, 1620109884),
(199, 6, 40, 0, 1620109884, 1620109884),
(200, 7, 40, 0, 1620109884, 1620109884),
(201, 1, 41, 1, 1620109884, 1620109884),
(202, 2, 41, 0, 1620109884, 1620109884),
(203, 5, 41, 0, 1620109884, 1620109884),
(204, 6, 41, 0, 1620109884, 1620109884),
(205, 7, 41, 0, 1620109884, 1620109884),
(206, 1, 42, 1, 1620109884, 1620109884),
(207, 2, 42, 0, 1620109884, 1620109884),
(208, 5, 42, 0, 1620109884, 1620109884),
(209, 6, 42, 0, 1620109884, 1620109884),
(210, 7, 42, 0, 1620109884, 1620109884),
(211, 1, 43, 1, 1620109884, 1620109884),
(212, 2, 43, 0, 1620109884, 1620109884),
(213, 5, 43, 0, 1620109884, 1620109884),
(214, 6, 43, 0, 1620109884, 1620109884),
(215, 7, 43, 0, 1620109884, 1620109884),
(216, 1, 44, 1, 1620109884, 1620109884),
(217, 2, 44, 0, 1620109884, 1620109884),
(218, 5, 44, 0, 1620109884, 1620109884),
(219, 6, 44, 0, 1620109884, 1620109884),
(220, 7, 44, 0, 1620109884, 1620109884),
(221, 1, 45, 1, 1620109884, 1620109884),
(222, 2, 45, 0, 1620109884, 1620109884),
(223, 5, 45, 0, 1620109884, 1620109884),
(224, 6, 45, 0, 1620109884, 1620109884),
(225, 7, 45, 0, 1620109884, 1620109884),
(226, 1, 46, 1, 1620109884, 1620109884),
(227, 2, 46, 0, 1620109884, 1620109884),
(228, 5, 46, 0, 1620109884, 1620109884),
(229, 6, 46, 0, 1620109884, 1620109884),
(230, 7, 46, 0, 1620109884, 1620109884),
(231, 1, 47, 1, 1620109884, 1620109884),
(232, 2, 47, 0, 1620109884, 1620109884),
(233, 5, 47, 0, 1620109884, 1620109884),
(234, 6, 47, 0, 1620109884, 1620109884),
(235, 7, 47, 0, 1620109884, 1620109884),
(236, 1, 48, 1, 1620109884, 1620109884),
(237, 2, 48, 0, 1620109884, 1620109884),
(238, 5, 48, 0, 1620109884, 1620109884),
(239, 6, 48, 0, 1620109884, 1620109884),
(240, 7, 48, 0, 1620109884, 1620109884),
(241, 1, 49, 1, 1620109884, 1620109884),
(242, 2, 49, 0, 1620109884, 1620109884),
(243, 5, 49, 0, 1620109884, 1620109884),
(244, 6, 49, 0, 1620109884, 1620109884),
(245, 7, 49, 0, 1620109884, 1620109884),
(246, 1, 50, 1, 1620109884, 1620109884),
(247, 2, 50, 0, 1620109884, 1620109884),
(248, 5, 50, 0, 1620109884, 1620109884),
(249, 6, 50, 0, 1620109884, 1620109884),
(250, 7, 50, 0, 1620109884, 1620109884),
(251, 1, 51, 1, 1620109884, 1620109884),
(252, 2, 51, 0, 1620109884, 1620109884),
(253, 5, 51, 0, 1620109884, 1620109884),
(254, 6, 51, 0, 1620109884, 1620109884),
(255, 7, 51, 0, 1620109884, 1620109884),
(256, 1, 52, 1, 1620109884, 1620109884),
(257, 2, 52, 0, 1620109884, 1620109884),
(258, 5, 52, 0, 1620109884, 1620109884),
(259, 6, 52, 0, 1620109884, 1620109884),
(260, 7, 52, 0, 1620109884, 1620109884),
(261, 1, 53, 1, 1620109884, 1620109884),
(262, 2, 53, 0, 1620109884, 1620109884),
(263, 5, 53, 0, 1620109884, 1620109884),
(264, 6, 53, 0, 1620109884, 1620109884),
(265, 7, 53, 0, 1620109884, 1620109884),
(266, 1, 54, 1, 1620109884, 1620109884),
(267, 2, 54, 0, 1620109884, 1620109884),
(268, 5, 54, 0, 1620109884, 1620109884),
(269, 6, 54, 0, 1620109884, 1620109884),
(270, 7, 54, 0, 1620109884, 1620109884),
(271, 1, 55, 1, 1620109884, 1620109884),
(272, 2, 55, 0, 1620109884, 1620109884),
(273, 5, 55, 0, 1620109884, 1620109884),
(274, 6, 55, 0, 1620109884, 1620109884),
(275, 7, 55, 0, 1620109884, 1620109884),
(276, 1, 56, 1, 1620109884, 1620109884),
(277, 2, 56, 0, 1620109884, 1620109884),
(278, 5, 56, 0, 1620109884, 1620109884),
(279, 6, 56, 0, 1620109884, 1620109884),
(280, 7, 56, 0, 1620109884, 1620109884),
(281, 1, 57, 1, 1620109884, 1620109884),
(282, 2, 57, 0, 1620109884, 1620109884),
(283, 5, 57, 0, 1620109884, 1620109884),
(284, 6, 57, 0, 1620109884, 1620109884),
(285, 7, 57, 0, 1620109884, 1620109884),
(286, 1, 58, 1, 1620109884, 1620109884),
(287, 2, 58, 0, 1620109884, 1620109884),
(288, 5, 58, 0, 1620109884, 1620109884),
(289, 6, 58, 0, 1620109884, 1620109884),
(290, 7, 58, 0, 1620109884, 1620109884),
(291, 1, 59, 1, 1620109884, 1620109884),
(292, 2, 59, 0, 1620109884, 1620109884),
(293, 5, 59, 0, 1620109884, 1620109884),
(294, 6, 59, 0, 1620109884, 1620109884),
(295, 7, 59, 0, 1620109884, 1620109884),
(296, 1, 60, 1, 1620109884, 1620109884),
(297, 2, 60, 0, 1620109884, 1620109884),
(298, 5, 60, 0, 1620109884, 1620109884),
(299, 6, 60, 0, 1620109884, 1620109884),
(300, 7, 60, 0, 1620109884, 1620109884),
(301, 1, 61, 1, 1620109884, 1620109884),
(302, 2, 61, 0, 1620109884, 1620109884),
(303, 5, 61, 0, 1620109884, 1620109884),
(304, 6, 61, 0, 1620109884, 1620109884),
(305, 7, 61, 0, 1620109884, 1620109884),
(306, 1, 62, 1, 1620109884, 1620109884),
(307, 2, 62, 0, 1620109884, 1620109884),
(308, 5, 62, 0, 1620109884, 1620109884),
(309, 6, 62, 0, 1620109884, 1620109884),
(310, 7, 62, 0, 1620109884, 1620109884),
(311, 1, 63, 1, 1620109884, 1620109884),
(312, 2, 63, 0, 1620109884, 1620109884),
(313, 5, 63, 0, 1620109884, 1620109884),
(314, 6, 63, 0, 1620109884, 1620109884),
(315, 7, 63, 0, 1620109884, 1620109884),
(316, 1, 64, 1, 1620109884, 1620109884),
(317, 2, 64, 0, 1620109884, 1620109884),
(318, 5, 64, 0, 1620109884, 1620109884),
(319, 6, 64, 0, 1620109884, 1620109884),
(320, 7, 64, 0, 1620109884, 1620109884),
(321, 1, 65, 1, 1620109884, 1620109884),
(322, 2, 65, 0, 1620109884, 1620109884),
(323, 5, 65, 0, 1620109884, 1620109884),
(324, 6, 65, 0, 1620109884, 1620109884),
(325, 7, 65, 0, 1620109884, 1620109884),
(326, 1, 66, 1, 1620109884, 1620109884),
(327, 2, 66, 0, 1620109884, 1620109884),
(328, 5, 66, 0, 1620109884, 1620109884),
(329, 6, 66, 0, 1620109884, 1620109884),
(330, 7, 66, 0, 1620109884, 1620109884),
(331, 1, 67, 1, 1620109884, 1620109884),
(332, 2, 67, 0, 1620109884, 1620109884),
(333, 5, 67, 0, 1620109884, 1620109884),
(334, 6, 67, 0, 1620109884, 1620109884),
(335, 7, 67, 0, 1620109884, 1620109884),
(336, 1, 68, 1, 1620109884, 1620109884),
(337, 2, 68, 0, 1620109884, 1620109884),
(338, 5, 68, 0, 1620109884, 1620109884),
(339, 6, 68, 0, 1620109884, 1620109884),
(340, 7, 68, 0, 1620109884, 1620109884),
(341, 1, 69, 1, 1620109884, 1620109884),
(342, 2, 69, 0, 1620109884, 1620109884),
(343, 5, 69, 0, 1620109884, 1620109884),
(344, 6, 69, 0, 1620109884, 1620109884),
(345, 7, 69, 0, 1620109884, 1620109884),
(346, 1, 70, 1, 1620109884, 1620109884),
(347, 2, 70, 0, 1620109884, 1620109884),
(348, 5, 70, 0, 1620109884, 1620109884),
(349, 6, 70, 0, 1620109884, 1620109884),
(350, 7, 70, 0, 1620109884, 1620109884),
(351, 1, 71, 1, 1620109884, 1620109884),
(352, 2, 71, 0, 1620109884, 1620109884),
(353, 5, 71, 0, 1620109884, 1620109884),
(354, 6, 71, 0, 1620109884, 1620109884),
(355, 7, 71, 0, 1620109884, 1620109884),
(356, 1, 72, 1, 1620109884, 1620109884),
(357, 2, 72, 0, 1620109884, 1620109884),
(358, 5, 72, 0, 1620109884, 1620109884),
(359, 6, 72, 0, 1620109884, 1620109884),
(360, 7, 72, 0, 1620109884, 1620109884),
(361, 1, 73, 1, 1620109884, 1620109884),
(362, 2, 73, 0, 1620109884, 1620109884),
(363, 5, 73, 0, 1620109884, 1620109884),
(364, 6, 73, 0, 1620109884, 1620109884),
(365, 7, 73, 0, 1620109884, 1620109884),
(366, 1, 74, 1, 1620109884, 1620109884),
(367, 2, 74, 0, 1620109884, 1620109884),
(368, 5, 74, 0, 1620109884, 1620109884),
(369, 6, 74, 0, 1620109884, 1620109884),
(370, 7, 74, 0, 1620109884, 1620109884),
(371, 1, 75, 1, 1620109884, 1620109884),
(372, 2, 75, 0, 1620109884, 1620109884),
(373, 5, 75, 0, 1620109884, 1620109884),
(374, 6, 75, 0, 1620109884, 1620109884),
(375, 7, 75, 0, 1620109884, 1620109884),
(376, 1, 76, 1, 1620109884, 1620109884),
(377, 2, 76, 0, 1620109884, 1620109884),
(378, 5, 76, 0, 1620109884, 1620109884),
(379, 6, 76, 0, 1620109884, 1620109884),
(380, 7, 76, 0, 1620109884, 1620109884),
(381, 1, 77, 1, 1620109884, 1620109884),
(382, 2, 77, 0, 1620109884, 1620109884),
(383, 5, 77, 0, 1620109884, 1620109884),
(384, 6, 77, 0, 1620109884, 1620109884),
(385, 7, 77, 0, 1620109884, 1620109884),
(386, 1, 78, 1, 1620109884, 1620109884),
(387, 2, 78, 0, 1620109884, 1620109884),
(388, 5, 78, 0, 1620109884, 1620109884),
(389, 6, 78, 0, 1620109884, 1620109884),
(390, 7, 78, 0, 1620109884, 1620109884),
(391, 1, 79, 1, 1620109884, 1620109884),
(392, 2, 79, 0, 1620109884, 1620109884),
(393, 5, 79, 0, 1620109884, 1620109884),
(394, 6, 79, 0, 1620109884, 1620109884),
(395, 7, 79, 0, 1620109884, 1620109884),
(396, 1, 80, 1, 1620109884, 1620109884),
(397, 2, 80, 0, 1620109884, 1620109884),
(398, 5, 80, 0, 1620109884, 1620109884),
(399, 6, 80, 0, 1620109884, 1620109884),
(400, 7, 80, 0, 1620109884, 1620109884),
(401, 1, 81, 1, 1620109884, 1620109884),
(402, 2, 81, 0, 1620109884, 1620109884),
(403, 5, 81, 0, 1620109884, 1620109884),
(404, 6, 81, 0, 1620109884, 1620109884),
(405, 7, 81, 0, 1620109884, 1620109884),
(406, 1, 82, 1, 1620109884, 1620109884),
(407, 2, 82, 0, 1620109884, 1620109884),
(408, 5, 82, 0, 1620109884, 1620109884),
(409, 6, 82, 0, 1620109884, 1620109884),
(410, 7, 82, 0, 1620109884, 1620109884),
(411, 1, 83, 1, 1620109884, 1620109884),
(412, 2, 83, 0, 1620109884, 1620109884),
(413, 5, 83, 0, 1620109884, 1620109884),
(414, 6, 83, 0, 1620109884, 1620109884),
(415, 7, 83, 0, 1620109884, 1620109884),
(416, 1, 84, 1, 1620109884, 1620109884),
(417, 2, 84, 0, 1620109884, 1620109884),
(418, 5, 84, 0, 1620109884, 1620109884),
(419, 6, 84, 0, 1620109884, 1620109884),
(420, 7, 84, 0, 1620109884, 1620109884),
(421, 1, 85, 1, 1620109884, 1620109884),
(422, 2, 85, 0, 1620109884, 1620109884),
(423, 5, 85, 0, 1620109884, 1620109884),
(424, 6, 85, 0, 1620109884, 1620109884),
(425, 7, 85, 0, 1620109884, 1620109884),
(426, 1, 86, 1, 1620109884, 1620109884),
(427, 2, 86, 0, 1620109884, 1620109884),
(428, 5, 86, 0, 1620109884, 1620109884),
(429, 6, 86, 0, 1620109884, 1620109884),
(430, 7, 86, 0, 1620109884, 1620109884),
(431, 1, 87, 1, 1620109884, 1620109884),
(432, 2, 87, 0, 1620109884, 1620109884),
(433, 5, 87, 0, 1620109884, 1620109884),
(434, 6, 87, 0, 1620109884, 1620109884),
(435, 7, 87, 0, 1620109884, 1620109884),
(436, 1, 88, 1, 1620109884, 1620109884),
(437, 2, 88, 0, 1620109884, 1620109884),
(438, 5, 88, 0, 1620109884, 1620109884),
(439, 6, 88, 0, 1620109884, 1620109884),
(440, 7, 88, 0, 1620109884, 1620109884),
(441, 1, 89, 1, 1620109884, 1620109884),
(442, 2, 89, 0, 1620109884, 1620109884),
(443, 5, 89, 0, 1620109884, 1620109884),
(444, 6, 89, 0, 1620109884, 1620109884),
(445, 7, 89, 0, 1620109884, 1620109884),
(446, 1, 90, 1, 1620109884, 1620109884),
(447, 2, 90, 0, 1620109884, 1620109884),
(448, 5, 90, 0, 1620109884, 1620109884),
(449, 6, 90, 0, 1620109884, 1620109884),
(450, 7, 90, 0, 1620109884, 1620109884),
(451, 1, 91, 1, 1620109884, 1620109884),
(452, 2, 91, 0, 1620109884, 1620109884),
(453, 5, 91, 0, 1620109884, 1620109884),
(454, 6, 91, 0, 1620109884, 1620109884),
(455, 7, 91, 0, 1620109884, 1620109884),
(456, 1, 92, 1, 1620109884, 1620109884),
(457, 2, 92, 0, 1620109884, 1620109884),
(458, 5, 92, 0, 1620109884, 1620109884),
(459, 6, 92, 0, 1620109884, 1620109884),
(460, 7, 92, 0, 1620109884, 1620109884),
(461, 1, 93, 1, 1620109884, 1620109884),
(462, 2, 93, 0, 1620109884, 1620109884),
(463, 5, 93, 0, 1620109884, 1620109884),
(464, 6, 93, 0, 1620109884, 1620109884),
(465, 7, 93, 0, 1620109884, 1620109884),
(466, 1, 94, 1, 1620109884, 1620109884),
(467, 2, 94, 0, 1620109884, 1620109884),
(468, 5, 94, 0, 1620109884, 1620109884),
(469, 6, 94, 0, 1620109884, 1620109884),
(470, 7, 94, 0, 1620109884, 1620109884),
(471, 1, 95, 1, 1620109884, 1620109884),
(472, 2, 95, 0, 1620109884, 1620109884),
(473, 5, 95, 0, 1620109884, 1620109884),
(474, 6, 95, 0, 1620109884, 1620109884),
(475, 7, 95, 0, 1620109884, 1620109884),
(476, 1, 96, 1, 1620109884, 1620109884),
(477, 2, 96, 0, 1620109884, 1620109884),
(478, 5, 96, 0, 1620109884, 1620109884),
(479, 6, 96, 0, 1620109884, 1620109884),
(480, 7, 96, 0, 1620109884, 1620109884),
(481, 1, 97, 1, 1620109884, 1620109884),
(482, 2, 97, 0, 1620109884, 1620109884),
(483, 5, 97, 0, 1620109884, 1620109884),
(484, 6, 97, 0, 1620109884, 1620109884),
(485, 7, 97, 0, 1620109884, 1620109884),
(486, 1, 98, 1, 1620109884, 1620109884),
(487, 2, 98, 0, 1620109884, 1620109884),
(488, 5, 98, 0, 1620109884, 1620109884),
(489, 6, 98, 0, 1620109884, 1620109884),
(490, 7, 98, 0, 1620109884, 1620109884),
(491, 1, 99, 1, 1620109884, 1620109884),
(492, 2, 99, 0, 1620109884, 1620109884),
(493, 5, 99, 0, 1620109884, 1620109884),
(494, 6, 99, 0, 1620109884, 1620109884),
(495, 7, 99, 0, 1620109884, 1620109884),
(496, 1, 100, 1, 1620109884, 1620109884),
(497, 2, 100, 0, 1620109884, 1620109884),
(498, 5, 100, 0, 1620109884, 1620109884),
(499, 6, 100, 0, 1620109884, 1620109884),
(500, 7, 100, 0, 1620109884, 1620109884),
(501, 1, 101, 1, 1620109884, 1620109884),
(502, 2, 101, 0, 1620109884, 1620109884),
(503, 5, 101, 0, 1620109884, 1620109884),
(504, 6, 101, 0, 1620109884, 1620109884),
(505, 7, 101, 0, 1620109884, 1620109884),
(506, 1, 102, 1, 1620109884, 1620109884),
(507, 2, 102, 0, 1620109884, 1620109884),
(508, 5, 102, 0, 1620109884, 1620109884),
(509, 6, 102, 0, 1620109884, 1620109884),
(510, 7, 102, 0, 1620109884, 1620109884),
(511, 1, 103, 1, 1620109884, 1620109884),
(512, 2, 103, 0, 1620109884, 1620109884),
(513, 5, 103, 0, 1620109884, 1620109884),
(514, 6, 103, 0, 1620109884, 1620109884),
(515, 7, 103, 0, 1620109884, 1620109884),
(516, 1, 104, 1, 1620109884, 1620109884),
(517, 2, 104, 0, 1620109884, 1620109884),
(518, 5, 104, 0, 1620109884, 1620109884),
(519, 6, 104, 0, 1620109884, 1620109884),
(520, 7, 104, 0, 1620109884, 1620109884),
(521, 1, 105, 1, 1620109884, 1620109884),
(522, 2, 105, 0, 1620109884, 1620109884),
(523, 5, 105, 0, 1620109884, 1620109884),
(524, 6, 105, 0, 1620109884, 1620109884),
(525, 7, 105, 0, 1620109884, 1620109884),
(526, 1, 106, 1, 1620109884, 1620109884),
(527, 2, 106, 0, 1620109884, 1620109884),
(528, 5, 106, 0, 1620109884, 1620109884),
(529, 6, 106, 0, 1620109884, 1620109884),
(530, 7, 106, 0, 1620109884, 1620109884),
(531, 1, 107, 1, 1620109884, 1620109884),
(532, 2, 107, 0, 1620109884, 1620109884),
(533, 5, 107, 0, 1620109884, 1620109884),
(534, 6, 107, 0, 1620109884, 1620109884),
(535, 7, 107, 0, 1620109884, 1620109884),
(536, 1, 108, 1, 1620109884, 1620109884),
(537, 2, 108, 0, 1620109884, 1620109884),
(538, 5, 108, 0, 1620109884, 1620109884),
(539, 6, 108, 0, 1620109884, 1620109884),
(540, 7, 108, 0, 1620109884, 1620109884),
(541, 1, 109, 1, 1620109884, 1620109884),
(542, 2, 109, 0, 1620109884, 1620109884),
(543, 5, 109, 0, 1620109884, 1620109884),
(544, 6, 109, 0, 1620109884, 1620109884),
(545, 7, 109, 0, 1620109884, 1620109884),
(546, 1, 110, 1, 1620109884, 1620109884),
(547, 2, 110, 0, 1620109884, 1620109884),
(548, 5, 110, 0, 1620109884, 1620109884),
(549, 6, 110, 0, 1620109884, 1620109884),
(550, 7, 110, 0, 1620109884, 1620109884),
(551, 1, 111, 1, 1620109884, 1620109884),
(552, 2, 111, 0, 1620109884, 1620109884),
(553, 5, 111, 0, 1620109884, 1620109884),
(554, 6, 111, 0, 1620109884, 1620109884),
(555, 7, 111, 0, 1620109884, 1620109884),
(556, 1, 112, 1, 1620109884, 1620109884),
(557, 2, 112, 0, 1620109884, 1620109884),
(558, 5, 112, 0, 1620109884, 1620109884),
(559, 6, 112, 0, 1620109884, 1620109884),
(560, 7, 112, 0, 1620109884, 1620109884),
(561, 1, 113, 1, 1620109884, 1620109884),
(562, 2, 113, 0, 1620109884, 1620109884),
(563, 5, 113, 0, 1620109884, 1620109884),
(564, 6, 113, 0, 1620109884, 1620109884),
(565, 7, 113, 0, 1620109884, 1620109884),
(566, 1, 114, 1, 1620109884, 1620109884),
(567, 2, 114, 0, 1620109884, 1620109884),
(568, 5, 114, 0, 1620109884, 1620109884),
(569, 6, 114, 0, 1620109884, 1620109884),
(570, 7, 114, 0, 1620109884, 1620109884),
(571, 1, 115, 1, 1620109884, 1620109884),
(572, 2, 115, 0, 1620109884, 1620109884),
(573, 5, 115, 0, 1620109884, 1620109884),
(574, 6, 115, 0, 1620109884, 1620109884),
(575, 7, 115, 0, 1620109884, 1620109884),
(576, 1, 116, 1, 1620109884, 1620109884),
(577, 2, 116, 0, 1620109884, 1620109884),
(578, 5, 116, 0, 1620109884, 1620109884),
(579, 6, 116, 0, 1620109884, 1620109884),
(580, 7, 116, 0, 1620109884, 1620109884),
(581, 1, 117, 1, 1620109884, 1620109884),
(582, 2, 117, 0, 1620109884, 1620109884),
(583, 5, 117, 0, 1620109884, 1620109884),
(584, 6, 117, 0, 1620109884, 1620109884),
(585, 7, 117, 0, 1620109884, 1620109884),
(586, 1, 118, 1, 1620109884, 1620109884),
(587, 2, 118, 0, 1620109884, 1620109884),
(588, 5, 118, 0, 1620109884, 1620109884),
(589, 6, 118, 0, 1620109884, 1620109884),
(590, 7, 118, 0, 1620109884, 1620109884),
(591, 1, 119, 1, 1620109884, 1620109884),
(592, 2, 119, 0, 1620109884, 1620109884),
(593, 5, 119, 0, 1620109884, 1620109884),
(594, 6, 119, 0, 1620109884, 1620109884),
(595, 7, 119, 0, 1620109884, 1620109884),
(596, 1, 120, 1, 1620109885, 1620109885),
(597, 2, 120, 0, 1620109885, 1620109885),
(598, 5, 120, 0, 1620109885, 1620109885),
(599, 6, 120, 0, 1620109885, 1620109885),
(600, 7, 120, 0, 1620109885, 1620109885),
(601, 1, 121, 1, 1620109885, 1620109885),
(602, 2, 121, 0, 1620109885, 1620109885),
(603, 5, 121, 0, 1620109885, 1620109885),
(604, 6, 121, 0, 1620109885, 1620109885),
(605, 7, 121, 0, 1620109885, 1620109885),
(606, 1, 122, 1, 1620109885, 1620109885),
(607, 2, 122, 0, 1620109885, 1620109885),
(608, 5, 122, 0, 1620109885, 1620109885),
(609, 6, 122, 0, 1620109885, 1620109885),
(610, 7, 122, 0, 1620109885, 1620109885),
(611, 1, 123, 1, 1620109885, 1620109885),
(612, 2, 123, 0, 1620109885, 1620109885),
(613, 5, 123, 0, 1620109885, 1620109885),
(614, 6, 123, 0, 1620109885, 1620109885),
(615, 7, 123, 0, 1620109885, 1620109885),
(616, 1, 124, 1, 1620109885, 1620109885),
(617, 2, 124, 0, 1620109885, 1620109885),
(618, 5, 124, 0, 1620109885, 1620109885),
(619, 6, 124, 0, 1620109885, 1620109885),
(620, 7, 124, 0, 1620109885, 1620109885),
(621, 1, 125, 1, 1620109885, 1620109885),
(622, 2, 125, 0, 1620109885, 1620109885),
(623, 5, 125, 0, 1620109885, 1620109885),
(624, 6, 125, 0, 1620109885, 1620109885),
(625, 7, 125, 0, 1620109885, 1620109885),
(626, 1, 126, 1, 1620109885, 1620109885),
(627, 2, 126, 0, 1620109885, 1620109885),
(628, 5, 126, 0, 1620109885, 1620109885),
(629, 6, 126, 0, 1620109885, 1620109885),
(630, 7, 126, 0, 1620109885, 1620109885),
(631, 1, 127, 1, 1620109885, 1620109885),
(632, 2, 127, 0, 1620109885, 1620109885),
(633, 5, 127, 0, 1620109885, 1620109885),
(634, 6, 127, 0, 1620109885, 1620109885),
(635, 7, 127, 0, 1620109885, 1620109885),
(636, 1, 128, 1, 1620109885, 1620109885),
(637, 2, 128, 0, 1620109885, 1620109885),
(638, 5, 128, 0, 1620109885, 1620109885),
(639, 6, 128, 0, 1620109885, 1620109885),
(640, 7, 128, 0, 1620109885, 1620109885),
(641, 1, 129, 1, 1620109885, 1620109885),
(642, 2, 129, 0, 1620109885, 1620109885),
(643, 5, 129, 0, 1620109885, 1620109885),
(644, 6, 129, 0, 1620109885, 1620109885),
(645, 7, 129, 0, 1620109885, 1620109885),
(646, 1, 130, 1, 1620109885, 1620109885),
(647, 2, 130, 0, 1620109885, 1620109885),
(648, 5, 130, 0, 1620109885, 1620109885),
(649, 6, 130, 0, 1620109885, 1620109885),
(650, 7, 130, 0, 1620109885, 1620109885),
(651, 1, 131, 1, 1620109885, 1620109885),
(652, 2, 131, 0, 1620109885, 1620109885),
(653, 5, 131, 0, 1620109885, 1620109885),
(654, 6, 131, 0, 1620109885, 1620109885),
(655, 7, 131, 0, 1620109885, 1620109885),
(656, 1, 132, 1, 1620109885, 1620109885),
(657, 2, 132, 0, 1620109885, 1620109885),
(658, 5, 132, 0, 1620109885, 1620109885),
(659, 6, 132, 0, 1620109885, 1620109885),
(660, 7, 132, 0, 1620109885, 1620109885),
(661, 1, 133, 1, 1620109885, 1620109885),
(662, 2, 133, 0, 1620109885, 1620109885),
(663, 5, 133, 0, 1620109885, 1620109885),
(664, 6, 133, 0, 1620109885, 1620109885),
(665, 7, 133, 0, 1620109885, 1620109885),
(666, 1, 134, 1, 1620109885, 1620109885),
(667, 2, 134, 0, 1620109885, 1620109885),
(668, 5, 134, 0, 1620109885, 1620109885),
(669, 6, 134, 0, 1620109885, 1620109885),
(670, 7, 134, 0, 1620109885, 1620109885),
(671, 1, 135, 1, 1620109885, 1620109885),
(672, 2, 135, 0, 1620109885, 1620109885),
(673, 5, 135, 0, 1620109885, 1620109885),
(674, 6, 135, 0, 1620109885, 1620109885),
(675, 7, 135, 0, 1620109885, 1620109885),
(676, 1, 136, 1, 1620109885, 1620109885),
(677, 2, 136, 0, 1620109885, 1620109885),
(678, 5, 136, 0, 1620109885, 1620109885),
(679, 6, 136, 0, 1620109885, 1620109885),
(680, 7, 136, 0, 1620109885, 1620109885),
(681, 1, 137, 1, 1620109885, 1620109885),
(682, 2, 137, 0, 1620109885, 1620109885),
(683, 5, 137, 0, 1620109885, 1620109885),
(684, 6, 137, 0, 1620109885, 1620109885),
(685, 7, 137, 0, 1620109885, 1620109885),
(686, 1, 138, 1, 1620109885, 1620109885),
(687, 2, 138, 0, 1620109885, 1620109885),
(688, 5, 138, 0, 1620109885, 1620109885),
(689, 6, 138, 0, 1620109885, 1620109885),
(690, 7, 138, 0, 1620109885, 1620109885),
(691, 1, 139, 1, 1620109885, 1620109885),
(692, 2, 139, 0, 1620109885, 1620109885),
(693, 5, 139, 0, 1620109885, 1620109885),
(694, 6, 139, 0, 1620109885, 1620109885),
(695, 7, 139, 0, 1620109885, 1620109885),
(696, 1, 140, 1, 1620109885, 1620109885),
(697, 2, 140, 0, 1620109885, 1620109885),
(698, 5, 140, 0, 1620109885, 1620109885),
(699, 6, 140, 0, 1620109885, 1620109885),
(700, 7, 140, 0, 1620109885, 1620109885),
(701, 1, 141, 1, 1620109885, 1620109885),
(702, 2, 141, 0, 1620109885, 1620109885),
(703, 5, 141, 0, 1620109885, 1620109885),
(704, 6, 141, 0, 1620109885, 1620109885),
(705, 7, 141, 0, 1620109885, 1620109885),
(706, 1, 142, 1, 1620109885, 1620109885),
(707, 2, 142, 0, 1620109885, 1620109885),
(708, 5, 142, 0, 1620109885, 1620109885),
(709, 6, 142, 0, 1620109885, 1620109885),
(710, 7, 142, 0, 1620109885, 1620109885),
(711, 1, 143, 1, 1620109885, 1620109885),
(712, 2, 143, 0, 1620109885, 1620109885),
(713, 5, 143, 0, 1620109885, 1620109885),
(714, 6, 143, 0, 1620109885, 1620109885),
(715, 7, 143, 0, 1620109885, 1620109885),
(716, 1, 144, 1, 1620109885, 1620109885),
(717, 2, 144, 0, 1620109885, 1620109885),
(718, 5, 144, 0, 1620109885, 1620109885),
(719, 6, 144, 0, 1620109885, 1620109885),
(720, 7, 144, 0, 1620109885, 1620109885),
(721, 1, 145, 1, 1620109885, 1620109885),
(722, 2, 145, 0, 1620109885, 1620109885),
(723, 5, 145, 0, 1620109885, 1620109885),
(724, 6, 145, 0, 1620109885, 1620109885),
(725, 7, 145, 0, 1620109885, 1620109885),
(726, 1, 146, 1, 1620109885, 1620109885),
(727, 2, 146, 0, 1620109885, 1620109885),
(728, 5, 146, 0, 1620109885, 1620109885),
(729, 6, 146, 0, 1620109885, 1620109885),
(730, 7, 146, 0, 1620109885, 1620109885),
(731, 1, 147, 1, 1620109885, 1620109885),
(732, 2, 147, 0, 1620109885, 1620109885),
(733, 5, 147, 0, 1620109885, 1620109885),
(734, 6, 147, 0, 1620109885, 1620109885),
(735, 7, 147, 0, 1620109885, 1620109885),
(736, 1, 148, 1, 1620109885, 1620109885),
(737, 2, 148, 0, 1620109885, 1620109885),
(738, 5, 148, 0, 1620109885, 1620109885),
(739, 6, 148, 0, 1620109885, 1620109885),
(740, 7, 148, 0, 1620109885, 1620109885),
(741, 1, 149, 1, 1620109885, 1620109885),
(742, 2, 149, 0, 1620109885, 1620109885),
(743, 5, 149, 0, 1620109885, 1620109885),
(744, 6, 149, 0, 1620109885, 1620109885),
(745, 7, 149, 0, 1620109885, 1620109885),
(746, 1, 150, 1, 1620109885, 1620109885),
(747, 2, 150, 0, 1620109885, 1620109885),
(748, 5, 150, 0, 1620109885, 1620109885),
(749, 6, 150, 0, 1620109885, 1620109885),
(750, 7, 150, 0, 1620109885, 1620109885),
(751, 1, 151, 1, 1620109885, 1620109885),
(752, 2, 151, 0, 1620109885, 1620109885),
(753, 5, 151, 0, 1620109885, 1620109885),
(754, 6, 151, 0, 1620109885, 1620109885),
(755, 7, 151, 0, 1620109885, 1620109885),
(756, 1, 152, 1, 1620109885, 1620109885),
(757, 2, 152, 0, 1620109885, 1620109885),
(758, 5, 152, 0, 1620109885, 1620109885),
(759, 6, 152, 0, 1620109885, 1620109885),
(760, 7, 152, 0, 1620109885, 1620109885),
(761, 1, 153, 1, 1620109885, 1620109885),
(762, 2, 153, 0, 1620109885, 1620109885),
(763, 5, 153, 0, 1620109885, 1620109885),
(764, 6, 153, 0, 1620109885, 1620109885),
(765, 7, 153, 0, 1620109885, 1620109885),
(766, 1, 154, 1, 1620109885, 1620109885),
(767, 2, 154, 0, 1620109885, 1620109885),
(768, 5, 154, 0, 1620109885, 1620109885),
(769, 6, 154, 0, 1620109885, 1620109885),
(770, 7, 154, 0, 1620109885, 1620109885),
(771, 1, 155, 1, 1620109885, 1620109885),
(772, 2, 155, 0, 1620109885, 1620109885),
(773, 5, 155, 0, 1620109885, 1620109885),
(774, 6, 155, 0, 1620109885, 1620109885),
(775, 7, 155, 0, 1620109885, 1620109885),
(776, 1, 156, 1, 1620109885, 1620109885),
(777, 2, 156, 0, 1620109885, 1620109885),
(778, 5, 156, 0, 1620109885, 1620109885),
(779, 6, 156, 0, 1620109885, 1620109885),
(780, 7, 156, 0, 1620109885, 1620109885),
(781, 1, 157, 1, 1620109885, 1620109885),
(782, 2, 157, 0, 1620109885, 1620109885),
(783, 5, 157, 0, 1620109885, 1620109885),
(784, 6, 157, 0, 1620109885, 1620109885),
(785, 7, 157, 0, 1620109885, 1620109885),
(786, 1, 158, 1, 1620109885, 1620109885),
(787, 2, 158, 0, 1620109885, 1620109885),
(788, 5, 158, 0, 1620109885, 1620109885),
(789, 6, 158, 0, 1620109885, 1620109885),
(790, 7, 158, 0, 1620109885, 1620109885),
(791, 1, 159, 1, 1620109885, 1620109885),
(792, 2, 159, 0, 1620109885, 1620109885),
(793, 5, 159, 0, 1620109885, 1620109885),
(794, 6, 159, 0, 1620109885, 1620109885),
(795, 7, 159, 0, 1620109885, 1620109885),
(796, 1, 160, 1, 1620109885, 1620109885),
(797, 2, 160, 0, 1620109885, 1620109885),
(798, 5, 160, 0, 1620109885, 1620109885),
(799, 6, 160, 0, 1620109885, 1620109885),
(800, 7, 160, 0, 1620109885, 1620109885),
(801, 1, 161, 1, 1620109885, 1620109885),
(802, 2, 161, 0, 1620109885, 1620109885),
(803, 5, 161, 0, 1620109885, 1620109885),
(804, 6, 161, 0, 1620109885, 1620109885),
(805, 7, 161, 0, 1620109885, 1620109885);

-- --------------------------------------------------------

--
-- Table structure for table `group_menu`
--

CREATE TABLE `group_menu` (
  `id` int(11) NOT NULL,
  `group_id` int(11) NOT NULL,
  `menu_id` int(11) NOT NULL,
  `active` tinyint(1) NOT NULL DEFAULT 1,
  `created` datetime NOT NULL DEFAULT current_timestamp(),
  `updated` datetime NOT NULL
) ENGINE=InnoDB DEFAULT CHARSET=utf8mb4;

--
-- Dumping data for table `group_menu`
--

INSERT INTO `group_menu` (`id`, `group_id`, `menu_id`, `active`, `created`, `updated`) VALUES
(1, 1, 1, 1, '2020-09-08 20:33:16', '0000-00-00 00:00:00'),
(2, 2, 1, 0, '2020-09-08 20:33:16', '0000-00-00 00:00:00'),
(3, 3, 1, 0, '2020-09-08 20:33:16', '0000-00-00 00:00:00'),
(4, 1, 2, 1, '2020-09-08 20:33:53', '0000-00-00 00:00:00'),
(5, 2, 2, 0, '2020-09-08 20:33:53', '0000-00-00 00:00:00'),
(6, 3, 2, 0, '2020-09-08 20:33:53', '0000-00-00 00:00:00'),
(7, 1, 3, 1, '2020-09-08 20:34:20', '0000-00-00 00:00:00'),
(8, 2, 3, 0, '2020-09-08 20:34:20', '0000-00-00 00:00:00'),
(9, 3, 3, 0, '2020-09-08 20:34:20', '0000-00-00 00:00:00'),
(10, 1, 4, 1, '2020-09-08 20:34:34', '0000-00-00 00:00:00'),
(11, 2, 4, 0, '2020-09-08 20:34:34', '0000-00-00 00:00:00'),
(12, 3, 4, 0, '2020-09-08 20:34:34', '0000-00-00 00:00:00'),
(13, 1, 5, 1, '2020-09-08 20:34:50', '0000-00-00 00:00:00'),
(14, 2, 5, 0, '2020-09-08 20:34:50', '0000-00-00 00:00:00'),
(15, 3, 5, 0, '2020-09-08 20:34:50', '0000-00-00 00:00:00'),
(16, 1, 6, 1, '2020-09-09 06:40:38', '0000-00-00 00:00:00'),
(17, 2, 6, 0, '2020-09-09 06:40:38', '0000-00-00 00:00:00'),
(18, 1, 7, 1, '2020-09-09 06:40:54', '0000-00-00 00:00:00'),
(19, 2, 7, 0, '2020-09-09 06:40:54', '0000-00-00 00:00:00'),
(20, 1, 8, 1, '2020-09-09 06:53:14', '0000-00-00 00:00:00'),
(21, 2, 8, 0, '2020-09-09 06:53:14', '0000-00-00 00:00:00'),
(22, 1, 9, 1, '2020-09-09 06:53:59', '0000-00-00 00:00:00'),
(23, 2, 9, 0, '2020-09-09 06:53:59', '0000-00-00 00:00:00'),
(24, 1, 10, 1, '2020-09-09 06:54:24', '0000-00-00 00:00:00'),
(25, 2, 10, 0, '2020-09-09 06:54:24', '0000-00-00 00:00:00'),
(26, 1, 11, 1, '2020-09-09 06:54:50', '0000-00-00 00:00:00'),
(27, 2, 11, 0, '2020-09-09 06:54:50', '0000-00-00 00:00:00'),
(28, 1, 12, 1, '2020-09-09 06:55:09', '0000-00-00 00:00:00'),
(29, 2, 12, 0, '2020-09-09 06:55:09', '0000-00-00 00:00:00'),
(30, 1, 13, 1, '2020-09-09 06:55:33', '0000-00-00 00:00:00'),
(31, 2, 13, 0, '2020-09-09 06:55:33', '0000-00-00 00:00:00'),
(32, 1, 14, 1, '2020-09-09 06:56:01', '0000-00-00 00:00:00'),
(33, 2, 14, 0, '2020-09-09 06:56:01', '0000-00-00 00:00:00'),
(34, 1, 15, 1, '2020-09-09 06:56:24', '0000-00-00 00:00:00'),
(35, 2, 15, 0, '2020-09-09 06:56:24', '0000-00-00 00:00:00'),
(36, 1, 16, 1, '2020-09-09 06:57:58', '0000-00-00 00:00:00'),
(37, 2, 16, 1, '2020-09-09 06:57:58', '0000-00-00 00:00:00'),
(38, 1, 17, 1, '2020-09-09 06:59:30', '0000-00-00 00:00:00'),
(39, 2, 17, 0, '2020-09-09 06:59:30', '0000-00-00 00:00:00'),
(40, 1, 18, 1, '2020-09-09 07:43:17', '0000-00-00 00:00:00'),
(41, 2, 18, 0, '2020-09-09 07:43:17', '0000-00-00 00:00:00'),
(42, 1, 19, 1, '2020-09-09 09:40:06', '0000-00-00 00:00:00'),
(43, 2, 19, 0, '2020-09-09 09:40:06', '0000-00-00 00:00:00'),
(44, 1, 20, 1, '2020-09-09 09:41:27', '0000-00-00 00:00:00'),
(45, 2, 20, 0, '2020-09-09 09:41:27', '0000-00-00 00:00:00'),
(46, 1, 21, 1, '2020-09-09 10:00:24', '0000-00-00 00:00:00'),
(47, 2, 21, 1, '2020-09-09 10:00:24', '0000-00-00 00:00:00'),
(48, 1, 22, 1, '2020-09-16 14:27:18', '0000-00-00 00:00:00'),
(49, 2, 22, 0, '2020-09-16 14:27:18', '0000-00-00 00:00:00'),
(50, 1, 23, 1, '2020-09-16 14:28:10', '0000-00-00 00:00:00'),
(51, 2, 23, 0, '2020-09-16 14:28:10', '0000-00-00 00:00:00'),
(52, 1, 24, 1, '2020-09-16 16:09:49', '0000-00-00 00:00:00'),
(53, 2, 24, 0, '2020-09-16 16:09:49', '0000-00-00 00:00:00'),
(54, 1, 25, 1, '2020-09-23 16:05:55', '0000-00-00 00:00:00'),
(55, 2, 25, 0, '2020-09-23 16:05:55', '0000-00-00 00:00:00'),
(56, 1, 26, 1, '2020-10-12 19:56:44', '0000-00-00 00:00:00'),
(57, 2, 26, 0, '2020-10-12 19:56:44', '0000-00-00 00:00:00'),
(58, 1, 27, 1, '2021-02-17 13:29:23', '0000-00-00 00:00:00'),
(59, 2, 27, 0, '2021-02-17 13:29:23', '0000-00-00 00:00:00'),
(60, 1, 28, 1, '2021-02-22 09:55:30', '0000-00-00 00:00:00'),
(61, 2, 28, 0, '2021-02-22 09:55:30', '0000-00-00 00:00:00'),
(62, 1, 29, 1, '2021-02-22 13:35:15', '0000-00-00 00:00:00'),
(63, 2, 29, 0, '2021-02-22 13:35:15', '0000-00-00 00:00:00'),
(64, 1, 30, 1, '2021-02-23 12:16:00', '0000-00-00 00:00:00'),
(65, 2, 30, 0, '2021-02-23 12:16:00', '0000-00-00 00:00:00'),
(66, 1, 31, 1, '2021-03-04 12:07:17', '0000-00-00 00:00:00'),
(67, 2, 31, 0, '2021-03-04 12:07:17', '0000-00-00 00:00:00'),
(68, 1, 32, 1, '2021-03-05 13:28:32', '0000-00-00 00:00:00'),
(69, 2, 32, 0, '2021-03-05 13:28:32', '0000-00-00 00:00:00'),
(70, 1, 33, 1, '2021-03-05 13:28:54', '0000-00-00 00:00:00'),
(71, 2, 33, 0, '2021-03-05 13:28:54', '0000-00-00 00:00:00'),
(72, 1, 34, 1, '2021-03-05 13:29:15', '0000-00-00 00:00:00'),
(73, 2, 34, 0, '2021-03-05 13:29:15', '0000-00-00 00:00:00'),
(74, 1, 35, 1, '2021-03-05 13:55:18', '0000-00-00 00:00:00'),
(75, 2, 35, 0, '2021-03-05 13:55:18', '0000-00-00 00:00:00'),
(76, 1, 36, 1, '2021-03-10 12:10:21', '0000-00-00 00:00:00'),
(77, 2, 36, 0, '2021-03-10 12:10:21', '0000-00-00 00:00:00'),
(78, 1, 37, 1, '2021-03-10 12:12:41', '0000-00-00 00:00:00'),
(79, 2, 37, 0, '2021-03-10 12:12:41', '0000-00-00 00:00:00'),
(80, 1, 38, 1, '2021-03-10 12:14:16', '0000-00-00 00:00:00'),
(81, 2, 38, 0, '2021-03-10 12:14:16', '0000-00-00 00:00:00'),
(82, 1, 39, 1, '2021-03-10 12:16:32', '0000-00-00 00:00:00'),
(83, 2, 39, 0, '2021-03-10 12:16:32', '0000-00-00 00:00:00'),
(84, 1, 40, 1, '2021-03-10 12:24:53', '0000-00-00 00:00:00'),
(85, 2, 40, 0, '2021-03-10 12:24:53', '0000-00-00 00:00:00'),
(86, 1, 41, 1, '2021-03-10 12:26:19', '0000-00-00 00:00:00'),
(87, 2, 41, 0, '2021-03-10 12:26:19', '0000-00-00 00:00:00'),
(88, 1, 42, 1, '2021-03-10 12:28:11', '0000-00-00 00:00:00'),
(89, 2, 42, 0, '2021-03-10 12:28:11', '0000-00-00 00:00:00'),
(90, 1, 43, 1, '2021-03-10 12:45:34', '0000-00-00 00:00:00'),
(91, 2, 43, 0, '2021-03-10 12:45:34', '0000-00-00 00:00:00'),
(92, 1, 44, 1, '2021-03-10 12:45:49', '0000-00-00 00:00:00'),
(93, 2, 44, 0, '2021-03-10 12:45:49', '0000-00-00 00:00:00'),
(94, 1, 45, 1, '2021-03-10 12:46:04', '0000-00-00 00:00:00'),
(95, 2, 45, 0, '2021-03-10 12:46:04', '0000-00-00 00:00:00'),
(96, 1, 46, 1, '2021-03-10 12:47:24', '0000-00-00 00:00:00'),
(97, 2, 46, 0, '2021-03-10 12:47:24', '0000-00-00 00:00:00'),
(98, 1, 47, 1, '2021-03-10 12:48:01', '0000-00-00 00:00:00'),
(99, 2, 47, 0, '2021-03-10 12:48:01', '0000-00-00 00:00:00'),
(100, 1, 48, 1, '2021-03-24 10:14:06', '0000-00-00 00:00:00'),
(101, 2, 48, 0, '2021-03-24 10:14:06', '0000-00-00 00:00:00'),
(102, 5, 48, 0, '2021-03-24 10:14:06', '0000-00-00 00:00:00'),
(103, 6, 48, 0, '2021-03-24 10:14:06', '0000-00-00 00:00:00'),
(104, 7, 48, 0, '2021-03-24 10:14:06', '0000-00-00 00:00:00'),
(105, 1, 49, 1, '2021-03-24 10:14:35', '0000-00-00 00:00:00'),
(106, 2, 49, 0, '2021-03-24 10:14:35', '0000-00-00 00:00:00'),
(107, 5, 49, 0, '2021-03-24 10:14:35', '0000-00-00 00:00:00'),
(108, 6, 49, 0, '2021-03-24 10:14:35', '0000-00-00 00:00:00'),
(109, 7, 49, 0, '2021-03-24 10:14:35', '0000-00-00 00:00:00'),
(110, 1, 50, 1, '2021-03-24 10:14:58', '0000-00-00 00:00:00'),
(111, 2, 50, 0, '2021-03-24 10:14:58', '0000-00-00 00:00:00'),
(112, 5, 50, 0, '2021-03-24 10:14:58', '0000-00-00 00:00:00'),
(113, 6, 50, 0, '2021-03-24 10:14:58', '0000-00-00 00:00:00'),
(114, 7, 50, 0, '2021-03-24 10:14:58', '0000-00-00 00:00:00'),
(115, 1, 51, 1, '2021-03-24 10:16:00', '0000-00-00 00:00:00'),
(116, 2, 51, 0, '2021-03-24 10:16:00', '0000-00-00 00:00:00'),
(117, 5, 51, 0, '2021-03-24 10:16:00', '0000-00-00 00:00:00'),
(118, 6, 51, 0, '2021-03-24 10:16:00', '0000-00-00 00:00:00'),
(119, 7, 51, 0, '2021-03-24 10:16:00', '0000-00-00 00:00:00'),
(120, 1, 52, 1, '2021-03-29 15:23:56', '0000-00-00 00:00:00'),
(121, 2, 52, 0, '2021-03-29 15:23:56', '0000-00-00 00:00:00'),
(122, 5, 52, 0, '2021-03-29 15:23:56', '0000-00-00 00:00:00'),
(123, 6, 52, 0, '2021-03-29 15:23:56', '0000-00-00 00:00:00'),
(124, 7, 52, 0, '2021-03-29 15:23:56', '0000-00-00 00:00:00'),
(125, 1, 53, 1, '2021-03-30 09:47:27', '0000-00-00 00:00:00'),
(126, 2, 53, 0, '2021-03-30 09:47:27', '0000-00-00 00:00:00'),
(127, 5, 53, 0, '2021-03-30 09:47:27', '0000-00-00 00:00:00'),
(128, 6, 53, 0, '2021-03-30 09:47:27', '0000-00-00 00:00:00'),
(129, 7, 53, 0, '2021-03-30 09:47:27', '0000-00-00 00:00:00'),
(130, 1, 54, 1, '2021-04-01 16:12:39', '0000-00-00 00:00:00'),
(131, 2, 54, 0, '2021-04-01 16:12:39', '0000-00-00 00:00:00'),
(132, 5, 54, 0, '2021-04-01 16:12:39', '0000-00-00 00:00:00'),
(133, 6, 54, 0, '2021-04-01 16:12:39', '0000-00-00 00:00:00'),
(134, 7, 54, 0, '2021-04-01 16:12:39', '0000-00-00 00:00:00'),
(135, 1, 55, 1, '2021-04-13 14:22:46', '0000-00-00 00:00:00'),
(136, 2, 55, 0, '2021-04-13 14:22:46', '0000-00-00 00:00:00'),
(137, 5, 55, 0, '2021-04-13 14:22:46', '0000-00-00 00:00:00'),
(138, 6, 55, 0, '2021-04-13 14:22:46', '0000-00-00 00:00:00'),
(139, 7, 55, 0, '2021-04-13 14:22:46', '0000-00-00 00:00:00'),
(140, 1, 56, 1, '2021-04-13 14:23:34', '0000-00-00 00:00:00'),
(141, 2, 56, 0, '2021-04-13 14:23:34', '0000-00-00 00:00:00'),
(142, 5, 56, 0, '2021-04-13 14:23:34', '0000-00-00 00:00:00'),
(143, 6, 56, 0, '2021-04-13 14:23:34', '0000-00-00 00:00:00'),
(144, 7, 56, 0, '2021-04-13 14:23:34', '0000-00-00 00:00:00'),
(145, 1, 57, 1, '2021-04-13 14:24:05', '0000-00-00 00:00:00'),
(146, 2, 57, 0, '2021-04-13 14:24:05', '0000-00-00 00:00:00'),
(147, 5, 57, 0, '2021-04-13 14:24:05', '0000-00-00 00:00:00'),
(148, 6, 57, 0, '2021-04-13 14:24:05', '0000-00-00 00:00:00'),
(149, 7, 57, 0, '2021-04-13 14:24:05', '0000-00-00 00:00:00'),
(150, 1, 58, 1, '2021-04-17 11:07:07', '0000-00-00 00:00:00'),
(151, 2, 58, 0, '2021-04-17 11:07:07', '0000-00-00 00:00:00'),
(152, 5, 58, 0, '2021-04-17 11:07:07', '0000-00-00 00:00:00'),
(153, 6, 58, 0, '2021-04-17 11:07:07', '0000-00-00 00:00:00'),
(154, 7, 58, 0, '2021-04-17 11:07:07', '0000-00-00 00:00:00'),
(155, 1, 59, 1, '2021-04-17 11:08:06', '0000-00-00 00:00:00'),
(156, 2, 59, 0, '2021-04-17 11:08:06', '0000-00-00 00:00:00'),
(157, 5, 59, 0, '2021-04-17 11:08:06', '0000-00-00 00:00:00'),
(158, 6, 59, 0, '2021-04-17 11:08:06', '0000-00-00 00:00:00'),
(159, 7, 59, 0, '2021-04-17 11:08:06', '0000-00-00 00:00:00'),
(160, 1, 60, 1, '2021-04-17 11:08:31', '0000-00-00 00:00:00'),
(161, 2, 60, 0, '2021-04-17 11:08:31', '0000-00-00 00:00:00'),
(162, 5, 60, 0, '2021-04-17 11:08:31', '0000-00-00 00:00:00'),
(163, 6, 60, 0, '2021-04-17 11:08:31', '0000-00-00 00:00:00'),
(164, 7, 60, 0, '2021-04-17 11:08:31', '0000-00-00 00:00:00'),
(165, 1, 61, 1, '2021-04-17 11:08:56', '0000-00-00 00:00:00'),
(166, 2, 61, 0, '2021-04-17 11:08:56', '0000-00-00 00:00:00'),
(167, 5, 61, 0, '2021-04-17 11:08:56', '0000-00-00 00:00:00'),
(168, 6, 61, 0, '2021-04-17 11:08:56', '0000-00-00 00:00:00'),
(169, 7, 61, 0, '2021-04-17 11:08:56', '0000-00-00 00:00:00'),
(170, 1, 62, 1, '2021-04-17 11:09:30', '0000-00-00 00:00:00'),
(171, 2, 62, 0, '2021-04-17 11:09:30', '0000-00-00 00:00:00'),
(172, 5, 62, 0, '2021-04-17 11:09:30', '0000-00-00 00:00:00'),
(173, 6, 62, 0, '2021-04-17 11:09:30', '0000-00-00 00:00:00'),
(174, 7, 62, 0, '2021-04-17 11:09:30', '0000-00-00 00:00:00'),
(175, 1, 63, 1, '2021-05-04 13:30:34', '0000-00-00 00:00:00'),
(176, 2, 63, 0, '2021-05-04 13:30:34', '0000-00-00 00:00:00'),
(177, 5, 63, 0, '2021-05-04 13:30:34', '0000-00-00 00:00:00'),
(178, 6, 63, 0, '2021-05-04 13:30:34', '0000-00-00 00:00:00'),
(179, 7, 63, 0, '2021-05-04 13:30:34', '0000-00-00 00:00:00');

-- --------------------------------------------------------

--
-- Table structure for table `group_widget`
--

CREATE TABLE `group_widget` (
  `id` int(11) NOT NULL,
  `group_id` int(11) NOT NULL,
  `widget_id` int(11) NOT NULL,
  `active` int(11) NOT NULL DEFAULT 1
) ENGINE=InnoDB DEFAULT CHARSET=utf8mb4;

--
-- Dumping data for table `group_widget`
--

INSERT INTO `group_widget` (`id`, `group_id`, `widget_id`, `active`) VALUES
(1, 1, 1, 1),
(2, 2, 2, 1);

-- --------------------------------------------------------

--
-- Table structure for table `items`
--

CREATE TABLE `items` (
  `item_id` int(11) NOT NULL,
  `item_name` text NOT NULL,
  `item_buy_price` double(12,0) NOT NULL,
  `item_price` double(12,0) NOT NULL,
  `item_stock` int(11) NOT NULL,
  `supplier_id` int(11) NOT NULL
) ENGINE=InnoDB DEFAULT CHARSET=utf8mb4;

--
-- Dumping data for table `items`
--

INSERT INTO `items` (`item_id`, `item_name`, `item_buy_price`, `item_price`, `item_stock`, `supplier_id`) VALUES
(1, 'Oreooo', 10000, 12000, 28, 8),
(3, 'Tupperware', 10000, 12222, 16, 1),
(4, 'Botol Minum', 10000, 12000, 28, 1);

-- --------------------------------------------------------

--
-- Table structure for table `journals`
--

CREATE TABLE `journals` (
  `journal_id` int(11) NOT NULL,
  `journal_datetime` timestamp NOT NULL DEFAULT current_timestamp(),
  `journal_description` varchar(255) DEFAULT NULL,
  `journal_memo` text DEFAULT NULL,
  `journal_status` tinyint(1) NOT NULL DEFAULT 1,
  `journal_ref_text` char(100) DEFAULT NULL,
  `journal_ref_link` varchar(255) DEFAULT NULL,
  `journal_ref_pk` varchar(20) DEFAULT NULL,
  `journal_ref_table` varchar(100) DEFAULT NULL
) ENGINE=InnoDB DEFAULT CHARSET=utf8mb4;

--
-- Dumping data for table `journals`
--

INSERT INTO `journals` (`journal_id`, `journal_datetime`, `journal_description`, `journal_memo`, `journal_status`, `journal_ref_text`, `journal_ref_link`, `journal_ref_pk`, `journal_ref_table`) VALUES
(3, '2021-04-19 07:22:02', 'Penjualan SLS1618816893', NULL, 1, NULL, NULL, 'SLS1618816893', NULL),
(5, '2021-04-20 06:40:57', 'Penjualan SLS1618900830', 'asasasd', 1, NULL, NULL, 'SLS1618900830', NULL),
(6, '2021-04-20 06:41:27', 'Penjualan SLS1618900830', NULL, 1, NULL, NULL, NULL, NULL),
(7, '2021-04-26 06:49:51', 'Pembelian PRC1619419766', NULL, 1, NULL, NULL, 'PRC1619419766', NULL),
(8, '2021-04-26 06:50:35', 'Pembayaran PRC1619419766', NULL, 1, NULL, NULL, NULL, NULL),
(9, '2021-04-28 03:48:53', 'Pembelian PRC1619580154', NULL, 1, NULL, NULL, 'PRC1619580154', NULL),
(10, '2021-04-30 03:34:38', 'Pembelian PRC1619753662', NULL, 1, NULL, NULL, 'PRC1619753662', NULL),
(11, '2021-04-30 03:35:53', 'Pembayaran PRC1619753662', NULL, 1, NULL, NULL, NULL, NULL),
(12, '2021-05-06 07:32:57', 'Penjualan SLS1620286314', NULL, 1, NULL, NULL, 'SLS1620286314', NULL),
(15, '2021-05-07 03:09:21', 'Transfer TRF16203569617', NULL, 1, NULL, NULL, 'TRF16203569617', NULL),
(16, '2021-05-07 06:28:38', 'Pembelian PRC1620368892', NULL, 1, NULL, NULL, 'PRC1620368892', NULL),
(17, '2021-05-07 06:31:32', 'Pembayaran PRC1620368892', NULL, 1, NULL, NULL, NULL, NULL),
(19, '2021-05-07 06:52:55', 'Transfer TRF16203703746', NULL, 1, NULL, NULL, 'TRF16203703746', NULL);

-- --------------------------------------------------------

--
-- Table structure for table `ledgers`
--

CREATE TABLE `ledgers` (
  `ledger_id` int(11) NOT NULL,
  `journal_id` int(11) NOT NULL,
  `account_number` char(12) NOT NULL,
  `ledger_increase_to` enum('Db','Cr') NOT NULL,
  `ledger_amount` double(12,2) NOT NULL
) ENGINE=InnoDB DEFAULT CHARSET=utf8mb4;

--
-- Dumping data for table `ledgers`
--

INSERT INTO `ledgers` (`ledger_id`, `journal_id`, `account_number`, `ledger_increase_to`, `ledger_amount`) VALUES
(6, 3, '1-3.1', 'Db', 222000.00),
(7, 3, '1-4', 'Cr', 222000.00),
(12, 6, '1-1.2', 'Cr', 421554.00),
(13, 6, '1-3.1', 'Db', 421554.00),
(14, 7, '1-4', 'Db', 340000.00),
(15, 7, '2-1.1', 'Cr', 340000.00),
(16, 8, '1-1', 'Cr', 200000.00),
(17, 8, '1-2.2', 'Cr', 140000.00),
(18, 8, '2-1.1', 'Db', 340000.00),
(31, 5, '1-3.1', 'Db', 421554.00),
(32, 5, '1-4', 'Cr', 421554.00),
(33, 5, '1-1', 'Db', 10000.00),
(34, 5, '1-2.1', 'Cr', 10000.00),
(35, 9, '1-4', 'Db', 10000.00),
(36, 9, '2-1.1', 'Cr', 10000.00),
(37, 10, '1-4', 'Db', 120000.00),
(38, 10, '2-1.1', 'Cr', 120000.00),
(39, 11, '1-1', 'Cr', 120000.00),
(40, 11, '2-1.1', 'Db', 120000.00),
(41, 12, '1-3.1', 'Db', 131110.00),
(42, 12, '1-4', 'Cr', 131110.00),
(45, 15, '2-1.1', 'Db', 50000.00),
(46, 15, '1-2.1', 'Db', 50000.00),
(47, 16, '1-4', 'Db', 100000.00),
(48, 16, '2-1.1', 'Cr', 100000.00),
(49, 17, '1-1.2', 'Cr', 50000.00),
(50, 17, '2-1.1', 'Db', 50000.00),
(51, 18, '1-3.1', 'Cr', 1000000.00),
(52, 18, '1-1', 'Db', 1000000.00),
(53, 19, '1-3.1', 'Cr', 1500000.00),
(54, 19, '1-1', 'Db', 1500000.00);

-- --------------------------------------------------------

--
-- Table structure for table `login_attempts`
--

CREATE TABLE `login_attempts` (
  `id` int(11) UNSIGNED NOT NULL,
  `ip_address` varchar(45) NOT NULL,
  `login` varchar(100) NOT NULL,
  `time` int(11) UNSIGNED DEFAULT NULL
) ENGINE=InnoDB DEFAULT CHARSET=utf8 ROW_FORMAT=DYNAMIC;

-- --------------------------------------------------------

--
-- Table structure for table `menu`
--

CREATE TABLE `menu` (
  `id` int(11) NOT NULL,
  `title` varchar(50) NOT NULL,
  `icon` varchar(20) NOT NULL,
  `url` varchar(100) NOT NULL,
  `parent` int(11) NOT NULL,
  `has_child` tinyint(1) NOT NULL DEFAULT 0,
  `active` tinyint(1) NOT NULL DEFAULT 1,
  `menu_order` int(11) NOT NULL,
  `created` datetime NOT NULL DEFAULT current_timestamp(),
  `updated` datetime NOT NULL
) ENGINE=InnoDB DEFAULT CHARSET=utf8mb4;

--
-- Dumping data for table `menu`
--

INSERT INTO `menu` (`id`, `title`, `icon`, `url`, `parent`, `has_child`, `active`, `menu_order`, `created`, `updated`) VALUES
(4, 'Users', '', 'admin/users', 6, 0, 1, 0, '2020-09-08 20:34:34', '2021-03-10 12:35:26'),
(6, 'Pengaturan', 'fa-cogs', '', 0, 1, 1, 9, '2020-09-09 06:40:38', '2021-03-24 10:23:35'),
(7, 'Menu Navigasi', '', 'admin/menu', 6, 0, 1, 0, '2020-09-09 06:40:54', '2021-03-10 12:20:59'),
(9, 'User Permissions', '', 'admin/permissions', 6, 0, 1, 0, '2020-09-09 06:53:59', '2021-03-10 12:33:33'),
(10, 'User Permission Categories', '', 'admin/permissions_categories', 6, 0, 1, 0, '2020-09-09 06:54:24', '2021-03-10 12:33:47'),
(25, 'Groups', '', 'admin-groups', 3, 0, 1, 0, '2020-09-23 16:05:55', '0000-00-00 00:00:00'),
(26, 'Website dan Email', '', 'admin/site-options', 6, 0, 1, 0, '2020-10-12 19:56:44', '2021-03-10 12:23:08'),
(27, 'Bagan Akun (COA)', 'fa-user', 'admin/account', 6, 0, 1, 1, '2021-02-17 13:29:23', '2021-03-10 12:23:33'),
(28, 'Saldo Awal', 'fa fa-money', 'admin/initial-balance', 6, 0, 1, 2, '2021-02-22 09:55:30', '2021-03-10 12:23:55'),
(29, 'Master Data', 'fa fa-sitemap', '', 0, 1, 1, 1, '2021-02-22 13:35:15', '2021-03-15 11:48:29'),
(30, 'Entri Jurnal', 'fa fa-book', 'admin/journal', 0, 0, 1, 2, '2021-02-23 12:16:00', '2021-03-10 12:42:40'),
(31, 'Keuangan', 'fa fa-money', 'admin/transaction', 0, 1, 0, 3, '2021-03-04 12:07:17', '2021-03-15 13:10:13'),
(32, 'Pendapatan', 'fa fa-money', 'admin/income', 31, 0, 1, 1, '2021-03-05 13:28:32', '2021-03-10 12:42:56'),
(33, 'Pengeluaran', 'fa fa-money', 'admin/outcome', 31, 0, 1, 2, '2021-03-05 13:28:54', '2021-03-10 12:43:08'),
(34, 'Transfer', 'fa fa-money', 'admin/transfer', 31, 0, 1, 3, '2021-03-05 13:29:15', '0000-00-00 00:00:00'),
(35, 'Transaksi', 'fa fa-cogs', 'admin/transaction-setting', 6, 0, 1, 99, '2021-03-05 13:55:18', '2021-03-10 12:27:01'),
(36, 'Pembelian', 'fa fa-shopping-cart', '', 0, 1, 1, 3, '2021-03-10 12:10:21', '2021-03-15 11:02:20'),
(38, 'Faktur Pembelian', '', 'admin/faktur-pembelian', 36, 0, 1, 1, '2021-03-10 12:14:16', '2021-04-15 14:06:00'),
(39, 'Pembayaran Pembelian', '', 'admin/pembayaran-pembelian', 36, 0, 1, 2, '2021-03-10 12:16:32', '2021-04-15 14:06:24'),
(40, 'Pelanggan (Customers)', '', 'admin/pelanggan', 29, 0, 1, 0, '2021-03-10 12:24:53', '2021-03-15 11:48:22'),
(41, 'Pemasok (Supplier)', '', 'admin/pemasok', 29, 0, 1, 2, '2021-03-10 12:26:19', '2021-03-10 13:20:37'),
(43, 'Barang', '', 'admin/barang', 29, 0, 1, 3, '2021-03-10 12:45:34', '0000-00-00 00:00:00'),
(44, 'Jasa', '', 'admin/jasa', 29, 0, 1, 4, '2021-03-10 12:45:49', '2021-03-10 12:46:11'),
(45, 'Supir', '', 'admin/supir', 29, 0, 1, 5, '2021-03-10 12:46:04', '0000-00-00 00:00:00'),
(46, 'Hutang', 'fa fa-money', 'admin/hutang-piutang', 0, 0, 0, 3, '2021-03-10 12:47:24', '2021-03-24 10:16:14'),
(47, 'Piutang', 'fa fa-money', 'admin/piutang', 0, 0, 0, 4, '2021-03-10 12:48:01', '2021-03-24 10:16:27'),
(48, 'Penjualan', 'fa fa-shopping-cart', '', 0, 1, 1, 4, '2021-03-24 10:14:06', '2021-04-07 14:52:30'),
(49, 'Retur Penjualan', '', 'admin/retur-penjualan', 48, 0, 1, 3, '2021-03-24 10:14:35', '2021-04-09 15:51:45'),
(50, 'Faktur Penjualan', '', 'admin/faktur-penjualan', 48, 0, 1, 1, '2021-03-24 10:14:58', '2021-04-15 14:06:44'),
(51, 'Pembayaran Penjualan', '', 'admin/pembayaran-penjualan', 48, 0, 1, 2, '2021-03-24 10:16:00', '2021-04-15 14:05:19'),
(52, 'Produk', '', 'admin_produk', 29, 0, 0, 6, '2021-03-29 15:23:56', '2021-04-14 15:08:30'),
(53, 'Kategori', '', 'admin/produk-kategori', 29, 0, 1, 1, '2021-03-30 09:47:27', '0000-00-00 00:00:00'),
(54, 'Retur Pembelian', '', 'admin/retur-pembelian', 36, 0, 1, 3, '2021-04-01 16:12:39', '0000-00-00 00:00:00'),
(55, 'Persediaan Barang', 'fa fa-area-chart', '', 0, 1, 1, 5, '2021-04-13 14:22:46', '2021-04-15 14:04:50'),
(56, 'Stok Barang', '', 'admin/saldo-stok', 55, 0, 1, 1, '2021-04-13 14:23:34', '0000-00-00 00:00:00'),
(57, 'Stok Opname', '', 'admin/stok-opname', 55, 0, 1, 2, '2021-04-13 14:24:05', '0000-00-00 00:00:00'),
(58, 'Laporan', 'fa fa-book', '', 0, 1, 1, 8, '2021-04-17 11:07:07', '0000-00-00 00:00:00'),
(59, 'Laporan Buku Besar', '', 'admin/laporan-bukubesar', 58, 0, 1, 1, '2021-04-17 11:08:06', '0000-00-00 00:00:00'),
(60, 'Laporan Laba Rugi', '', 'admin/laporan-labarugi', 58, 0, 1, 2, '2021-04-17 11:08:31', '0000-00-00 00:00:00'),
(61, 'Laporan Neraca', '', 'admin/laporan-neraca', 58, 0, 1, 3, '2021-04-17 11:08:56', '0000-00-00 00:00:00'),
(62, 'Laporan Arus Kas', '', 'admin/laporan-aruskas', 58, 0, 1, 4, '2021-04-17 11:09:30', '0000-00-00 00:00:00'),
(63, 'SPK (Surat Perintah Kerja)', 'fa-check-square-o ', 'admin/spk', 0, 0, 1, 2, '2021-05-04 13:30:34', '2021-05-04 13:30:57');

-- --------------------------------------------------------

--
-- Table structure for table `payment`
--

CREATE TABLE `payment` (
  `payment_id` int(11) NOT NULL,
  `order_number` varchar(20) NOT NULL,
  `account_number` char(12) NOT NULL,
  `payment_method` enum('Tunai','Transfer','Giro') NOT NULL,
  `payment_amount` double(12,0) NOT NULL
) ENGINE=InnoDB DEFAULT CHARSET=utf8mb4;

--
-- Dumping data for table `payment`
--

INSERT INTO `payment` (`payment_id`, `order_number`, `account_number`, `payment_method`, `payment_amount`) VALUES
(11, 'PRC1617787611', '1', 'Tunai', 50000),
(12, 'PRC1617787611', '1-1', 'Transfer', 82666),
(13, 'PRC1617863552', '1-1', 'Tunai', 84000),
(14, 'PRC1617954204', '1-1', 'Tunai', 362220),
(25, 'SLS1618280620', '1', 'Tunai', 92000),
(26, 'SLS1618469505', '', '', 0),
(27, 'PRC1618816565', '1', 'Tunai', 100000),
(28, 'PRC1618816565', '1-2.1', 'Transfer', 50000),
(29, 'SLS1618816893', '1', 'Tunai', 222000),
(30, 'SLS1618900830', '1-1.2', 'Tunai', 421554),
(31, 'PRC1619419766', '1-1', 'Tunai', 200000),
(32, 'PRC1619419766', '1-2.2', 'Transfer', 140000),
(33, 'PRC1619753662', '1-1', 'Tunai', 120000),
(34, 'PRC1620368892', '1-1.2', 'Tunai', 50000);

-- --------------------------------------------------------

--
-- Table structure for table `permissions`
--

CREATE TABLE `permissions` (
  `id` int(11) NOT NULL,
  `perm_key` varchar(100) NOT NULL,
  `perm_name` varchar(100) NOT NULL,
  `category_id` int(11) NOT NULL
) ENGINE=InnoDB DEFAULT CHARSET=latin1;

--
-- Dumping data for table `permissions`
--

INSERT INTO `permissions` (`id`, `perm_key`, `perm_name`, `category_id`) VALUES
(1, 'admin_account/index', 'Index', 1),
(2, 'admin_account/add', 'Add', 1),
(3, 'admin_account/edit', 'Edit', 1),
(4, 'admin_account/delete', 'Delete', 1),
(5, 'admin_barang/index', 'Index', 2),
(6, 'admin_barang/add', 'Add', 2),
(7, 'admin_barang/edit', 'Edit', 2),
(8, 'admin_barang/delete', 'Delete', 2),
(9, 'admin_faktur_pembelian/index', 'Index', 4),
(10, 'admin_faktur_pembelian/add', 'Add', 4),
(11, 'admin_faktur_pembelian/edit', 'Edit', 4),
(12, 'admin_faktur_pembelian/delete', 'Delete', 4),
(13, 'admin_faktur_penjualan/index', 'Index', 5),
(14, 'admin_faktur_penjualan/add', 'Add', 5),
(15, 'admin_faktur_penjualan/edit', 'Edit', 5),
(16, 'admin_faktur_penjualan/delete', 'Delete', 5),
(17, 'admin_groups/index', 'Index', 6),
(18, 'admin_groups/add', 'Add', 6),
(19, 'admin_groups/edit', 'Edit', 6),
(20, 'admin_groups/delete', 'Delete', 6),
(21, 'admin_groups/update_permission', 'Update_permission', 6),
(22, 'admin_income/index', 'Index', 7),
(23, 'admin_income/add', 'Add', 7),
(24, 'admin_income/edit', 'Edit', 7),
(25, 'admin_income/delete', 'Delete', 7),
(26, 'admin_initial_balance/index', 'Index', 8),
(27, 'admin_initial_balance/add', 'Add', 8),
(28, 'admin_initial_balance/edit', 'Edit', 8),
(29, 'admin_initial_balance/delete', 'Delete', 8),
(30, 'admin_jasa/index', 'Index', 9),
(31, 'admin_jasa/add', 'Add', 9),
(32, 'admin_jasa/edit', 'Edit', 9),
(33, 'admin_jasa/delete', 'Delete', 9),
(34, 'admin_journal/index', 'Index', 10),
(35, 'admin_journal/add', 'Add', 10),
(36, 'admin_journal/edit', 'Edit', 10),
(37, 'admin_journal/delete', 'Delete', 10),
(38, 'admin_laporan_aruskas/index', 'Index', 11),
(39, 'admin_laporan_aruskas/add', 'Add', 11),
(40, 'admin_laporan_aruskas/edit', 'Edit', 11),
(41, 'admin_laporan_aruskas/delete', 'Delete', 11),
(42, 'admin_laporan_bukubesar/index', 'Index', 12),
(43, 'admin_laporan_bukubesar/add', 'Add', 12),
(44, 'admin_laporan_bukubesar/edit', 'Edit', 12),
(45, 'admin_laporan_bukubesar/delete', 'Delete', 12),
(46, 'admin_laporan_labarugi/index', 'Index', 13),
(47, 'admin_laporan_labarugi/add', 'Add', 13),
(48, 'admin_laporan_labarugi/edit', 'Edit', 13),
(49, 'admin_laporan_labarugi/delete', 'Delete', 13),
(50, 'admin_laporan_neraca/index', 'Index', 14),
(51, 'admin_laporan_neraca/add', 'Add', 14),
(52, 'admin_laporan_neraca/edit', 'Edit', 14),
(53, 'admin_laporan_neraca/delete', 'Delete', 14),
(54, 'admin_ledger/index', 'Index', 15),
(55, 'admin_ledger/add', 'Add', 15),
(56, 'admin_ledger/edit', 'Edit', 15),
(57, 'admin_ledger/delete', 'Delete', 15),
(58, 'admin_menu/index', 'Index', 16),
(59, 'admin_menu/add', 'Add', 16),
(60, 'admin_menu/edit', 'Edit', 16),
(61, 'admin_menu/delete', 'Delete', 16),
(62, 'admin_modules/index', 'Index', 17),
(63, 'admin_outcome/index', 'Index', 18),
(64, 'admin_outcome/add', 'Add', 18),
(65, 'admin_outcome/edit', 'Edit', 18),
(66, 'admin_outcome/delete', 'Delete', 18),
(67, 'admin_pelanggan/index', 'Index', 19),
(68, 'admin_pelanggan/add', 'Add', 19),
(69, 'admin_pelanggan/edit', 'Edit', 19),
(70, 'admin_pelanggan/delete', 'Delete', 19),
(71, 'admin_pemasok/index', 'Index', 20),
(72, 'admin_pemasok/add', 'Add', 20),
(73, 'admin_pemasok/edit', 'Edit', 20),
(74, 'admin_pemasok/delete', 'Delete', 20),
(75, 'admin_pembayaran_pembelian/index', 'Index', 21),
(76, 'admin_pembayaran_pembelian/add', 'Add', 21),
(77, 'admin_pembayaran_pembelian/edit', 'Edit', 21),
(78, 'admin_pembayaran_pembelian/delete', 'Delete', 21),
(79, 'admin_pembayaran_penjualan/index', 'Index', 22),
(80, 'admin_pembayaran_penjualan/add', 'Add', 22),
(81, 'admin_pembayaran_penjualan/edit', 'Edit', 22),
(82, 'admin_pembayaran_penjualan/delete', 'Delete', 22),
(83, 'admin_permissions/index', 'Index', 23),
(84, 'admin_permissions/rebuild_acl', 'Rebuild_acl', 23),
(85, 'admin_permissions/flush_acl', 'Flush_acl', 23),
(86, 'admin_permissions/add', 'Add', 23),
(87, 'admin_permissions/edit', 'Edit', 23),
(88, 'admin_permissions/delete', 'Delete', 23),
(89, 'admin_permissions_categories/index', 'Index', 24),
(90, 'admin_permissions_categories/add', 'Add', 24),
(91, 'admin_permissions_categories/edit', 'Edit', 24),
(92, 'admin_permissions_categories/delete', 'Delete', 24),
(93, 'admin_pesanan_pembelian/index', 'Index', 25),
(94, 'admin_pesanan_pembelian/add', 'Add', 25),
(95, 'admin_pesanan_pembelian/edit', 'Edit', 25),
(96, 'admin_pesanan_pembelian/delete', 'Delete', 25),
(97, 'admin_pesanan_penjualan/index', 'Index', 26),
(98, 'admin_pesanan_penjualan/add', 'Add', 26),
(99, 'admin_pesanan_penjualan/edit', 'Edit', 26),
(100, 'admin_pesanan_penjualan/delete', 'Delete', 26),
(101, 'admin_produk/index', 'Index', 27),
(102, 'admin_produk/add', 'Add', 27),
(103, 'admin_produk/edit', 'Edit', 27),
(104, 'admin_produk/delete', 'Delete', 27),
(105, 'admin_produk_kategori/index', 'Index', 28),
(106, 'admin_produk_kategori/add', 'Add', 28),
(107, 'admin_produk_kategori/edit', 'Edit', 28),
(108, 'admin_produk_kategori/delete', 'Delete', 28),
(109, 'admin_retur_pembelian/index', 'Index', 30),
(110, 'admin_retur_pembelian/add', 'Add', 30),
(111, 'admin_retur_pembelian/edit', 'Edit', 30),
(112, 'admin_retur_pembelian/delete', 'Delete', 30),
(113, 'admin_retur_penjualan/index', 'Index', 31),
(114, 'admin_retur_penjualan/add', 'Add', 31),
(115, 'admin_retur_penjualan/edit', 'Edit', 31),
(116, 'admin_retur_penjualan/delete', 'Delete', 31),
(117, 'admin_saldo_stok/index', 'Index', 32),
(118, 'admin_saldo_stok/add', 'Add', 32),
(119, 'admin_saldo_stok/edit', 'Edit', 32),
(120, 'admin_saldo_stok/delete', 'Delete', 32),
(121, 'admin_site_options/index', 'Index', 33),
(122, 'admin_site_options/save_info', 'Save_info', 33),
(123, 'admin_site_options/save_greeting', 'Save_greeting', 33),
(124, 'admin_site_options/save_smtp', 'Save_smtp', 33),
(125, 'admin_spk/index', 'Index', 34),
(126, 'admin_spk/add', 'Add', 34),
(127, 'admin_spk/edit', 'Edit', 34),
(128, 'admin_spk/delete', 'Delete', 34),
(129, 'admin_stok_opname/index', 'Index', 35),
(130, 'admin_stok_opname/add', 'Add', 35),
(131, 'admin_stok_opname/edit', 'Edit', 35),
(132, 'admin_stok_opname/delete', 'Delete', 35),
(133, 'admin_supir/index', 'Index', 36),
(134, 'admin_supir/add', 'Add', 36),
(135, 'admin_supir/edit', 'Edit', 36),
(136, 'admin_supir/delete', 'Delete', 36),
(137, 'admin_transaction/index', 'Index', 37),
(138, 'admin_transaction/add', 'Add', 37),
(139, 'admin_transaction/edit', 'Edit', 37),
(140, 'admin_transaction/delete', 'Delete', 37),
(141, 'admin_transaction_setting/index', 'Index', 38),
(142, 'admin_transaction_setting/add', 'Add', 38),
(143, 'admin_transaction_setting/edit', 'Edit', 38),
(144, 'admin_transaction_setting/delete', 'Delete', 38),
(145, 'admin_transfer/index', 'Index', 39),
(146, 'admin_transfer/add', 'Add', 39),
(147, 'admin_transfer/edit', 'Edit', 39),
(148, 'admin_transfer/delete', 'Delete', 39),
(149, 'admin_users/index', 'Index', 40),
(150, 'admin_users/activate', 'Activate', 40),
(151, 'admin_users/deactivate', 'Deactivate', 40),
(152, 'admin_users/create_user', 'Create_user', 40),
(153, 'admin_users/edit_user', 'Edit_user', 40),
(154, 'admin_users/delete_user', 'Delete_user', 40),
(155, 'admin_users/create_group', 'Create_group', 40),
(156, 'admin_users/edit_group', 'Edit_group', 40),
(157, 'admin_widgets/index', 'Index', 41),
(158, 'admin_widgets/add', 'Add', 41),
(159, 'admin_widgets/edit', 'Edit', 41),
(160, 'admin_widgets/delete', 'Delete', 41),
(161, 'widget/index', 'Index', 44);

-- --------------------------------------------------------

--
-- Table structure for table `permissions_categories`
--

CREATE TABLE `permissions_categories` (
  `id` int(11) NOT NULL,
  `cat_name` varchar(30) NOT NULL,
  `created` datetime NOT NULL DEFAULT current_timestamp(),
  `updated` datetime NOT NULL
) ENGINE=InnoDB DEFAULT CHARSET=utf8mb4;

--
-- Dumping data for table `permissions_categories`
--

INSERT INTO `permissions_categories` (`id`, `cat_name`, `created`, `updated`) VALUES
(1, 'Admin_account', '2021-05-04 13:31:24', '0000-00-00 00:00:00'),
(2, 'Admin_barang', '2021-05-04 13:31:24', '0000-00-00 00:00:00'),
(3, 'Admin_dashboard', '2021-05-04 13:31:24', '0000-00-00 00:00:00'),
(4, 'Admin_faktur_pembelian', '2021-05-04 13:31:24', '0000-00-00 00:00:00'),
(5, 'Admin_faktur_penjualan', '2021-05-04 13:31:24', '0000-00-00 00:00:00'),
(6, 'Admin_groups', '2021-05-04 13:31:24', '0000-00-00 00:00:00'),
(7, 'Admin_income', '2021-05-04 13:31:24', '0000-00-00 00:00:00'),
(8, 'Admin_initial_balance', '2021-05-04 13:31:24', '0000-00-00 00:00:00'),
(9, 'Admin_jasa', '2021-05-04 13:31:24', '0000-00-00 00:00:00'),
(10, 'Admin_journal', '2021-05-04 13:31:24', '0000-00-00 00:00:00'),
(11, 'Admin_laporan_aruskas', '2021-05-04 13:31:24', '0000-00-00 00:00:00'),
(12, 'Admin_laporan_bukubesar', '2021-05-04 13:31:24', '0000-00-00 00:00:00'),
(13, 'Admin_laporan_labarugi', '2021-05-04 13:31:24', '0000-00-00 00:00:00'),
(14, 'Admin_laporan_neraca', '2021-05-04 13:31:24', '0000-00-00 00:00:00'),
(15, 'Admin_ledger', '2021-05-04 13:31:24', '0000-00-00 00:00:00'),
(16, 'Admin_menu', '2021-05-04 13:31:24', '0000-00-00 00:00:00'),
(17, 'Admin_modules', '2021-05-04 13:31:24', '0000-00-00 00:00:00'),
(18, 'Admin_outcome', '2021-05-04 13:31:24', '0000-00-00 00:00:00'),
(19, 'Admin_pelanggan', '2021-05-04 13:31:24', '0000-00-00 00:00:00'),
(20, 'Admin_pemasok', '2021-05-04 13:31:24', '0000-00-00 00:00:00'),
(21, 'Admin_pembayaran_pembelian', '2021-05-04 13:31:24', '0000-00-00 00:00:00'),
(22, 'Admin_pembayaran_penjualan', '2021-05-04 13:31:24', '0000-00-00 00:00:00'),
(23, 'Admin_permissions', '2021-05-04 13:31:24', '0000-00-00 00:00:00'),
(24, 'Admin_permissions_categories', '2021-05-04 13:31:24', '0000-00-00 00:00:00'),
(25, 'Admin_pesanan_pembelian', '2021-05-04 13:31:24', '0000-00-00 00:00:00'),
(26, 'Admin_pesanan_penjualan', '2021-05-04 13:31:24', '0000-00-00 00:00:00'),
(27, 'Admin_produk', '2021-05-04 13:31:24', '0000-00-00 00:00:00'),
(28, 'Admin_produk_kategori', '2021-05-04 13:31:24', '0000-00-00 00:00:00'),
(29, 'Admin_profile', '2021-05-04 13:31:24', '0000-00-00 00:00:00'),
(30, 'Admin_retur_pembelian', '2021-05-04 13:31:24', '0000-00-00 00:00:00'),
(31, 'Admin_retur_penjualan', '2021-05-04 13:31:24', '0000-00-00 00:00:00'),
(32, 'Admin_saldo_stok', '2021-05-04 13:31:24', '0000-00-00 00:00:00'),
(33, 'Admin_site_options', '2021-05-04 13:31:25', '0000-00-00 00:00:00'),
(34, 'Admin_spk', '2021-05-04 13:31:25', '0000-00-00 00:00:00'),
(35, 'Admin_stok_opname', '2021-05-04 13:31:25', '0000-00-00 00:00:00'),
(36, 'Admin_supir', '2021-05-04 13:31:25', '0000-00-00 00:00:00'),
(37, 'Admin_transaction', '2021-05-04 13:31:25', '0000-00-00 00:00:00'),
(38, 'Admin_transaction_setting', '2021-05-04 13:31:25', '0000-00-00 00:00:00'),
(39, 'Admin_transfer', '2021-05-04 13:31:25', '0000-00-00 00:00:00'),
(40, 'Admin_users', '2021-05-04 13:31:25', '0000-00-00 00:00:00'),
(41, 'Admin_widgets', '2021-05-04 13:31:25', '0000-00-00 00:00:00'),
(42, 'Frontend_errors', '2021-05-04 13:31:25', '0000-00-00 00:00:00'),
(43, 'Home', '2021-05-04 13:31:25', '0000-00-00 00:00:00'),
(44, 'Widget', '2021-05-04 13:31:25', '0000-00-00 00:00:00');

-- --------------------------------------------------------

--
-- Table structure for table `products`
--

CREATE TABLE `products` (
  `product_id` int(11) NOT NULL,
  `category_id` int(11) NOT NULL,
  `product_name` varchar(100) NOT NULL,
  `product_buy_price` double(12,0) NOT NULL,
  `product_sell_price` double(12,0) NOT NULL,
  `product_stock` int(11) NOT NULL
) ENGINE=InnoDB DEFAULT CHARSET=utf8mb4;

--
-- Dumping data for table `products`
--

INSERT INTO `products` (`product_id`, `category_id`, `product_name`, `product_buy_price`, `product_sell_price`, `product_stock`) VALUES
(2, 2, 'Eskapator', 12000000, 15000000, 5);

-- --------------------------------------------------------

--
-- Table structure for table `purchase_orders`
--

CREATE TABLE `purchase_orders` (
  `po_no` varchar(20) NOT NULL,
  `po_date` datetime NOT NULL,
  `po_bill` double(12,0) NOT NULL,
  `po_expired_date` datetime NOT NULL,
  `supplier_id` int(11) NOT NULL,
  `is_paid` tinyint(1) NOT NULL DEFAULT 0
) ENGINE=InnoDB DEFAULT CHARSET=utf8mb4;

--
-- Dumping data for table `purchase_orders`
--

INSERT INTO `purchase_orders` (`po_no`, `po_date`, `po_bill`, `po_expired_date`, `supplier_id`, `is_paid`) VALUES
('PRC1618816565', '2021-04-19 00:00:00', 150000, '2021-04-20 00:00:00', 8, 1),
('PRC1619419766', '2021-04-13 00:00:00', 340000, '2021-04-22 00:00:00', 13, 1),
('PRC1619580154', '0000-00-00 00:00:00', 10000, '0000-00-00 00:00:00', 8, 0),
('PRC1619753662', '2021-04-30 00:00:00', 120000, '2021-05-03 00:00:00', 8, 1),
('PRC1620368892', '2021-05-07 00:00:00', 100000, '2021-05-08 00:00:00', 8, 0);

-- --------------------------------------------------------

--
-- Table structure for table `purchase_order_item_details`
--

CREATE TABLE `purchase_order_item_details` (
  `pod_id` int(11) NOT NULL,
  `po_id` varchar(20) NOT NULL,
  `item_id` int(11) NOT NULL,
  `item_buy_price` double(12,0) NOT NULL,
  `item_qty` int(11) NOT NULL,
  `item_total` double(12,0) NOT NULL
) ENGINE=InnoDB DEFAULT CHARSET=utf8mb4;

--
-- Dumping data for table `purchase_order_item_details`
--

INSERT INTO `purchase_order_item_details` (`pod_id`, `po_id`, `item_id`, `item_buy_price`, `item_qty`, `item_total`) VALUES
(1, 'PRC1618816565', 1, 10000, 7, 70000),
(2, 'PRC1618816565', 4, 10000, 8, 80000),
(3, 'PRC1619419766', 1, 10000, 12, 120000),
(4, 'PRC1619419766', 4, 10000, 22, 220000),
(5, 'PRC1619580154', 3, 10000, 1, 10000),
(6, 'PRC1619753662', 1, 10000, 6, 60000),
(7, 'PRC1619753662', 3, 10000, 6, 60000),
(8, 'PRC1620368892', 1, 10000, 5, 50000),
(9, 'PRC1620368892', 3, 10000, 5, 50000);

-- --------------------------------------------------------

--
-- Table structure for table `purchase_order_service_details`
--

CREATE TABLE `purchase_order_service_details` (
  `pos_id` int(11) NOT NULL,
  `po_id` int(11) NOT NULL,
  `service_id` int(11) NOT NULL,
  `pos_price` double(12,0) NOT NULL,
  `pos_unit` varchar(20) NOT NULL,
  `pos_qty` int(11) NOT NULL,
  `pos_duration` int(11) NOT NULL,
  `pos_total` double(12,0) NOT NULL
) ENGINE=InnoDB DEFAULT CHARSET=utf8mb4;

-- --------------------------------------------------------

--
-- Table structure for table `retur_pembelian`
--

CREATE TABLE `retur_pembelian` (
  `rp_id` varchar(20) NOT NULL,
  `rp_date` datetime NOT NULL DEFAULT current_timestamp(),
  `rp_expired_date` datetime NOT NULL,
  `rp_bill` double(12,0) NOT NULL,
  `supplier_id` int(11) NOT NULL
) ENGINE=InnoDB DEFAULT CHARSET=utf8mb4;

-- --------------------------------------------------------

--
-- Table structure for table `retur_penjualan`
--

CREATE TABLE `retur_penjualan` (
  `rp_id` varchar(20) NOT NULL,
  `rp_date` datetime NOT NULL DEFAULT current_timestamp(),
  `rp_expired_date` datetime NOT NULL,
  `rp_bill` double(12,0) NOT NULL,
  `customer_id` int(11) NOT NULL
) ENGINE=InnoDB DEFAULT CHARSET=utf8mb4;

-- --------------------------------------------------------

--
-- Table structure for table `sales_orders`
--

CREATE TABLE `sales_orders` (
  `so_id` varchar(20) NOT NULL,
  `so_date` datetime NOT NULL,
  `so_bill` double(12,0) NOT NULL,
  `so_expired_date` datetime NOT NULL,
  `customer_id` int(11) NOT NULL,
  `is_paid` tinyint(1) NOT NULL DEFAULT 0
) ENGINE=InnoDB DEFAULT CHARSET=utf8mb4;

--
-- Dumping data for table `sales_orders`
--

INSERT INTO `sales_orders` (`so_id`, `so_date`, `so_bill`, `so_expired_date`, `customer_id`, `is_paid`) VALUES
('SLS1618816893', '2021-04-19 00:00:00', 222000, '2021-04-20 00:00:00', 9, 1),
('SLS1618900830', '2021-04-20 00:00:00', 421554, '2021-04-22 00:00:00', 9, 1),
('SLS1620286314', '2021-05-06 00:00:00', 131110, '2021-05-13 00:00:00', 9, 0);

-- --------------------------------------------------------

--
-- Table structure for table `sales_order_item_details`
--

CREATE TABLE `sales_order_item_details` (
  `sod_id` int(11) NOT NULL,
  `so_id` varchar(20) NOT NULL,
  `item_id` int(11) NOT NULL,
  `item_price` double(12,0) NOT NULL,
  `item_qty` int(11) NOT NULL,
  `item_total` double(12,0) NOT NULL
) ENGINE=InnoDB DEFAULT CHARSET=utf8mb4;

--
-- Dumping data for table `sales_order_item_details`
--

INSERT INTO `sales_order_item_details` (`sod_id`, `so_id`, `item_id`, `item_price`, `item_qty`, `item_total`) VALUES
(1, 'SLS1618816893', 1, 12000, 5, 60000),
(2, 'SLS1618816893', 4, 12000, 6, 72000),
(3, 'SLS1618900830', 1, 12000, 6, 72000),
(4, 'SLS1618900830', 3, 12222, 7, 85554),
(5, 'SLS1618900830', 4, 12000, 7, 84000),
(6, 'SLS1620286314', 1, 12000, 5, 60000),
(7, 'SLS1620286314', 3, 12222, 5, 61110);

-- --------------------------------------------------------

--
-- Table structure for table `sales_order_service_details`
--

CREATE TABLE `sales_order_service_details` (
  `sos_id` int(11) NOT NULL,
  `so_id` varchar(20) NOT NULL,
  `service_id` int(11) NOT NULL,
  `sos_price` double(12,0) NOT NULL,
  `sos_unit` varchar(20) NOT NULL,
  `sos_qty` int(11) NOT NULL,
  `sos_duration` int(11) NOT NULL,
  `sos_total` double(12,0) NOT NULL
) ENGINE=InnoDB DEFAULT CHARSET=utf8mb4;

--
-- Dumping data for table `sales_order_service_details`
--

INSERT INTO `sales_order_service_details` (`sos_id`, `so_id`, `service_id`, `sos_price`, `sos_unit`, `sos_qty`, `sos_duration`, `sos_total`) VALUES
(1, 'SLS1618816893', 2, 10000, 'Jam', 3, 3, 90000),
(2, 'SLS1618900830', 2, 10000, 'Jam', 3, 6, 180000),
(3, 'SLS1620286314', 2, 10000, 'Jam', 1, 1, 10000);

-- --------------------------------------------------------

--
-- Table structure for table `services`
--

CREATE TABLE `services` (
  `service_id` int(11) NOT NULL,
  `service_name` varchar(100) NOT NULL,
  `service_price` double(12,0) NOT NULL,
  `service_unit` varchar(100) NOT NULL,
  `service_duration` int(11) NOT NULL
) ENGINE=InnoDB DEFAULT CHARSET=utf8mb4;

--
-- Dumping data for table `services`
--

INSERT INTO `services` (`service_id`, `service_name`, `service_price`, `service_unit`, `service_duration`) VALUES
(2, 'Sewa Eko', 10000, 'Jam', 1);

-- --------------------------------------------------------

--
-- Table structure for table `site_options`
--

CREATE TABLE `site_options` (
  `id` int(11) NOT NULL,
  `option_key` varchar(20) NOT NULL,
  `option_value` longtext CHARACTER SET utf8mb4 COLLATE utf8mb4_bin NOT NULL CHECK (json_valid(`option_value`))
) ENGINE=InnoDB DEFAULT CHARSET=utf8mb4;

--
-- Dumping data for table `site_options`
--

INSERT INTO `site_options` (`id`, `option_key`, `option_value`) VALUES
(1, 'site_info', '{\"name\":\"\",\"address\":\"\",\"phone\":\"\",\"email\":\"\",\"logo\":\"\"}'),
(2, 'smtp', '{\"host\":\"smtp.gmail.com\",\"username\":\"\",\"password\":\"\",\"security\":\"tls\",\"port\":\"587\",\"format\":\"html\",\"from_email\":\"\",\"from_name\":\"\",\"reply_to\":\"\",\"reply_to_name\":\"\"}');

-- --------------------------------------------------------

--
-- Table structure for table `spk`
--

CREATE TABLE `spk` (
  `spk_id` varchar(20) NOT NULL,
  `so_id` varchar(20) NOT NULL,
  `spk_date` date NOT NULL DEFAULT current_timestamp(),
  `user_id` int(11) NOT NULL
) ENGINE=InnoDB DEFAULT CHARSET=utf8mb4;

--
-- Dumping data for table `spk`
--

INSERT INTO `spk` (`spk_id`, `so_id`, `spk_date`, `user_id`) VALUES
('SPK-1620187792-2021', 'SLS1618816893', '2021-05-05', 14);

-- --------------------------------------------------------

--
-- Table structure for table `stock_opname`
--

CREATE TABLE `stock_opname` (
  `so_id` varchar(20) NOT NULL,
  `so_date` date NOT NULL,
  `so_desc` text NOT NULL
) ENGINE=InnoDB DEFAULT CHARSET=utf8mb4;

--
-- Dumping data for table `stock_opname`
--

INSERT INTO `stock_opname` (`so_id`, `so_date`, `so_desc`) VALUES
('OPN1618386523', '2021-04-14', 'opname tanggal sekian sampai sekian'),
('OPN1618461550', '2021-04-16', 'eko hiyaah'),
('OPN1618461586', '2021-04-16', 'Opname Minggu 1'),
('OPN1618461954', '2021-04-15', 'Update Minggu 2');

-- --------------------------------------------------------

--
-- Table structure for table `stock_opname_detail`
--

CREATE TABLE `stock_opname_detail` (
  `sod_id` int(11) NOT NULL,
  `so_id` varchar(20) NOT NULL,
  `item_id` int(11) NOT NULL,
  `sod_system_stock` int(11) NOT NULL,
  `sod_physical_stock` int(11) NOT NULL,
  `sod_difference` int(11) NOT NULL
) ENGINE=InnoDB DEFAULT CHARSET=utf8mb4;

--
-- Dumping data for table `stock_opname_detail`
--

INSERT INTO `stock_opname_detail` (`sod_id`, `so_id`, `item_id`, `sod_system_stock`, `sod_physical_stock`, `sod_difference`) VALUES
(5, 'OPN1618386523', 1, 10, 4, -6),
(6, 'OPN1618386523', 4, 11, 15, 4),
(7, 'OPN1618391067', 1, 10, 9, -1),
(8, 'OPN1618461550', 1, 10, 14, 4),
(9, 'OPN1618461550', 3, 12, 12, 0),
(10, 'OPN1618461586', 1, 10, 20, 10),
(11, 'OPN1618461586', 3, 12, 22, 10),
(12, 'OPN1618461586', 4, 11, 21, 10),
(13, 'OPN1618461954', 1, 10, 4, -6),
(14, 'OPN1618461954', 3, 12, 7, -5);

-- --------------------------------------------------------

--
-- Table structure for table `transactions`
--

CREATE TABLE `transactions` (
  `transaction_id` varchar(20) NOT NULL,
  `transaction_date` datetime NOT NULL,
  `transaction_description` varchar(255) NOT NULL,
  `transaction_amount` double(12,0) NOT NULL,
  `user_id` int(11) NOT NULL,
  `transaction_db` varchar(20) NOT NULL,
  `transaction_cr` varchar(20) NOT NULL,
  `transaction_type` int(11) NOT NULL,
  `transaction_date_created` timestamp NOT NULL DEFAULT current_timestamp(),
  `transaction_memo` text DEFAULT NULL
) ENGINE=InnoDB DEFAULT CHARSET=utf8mb4;

--
-- Dumping data for table `transactions`
--

INSERT INTO `transactions` (`transaction_id`, `transaction_date`, `transaction_description`, `transaction_amount`, `user_id`, `transaction_db`, `transaction_cr`, `transaction_type`, `transaction_date_created`, `transaction_memo`) VALUES
('1', '2021-04-27 00:00:00', '', 20000, 1, '1-3.1', '1-1', 6, '2021-04-27 03:04:04', NULL),
('2', '2021-04-30 00:00:00', '', 50000, 1, '2-1.1', '1-2.1', 7, '2021-04-30 03:36:46', NULL),
('3', '2021-05-06 00:00:00', '', 1000000, 1, '1-3.1', '1-1', 6, '2021-05-06 07:14:21', NULL),
('4', '2021-05-06 00:00:00', '', 1000000, 1, '1-2.2', '1-2.1', 8, '2021-05-06 07:25:38', NULL),
('TRF16203569317', '2021-05-07 00:00:00', '', 50000, 1, '1-2.1', '2-1.1', 7, '2021-05-07 03:08:51', NULL),
('TRF16203569617', '2021-05-07 00:00:00', '', 50000, 1, '1-2.1', '2-1.1', 7, '2021-05-07 03:09:21', NULL),
('TRF16203702176', '2021-05-07 00:00:00', '', 1000000, 1, '1-1', '1-3.1', 6, '2021-05-07 06:50:17', NULL),
('TRF16203703746', '2021-05-07 00:00:00', '', 1500000, 1, '1-1', '1-3.1', 6, '2021-05-07 06:52:54', NULL);

-- --------------------------------------------------------

--
-- Table structure for table `transaction_setting`
--

CREATE TABLE `transaction_setting` (
  `ts_id` int(11) NOT NULL,
  `ts_name` varchar(100) NOT NULL,
  `ts_from` char(20) NOT NULL,
  `ts_to` char(20) NOT NULL
) ENGINE=InnoDB DEFAULT CHARSET=utf8mb4;

--
-- Dumping data for table `transaction_setting`
--

INSERT INTO `transaction_setting` (`ts_id`, `ts_name`, `ts_from`, `ts_to`) VALUES
(6, 'Pendapatan', 'F16184747815', 'T16184747812'),
(7, 'Pengeluaran', 'F16184748016', 'T16184748019'),
(8, 'Transfer', 'F16184748612', 'T16184748611'),
(9, 'Hutang', 'F16184748924', 'T16184748923'),
(10, 'Piutang', 'F16184749088', 'T16184749086');

-- --------------------------------------------------------

--
-- Table structure for table `transaction_setting_detail`
--

CREATE TABLE `transaction_setting_detail` (
  `tsd_id` int(11) NOT NULL,
  `tsd_acc_id` char(12) NOT NULL,
  `tsd_parent_id` char(20) NOT NULL
) ENGINE=InnoDB DEFAULT CHARSET=utf8mb4;

--
-- Dumping data for table `transaction_setting_detail`
--

INSERT INTO `transaction_setting_detail` (`tsd_id`, `tsd_acc_id`, `tsd_parent_id`) VALUES
(7, '11', 'F16150097729'),
(8, '111', 'F16150097729'),
(9, '111', 'T16150097726'),
(10, '113', 'T16150097726'),
(17, '11', 'F16150025815'),
(18, '111', 'F16150025815'),
(19, '12', 'F16150025815'),
(20, '111', 'T16150025811'),
(21, '112', 'T16150025811'),
(22, '113', 'T16150025811'),
(23, '11', 'F16152634478'),
(24, '111', 'F16152634478'),
(25, '111', 'T16152634471'),
(26, '113', 'T16152634471'),
(31, '11', 'F16150043772'),
(32, '111', 'F16150043772'),
(33, '113', 'F16150043772'),
(34, '113', 'T16150043775'),
(35, '21', 'T16150043775'),
(36, '1-3.1', 'F16184747815'),
(37, '1-1', 'T16184747812'),
(40, '1-2.2', 'F16184748612'),
(41, '1-2.1', 'T16184748611'),
(42, '2-1.1', 'F16184748924'),
(43, '1-1', 'T16184748923'),
(44, '1-3.1', 'F16184749088'),
(45, '1-1', 'T16184749086'),
(56, '2-1.1', 'F16184748016'),
(57, '4-1', 'F16184748016'),
(58, '4-2', 'F16184748016'),
(59, '4-2.1', 'F16184748016'),
(60, '1-1', 'T16184748019'),
(61, '1-2', 'T16184748019'),
(62, '1-2.1', 'T16184748019'),
(63, '1-2.2', 'T16184748019');

-- --------------------------------------------------------

--
-- Table structure for table `users`
--

CREATE TABLE `users` (
  `id` int(11) UNSIGNED NOT NULL,
  `ip_address` varchar(45) NOT NULL,
  `username` varchar(100) DEFAULT NULL,
  `password` varchar(255) NOT NULL,
  `email` varchar(254) NOT NULL,
  `activation_selector` varchar(255) DEFAULT NULL,
  `activation_code` varchar(255) DEFAULT NULL,
  `forgotten_password_selector` varchar(255) DEFAULT NULL,
  `forgotten_password_code` varchar(255) DEFAULT NULL,
  `forgotten_password_time` int(11) UNSIGNED DEFAULT NULL,
  `remember_selector` varchar(255) DEFAULT NULL,
  `remember_code` varchar(255) DEFAULT NULL,
  `created_on` int(11) UNSIGNED NOT NULL,
  `last_login` int(11) UNSIGNED DEFAULT NULL,
  `active` tinyint(1) UNSIGNED DEFAULT NULL,
  `first_name` varchar(50) DEFAULT NULL,
  `last_name` varchar(50) DEFAULT NULL,
  `company` varchar(100) DEFAULT NULL,
  `phone` varchar(20) DEFAULT NULL,
  `avatar` varchar(255) DEFAULT NULL,
  `address` varchar(100) DEFAULT NULL
) ENGINE=InnoDB DEFAULT CHARSET=utf8 ROW_FORMAT=DYNAMIC;

--
-- Dumping data for table `users`
--

INSERT INTO `users` (`id`, `ip_address`, `username`, `password`, `email`, `activation_selector`, `activation_code`, `forgotten_password_selector`, `forgotten_password_code`, `forgotten_password_time`, `remember_selector`, `remember_code`, `created_on`, `last_login`, `active`, `first_name`, `last_name`, `company`, `phone`, `avatar`, `address`) VALUES
(1, '127.0.0.1', 'administrator', '$2y$12$Afvj9mpkSJz7tacYp4AOSOG1hF5iGOBrxNlq/V.9KgsIMGMfd/kzm', 'admin@admin.com', NULL, '', NULL, NULL, NULL, NULL, NULL, 1268889823, 1621582437, 1, 'Admin', 'istrator', 'ADMIN', '0', 'avatar13.png', NULL),
(2, '::1', 'member', '$2y$10$80aZ4rlPNVxHAMjVJszXR.7S.c37eKS9zAGdpwvYmKNqnpf8V2Qx2', 'member@email.com', NULL, NULL, NULL, NULL, NULL, NULL, NULL, 1603150930, NULL, 1, 'member', 'Member', '', '', NULL, NULL),
(8, '', NULL, '', 'asdfadsf@gmail.com', NULL, NULL, NULL, NULL, NULL, NULL, NULL, 0, NULL, NULL, 'Supriyadi', 'Putro', NULL, '0812384676123', NULL, 'Jln Way Pengubuan No 41 Enggal'),
(9, '', NULL, '', 'aads@gmail.com', NULL, NULL, NULL, NULL, NULL, NULL, NULL, 0, NULL, NULL, 'Danang', 'Kipas', NULL, '0837627163', NULL, 'Jln Kenangan no 43, Sukabumi'),
(13, '', NULL, '', 'ekomantap@gmail.com', NULL, NULL, NULL, NULL, NULL, NULL, NULL, 0, NULL, NULL, 'Eko', 'Mantap', NULL, '0886756727', NULL, 'margodadi'),
(14, '', NULL, '', 'rijal@gmail.com', NULL, NULL, NULL, NULL, NULL, NULL, NULL, 0, NULL, NULL, 'Rijal', 'Supir', NULL, '072289263', NULL, 'sukarame binttara 2');

-- --------------------------------------------------------

--
-- Table structure for table `users_groups`
--

CREATE TABLE `users_groups` (
  `id` int(11) UNSIGNED NOT NULL,
  `user_id` int(11) UNSIGNED NOT NULL,
  `group_id` mediumint(8) UNSIGNED NOT NULL
) ENGINE=InnoDB DEFAULT CHARSET=utf8 ROW_FORMAT=DYNAMIC;

--
-- Dumping data for table `users_groups`
--

INSERT INTO `users_groups` (`id`, `user_id`, `group_id`) VALUES
(1, 1, 1),
(3, 2, 2),
(6, 8, 6),
(7, 9, 5),
(12, 13, 6),
(13, 14, 7);

-- --------------------------------------------------------

--
-- Table structure for table `users_permissions`
--

CREATE TABLE `users_permissions` (
  `id` int(11) NOT NULL,
  `user_id` int(11) NOT NULL,
  `perm_id` int(11) NOT NULL,
  `value` tinyint(1) NOT NULL DEFAULT 0,
  `created_at` int(11) NOT NULL,
  `updated_at` int(11) NOT NULL
) ENGINE=InnoDB DEFAULT CHARSET=latin1;

-- --------------------------------------------------------

--
-- Table structure for table `widgets`
--

CREATE TABLE `widgets` (
  `id` int(11) NOT NULL,
  `name` varchar(100) NOT NULL
) ENGINE=InnoDB DEFAULT CHARSET=utf8mb4;

--
-- Dumping data for table `widgets`
--

INSERT INTO `widgets` (`id`, `name`) VALUES
(1, 'admin'),
(2, 'member');

--
-- Indexes for dumped tables
--

--
-- Indexes for table `accounts`
--
ALTER TABLE `accounts`
  ADD PRIMARY KEY (`account_number`),
  ADD KEY `parent_number` (`parent_number`),
  ADD KEY `group_number` (`group_number`);

--
-- Indexes for table `categories`
--
ALTER TABLE `categories`
  ADD PRIMARY KEY (`category_id`);

--
-- Indexes for table `groups`
--
ALTER TABLE `groups`
  ADD PRIMARY KEY (`id`) USING BTREE;

--
-- Indexes for table `groups_permissions`
--
ALTER TABLE `groups_permissions`
  ADD PRIMARY KEY (`id`),
  ADD UNIQUE KEY `roleID_2` (`group_id`,`perm_id`);

--
-- Indexes for table `group_menu`
--
ALTER TABLE `group_menu`
  ADD PRIMARY KEY (`id`);

--
-- Indexes for table `group_widget`
--
ALTER TABLE `group_widget`
  ADD PRIMARY KEY (`id`);

--
-- Indexes for table `items`
--
ALTER TABLE `items`
  ADD PRIMARY KEY (`item_id`),
  ADD KEY `supplier_id` (`supplier_id`);

--
-- Indexes for table `journals`
--
ALTER TABLE `journals`
  ADD PRIMARY KEY (`journal_id`),
  ADD KEY `journal_ref_pk` (`journal_ref_pk`);

--
-- Indexes for table `ledgers`
--
ALTER TABLE `ledgers`
  ADD PRIMARY KEY (`ledger_id`),
  ADD KEY `journal_id` (`journal_id`),
  ADD KEY `account_number` (`account_number`);

--
-- Indexes for table `login_attempts`
--
ALTER TABLE `login_attempts`
  ADD PRIMARY KEY (`id`) USING BTREE;

--
-- Indexes for table `menu`
--
ALTER TABLE `menu`
  ADD PRIMARY KEY (`id`);

--
-- Indexes for table `payment`
--
ALTER TABLE `payment`
  ADD PRIMARY KEY (`payment_id`),
  ADD KEY `order_number` (`order_number`),
  ADD KEY `account_number` (`account_number`);

--
-- Indexes for table `permissions`
--
ALTER TABLE `permissions`
  ADD PRIMARY KEY (`id`),
  ADD UNIQUE KEY `permKey` (`perm_key`);

--
-- Indexes for table `permissions_categories`
--
ALTER TABLE `permissions_categories`
  ADD PRIMARY KEY (`id`),
  ADD UNIQUE KEY `cat_name` (`cat_name`);

--
-- Indexes for table `products`
--
ALTER TABLE `products`
  ADD PRIMARY KEY (`product_id`),
  ADD KEY `category_id` (`category_id`);

--
-- Indexes for table `purchase_orders`
--
ALTER TABLE `purchase_orders`
  ADD PRIMARY KEY (`po_no`) USING BTREE,
  ADD KEY `supplier_id` (`supplier_id`);

--
-- Indexes for table `purchase_order_item_details`
--
ALTER TABLE `purchase_order_item_details`
  ADD PRIMARY KEY (`pod_id`),
  ADD KEY `item_id` (`item_id`),
  ADD KEY `po_id` (`po_id`);

--
-- Indexes for table `purchase_order_service_details`
--
ALTER TABLE `purchase_order_service_details`
  ADD PRIMARY KEY (`pos_id`),
  ADD KEY `service_id` (`service_id`),
  ADD KEY `po_id` (`po_id`);

--
-- Indexes for table `retur_pembelian`
--
ALTER TABLE `retur_pembelian`
  ADD PRIMARY KEY (`rp_id`),
  ADD KEY `supplier_id` (`supplier_id`);

--
-- Indexes for table `retur_penjualan`
--
ALTER TABLE `retur_penjualan`
  ADD PRIMARY KEY (`rp_id`),
  ADD KEY `customer_id` (`customer_id`);

--
-- Indexes for table `sales_orders`
--
ALTER TABLE `sales_orders`
  ADD PRIMARY KEY (`so_id`),
  ADD KEY `customer_id` (`customer_id`);

--
-- Indexes for table `sales_order_item_details`
--
ALTER TABLE `sales_order_item_details`
  ADD PRIMARY KEY (`sod_id`),
  ADD KEY `so_id` (`so_id`),
  ADD KEY `item_id` (`item_id`);

--
-- Indexes for table `sales_order_service_details`
--
ALTER TABLE `sales_order_service_details`
  ADD PRIMARY KEY (`sos_id`),
  ADD KEY `po_id` (`so_id`),
  ADD KEY `service_id` (`service_id`);

--
-- Indexes for table `services`
--
ALTER TABLE `services`
  ADD PRIMARY KEY (`service_id`);

--
-- Indexes for table `site_options`
--
ALTER TABLE `site_options`
  ADD PRIMARY KEY (`id`),
  ADD UNIQUE KEY `option_key` (`option_key`);

--
-- Indexes for table `spk`
--
ALTER TABLE `spk`
  ADD PRIMARY KEY (`spk_id`),
  ADD KEY `so_id` (`so_id`),
  ADD KEY `user_id` (`user_id`);

--
-- Indexes for table `stock_opname`
--
ALTER TABLE `stock_opname`
  ADD PRIMARY KEY (`so_id`);

--
-- Indexes for table `stock_opname_detail`
--
ALTER TABLE `stock_opname_detail`
  ADD PRIMARY KEY (`sod_id`),
  ADD KEY `so_id` (`so_id`);

--
-- Indexes for table `transactions`
--
ALTER TABLE `transactions`
  ADD PRIMARY KEY (`transaction_id`),
  ADD KEY `user_id` (`user_id`),
  ADD KEY `transaction_type` (`transaction_type`);

--
-- Indexes for table `transaction_setting`
--
ALTER TABLE `transaction_setting`
  ADD PRIMARY KEY (`ts_id`),
  ADD KEY `ts_from` (`ts_from`),
  ADD KEY `ts_to` (`ts_to`);

--
-- Indexes for table `transaction_setting_detail`
--
ALTER TABLE `transaction_setting_detail`
  ADD PRIMARY KEY (`tsd_id`),
  ADD KEY `tsd_parent_id` (`tsd_parent_id`);

--
-- Indexes for table `users`
--
ALTER TABLE `users`
  ADD PRIMARY KEY (`id`) USING BTREE,
  ADD UNIQUE KEY `uc_email` (`email`) USING BTREE,
  ADD UNIQUE KEY `uc_activation_selector` (`activation_selector`) USING BTREE,
  ADD UNIQUE KEY `uc_forgotten_password_selector` (`forgotten_password_selector`) USING BTREE,
  ADD UNIQUE KEY `uc_remember_selector` (`remember_selector`) USING BTREE;

--
-- Indexes for table `users_groups`
--
ALTER TABLE `users_groups`
  ADD PRIMARY KEY (`id`) USING BTREE,
  ADD UNIQUE KEY `uc_users_groups` (`user_id`,`group_id`) USING BTREE,
  ADD KEY `fk_users_groups_users1_idx` (`user_id`) USING BTREE,
  ADD KEY `fk_users_groups_groups1_idx` (`group_id`) USING BTREE;

--
-- Indexes for table `users_permissions`
--
ALTER TABLE `users_permissions`
  ADD PRIMARY KEY (`id`),
  ADD UNIQUE KEY `userID` (`user_id`,`perm_id`);

--
-- Indexes for table `widgets`
--
ALTER TABLE `widgets`
  ADD PRIMARY KEY (`id`);

--
-- AUTO_INCREMENT for dumped tables
--

--
-- AUTO_INCREMENT for table `categories`
--
ALTER TABLE `categories`
  MODIFY `category_id` int(11) NOT NULL AUTO_INCREMENT, AUTO_INCREMENT=5;

--
-- AUTO_INCREMENT for table `groups`
--
ALTER TABLE `groups`
  MODIFY `id` mediumint(8) UNSIGNED NOT NULL AUTO_INCREMENT, AUTO_INCREMENT=8;

--
-- AUTO_INCREMENT for table `groups_permissions`
--
ALTER TABLE `groups_permissions`
  MODIFY `id` int(11) NOT NULL AUTO_INCREMENT, AUTO_INCREMENT=806;

--
-- AUTO_INCREMENT for table `group_menu`
--
ALTER TABLE `group_menu`
  MODIFY `id` int(11) NOT NULL AUTO_INCREMENT, AUTO_INCREMENT=180;

--
-- AUTO_INCREMENT for table `group_widget`
--
ALTER TABLE `group_widget`
  MODIFY `id` int(11) NOT NULL AUTO_INCREMENT, AUTO_INCREMENT=3;

--
-- AUTO_INCREMENT for table `items`
--
ALTER TABLE `items`
  MODIFY `item_id` int(11) NOT NULL AUTO_INCREMENT, AUTO_INCREMENT=5;

--
-- AUTO_INCREMENT for table `journals`
--
ALTER TABLE `journals`
  MODIFY `journal_id` int(11) NOT NULL AUTO_INCREMENT, AUTO_INCREMENT=20;

--
-- AUTO_INCREMENT for table `ledgers`
--
ALTER TABLE `ledgers`
  MODIFY `ledger_id` int(11) NOT NULL AUTO_INCREMENT, AUTO_INCREMENT=55;

--
-- AUTO_INCREMENT for table `login_attempts`
--
ALTER TABLE `login_attempts`
  MODIFY `id` int(11) UNSIGNED NOT NULL AUTO_INCREMENT, AUTO_INCREMENT=24;

--
-- AUTO_INCREMENT for table `menu`
--
ALTER TABLE `menu`
  MODIFY `id` int(11) NOT NULL AUTO_INCREMENT, AUTO_INCREMENT=64;

--
-- AUTO_INCREMENT for table `payment`
--
ALTER TABLE `payment`
  MODIFY `payment_id` int(11) NOT NULL AUTO_INCREMENT, AUTO_INCREMENT=35;

--
-- AUTO_INCREMENT for table `permissions`
--
ALTER TABLE `permissions`
  MODIFY `id` int(11) NOT NULL AUTO_INCREMENT, AUTO_INCREMENT=162;

--
-- AUTO_INCREMENT for table `permissions_categories`
--
ALTER TABLE `permissions_categories`
  MODIFY `id` int(11) NOT NULL AUTO_INCREMENT, AUTO_INCREMENT=45;

--
-- AUTO_INCREMENT for table `products`
--
ALTER TABLE `products`
  MODIFY `product_id` int(11) NOT NULL AUTO_INCREMENT, AUTO_INCREMENT=3;

--
-- AUTO_INCREMENT for table `purchase_order_item_details`
--
ALTER TABLE `purchase_order_item_details`
  MODIFY `pod_id` int(11) NOT NULL AUTO_INCREMENT, AUTO_INCREMENT=10;

--
-- AUTO_INCREMENT for table `purchase_order_service_details`
--
ALTER TABLE `purchase_order_service_details`
  MODIFY `pos_id` int(11) NOT NULL AUTO_INCREMENT;

--
-- AUTO_INCREMENT for table `sales_order_item_details`
--
ALTER TABLE `sales_order_item_details`
  MODIFY `sod_id` int(11) NOT NULL AUTO_INCREMENT, AUTO_INCREMENT=8;

--
-- AUTO_INCREMENT for table `sales_order_service_details`
--
ALTER TABLE `sales_order_service_details`
  MODIFY `sos_id` int(11) NOT NULL AUTO_INCREMENT, AUTO_INCREMENT=4;

--
-- AUTO_INCREMENT for table `services`
--
ALTER TABLE `services`
  MODIFY `service_id` int(11) NOT NULL AUTO_INCREMENT, AUTO_INCREMENT=3;

--
-- AUTO_INCREMENT for table `site_options`
--
ALTER TABLE `site_options`
  MODIFY `id` int(11) NOT NULL AUTO_INCREMENT, AUTO_INCREMENT=3;

--
-- AUTO_INCREMENT for table `stock_opname_detail`
--
ALTER TABLE `stock_opname_detail`
  MODIFY `sod_id` int(11) NOT NULL AUTO_INCREMENT, AUTO_INCREMENT=15;

--
-- AUTO_INCREMENT for table `transaction_setting`
--
ALTER TABLE `transaction_setting`
  MODIFY `ts_id` int(11) NOT NULL AUTO_INCREMENT, AUTO_INCREMENT=11;

--
-- AUTO_INCREMENT for table `transaction_setting_detail`
--
ALTER TABLE `transaction_setting_detail`
  MODIFY `tsd_id` int(11) NOT NULL AUTO_INCREMENT, AUTO_INCREMENT=64;

--
-- AUTO_INCREMENT for table `users`
--
ALTER TABLE `users`
  MODIFY `id` int(11) UNSIGNED NOT NULL AUTO_INCREMENT, AUTO_INCREMENT=15;

--
-- AUTO_INCREMENT for table `users_groups`
--
ALTER TABLE `users_groups`
  MODIFY `id` int(11) UNSIGNED NOT NULL AUTO_INCREMENT, AUTO_INCREMENT=14;

--
-- AUTO_INCREMENT for table `users_permissions`
--
ALTER TABLE `users_permissions`
  MODIFY `id` int(11) NOT NULL AUTO_INCREMENT;

--
-- AUTO_INCREMENT for table `widgets`
--
ALTER TABLE `widgets`
  MODIFY `id` int(11) NOT NULL AUTO_INCREMENT, AUTO_INCREMENT=3;

--
-- Constraints for dumped tables
--

--
-- Constraints for table `users_groups`
--
ALTER TABLE `users_groups`
  ADD CONSTRAINT `fk_users_groups_groups1` FOREIGN KEY (`group_id`) REFERENCES `groups` (`id`) ON DELETE CASCADE ON UPDATE NO ACTION,
  ADD CONSTRAINT `fk_users_groups_users1` FOREIGN KEY (`user_id`) REFERENCES `users` (`id`) ON DELETE CASCADE ON UPDATE NO ACTION;
COMMIT;

/*!40101 SET CHARACTER_SET_CLIENT=@OLD_CHARACTER_SET_CLIENT */;
/*!40101 SET CHARACTER_SET_RESULTS=@OLD_CHARACTER_SET_RESULTS */;
/*!40101 SET COLLATION_CONNECTION=@OLD_COLLATION_CONNECTION */;
