-- --------------------------------------------------------
-- Host:                         127.0.0.1
-- Server version:               10.3.22-MariaDB-0ubuntu0.19.10.1 - Ubuntu 19.10
-- Server OS:                    debian-linux-gnu
-- HeidiSQL Version:             10.3.0.5771
-- --------------------------------------------------------

/*!40101 SET @OLD_CHARACTER_SET_CLIENT=@@CHARACTER_SET_CLIENT */;
/*!40101 SET NAMES utf8 */;
/*!50503 SET NAMES utf8 */;
/*!40014 SET @OLD_FOREIGN_KEY_CHECKS=@@FOREIGN_KEY_CHECKS, FOREIGN_KEY_CHECKS=0 */;
/*!40101 SET @OLD_SQL_MODE=@@SQL_MODE, SQL_MODE='NO_AUTO_VALUE_ON_ZERO' */;

-- Dumping structure for table simbok_marketplace.img_produk
DROP TABLE IF EXISTS `img_produk`;
CREATE TABLE IF NOT EXISTS `img_produk` (
  `id` varchar(255) NOT NULL,
  `produk_id` varchar(255) DEFAULT NULL,
  `img` varchar(255) DEFAULT NULL,
  `ins_number` int(11) DEFAULT NULL,
  PRIMARY KEY (`id`)
) ENGINE=InnoDB DEFAULT CHARSET=utf8;

-- Dumping data for table simbok_marketplace.img_produk: ~0 rows (approximately)
DELETE FROM `img_produk`;
/*!40000 ALTER TABLE `img_produk` DISABLE KEYS */;
/*!40000 ALTER TABLE `img_produk` ENABLE KEYS */;

-- Dumping structure for table simbok_marketplace.kecamatan
DROP TABLE IF EXISTS `kecamatan`;
CREATE TABLE IF NOT EXISTS `kecamatan` (
  `id` varchar(10) NOT NULL,
  `kecamatan` varchar(50) DEFAULT NULL,
  `lat` varchar(50) DEFAULT NULL,
  `lng` varchar(50) DEFAULT NULL,
  `created` timestamp NOT NULL DEFAULT current_timestamp(),
  `created_by` varchar(50) NOT NULL DEFAULT 'System',
  `updated` timestamp NULL DEFAULT NULL ON UPDATE current_timestamp(),
  `updated_by` varchar(50) DEFAULT NULL,
  `is_active` tinyint(1) NOT NULL DEFAULT 1,
  `is_deleted` tinyint(1) NOT NULL DEFAULT 0,
  PRIMARY KEY (`id`)
) ENGINE=InnoDB DEFAULT CHARSET=latin1;

-- Dumping data for table simbok_marketplace.kecamatan: ~26 rows (approximately)
DELETE FROM `kecamatan`;
/*!40000 ALTER TABLE `kecamatan` DISABLE KEYS */;
INSERT INTO `kecamatan` (`id`, `kecamatan`, `lat`, `lng`, `created`, `created_by`, `updated`, `updated_by`, `is_active`, `is_deleted`) VALUES
	('010', 'AYAH', '-7.7073199', '109.3493649', '2019-02-07 05:49:15', 'System', '2019-04-01 11:19:15', 'Super Administrator', 1, 0),
	('020', 'BUAYAN', '-7.6829503', '109.3968238', '2019-02-07 05:49:15', 'System', '2019-04-01 11:22:47', NULL, 1, 0),
	('030', 'PURING', '-7.7288645', '109.4860527', '2019-02-07 05:49:15', 'System', '2019-04-01 11:23:06', NULL, 1, 0),
	('040', 'PETANAHAN', '-7.7334876', '109.5578573', '2019-02-07 05:49:15', 'System', '2019-04-01 11:23:28', NULL, 1, 0),
	('050', 'KLIRONG', '-7.7366363', '109.5611974', '2019-02-07 05:49:15', 'System', '2019-04-01 11:24:17', NULL, 1, 0),
	('060', 'BULUSPESANTREN', '-7.7507281', '109.6472502', '2019-02-07 05:49:15', 'System', '2019-04-01 11:24:35', NULL, 1, 0),
	('070', 'AMBAL', '-7.7654471', '109.6977118', '2019-02-07 05:49:15', 'System', '2019-04-01 11:24:51', NULL, 1, 0),
	('080', 'MIRIT', '-7.7744052', '109.7255103', '2019-02-07 05:49:15', 'System', '2019-04-01 11:25:08', NULL, 1, 0),
	('081', 'BONOROWO', '-7.7615895', '109.7784262', '2019-02-07 05:49:15', 'System', '2019-04-01 11:25:40', NULL, 1, 0),
	('090', 'PREMBUN', '-7.6997366', '109.7653447', '2019-02-07 05:49:15', 'System', '2019-04-01 11:25:53', NULL, 1, 0),
	('091', 'PADURESO', '-7.633832', '109.7531382', '2019-02-07 05:49:15', 'System', '2019-04-01 11:25:58', NULL, 1, 0),
	('100', 'KUTOWINANGUN', '-7.7006095', '109.7123753', '2019-02-07 05:49:15', 'System', '2019-04-01 11:26:15', NULL, 1, 0),
	('110', 'ALIAN', '-7.6321185', '109.6747153', '2019-02-07 05:49:15', 'System', '2019-04-01 11:26:44', NULL, 1, 0),
	('111', 'PONCOWARNO', '-7.6558927', '109.7149602', '2019-02-07 05:49:15', 'System', '2019-04-01 11:26:50', NULL, 1, 0),
	('120', 'KEBUMEN', '-7.6825786', '109.6456957', '2019-02-07 05:49:15', 'System', '2019-04-01 11:27:15', NULL, 1, 0),
	('130', 'PEJAGOAN', '-7.6394169', '109.5712279', '2019-02-07 05:49:15', 'System', '2019-04-01 11:27:19', NULL, 1, 0),
	('140', 'SRUWENG', '-7.6435644', '109.5376588', '2019-02-07 05:49:15', 'System', '2019-04-01 11:27:38', NULL, 1, 0),
	('150', 'ADIMULYO', '-7.6694161', '109.5228152', '2019-02-07 05:49:15', 'System', '2019-04-01 11:27:58', NULL, 1, 0),
	('160', 'KUWARASAN', '-7.6663686', '109.4814402', '2019-02-07 05:49:15', 'System', '2019-04-01 11:28:23', NULL, 1, 0),
	('170', 'ROWOKELE', '7.6048004', '109.3758889', '2019-02-07 05:49:15', 'System', '2019-04-01 11:28:28', NULL, 1, 0),
	('180', 'SEMPOR', '-7.5604484', '109.4400113', '2019-02-07 05:49:15', 'System', '2019-04-01 11:28:52', NULL, 1, 0),
	('190', 'GOMBONG', '-7.6082297', '109.5013498', '2019-02-07 05:49:15', 'System', '2019-04-01 11:29:00', NULL, 1, 0),
	('200', 'KARANGANYAR', '-7.6052836', '109.5378852', '2019-02-07 05:49:15', 'System', '2019-04-01 11:29:19', NULL, 1, 0),
	('210', 'KARANGGAYAM', '7.548563', '109.5470738', '2019-02-07 05:49:15', 'System', '2019-04-01 11:29:45', NULL, 1, 0),
	('220', 'SADANG', '7.5008147', '109.6903903', '2019-02-07 05:49:15', 'System', '2019-04-01 11:29:51', NULL, 1, 0),
	('221', 'KARANGSAMBUNG', '-7.5627214,', '109.6362137', '2019-02-07 05:49:15', 'System', '2019-04-01 11:30:06', NULL, 1, 0);
/*!40000 ALTER TABLE `kecamatan` ENABLE KEYS */;

-- Dumping structure for table simbok_marketplace.kelurahan
DROP TABLE IF EXISTS `kelurahan`;
CREATE TABLE IF NOT EXISTS `kelurahan` (
  `id` varchar(10) NOT NULL,
  `id_kecamatan` varchar(10) NOT NULL DEFAULT '',
  `kelurahan` varchar(50) NOT NULL,
  `created` timestamp NOT NULL DEFAULT current_timestamp(),
  `created_by` varchar(50) NOT NULL,
  `updated` timestamp NULL DEFAULT NULL ON UPDATE current_timestamp(),
  `updated_by` varchar(50) DEFAULT NULL,
  `is_active` tinyint(1) NOT NULL DEFAULT 1,
  `is_deleted` tinyint(1) NOT NULL DEFAULT 0,
  PRIMARY KEY (`id`,`id_kecamatan`),
  KEY `kelurahan_has_kecamatan` (`id_kecamatan`)
) ENGINE=InnoDB DEFAULT CHARSET=latin1;

-- Dumping data for table simbok_marketplace.kelurahan: ~460 rows (approximately)
DELETE FROM `kelurahan`;
/*!40000 ALTER TABLE `kelurahan` DISABLE KEYS */;
INSERT INTO `kelurahan` (`id`, `id_kecamatan`, `kelurahan`, `created`, `created_by`, `updated`, `updated_by`, `is_active`, `is_deleted`) VALUES
	('001', '010', 'AYAH', '2019-02-07 08:59:16', '', NULL, NULL, 1, 0),
	('001', '020', 'KARANGBOLONG', '2019-02-07 08:59:16', '', NULL, NULL, 1, 0),
	('001', '030', 'TAMBAKMULYO', '2019-02-07 08:59:16', '', NULL, NULL, 1, 0),
	('001', '040', 'KARANGREJO', '2019-02-07 08:59:16', '', NULL, NULL, 1, 0),
	('001', '050', 'JOGOSIMO', '2019-02-07 08:59:16', '', NULL, NULL, 1, 0),
	('001', '060', 'AYAMPUTIH', '2019-02-07 08:59:16', '', NULL, NULL, 1, 0),
	('001', '070', 'PLEMPUKAN KEMBARAN', '2019-02-07 08:59:16', '', NULL, NULL, 1, 0),
	('001', '080', 'MIRITPETIKUSAN', '2019-02-07 08:59:16', '', NULL, NULL, 1, 0),
	('001', '081', 'PATUKREJO', '2019-02-07 08:59:16', '', NULL, NULL, 1, 0),
	('001', '090', 'TERSOBO', '2019-02-07 08:59:16', '', NULL, NULL, 1, 0),
	('001', '091', 'PEJENGKOLAN', '2019-02-07 08:59:16', '', NULL, NULL, 1, 0),
	('001', '100', 'PEKUNDEN', '2019-02-07 08:59:16', '', NULL, NULL, 1, 0),
	('001', '111', 'JATIPURUS', '2019-02-07 08:59:16', '', NULL, NULL, 1, 0),
	('001', '120', 'MUKTISARI', '2019-02-07 08:59:16', '', NULL, NULL, 1, 0),
	('001', '130', 'LOGEDE', '2019-02-07 08:59:16', '', NULL, NULL, 1, 0),
	('001', '140', 'MENGANTI', '2019-02-07 08:59:16', '', NULL, NULL, 1, 0),
	('001', '150', 'SUGIHWARAS', '2019-02-07 08:59:16', '', NULL, NULL, 1, 0),
	('001', '160', 'KAMULYAN', '2019-02-07 08:59:16', '', NULL, NULL, 1, 0),
	('001', '170', 'REDISARI', '2019-02-07 08:59:16', '', NULL, NULL, 1, 0),
	('001', '180', 'SIDOHARUM', '2019-02-07 08:59:16', '', NULL, NULL, 1, 0),
	('001', '190', 'KALITENGAH', '2019-02-07 08:59:16', '', NULL, NULL, 1, 0),
	('001', '200', 'SIDOMULYO', '2019-02-07 08:59:16', '', NULL, NULL, 1, 0),
	('001', '210', 'KARANGGAYAM', '2019-02-07 08:59:16', '', NULL, NULL, 1, 0),
	('001', '221', 'WIDORO', '2019-02-07 08:59:16', '', NULL, NULL, 1, 0),
	('002', '010', 'CANDIRENGGO', '2019-02-07 08:59:16', '', NULL, NULL, 1, 0),
	('002', '020', 'JLADRI', '2019-02-07 08:59:16', '', NULL, NULL, 1, 0),
	('002', '030', 'SUROREJAN', '2019-02-07 08:59:16', '', NULL, NULL, 1, 0),
	('002', '040', 'KARANGGADUNG', '2019-02-07 08:59:16', '', NULL, NULL, 1, 0),
	('002', '050', 'TANGGULANGIN', '2019-02-07 08:59:16', '', NULL, NULL, 1, 0),
	('002', '060', 'SETROJENAR', '2019-02-07 08:59:16', '', NULL, NULL, 1, 0),
	('002', '070', 'ENTAK', '2019-02-07 08:59:16', '', NULL, NULL, 1, 0),
	('002', '080', 'TLOGO DEPOK', '2019-02-07 08:59:16', '', NULL, NULL, 1, 0),
	('002', '081', 'NGASINAN', '2019-02-07 08:59:16', '', NULL, NULL, 1, 0),
	('002', '090', 'PREMBUN', '2019-02-07 08:59:16', '', NULL, NULL, 1, 0),
	('002', '091', 'BALINGASAL', '2019-02-07 08:59:16', '', NULL, NULL, 1, 0),
	('002', '100', 'TANJUNGMERU', '2019-02-07 08:59:16', '', NULL, NULL, 1, 0),
	('002', '111', 'LEREP KEBUMEN', '2019-02-07 08:59:16', '', NULL, NULL, 1, 0),
	('002', '120', 'MUKTIREJO', '2019-02-07 08:59:16', '', NULL, NULL, 1, 0),
	('002', '130', 'KEWAYUHAN', '2019-02-07 08:59:16', '', NULL, NULL, 1, 0),
	('002', '140', 'TRIKARSO', '2019-02-07 08:59:16', '', NULL, NULL, 1, 0),
	('002', '150', 'TAMBAKHARJO', '2019-02-07 08:59:16', '', NULL, NULL, 1, 0),
	('002', '160', 'SIDOMUKTI', '2019-02-07 08:59:16', '', NULL, NULL, 1, 0),
	('002', '170', 'KALISARI', '2019-02-07 08:59:16', '', NULL, NULL, 1, 0),
	('002', '180', 'SELOKERTO', '2019-02-07 08:59:16', '', NULL, NULL, 1, 0),
	('002', '190', 'KEMUKUS', '2019-02-07 08:59:16', '', NULL, NULL, 1, 0),
	('002', '200', 'PANJATAN', '2019-02-07 08:59:16', '', NULL, NULL, 1, 0),
	('002', '210', 'KAJORAN', '2019-02-07 08:59:16', '', NULL, NULL, 1, 0),
	('002', '221', 'SELING', '2019-02-07 08:59:16', '', NULL, NULL, 1, 0),
	('003', '010', 'MANGUNWENI', '2019-02-07 08:59:16', '', NULL, NULL, 1, 0),
	('003', '020', 'ADIWARNO', '2019-02-07 08:59:16', '', NULL, NULL, 1, 0),
	('003', '030', 'WALUYOREJO', '2019-02-07 08:59:16', '', NULL, NULL, 1, 0),
	('003', '040', 'TEGALRETNO', '2019-02-07 08:59:16', '', NULL, NULL, 1, 0),
	('003', '050', 'PANDANLOR', '2019-02-07 08:59:16', '', NULL, NULL, 1, 0),
	('003', '060', 'BRECONG', '2019-02-07 08:59:16', '', NULL, NULL, 1, 0),
	('003', '070', 'KENOYOJAYAN', '2019-02-07 08:59:16', '', NULL, NULL, 1, 0),
	('003', '080', 'MIRIT', '2019-02-07 08:59:16', '', NULL, NULL, 1, 0),
	('003', '081', 'PUJODADI', '2019-02-07 08:59:16', '', NULL, NULL, 1, 0),
	('003', '090', 'KEBEKELAN', '2019-02-07 08:59:16', '', NULL, NULL, 1, 0),
	('003', '091', 'MERDEN', '2019-02-07 08:59:16', '', NULL, NULL, 1, 0),
	('003', '100', 'KUWARISAN', '2019-02-07 08:59:16', '', NULL, NULL, 1, 0),
	('003', '111', 'BLATER', '2019-02-07 08:59:16', '', NULL, NULL, 1, 0),
	('003', '120', 'DEPOKREJO', '2019-02-07 08:59:16', '', NULL, NULL, 1, 0),
	('003', '130', 'KEDAWUNG', '2019-02-07 08:59:16', '', NULL, NULL, 1, 0),
	('003', '140', 'SIDOHARJO', '2019-02-07 08:59:16', '', NULL, NULL, 1, 0),
	('003', '150', 'TEPAKYANG', '2019-02-07 08:59:16', '', NULL, NULL, 1, 0),
	('003', '160', 'TAMBAKSARI', '2019-02-07 08:59:16', '', NULL, NULL, 1, 0),
	('003', '170', 'PRINGTUTUL', '2019-02-07 08:59:16', '', NULL, NULL, 1, 0),
	('003', '180', 'KALIBEJI', '2019-02-07 08:59:16', '', NULL, NULL, 1, 0),
	('003', '190', 'BANJARSARI', '2019-02-07 08:59:16', '', NULL, NULL, 1, 0),
	('003', '200', 'KARANGANYAR', '2019-02-07 08:59:16', '', NULL, NULL, 1, 0),
	('003', '210', 'KARANGTENGAH', '2019-02-07 08:59:16', '', NULL, NULL, 1, 0),
	('003', '221', 'PENCIL', '2019-02-07 08:59:16', '', NULL, NULL, 1, 0),
	('004', '010', 'TLOGOSARI', '2019-02-07 08:59:16', '', NULL, NULL, 1, 0),
	('004', '020', 'RANGKAH', '2019-02-07 08:59:16', '', NULL, NULL, 1, 0),
	('004', '030', 'SIDOHARJO', '2019-02-07 08:59:16', '', NULL, NULL, 1, 0),
	('004', '040', 'AMPELSARI', '2019-02-07 08:59:16', '', NULL, NULL, 1, 0),
	('004', '050', 'TAMBAKPROGATEN', '2019-02-07 08:59:16', '', NULL, NULL, 1, 0),
	('004', '060', 'BANJURPASAR', '2019-02-07 08:59:16', '', NULL, NULL, 1, 0),
	('004', '070', 'AMBALRESMI', '2019-02-07 08:59:16', '', NULL, NULL, 1, 0),
	('004', '080', 'TLOGOPRAGOTO', '2019-02-07 08:59:16', '', NULL, NULL, 1, 0),
	('004', '081', 'BALOREJO', '2019-02-07 08:59:16', '', NULL, NULL, 1, 0),
	('004', '090', 'TUNGGALROSO', '2019-02-07 08:59:16', '', NULL, NULL, 1, 0),
	('004', '091', 'KALIJERING', '2019-02-07 08:59:16', '', NULL, NULL, 1, 0),
	('004', '100', 'KUTOWINANGUN', '2019-02-07 08:59:16', '', NULL, NULL, 1, 0),
	('004', '111', 'PONCOWARNO', '2019-02-07 08:59:16', '', NULL, NULL, 1, 0),
	('004', '120', 'MENGKOWO', '2019-02-07 08:59:16', '', NULL, NULL, 1, 0),
	('004', '130', 'PEJAGOAN', '2019-02-07 08:59:16', '', NULL, NULL, 1, 0),
	('004', '140', 'GIWANGRETNO', '2019-02-07 08:59:16', '', NULL, NULL, 1, 0),
	('004', '150', 'SIDOMULYO', '2019-02-07 08:59:16', '', NULL, NULL, 1, 0),
	('004', '160', 'KALIPURWO', '2019-02-07 08:59:16', '', NULL, NULL, 1, 0),
	('004', '170', 'ROWOKELE', '2019-02-07 08:59:16', '', NULL, NULL, 1, 0),
	('004', '180', 'JATINEGARA', '2019-02-07 08:59:16', '', NULL, NULL, 1, 0),
	('004', '190', 'PANJANGSARI', '2019-02-07 08:59:16', '', NULL, NULL, 1, 0),
	('004', '200', 'JATILUHUR', '2019-02-07 08:59:16', '', NULL, NULL, 1, 0),
	('004', '210', 'KARANGMOJO', '2019-02-07 08:59:16', '', NULL, NULL, 1, 0),
	('004', '221', 'KEDUNGWARU', '2019-02-07 08:59:16', '', NULL, NULL, 1, 0),
	('005', '010', 'KALIBANGKANG', '2019-02-07 08:59:16', '', NULL, NULL, 1, 0),
	('005', '020', 'WONODADI', '2019-02-07 08:59:16', '', NULL, NULL, 1, 0),
	('005', '030', 'PULIHARJO', '2019-02-07 08:59:16', '', NULL, NULL, 1, 0),
	('005', '040', 'MUNGGU', '2019-02-07 08:59:16', '', NULL, NULL, 1, 0),
	('005', '050', 'KEDUNGSARI', '2019-02-07 08:59:16', '', NULL, NULL, 1, 0),
	('005', '060', 'INDROSARI', '2019-02-07 08:59:16', '', NULL, NULL, 1, 0),
	('005', '070', 'KAIBONPETANGKURAN', '2019-02-07 08:59:16', '', NULL, NULL, 1, 0),
	('005', '080', 'LEMBUPURWO', '2019-02-07 08:59:16', '', NULL, NULL, 1, 0),
	('005', '081', 'TLOGOREJO', '2019-02-07 08:59:16', '', NULL, NULL, 1, 0),
	('005', '090', 'KEDUNGWARU', '2019-02-07 08:59:16', '', NULL, NULL, 1, 0),
	('005', '091', 'KALIGUBUG', '2019-02-07 08:59:16', '', NULL, NULL, 1, 0),
	('005', '100', 'LUNDONG', '2019-02-07 08:59:16', '', NULL, NULL, 1, 0),
	('005', '111', 'TEGALREJO', '2019-02-07 08:59:16', '', NULL, NULL, 1, 0),
	('005', '120', 'GESIKAN', '2019-02-07 08:59:16', '', NULL, NULL, 1, 0),
	('005', '130', 'KEBULUSAN', '2019-02-07 08:59:16', '', NULL, NULL, 1, 0),
	('005', '140', 'JABRES', '2019-02-07 08:59:16', '', NULL, NULL, 1, 0),
	('005', '150', 'WOJOSARI', '2019-02-07 08:59:16', '', NULL, NULL, 1, 0),
	('005', '160', 'PURWODADI', '2019-02-07 08:59:16', '', NULL, NULL, 1, 0),
	('005', '170', 'BUMIAGUNG', '2019-02-07 08:59:16', '', NULL, NULL, 1, 0),
	('005', '180', 'BEJIRUYUNG', '2019-02-07 08:59:16', '', NULL, NULL, 1, 0),
	('005', '190', 'PATEMON', '2019-02-07 08:59:16', '', NULL, NULL, 1, 0),
	('005', '200', 'CANDI', '2019-02-07 08:59:16', '', NULL, NULL, 1, 0),
	('005', '210', 'PENIMBUN', '2019-02-07 08:59:16', '', NULL, NULL, 1, 0),
	('005', '221', 'KALIGENDING', '2019-02-07 08:59:16', '', NULL, NULL, 1, 0),
	('006', '010', 'WATUKELIR', '2019-02-07 08:59:16', '', NULL, NULL, 1, 0),
	('006', '020', 'GEBLUG', '2019-02-07 08:59:16', '', NULL, NULL, 1, 0),
	('006', '030', 'PURWOSARI', '2019-02-07 08:59:16', '', NULL, NULL, 1, 0),
	('006', '040', 'KEWANGUNAN', '2019-02-07 08:59:16', '', NULL, NULL, 1, 0),
	('006', '050', 'BENDOGARAP', '2019-02-07 08:59:16', '', NULL, NULL, 1, 0),
	('006', '060', 'BULUSPESANTREN', '2019-02-07 08:59:16', '', NULL, NULL, 1, 0),
	('006', '070', 'KAIBON', '2019-02-07 08:59:16', '', NULL, NULL, 1, 0),
	('006', '080', 'WIROMARTAN', '2019-02-07 08:59:16', '', NULL, NULL, 1, 0),
	('006', '081', 'ROWOSARI', '2019-02-07 08:59:16', '', NULL, NULL, 1, 0),
	('006', '090', 'BAGUNG', '2019-02-07 08:59:16', '', NULL, NULL, 1, 0),
	('006', '091', 'SIDOTOTO', '2019-02-07 08:59:16', '', NULL, NULL, 1, 0),
	('006', '100', 'MEKARSARI', '2019-02-07 08:59:16', '', NULL, NULL, 1, 0),
	('006', '111', 'JEMBANGAN', '2019-02-07 08:59:16', '', NULL, NULL, 1, 0),
	('006', '120', 'KALIBAGOR', '2019-02-07 08:59:16', '', NULL, NULL, 1, 0),
	('006', '130', 'ADITIRTO', '2019-02-07 08:59:16', '', NULL, NULL, 1, 0),
	('006', '140', 'SRUWENG', '2019-02-07 08:59:16', '', NULL, NULL, 1, 0),
	('006', '150', 'CANDIWULAN', '2019-02-07 08:59:16', '', NULL, NULL, 1, 0),
	('006', '160', 'PONDOKGEBANGSARI', '2019-02-07 08:59:16', '', NULL, NULL, 1, 0),
	('006', '170', 'JATILUHUR', '2019-02-07 08:59:16', '', NULL, NULL, 1, 0),
	('006', '180', 'PEKUNCEN', '2019-02-07 08:59:16', '', NULL, NULL, 1, 0),
	('006', '190', 'KEDUNGPUJI', '2019-02-07 08:59:16', '', NULL, NULL, 1, 0),
	('006', '200', 'GIRIPURNO', '2019-02-07 08:59:16', '', NULL, NULL, 1, 0),
	('006', '210', 'KALIREJO', '2019-02-07 08:59:16', '', NULL, NULL, 1, 0),
	('006', '221', 'PLUMBON', '2019-02-07 08:59:16', '', NULL, NULL, 1, 0),
	('007', '010', 'KALIPOH', '2019-02-07 08:59:16', '', NULL, NULL, 1, 0),
	('007', '020', 'ROGODADI', '2019-02-07 08:59:16', '', NULL, NULL, 1, 0),
	('007', '030', 'KRANDEGAN', '2019-02-07 08:59:16', '', NULL, NULL, 1, 0),
	('007', '040', 'KARANGDUWUR', '2019-02-07 08:59:16', '', NULL, NULL, 1, 0),
	('007', '050', 'KLEGENREJO', '2019-02-07 08:59:16', '', NULL, NULL, 1, 0),
	('007', '060', 'BANJURMUKADAN', '2019-02-07 08:59:16', '', NULL, NULL, 1, 0),
	('007', '070', 'SUMBERJATI', '2019-02-07 08:59:16', '', NULL, NULL, 1, 0),
	('007', '080', 'ROWO', '2019-02-07 08:59:16', '', NULL, NULL, 1, 0),
	('007', '081', 'BONOROWO', '2019-02-07 08:59:16', '', NULL, NULL, 1, 0),
	('007', '090', 'SIDOGEDE', '2019-02-07 08:59:16', '', NULL, NULL, 1, 0),
	('007', '091', 'RAHAYU', '2019-02-07 08:59:16', '', NULL, NULL, 1, 0),
	('007', '100', 'BABADSARI', '2019-02-07 08:59:16', '', NULL, NULL, 1, 0),
	('007', '111', 'KEDUNGDOWO', '2019-02-07 08:59:16', '', NULL, NULL, 1, 0),
	('007', '120', 'ARGOPENI', '2019-02-07 08:59:16', '', NULL, NULL, 1, 0),
	('007', '130', 'KARANGPOH', '2019-02-07 08:59:16', '', NULL, NULL, 1, 0),
	('007', '140', 'KARANGGEDANG', '2019-02-07 08:59:16', '', NULL, NULL, 1, 0),
	('007', '150', 'ADIKARTO', '2019-02-07 08:59:16', '', NULL, NULL, 1, 0),
	('007', '160', 'HARJODOWO', '2019-02-07 08:59:16', '', NULL, NULL, 1, 0),
	('007', '170', 'KRETEK', '2019-02-07 08:59:16', '', NULL, NULL, 1, 0),
	('007', '180', 'KEDUNGJATI', '2019-02-07 08:59:16', '', NULL, NULL, 1, 0),
	('007', '190', 'WERO', '2019-02-07 08:59:16', '', NULL, NULL, 1, 0),
	('007', '200', 'PLARANGAN', '2019-02-07 08:59:16', '', NULL, NULL, 1, 0),
	('007', '210', 'PAGEBANGAN', '2019-02-07 08:59:16', '', NULL, NULL, 1, 0),
	('007', '221', 'PUJOTIRTO', '2019-02-07 08:59:16', '', NULL, NULL, 1, 0),
	('008', '010', 'ARGOSARI', '2019-02-07 08:59:16', '', NULL, NULL, 1, 0),
	('008', '020', 'PAKURAN', '2019-02-07 08:59:16', '', NULL, NULL, 1, 0),
	('008', '030', 'KALENG', '2019-02-07 08:59:16', '', NULL, NULL, 1, 0),
	('008', '040', 'PETANAHAN', '2019-02-07 08:59:16', '', NULL, NULL, 1, 0),
	('008', '050', 'GEBANGSARI', '2019-02-07 08:59:16', '', NULL, NULL, 1, 0),
	('008', '060', 'WALUYO', '2019-02-07 08:59:16', '', NULL, NULL, 1, 0),
	('008', '070', 'BLENGOR WETAN', '2019-02-07 08:59:16', '', NULL, NULL, 1, 0),
	('008', '080', 'SINGOYUDAN', '2019-02-07 08:59:16', '', NULL, NULL, 1, 0),
	('008', '081', 'SIRNOBOYO', '2019-02-07 08:59:16', '', NULL, NULL, 1, 0),
	('008', '090', 'SEMBIRKADIPATEN', '2019-02-07 08:59:16', '', NULL, NULL, 1, 0),
	('008', '091', 'SENDANGDALEM', '2019-02-07 08:59:16', '', NULL, NULL, 1, 0),
	('008', '100', 'UNGARAN', '2019-02-07 08:59:16', '', NULL, NULL, 1, 0),
	('008', '111', 'KARANGTENGAH', '2019-02-07 08:59:16', '', NULL, NULL, 1, 0),
	('008', '120', 'JATISARI', '2019-02-07 08:59:16', '', NULL, NULL, 1, 0),
	('008', '130', 'JEMUR', '2019-02-07 08:59:16', '', NULL, NULL, 1, 0),
	('008', '140', 'PURWODESO', '2019-02-07 08:59:16', '', NULL, NULL, 1, 0),
	('008', '150', 'ADIMULYO', '2019-02-07 08:59:16', '', NULL, NULL, 1, 0),
	('008', '160', 'LEMAHDUWUR', '2019-02-07 08:59:16', '', NULL, NULL, 1, 0),
	('008', '170', 'SUKOMULYO', '2019-02-07 08:59:16', '', NULL, NULL, 1, 0),
	('008', '180', 'SEMALI', '2019-02-07 08:59:16', '', NULL, NULL, 1, 0),
	('008', '190', 'GOMBONG', '2019-02-07 08:59:16', '', NULL, NULL, 1, 0),
	('008', '200', 'KARANG KEMIRI', '2019-02-07 08:59:16', '', NULL, NULL, 1, 0),
	('008', '210', 'CLAPAR', '2019-02-07 08:59:16', '', NULL, NULL, 1, 0),
	('008', '221', 'WADASMALANG', '2019-02-07 08:59:16', '', NULL, NULL, 1, 0),
	('009', '010', 'BANJARHARJO', '2019-02-07 08:59:16', '', NULL, NULL, 1, 0),
	('009', '020', 'BUAYAN', '2019-02-07 08:59:16', '', NULL, NULL, 1, 0),
	('009', '030', 'TUKINGGEDONG', '2019-02-07 08:59:16', '', NULL, NULL, 1, 0),
	('009', '040', 'GROGOLPENATUS', '2019-02-07 08:59:16', '', NULL, NULL, 1, 0),
	('009', '050', 'KLIRONG', '2019-02-07 08:59:16', '', NULL, NULL, 1, 0),
	('009', '060', 'BOCOR', '2019-02-07 08:59:16', '', NULL, NULL, 1, 0),
	('009', '070', 'BLENGOR KULON', '2019-02-07 08:59:16', '', NULL, NULL, 1, 0),
	('009', '080', 'WERGONAYAN', '2019-02-07 08:59:16', '', NULL, NULL, 1, 0),
	('009', '081', 'BONJOK KIDUL', '2019-02-07 08:59:16', '', NULL, NULL, 1, 0),
	('009', '090', 'KEDUNGBULUS', '2019-02-07 08:59:16', '', NULL, NULL, 1, 0),
	('009', '091', 'PADURESO', '2019-02-07 08:59:16', '', NULL, NULL, 1, 0),
	('009', '100', 'MRINEN', '2019-02-07 08:59:16', '', NULL, NULL, 1, 0),
	('009', '111', 'TIRTOMOYO', '2019-02-07 08:59:16', '', NULL, NULL, 1, 0),
	('009', '120', 'KALIREJO', '2019-02-07 08:59:16', '', NULL, NULL, 1, 0),
	('009', '130', 'PRIGI', '2019-02-07 08:59:16', '', NULL, NULL, 1, 0),
	('009', '140', 'KLEPUSANGGAR', '2019-02-07 08:59:16', '', NULL, NULL, 1, 0),
	('009', '150', 'TEMANGGAL', '2019-02-07 08:59:16', '', NULL, NULL, 1, 0),
	('009', '160', 'MADURESO', '2019-02-07 08:59:16', '', NULL, NULL, 1, 0),
	('009', '170', 'GIYANTI', '2019-02-07 08:59:16', '', NULL, NULL, 1, 0),
	('009', '180', 'BONOSARI', '2019-02-07 08:59:16', '', NULL, NULL, 1, 0),
	('009', '190', 'WONOKRIYO', '2019-02-07 08:59:16', '', NULL, NULL, 1, 0),
	('009', '200', 'WONOREJO', '2019-02-07 08:59:16', '', NULL, NULL, 1, 0),
	('009', '210', 'LOGANDU', '2019-02-07 08:59:16', '', NULL, NULL, 1, 0),
	('009', '221', 'TLEPOK', '2019-02-07 08:59:16', '', NULL, NULL, 1, 0),
	('010', '010', 'ARGOPENI', '2019-02-07 08:59:16', '', NULL, NULL, 1, 0),
	('010', '020', 'SIKAYU', '2019-02-07 08:59:16', '', NULL, NULL, 1, 0),
	('010', '030', 'PURWOHARJO', '2019-02-07 08:59:16', '', NULL, NULL, 1, 0),
	('010', '040', 'GROGOLBENINGSARI', '2019-02-07 08:59:16', '', NULL, NULL, 1, 0),
	('010', '050', 'KLEGENWONOSARI', '2019-02-07 08:59:16', '', NULL, NULL, 1, 0),
	('010', '060', 'MADURETNO', '2019-02-07 08:59:16', '', NULL, NULL, 1, 0),
	('010', '070', 'BENERWETAN', '2019-02-07 08:59:16', '', NULL, NULL, 1, 0),
	('010', '080', 'SELOTUMPENG', '2019-02-07 08:59:16', '', NULL, NULL, 1, 0),
	('010', '081', 'BONJOK LOR', '2019-02-07 08:59:16', '', NULL, NULL, 1, 0),
	('010', '090', 'MULYASRI', '2019-02-07 08:59:16', '', NULL, NULL, 1, 0),
	('010', '100', 'PEJAGATAN', '2019-02-07 08:59:16', '', NULL, NULL, 1, 0),
	('010', '111', 'SOKA', '2019-02-07 08:59:16', '', NULL, NULL, 1, 0),
	('010', '120', 'SELANG', '2019-02-07 08:59:16', '', NULL, NULL, 1, 0),
	('010', '130', 'KEBAGORAN', '2019-02-07 08:59:16', '', NULL, NULL, 1, 0),
	('010', '140', 'TANGGERAN', '2019-02-07 08:59:16', '', NULL, NULL, 1, 0),
	('010', '150', 'JOHO', '2019-02-07 08:59:16', '', NULL, NULL, 1, 0),
	('010', '160', 'MANGLI', '2019-02-07 08:59:16', '', NULL, NULL, 1, 0),
	('010', '170', 'WONOHARJO', '2019-02-07 08:59:16', '', NULL, NULL, 1, 0),
	('010', '180', 'SEMPOR', '2019-02-07 08:59:16', '', NULL, NULL, 1, 0),
	('010', '190', 'SEMONDO', '2019-02-07 08:59:16', '', NULL, NULL, 1, 0),
	('010', '200', 'GRENGGENG', '2019-02-07 08:59:16', '', NULL, NULL, 1, 0),
	('010', '210', 'KEBAKALAN', '2019-02-07 08:59:16', '', NULL, NULL, 1, 0),
	('010', '221', 'KALISONO', '2019-02-07 08:59:16', '', NULL, NULL, 1, 0),
	('011', '010', 'KARANGDUWUR', '2019-02-07 08:59:16', '', NULL, NULL, 1, 0),
	('011', '020', 'KARANGSARI', '2019-02-07 08:59:16', '', NULL, NULL, 1, 0),
	('011', '030', 'SITIADI', '2019-02-07 08:59:16', '', NULL, NULL, 1, 0),
	('011', '040', 'JOGOMERTAN', '2019-02-07 08:59:16', '', NULL, NULL, 1, 0),
	('011', '050', 'JERUKAGUNG', '2019-02-07 08:59:16', '', NULL, NULL, 1, 0),
	('011', '060', 'AMBALKUMOLO', '2019-02-07 08:59:16', '', NULL, NULL, 1, 0),
	('011', '070', 'BENERKULON', '2019-02-07 08:59:16', '', NULL, NULL, 1, 0),
	('011', '080', 'PATUKREJOMULYO', '2019-02-07 08:59:16', '', NULL, NULL, 1, 0),
	('011', '081', 'MRENTUL', '2019-02-07 08:59:16', '', NULL, NULL, 1, 0),
	('011', '090', 'PESUNINGAN', '2019-02-07 08:59:16', '', NULL, NULL, 1, 0),
	('011', '100', 'TRIWARNO', '2019-02-07 08:59:16', '', NULL, NULL, 1, 0),
	('011', '110', 'BOJONGSARI', '2019-02-07 08:59:16', '', NULL, NULL, 1, 0),
	('011', '111', 'KEBAPANGAN', '2019-02-07 08:59:16', '', NULL, NULL, 1, 0),
	('011', '120', 'ADIKARSO', '2019-02-07 08:59:16', '', NULL, NULL, 1, 0),
	('011', '130', 'PENGARINGAN', '2019-02-07 08:59:16', '', NULL, NULL, 1, 0),
	('011', '140', 'KARANGSARI', '2019-02-07 08:59:16', '', NULL, NULL, 1, 0),
	('011', '150', 'ADILUHUR', '2019-02-07 08:59:16', '', NULL, NULL, 1, 0),
	('011', '160', 'KUWARASAN', '2019-02-07 08:59:16', '', NULL, NULL, 1, 0),
	('011', '170', 'WAGIRPANDAN', '2019-02-07 08:59:16', '', NULL, NULL, 1, 0),
	('011', '180', 'TUNJUNGSETO', '2019-02-07 08:59:16', '', NULL, NULL, 1, 0),
	('011', '190', 'SEMANDING', '2019-02-07 08:59:16', '', NULL, NULL, 1, 0),
	('011', '200', 'POHKUMBANG', '2019-02-07 08:59:16', '', NULL, NULL, 1, 0),
	('011', '210', 'KARANGREJO', '2019-02-07 08:59:16', '', NULL, NULL, 1, 0),
	('011', '221', 'LANGSE', '2019-02-07 08:59:16', '', NULL, NULL, 1, 0),
	('012', '010', 'SRATI', '2019-02-07 08:59:16', '', NULL, NULL, 1, 0),
	('012', '020', 'ROGODONO', '2019-02-07 08:59:16', '', NULL, NULL, 1, 0),
	('012', '030', 'BANJAREJA', '2019-02-07 08:59:16', '', NULL, NULL, 1, 0),
	('012', '040', 'TANJUNGSARI', '2019-02-07 08:59:16', '', NULL, NULL, 1, 0),
	('012', '050', 'RANTEREJO', '2019-02-07 08:59:16', '', NULL, NULL, 1, 0),
	('012', '060', 'RANTEWRINGIN', '2019-02-07 08:59:16', '', NULL, NULL, 1, 0),
	('012', '070', 'AMBALKLIWONAN', '2019-02-07 08:59:16', '', NULL, NULL, 1, 0),
	('012', '080', 'SITIBENTAR', '2019-02-07 08:59:16', '', NULL, NULL, 1, 0),
	('012', '090', 'PECARIKAN', '2019-02-07 08:59:16', '', NULL, NULL, 1, 0),
	('012', '100', 'KOROWELANG', '2019-02-07 08:59:16', '', NULL, NULL, 1, 0),
	('012', '110', 'SUROTRUNAN', '2019-02-07 08:59:16', '', NULL, NULL, 1, 0),
	('012', '120', 'TAMANWINANGUN', '2019-02-07 08:59:16', '', NULL, NULL, 1, 0),
	('012', '130', 'PENIRON', '2019-02-07 08:59:16', '', NULL, NULL, 1, 0),
	('012', '140', 'KARANGPULE', '2019-02-07 08:59:16', '', NULL, NULL, 1, 0),
	('012', '150', 'TEGALSARI', '2019-02-07 08:59:16', '', NULL, NULL, 1, 0),
	('012', '160', 'GANDUSARI', '2019-02-07 08:59:16', '', NULL, NULL, 1, 0),
	('012', '180', 'SAMPANG', '2019-02-07 08:59:16', '', NULL, NULL, 1, 0),
	('012', '190', 'SIDAYU', '2019-02-07 08:59:16', '', NULL, NULL, 1, 0),
	('012', '210', 'WONOTIRTO', '2019-02-07 08:59:16', '', NULL, NULL, 1, 0),
	('012', '221', 'BANIORO', '2019-02-07 08:59:16', '', NULL, NULL, 1, 0),
	('013', '010', 'JINTUNG', '2019-02-07 08:59:16', '', NULL, NULL, 1, 0),
	('013', '020', 'BANYUMUDAL', '2019-02-07 08:59:16', '', NULL, NULL, 1, 0),
	('013', '030', 'WETON KULON', '2019-02-07 08:59:16', '', NULL, NULL, 1, 0),
	('013', '040', 'GRUJUGAN', '2019-02-07 08:59:16', '', NULL, NULL, 1, 0),
	('013', '050', 'KARANGGLONGGONG', '2019-02-07 08:59:16', '', NULL, NULL, 1, 0),
	('013', '060', 'TAMBAKREJO', '2019-02-07 08:59:16', '', NULL, NULL, 1, 0),
	('013', '070', 'PASARSENEN', '2019-02-07 08:59:16', '', NULL, NULL, 1, 0),
	('013', '080', 'KARANGGEDE', '2019-02-07 08:59:16', '', NULL, NULL, 1, 0),
	('013', '090', 'KABUARAN', '2019-02-07 08:59:16', '', NULL, NULL, 1, 0),
	('013', '100', 'JLEGIWINANGUN', '2019-02-07 08:59:16', '', NULL, NULL, 1, 0),
	('013', '110', 'KAMBANGSARI', '2019-02-07 08:59:16', '', NULL, NULL, 1, 0),
	('013', '120', 'PANJER', '2019-02-07 08:59:16', '', '2019-02-25 10:57:56', 'Super Administrator', 1, 0),
	('013', '130', 'WATULAWANG', '2019-02-07 08:59:16', '', NULL, NULL, 1, 0),
	('013', '140', 'PAKURAN', '2019-02-07 08:59:16', '', NULL, NULL, 1, 0),
	('013', '150', 'SEKARTEJA', '2019-02-07 08:59:16', '', NULL, NULL, 1, 0),
	('013', '160', 'O R I', '2019-02-07 08:59:16', '', NULL, NULL, 1, 0),
	('013', '180', 'DONOREJO', '2019-02-07 08:59:16', '', NULL, NULL, 1, 0),
	('013', '190', 'WONOSIGRO', '2019-02-07 08:59:16', '', NULL, NULL, 1, 0),
	('013', '210', 'KALIBENING', '2019-02-07 08:59:16', '', NULL, NULL, 1, 0),
	('013', '221', 'KARANGSAMBUNG', '2019-02-07 08:59:16', '', NULL, NULL, 1, 0),
	('014', '010', 'PASIR', '2019-02-07 08:59:16', '', NULL, NULL, 1, 0),
	('014', '020', 'TUGU', '2019-02-07 08:59:16', '', NULL, NULL, 1, 0),
	('014', '030', 'PASURUHAN', '2019-02-07 08:59:16', '', NULL, NULL, 1, 0),
	('014', '040', 'KEBONSARI', '2019-02-07 08:59:16', '', NULL, NULL, 1, 0),
	('014', '050', 'JATIMALANG', '2019-02-07 08:59:16', '', NULL, NULL, 1, 0),
	('014', '060', 'SANGUBANYU', '2019-02-07 08:59:16', '', NULL, NULL, 1, 0),
	('014', '070', 'PUCANGAN', '2019-02-07 08:59:16', '', NULL, NULL, 1, 0),
	('014', '080', 'WIROGATEN', '2019-02-07 08:59:16', '', NULL, NULL, 1, 0),
	('014', '100', 'LUMBU', '2019-02-07 08:59:16', '', NULL, NULL, 1, 0),
	('014', '110', 'JATIMULYO', '2019-02-07 08:59:16', '', NULL, NULL, 1, 0),
	('014', '120', 'KEMBARAN', '2019-02-07 08:59:16', '', NULL, NULL, 1, 0),
	('014', '140', 'PENGEMPON', '2019-02-07 08:59:16', '', NULL, NULL, 1, 0),
	('014', '150', 'KEMUJAN', '2019-02-07 08:59:16', '', NULL, NULL, 1, 0),
	('014', '160', 'SERUT', '2019-02-07 08:59:16', '', NULL, NULL, 1, 0),
	('014', '180', 'KEDUNGWRINGIN', '2019-02-07 08:59:16', '', NULL, NULL, 1, 0),
	('014', '190', 'KLOPOGODO', '2019-02-07 08:59:16', '', NULL, NULL, 1, 0),
	('014', '210', 'GUNUNGSARI', '2019-02-07 08:59:16', '', NULL, NULL, 1, 0),
	('014', '221', 'TOTOGAN', '2019-02-07 08:59:16', '', NULL, NULL, 1, 0),
	('015', '010', 'JATIJAJAR', '2019-02-07 08:59:16', '', NULL, NULL, 1, 0),
	('015', '020', 'NOGORAJI', '2019-02-07 08:59:16', '', NULL, NULL, 1, 0),
	('015', '030', 'WETON WETAN', '2019-02-07 08:59:16', '', NULL, NULL, 1, 0),
	('015', '040', 'TRESNOREJO', '2019-02-07 08:59:16', '', NULL, NULL, 1, 0),
	('015', '050', 'KALIWUNGU', '2019-02-07 08:59:16', '', NULL, NULL, 1, 0),
	('015', '060', 'ARJOWINANGUN', '2019-02-07 08:59:16', '', NULL, NULL, 1, 0),
	('015', '070', 'AMBALKEBREK', '2019-02-07 08:59:16', '', NULL, NULL, 1, 0),
	('015', '080', 'PEKUTAN', '2019-02-07 08:59:16', '', NULL, NULL, 1, 0),
	('015', '100', 'TANJUNGSARI', '2019-02-07 08:59:16', '', NULL, NULL, 1, 0),
	('015', '110', 'TANUHARJO', '2019-02-07 08:59:16', '', NULL, NULL, 1, 0),
	('015', '120', 'SUMBERADI', '2019-02-07 08:59:16', '', NULL, NULL, 1, 0),
	('015', '140', 'KEJAWANG', '2019-02-07 08:59:16', '', NULL, NULL, 1, 0),
	('015', '150', 'MANGUNHARJO', '2019-02-07 08:59:16', '', NULL, NULL, 1, 0),
	('015', '160', 'BANJAREJO', '2019-02-07 08:59:16', '', NULL, NULL, 1, 0),
	('015', '180', 'KENTENG', '2019-02-07 08:59:16', '', NULL, NULL, 1, 0),
	('015', '210', 'GINANDONG', '2019-02-07 08:59:16', '', NULL, NULL, 1, 0),
	('015', '220', 'PUCANGAN', '2019-02-07 08:59:16', '', NULL, NULL, 1, 0),
	('016', '010', 'DEMANGSARI', '2019-02-07 08:59:16', '', NULL, NULL, 1, 0),
	('016', '020', 'MERGOSONO', '2019-02-07 08:59:16', '', NULL, NULL, 1, 0),
	('016', '030', 'KEDALEMAN KULON', '2019-02-07 08:59:16', '', NULL, NULL, 1, 0),
	('016', '040', 'PODOURIP', '2019-02-07 08:59:16', '', NULL, NULL, 1, 0),
	('016', '050', 'SITIREJO', '2019-02-07 08:59:16', '', NULL, NULL, 1, 0),
	('016', '060', 'AMPIH', '2019-02-07 08:59:16', '', NULL, NULL, 1, 0),
	('016', '070', 'GONDANGLEGI', '2019-02-07 08:59:16', '', NULL, NULL, 1, 0),
	('016', '080', 'MANGUNRANAN', '2019-02-07 08:59:16', '', NULL, NULL, 1, 0),
	('016', '100', 'KALIPUTIH', '2019-02-07 08:59:16', '', NULL, NULL, 1, 0),
	('016', '110', 'KARANGTANJUNG', '2019-02-07 08:59:16', '', NULL, NULL, 1, 0),
	('016', '120', 'WONOSARI', '2019-02-07 08:59:16', '', NULL, NULL, 1, 0),
	('016', '140', 'KARANGJAMBU', '2019-02-07 08:59:16', '', NULL, NULL, 1, 0),
	('016', '150', 'BANYUROTO', '2019-02-07 08:59:16', '', NULL, NULL, 1, 0),
	('016', '160', 'GUMAWANG', '2019-02-07 08:59:16', '', NULL, NULL, 1, 0),
	('016', '180', 'SOMOGEDE', '2019-02-07 08:59:16', '', NULL, NULL, 1, 0),
	('016', '210', 'BINANGUN', '2019-02-07 08:59:16', '', NULL, NULL, 1, 0),
	('016', '220', 'SEBORO', '2019-02-07 08:59:16', '', NULL, NULL, 1, 0),
	('017', '010', 'KEDUNGWERU', '2019-02-07 08:59:16', '', NULL, NULL, 1, 0),
	('017', '020', 'SEMAMPIR', '2019-02-07 08:59:16', '', NULL, NULL, 1, 0),
	('017', '030', 'KEDALEMAN WETAN', '2019-02-07 08:59:16', '', NULL, NULL, 1, 0),
	('017', '040', 'NAMPUDADI', '2019-02-07 08:59:16', '', NULL, NULL, 1, 0),
	('017', '050', 'GADUNGREJO', '2019-02-07 08:59:16', '', NULL, NULL, 1, 0),
	('017', '060', 'JOGOPATEN', '2019-02-07 08:59:16', '', NULL, NULL, 1, 0),
	('017', '070', 'BANJARSARI', '2019-02-07 08:59:16', '', NULL, NULL, 1, 0),
	('017', '080', 'KERTODESO', '2019-02-07 08:59:16', '', NULL, NULL, 1, 0),
	('017', '100', 'TUNJUNGSETO', '2019-02-07 08:59:16', '', NULL, NULL, 1, 0),
	('017', '110', 'KEMANGGUAN', '2019-02-07 08:59:16', '', NULL, NULL, 1, 0),
	('017', '120', 'ROWOREJO', '2019-02-07 08:59:16', '', NULL, NULL, 1, 0),
	('017', '140', 'SIDOAGUNG', '2019-02-07 08:59:16', '', NULL, NULL, 1, 0),
	('017', '150', 'MELES', '2019-02-07 08:59:16', '', NULL, NULL, 1, 0),
	('017', '160', 'WONOYOSO', '2019-02-07 08:59:16', '', NULL, NULL, 1, 0),
	('017', '210', 'GLONTOR', '2019-02-07 08:59:16', '', NULL, NULL, 1, 0),
	('017', '220', 'WONOSARI', '2019-02-07 08:59:16', '', NULL, NULL, 1, 0),
	('018', '010', 'BULUREJO', '2019-02-07 08:59:16', '', NULL, NULL, 1, 0),
	('018', '020', 'JOGOMULYO', '2019-02-07 08:59:16', '', NULL, NULL, 1, 0),
	('018', '030', 'SRUSUHJURUTENGAH', '2019-02-07 08:59:16', '', NULL, NULL, 1, 0),
	('018', '040', 'KRITIG', '2019-02-07 08:59:16', '', NULL, NULL, 1, 0),
	('018', '050', 'TAMBAKAGUNG', '2019-02-07 08:59:16', '', NULL, NULL, 1, 0),
	('018', '060', 'KLOPOSAWIT', '2019-02-07 08:59:16', '', NULL, NULL, 1, 0),
	('018', '070', 'LAJER', '2019-02-07 08:59:16', '', NULL, NULL, 1, 0),
	('018', '100', 'PESALAKAN', '2019-02-07 08:59:16', '', NULL, NULL, 1, 0),
	('018', '110', 'KALIJOYO', '2019-02-07 08:59:16', '', NULL, NULL, 1, 0),
	('018', '120', 'TANAHSARI', '2019-02-07 08:59:16', '', NULL, NULL, 1, 0),
	('018', '140', 'DONOSARI', '2019-02-07 08:59:16', '', NULL, NULL, 1, 0),
	('018', '150', 'CARUBAN', '2019-02-07 08:59:16', '', NULL, NULL, 1, 0),
	('018', '160', 'GUNUNGMUJIL', '2019-02-07 08:59:16', '', NULL, NULL, 1, 0),
	('018', '210', 'SELOGIRI', '2019-02-07 08:59:16', '', NULL, NULL, 1, 0),
	('018', '220', 'SADANG KULON', '2019-02-07 08:59:16', '', NULL, NULL, 1, 0),
	('019', '020', 'PURBOWANGI', '2019-02-07 08:59:16', '', NULL, NULL, 1, 0),
	('019', '030', 'BUMIREJO', '2019-02-07 08:59:16', '', NULL, NULL, 1, 0),
	('019', '040', 'SIDOMULYO', '2019-02-07 08:59:16', '', NULL, NULL, 1, 0),
	('019', '050', 'WOTBUONO', '2019-02-07 08:59:16', '', NULL, NULL, 1, 0),
	('019', '060', 'SIDOMORO', '2019-02-07 08:59:16', '', NULL, NULL, 1, 0),
	('019', '070', 'SINGOSARI', '2019-02-07 08:59:16', '', NULL, NULL, 1, 0),
	('019', '100', 'KARANGSARI', '2019-02-07 08:59:16', '', NULL, NULL, 1, 0),
	('019', '110', 'KARANG KEMBANG', '2019-02-07 08:59:16', '', NULL, NULL, 1, 0),
	('019', '120', 'BANDUNG', '2019-02-07 08:59:16', '', NULL, NULL, 1, 0),
	('019', '140', 'PANDANSARI', '2019-02-07 08:59:16', '', NULL, NULL, 1, 0),
	('019', '150', 'BONJOK', '2019-02-07 08:59:16', '', NULL, NULL, 1, 0),
	('019', '160', 'KUWARU', '2019-02-07 08:59:16', '', NULL, NULL, 1, 0),
	('019', '210', 'GIRITIRTO', '2019-02-07 08:59:16', '', NULL, NULL, 1, 0),
	('019', '220', 'CANGKRING', '2019-02-07 08:59:16', '', NULL, NULL, 1, 0),
	('020', '020', 'JATIROTO', '2019-02-07 08:59:16', '', NULL, NULL, 1, 0),
	('020', '030', 'ARJOWINANGUN', '2019-02-07 08:59:16', '', NULL, NULL, 1, 0),
	('020', '040', 'BANJARWINANGUN', '2019-02-07 08:59:16', '', NULL, NULL, 1, 0),
	('020', '050', 'KEDUNGWINANGUN', '2019-02-07 08:59:16', '', NULL, NULL, 1, 0),
	('020', '060', 'TANJUNGREJO', '2019-02-07 08:59:16', '', NULL, NULL, 1, 0),
	('020', '070', 'SIDOLUHUR', '2019-02-07 08:59:16', '', NULL, NULL, 1, 0),
	('020', '110', 'SELILING', '2019-02-07 08:59:16', '', NULL, NULL, 1, 0),
	('020', '120', 'CANDIMULYO', '2019-02-07 08:59:16', '', NULL, NULL, 1, 0),
	('020', '140', 'CONDONGCAMPUR', '2019-02-07 08:59:16', '', NULL, NULL, 1, 0),
	('020', '150', 'ARJOMULYO', '2019-02-07 08:59:16', '', NULL, NULL, 1, 0),
	('020', '160', 'BENDUNGAN', '2019-02-07 08:59:16', '', NULL, NULL, 1, 0),
	('020', '220', 'SADANG WETAN', '2019-02-07 08:59:16', '', NULL, NULL, 1, 0),
	('021', '030', 'MADUREJO', '2019-02-07 08:59:16', '', NULL, NULL, 1, 0),
	('021', '040', 'JATIMULYO', '2019-02-07 08:59:16', '', NULL, NULL, 1, 0),
	('021', '050', 'PODOLUHUR', '2019-02-07 08:59:16', '', NULL, NULL, 1, 0),
	('021', '060', 'TANJUNGSARI', '2019-02-07 08:59:16', '', NULL, NULL, 1, 0),
	('021', '070', 'SINUNGREJO', '2019-02-07 08:59:16', '', NULL, NULL, 1, 0),
	('021', '110', 'TLOGOWULUNG', '2019-02-07 08:59:16', '', NULL, NULL, 1, 0),
	('021', '120', 'KALIJIREK', '2019-02-07 08:59:16', '', NULL, NULL, 1, 0),
	('021', '140', 'PENUSUPAN', '2019-02-07 08:59:16', '', NULL, NULL, 1, 0),
	('021', '150', 'ARJOSARI', '2019-02-07 08:59:16', '', NULL, NULL, 1, 0),
	('021', '160', 'JATIMULYO', '2019-02-07 08:59:16', '', NULL, NULL, 1, 0),
	('021', '220', 'KEDUNGGONG', '2019-02-07 08:59:16', '', NULL, NULL, 1, 0),
	('022', '030', 'SIDOBUNDER', '2019-02-07 08:59:16', '', NULL, NULL, 1, 0),
	('022', '050', 'DOROWATI', '2019-02-07 08:59:16', '', NULL, NULL, 1, 0),
	('022', '070', 'AMBARWINANGUN', '2019-02-07 08:59:16', '', NULL, NULL, 1, 0),
	('022', '080', 'PATUKGAWEMULYO', '2019-02-07 08:59:16', '', NULL, NULL, 1, 0),
	('022', '120', 'CANDIWULAN', '2019-02-07 08:59:16', '', NULL, NULL, 1, 0),
	('022', '150', 'PEKUWON', '2019-02-07 08:59:16', '', NULL, NULL, 1, 0),
	('022', '160', 'SAWANGAN', '2019-02-07 08:59:16', '', NULL, NULL, 1, 0),
	('023', '030', 'SIDODADI', '2019-02-07 08:59:16', '', NULL, NULL, 1, 0),
	('023', '050', 'KEBADONGAN', '2019-02-07 08:59:16', '', NULL, NULL, 1, 0),
	('023', '070', 'PENEKET', '2019-02-07 08:59:16', '', NULL, NULL, 1, 0),
	('023', '110', 'KALIPUTIH', '2019-02-07 08:59:16', '', NULL, NULL, 1, 0),
	('023', '120', 'KAWEDUSAN', '2019-02-07 08:59:16', '', NULL, NULL, 1, 0),
	('023', '150', 'SIDOMUKTI', '2019-02-07 08:59:16', '', NULL, NULL, 1, 0),
	('024', '050', 'BUMIHARJO', '2019-02-07 08:59:16', '', NULL, NULL, 1, 0),
	('024', '070', 'SIDOREJO', '2019-02-07 08:59:16', '', NULL, NULL, 1, 0),
	('024', '110', 'WONOKROMO', '2019-02-07 08:59:16', '', NULL, NULL, 1, 0),
	('024', '120', 'KEBUMEN', '2019-02-07 08:59:16', '', NULL, NULL, 1, 0),
	('025', '070', 'SIDOMULYO', '2019-02-07 08:59:16', '', NULL, NULL, 1, 0),
	('025', '110', 'SAWANGAN', '2019-02-07 08:59:16', '', NULL, NULL, 1, 0),
	('025', '120', 'KUTOSARI', '2019-02-07 08:59:16', '', NULL, NULL, 1, 0),
	('026', '070', 'SIDOMUKTI', '2019-02-07 08:59:16', '', NULL, NULL, 1, 0),
	('026', '110', 'KALIRANCANG', '2019-02-07 08:59:16', '', NULL, NULL, 1, 0),
	('026', '120', 'BUMIREJO', '2019-02-07 08:59:16', '', NULL, NULL, 1, 0),
	('027', '070', 'PRASUTAN', '2019-02-07 08:59:16', '', NULL, NULL, 1, 0),
	('027', '110', 'KRAKAL', '2019-02-07 08:59:16', '', NULL, NULL, 1, 0),
	('027', '120', 'GEMEKSEKTI', '2019-02-07 08:59:16', '', NULL, NULL, 1, 0),
	('028', '070', 'KRADENAN', '2019-02-07 08:59:16', '', NULL, NULL, 1, 0),
	('028', '120', 'KARANGSARI', '2019-02-07 08:59:16', '', NULL, NULL, 1, 0),
	('029', '070', 'PAGEDANGAN', '2019-02-07 08:59:16', '', NULL, NULL, 1, 0),
	('029', '120', 'JEMUR', '2019-02-07 08:59:16', '', NULL, NULL, 1, 0),
	('030', '070', 'SUROBAYAN', '2019-02-07 08:59:16', '', NULL, NULL, 1, 0),
	('030', '080', 'NGABEAN', '2019-02-07 08:59:16', '', NULL, NULL, 1, 0),
	('031', '070', 'DUKUHREJOSARI', '2019-02-07 08:59:16', '', NULL, NULL, 1, 0),
	('031', '080', 'WINONG', '2019-02-07 08:59:16', '', NULL, NULL, 1, 0),
	('032', '070', 'KEMBANGSAWIT', '2019-02-07 08:59:16', '', NULL, NULL, 1, 0),
	('032', '080', 'SARWOGADUNG', '2019-02-07 08:59:16', '', NULL, NULL, 1, 0),
	('033', '080', 'KRUBUNGAN', '2019-02-07 08:59:16', '', NULL, NULL, 1, 0);
/*!40000 ALTER TABLE `kelurahan` ENABLE KEYS */;

-- Dumping structure for table simbok_marketplace.ms_kategori
DROP TABLE IF EXISTS `ms_kategori`;
CREATE TABLE IF NOT EXISTS `ms_kategori` (
  `id` varchar(255) NOT NULL,
  `kategori` varchar(255) NOT NULL,
  `icon` varchar(100) DEFAULT NULL,
  `created_at` timestamp NULL DEFAULT NULL,
  `created_by` varchar(50) DEFAULT 'System',
  `updated_at` timestamp NULL DEFAULT NULL,
  `updated_by` varchar(50) DEFAULT NULL,
  `deleted_at` timestamp NULL DEFAULT NULL,
  `deleted_by` varchar(50) DEFAULT NULL,
  `is_deleted` tinyint(1) NOT NULL DEFAULT 0,
  `is_active` tinyint(1) NOT NULL DEFAULT 1,
  PRIMARY KEY (`id`) USING BTREE
) ENGINE=MyISAM DEFAULT CHARSET=latin1 ROW_FORMAT=DYNAMIC;

-- Dumping data for table simbok_marketplace.ms_kategori: 0 rows
DELETE FROM `ms_kategori`;
/*!40000 ALTER TABLE `ms_kategori` DISABLE KEYS */;
/*!40000 ALTER TABLE `ms_kategori` ENABLE KEYS */;

-- Dumping structure for table simbok_marketplace.pa_kategori
DROP TABLE IF EXISTS `pa_kategori`;
CREATE TABLE IF NOT EXISTS `pa_kategori` (
  `id` varchar(50) NOT NULL,
  `parent_id` varchar(50) DEFAULT NULL,
  `type` tinyint(1) NOT NULL DEFAULT 1,
  `kategori` varchar(50) NOT NULL,
  `icon` varchar(50) NOT NULL,
  `created_at` timestamp NULL DEFAULT NULL,
  `created_by` varchar(255) DEFAULT 'System',
  `updated_at` timestamp NULL DEFAULT NULL,
  `updated_by` varchar(255) DEFAULT NULL,
  `deleted_at` timestamp NULL DEFAULT NULL,
  `deleted_by` varchar(255) DEFAULT NULL,
  `is_deleted` tinyint(1) NOT NULL DEFAULT 0,
  `is_active` tinyint(1) NOT NULL DEFAULT 1,
  PRIMARY KEY (`id`) USING BTREE
) ENGINE=MyISAM DEFAULT CHARSET=latin1 ROW_FORMAT=DYNAMIC;

-- Dumping data for table simbok_marketplace.pa_kategori: 18 rows
DELETE FROM `pa_kategori`;
/*!40000 ALTER TABLE `pa_kategori` DISABLE KEYS */;
INSERT INTO `pa_kategori` (`id`, `parent_id`, `type`, `kategori`, `icon`, `created_at`, `created_by`, `updated_at`, `updated_by`, `deleted_at`, `deleted_by`, `is_deleted`, `is_active`) VALUES
	('1', '', 1, 'Pakaian', 'fas fa-tshirt', '2020-03-04 14:10:26', 'Super Administrator', '2020-06-16 22:24:16', 'Super Administrator', NULL, NULL, 0, 1),
	('1.2', '1', 2, 'Pakean Anak', '#', '2020-03-13 14:53:48', 'Super Administrator', '2020-06-17 12:35:49', 'Super Administrator', NULL, NULL, 0, 1),
	('2', '', 1, 'Aksesoris', 'fas fa-crown', '2020-03-04 14:12:03', 'Super Administrator', '2020-03-13 10:00:48', 'Super Administrator', NULL, NULL, 0, 1),
	('3', '', 1, 'Elektronik', 'fas fa-tv', '2020-03-04 14:13:59', 'Super Administrator', '2020-03-13 14:22:24', 'Super Administrator', NULL, NULL, 0, 1),
	('1.1', '1', 2, 'Batik', '#', '2020-03-13 11:24:34', 'Super Administrator', '2020-06-17 12:35:44', 'Super Administrator', NULL, NULL, 0, 1),
	('4', '', 1, 'Kerajinan', 'fas fa-palette', '2020-03-13 10:12:06', 'Super Administrator', NULL, NULL, NULL, NULL, 0, 1),
	('5', '', 1, 'Makanan', 'fas fa-hamburger', '2020-03-13 10:13:40', 'Super Administrator', '2020-03-13 10:24:09', 'Super Administrator', NULL, NULL, 0, 1),
	('6', '', 1, 'Perlengkapan Dapur', 'fas fa-utensils', '2020-03-13 10:19:53', 'Super Administrator', '2020-03-13 10:24:59', 'Super Administrator', NULL, NULL, 0, 1),
	('7', '', 1, 'Hasil Tani', 'fas fa-seedling', '2020-03-13 10:23:45', 'Super Administrator', NULL, NULL, NULL, NULL, 0, 1),
	('8', '', 1, 'Hasil Ternak', 'fas fa-horse', '2020-03-13 10:27:36', 'Super Administrator', NULL, NULL, NULL, NULL, 0, 1),
	('9', '', 1, 'Hasil Laut', 'fas fa-ship', '2020-03-13 10:29:22', 'Super Administrator', '2020-03-13 10:29:34', 'Super Administrator', NULL, NULL, 0, 1),
	('1.3', NULL, 2, 'Kebaya', '#', '2020-03-13 14:53:57', 'Super Administrator', '2020-03-23 11:40:00', 'Super Administrator', NULL, NULL, 0, 1),
	('1.4', NULL, 2, 'Gaun', '#', '2020-03-13 14:54:05', 'Super Administrator', '2020-03-23 11:40:09', 'Super Administrator', NULL, NULL, 0, 1),
	('1.5', NULL, 2, 'Jaket', '#', '2020-03-13 14:54:12', 'Super Administrator', '2020-03-23 11:40:36', 'Super Administrator', NULL, NULL, 0, 1),
	('1.6', NULL, 2, 'Dress', '#', '2020-03-13 14:54:19', 'Super Administrator', '2020-03-23 11:40:48', 'Super Administrator', NULL, NULL, 0, 1),
	('1.7', NULL, 2, 'Pakaian Olahraga', '#', '2020-03-13 14:54:27', 'Super Administrator', '2020-03-23 11:41:48', 'Super Administrator', NULL, NULL, 0, 1),
	('1.8', NULL, 2, 'Baju Santai', '#', '2020-03-13 14:54:37', 'Super Administrator', '2020-03-23 11:42:14', 'Super Administrator', NULL, NULL, 0, 1),
	('1.9', NULL, 2, 'Jeens', '#', '2020-03-13 14:54:43', 'Super Administrator', '2020-03-23 11:42:58', 'Super Administrator', NULL, NULL, 0, 1);
/*!40000 ALTER TABLE `pa_kategori` ENABLE KEYS */;

-- Dumping structure for table simbok_marketplace.pa_page
DROP TABLE IF EXISTS `pa_page`;
CREATE TABLE IF NOT EXISTS `pa_page` (
  `id` varchar(50) NOT NULL DEFAULT 'AUTO_INCREMENT',
  `deskripsi` text NOT NULL DEFAULT '',
  `created_at` timestamp NULL DEFAULT NULL,
  `created_by` varchar(50) DEFAULT 'System',
  `updated_at` timestamp NULL DEFAULT NULL,
  `updated_by` varchar(50) DEFAULT NULL,
  `deleted_at` timestamp NULL DEFAULT NULL,
  `deleted_by` varchar(50) DEFAULT NULL,
  `is_deleted` tinyint(1) NOT NULL DEFAULT 0,
  `is_active` tinyint(1) NOT NULL DEFAULT 1,
  PRIMARY KEY (`id`) USING BTREE
) ENGINE=MyISAM AUTO_INCREMENT=15 DEFAULT CHARSET=latin1 ROW_FORMAT=DYNAMIC;

-- Dumping data for table simbok_marketplace.pa_page: 2 rows
DELETE FROM `pa_page`;
/*!40000 ALTER TABLE `pa_page` DISABLE KEYS */;
INSERT INTO `pa_page` (`id`, `deskripsi`, `created_at`, `created_by`, `updated_at`, `updated_by`, `deleted_at`, `deleted_by`, `is_deleted`, `is_active`) VALUES
	('sk', '<h3 xss="removed" style="text-align: center; ">SYARAT DAN KETENTUAN</h3><p style="margin-right: 0px; margin-bottom: -15px; margin-left: 0px; padding: 1em 0px; border: 0px; outline: 0px; font-variant-numeric: inherit; font-variant-east-asian: inherit; font-stretch: inherit; font-size: 15px; line-height: 1.6; font-family: " open="" sans",="" sans-serif;="" vertical-align:="" baseline;="" text-size-adjust:="" none;="" position:="" relative;="" color:="" rgb(51,="" 51,="" 51)="" !important;"="">Pasal 27 ayat 3 UU ITE menyebut melarang setiap orang dengan sengaja dan tanpa hak mendistribusikan dan/atau mentransmisikan dan/atau membuat dapat diaksesnya Informasi Elektronik dan/atau Dokumen Elektronik yang memiliki muatan penghinaan dan/atau pencemaran nama baik.</p><p style="margin-right: 0px; margin-bottom: -15px; margin-left: 0px; padding: 1em 0px; border: 0px; outline: 0px; font-variant-numeric: inherit; font-variant-east-asian: inherit; font-stretch: inherit; font-size: 15px; line-height: 1.6; font-family: " open="" sans",="" sans-serif;="" vertical-align:="" baseline;="" text-size-adjust:="" none;="" position:="" relative;="" color:="" rgb(51,="" 51,="" 51)="" !important;"="">Alasannya, karena pasal 27 ayat 3 UU ITE yang biasa disebut dengan “pasal karet” sebagai undang-undang yang berbahaya. Terlebih lagi jika diterapkan oleh pihak-pihak yang tak paham soal dunia maya. Selain itu, pasal tersebut juga bisa digunakan dengan mudah untuk menjerat orang-orang demi membungkam kritik.</p><p style="margin-right: 0px; margin-bottom: -15px; margin-left: 0px; padding: 1em 0px; border: 0px; outline: 0px; font-variant-numeric: inherit; font-variant-east-asian: inherit; font-stretch: inherit; font-size: 15px; line-height: 1.6; font-family: " open="" sans",="" sans-serif;="" vertical-align:="" baseline;="" text-size-adjust:="" none;="" position:="" relative;="" color:="" rgb(51,="" 51,="" 51)="" !important;"="">Menanggapi keinginan tersebut, Menteri Komunikasi dan Informatika (Menkominfo) Rudiantara secara tegas mengatakan pasal 27 ayat 3 di UU ITE tersebut tidak mungkin dihapuskan.</p><p style="margin-right: 0px; margin-bottom: -15px; margin-left: 0px; padding: 1em 0px; border: 0px; outline: 0px; font-variant-numeric: inherit; font-variant-east-asian: inherit; font-stretch: inherit; font-size: 15px; line-height: 1.6; font-family: " open="" sans",="" sans-serif;="" vertical-align:="" baseline;="" text-size-adjust:="" none;="" position:="" relative;="" color:="" rgb(51,="" 51,="" 51)="" !important;"="">Jika pasal tersebut dihilangkan, efek jera terhadap para pelanggar hukum akan hilang, tegas Rudiantara di sela-sela acara “Dialog Kemerdekaan Berekspresi di Media Sosial Indonesia”, di Hotel Aryaduta Tugu Tani, Jakarta, Selasa (3/2).</p><p style="margin-right: 0px; margin-bottom: -15px; margin-left: 0px; padding: 1em 0px; border: 0px; outline: 0px; font-variant-numeric: inherit; font-variant-east-asian: inherit; font-stretch: inherit; font-size: 15px; line-height: 1.6; font-family: " open="" sans",="" sans-serif;="" vertical-align:="" baseline;="" text-size-adjust:="" none;="" position:="" relative;="" color:="" rgb(51,="" 51,="" 51)="" !important;"="">Menurut Rudiantara, pasal tersebut sebenarnya memiliki peran besar dalam melindungi transaksi elektronik khususnya di dunia maya. Namun, hanya saja dalam penerapannya sering terjadi kesalahan. “Yang salah bukan pasal 27 ayat 3-nya, melainkan adalah penerapan dari pasal 27 ayat 3 tersebut,” ujarnya.</p><p style="margin-right: 0px; margin-bottom: -15px; margin-left: 0px; padding: 1em 0px; border: 0px; outline: 0px; font-variant-numeric: inherit; font-variant-east-asian: inherit; font-stretch: inherit; font-size: 15px; line-height: 1.6; font-family: " open="" sans",="" sans-serif;="" vertical-align:="" baseline;="" text-size-adjust:="" none;="" position:="" relative;="" color:="" rgb(51,="" 51,="" 51)="" !important;"="">Akibat kesalahan penerapan tersebut, lanjut dia, sebanyak 74 orang telah menjadi “korban” dari UU ITE tersebut. “Saya turut prihatin atas kejadian yang menimpa teman-teman, terlepas siapa benar siapa salah. Saya melihat UU ITE secara makro, karenanya saya bilang UU ini tidak salah. Namun untuk kasus ini (korban UU ITE-red), I\'m with you. Kalau enggak, saya enggak bakal ada di forum ini,” kata Rudiantara.</p><p style="margin-right: 0px; margin-bottom: -15px; margin-left: 0px; padding: 1em 0px; border: 0px; outline: 0px; font-variant-numeric: inherit; font-variant-east-asian: inherit; font-stretch: inherit; font-size: 15px; line-height: 1.6; font-family: " open="" sans",="" sans-serif;="" vertical-align:="" baseline;="" text-size-adjust:="" none;="" position:="" relative;="" color:="" rgb(51,="" 51,="" 51)="" !important;"="">Revisi adalah salah satu solusi agar tidak lagi ada korban akibat salah penerapan pasal. Solusi kedua adalah melakukan pembicaraan dengan aparat penegak hukum agar lebih hati-hati dalam menerapkan pasal ini di UU ITE, tegasnya.</p>', NULL, 'System', '2020-06-20 14:33:48', 'Super Administrator', NULL, NULL, 0, 0),
	('ss', '&lt;p style=&quot;margin-right: 0px; margin-bottom: 10px; margin-left: 0px; color: rgb(51, 51, 51); font-family: Barlow, sans-serif; text-align: center; font-size: 20px;&quot;&gt;Selamat pendaftaran Sebagai UMKM Atau Market di Simbok Blonjo Telah Berhasil!&lt;/p&gt;&lt;p style=&quot;margin-right: 0px; margin-bottom: 10px; margin-left: 0px; color: rgb(51, 51, 51); font-family: Barlow, sans-serif; text-align: center; font-size: 20px;&quot;&gt;Tunggu Maksimal 2x24 Jam Sampai Pendaftaran Di Verifikasi Oleh Administrator. Silahkan Simpan Detail Akun Di Bawah ini Untuk Masuk Ke Simbok Blonjo Setelah Pendaftaran Di Verifikasi.&lt;/p&gt;', NULL, 'System', '2020-06-20 18:57:22', 'Super Administrator', NULL, NULL, 0, 0);
/*!40000 ALTER TABLE `pa_page` ENABLE KEYS */;

-- Dumping structure for table simbok_marketplace.pa_slide
DROP TABLE IF EXISTS `pa_slide`;
CREATE TABLE IF NOT EXISTS `pa_slide` (
  `id` int(11) NOT NULL AUTO_INCREMENT,
  `judul` varchar(255) NOT NULL,
  `deskripsi` text NOT NULL DEFAULT '',
  `img` varchar(255) DEFAULT NULL,
  `created_at` timestamp NULL DEFAULT NULL,
  `created_by` varchar(50) DEFAULT 'System',
  `updated_at` timestamp NULL DEFAULT NULL,
  `updated_by` varchar(50) DEFAULT NULL,
  `deleted_at` timestamp NULL DEFAULT NULL,
  `deleted_by` varchar(50) DEFAULT NULL,
  `is_deleted` tinyint(1) NOT NULL DEFAULT 0,
  `is_active` tinyint(1) NOT NULL DEFAULT 1,
  PRIMARY KEY (`id`) USING BTREE
) ENGINE=MyISAM AUTO_INCREMENT=15 DEFAULT CHARSET=latin1 ROW_FORMAT=DYNAMIC;

-- Dumping data for table simbok_marketplace.pa_slide: 2 rows
DELETE FROM `pa_slide`;
/*!40000 ALTER TABLE `pa_slide` DISABLE KEYS */;
INSERT INTO `pa_slide` (`id`, `judul`, `deskripsi`, `img`, `created_at`, `created_by`, `updated_at`, `updated_by`, `deleted_at`, `deleted_by`, `is_deleted`, `is_active`) VALUES
	(11, 'Jajanan Tradisional', 'Lestarikan budaya lokal..!  cinta produk lokal..!', '133424be42e0dd3ce851acde27145039.jpg', '2020-03-16 13:42:01', 'Super Administrator', '2020-06-24 13:25:01', 'Super Administrator', NULL, NULL, 0, 1),
	(10, 'Festifal Batik Daerah', 'Ramaikan Festifal Batik Daerah!', '017fa72a17052b931d5e1e1cddbdc55a.jpg', '2020-03-16 12:48:52', 'Super Administrator', '2020-06-24 13:24:44', 'Super Administrator', NULL, NULL, 0, 1);
/*!40000 ALTER TABLE `pa_slide` ENABLE KEYS */;

-- Dumping structure for table simbok_marketplace.tb_produk
DROP TABLE IF EXISTS `tb_produk`;
CREATE TABLE IF NOT EXISTS `tb_produk` (
  `id` varchar(255) NOT NULL,
  `id_umkm` varchar(255) NOT NULL DEFAULT '0',
  `nama_produk` varchar(255) NOT NULL,
  `harga` int(15) NOT NULL DEFAULT 0,
  `id_induk_kategori` varchar(255) DEFAULT NULL,
  `id_sub_kategori` varchar(255) DEFAULT NULL,
  `kecamatan` varchar(255) DEFAULT NULL,
  `kelurahan` varchar(255) DEFAULT NULL,
  `alamat_lengkap` text DEFAULT NULL,
  `deskripsi` text DEFAULT NULL,
  `ordinat_s` varchar(20) DEFAULT NULL,
  `ordinat_e` varchar(20) DEFAULT NULL,
  `latdegree` varchar(20) DEFAULT NULL,
  `latminute` varchar(20) DEFAULT NULL,
  `latsecond` varchar(20) DEFAULT NULL,
  `lngdegree` varchar(20) DEFAULT NULL,
  `lngminute` varchar(20) DEFAULT NULL,
  `lngsecond` varchar(20) DEFAULT NULL,
  `created_at` timestamp NULL DEFAULT NULL,
  `created_by` varchar(50) DEFAULT 'System',
  `updated_at` timestamp NULL DEFAULT NULL,
  `updated_by` varchar(50) DEFAULT NULL,
  `deleted_at` timestamp NULL DEFAULT NULL,
  `deleted_by` varchar(50) DEFAULT NULL,
  `is_deleted` tinyint(1) NOT NULL DEFAULT 0,
  `is_active` tinyint(1) NOT NULL DEFAULT 1,
  `is_close` tinyint(1) NOT NULL DEFAULT 1,
  PRIMARY KEY (`id`) USING BTREE
) ENGINE=MyISAM DEFAULT CHARSET=latin1 ROW_FORMAT=DYNAMIC;

-- Dumping data for table simbok_marketplace.tb_produk: 0 rows
DELETE FROM `tb_produk`;
/*!40000 ALTER TABLE `tb_produk` DISABLE KEYS */;
/*!40000 ALTER TABLE `tb_produk` ENABLE KEYS */;

-- Dumping structure for table simbok_marketplace.tb_umkm
DROP TABLE IF EXISTS `tb_umkm`;
CREATE TABLE IF NOT EXISTS `tb_umkm` (
  `id` varchar(255) NOT NULL,
  `id_user` varchar(255) NOT NULL,
  `nama_market` varchar(255) DEFAULT NULL,
  `nama_pemilik` varchar(255) DEFAULT NULL,
  `nik` bigint(20) DEFAULT NULL,
  `ktp` varchar(255) DEFAULT NULL,
  `no_hp` varchar(15) DEFAULT NULL,
  `wa` varchar(15) DEFAULT NULL,
  `email` varchar(75) DEFAULT NULL,
  `legalitas` text DEFAULT NULL,
  `kecamatan` varchar(255) DEFAULT NULL,
  `kelurahan` varchar(255) DEFAULT NULL,
  `alamat_lengkap` text DEFAULT NULL,
  `ordinat_s` varchar(20) DEFAULT NULL,
  `ordinat_e` varchar(20) DEFAULT NULL,
  `latdegree` varchar(20) DEFAULT NULL,
  `latminute` varchar(20) DEFAULT NULL,
  `latsecond` varchar(20) DEFAULT NULL,
  `lngdegree` varchar(20) DEFAULT NULL,
  `lngminute` varchar(20) DEFAULT NULL,
  `lngsecond` varchar(20) DEFAULT NULL,
  `created_at` timestamp NULL DEFAULT NULL,
  `created_by` varchar(50) DEFAULT 'System',
  `updated_at` timestamp NULL DEFAULT NULL,
  `updated_by` varchar(50) DEFAULT NULL,
  `deleted_at` timestamp NULL DEFAULT NULL,
  `deleted_by` varchar(50) DEFAULT NULL,
  `is_deleted` tinyint(1) NOT NULL DEFAULT 0,
  `is_active` tinyint(1) NOT NULL DEFAULT 1,
  `is_close` tinyint(1) NOT NULL DEFAULT 1,
  PRIMARY KEY (`id`) USING BTREE
) ENGINE=MyISAM DEFAULT CHARSET=latin1 ROW_FORMAT=DYNAMIC;

-- Dumping data for table simbok_marketplace.tb_umkm: 0 rows
DELETE FROM `tb_umkm`;
/*!40000 ALTER TABLE `tb_umkm` DISABLE KEYS */;
/*!40000 ALTER TABLE `tb_umkm` ENABLE KEYS */;

-- Dumping structure for table simbok_marketplace._access
DROP TABLE IF EXISTS `_access`;
CREATE TABLE IF NOT EXISTS `_access` (
  `id` int(11) NOT NULL AUTO_INCREMENT,
  `access` varchar(50) NOT NULL,
  `description` varchar(255) NOT NULL,
  `created_at` timestamp NULL DEFAULT NULL,
  `created_by` varchar(50) DEFAULT 'System',
  `updated_at` timestamp NULL DEFAULT NULL,
  `updated_by` varchar(50) DEFAULT NULL,
  `deleted_at` timestamp NULL DEFAULT NULL,
  `deleted_by` varchar(50) DEFAULT NULL,
  `is_deleted` tinyint(1) NOT NULL DEFAULT 0,
  `is_active` tinyint(1) NOT NULL DEFAULT 1,
  PRIMARY KEY (`id`) USING BTREE
) ENGINE=MyISAM AUTO_INCREMENT=9 DEFAULT CHARSET=latin1 ROW_FORMAT=DYNAMIC;

-- Dumping data for table simbok_marketplace._access: 8 rows
DELETE FROM `_access`;
/*!40000 ALTER TABLE `_access` DISABLE KEYS */;
INSERT INTO `_access` (`id`, `access`, `description`, `created_at`, `created_by`, `updated_at`, `updated_by`, `deleted_at`, `deleted_by`, `is_deleted`, `is_active`) VALUES
	(1, 'read', 'Mengakses menu.', NULL, 'System', NULL, NULL, NULL, NULL, 0, 1),
	(2, 'create', 'Menambah data.', NULL, 'System', NULL, NULL, NULL, NULL, 0, 1),
	(3, 'update', 'Mengubah data.', NULL, 'System', NULL, NULL, NULL, NULL, 0, 1),
	(4, 'delete', 'Menghapus data.', NULL, 'System', NULL, NULL, NULL, NULL, 0, 1),
	(5, 'report', 'Membuat laporan. ', NULL, 'System', NULL, NULL, NULL, NULL, 0, 1),
	(6, 'login', 'Masuk ke aplikasi.', NULL, 'System', NULL, NULL, NULL, NULL, 0, 1),
	(7, 'loginfailed', 'Gagal masuk ke aplikasi.', NULL, 'System', NULL, NULL, NULL, NULL, 0, 1),
	(8, 'logout', 'Keluar dari aplikasi.', NULL, 'System', NULL, NULL, NULL, NULL, 0, 1);
/*!40000 ALTER TABLE `_access` ENABLE KEYS */;

-- Dumping structure for table simbok_marketplace._group
DROP TABLE IF EXISTS `_group`;
CREATE TABLE IF NOT EXISTS `_group` (
  `id` varchar(32) NOT NULL,
  `group` varchar(50) NOT NULL,
  `description` varchar(255) NOT NULL,
  `created_at` timestamp NULL DEFAULT NULL,
  `created_by` varchar(50) DEFAULT 'System',
  `updated_at` timestamp NULL DEFAULT NULL,
  `updated_by` varchar(50) DEFAULT NULL,
  `deleted_at` timestamp NULL DEFAULT NULL,
  `deleted_by` varchar(50) DEFAULT NULL,
  `is_deleted` tinyint(1) NOT NULL DEFAULT 0,
  `is_active` tinyint(1) NOT NULL DEFAULT 1,
  PRIMARY KEY (`id`) USING BTREE
) ENGINE=MyISAM DEFAULT CHARSET=latin1 ROW_FORMAT=DYNAMIC;

-- Dumping data for table simbok_marketplace._group: 3 rows
DELETE FROM `_group`;
/*!40000 ALTER TABLE `_group` DISABLE KEYS */;
INSERT INTO `_group` (`id`, `group`, `description`, `created_at`, `created_by`, `updated_at`, `updated_by`, `deleted_at`, `deleted_by`, `is_deleted`, `is_active`) VALUES
	('0adf192fa95d7a62bc416f6316b61204', 'User', 'User biasa.', '2020-01-09 20:26:42', 'Super Administrator', NULL, NULL, NULL, NULL, 0, 1),
	('c4ca4238a0b923820dcc509a6f75849b', 'Superadmin', 'Root access.', '2019-07-02 21:59:26', 'System', '2020-01-09 21:06:40', 'Super Administrator', NULL, NULL, 0, 1),
	('297a139cfbf6720acb448ee95d9f7a12', 'Penjual / UMKM', 'Group Untuk Kelompok atau UMKM yang Ikut Memasarkan Produknya Di SIMBOK Marketplace', '2020-02-26 09:06:28', 'Super Administrator', NULL, NULL, NULL, NULL, 0, 1);
/*!40000 ALTER TABLE `_group` ENABLE KEYS */;

-- Dumping structure for table simbok_marketplace._group_menu
DROP TABLE IF EXISTS `_group_menu`;
CREATE TABLE IF NOT EXISTS `_group_menu` (
  `menu_id` varchar(32) NOT NULL,
  `group_id` varchar(50) NOT NULL DEFAULT '0',
  `_read` tinyint(1) NOT NULL DEFAULT 0,
  `_create` tinyint(1) NOT NULL DEFAULT 0,
  `_update` tinyint(1) NOT NULL DEFAULT 0,
  `_delete` tinyint(1) NOT NULL DEFAULT 0,
  `_report` tinyint(1) NOT NULL DEFAULT 0,
  `created_at` timestamp NULL DEFAULT NULL,
  `created_by` varchar(255) DEFAULT 'System',
  `updated_at` timestamp NULL DEFAULT NULL,
  `updated_by` varchar(255) DEFAULT NULL,
  `deleted_at` timestamp NULL DEFAULT NULL,
  `deleted_by` varchar(255) DEFAULT NULL,
  `is_deleted` tinyint(1) NOT NULL DEFAULT 0,
  `is_active` tinyint(1) NOT NULL DEFAULT 1,
  PRIMARY KEY (`menu_id`,`group_id`) USING BTREE
) ENGINE=MyISAM DEFAULT CHARSET=latin1 ROW_FORMAT=DYNAMIC;

-- Dumping data for table simbok_marketplace._group_menu: 28 rows
DELETE FROM `_group_menu`;
/*!40000 ALTER TABLE `_group_menu` DISABLE KEYS */;
INSERT INTO `_group_menu` (`menu_id`, `group_id`, `_read`, `_create`, `_update`, `_delete`, `_report`, `created_at`, `created_by`, `updated_at`, `updated_by`, `deleted_at`, `deleted_by`, `is_deleted`, `is_active`) VALUES
	('99.04', '0adf192fa95d7a62bc416f6316b61204', 1, 0, 1, 0, 0, NULL, 'System', NULL, NULL, NULL, NULL, 0, 1),
	('99.03', '0adf192fa95d7a62bc416f6316b61204', 1, 1, 1, 1, 0, NULL, 'System', NULL, NULL, NULL, NULL, 0, 1),
	('99.02', '0adf192fa95d7a62bc416f6316b61204', 1, 1, 1, 1, 0, NULL, 'System', NULL, NULL, NULL, NULL, 0, 1),
	('99.01', '0adf192fa95d7a62bc416f6316b61204', 1, 1, 1, 1, 0, NULL, 'System', NULL, NULL, NULL, NULL, 0, 1),
	('99', '0adf192fa95d7a62bc416f6316b61204', 1, 0, 0, 0, 0, NULL, 'System', NULL, NULL, NULL, NULL, 0, 1),
	('99', 'c4ca4238a0b923820dcc509a6f75849b', 1, 0, 0, 0, 0, NULL, 'System', NULL, NULL, NULL, NULL, 0, 1),
	('99.05', 'c4ca4238a0b923820dcc509a6f75849b', 1, 0, 1, 0, 0, NULL, 'System', NULL, NULL, NULL, NULL, 0, 1),
	('99.04', 'c4ca4238a0b923820dcc509a6f75849b', 1, 0, 1, 0, 0, NULL, 'System', NULL, NULL, NULL, NULL, 0, 1),
	('99.03', 'c4ca4238a0b923820dcc509a6f75849b', 1, 1, 1, 1, 0, NULL, 'System', NULL, NULL, NULL, NULL, 0, 1),
	('99.02', 'c4ca4238a0b923820dcc509a6f75849b', 1, 1, 1, 1, 0, NULL, 'System', NULL, NULL, NULL, NULL, 0, 1),
	('91.01', '0adf192fa95d7a62bc416f6316b61204', 1, 1, 1, 1, 0, NULL, 'System', NULL, NULL, NULL, NULL, 0, 1),
	('90', '0adf192fa95d7a62bc416f6316b61204', 1, 0, 0, 0, 0, NULL, 'System', NULL, NULL, NULL, NULL, 0, 1),
	('99.01', 'c4ca4238a0b923820dcc509a6f75849b', 1, 1, 1, 1, 0, NULL, 'System', NULL, NULL, NULL, NULL, 0, 1),
	('90', 'c4ca4238a0b923820dcc509a6f75849b', 1, 0, 0, 0, 0, NULL, 'System', NULL, NULL, NULL, NULL, 0, 1),
	('44', 'c4ca4238a0b923820dcc509a6f75849b', 1, 1, 1, 1, 0, NULL, 'System', NULL, NULL, NULL, NULL, 0, 1),
	('43', 'c4ca4238a0b923820dcc509a6f75849b', 1, 1, 1, 1, 0, NULL, 'System', NULL, NULL, NULL, NULL, 0, 1),
	('42', 'c4ca4238a0b923820dcc509a6f75849b', 1, 1, 1, 1, 0, NULL, 'System', NULL, NULL, NULL, NULL, 0, 1),
	('41', 'c4ca4238a0b923820dcc509a6f75849b', 1, 1, 1, 1, 0, NULL, 'System', NULL, NULL, NULL, NULL, 0, 1),
	('32', '297a139cfbf6720acb448ee95d9f7a12', 1, 1, 1, 0, 0, NULL, 'System', NULL, NULL, NULL, NULL, 0, 1),
	('31.02', '297a139cfbf6720acb448ee95d9f7a12', 1, 1, 1, 1, 0, NULL, 'System', NULL, NULL, NULL, NULL, 0, 1),
	('31.01', '297a139cfbf6720acb448ee95d9f7a12', 1, 1, 1, 1, 0, NULL, 'System', NULL, NULL, NULL, NULL, 0, 1),
	('40', 'c4ca4238a0b923820dcc509a6f75849b', 1, 0, 0, 0, 0, NULL, 'System', NULL, NULL, NULL, NULL, 0, 1),
	('23', 'c4ca4238a0b923820dcc509a6f75849b', 1, 1, 1, 1, 0, NULL, 'System', NULL, NULL, NULL, NULL, 0, 1),
	('22', 'c4ca4238a0b923820dcc509a6f75849b', 1, 1, 1, 1, 0, NULL, 'System', NULL, NULL, NULL, NULL, 0, 1),
	('21', 'c4ca4238a0b923820dcc509a6f75849b', 1, 1, 1, 1, 0, NULL, 'System', NULL, NULL, NULL, NULL, 0, 1),
	('10', 'c4ca4238a0b923820dcc509a6f75849b', 1, 0, 0, 0, 0, NULL, 'System', NULL, NULL, NULL, NULL, 0, 1),
	('20', 'c4ca4238a0b923820dcc509a6f75849b', 1, 0, 0, 0, 0, NULL, 'System', NULL, NULL, NULL, NULL, 0, 1),
	('31', '297a139cfbf6720acb448ee95d9f7a12', 1, 1, 1, 1, 0, NULL, 'System', NULL, NULL, NULL, NULL, 0, 1);
/*!40000 ALTER TABLE `_group_menu` ENABLE KEYS */;

-- Dumping structure for table simbok_marketplace._menu
DROP TABLE IF EXISTS `_menu`;
CREATE TABLE IF NOT EXISTS `_menu` (
  `id` varchar(50) NOT NULL,
  `parent_id` varchar(50) NOT NULL,
  `type` tinyint(1) NOT NULL DEFAULT 1,
  `menu` varchar(50) NOT NULL,
  `controller` varchar(50) NOT NULL,
  `icon` varchar(50) NOT NULL,
  `url` varchar(50) NOT NULL,
  `is_read` tinyint(1) NOT NULL DEFAULT 0,
  `is_create` tinyint(1) NOT NULL DEFAULT 0,
  `is_update` tinyint(1) NOT NULL DEFAULT 0,
  `is_delete` tinyint(1) NOT NULL DEFAULT 0,
  `is_report` tinyint(1) NOT NULL DEFAULT 0,
  `created_at` timestamp NULL DEFAULT NULL,
  `created_by` varchar(255) DEFAULT 'System',
  `updated_at` timestamp NULL DEFAULT NULL,
  `updated_by` varchar(255) DEFAULT NULL,
  `deleted_at` timestamp NULL DEFAULT NULL,
  `deleted_by` varchar(255) DEFAULT NULL,
  `is_deleted` tinyint(1) NOT NULL DEFAULT 0,
  `is_active` tinyint(1) NOT NULL DEFAULT 1,
  PRIMARY KEY (`id`) USING BTREE
) ENGINE=MyISAM DEFAULT CHARSET=latin1 ROW_FORMAT=DYNAMIC;

-- Dumping data for table simbok_marketplace._menu: 23 rows
DELETE FROM `_menu`;
/*!40000 ALTER TABLE `_menu` DISABLE KEYS */;
INSERT INTO `_menu` (`id`, `parent_id`, `type`, `menu`, `controller`, `icon`, `url`, `is_read`, `is_create`, `is_update`, `is_delete`, `is_report`, `created_at`, `created_by`, `updated_at`, `updated_by`, `deleted_at`, `deleted_by`, `is_deleted`, `is_active`) VALUES
	('10', '', 3, 'Dashboard', '_dashboard', 'fas fa-tachometer-alt', 'index', 1, 0, 0, 0, 0, '2019-07-04 11:45:32', 'System', '2020-01-09 20:38:33', 'Super Administrator', NULL, NULL, 0, 1),
	('90', '', 1, 'MENU KONFIGURASI', '#', '#', '#', 1, 0, 0, 0, 0, '2019-07-05 05:35:00', 'System', '2020-01-09 12:36:35', 'Super Administrator', NULL, NULL, 0, 1),
	('99', '', 2, 'Pengaturan', '#', 'fas fa-list', '#', 1, 0, 0, 0, 0, '2019-07-05 05:35:21', 'System', '2020-01-10 08:23:36', 'Super Administrator', NULL, NULL, 0, 1),
	('99.01', '99', 3, 'Menu', '_menu', 'fas fa-bars', 'index', 1, 1, 1, 1, 0, '2019-07-05 05:38:26', 'System', '2020-01-10 08:22:30', 'Super Administrator', NULL, NULL, 0, 1),
	('99.02', '99', 3, 'Group', '_group', 'fas fa-users', 'index', 1, 1, 1, 1, 0, '2019-07-16 07:15:08', 'Super Administrator', '2020-01-10 07:35:14', 'Super Administrator', NULL, NULL, 0, 1),
	('99.03', '99', 3, 'Pengguna', '_user', 'fas fa-user', 'index', 1, 1, 1, 1, 0, '2019-07-17 04:12:26', 'Super Administrator', '2020-01-10 07:35:25', 'Super Administrator', NULL, NULL, 0, 1),
	('99.04', '99', 3, 'Profil', '_profile', 'fas fa-address-card', 'form', 1, 0, 1, 0, 0, '2019-07-21 14:11:08', 'Super Administrator', '2020-01-10 13:00:40', 'Super Administrator', NULL, NULL, 0, 1),
	('91', '', 2, 'Master Data', '#', 'fas fa-microchip', '#', 1, 0, 0, 0, 0, '2020-01-10 11:59:37', 'Super Administrator', '2020-01-10 12:01:19', 'Super Administrator', NULL, NULL, 0, 1),
	('91.01', '91', 3, 'Parameter', '_parameter', 'fas fa-list', 'index', 1, 1, 1, 1, 0, '2020-01-10 12:01:11', 'Super Administrator', NULL, NULL, NULL, NULL, 0, 1),
	('99.05', '99', 3, 'Tema', '_theme', 'fas fa-image', 'form', 1, 0, 1, 0, 0, '2020-01-10 13:00:26', 'Super Administrator', '2020-01-10 13:00:33', 'Super Administrator', NULL, NULL, 0, 1),
	('20', '', 1, 'PENGELOLA UMKM', '#', '#', '#', 1, 0, 0, 0, 0, '2020-02-26 10:57:45', 'Super Administrator', '2020-02-26 11:00:26', 'Super Administrator', NULL, NULL, 0, 1),
	('22', '', 3, 'UMKM Terdaftar', 'umkm_terdaftar', 'fas fa-users', 'index', 1, 1, 1, 1, 0, '2020-02-26 11:09:45', 'Super Administrator', '2020-02-27 12:57:05', 'Super Administrator', NULL, NULL, 0, 1),
	('23', '', 3, 'Produk UMKM', 'umkm_produk', 'fas fa-gifts', 'index', 1, 1, 1, 1, 0, '2020-02-26 11:14:14', 'Super Administrator', '2020-03-12 08:12:26', 'Super Administrator', NULL, NULL, 0, 1),
	('31', '', 2, 'Produk', '#', 'fas fa-gifts', '#', 1, 1, 1, 1, 0, '2020-02-26 14:27:01', 'Super Administrator', '2020-03-10 09:07:49', 'Super Administrator', NULL, NULL, 0, 1),
	('32', '', 3, 'Profil Market', 'umkm_profil', 'fas fa-store', 'index', 1, 1, 1, 0, 0, '2020-02-26 14:30:06', 'Super Administrator', '2020-04-07 09:49:16', 'Super Administrator', NULL, NULL, 0, 1),
	('21', '', 3, 'UMKM Pendaftar ', 'umkm_pendaftar', 'fas fa-user-check', 'index', 1, 1, 1, 1, 0, '2020-02-27 12:02:05', 'Super Administrator', '2020-02-27 12:57:19', 'Super Administrator', NULL, NULL, 0, 1),
	('40', '', 1, 'PENGELOLA APLIKASI', '#', '#', '#', 1, 0, 0, 0, 0, '2020-03-04 09:18:20', 'Super Administrator', '2020-03-04 09:19:09', 'Super Administrator', NULL, NULL, 0, 1),
	('41', '', 3, 'Slide Show', 'pa_slide', 'fas fa-forward', 'index', 1, 1, 1, 1, 0, '2020-03-04 09:29:23', 'Super Administrator', '2020-06-19 08:54:19', 'Super Administrator', NULL, NULL, 0, 1),
	('42', '', 3, 'Kategori', 'pa_kategori', 'fas fa-cubes', 'index', 1, 1, 1, 1, 0, '2020-03-04 10:53:22', 'Super Administrator', '2020-03-04 13:19:27', 'Super Administrator', NULL, NULL, 0, 1),
	('31.01', '31', 3, 'Dipublikasi', 'umkm_produk', 'fas fa-clipboard-check', 'index', 1, 1, 1, 1, 0, '2020-03-10 09:07:22', 'Super Administrator', '2020-03-10 09:07:39', 'Super Administrator', NULL, NULL, 0, 1),
	('31.02', '31', 3, 'Diarsipkan', 'umkm_produk_arsip', 'fas fa-archive', 'index', 1, 1, 1, 1, 0, '2020-03-10 09:10:36', 'Super Administrator', '2020-03-10 09:24:00', 'Super Administrator', NULL, NULL, 0, 1),
	('43', '', 3, 'S & K', 'pa_sandk', 'fas fa-file', 'index', 1, 1, 1, 1, 0, '2020-06-19 09:03:34', 'Super Administrator', '2020-06-19 09:12:46', 'Super Administrator', NULL, NULL, 0, 1),
	('44', '', 3, 'Sukses Daftar', 'pa_success', 'fas fa-clipboard-check', 'index', 1, 1, 1, 1, 0, '2020-06-20 14:31:17', 'Super Administrator', NULL, NULL, NULL, NULL, 0, 1);
/*!40000 ALTER TABLE `_menu` ENABLE KEYS */;

-- Dumping structure for table simbok_marketplace._parameter
DROP TABLE IF EXISTS `_parameter`;
CREATE TABLE IF NOT EXISTS `_parameter` (
  `id` varchar(255) NOT NULL,
  `parameter` varchar(255) NOT NULL,
  `value` varchar(255) NOT NULL,
  `description` varchar(255) NOT NULL,
  `created_at` timestamp NULL DEFAULT NULL,
  `created_by` varchar(50) DEFAULT 'System',
  `updated_at` timestamp NULL DEFAULT NULL,
  `updated_by` varchar(50) DEFAULT NULL,
  `deleted_at` timestamp NULL DEFAULT NULL,
  `deleted_by` varchar(50) DEFAULT NULL,
  `is_deleted` tinyint(1) NOT NULL DEFAULT 0,
  `is_active` tinyint(1) NOT NULL DEFAULT 1,
  PRIMARY KEY (`id`) USING BTREE
) ENGINE=MyISAM DEFAULT CHARSET=latin1 ROW_FORMAT=DYNAMIC;

-- Dumping data for table simbok_marketplace._parameter: 1 rows
DELETE FROM `_parameter`;
/*!40000 ALTER TABLE `_parameter` DISABLE KEYS */;
INSERT INTO `_parameter` (`id`, `parameter`, `value`, `description`, `created_at`, `created_by`, `updated_at`, `updated_by`, `deleted_at`, `deleted_by`, `is_deleted`, `is_active`) VALUES
	('0adf192fa95d7a62bc416f6316b61204', 'TAHUN_MULAI', '2020', 'User biasa.', '2020-01-09 20:26:42', 'Super Administrator', '2020-02-27 13:04:34', 'Super Administrator', NULL, NULL, 0, 1);
/*!40000 ALTER TABLE `_parameter` ENABLE KEYS */;

-- Dumping structure for table simbok_marketplace._profile
DROP TABLE IF EXISTS `_profile`;
CREATE TABLE IF NOT EXISTS `_profile` (
  `id` int(11) NOT NULL AUTO_INCREMENT,
  `app` varchar(255) NOT NULL,
  `singkatan` varchar(255) NOT NULL,
  `instansi` varchar(255) NOT NULL,
  `pemda` varchar(255) NOT NULL,
  `telp` varchar(50) NOT NULL,
  `fax` varchar(50) NOT NULL,
  `email` varchar(50) NOT NULL,
  `description` text NOT NULL,
  `logo` text NOT NULL,
  `version` varchar(20) NOT NULL,
  `exp_product_day` int(5) DEFAULT NULL,
  `start_year` int(4) NOT NULL DEFAULT 0,
  `navbar_variant` varchar(255) NOT NULL DEFAULT '0',
  `brand_logo_variant` varchar(255) NOT NULL DEFAULT '0',
  `sidebar_variant` varchar(255) NOT NULL DEFAULT '0',
  `sidebar_accent` varchar(255) NOT NULL DEFAULT '0',
  `navbar_border` tinyint(1) NOT NULL DEFAULT 0,
  `body_small_text` tinyint(1) NOT NULL DEFAULT 0,
  `navbar_small_text` tinyint(1) NOT NULL DEFAULT 0,
  `sidebarnav_small_text` tinyint(1) NOT NULL DEFAULT 0,
  `footer_small_text` tinyint(1) NOT NULL DEFAULT 0,
  `flat_sidebar` tinyint(1) NOT NULL DEFAULT 0,
  `legacy_sidebar` tinyint(1) NOT NULL DEFAULT 0,
  `compact_sidebar` tinyint(1) NOT NULL DEFAULT 0,
  `nav_child_indent` tinyint(1) NOT NULL DEFAULT 0,
  `layout_fixed` tinyint(1) NOT NULL,
  `layout_navbar_fixed` tinyint(1) NOT NULL,
  `layout_footer_fixed` tinyint(1) NOT NULL,
  `created` timestamp NOT NULL DEFAULT current_timestamp(),
  `created_by` varchar(50) NOT NULL DEFAULT 'System',
  `updated` timestamp NULL DEFAULT NULL ON UPDATE current_timestamp(),
  `updated_by` varchar(50) DEFAULT NULL,
  `is_active` tinyint(1) NOT NULL DEFAULT 1,
  `is_deleted` tinyint(1) NOT NULL DEFAULT 0,
  PRIMARY KEY (`id`) USING BTREE
) ENGINE=MyISAM AUTO_INCREMENT=2 DEFAULT CHARSET=latin1 ROW_FORMAT=DYNAMIC;

-- Dumping data for table simbok_marketplace._profile: 1 rows
DELETE FROM `_profile`;
/*!40000 ALTER TABLE `_profile` DISABLE KEYS */;
INSERT INTO `_profile` (`id`, `app`, `singkatan`, `instansi`, `pemda`, `telp`, `fax`, `email`, `description`, `logo`, `version`, `exp_product_day`, `start_year`, `navbar_variant`, `brand_logo_variant`, `sidebar_variant`, `sidebar_accent`, `navbar_border`, `body_small_text`, `navbar_small_text`, `sidebarnav_small_text`, `footer_small_text`, `flat_sidebar`, `legacy_sidebar`, `compact_sidebar`, `nav_child_indent`, `layout_fixed`, `layout_navbar_fixed`, `layout_footer_fixed`, `created`, `created_by`, `updated`, `updated_by`, `is_active`, `is_deleted`) VALUES
	(1, 'SIMBOK BLONJO', 'SIMBOK BLONJO', 'ADD Komputer', 'Yogyakarta', '-', '-', 'developer.addkomputer@gmail.com', 'BAKULANE WONG KEBUMEN', 'f07391abe267823e8af5eb69cd26585c.png', '0.1.0', 30, 2020, 'navbar-dark navbar-primary', 'navbar-primary', 'sidebar-dark-', 'info', 0, 1, 0, 0, 0, 0, 0, 0, 1, 1, 1, 1, '2019-07-02 07:41:39', 'System', '2020-06-24 12:53:18', 'Super Administrator', 0, 0);
/*!40000 ALTER TABLE `_profile` ENABLE KEYS */;

-- Dumping structure for table simbok_marketplace._user
DROP TABLE IF EXISTS `_user`;
CREATE TABLE IF NOT EXISTS `_user` (
  `id` varchar(32) NOT NULL,
  `group_id` varchar(50) NOT NULL,
  `user_name` varchar(50) NOT NULL,
  `user_password` varchar(50) NOT NULL,
  `fullname` varchar(255) NOT NULL,
  `photo` varchar(255) DEFAULT NULL,
  `created_at` timestamp NULL DEFAULT NULL,
  `created_by` varchar(50) DEFAULT 'System',
  `updated_at` timestamp NULL DEFAULT NULL,
  `updated_by` varchar(50) DEFAULT NULL,
  `deleted_at` timestamp NULL DEFAULT NULL,
  `deleted_by` varchar(50) DEFAULT NULL,
  `is_deleted` tinyint(1) NOT NULL DEFAULT 0,
  `is_active` tinyint(1) NOT NULL DEFAULT 1,
  `is_locked` tinyint(1) NOT NULL DEFAULT 0,
  PRIMARY KEY (`id`) USING BTREE
) ENGINE=MyISAM DEFAULT CHARSET=latin1 ROW_FORMAT=DYNAMIC;

-- Dumping data for table simbok_marketplace._user: 1 rows
DELETE FROM `_user`;
/*!40000 ALTER TABLE `_user` DISABLE KEYS */;
INSERT INTO `_user` (`id`, `group_id`, `user_name`, `user_password`, `fullname`, `photo`, `created_at`, `created_by`, `updated_at`, `updated_by`, `deleted_at`, `deleted_by`, `is_deleted`, `is_active`, `is_locked`) VALUES
	('17c4520f6cfd1ab53d8745e84681eb49', 'c4ca4238a0b923820dcc509a6f75849b', 'superadmin', '7363a0d0604902af7b70b271a0b96480', 'Super Administrator', '3feaf401ef181de9bd672bdff3d9cf0c.png', NULL, 'System', '2020-06-16 10:45:12', 'Super Administrator', NULL, NULL, 0, 1, 1);
/*!40000 ALTER TABLE `_user` ENABLE KEYS */;

-- Dumping structure for trigger simbok_marketplace.delete_group
DROP TRIGGER IF EXISTS `delete_group`;
SET @OLDTMP_SQL_MODE=@@SQL_MODE, SQL_MODE='STRICT_TRANS_TABLES,ERROR_FOR_DIVISION_BY_ZERO,NO_AUTO_CREATE_USER,NO_ENGINE_SUBSTITUTION';
DELIMITER //
CREATE TRIGGER `delete_group` AFTER DELETE ON `_group` FOR EACH ROW BEGIN
 DELETE FROM _group_menu WHERE group_id=old.id;
END//
DELIMITER ;
SET SQL_MODE=@OLDTMP_SQL_MODE;

-- Dumping structure for trigger simbok_marketplace.update_menu
DROP TRIGGER IF EXISTS `update_menu`;
SET @OLDTMP_SQL_MODE=@@SQL_MODE, SQL_MODE='STRICT_TRANS_TABLES,ERROR_FOR_DIVISION_BY_ZERO,NO_AUTO_CREATE_USER,NO_ENGINE_SUBSTITUTION';
DELIMITER //
CREATE TRIGGER `update_menu` AFTER UPDATE ON `_menu` FOR EACH ROW BEGIN
    UPDATE _group_menu SET menu_id = NEW.id WHERE menu_id = OLD.id;
END//
DELIMITER ;
SET SQL_MODE=@OLDTMP_SQL_MODE;

/*!40101 SET SQL_MODE=IFNULL(@OLD_SQL_MODE, '') */;
/*!40014 SET FOREIGN_KEY_CHECKS=IF(@OLD_FOREIGN_KEY_CHECKS IS NULL, 1, @OLD_FOREIGN_KEY_CHECKS) */;
/*!40101 SET CHARACTER_SET_CLIENT=@OLD_CHARACTER_SET_CLIENT */;
