-- --------------------------------------------------------
-- Host:                         127.0.0.1
-- Server version:               10.1.38-MariaDB - mariadb.org binary distribution
-- Server OS:                    Win64
-- HeidiSQL Version:             10.2.0.5599
-- --------------------------------------------------------

/*!40101 SET @OLD_CHARACTER_SET_CLIENT=@@CHARACTER_SET_CLIENT */;
/*!40101 SET NAMES utf8 */;
/*!50503 SET NAMES utf8mb4 */;
/*!40014 SET @OLD_FOREIGN_KEY_CHECKS=@@FOREIGN_KEY_CHECKS, FOREIGN_KEY_CHECKS=0 */;
/*!40101 SET @OLD_SQL_MODE=@@SQL_MODE, SQL_MODE='NO_AUTO_VALUE_ON_ZERO' */;

-- Dumping structure for table kkda_db.ap_activity
CREATE TABLE IF NOT EXISTS `ap_activity` (
  `id` bigint(20) NOT NULL AUTO_INCREMENT,
  `sess_id` varchar(32) NOT NULL DEFAULT '0',
  `user_id` varchar(32) NOT NULL DEFAULT '0',
  `fullname` varchar(255) NOT NULL DEFAULT '0',
  `role` varchar(50) NOT NULL,
  `ip_address` varchar(15) NOT NULL,
  `user_agent` varchar(255) NOT NULL,
  `platform` varchar(255) NOT NULL,
  `module` varchar(255) NOT NULL,
  `description` text NOT NULL,
  `created` timestamp NULL DEFAULT NULL,
  `created_by` varchar(50) NOT NULL DEFAULT 'System',
  `updated` timestamp NULL DEFAULT NULL,
  `updated_by` varchar(50) DEFAULT NULL,
  `is_active` tinyint(1) NOT NULL DEFAULT '1',
  `is_deleted` tinyint(1) NOT NULL DEFAULT '0',
  PRIMARY KEY (`id`)
) ENGINE=InnoDB AUTO_INCREMENT=109 DEFAULT CHARSET=latin1 ROW_FORMAT=COMPACT;

-- Dumping data for table kkda_db.ap_activity: ~95 rows (approximately)
DELETE FROM `ap_activity`;
/*!40000 ALTER TABLE `ap_activity` DISABLE KEYS */;
INSERT INTO `ap_activity` (`id`, `sess_id`, `user_id`, `fullname`, `role`, `ip_address`, `user_agent`, `platform`, `module`, `description`, `created`, `created_by`, `updated`, `updated_by`, `is_active`, `is_deleted`) VALUES
	(1, 'tg0a0d7hkvu8b40he1frfhn2d6csb41m', '-', '-', 'access', '::1', 'Chrome 78.0.3904.87', 'Windows 10', 'Login', 'Mengakses aplikasi.', '2019-11-05 10:15:53', 'System', NULL, NULL, 1, 0),
	(2, 'tg0a0d7hkvu8b40he1frfhn2d6csb41m', '17c4520f6cfd1ab53d8745e84681eb49', 'Super Administrator', 'login', '::1', 'Chrome 78.0.3904.87', 'Windows 10', 'Login', 'Masuk ke sistem', '2019-11-05 10:15:57', 'System', NULL, NULL, 1, 0),
	(3, 'tg0a0d7hkvu8b40he1frfhn2d6csb41m', '17c4520f6cfd1ab53d8745e84681eb49', 'Super Administrator', 'read', '::1', 'Chrome 78.0.3904.87', 'Windows 10', 'Menu', 'Membuat data baru.', '2019-11-05 10:16:02', 'System', NULL, NULL, 1, 0),
	(4, 'tg0a0d7hkvu8b40he1frfhn2d6csb41m', '17c4520f6cfd1ab53d8745e84681eb49', 'Super Administrator', 'delete', '::1', 'Chrome 78.0.3904.87', 'Windows 10', 'Menu', 'Menghapus data.', '2019-11-05 10:16:28', 'System', NULL, NULL, 1, 0),
	(5, 'tg0a0d7hkvu8b40he1frfhn2d6csb41m', '17c4520f6cfd1ab53d8745e84681eb49', 'Super Administrator', 'read', '::1', 'Chrome 78.0.3904.87', 'Windows 10', 'Menu', 'Membuat data baru.', '2019-11-05 10:16:28', 'System', NULL, NULL, 1, 0),
	(6, 'tg0a0d7hkvu8b40he1frfhn2d6csb41m', '17c4520f6cfd1ab53d8745e84681eb49', 'Super Administrator', 'delete', '::1', 'Chrome 78.0.3904.87', 'Windows 10', 'Menu', 'Menghapus data.', '2019-11-05 10:16:52', 'System', NULL, NULL, 1, 0),
	(7, 'tg0a0d7hkvu8b40he1frfhn2d6csb41m', '17c4520f6cfd1ab53d8745e84681eb49', 'Super Administrator', 'read', '::1', 'Chrome 78.0.3904.87', 'Windows 10', 'Menu', 'Membuat data baru.', '2019-11-05 10:16:52', 'System', NULL, NULL, 1, 0),
	(8, 'tg0a0d7hkvu8b40he1frfhn2d6csb41m', '17c4520f6cfd1ab53d8745e84681eb49', 'Super Administrator', 'read', '::1', 'Chrome 78.0.3904.87', 'Windows 10', 'Profil', 'Membuat data baru.', '2019-11-05 10:16:58', 'System', NULL, NULL, 1, 0),
	(9, 'tg0a0d7hkvu8b40he1frfhn2d6csb41m', '17c4520f6cfd1ab53d8745e84681eb49', 'Super Administrator', 'update', '::1', 'Chrome 78.0.3904.87', 'Windows 10', 'Profil', 'Mengubah data.', '2019-11-05 10:18:06', 'System', NULL, NULL, 1, 0),
	(10, 'tg0a0d7hkvu8b40he1frfhn2d6csb41m', '17c4520f6cfd1ab53d8745e84681eb49', 'Super Administrator', 'read', '::1', 'Chrome 78.0.3904.87', 'Windows 10', 'Profil', 'Membuat data baru.', '2019-11-05 10:18:07', 'System', NULL, NULL, 1, 0),
	(11, 'tg0a0d7hkvu8b40he1frfhn2d6csb41m', '17c4520f6cfd1ab53d8745e84681eb49', 'Super Administrator', 'read', '::1', 'Chrome 78.0.3904.87', 'Windows 10', 'Menu', 'Membuat data baru.', '2019-11-05 10:18:18', 'System', NULL, NULL, 1, 0),
	(12, 'tg0a0d7hkvu8b40he1frfhn2d6csb41m', '17c4520f6cfd1ab53d8745e84681eb49', 'Super Administrator', 'create', '::1', 'Chrome 78.0.3904.87', 'Windows 10', 'Menu', 'Membuat data baru.', '2019-11-05 10:18:37', 'System', NULL, NULL, 1, 0),
	(13, 'tg0a0d7hkvu8b40he1frfhn2d6csb41m', '17c4520f6cfd1ab53d8745e84681eb49', 'Super Administrator', 'read', '::1', 'Chrome 78.0.3904.87', 'Windows 10', 'Menu', 'Membuat data baru.', '2019-11-05 10:18:37', 'System', NULL, NULL, 1, 0),
	(14, 'tg0a0d7hkvu8b40he1frfhn2d6csb41m', '17c4520f6cfd1ab53d8745e84681eb49', 'Super Administrator', 'create', '::1', 'Chrome 78.0.3904.87', 'Windows 10', 'Menu', 'Membuat data baru.', '2019-11-05 10:19:09', 'System', NULL, NULL, 1, 0),
	(15, 'tg0a0d7hkvu8b40he1frfhn2d6csb41m', '17c4520f6cfd1ab53d8745e84681eb49', 'Super Administrator', 'read', '::1', 'Chrome 78.0.3904.87', 'Windows 10', 'Menu', 'Membuat data baru.', '2019-11-05 10:19:09', 'System', NULL, NULL, 1, 0),
	(16, 'tg0a0d7hkvu8b40he1frfhn2d6csb41m', '17c4520f6cfd1ab53d8745e84681eb49', 'Super Administrator', 'create', '::1', 'Chrome 78.0.3904.87', 'Windows 10', 'Menu', 'Membuat data baru.', '2019-11-05 10:19:25', 'System', NULL, NULL, 1, 0),
	(17, 'tg0a0d7hkvu8b40he1frfhn2d6csb41m', '17c4520f6cfd1ab53d8745e84681eb49', 'Super Administrator', 'read', '::1', 'Chrome 78.0.3904.87', 'Windows 10', 'Menu', 'Membuat data baru.', '2019-11-05 10:19:25', 'System', NULL, NULL, 1, 0),
	(18, 'tg0a0d7hkvu8b40he1frfhn2d6csb41m', '17c4520f6cfd1ab53d8745e84681eb49', 'Super Administrator', 'create', '::1', 'Chrome 78.0.3904.87', 'Windows 10', 'Menu', 'Membuat data baru.', '2019-11-05 10:19:51', 'System', NULL, NULL, 1, 0),
	(19, 'tg0a0d7hkvu8b40he1frfhn2d6csb41m', '17c4520f6cfd1ab53d8745e84681eb49', 'Super Administrator', 'read', '::1', 'Chrome 78.0.3904.87', 'Windows 10', 'Menu', 'Membuat data baru.', '2019-11-05 10:19:51', 'System', NULL, NULL, 1, 0),
	(20, 'tg0a0d7hkvu8b40he1frfhn2d6csb41m', '17c4520f6cfd1ab53d8745e84681eb49', 'Super Administrator', 'create', '::1', 'Chrome 78.0.3904.87', 'Windows 10', 'Menu', 'Membuat data baru.', '2019-11-05 10:20:15', 'System', NULL, NULL, 1, 0),
	(21, 'tg0a0d7hkvu8b40he1frfhn2d6csb41m', '17c4520f6cfd1ab53d8745e84681eb49', 'Super Administrator', 'read', '::1', 'Chrome 78.0.3904.87', 'Windows 10', 'Menu', 'Membuat data baru.', '2019-11-05 10:20:16', 'System', NULL, NULL, 1, 0),
	(22, 'tg0a0d7hkvu8b40he1frfhn2d6csb41m', '17c4520f6cfd1ab53d8745e84681eb49', 'Super Administrator', 'create', '::1', 'Chrome 78.0.3904.87', 'Windows 10', 'Menu', 'Membuat data baru.', '2019-11-05 10:20:38', 'System', NULL, NULL, 1, 0),
	(23, 'tg0a0d7hkvu8b40he1frfhn2d6csb41m', '17c4520f6cfd1ab53d8745e84681eb49', 'Super Administrator', 'read', '::1', 'Chrome 78.0.3904.87', 'Windows 10', 'Menu', 'Membuat data baru.', '2019-11-05 10:20:38', 'System', NULL, NULL, 1, 0),
	(24, 'a97ndriide6oe46c0jehba3plp778p6e', '17c4520f6cfd1ab53d8745e84681eb49', 'Super Administrator', 'create', '::1', 'Chrome 78.0.3904.87', 'Windows 10', 'Menu', 'Membuat data baru.', '2019-11-05 10:20:54', 'System', NULL, NULL, 1, 0),
	(25, 'a97ndriide6oe46c0jehba3plp778p6e', '17c4520f6cfd1ab53d8745e84681eb49', 'Super Administrator', 'read', '::1', 'Chrome 78.0.3904.87', 'Windows 10', 'Menu', 'Membuat data baru.', '2019-11-05 10:20:54', 'System', NULL, NULL, 1, 0),
	(26, 'a97ndriide6oe46c0jehba3plp778p6e', '17c4520f6cfd1ab53d8745e84681eb49', 'Super Administrator', 'read', '::1', 'Chrome 78.0.3904.87', 'Windows 10', 'Grup', 'Membuat data baru.', '2019-11-05 10:20:57', 'System', NULL, NULL, 1, 0),
	(27, 'a97ndriide6oe46c0jehba3plp778p6e', '17c4520f6cfd1ab53d8745e84681eb49', 'Super Administrator', 'delete', '::1', 'Chrome 78.0.3904.87', 'Windows 10', 'Grup', 'Menghapus data.', '2019-11-05 10:21:03', 'System', NULL, NULL, 1, 0),
	(28, 'a97ndriide6oe46c0jehba3plp778p6e', '17c4520f6cfd1ab53d8745e84681eb49', 'Super Administrator', 'read', '::1', 'Chrome 78.0.3904.87', 'Windows 10', 'Grup', 'Membuat data baru.', '2019-11-05 10:21:03', 'System', NULL, NULL, 1, 0),
	(29, 'a97ndriide6oe46c0jehba3plp778p6e', '17c4520f6cfd1ab53d8745e84681eb49', 'Super Administrator', 'update', '::1', 'Chrome 78.0.3904.87', 'Windows 10', 'Grup', 'Mengubah data.', '2019-11-05 10:21:27', 'System', NULL, NULL, 1, 0),
	(30, 'a97ndriide6oe46c0jehba3plp778p6e', '17c4520f6cfd1ab53d8745e84681eb49', 'Super Administrator', 'read', '::1', 'Chrome 78.0.3904.87', 'Windows 10', 'Grup', 'Membuat data baru.', '2019-11-05 10:21:27', 'System', NULL, NULL, 1, 0),
	(31, 'a97ndriide6oe46c0jehba3plp778p6e', '17c4520f6cfd1ab53d8745e84681eb49', 'Super Administrator', 'read', '::1', 'Chrome 78.0.3904.87', 'Windows 10', 'Menu', 'Membuat data baru.', '2019-11-05 10:21:44', 'System', NULL, NULL, 1, 0),
	(32, 'a97ndriide6oe46c0jehba3plp778p6e', '17c4520f6cfd1ab53d8745e84681eb49', 'Super Administrator', 'create', '::1', 'Chrome 78.0.3904.87', 'Windows 10', 'Menu', 'Membuat data baru.', '2019-11-05 10:21:52', 'System', NULL, NULL, 1, 0),
	(33, 'a97ndriide6oe46c0jehba3plp778p6e', '17c4520f6cfd1ab53d8745e84681eb49', 'Super Administrator', 'read', '::1', 'Chrome 78.0.3904.87', 'Windows 10', 'Menu', 'Membuat data baru.', '2019-11-05 10:21:52', 'System', NULL, NULL, 1, 0),
	(34, 'a97ndriide6oe46c0jehba3plp778p6e', '17c4520f6cfd1ab53d8745e84681eb49', 'Super Administrator', 'read', '::1', 'Chrome 78.0.3904.87', 'Windows 10', 'Grup', 'Membuat data baru.', '2019-11-05 10:21:55', 'System', NULL, NULL, 1, 0),
	(35, 'a97ndriide6oe46c0jehba3plp778p6e', '17c4520f6cfd1ab53d8745e84681eb49', 'Super Administrator', 'update', '::1', 'Chrome 78.0.3904.87', 'Windows 10', 'Grup', 'Mengubah data.', '2019-11-05 10:22:02', 'System', NULL, NULL, 1, 0),
	(36, 'a97ndriide6oe46c0jehba3plp778p6e', '17c4520f6cfd1ab53d8745e84681eb49', 'Super Administrator', 'read', '::1', 'Chrome 78.0.3904.87', 'Windows 10', 'Grup', 'Membuat data baru.', '2019-11-05 10:22:02', 'System', NULL, NULL, 1, 0),
	(37, 'k8fodb7cv5v0jk9qg708mpap1ged2m6f', '-', '-', 'access', '::1', 'Chrome 78.0.3904.87', 'Windows 10', 'Login', 'Mengakses aplikasi.', '2019-11-06 08:29:35', 'System', NULL, NULL, 1, 0),
	(38, 'k8fodb7cv5v0jk9qg708mpap1ged2m6f', '17c4520f6cfd1ab53d8745e84681eb49', 'Super Administrator', 'login', '::1', 'Chrome 78.0.3904.87', 'Windows 10', 'Login', 'Masuk ke sistem', '2019-11-06 08:29:39', 'System', NULL, NULL, 1, 0),
	(39, 'k8fodb7cv5v0jk9qg708mpap1ged2m6f', '17c4520f6cfd1ab53d8745e84681eb49', 'Super Administrator', 'read', '::1', 'Chrome 78.0.3904.87', 'Windows 10', 'KKDA', 'Membuat data baru.', '2019-11-06 08:29:45', 'System', NULL, NULL, 1, 0),
	(40, 'k8fodb7cv5v0jk9qg708mpap1ged2m6f', '17c4520f6cfd1ab53d8745e84681eb49', 'Super Administrator', 'read', '::1', 'Chrome 78.0.3904.87', 'Windows 10', 'KKDA', 'Membuat data baru.', '2019-11-06 08:31:44', 'System', NULL, NULL, 1, 0),
	(41, 'k8fodb7cv5v0jk9qg708mpap1ged2m6f', '17c4520f6cfd1ab53d8745e84681eb49', 'Super Administrator', 'read', '::1', 'Chrome 78.0.3904.87', 'Windows 10', 'KKDA', 'Membuat data baru.', '2019-11-06 08:31:53', 'System', NULL, NULL, 1, 0),
	(42, 'k8fodb7cv5v0jk9qg708mpap1ged2m6f', '17c4520f6cfd1ab53d8745e84681eb49', 'Super Administrator', 'read', '::1', 'Chrome 78.0.3904.87', 'Windows 10', 'KKDA', 'Membuat data baru.', '2019-11-06 08:32:28', 'System', NULL, NULL, 1, 0),
	(43, 'qmvb4im3algcjuti6prf4s6cv17dkqnt', '17c4520f6cfd1ab53d8745e84681eb49', 'Super Administrator', 'create', '::1', 'Chrome 78.0.3904.87', 'Windows 10', 'KKDA', 'Membuat data baru.', '2019-11-06 08:33:56', 'System', NULL, NULL, 1, 0),
	(44, 'qmvb4im3algcjuti6prf4s6cv17dkqnt', '17c4520f6cfd1ab53d8745e84681eb49', 'Super Administrator', 'read', '::1', 'Chrome 78.0.3904.87', 'Windows 10', 'KKDA', 'Membuat data baru.', '2019-11-06 08:33:57', 'System', NULL, NULL, 1, 0),
	(45, 'qmvb4im3algcjuti6prf4s6cv17dkqnt', '17c4520f6cfd1ab53d8745e84681eb49', 'Super Administrator', 'read', '::1', 'Chrome 78.0.3904.87', 'Windows 10', 'KKDA', 'Membuat data baru.', '2019-11-06 08:34:22', 'System', NULL, NULL, 1, 0),
	(46, 'qmvb4im3algcjuti6prf4s6cv17dkqnt', '17c4520f6cfd1ab53d8745e84681eb49', 'Super Administrator', 'read', '::1', 'Chrome 78.0.3904.87', 'Windows 10', 'KKDA', 'Membuat data baru.', '2019-11-06 08:34:25', 'System', NULL, NULL, 1, 0),
	(47, 'qmvb4im3algcjuti6prf4s6cv17dkqnt', '17c4520f6cfd1ab53d8745e84681eb49', 'Super Administrator', 'create', '::1', 'Chrome 78.0.3904.87', 'Windows 10', 'KKDA', 'Membuat data baru.', '2019-11-06 08:34:29', 'System', NULL, NULL, 1, 0),
	(48, 'qmvb4im3algcjuti6prf4s6cv17dkqnt', '17c4520f6cfd1ab53d8745e84681eb49', 'Super Administrator', 'read', '::1', 'Chrome 78.0.3904.87', 'Windows 10', 'KKDA', 'Membuat data baru.', '2019-11-06 08:34:30', 'System', NULL, NULL, 1, 0),
	(49, 'qmvb4im3algcjuti6prf4s6cv17dkqnt', '17c4520f6cfd1ab53d8745e84681eb49', 'Super Administrator', 'read', '::1', 'Chrome 78.0.3904.87', 'Windows 10', 'KKDA', 'Membuat data baru.', '2019-11-06 08:34:32', 'System', NULL, NULL, 1, 0),
	(50, 'qmvb4im3algcjuti6prf4s6cv17dkqnt', '17c4520f6cfd1ab53d8745e84681eb49', 'Super Administrator', 'read', '::1', 'Chrome 78.0.3904.87', 'Windows 10', 'Inflasi', 'Membuat data baru.', '2019-11-06 08:36:51', 'System', NULL, NULL, 1, 0),
	(51, 'qmvb4im3algcjuti6prf4s6cv17dkqnt', '17c4520f6cfd1ab53d8745e84681eb49', 'Super Administrator', 'create', '::1', 'Chrome 78.0.3904.87', 'Windows 10', 'Inflasi', 'Membuat data baru.', '2019-11-06 08:36:57', 'System', NULL, NULL, 1, 0),
	(52, 'qmvb4im3algcjuti6prf4s6cv17dkqnt', '17c4520f6cfd1ab53d8745e84681eb49', 'Super Administrator', 'read', '::1', 'Chrome 78.0.3904.87', 'Windows 10', 'Inflasi', 'Membuat data baru.', '2019-11-06 08:36:57', 'System', NULL, NULL, 1, 0),
	(53, 'r44n8te2requvq5gfgifpn0tat332it4', '-', '-', 'access', '::1', 'Chrome 78.0.3904.87', 'Windows 10', 'Login', 'Mengakses aplikasi.', '2019-11-06 09:11:23', 'System', NULL, NULL, 1, 0),
	(54, 'r44n8te2requvq5gfgifpn0tat332it4', '17c4520f6cfd1ab53d8745e84681eb49', 'Super Administrator', 'login', '::1', 'Chrome 78.0.3904.87', 'Windows 10', 'Login', 'Masuk ke sistem', '2019-11-06 09:11:27', 'System', NULL, NULL, 1, 0),
	(55, 'r44n8te2requvq5gfgifpn0tat332it4', '17c4520f6cfd1ab53d8745e84681eb49', 'Super Administrator', 'read', '::1', 'Chrome 78.0.3904.87', 'Windows 10', 'KKDA', 'Membuat data baru.', '2019-11-06 09:11:33', 'System', NULL, NULL, 1, 0),
	(56, 'r44n8te2requvq5gfgifpn0tat332it4', '17c4520f6cfd1ab53d8745e84681eb49', 'Super Administrator', 'create', '::1', 'Chrome 78.0.3904.87', 'Windows 10', 'KKDA', 'Membuat data baru.', '2019-11-06 09:12:07', 'System', NULL, NULL, 1, 0),
	(57, 'r44n8te2requvq5gfgifpn0tat332it4', '17c4520f6cfd1ab53d8745e84681eb49', 'Super Administrator', 'read', '::1', 'Chrome 78.0.3904.87', 'Windows 10', 'KKDA', 'Membuat data baru.', '2019-11-06 09:12:07', 'System', NULL, NULL, 1, 0),
	(58, 'r44n8te2requvq5gfgifpn0tat332it4', '17c4520f6cfd1ab53d8745e84681eb49', 'Super Administrator', 'create', '::1', 'Chrome 78.0.3904.87', 'Windows 10', 'KKDA', 'Membuat data baru.', '2019-11-06 09:13:29', 'System', NULL, NULL, 1, 0),
	(59, 'r44n8te2requvq5gfgifpn0tat332it4', '17c4520f6cfd1ab53d8745e84681eb49', 'Super Administrator', 'read', '::1', 'Chrome 78.0.3904.87', 'Windows 10', 'KKDA', 'Membuat data baru.', '2019-11-06 09:13:29', 'System', NULL, NULL, 1, 0),
	(60, 'r44n8te2requvq5gfgifpn0tat332it4', '17c4520f6cfd1ab53d8745e84681eb49', 'Super Administrator', 'create', '::1', 'Chrome 78.0.3904.87', 'Windows 10', 'KKDA', 'Membuat data baru.', '2019-11-06 09:13:47', 'System', NULL, NULL, 1, 0),
	(61, 'r44n8te2requvq5gfgifpn0tat332it4', '17c4520f6cfd1ab53d8745e84681eb49', 'Super Administrator', 'read', '::1', 'Chrome 78.0.3904.87', 'Windows 10', 'KKDA', 'Membuat data baru.', '2019-11-06 09:13:47', 'System', NULL, NULL, 1, 0),
	(62, 'r44n8te2requvq5gfgifpn0tat332it4', '17c4520f6cfd1ab53d8745e84681eb49', 'Super Administrator', 'create', '::1', 'Chrome 78.0.3904.87', 'Windows 10', 'KKDA', 'Membuat data baru.', '2019-11-06 09:14:16', 'System', NULL, NULL, 1, 0),
	(63, 'r44n8te2requvq5gfgifpn0tat332it4', '17c4520f6cfd1ab53d8745e84681eb49', 'Super Administrator', 'read', '::1', 'Chrome 78.0.3904.87', 'Windows 10', 'KKDA', 'Membuat data baru.', '2019-11-06 09:14:16', 'System', NULL, NULL, 1, 0),
	(64, 'r44n8te2requvq5gfgifpn0tat332it4', '17c4520f6cfd1ab53d8745e84681eb49', 'Super Administrator', 'create', '::1', 'Chrome 78.0.3904.87', 'Windows 10', 'KKDA', 'Membuat data baru.', '2019-11-06 09:14:48', 'System', NULL, NULL, 1, 0),
	(65, 'r44n8te2requvq5gfgifpn0tat332it4', '17c4520f6cfd1ab53d8745e84681eb49', 'Super Administrator', 'read', '::1', 'Chrome 78.0.3904.87', 'Windows 10', 'KKDA', 'Membuat data baru.', '2019-11-06 09:14:49', 'System', NULL, NULL, 1, 0),
	(66, 'r44n8te2requvq5gfgifpn0tat332it4', '17c4520f6cfd1ab53d8745e84681eb49', 'Super Administrator', 'update', '::1', 'Chrome 78.0.3904.87', 'Windows 10', 'KKDA', 'Mengubah data.', '2019-11-06 09:15:11', 'System', NULL, NULL, 1, 0),
	(67, 'r44n8te2requvq5gfgifpn0tat332it4', '17c4520f6cfd1ab53d8745e84681eb49', 'Super Administrator', 'read', '::1', 'Chrome 78.0.3904.87', 'Windows 10', 'KKDA', 'Membuat data baru.', '2019-11-06 09:15:11', 'System', NULL, NULL, 1, 0),
	(68, 'goc9ndg61eo0hvh128uub9bogo9c076j', '17c4520f6cfd1ab53d8745e84681eb49', 'Super Administrator', 'delete', '::1', 'Chrome 78.0.3904.87', 'Windows 10', 'KKDA', 'Menghapus data.', '2019-11-06 09:21:39', 'System', NULL, NULL, 1, 0),
	(69, 'goc9ndg61eo0hvh128uub9bogo9c076j', '17c4520f6cfd1ab53d8745e84681eb49', 'Super Administrator', 'read', '::1', 'Chrome 78.0.3904.87', 'Windows 10', 'KKDA', 'Membuat data baru.', '2019-11-06 09:21:40', 'System', NULL, NULL, 1, 0),
	(70, 'goc9ndg61eo0hvh128uub9bogo9c076j', '17c4520f6cfd1ab53d8745e84681eb49', 'Super Administrator', 'delete', '::1', 'Chrome 78.0.3904.87', 'Windows 10', 'KKDA', 'Menghapus data.', '2019-11-06 09:21:43', 'System', NULL, NULL, 1, 0),
	(71, 'goc9ndg61eo0hvh128uub9bogo9c076j', '17c4520f6cfd1ab53d8745e84681eb49', 'Super Administrator', 'read', '::1', 'Chrome 78.0.3904.87', 'Windows 10', 'KKDA', 'Membuat data baru.', '2019-11-06 09:21:43', 'System', NULL, NULL, 1, 0),
	(72, 'goc9ndg61eo0hvh128uub9bogo9c076j', '17c4520f6cfd1ab53d8745e84681eb49', 'Super Administrator', 'delete', '::1', 'Chrome 78.0.3904.87', 'Windows 10', 'KKDA', 'Menghapus data.', '2019-11-06 09:21:47', 'System', NULL, NULL, 1, 0),
	(73, 'goc9ndg61eo0hvh128uub9bogo9c076j', '17c4520f6cfd1ab53d8745e84681eb49', 'Super Administrator', 'read', '::1', 'Chrome 78.0.3904.87', 'Windows 10', 'KKDA', 'Membuat data baru.', '2019-11-06 09:21:47', 'System', NULL, NULL, 1, 0),
	(74, 'goc9ndg61eo0hvh128uub9bogo9c076j', '17c4520f6cfd1ab53d8745e84681eb49', 'Super Administrator', 'delete', '::1', 'Chrome 78.0.3904.87', 'Windows 10', 'KKDA', 'Menghapus data.', '2019-11-06 09:21:50', 'System', NULL, NULL, 1, 0),
	(75, 'goc9ndg61eo0hvh128uub9bogo9c076j', '17c4520f6cfd1ab53d8745e84681eb49', 'Super Administrator', 'read', '::1', 'Chrome 78.0.3904.87', 'Windows 10', 'KKDA', 'Membuat data baru.', '2019-11-06 09:21:50', 'System', NULL, NULL, 1, 0),
	(76, 'goc9ndg61eo0hvh128uub9bogo9c076j', '17c4520f6cfd1ab53d8745e84681eb49', 'Super Administrator', 'delete', '::1', 'Chrome 78.0.3904.87', 'Windows 10', 'KKDA', 'Menghapus data.', '2019-11-06 09:21:54', 'System', NULL, NULL, 1, 0),
	(77, 'goc9ndg61eo0hvh128uub9bogo9c076j', '17c4520f6cfd1ab53d8745e84681eb49', 'Super Administrator', 'read', '::1', 'Chrome 78.0.3904.87', 'Windows 10', 'KKDA', 'Membuat data baru.', '2019-11-06 09:21:54', 'System', NULL, NULL, 1, 0),
	(78, 'goc9ndg61eo0hvh128uub9bogo9c076j', '17c4520f6cfd1ab53d8745e84681eb49', 'Super Administrator', 'read', '::1', 'Chrome 78.0.3904.87', 'Windows 10', 'KKDA', 'Membuat data baru.', '2019-11-06 09:22:10', 'System', NULL, NULL, 1, 0),
	(79, 'goc9ndg61eo0hvh128uub9bogo9c076j', '17c4520f6cfd1ab53d8745e84681eb49', 'Super Administrator', 'read', '::1', 'Chrome 78.0.3904.87', 'Windows 10', 'KKDA', 'Membuat data baru.', '2019-11-06 09:24:34', 'System', NULL, NULL, 1, 0),
	(80, '6qofaiqr6uacbm8c2os96t3sm0sk94bu', '-', '-', 'access', '::1', 'Chrome 78.0.3904.87', 'Windows 10', 'Login', 'Mengakses aplikasi.', '2019-11-06 12:51:37', 'System', NULL, NULL, 1, 0),
	(81, 'lvg0t35t3ikolgbbm339d64qli11dspv', '-', '-', 'access', '::1', 'Chrome 78.0.3904.87', 'Windows 10', 'Login', 'Mengakses aplikasi.', '2019-11-11 09:20:56', 'System', NULL, NULL, 1, 0),
	(82, 'lvg0t35t3ikolgbbm339d64qli11dspv', '17c4520f6cfd1ab53d8745e84681eb49', 'Super Administrator', 'login', '::1', 'Chrome 78.0.3904.87', 'Windows 10', 'Login', 'Masuk ke sistem', '2019-11-11 09:21:00', 'System', NULL, NULL, 1, 0),
	(83, 'js3ect6uhc5o6p98sjks6glfaun7cqmq', '-', '-', 'access', '::1', 'Chrome 78.0.3904.87', 'Windows 10', 'Login', 'Mengakses aplikasi.', '2019-11-11 12:58:21', 'System', NULL, NULL, 1, 0),
	(84, 'js3ect6uhc5o6p98sjks6glfaun7cqmq', 'b785a32d7e8e37635823a27fbb13cdf9', 'User Farmasi', 'login', '::1', 'Chrome 78.0.3904.87', 'Windows 10', 'Login', 'Masuk ke sistem', '2019-11-11 12:58:25', 'System', NULL, NULL, 1, 0),
	(85, 'js3ect6uhc5o6p98sjks6glfaun7cqmq', '-', '-', 'access', '::1', 'Chrome 78.0.3904.87', 'Windows 10', 'Login', 'Mengakses aplikasi.', '2019-11-11 12:58:25', 'System', NULL, NULL, 1, 0),
	(86, 'js3ect6uhc5o6p98sjks6glfaun7cqmq', '17c4520f6cfd1ab53d8745e84681eb49', 'Super Administrator', 'login', '::1', 'Chrome 78.0.3904.87', 'Windows 10', 'Login', 'Masuk ke sistem', '2019-11-11 12:58:29', 'System', NULL, NULL, 1, 0),
	(87, 'js3ect6uhc5o6p98sjks6glfaun7cqmq', '17c4520f6cfd1ab53d8745e84681eb49', 'Super Administrator', 'read', '::1', 'Chrome 78.0.3904.87', 'Windows 10', 'KKDA', 'Membuat data baru.', '2019-11-11 12:58:38', 'System', NULL, NULL, 1, 0),
	(88, 'js3ect6uhc5o6p98sjks6glfaun7cqmq', '17c4520f6cfd1ab53d8745e84681eb49', 'Super Administrator', 'read', '::1', 'Chrome 78.0.3904.87', 'Windows 10', 'KKDA', 'Membuat data baru.', '2019-11-11 12:58:42', 'System', NULL, NULL, 1, 0),
	(89, 'js3ect6uhc5o6p98sjks6glfaun7cqmq', '17c4520f6cfd1ab53d8745e84681eb49', 'Super Administrator', 'read', '::1', 'Chrome 78.0.3904.87', 'Windows 10', 'KKDA', 'Membuat data baru.', '2019-11-11 12:58:44', 'System', NULL, NULL, 1, 0),
	(90, 'js3ect6uhc5o6p98sjks6glfaun7cqmq', '17c4520f6cfd1ab53d8745e84681eb49', 'Super Administrator', 'create', '::1', 'Chrome 78.0.3904.87', 'Windows 10', 'KKDA', 'Membuat data baru.', '2019-11-11 12:59:51', 'System', NULL, NULL, 1, 0),
	(91, 'js3ect6uhc5o6p98sjks6glfaun7cqmq', '17c4520f6cfd1ab53d8745e84681eb49', 'Super Administrator', 'read', '::1', 'Chrome 78.0.3904.87', 'Windows 10', 'KKDA', 'Membuat data baru.', '2019-11-11 12:59:51', 'System', NULL, NULL, 1, 0),
	(92, 'h8sl2sdhltggqp7ekfvdes2076n3d2b3', '-', '-', 'access', '::1', 'Chrome 78.0.3904.87', 'Windows 10', 'Login', 'Mengakses aplikasi.', '2019-11-12 08:26:44', 'System', NULL, NULL, 1, 0),
	(93, 'h8sl2sdhltggqp7ekfvdes2076n3d2b3', '17c4520f6cfd1ab53d8745e84681eb49', 'Super Administrator', 'login', '::1', 'Chrome 78.0.3904.87', 'Windows 10', 'Login', 'Masuk ke sistem', '2019-11-12 08:27:09', 'System', NULL, NULL, 1, 0),
	(94, 'p7ggan4b2qm3d1lomrj81234dslcam4r', '-', '-', 'access', '::1', 'Chrome 78.0.3904.87', 'Windows 10', 'Login', 'Mengakses aplikasi.', '2019-11-12 09:00:51', 'System', NULL, NULL, 1, 0),
	(95, 'p7ggan4b2qm3d1lomrj81234dslcam4r', '17c4520f6cfd1ab53d8745e84681eb49', 'Super Administrator', 'login', '::1', 'Chrome 78.0.3904.87', 'Windows 10', 'Login', 'Masuk ke sistem', '2019-11-12 09:00:56', 'System', NULL, NULL, 1, 0),
	(96, 'p7ggan4b2qm3d1lomrj81234dslcam4r', '17c4520f6cfd1ab53d8745e84681eb49', 'Super Administrator', 'read', '::1', 'Chrome 78.0.3904.87', 'Windows 10', 'Inflasi', 'Membuat data baru.', '2019-11-12 09:05:11', 'System', NULL, NULL, 1, 0),
	(97, 'd7blt7b4v481id4rbhid0gmunkiklpt9', '17c4520f6cfd1ab53d8745e84681eb49', 'Super Administrator', 'create', '::1', 'Chrome 78.0.3904.87', 'Windows 10', 'Inflasi', 'Membuat data baru.', '2019-11-12 09:06:27', 'System', NULL, NULL, 1, 0),
	(98, 'd7blt7b4v481id4rbhid0gmunkiklpt9', '17c4520f6cfd1ab53d8745e84681eb49', 'Super Administrator', 'read', '::1', 'Chrome 78.0.3904.87', 'Windows 10', 'Inflasi', 'Membuat data baru.', '2019-11-12 09:06:28', 'System', NULL, NULL, 1, 0),
	(99, 'd7blt7b4v481id4rbhid0gmunkiklpt9', '17c4520f6cfd1ab53d8745e84681eb49', 'Super Administrator', 'create', '::1', 'Chrome 78.0.3904.87', 'Windows 10', 'Inflasi', 'Membuat data baru.', '2019-11-12 09:06:35', 'System', NULL, NULL, 1, 0),
	(100, 'd7blt7b4v481id4rbhid0gmunkiklpt9', '17c4520f6cfd1ab53d8745e84681eb49', 'Super Administrator', 'read', '::1', 'Chrome 78.0.3904.87', 'Windows 10', 'Inflasi', 'Membuat data baru.', '2019-11-12 09:06:35', 'System', NULL, NULL, 1, 0),
	(101, 'd7blt7b4v481id4rbhid0gmunkiklpt9', '17c4520f6cfd1ab53d8745e84681eb49', 'Super Administrator', 'create', '::1', 'Chrome 78.0.3904.87', 'Windows 10', 'Inflasi', 'Membuat data baru.', '2019-11-12 09:06:43', 'System', NULL, NULL, 1, 0),
	(102, 'd7blt7b4v481id4rbhid0gmunkiklpt9', '17c4520f6cfd1ab53d8745e84681eb49', 'Super Administrator', 'read', '::1', 'Chrome 78.0.3904.87', 'Windows 10', 'Inflasi', 'Membuat data baru.', '2019-11-12 09:06:43', 'System', NULL, NULL, 1, 0),
	(103, 'd7blt7b4v481id4rbhid0gmunkiklpt9', '17c4520f6cfd1ab53d8745e84681eb49', 'Super Administrator', 'read', '::1', 'Chrome 78.0.3904.87', 'Windows 10', 'Inflasi', 'Membuat data baru.', '2019-11-12 09:06:50', 'System', NULL, NULL, 1, 0),
	(104, 'd7blt7b4v481id4rbhid0gmunkiklpt9', '17c4520f6cfd1ab53d8745e84681eb49', 'Super Administrator', 'create', '::1', 'Chrome 78.0.3904.87', 'Windows 10', 'Inflasi', 'Membuat data baru.', '2019-11-12 09:06:56', 'System', NULL, NULL, 1, 0),
	(105, 'd7blt7b4v481id4rbhid0gmunkiklpt9', '17c4520f6cfd1ab53d8745e84681eb49', 'Super Administrator', 'read', '::1', 'Chrome 78.0.3904.87', 'Windows 10', 'Inflasi', 'Membuat data baru.', '2019-11-12 09:06:56', 'System', NULL, NULL, 1, 0),
	(106, 'b1j5k4c37o8bhv1j350c3o0aodtkqf0n', '17c4520f6cfd1ab53d8745e84681eb49', 'Super Administrator', 'read', '::1', 'Chrome 78.0.3904.87', 'Windows 10', 'Kemiskinan', 'Membuat data baru.', '2019-11-12 09:24:57', 'System', NULL, NULL, 1, 0),
	(107, 'b1j5k4c37o8bhv1j350c3o0aodtkqf0n', '17c4520f6cfd1ab53d8745e84681eb49', 'Super Administrator', 'create', '::1', 'Chrome 78.0.3904.87', 'Windows 10', 'Kemiskinan', 'Membuat data baru.', '2019-11-12 09:25:02', 'System', NULL, NULL, 1, 0),
	(108, 'b1j5k4c37o8bhv1j350c3o0aodtkqf0n', '17c4520f6cfd1ab53d8745e84681eb49', 'Super Administrator', 'read', '::1', 'Chrome 78.0.3904.87', 'Windows 10', 'Kemiskinan', 'Membuat data baru.', '2019-11-12 09:25:02', 'System', NULL, NULL, 1, 0);
/*!40000 ALTER TABLE `ap_activity` ENABLE KEYS */;

-- Dumping structure for table kkda_db.ap_group
CREATE TABLE IF NOT EXISTS `ap_group` (
  `id` varchar(32) NOT NULL,
  `group` varchar(50) NOT NULL,
  `description` varchar(255) NOT NULL,
  `created` timestamp NULL DEFAULT NULL,
  `created_by` varchar(50) NOT NULL DEFAULT 'System',
  `updated` timestamp NULL DEFAULT NULL,
  `updated_by` varchar(50) DEFAULT NULL,
  `is_active` tinyint(1) NOT NULL DEFAULT '1',
  `is_deleted` tinyint(1) NOT NULL DEFAULT '0',
  PRIMARY KEY (`id`)
) ENGINE=InnoDB DEFAULT CHARSET=latin1 ROW_FORMAT=COMPACT;

-- Dumping data for table kkda_db.ap_group: ~1 rows (approximately)
DELETE FROM `ap_group`;
/*!40000 ALTER TABLE `ap_group` DISABLE KEYS */;
INSERT INTO `ap_group` (`id`, `group`, `description`, `created`, `created_by`, `updated`, `updated_by`, `is_active`, `is_deleted`) VALUES
	('c4ca4238a0b923820dcc509a6f75849b', 'superadmin', 'Root access.', '2019-07-02 21:59:26', 'System', '2019-07-18 06:09:54', 'Super Administrator', 1, 0);
/*!40000 ALTER TABLE `ap_group` ENABLE KEYS */;

-- Dumping structure for table kkda_db.ap_group_menu
CREATE TABLE IF NOT EXISTS `ap_group_menu` (
  `menu_id` varchar(50) NOT NULL,
  `group_id` varchar(32) NOT NULL DEFAULT '',
  `created` timestamp(1) NOT NULL DEFAULT CURRENT_TIMESTAMP(1),
  `created_by` varchar(50) NOT NULL DEFAULT 'System',
  `updated` timestamp NULL DEFAULT NULL ON UPDATE CURRENT_TIMESTAMP,
  `updated_by` varchar(50) DEFAULT NULL,
  `is_active` tinyint(1) NOT NULL DEFAULT '1',
  `is_deleted` tinyint(1) NOT NULL DEFAULT '0',
  PRIMARY KEY (`menu_id`,`group_id`)
) ENGINE=InnoDB DEFAULT CHARSET=latin1 ROW_FORMAT=COMPACT;

-- Dumping data for table kkda_db.ap_group_menu: ~39 rows (approximately)
DELETE FROM `ap_group_menu`;
/*!40000 ALTER TABLE `ap_group_menu` DISABLE KEYS */;
INSERT INTO `ap_group_menu` (`menu_id`, `group_id`, `created`, `created_by`, `updated`, `updated_by`, `is_active`, `is_deleted`) VALUES
	('00', 'c4ca4238a0b923820dcc509a6f75849b', '2019-11-05 10:21:58.0', 'Super Administrator', NULL, NULL, 1, 0),
	('01', 'aa2fe6c3f3e60c0c4003953997f64fb2', '2019-08-07 03:53:59.0', 'Super Administrator', NULL, NULL, 1, 0),
	('01', 'c4ca4238a0b923820dcc509a6f75849b', '2019-11-05 10:21:58.0', 'Super Administrator', NULL, NULL, 1, 0),
	('02', 'c4ca4238a0b923820dcc509a6f75849b', '2019-11-05 10:21:58.0', 'Super Administrator', NULL, NULL, 1, 0),
	('03', 'c4ca4238a0b923820dcc509a6f75849b', '2019-11-05 10:21:58.0', 'Super Administrator', NULL, NULL, 1, 0),
	('04', 'c4ca4238a0b923820dcc509a6f75849b', '2019-11-05 10:21:58.0', 'Super Administrator', NULL, NULL, 1, 0),
	('05', 'c4ca4238a0b923820dcc509a6f75849b', '2019-11-05 10:21:58.0', 'Super Administrator', NULL, NULL, 1, 0),
	('06', 'c4ca4238a0b923820dcc509a6f75849b', '2019-11-05 10:21:58.0', 'Super Administrator', NULL, NULL, 1, 0),
	('07', 'c4ca4238a0b923820dcc509a6f75849b', '2019-11-05 10:21:58.0', 'Super Administrator', NULL, NULL, 1, 0),
	('08', 'c4ca4238a0b923820dcc509a6f75849b', '2019-11-05 10:21:58.0', 'Super Administrator', NULL, NULL, 1, 0),
	('22.01', 'aa2fe6c3f3e60c0c4003953997f64fb2', '2019-08-07 03:53:59.0', 'Super Administrator', NULL, NULL, 1, 0),
	('22.02', 'aa2fe6c3f3e60c0c4003953997f64fb2', '2019-08-07 03:53:59.0', 'Super Administrator', NULL, NULL, 1, 0),
	('23.01.01', 'aa2fe6c3f3e60c0c4003953997f64fb2', '2019-08-07 03:53:59.0', 'Super Administrator', NULL, NULL, 1, 0),
	('23.01.02', 'aa2fe6c3f3e60c0c4003953997f64fb2', '2019-08-07 03:53:59.0', 'Super Administrator', NULL, NULL, 1, 0),
	('90', 'aa2fe6c3f3e60c0c4003953997f64fb2', '2019-08-07 03:53:59.0', 'Super Administrator', NULL, NULL, 1, 0),
	('90', 'c4ca4238a0b923820dcc509a6f75849b', '2019-11-05 10:21:58.0', 'Super Administrator', NULL, NULL, 1, 0),
	('93', 'aa2fe6c3f3e60c0c4003953997f64fb2', '2019-08-07 03:53:59.0', 'Super Administrator', NULL, NULL, 1, 0),
	('93', 'c4ca4238a0b923820dcc509a6f75849b', '2019-11-05 10:21:58.0', 'Super Administrator', NULL, NULL, 1, 0),
	('93.01', 'aa2fe6c3f3e60c0c4003953997f64fb2', '2019-08-07 03:53:59.0', 'Super Administrator', NULL, NULL, 1, 0),
	('93.01', 'c4ca4238a0b923820dcc509a6f75849b', '2019-11-05 10:21:58.0', 'Super Administrator', NULL, NULL, 1, 0),
	('93.02', 'c4ca4238a0b923820dcc509a6f75849b', '2019-11-05 10:21:58.0', 'Super Administrator', NULL, NULL, 1, 0),
	('97', 'aa2fe6c3f3e60c0c4003953997f64fb2', '2019-08-07 03:53:59.0', 'Super Administrator', NULL, NULL, 1, 0),
	('97', 'c4ca4238a0b923820dcc509a6f75849b', '2019-11-05 10:21:58.0', 'Super Administrator', NULL, NULL, 1, 0),
	('97.01', 'aa2fe6c3f3e60c0c4003953997f64fb2', '2019-08-07 03:53:59.0', 'Super Administrator', NULL, NULL, 1, 0),
	('97.01', 'c4ca4238a0b923820dcc509a6f75849b', '2019-11-05 10:21:58.0', 'Super Administrator', NULL, NULL, 1, 0),
	('97.02', 'aa2fe6c3f3e60c0c4003953997f64fb2', '2019-08-07 03:53:59.0', 'Super Administrator', NULL, NULL, 1, 0),
	('97.02', 'c4ca4238a0b923820dcc509a6f75849b', '2019-11-05 10:21:58.0', 'Super Administrator', NULL, NULL, 1, 0),
	('98', 'aa2fe6c3f3e60c0c4003953997f64fb2', '2019-08-07 03:53:59.0', 'Super Administrator', NULL, NULL, 1, 0),
	('98', 'c4ca4238a0b923820dcc509a6f75849b', '2019-11-05 10:21:58.0', 'Super Administrator', NULL, NULL, 1, 0),
	('98.01', 'aa2fe6c3f3e60c0c4003953997f64fb2', '2019-08-07 03:53:59.0', 'Super Administrator', NULL, NULL, 1, 0),
	('98.01', 'c4ca4238a0b923820dcc509a6f75849b', '2019-11-05 10:21:58.0', 'Super Administrator', NULL, NULL, 1, 0),
	('98.02', 'aa2fe6c3f3e60c0c4003953997f64fb2', '2019-08-07 03:53:59.0', 'Super Administrator', NULL, NULL, 1, 0),
	('98.02', 'c4ca4238a0b923820dcc509a6f75849b', '2019-11-05 10:21:58.0', 'Super Administrator', NULL, NULL, 1, 0),
	('99', 'aa2fe6c3f3e60c0c4003953997f64fb2', '2019-08-07 03:53:59.0', 'Super Administrator', NULL, NULL, 1, 0),
	('99', 'c4ca4238a0b923820dcc509a6f75849b', '2019-11-05 10:21:58.0', 'Super Administrator', NULL, NULL, 1, 0),
	('99.01', 'aa2fe6c3f3e60c0c4003953997f64fb2', '2019-08-07 03:53:59.0', 'Super Administrator', NULL, NULL, 1, 0),
	('99.01', 'c4ca4238a0b923820dcc509a6f75849b', '2019-11-05 10:21:58.0', 'Super Administrator', NULL, NULL, 1, 0),
	('99.02', 'aa2fe6c3f3e60c0c4003953997f64fb2', '2019-08-07 03:53:59.0', 'Super Administrator', NULL, NULL, 1, 0),
	('99.02', 'c4ca4238a0b923820dcc509a6f75849b', '2019-11-05 10:21:58.0', 'Super Administrator', NULL, NULL, 1, 0);
/*!40000 ALTER TABLE `ap_group_menu` ENABLE KEYS */;

-- Dumping structure for table kkda_db.ap_group_role
CREATE TABLE IF NOT EXISTS `ap_group_role` (
  `group_id` varchar(255) NOT NULL,
  `menu_id` varchar(50) NOT NULL,
  `role` varchar(50) NOT NULL,
  `created` timestamp NULL DEFAULT NULL,
  `created_by` varchar(50) NOT NULL DEFAULT 'System',
  `updated` timestamp NULL DEFAULT NULL,
  `updated_by` varchar(50) DEFAULT NULL,
  `is_active` tinyint(1) NOT NULL DEFAULT '1',
  `is_deleted` tinyint(1) NOT NULL DEFAULT '0',
  PRIMARY KEY (`group_id`,`menu_id`,`role`)
) ENGINE=InnoDB DEFAULT CHARSET=latin1 ROW_FORMAT=COMPACT;

-- Dumping data for table kkda_db.ap_group_role: ~152 rows (approximately)
DELETE FROM `ap_group_role`;
/*!40000 ALTER TABLE `ap_group_role` DISABLE KEYS */;
INSERT INTO `ap_group_role` (`group_id`, `menu_id`, `role`, `created`, `created_by`, `updated`, `updated_by`, `is_active`, `is_deleted`) VALUES
	('aa2fe6c3f3e60c0c4003953997f64fb2', '01', 'read', '2019-08-07 03:53:59', 'Super Administrator', NULL, NULL, 1, 0),
	('aa2fe6c3f3e60c0c4003953997f64fb2', '22.01', 'create', '2019-08-07 03:53:59', 'Super Administrator', NULL, NULL, 1, 0),
	('aa2fe6c3f3e60c0c4003953997f64fb2', '22.01', 'delete', '2019-08-07 03:53:59', 'Super Administrator', NULL, NULL, 1, 0),
	('aa2fe6c3f3e60c0c4003953997f64fb2', '22.01', 'export_pdf', '2019-08-07 03:53:59', 'Super Administrator', NULL, NULL, 1, 0),
	('aa2fe6c3f3e60c0c4003953997f64fb2', '22.01', 'read', '2019-08-07 03:53:59', 'Super Administrator', NULL, NULL, 1, 0),
	('aa2fe6c3f3e60c0c4003953997f64fb2', '22.01', 'update', '2019-08-07 03:53:59', 'Super Administrator', NULL, NULL, 1, 0),
	('aa2fe6c3f3e60c0c4003953997f64fb2', '22.02', 'create', '2019-08-07 03:53:59', 'Super Administrator', NULL, NULL, 1, 0),
	('aa2fe6c3f3e60c0c4003953997f64fb2', '22.02', 'delete', '2019-08-07 03:53:59', 'Super Administrator', NULL, NULL, 1, 0),
	('aa2fe6c3f3e60c0c4003953997f64fb2', '22.02', 'export_pdf', '2019-08-07 03:53:59', 'Super Administrator', NULL, NULL, 1, 0),
	('aa2fe6c3f3e60c0c4003953997f64fb2', '22.02', 'read', '2019-08-07 03:53:59', 'Super Administrator', NULL, NULL, 1, 0),
	('aa2fe6c3f3e60c0c4003953997f64fb2', '22.02', 'update', '2019-08-07 03:53:59', 'Super Administrator', NULL, NULL, 1, 0),
	('aa2fe6c3f3e60c0c4003953997f64fb2', '23.01.01', 'create', '2019-08-07 03:53:59', 'Super Administrator', NULL, NULL, 1, 0),
	('aa2fe6c3f3e60c0c4003953997f64fb2', '23.01.01', 'delete', '2019-08-07 03:53:59', 'Super Administrator', NULL, NULL, 1, 0),
	('aa2fe6c3f3e60c0c4003953997f64fb2', '23.01.01', 'export_pdf', '2019-08-07 03:53:59', 'Super Administrator', NULL, NULL, 1, 0),
	('aa2fe6c3f3e60c0c4003953997f64fb2', '23.01.01', 'read', '2019-08-07 03:53:59', 'Super Administrator', NULL, NULL, 1, 0),
	('aa2fe6c3f3e60c0c4003953997f64fb2', '23.01.01', 'update', '2019-08-07 03:53:59', 'Super Administrator', NULL, NULL, 1, 0),
	('aa2fe6c3f3e60c0c4003953997f64fb2', '23.01.02', 'create', '2019-08-07 03:53:59', 'Super Administrator', NULL, NULL, 1, 0),
	('aa2fe6c3f3e60c0c4003953997f64fb2', '23.01.02', 'delete', '2019-08-07 03:53:59', 'Super Administrator', NULL, NULL, 1, 0),
	('aa2fe6c3f3e60c0c4003953997f64fb2', '23.01.02', 'export_pdf', '2019-08-07 03:53:59', 'Super Administrator', NULL, NULL, 1, 0),
	('aa2fe6c3f3e60c0c4003953997f64fb2', '23.01.02', 'read', '2019-08-07 03:53:59', 'Super Administrator', NULL, NULL, 1, 0),
	('aa2fe6c3f3e60c0c4003953997f64fb2', '23.01.02', 'update', '2019-08-07 03:53:59', 'Super Administrator', NULL, NULL, 1, 0),
	('aa2fe6c3f3e60c0c4003953997f64fb2', '90', 'read', '2019-08-07 03:53:59', 'Super Administrator', NULL, NULL, 1, 0),
	('aa2fe6c3f3e60c0c4003953997f64fb2', '93', 'read', '2019-08-07 03:53:59', 'Super Administrator', NULL, NULL, 1, 0),
	('aa2fe6c3f3e60c0c4003953997f64fb2', '93.01', 'create', '2019-08-07 03:53:59', 'Super Administrator', NULL, NULL, 1, 0),
	('aa2fe6c3f3e60c0c4003953997f64fb2', '93.01', 'delete', '2019-08-07 03:53:59', 'Super Administrator', NULL, NULL, 1, 0),
	('aa2fe6c3f3e60c0c4003953997f64fb2', '93.01', 'read', '2019-08-07 03:53:59', 'Super Administrator', NULL, NULL, 1, 0),
	('aa2fe6c3f3e60c0c4003953997f64fb2', '93.01', 'update', '2019-08-07 03:53:59', 'Super Administrator', NULL, NULL, 1, 0),
	('aa2fe6c3f3e60c0c4003953997f64fb2', '97', 'read', '2019-08-07 03:53:59', 'Super Administrator', NULL, NULL, 1, 0),
	('aa2fe6c3f3e60c0c4003953997f64fb2', '97.01', 'create', '2019-08-07 03:53:59', 'Super Administrator', NULL, NULL, 1, 0),
	('aa2fe6c3f3e60c0c4003953997f64fb2', '97.01', 'delete', '2019-08-07 03:53:59', 'Super Administrator', NULL, NULL, 1, 0),
	('aa2fe6c3f3e60c0c4003953997f64fb2', '97.01', 'read', '2019-08-07 03:53:59', 'Super Administrator', NULL, NULL, 1, 0),
	('aa2fe6c3f3e60c0c4003953997f64fb2', '97.01', 'update', '2019-08-07 03:53:59', 'Super Administrator', NULL, NULL, 1, 0),
	('aa2fe6c3f3e60c0c4003953997f64fb2', '97.02', 'create', '2019-08-07 03:53:59', 'Super Administrator', NULL, NULL, 1, 0),
	('aa2fe6c3f3e60c0c4003953997f64fb2', '97.02', 'delete', '2019-08-07 03:53:59', 'Super Administrator', NULL, NULL, 1, 0),
	('aa2fe6c3f3e60c0c4003953997f64fb2', '97.02', 'read', '2019-08-07 03:53:59', 'Super Administrator', NULL, NULL, 1, 0),
	('aa2fe6c3f3e60c0c4003953997f64fb2', '97.02', 'update', '2019-08-07 03:53:59', 'Super Administrator', NULL, NULL, 1, 0),
	('aa2fe6c3f3e60c0c4003953997f64fb2', '98', 'read', '2019-08-07 03:53:59', 'Super Administrator', NULL, NULL, 1, 0),
	('aa2fe6c3f3e60c0c4003953997f64fb2', '98.01', 'create', '2019-08-07 03:53:59', 'Super Administrator', NULL, NULL, 1, 0),
	('aa2fe6c3f3e60c0c4003953997f64fb2', '98.01', 'delete', '2019-08-07 03:53:59', 'Super Administrator', NULL, NULL, 1, 0),
	('aa2fe6c3f3e60c0c4003953997f64fb2', '98.01', 'read', '2019-08-07 03:53:59', 'Super Administrator', NULL, NULL, 1, 0),
	('aa2fe6c3f3e60c0c4003953997f64fb2', '98.01', 'update', '2019-08-07 03:53:59', 'Super Administrator', NULL, NULL, 1, 0),
	('aa2fe6c3f3e60c0c4003953997f64fb2', '98.02', 'create', '2019-08-07 03:53:59', 'Super Administrator', NULL, NULL, 1, 0),
	('aa2fe6c3f3e60c0c4003953997f64fb2', '98.02', 'delete', '2019-08-07 03:53:59', 'Super Administrator', NULL, NULL, 1, 0),
	('aa2fe6c3f3e60c0c4003953997f64fb2', '98.02', 'read', '2019-08-07 03:53:59', 'Super Administrator', NULL, NULL, 1, 0),
	('aa2fe6c3f3e60c0c4003953997f64fb2', '98.02', 'update', '2019-08-07 03:53:59', 'Super Administrator', NULL, NULL, 1, 0),
	('aa2fe6c3f3e60c0c4003953997f64fb2', '99', 'read', '2019-08-07 03:53:59', 'Super Administrator', NULL, NULL, 1, 0),
	('aa2fe6c3f3e60c0c4003953997f64fb2', '99.01', 'read', '2019-08-07 03:53:59', 'Super Administrator', NULL, NULL, 1, 0),
	('aa2fe6c3f3e60c0c4003953997f64fb2', '99.01', 'update', '2019-08-07 03:53:59', 'Super Administrator', NULL, NULL, 1, 0),
	('aa2fe6c3f3e60c0c4003953997f64fb2', '99.02', 'create', '2019-08-07 03:53:59', 'Super Administrator', NULL, NULL, 1, 0),
	('aa2fe6c3f3e60c0c4003953997f64fb2', '99.02', 'delete', '2019-08-07 03:53:59', 'Super Administrator', NULL, NULL, 1, 0),
	('aa2fe6c3f3e60c0c4003953997f64fb2', '99.02', 'read', '2019-08-07 03:53:59', 'Super Administrator', NULL, NULL, 1, 0),
	('aa2fe6c3f3e60c0c4003953997f64fb2', '99.02', 'update', '2019-08-07 03:53:59', 'Super Administrator', NULL, NULL, 1, 0),
	('c4ca4238a0b923820dcc509a6f75849b', '00', 'read', '2019-11-05 10:21:58', 'Super Administrator', NULL, NULL, 1, 0),
	('c4ca4238a0b923820dcc509a6f75849b', '01', 'read', '2019-11-05 10:21:58', 'Super Administrator', NULL, NULL, 1, 0),
	('c4ca4238a0b923820dcc509a6f75849b', '02', 'create', '2019-11-05 10:21:58', 'Super Administrator', NULL, NULL, 1, 0),
	('c4ca4238a0b923820dcc509a6f75849b', '02', 'delete', '2019-11-05 10:21:58', 'Super Administrator', NULL, NULL, 1, 0),
	('c4ca4238a0b923820dcc509a6f75849b', '02', 'read', '2019-11-05 10:21:58', 'Super Administrator', NULL, NULL, 1, 0),
	('c4ca4238a0b923820dcc509a6f75849b', '02', 'update', '2019-11-05 10:21:58', 'Super Administrator', NULL, NULL, 1, 0),
	('c4ca4238a0b923820dcc509a6f75849b', '03', 'create', '2019-11-05 10:21:58', 'Super Administrator', NULL, NULL, 1, 0),
	('c4ca4238a0b923820dcc509a6f75849b', '03', 'delete', '2019-11-05 10:21:58', 'Super Administrator', NULL, NULL, 1, 0),
	('c4ca4238a0b923820dcc509a6f75849b', '03', 'read', '2019-11-05 10:21:58', 'Super Administrator', NULL, NULL, 1, 0),
	('c4ca4238a0b923820dcc509a6f75849b', '03', 'update', '2019-11-05 10:21:58', 'Super Administrator', NULL, NULL, 1, 0),
	('c4ca4238a0b923820dcc509a6f75849b', '04', 'create', '2019-11-05 10:21:58', 'Super Administrator', NULL, NULL, 1, 0),
	('c4ca4238a0b923820dcc509a6f75849b', '04', 'delete', '2019-11-05 10:21:58', 'Super Administrator', NULL, NULL, 1, 0),
	('c4ca4238a0b923820dcc509a6f75849b', '04', 'read', '2019-11-05 10:21:58', 'Super Administrator', NULL, NULL, 1, 0),
	('c4ca4238a0b923820dcc509a6f75849b', '04', 'update', '2019-11-05 10:21:58', 'Super Administrator', NULL, NULL, 1, 0),
	('c4ca4238a0b923820dcc509a6f75849b', '05', 'create', '2019-11-05 10:21:58', 'Super Administrator', NULL, NULL, 1, 0),
	('c4ca4238a0b923820dcc509a6f75849b', '05', 'delete', '2019-11-05 10:21:58', 'Super Administrator', NULL, NULL, 1, 0),
	('c4ca4238a0b923820dcc509a6f75849b', '05', 'read', '2019-11-05 10:21:58', 'Super Administrator', NULL, NULL, 1, 0),
	('c4ca4238a0b923820dcc509a6f75849b', '05', 'update', '2019-11-05 10:21:58', 'Super Administrator', NULL, NULL, 1, 0),
	('c4ca4238a0b923820dcc509a6f75849b', '06', 'create', '2019-11-05 10:21:58', 'Super Administrator', NULL, NULL, 1, 0),
	('c4ca4238a0b923820dcc509a6f75849b', '06', 'delete', '2019-11-05 10:21:58', 'Super Administrator', NULL, NULL, 1, 0),
	('c4ca4238a0b923820dcc509a6f75849b', '06', 'read', '2019-11-05 10:21:58', 'Super Administrator', NULL, NULL, 1, 0),
	('c4ca4238a0b923820dcc509a6f75849b', '06', 'update', '2019-11-05 10:21:58', 'Super Administrator', NULL, NULL, 1, 0),
	('c4ca4238a0b923820dcc509a6f75849b', '07', 'create', '2019-11-05 10:21:58', 'Super Administrator', NULL, NULL, 1, 0),
	('c4ca4238a0b923820dcc509a6f75849b', '07', 'delete', '2019-11-05 10:21:58', 'Super Administrator', NULL, NULL, 1, 0),
	('c4ca4238a0b923820dcc509a6f75849b', '07', 'read', '2019-11-05 10:21:58', 'Super Administrator', NULL, NULL, 1, 0),
	('c4ca4238a0b923820dcc509a6f75849b', '07', 'update', '2019-11-05 10:21:58', 'Super Administrator', NULL, NULL, 1, 0),
	('c4ca4238a0b923820dcc509a6f75849b', '08', 'create', '2019-11-05 10:21:58', 'Super Administrator', NULL, NULL, 1, 0),
	('c4ca4238a0b923820dcc509a6f75849b', '08', 'delete', '2019-11-05 10:21:58', 'Super Administrator', NULL, NULL, 1, 0),
	('c4ca4238a0b923820dcc509a6f75849b', '08', 'read', '2019-11-05 10:21:58', 'Super Administrator', NULL, NULL, 1, 0),
	('c4ca4238a0b923820dcc509a6f75849b', '08', 'update', '2019-11-05 10:21:58', 'Super Administrator', NULL, NULL, 1, 0),
	('c4ca4238a0b923820dcc509a6f75849b', '22.01', 'create', '2019-08-15 06:40:41', 'Super Administrator', NULL, NULL, 1, 0),
	('c4ca4238a0b923820dcc509a6f75849b', '22.01', 'delete', '2019-08-15 06:40:41', 'Super Administrator', NULL, NULL, 1, 0),
	('c4ca4238a0b923820dcc509a6f75849b', '22.01', 'export_pdf', '2019-08-15 06:40:41', 'Super Administrator', NULL, NULL, 1, 0),
	('c4ca4238a0b923820dcc509a6f75849b', '22.01', 'read', '2019-08-15 06:40:41', 'Super Administrator', NULL, NULL, 1, 0),
	('c4ca4238a0b923820dcc509a6f75849b', '22.01', 'update', '2019-08-15 06:40:41', 'Super Administrator', NULL, NULL, 1, 0),
	('c4ca4238a0b923820dcc509a6f75849b', '22.02', 'create', '2019-08-15 06:40:41', 'Super Administrator', NULL, NULL, 1, 0),
	('c4ca4238a0b923820dcc509a6f75849b', '22.02', 'delete', '2019-08-15 06:40:41', 'Super Administrator', NULL, NULL, 1, 0),
	('c4ca4238a0b923820dcc509a6f75849b', '22.02', 'export_pdf', '2019-08-15 06:40:41', 'Super Administrator', NULL, NULL, 1, 0),
	('c4ca4238a0b923820dcc509a6f75849b', '22.02', 'read', '2019-08-15 06:40:41', 'Super Administrator', NULL, NULL, 1, 0),
	('c4ca4238a0b923820dcc509a6f75849b', '22.02', 'update', '2019-08-15 06:40:41', 'Super Administrator', NULL, NULL, 1, 0),
	('c4ca4238a0b923820dcc509a6f75849b', '23.01.01', 'create', '2019-08-15 06:40:41', 'Super Administrator', NULL, NULL, 1, 0),
	('c4ca4238a0b923820dcc509a6f75849b', '23.01.01', 'delete', '2019-08-15 06:40:41', 'Super Administrator', NULL, NULL, 1, 0),
	('c4ca4238a0b923820dcc509a6f75849b', '23.01.01', 'export_pdf', '2019-08-15 06:40:41', 'Super Administrator', NULL, NULL, 1, 0),
	('c4ca4238a0b923820dcc509a6f75849b', '23.01.01', 'read', '2019-08-15 06:40:41', 'Super Administrator', NULL, NULL, 1, 0),
	('c4ca4238a0b923820dcc509a6f75849b', '23.01.01', 'update', '2019-08-15 06:40:41', 'Super Administrator', NULL, NULL, 1, 0),
	('c4ca4238a0b923820dcc509a6f75849b', '23.01.02', 'create', '2019-08-15 06:40:41', 'Super Administrator', NULL, NULL, 1, 0),
	('c4ca4238a0b923820dcc509a6f75849b', '23.01.02', 'delete', '2019-08-15 06:40:41', 'Super Administrator', NULL, NULL, 1, 0),
	('c4ca4238a0b923820dcc509a6f75849b', '23.01.02', 'export_pdf', '2019-08-15 06:40:41', 'Super Administrator', NULL, NULL, 1, 0),
	('c4ca4238a0b923820dcc509a6f75849b', '23.01.02', 'read', '2019-08-15 06:40:41', 'Super Administrator', NULL, NULL, 1, 0),
	('c4ca4238a0b923820dcc509a6f75849b', '23.01.02', 'update', '2019-08-15 06:40:41', 'Super Administrator', NULL, NULL, 1, 0),
	('c4ca4238a0b923820dcc509a6f75849b', '23.01.03', 'create', '2019-08-15 06:40:41', 'Super Administrator', NULL, NULL, 1, 0),
	('c4ca4238a0b923820dcc509a6f75849b', '23.01.03', 'delete', '2019-08-15 06:40:41', 'Super Administrator', NULL, NULL, 1, 0),
	('c4ca4238a0b923820dcc509a6f75849b', '23.01.03', 'export_pdf', '2019-08-15 06:40:41', 'Super Administrator', NULL, NULL, 1, 0),
	('c4ca4238a0b923820dcc509a6f75849b', '23.01.03', 'read', '2019-08-15 06:40:41', 'Super Administrator', NULL, NULL, 1, 0),
	('c4ca4238a0b923820dcc509a6f75849b', '23.01.03', 'update', '2019-08-15 06:40:41', 'Super Administrator', NULL, NULL, 1, 0),
	('c4ca4238a0b923820dcc509a6f75849b', '23.01.04', 'create', '2019-08-15 06:40:41', 'Super Administrator', NULL, NULL, 1, 0),
	('c4ca4238a0b923820dcc509a6f75849b', '23.01.04', 'delete', '2019-08-15 06:40:41', 'Super Administrator', NULL, NULL, 1, 0),
	('c4ca4238a0b923820dcc509a6f75849b', '23.01.04', 'export_pdf', '2019-08-15 06:40:41', 'Super Administrator', NULL, NULL, 1, 0),
	('c4ca4238a0b923820dcc509a6f75849b', '23.01.04', 'read', '2019-08-15 06:40:41', 'Super Administrator', NULL, NULL, 1, 0),
	('c4ca4238a0b923820dcc509a6f75849b', '23.01.04', 'update', '2019-08-15 06:40:41', 'Super Administrator', NULL, NULL, 1, 0),
	('c4ca4238a0b923820dcc509a6f75849b', '46', 'read', '2019-08-15 06:40:41', 'Super Administrator', NULL, NULL, 1, 0),
	('c4ca4238a0b923820dcc509a6f75849b', '46.01', 'export_pdf', '2019-08-15 06:40:41', 'Super Administrator', NULL, NULL, 1, 0),
	('c4ca4238a0b923820dcc509a6f75849b', '46.01', 'read', '2019-08-15 06:40:41', 'Super Administrator', NULL, NULL, 1, 0),
	('c4ca4238a0b923820dcc509a6f75849b', '90', 'read', '2019-11-05 10:21:58', 'Super Administrator', NULL, NULL, 1, 0),
	('c4ca4238a0b923820dcc509a6f75849b', '91', 'read', '2019-07-21 14:12:05', 'Super Administrator', NULL, NULL, 1, 0),
	('c4ca4238a0b923820dcc509a6f75849b', '92', 'read', '2019-07-21 14:13:39', 'Super Administrator', NULL, NULL, 1, 0),
	('c4ca4238a0b923820dcc509a6f75849b', '93', 'read', '2019-11-05 10:21:58', 'Super Administrator', NULL, NULL, 1, 0),
	('c4ca4238a0b923820dcc509a6f75849b', '93.01', 'create', '2019-11-05 10:21:58', 'Super Administrator', NULL, NULL, 1, 0),
	('c4ca4238a0b923820dcc509a6f75849b', '93.01', 'delete', '2019-11-05 10:21:58', 'Super Administrator', NULL, NULL, 1, 0),
	('c4ca4238a0b923820dcc509a6f75849b', '93.01', 'read', '2019-11-05 10:21:58', 'Super Administrator', NULL, NULL, 1, 0),
	('c4ca4238a0b923820dcc509a6f75849b', '93.01', 'update', '2019-11-05 10:21:58', 'Super Administrator', NULL, NULL, 1, 0),
	('c4ca4238a0b923820dcc509a6f75849b', '93.02', 'create', '2019-11-05 10:21:58', 'Super Administrator', NULL, NULL, 1, 0),
	('c4ca4238a0b923820dcc509a6f75849b', '93.02', 'delete', '2019-11-05 10:21:58', 'Super Administrator', NULL, NULL, 1, 0),
	('c4ca4238a0b923820dcc509a6f75849b', '93.02', 'read', '2019-11-05 10:21:58', 'Super Administrator', NULL, NULL, 1, 0),
	('c4ca4238a0b923820dcc509a6f75849b', '93.02', 'update', '2019-11-05 10:21:58', 'Super Administrator', NULL, NULL, 1, 0),
	('c4ca4238a0b923820dcc509a6f75849b', '97', 'read', '2019-11-05 10:21:58', 'Super Administrator', NULL, NULL, 1, 0),
	('c4ca4238a0b923820dcc509a6f75849b', '97.01', 'create', '2019-11-05 10:21:58', 'Super Administrator', NULL, NULL, 1, 0),
	('c4ca4238a0b923820dcc509a6f75849b', '97.01', 'delete', '2019-11-05 10:21:58', 'Super Administrator', NULL, NULL, 1, 0),
	('c4ca4238a0b923820dcc509a6f75849b', '97.01', 'read', '2019-11-05 10:21:58', 'Super Administrator', NULL, NULL, 1, 0),
	('c4ca4238a0b923820dcc509a6f75849b', '97.01', 'update', '2019-11-05 10:21:58', 'Super Administrator', NULL, NULL, 1, 0),
	('c4ca4238a0b923820dcc509a6f75849b', '97.02', 'create', '2019-11-05 10:21:58', 'Super Administrator', NULL, NULL, 1, 0),
	('c4ca4238a0b923820dcc509a6f75849b', '97.02', 'delete', '2019-11-05 10:21:58', 'Super Administrator', NULL, NULL, 1, 0),
	('c4ca4238a0b923820dcc509a6f75849b', '97.02', 'read', '2019-11-05 10:21:58', 'Super Administrator', NULL, NULL, 1, 0),
	('c4ca4238a0b923820dcc509a6f75849b', '97.02', 'update', '2019-11-05 10:21:58', 'Super Administrator', NULL, NULL, 1, 0),
	('c4ca4238a0b923820dcc509a6f75849b', '98', 'read', '2019-11-05 10:21:58', 'Super Administrator', NULL, NULL, 1, 0),
	('c4ca4238a0b923820dcc509a6f75849b', '98.01', 'create', '2019-11-05 10:21:58', 'Super Administrator', NULL, NULL, 1, 0),
	('c4ca4238a0b923820dcc509a6f75849b', '98.01', 'delete', '2019-11-05 10:21:58', 'Super Administrator', NULL, NULL, 1, 0),
	('c4ca4238a0b923820dcc509a6f75849b', '98.01', 'read', '2019-11-05 10:21:58', 'Super Administrator', NULL, NULL, 1, 0),
	('c4ca4238a0b923820dcc509a6f75849b', '98.01', 'update', '2019-11-05 10:21:58', 'Super Administrator', NULL, NULL, 1, 0),
	('c4ca4238a0b923820dcc509a6f75849b', '98.02', 'create', '2019-11-05 10:21:58', 'Super Administrator', NULL, NULL, 1, 0),
	('c4ca4238a0b923820dcc509a6f75849b', '98.02', 'delete', '2019-11-05 10:21:58', 'Super Administrator', NULL, NULL, 1, 0),
	('c4ca4238a0b923820dcc509a6f75849b', '98.02', 'read', '2019-11-05 10:21:58', 'Super Administrator', NULL, NULL, 1, 0),
	('c4ca4238a0b923820dcc509a6f75849b', '98.02', 'update', '2019-11-05 10:21:58', 'Super Administrator', NULL, NULL, 1, 0),
	('c4ca4238a0b923820dcc509a6f75849b', '99', 'read', '2019-11-05 10:21:58', 'Super Administrator', NULL, NULL, 1, 0),
	('c4ca4238a0b923820dcc509a6f75849b', '99.01', 'read', '2019-11-05 10:21:58', 'Super Administrator', NULL, NULL, 1, 0),
	('c4ca4238a0b923820dcc509a6f75849b', '99.01', 'update', '2019-11-05 10:21:58', 'Super Administrator', NULL, NULL, 1, 0),
	('c4ca4238a0b923820dcc509a6f75849b', '99.02', 'create', '2019-11-05 10:21:58', 'Super Administrator', NULL, NULL, 1, 0),
	('c4ca4238a0b923820dcc509a6f75849b', '99.02', 'delete', '2019-11-05 10:21:58', 'Super Administrator', NULL, NULL, 1, 0),
	('c4ca4238a0b923820dcc509a6f75849b', '99.02', 'read', '2019-11-05 10:21:58', 'Super Administrator', NULL, NULL, 1, 0),
	('c4ca4238a0b923820dcc509a6f75849b', '99.02', 'update', '2019-11-05 10:21:58', 'Super Administrator', NULL, NULL, 1, 0);
/*!40000 ALTER TABLE `ap_group_role` ENABLE KEYS */;

-- Dumping structure for table kkda_db.ap_menu
CREATE TABLE IF NOT EXISTS `ap_menu` (
  `id` varchar(50) NOT NULL,
  `parent` varchar(50) NOT NULL,
  `type` tinyint(1) NOT NULL DEFAULT '1',
  `menu` varchar(50) NOT NULL,
  `controller` varchar(50) NOT NULL,
  `icon` varchar(50) NOT NULL,
  `url` varchar(50) NOT NULL,
  `created` timestamp NOT NULL DEFAULT CURRENT_TIMESTAMP,
  `created_by` varchar(50) NOT NULL DEFAULT 'System',
  `updated` timestamp NULL DEFAULT NULL ON UPDATE CURRENT_TIMESTAMP,
  `updated_by` varchar(50) DEFAULT NULL,
  `is_active` tinyint(1) NOT NULL DEFAULT '1',
  `is_deleted` tinyint(1) NOT NULL DEFAULT '0',
  PRIMARY KEY (`id`)
) ENGINE=InnoDB DEFAULT CHARSET=latin1 ROW_FORMAT=COMPACT;

-- Dumping data for table kkda_db.ap_menu: ~21 rows (approximately)
DELETE FROM `ap_menu`;
/*!40000 ALTER TABLE `ap_menu` DISABLE KEYS */;
INSERT INTO `ap_menu` (`id`, `parent`, `type`, `menu`, `controller`, `icon`, `url`, `created`, `created_by`, `updated`, `updated_by`, `is_active`, `is_deleted`) VALUES
	('00', '', 3, 'MENU UTAMA', '#', '#', '#', '2019-11-05 10:21:52', 'Super Administrator', NULL, NULL, 1, 0),
	('01', '', 2, 'Dashboard', 'ap_dashboard', 'dashboard', 'index', '2019-07-04 11:45:32', 'System', '2019-08-19 05:54:22', 'Super Administrator', 1, 0),
	('02', '', 2, 'KKDA', 'dt_kkda', 'files-o', 'index', '2019-11-05 10:18:37', 'Super Administrator', NULL, NULL, 1, 0),
	('03', '', 2, 'Inflasi', 'dt_inflasi', 'area-chart', 'index', '2019-11-05 10:19:09', 'Super Administrator', NULL, NULL, 1, 0),
	('04', '', 2, 'Kemiskinan', 'dt_kemiskinan', 'money', 'index', '2019-11-05 10:19:25', 'Super Administrator', NULL, NULL, 1, 0),
	('05', '', 2, 'Pengangguran', 'dt_pengangguran', 'briefcase', 'index', '2019-11-05 10:19:50', 'Super Administrator', NULL, NULL, 1, 0),
	('06', '', 2, 'IPM', 'dt_ipm', 'user-secret', 'index', '2019-11-05 10:20:15', 'Super Administrator', NULL, NULL, 1, 0),
	('07', '', 2, 'Pertumbuhan Ekonomi', 'dt_ekonomi', 'bar-chart', 'index', '2019-11-05 10:20:38', 'Super Administrator', NULL, NULL, 1, 0),
	('08', '', 2, 'Penduduk', 'dt_penduduk', 'users', 'index', '2019-11-05 10:20:54', 'Super Administrator', NULL, NULL, 1, 0),
	('90', '', 3, 'PENGATURAN', '#', '#', '#', '2019-07-05 05:35:00', 'System', '2019-07-16 07:54:13', 'Super Administrator', 1, 0),
	('93', '', 1, 'Referensi', '', 'files-o', '', '2019-07-18 02:58:39', 'Super Administrator', '2019-07-18 05:12:05', 'Super Administrator', 1, 0),
	('93.01', '93', 2, 'Satuan', 'rf_satuan', 'cube', 'index', '2019-07-18 03:20:14', 'Super Administrator', '2019-10-01 04:37:25', 'Super Administrator', 1, 0),
	('93.02', '93', 2, 'Unit Pelayanan', 'rf_unit', 'building', 'index', '2019-10-15 05:05:58', 'Super Administrator', '2019-10-21 05:43:36', 'Super Administrator', 1, 0),
	('97', '', 1, 'Menu', '#', 'list', '#', '2019-07-05 05:35:21', 'System', '2019-07-22 03:03:48', 'Super Administrator', 1, 0),
	('97.01', '97', 2, 'Role', 'ap_role', 'user-secret', 'index', '2019-07-05 05:38:13', 'System', '2019-08-07 03:51:46', 'Super Administrator', 1, 0),
	('97.02', '97', 2, 'Menu', 'ap_menu', 'list', 'index', '2019-07-05 05:38:26', 'System', '2019-08-07 03:51:36', 'Super Administrator', 1, 0),
	('98', '', 1, 'Autentikasi', '#', 'id-card-o', '#', '2019-07-16 07:15:08', 'Super Administrator', '2019-07-22 03:04:01', 'Super Administrator', 1, 0),
	('98.01', '98', 2, 'Grup', 'ap_group', 'users', 'index', '2019-07-16 07:22:03', 'Super Administrator', '2019-08-07 03:51:27', 'Super Administrator', 1, 0),
	('98.02', '98', 2, 'Pengguna', 'ap_user', 'user', 'index', '2019-07-17 04:12:26', 'Super Administrator', '2019-08-07 03:51:19', 'Super Administrator', 1, 0),
	('99', '', 1, 'Aplikasi', '', 'clone', '', '2019-07-21 14:10:27', 'Super Administrator', '2019-07-22 03:04:09', 'Super Administrator', 1, 0),
	('99.01', '99', 2, 'Profil', 'ap_profile', 'university', 'index', '2019-07-21 14:11:08', 'Super Administrator', '2019-08-07 03:50:43', 'Super Administrator', 1, 0),
	('99.02', '99', 2, 'Parameter', 'ap_parameter', 'list', 'index', '2019-07-21 14:11:43', 'Super Administrator', '2019-08-07 03:50:56', 'Super Administrator', 1, 0);
/*!40000 ALTER TABLE `ap_menu` ENABLE KEYS */;

-- Dumping structure for table kkda_db.ap_menu_role
CREATE TABLE IF NOT EXISTS `ap_menu_role` (
  `menu_id` varchar(50) NOT NULL,
  `role_id` varchar(50) NOT NULL,
  `created` timestamp NULL DEFAULT NULL,
  `created_by` varchar(50) NOT NULL DEFAULT 'System',
  `updated` timestamp NULL DEFAULT NULL,
  `updated_by` varchar(50) DEFAULT NULL,
  `is_active` tinyint(1) NOT NULL DEFAULT '1',
  `is_deleted` tinyint(1) NOT NULL DEFAULT '0',
  PRIMARY KEY (`menu_id`,`role_id`)
) ENGINE=InnoDB DEFAULT CHARSET=latin1 ROW_FORMAT=COMPACT;

-- Dumping data for table kkda_db.ap_menu_role: ~62 rows (approximately)
DELETE FROM `ap_menu_role`;
/*!40000 ALTER TABLE `ap_menu_role` DISABLE KEYS */;
INSERT INTO `ap_menu_role` (`menu_id`, `role_id`, `created`, `created_by`, `updated`, `updated_by`, `is_active`, `is_deleted`) VALUES
	('01', 'ecae13117d6f0584c25a9da6c8f8415e', '2019-08-19 05:54:22', 'Super Administrator', NULL, NULL, 1, 0),
	('02', '099af53f601532dbd31e0ea99ffdeb64', '2019-11-05 10:18:37', 'Super Administrator', NULL, NULL, 1, 0),
	('02', '3ac340832f29c11538fbe2d6f75e8bcc', '2019-11-05 10:18:37', 'Super Administrator', NULL, NULL, 1, 0),
	('02', '76ea0bebb3c22822b4f0dd9c9fd021c5', '2019-11-05 10:18:37', 'Super Administrator', NULL, NULL, 1, 0),
	('02', 'ecae13117d6f0584c25a9da6c8f8415e', '2019-11-05 10:18:37', 'Super Administrator', NULL, NULL, 1, 0),
	('03', '099af53f601532dbd31e0ea99ffdeb64', '2019-11-05 10:19:09', 'Super Administrator', NULL, NULL, 1, 0),
	('03', '3ac340832f29c11538fbe2d6f75e8bcc', '2019-11-05 10:19:09', 'Super Administrator', NULL, NULL, 1, 0),
	('03', '76ea0bebb3c22822b4f0dd9c9fd021c5', '2019-11-05 10:19:09', 'Super Administrator', NULL, NULL, 1, 0),
	('03', 'ecae13117d6f0584c25a9da6c8f8415e', '2019-11-05 10:19:09', 'Super Administrator', NULL, NULL, 1, 0),
	('04', '099af53f601532dbd31e0ea99ffdeb64', '2019-11-05 10:19:25', 'Super Administrator', NULL, NULL, 1, 0),
	('04', '3ac340832f29c11538fbe2d6f75e8bcc', '2019-11-05 10:19:25', 'Super Administrator', NULL, NULL, 1, 0),
	('04', '76ea0bebb3c22822b4f0dd9c9fd021c5', '2019-11-05 10:19:25', 'Super Administrator', NULL, NULL, 1, 0),
	('04', 'ecae13117d6f0584c25a9da6c8f8415e', '2019-11-05 10:19:25', 'Super Administrator', NULL, NULL, 1, 0),
	('05', '099af53f601532dbd31e0ea99ffdeb64', '2019-11-05 10:19:50', 'Super Administrator', NULL, NULL, 1, 0),
	('05', '3ac340832f29c11538fbe2d6f75e8bcc', '2019-11-05 10:19:50', 'Super Administrator', NULL, NULL, 1, 0),
	('05', '76ea0bebb3c22822b4f0dd9c9fd021c5', '2019-11-05 10:19:50', 'Super Administrator', NULL, NULL, 1, 0),
	('05', 'ecae13117d6f0584c25a9da6c8f8415e', '2019-11-05 10:19:50', 'Super Administrator', NULL, NULL, 1, 0),
	('06', '099af53f601532dbd31e0ea99ffdeb64', '2019-11-05 10:20:15', 'Super Administrator', NULL, NULL, 1, 0),
	('06', '3ac340832f29c11538fbe2d6f75e8bcc', '2019-11-05 10:20:15', 'Super Administrator', NULL, NULL, 1, 0),
	('06', '76ea0bebb3c22822b4f0dd9c9fd021c5', '2019-11-05 10:20:15', 'Super Administrator', NULL, NULL, 1, 0),
	('06', 'ecae13117d6f0584c25a9da6c8f8415e', '2019-11-05 10:20:15', 'Super Administrator', NULL, NULL, 1, 0),
	('07', '099af53f601532dbd31e0ea99ffdeb64', '2019-11-05 10:20:38', 'Super Administrator', NULL, NULL, 1, 0),
	('07', '3ac340832f29c11538fbe2d6f75e8bcc', '2019-11-05 10:20:38', 'Super Administrator', NULL, NULL, 1, 0),
	('07', '76ea0bebb3c22822b4f0dd9c9fd021c5', '2019-11-05 10:20:38', 'Super Administrator', NULL, NULL, 1, 0),
	('07', 'ecae13117d6f0584c25a9da6c8f8415e', '2019-11-05 10:20:38', 'Super Administrator', NULL, NULL, 1, 0),
	('08', '099af53f601532dbd31e0ea99ffdeb64', '2019-11-05 10:20:54', 'Super Administrator', NULL, NULL, 1, 0),
	('08', '3ac340832f29c11538fbe2d6f75e8bcc', '2019-11-05 10:20:54', 'Super Administrator', NULL, NULL, 1, 0),
	('08', '76ea0bebb3c22822b4f0dd9c9fd021c5', '2019-11-05 10:20:54', 'Super Administrator', NULL, NULL, 1, 0),
	('08', 'ecae13117d6f0584c25a9da6c8f8415e', '2019-11-05 10:20:54', 'Super Administrator', NULL, NULL, 1, 0),
	('12.030', '099af53f601532dbd31e0ea99ffdeb64', '2019-10-15 05:50:29', 'Super Administrator', NULL, NULL, 1, 0),
	('12.030', '3ac340832f29c11538fbe2d6f75e8bcc', '2019-10-15 05:50:29', 'Super Administrator', NULL, NULL, 1, 0),
	('12.030', '76ea0bebb3c22822b4f0dd9c9fd021c5', '2019-10-15 05:50:29', 'Super Administrator', NULL, NULL, 1, 0),
	('12.030', 'ecae13117d6f0584c25a9da6c8f8415e', '2019-10-15 05:50:29', 'Super Administrator', NULL, NULL, 1, 0),
	('93.01', '099af53f601532dbd31e0ea99ffdeb64', '2019-10-01 04:37:25', 'Super Administrator', NULL, NULL, 1, 0),
	('93.01', '3ac340832f29c11538fbe2d6f75e8bcc', '2019-10-01 04:37:25', 'Super Administrator', NULL, NULL, 1, 0),
	('93.01', '76ea0bebb3c22822b4f0dd9c9fd021c5', '2019-10-01 04:37:25', 'Super Administrator', NULL, NULL, 1, 0),
	('93.01', 'ecae13117d6f0584c25a9da6c8f8415e', '2019-10-01 04:37:25', 'Super Administrator', NULL, NULL, 1, 0),
	('93.02', '099af53f601532dbd31e0ea99ffdeb64', '2019-10-21 05:43:36', 'Super Administrator', NULL, NULL, 1, 0),
	('93.02', '3ac340832f29c11538fbe2d6f75e8bcc', '2019-10-21 05:43:36', 'Super Administrator', NULL, NULL, 1, 0),
	('93.02', '76ea0bebb3c22822b4f0dd9c9fd021c5', '2019-10-21 05:43:36', 'Super Administrator', NULL, NULL, 1, 0),
	('93.02', 'ecae13117d6f0584c25a9da6c8f8415e', '2019-10-21 05:43:36', 'Super Administrator', NULL, NULL, 1, 0),
	('97.01', '099af53f601532dbd31e0ea99ffdeb64', '2019-08-07 03:51:46', 'Super Administrator', NULL, NULL, 1, 0),
	('97.01', '3ac340832f29c11538fbe2d6f75e8bcc', '2019-08-07 03:51:46', 'Super Administrator', NULL, NULL, 1, 0),
	('97.01', '76ea0bebb3c22822b4f0dd9c9fd021c5', '2019-08-07 03:51:46', 'Super Administrator', NULL, NULL, 1, 0),
	('97.01', 'ecae13117d6f0584c25a9da6c8f8415e', '2019-08-07 03:51:46', 'Super Administrator', NULL, NULL, 1, 0),
	('97.02', '099af53f601532dbd31e0ea99ffdeb64', '2019-08-07 03:51:36', 'Super Administrator', NULL, NULL, 1, 0),
	('97.02', '3ac340832f29c11538fbe2d6f75e8bcc', '2019-08-07 03:51:36', 'Super Administrator', NULL, NULL, 1, 0),
	('97.02', '76ea0bebb3c22822b4f0dd9c9fd021c5', '2019-08-07 03:51:36', 'Super Administrator', NULL, NULL, 1, 0),
	('97.02', 'ecae13117d6f0584c25a9da6c8f8415e', '2019-08-07 03:51:36', 'Super Administrator', NULL, NULL, 1, 0),
	('98.01', '099af53f601532dbd31e0ea99ffdeb64', '2019-08-07 03:51:27', 'Super Administrator', NULL, NULL, 1, 0),
	('98.01', '3ac340832f29c11538fbe2d6f75e8bcc', '2019-08-07 03:51:27', 'Super Administrator', NULL, NULL, 1, 0),
	('98.01', '76ea0bebb3c22822b4f0dd9c9fd021c5', '2019-08-07 03:51:27', 'Super Administrator', NULL, NULL, 1, 0),
	('98.01', 'ecae13117d6f0584c25a9da6c8f8415e', '2019-08-07 03:51:27', 'Super Administrator', NULL, NULL, 1, 0),
	('98.02', '099af53f601532dbd31e0ea99ffdeb64', '2019-08-07 03:51:19', 'Super Administrator', NULL, NULL, 1, 0),
	('98.02', '3ac340832f29c11538fbe2d6f75e8bcc', '2019-08-07 03:51:19', 'Super Administrator', NULL, NULL, 1, 0),
	('98.02', '76ea0bebb3c22822b4f0dd9c9fd021c5', '2019-08-07 03:51:19', 'Super Administrator', NULL, NULL, 1, 0),
	('98.02', 'ecae13117d6f0584c25a9da6c8f8415e', '2019-08-07 03:51:19', 'Super Administrator', NULL, NULL, 1, 0),
	('99.01', '3ac340832f29c11538fbe2d6f75e8bcc', '2019-08-07 03:50:43', 'Super Administrator', NULL, NULL, 1, 0),
	('99.01', 'ecae13117d6f0584c25a9da6c8f8415e', '2019-08-07 03:50:43', 'Super Administrator', NULL, NULL, 1, 0),
	('99.02', '099af53f601532dbd31e0ea99ffdeb64', '2019-08-07 03:50:56', 'Super Administrator', NULL, NULL, 1, 0),
	('99.02', '3ac340832f29c11538fbe2d6f75e8bcc', '2019-08-07 03:50:56', 'Super Administrator', NULL, NULL, 1, 0),
	('99.02', '76ea0bebb3c22822b4f0dd9c9fd021c5', '2019-08-07 03:50:56', 'Super Administrator', NULL, NULL, 1, 0),
	('99.02', 'ecae13117d6f0584c25a9da6c8f8415e', '2019-08-07 03:50:56', 'Super Administrator', NULL, NULL, 1, 0);
/*!40000 ALTER TABLE `ap_menu_role` ENABLE KEYS */;

-- Dumping structure for table kkda_db.ap_parameter
CREATE TABLE IF NOT EXISTS `ap_parameter` (
  `id` varchar(32) NOT NULL,
  `parameter` varchar(255) NOT NULL,
  `value` varchar(255) NOT NULL,
  `created` timestamp NULL DEFAULT NULL,
  `created_by` varchar(50) NOT NULL DEFAULT 'System',
  `updated` timestamp NULL DEFAULT NULL,
  `updated_by` varchar(50) DEFAULT NULL,
  `is_active` tinyint(1) NOT NULL DEFAULT '1',
  `is_deleted` tinyint(1) NOT NULL DEFAULT '0',
  PRIMARY KEY (`id`)
) ENGINE=InnoDB DEFAULT CHARSET=latin1 ROW_FORMAT=COMPACT;

-- Dumping data for table kkda_db.ap_parameter: ~3 rows (approximately)
DELETE FROM `ap_parameter`;
/*!40000 ALTER TABLE `ap_parameter` DISABLE KEYS */;
INSERT INTO `ap_parameter` (`id`, `parameter`, `value`, `created`, `created_by`, `updated`, `updated_by`, `is_active`, `is_deleted`) VALUES
	('419a9a369aeafb637b7bb765999a2fed', 'NPWP', '71.228.523.8-523.000', '2019-10-24 07:52:09', 'Super Administrator', NULL, NULL, 1, 0),
	('7b31741a16711bde6dcfe2311971c21e', 'NIP_KEPALA', '19720717 200312 1 004', '2019-08-01 03:05:56', 'Super Administrator', NULL, NULL, 1, 0),
	('7b90c7a4b8980225ee91947a75b6038c', 'NAMA_KEPALA', 'dr. Brantas Prayoga, M.Sc.', '2019-07-21 14:17:46', 'Super Administrator', '2019-08-01 03:06:28', 'Super Administrator', 1, 0);
/*!40000 ALTER TABLE `ap_parameter` ENABLE KEYS */;

-- Dumping structure for table kkda_db.ap_profile
CREATE TABLE IF NOT EXISTS `ap_profile` (
  `id` varchar(50) NOT NULL,
  `aplikasi` varchar(255) NOT NULL,
  `singkatan` varchar(255) NOT NULL,
  `opd` varchar(255) NOT NULL,
  `provinsi` varchar(255) NOT NULL DEFAULT '0',
  `pemda` varchar(255) NOT NULL DEFAULT '0',
  `kab_kota` varchar(255) NOT NULL DEFAULT '0',
  `kecamatan` varchar(255) NOT NULL DEFAULT '0',
  `alamat` varchar(255) NOT NULL,
  `kodepos` varchar(255) NOT NULL,
  `telp` varchar(50) NOT NULL,
  `fax` varchar(50) NOT NULL,
  `email` varchar(50) NOT NULL,
  `about` text NOT NULL,
  `copyright` varchar(255) NOT NULL,
  `logo` text NOT NULL,
  `version` varchar(20) NOT NULL,
  `start_year` int(4) NOT NULL DEFAULT '0',
  `created` timestamp NOT NULL DEFAULT CURRENT_TIMESTAMP,
  `created_by` varchar(50) NOT NULL DEFAULT 'System',
  `updated` timestamp NULL DEFAULT NULL ON UPDATE CURRENT_TIMESTAMP,
  `updated_by` varchar(50) DEFAULT NULL,
  `is_active` tinyint(1) NOT NULL DEFAULT '1',
  `is_deleted` tinyint(1) NOT NULL DEFAULT '0',
  PRIMARY KEY (`id`)
) ENGINE=InnoDB DEFAULT CHARSET=latin1 ROW_FORMAT=COMPACT;

-- Dumping data for table kkda_db.ap_profile: ~0 rows (approximately)
DELETE FROM `ap_profile`;
/*!40000 ALTER TABLE `ap_profile` DISABLE KEYS */;
INSERT INTO `ap_profile` (`id`, `aplikasi`, `singkatan`, `opd`, `provinsi`, `pemda`, `kab_kota`, `kecamatan`, `alamat`, `kodepos`, `telp`, `fax`, `email`, `about`, `copyright`, `logo`, `version`, `start_year`, `created`, `created_by`, `updated`, `updated_by`, `is_active`, `is_deleted`) VALUES
	('4feedc31c1191ad2370ac9b180d4fa0a', 'Kabupaten Klaten Dalam Angka', 'KKDA', 'Dinas Komunikasi dan Informasi', 'Jawa Tengah', 'Kabupaten', 'Klaten', 'Klaten Selatan', 'Jl. Pemuda Nomor No.294, Dusun 1, Tegalyoso', '57413', '-', '-', 'pemkab@klatenkab.go.id', '', '', 'logo.png', '0.1.0', 2019, '2019-07-02 07:41:39', 'System', '2019-11-05 10:18:06', 'Super Administrator', 0, 0);
/*!40000 ALTER TABLE `ap_profile` ENABLE KEYS */;

-- Dumping structure for table kkda_db.ap_role
CREATE TABLE IF NOT EXISTS `ap_role` (
  `id` varchar(32) NOT NULL,
  `role` varchar(50) NOT NULL,
  `description` varchar(255) NOT NULL,
  `created` timestamp NULL DEFAULT NULL,
  `created_by` varchar(50) NOT NULL DEFAULT 'System',
  `updated` timestamp NULL DEFAULT NULL,
  `updated_by` varchar(50) DEFAULT NULL,
  `is_active` tinyint(1) NOT NULL DEFAULT '1',
  `is_deleted` tinyint(1) NOT NULL DEFAULT '0',
  PRIMARY KEY (`id`)
) ENGINE=InnoDB DEFAULT CHARSET=latin1 ROW_FORMAT=COMPACT;

-- Dumping data for table kkda_db.ap_role: ~8 rows (approximately)
DELETE FROM `ap_role`;
/*!40000 ALTER TABLE `ap_role` DISABLE KEYS */;
INSERT INTO `ap_role` (`id`, `role`, `description`, `created`, `created_by`, `updated`, `updated_by`, `is_active`, `is_deleted`) VALUES
	('099af53f601532dbd31e0ea99ffdeb64', 'delete', 'Menghapus data.', '2019-07-03 08:05:46', 'System', '2019-07-11 03:46:18', NULL, 1, 0),
	('0aaa87422396fdd678498793b6d5250e', 'disable', 'Menonaktifkan data.', '2019-07-02 03:44:47', 'System', NULL, NULL, 1, 1),
	('1d35969c41452fe2b721248a96af64d9', 'export_pdf', 'Ekspor data berupa file PDF.', '2019-07-29 06:44:56', 'Super Administrator', '2019-08-19 05:31:06', 'Super Administrator', 1, 0),
	('208f156d4a803025c284bb595a7576b4', 'enable', 'Mengaktifkan data.', '2019-07-02 03:43:47', 'System', NULL, NULL, 1, 1),
	('3ac340832f29c11538fbe2d6f75e8bcc', 'update', 'Mengubah data.', '2019-07-03 08:05:39', 'System', '2019-07-11 03:46:13', NULL, 1, 0),
	('76ea0bebb3c22822b4f0dd9c9fd021c5', 'create', 'Membuat data baru.', '2019-07-03 08:05:26', 'System', '2019-07-11 03:57:38', 'Super Administrator', 1, 0),
	('921ea49aff675592b681df7d1a1391ae', 'export_excel', 'Ekspor data berupa file Excel.', '2019-08-19 05:30:42', 'Super Administrator', '2019-08-19 05:30:57', 'Super Administrator', 1, 0),
	('ecae13117d6f0584c25a9da6c8f8415e', 'read', 'Membuat data baru.', '2019-07-03 08:05:00', 'System', '2019-07-11 03:57:38', 'Super Administrator', 1, 0);
/*!40000 ALTER TABLE `ap_role` ENABLE KEYS */;

-- Dumping structure for table kkda_db.ap_user
CREATE TABLE IF NOT EXISTS `ap_user` (
  `id` varchar(32) NOT NULL,
  `group_id` varchar(32) NOT NULL,
  `user_name` varchar(255) NOT NULL,
  `user_password` varchar(255) NOT NULL,
  `fullname` varchar(255) NOT NULL,
  `created` timestamp NULL DEFAULT NULL,
  `created_by` varchar(50) NOT NULL DEFAULT 'System',
  `updated` timestamp NULL DEFAULT NULL,
  `updated_by` varchar(50) DEFAULT NULL,
  `is_active` tinyint(1) NOT NULL DEFAULT '1',
  `is_deleted` tinyint(1) NOT NULL DEFAULT '0',
  PRIMARY KEY (`id`)
) ENGINE=InnoDB DEFAULT CHARSET=latin1 ROW_FORMAT=COMPACT;

-- Dumping data for table kkda_db.ap_user: ~6 rows (approximately)
DELETE FROM `ap_user`;
/*!40000 ALTER TABLE `ap_user` DISABLE KEYS */;
INSERT INTO `ap_user` (`id`, `group_id`, `user_name`, `user_password`, `fullname`, `created`, `created_by`, `updated`, `updated_by`, `is_active`, `is_deleted`) VALUES
	('17c4520f6cfd1ab53d8745e84681eb49', 'c4ca4238a0b923820dcc509a6f75849b', 'superadmin', '7363a0d0604902af7b70b271a0b96480', 'Super Administrator', '2019-07-02 08:36:21', 'System', '2019-08-09 03:20:03', 'Super Administrator', 1, 0),
	('1fbf75e9eceea88adcfc6ad77dbf04cc', '849176481c855a4e1462d772536d3c16', 'listrik', '7363a0d0604902af7b70b271a0b96480', 'User Kelistrikan', '2019-11-05 09:09:32', 'Super Administrator', NULL, NULL, 1, 0),
	('4859774d852c6013660d159d27c7e715', 'c4979eca0b1dc4067e2ef4a7bd05f84c', 'atk', '7363a0d0604902af7b70b271a0b96480', 'User ATK', '2019-11-05 09:06:40', 'Super Administrator', NULL, NULL, 1, 0),
	('4ceb97ddcf8bce84f7608b90e8533d70', '2b18ed0963796806452ad12fc4e9ee0a', 'cetak', '7363a0d0604902af7b70b271a0b96480', 'User Percetakan', '2019-11-05 09:08:27', 'Super Administrator', NULL, NULL, 1, 0),
	('7726300802910b937f24028a380f4de0', '79abf252b0c4c5747c39fd7a69e13832', 'kebersihan', '7363a0d0604902af7b70b271a0b96480', 'User Kebersihan', '2019-11-05 09:05:37', 'Super Administrator', '2019-11-05 09:06:56', 'Super Administrator', 1, 0),
	('b785a32d7e8e37635823a27fbb13cdf9', '49fe31429754ff30f1c853b4f87918d2', 'farmasi', '7363a0d0604902af7b70b271a0b96480', 'User Farmasi', '2019-11-05 08:59:44', 'Super Administrator', '2019-11-05 09:07:15', 'Super Administrator', 1, 0);
/*!40000 ALTER TABLE `ap_user` ENABLE KEYS */;

-- Dumping structure for table kkda_db.dt_ekonomi
CREATE TABLE IF NOT EXISTS `dt_ekonomi` (
  `id` varchar(32) NOT NULL,
  `tahun` int(4) NOT NULL DEFAULT '0',
  `nilai` float NOT NULL DEFAULT '0',
  `created` timestamp NULL DEFAULT NULL,
  `created_by` varchar(50) NOT NULL DEFAULT 'System',
  `updated` timestamp NULL DEFAULT NULL,
  `updated_by` varchar(50) DEFAULT NULL,
  `is_active` tinyint(1) NOT NULL DEFAULT '1',
  `is_deleted` tinyint(1) NOT NULL DEFAULT '0',
  PRIMARY KEY (`id`)
) ENGINE=InnoDB DEFAULT CHARSET=latin1 ROW_FORMAT=COMPACT;

-- Dumping data for table kkda_db.dt_ekonomi: ~0 rows (approximately)
DELETE FROM `dt_ekonomi`;
/*!40000 ALTER TABLE `dt_ekonomi` DISABLE KEYS */;
/*!40000 ALTER TABLE `dt_ekonomi` ENABLE KEYS */;

-- Dumping structure for table kkda_db.dt_inflasi
CREATE TABLE IF NOT EXISTS `dt_inflasi` (
  `id` varchar(32) NOT NULL,
  `tahun` int(4) NOT NULL DEFAULT '0',
  `nilai` float NOT NULL DEFAULT '0',
  `created` timestamp NULL DEFAULT NULL,
  `created_by` varchar(50) NOT NULL DEFAULT 'System',
  `updated` timestamp NULL DEFAULT NULL,
  `updated_by` varchar(50) DEFAULT NULL,
  `is_active` tinyint(1) NOT NULL DEFAULT '1',
  `is_deleted` tinyint(1) NOT NULL DEFAULT '0',
  PRIMARY KEY (`id`)
) ENGINE=InnoDB DEFAULT CHARSET=latin1 ROW_FORMAT=COMPACT;

-- Dumping data for table kkda_db.dt_inflasi: ~0 rows (approximately)
DELETE FROM `dt_inflasi`;
/*!40000 ALTER TABLE `dt_inflasi` DISABLE KEYS */;
INSERT INTO `dt_inflasi` (`id`, `tahun`, `nilai`, `created`, `created_by`, `updated`, `updated_by`, `is_active`, `is_deleted`) VALUES
	('9000d7a971e527b2616a361d34b45d17', 2011, 28, '2019-11-12 09:06:35', 'Super Administrator', NULL, NULL, 1, 0),
	('9a5d72cbdf3e31a912c7a3ce90d27299', 2010, 25, '2019-11-12 09:06:27', 'Super Administrator', NULL, NULL, 1, 0),
	('d551216f3b22b6a62a8b95a93174ed0d', 2012, 21, '2019-11-12 09:06:43', 'Super Administrator', NULL, NULL, 1, 0),
	('e0b5e794c716ecb334d84b637c9024cd', 2013, 19, '2019-11-12 09:06:56', 'Super Administrator', NULL, NULL, 1, 0);
/*!40000 ALTER TABLE `dt_inflasi` ENABLE KEYS */;

-- Dumping structure for table kkda_db.dt_ipm
CREATE TABLE IF NOT EXISTS `dt_ipm` (
  `id` varchar(32) NOT NULL,
  `tahun` int(4) NOT NULL DEFAULT '0',
  `nilai` float NOT NULL DEFAULT '0',
  `created` timestamp NULL DEFAULT NULL,
  `created_by` varchar(50) NOT NULL DEFAULT 'System',
  `updated` timestamp NULL DEFAULT NULL,
  `updated_by` varchar(50) DEFAULT NULL,
  `is_active` tinyint(1) NOT NULL DEFAULT '1',
  `is_deleted` tinyint(1) NOT NULL DEFAULT '0',
  PRIMARY KEY (`id`)
) ENGINE=InnoDB DEFAULT CHARSET=latin1 ROW_FORMAT=COMPACT;

-- Dumping data for table kkda_db.dt_ipm: ~0 rows (approximately)
DELETE FROM `dt_ipm`;
/*!40000 ALTER TABLE `dt_ipm` DISABLE KEYS */;
/*!40000 ALTER TABLE `dt_ipm` ENABLE KEYS */;

-- Dumping structure for table kkda_db.dt_kategori
CREATE TABLE IF NOT EXISTS `dt_kategori` (
  `id` varchar(32) NOT NULL,
  `tahun_id` varchar(32) NOT NULL,
  `kategori` varchar(50) NOT NULL DEFAULT '0',
  `description` varchar(255) NOT NULL,
  `created` timestamp NULL DEFAULT NULL,
  `created_by` varchar(50) NOT NULL DEFAULT 'System',
  `updated` timestamp NULL DEFAULT NULL,
  `updated_by` varchar(50) DEFAULT NULL,
  `is_active` tinyint(1) NOT NULL DEFAULT '1',
  `is_deleted` tinyint(1) NOT NULL DEFAULT '0',
  PRIMARY KEY (`id`)
) ENGINE=InnoDB DEFAULT CHARSET=latin1 ROW_FORMAT=COMPACT;

-- Dumping data for table kkda_db.dt_kategori: ~1 rows (approximately)
DELETE FROM `dt_kategori`;
/*!40000 ALTER TABLE `dt_kategori` DISABLE KEYS */;
INSERT INTO `dt_kategori` (`id`, `tahun_id`, `kategori`, `description`, `created`, `created_by`, `updated`, `updated_by`, `is_active`, `is_deleted`) VALUES
	('091c65f84077591b5110f5ae75fc2f46', '740275419f61a5fa709935138452a55a', 'PERTANIAN', '', '2019-11-06 08:34:29', 'Super Administrator', NULL, NULL, 1, 0);
/*!40000 ALTER TABLE `dt_kategori` ENABLE KEYS */;

-- Dumping structure for table kkda_db.dt_kemiskinan
CREATE TABLE IF NOT EXISTS `dt_kemiskinan` (
  `id` varchar(32) NOT NULL,
  `tahun` int(4) NOT NULL DEFAULT '0',
  `nilai` float NOT NULL DEFAULT '0',
  `created` timestamp NULL DEFAULT NULL,
  `created_by` varchar(50) NOT NULL DEFAULT 'System',
  `updated` timestamp NULL DEFAULT NULL,
  `updated_by` varchar(50) DEFAULT NULL,
  `is_active` tinyint(1) NOT NULL DEFAULT '1',
  `is_deleted` tinyint(1) NOT NULL DEFAULT '0',
  PRIMARY KEY (`id`)
) ENGINE=InnoDB DEFAULT CHARSET=latin1 ROW_FORMAT=COMPACT;

-- Dumping data for table kkda_db.dt_kemiskinan: ~0 rows (approximately)
DELETE FROM `dt_kemiskinan`;
/*!40000 ALTER TABLE `dt_kemiskinan` DISABLE KEYS */;
INSERT INTO `dt_kemiskinan` (`id`, `tahun`, `nilai`, `created`, `created_by`, `updated`, `updated_by`, `is_active`, `is_deleted`) VALUES
	('', 2010, 21, '2019-11-12 09:25:02', 'Super Administrator', NULL, NULL, 1, 0);
/*!40000 ALTER TABLE `dt_kemiskinan` ENABLE KEYS */;

-- Dumping structure for table kkda_db.dt_penduduk
CREATE TABLE IF NOT EXISTS `dt_penduduk` (
  `id` varchar(32) NOT NULL,
  `tahun` int(4) NOT NULL DEFAULT '0',
  `nilai` float NOT NULL DEFAULT '0',
  `created` timestamp NULL DEFAULT NULL,
  `created_by` varchar(50) NOT NULL DEFAULT 'System',
  `updated` timestamp NULL DEFAULT NULL,
  `updated_by` varchar(50) DEFAULT NULL,
  `is_active` tinyint(1) NOT NULL DEFAULT '1',
  `is_deleted` tinyint(1) NOT NULL DEFAULT '0',
  PRIMARY KEY (`id`)
) ENGINE=InnoDB DEFAULT CHARSET=latin1 ROW_FORMAT=COMPACT;

-- Dumping data for table kkda_db.dt_penduduk: ~0 rows (approximately)
DELETE FROM `dt_penduduk`;
/*!40000 ALTER TABLE `dt_penduduk` DISABLE KEYS */;
/*!40000 ALTER TABLE `dt_penduduk` ENABLE KEYS */;

-- Dumping structure for table kkda_db.dt_pengangguran
CREATE TABLE IF NOT EXISTS `dt_pengangguran` (
  `id` varchar(32) NOT NULL,
  `tahun` int(4) NOT NULL DEFAULT '0',
  `nilai` float NOT NULL DEFAULT '0',
  `created` timestamp NULL DEFAULT NULL,
  `created_by` varchar(50) NOT NULL DEFAULT 'System',
  `updated` timestamp NULL DEFAULT NULL,
  `updated_by` varchar(50) DEFAULT NULL,
  `is_active` tinyint(1) NOT NULL DEFAULT '1',
  `is_deleted` tinyint(1) NOT NULL DEFAULT '0',
  PRIMARY KEY (`id`)
) ENGINE=InnoDB DEFAULT CHARSET=latin1 ROW_FORMAT=COMPACT;

-- Dumping data for table kkda_db.dt_pengangguran: ~0 rows (approximately)
DELETE FROM `dt_pengangguran`;
/*!40000 ALTER TABLE `dt_pengangguran` DISABLE KEYS */;
/*!40000 ALTER TABLE `dt_pengangguran` ENABLE KEYS */;

-- Dumping structure for table kkda_db.dt_subkategori
CREATE TABLE IF NOT EXISTS `dt_subkategori` (
  `id` varchar(32) NOT NULL,
  `tahun_id` varchar(32) NOT NULL,
  `kategori_id` varchar(32) NOT NULL,
  `subkategori` varchar(50) NOT NULL DEFAULT '0',
  `berkas` varchar(50) NOT NULL DEFAULT '0',
  `description` varchar(255) NOT NULL,
  `created` timestamp NULL DEFAULT NULL,
  `created_by` varchar(50) NOT NULL DEFAULT 'System',
  `updated` timestamp NULL DEFAULT NULL,
  `updated_by` varchar(50) DEFAULT NULL,
  `is_active` tinyint(1) NOT NULL DEFAULT '1',
  `is_deleted` tinyint(1) NOT NULL DEFAULT '0',
  PRIMARY KEY (`id`)
) ENGINE=InnoDB DEFAULT CHARSET=latin1 ROW_FORMAT=COMPACT;

-- Dumping data for table kkda_db.dt_subkategori: ~1 rows (approximately)
DELETE FROM `dt_subkategori`;
/*!40000 ALTER TABLE `dt_subkategori` DISABLE KEYS */;
INSERT INTO `dt_subkategori` (`id`, `tahun_id`, `kategori_id`, `subkategori`, `berkas`, `description`, `created`, `created_by`, `updated`, `updated_by`, `is_active`, `is_deleted`) VALUES
	('fbabe48710afa3489ec79f79d7ffc564', '740275419f61a5fa709935138452a55a', '091c65f84077591b5110f5ae75fc2f46', 'Jumlah petani per kecamatan', 'f8d3a93c2098d301a8faa842aa797460.pdf', '', '2019-11-11 12:59:51', 'Super Administrator', NULL, NULL, 1, 0);
/*!40000 ALTER TABLE `dt_subkategori` ENABLE KEYS */;

-- Dumping structure for table kkda_db.dt_tahun
CREATE TABLE IF NOT EXISTS `dt_tahun` (
  `id` varchar(32) NOT NULL,
  `tahun` int(4) NOT NULL DEFAULT '0',
  `description` varchar(255) NOT NULL,
  `created` timestamp NULL DEFAULT NULL,
  `created_by` varchar(50) NOT NULL DEFAULT 'System',
  `updated` timestamp NULL DEFAULT NULL,
  `updated_by` varchar(50) DEFAULT NULL,
  `is_active` tinyint(1) NOT NULL DEFAULT '1',
  `is_deleted` tinyint(1) NOT NULL DEFAULT '0',
  PRIMARY KEY (`id`)
) ENGINE=InnoDB DEFAULT CHARSET=latin1 ROW_FORMAT=COMPACT;

-- Dumping data for table kkda_db.dt_tahun: ~1 rows (approximately)
DELETE FROM `dt_tahun`;
/*!40000 ALTER TABLE `dt_tahun` DISABLE KEYS */;
INSERT INTO `dt_tahun` (`id`, `tahun`, `description`, `created`, `created_by`, `updated`, `updated_by`, `is_active`, `is_deleted`) VALUES
	('71927ud8a9sd8w789qwdu89w7e89we', 2020, 'KKDA 2020', '2019-11-11 11:49:35', 'System', NULL, NULL, 1, 0),
	('740275419f61a5fa709935138452a55a', 2019, 'KKDA 2019', '2019-11-06 08:33:56', 'Super Administrator', NULL, NULL, 1, 0);
/*!40000 ALTER TABLE `dt_tahun` ENABLE KEYS */;

/*!40101 SET SQL_MODE=IFNULL(@OLD_SQL_MODE, '') */;
/*!40014 SET FOREIGN_KEY_CHECKS=IF(@OLD_FOREIGN_KEY_CHECKS IS NULL, 1, @OLD_FOREIGN_KEY_CHECKS) */;
/*!40101 SET CHARACTER_SET_CLIENT=@OLD_CHARACTER_SET_CLIENT */;
