-- --------------------------------------------------------
-- Host:                         127.0.0.1
-- Server version:               10.1.38-MariaDB - mariadb.org binary distribution
-- Server OS:                    Win64
-- HeidiSQL Version:             10.2.0.5599
-- --------------------------------------------------------

/*!40101 SET @OLD_CHARACTER_SET_CLIENT=@@CHARACTER_SET_CLIENT */;
/*!40101 SET NAMES utf8 */;
/*!50503 SET NAMES utf8mb4 */;
/*!40014 SET @OLD_FOREIGN_KEY_CHECKS=@@FOREIGN_KEY_CHECKS, FOREIGN_KEY_CHECKS=0 */;
/*!40101 SET @OLD_SQL_MODE=@@SQL_MODE, SQL_MODE='NO_AUTO_VALUE_ON_ZERO' */;

-- Dumping structure for table sianida_piyann.ap_group
DROP TABLE IF EXISTS `ap_group`;
CREATE TABLE IF NOT EXISTS `ap_group` (
  `id` varchar(32) NOT NULL,
  `group` varchar(50) NOT NULL,
  `description` varchar(255) NOT NULL,
  `created` timestamp NULL DEFAULT NULL,
  `created_by` varchar(50) NOT NULL DEFAULT 'System',
  `updated` timestamp NULL DEFAULT NULL,
  `updated_by` varchar(50) DEFAULT NULL,
  `is_active` tinyint(1) NOT NULL DEFAULT '1',
  `is_deleted` tinyint(1) NOT NULL DEFAULT '0',
  PRIMARY KEY (`id`) USING BTREE
) ENGINE=MyISAM DEFAULT CHARSET=latin1 ROW_FORMAT=DYNAMIC;

-- Dumping data for table sianida_piyann.ap_group: 6 rows
DELETE FROM `ap_group`;
/*!40000 ALTER TABLE `ap_group` DISABLE KEYS */;
INSERT INTO `ap_group` (`id`, `group`, `description`, `created`, `created_by`, `updated`, `updated_by`, `is_active`, `is_deleted`) VALUES
	('2b18ed0963796806452ad12fc4e9ee0a', 'cetak', 'group pengolah data alat pencetakan', '2019-11-05 08:38:30', 'Super Administrator', NULL, NULL, 1, 0),
	('49fe31429754ff30f1c853b4f87918d2', 'farmasi', 'Group pengolah data farmasi', '2019-11-05 08:34:37', 'Super Administrator', '2019-11-05 08:34:59', 'Super Administrator', 1, 0),
	('79abf252b0c4c5747c39fd7a69e13832', 'kebersihan', 'group pengolah data alat kebersihan', '2019-11-05 08:36:28', 'Super Administrator', NULL, NULL, 1, 0),
	('849176481c855a4e1462d772536d3c16', 'listrik', 'group pengolah data alat kelistrikan', '2019-11-05 08:39:02', 'Super Administrator', NULL, NULL, 1, 0),
	('c4979eca0b1dc4067e2ef4a7bd05f84c', 'atk', 'group pengolah data alat tulis kantor', '2019-11-05 08:37:48', 'Super Administrator', NULL, NULL, 1, 0),
	('c4ca4238a0b923820dcc509a6f75849b', 'superadmin', 'Root access.', '2019-07-02 21:59:26', 'System', '2019-07-18 06:09:54', 'Super Administrator', 1, 0);
/*!40000 ALTER TABLE `ap_group` ENABLE KEYS */;

-- Dumping structure for table sianida_piyann.ap_group_menu
DROP TABLE IF EXISTS `ap_group_menu`;
CREATE TABLE IF NOT EXISTS `ap_group_menu` (
  `menu_id` varchar(50) NOT NULL,
  `group_id` varchar(32) NOT NULL DEFAULT '',
  `created` timestamp(1) NOT NULL DEFAULT CURRENT_TIMESTAMP(1),
  `created_by` varchar(50) NOT NULL DEFAULT 'System',
  `updated` timestamp NULL DEFAULT NULL ON UPDATE CURRENT_TIMESTAMP,
  `updated_by` varchar(50) DEFAULT NULL,
  `is_active` tinyint(1) NOT NULL DEFAULT '1',
  `is_deleted` tinyint(1) NOT NULL DEFAULT '0',
  PRIMARY KEY (`menu_id`,`group_id`) USING BTREE
) ENGINE=MyISAM DEFAULT CHARSET=latin1 ROW_FORMAT=DYNAMIC;

-- Dumping data for table sianida_piyann.ap_group_menu: 277 rows
DELETE FROM `ap_group_menu`;
/*!40000 ALTER TABLE `ap_group_menu` DISABLE KEYS */;
INSERT INTO `ap_group_menu` (`menu_id`, `group_id`, `created`, `created_by`, `updated`, `updated_by`, `is_active`, `is_deleted`) VALUES
	('01', '2b18ed0963796806452ad12fc4e9ee0a', '2019-11-05 10:05:59.0', 'Super Administrator', NULL, NULL, 1, 0),
	('01', '79abf252b0c4c5747c39fd7a69e13832', '2019-11-05 10:05:04.0', 'Super Administrator', NULL, NULL, 1, 0),
	('01', '849176481c855a4e1462d772536d3c16', '2019-11-05 10:06:19.0', 'Super Administrator', NULL, NULL, 1, 0),
	('01', 'aa2fe6c3f3e60c0c4003953997f64fb2', '2019-08-07 03:53:59.0', 'Super Administrator', NULL, NULL, 1, 0),
	('01', 'c4979eca0b1dc4067e2ef4a7bd05f84c', '2019-11-05 10:05:28.0', 'Super Administrator', NULL, NULL, 1, 0),
	('99', 'c4ca4238a0b923820dcc509a6f75849b', '2019-11-11 10:42:29.0', 'Super Administrator', NULL, NULL, 1, 0),
	('98.02', 'c4ca4238a0b923820dcc509a6f75849b', '2019-11-11 10:42:29.0', 'Super Administrator', NULL, NULL, 1, 0),
	('19.06', '49fe31429754ff30f1c853b4f87918d2', '2019-11-11 16:22:09.0', 'Super Administrator', NULL, NULL, 1, 0),
	('19.07', '49fe31429754ff30f1c853b4f87918d2', '2019-11-11 16:22:09.0', 'Super Administrator', NULL, NULL, 1, 0),
	('98.01', 'c4ca4238a0b923820dcc509a6f75849b', '2019-11-11 10:42:29.0', 'Super Administrator', NULL, NULL, 1, 0),
	('19.05', '49fe31429754ff30f1c853b4f87918d2', '2019-11-11 16:22:09.0', 'Super Administrator', NULL, NULL, 1, 0),
	('98', 'c4ca4238a0b923820dcc509a6f75849b', '2019-11-11 10:42:29.0', 'Super Administrator', NULL, NULL, 1, 0),
	('19.04', '49fe31429754ff30f1c853b4f87918d2', '2019-11-11 16:22:09.0', 'Super Administrator', NULL, NULL, 1, 0),
	('97.02', 'c4ca4238a0b923820dcc509a6f75849b', '2019-11-11 10:42:29.0', 'Super Administrator', NULL, NULL, 1, 0),
	('19.03', '49fe31429754ff30f1c853b4f87918d2', '2019-11-11 16:22:09.0', 'Super Administrator', NULL, NULL, 1, 0),
	('97.01', 'c4ca4238a0b923820dcc509a6f75849b', '2019-11-11 10:42:29.0', 'Super Administrator', NULL, NULL, 1, 0),
	('19.01', '49fe31429754ff30f1c853b4f87918d2', '2019-11-11 16:22:09.0', 'Super Administrator', NULL, NULL, 1, 0),
	('19.02', '49fe31429754ff30f1c853b4f87918d2', '2019-11-11 16:22:09.0', 'Super Administrator', NULL, NULL, 1, 0),
	('93.02', 'c4ca4238a0b923820dcc509a6f75849b', '2019-11-11 10:42:29.0', 'Super Administrator', NULL, NULL, 1, 0),
	('19', '49fe31429754ff30f1c853b4f87918d2', '2019-11-11 16:22:09.0', 'Super Administrator', NULL, NULL, 1, 0),
	('97', 'c4ca4238a0b923820dcc509a6f75849b', '2019-11-11 10:42:29.0', 'Super Administrator', NULL, NULL, 1, 0),
	('17', '49fe31429754ff30f1c853b4f87918d2', '2019-11-11 16:22:09.0', 'Super Administrator', NULL, NULL, 1, 0),
	('93.01', 'c4ca4238a0b923820dcc509a6f75849b', '2019-11-11 10:42:29.0', 'Super Administrator', NULL, NULL, 1, 0),
	('93', 'c4ca4238a0b923820dcc509a6f75849b', '2019-11-11 10:42:29.0', 'Super Administrator', NULL, NULL, 1, 0),
	('90', 'c4ca4238a0b923820dcc509a6f75849b', '2019-11-11 10:42:29.0', 'Super Administrator', NULL, NULL, 1, 0),
	('19.10', '49fe31429754ff30f1c853b4f87918d2', '2019-11-11 16:22:09.0', 'Super Administrator', NULL, NULL, 1, 0),
	('16.01', '49fe31429754ff30f1c853b4f87918d2', '2019-11-11 16:22:09.0', 'Super Administrator', NULL, NULL, 1, 0),
	('56', 'c4ca4238a0b923820dcc509a6f75849b', '2019-11-11 10:42:29.0', 'Super Administrator', NULL, NULL, 1, 0),
	('55.07', 'c4ca4238a0b923820dcc509a6f75849b', '2019-11-11 10:42:29.0', 'Super Administrator', NULL, NULL, 1, 0),
	('16', '49fe31429754ff30f1c853b4f87918d2', '2019-11-11 16:22:09.0', 'Super Administrator', NULL, NULL, 1, 0),
	('55.06', 'c4ca4238a0b923820dcc509a6f75849b', '2019-11-11 10:42:29.0', 'Super Administrator', NULL, NULL, 1, 0),
	('15.02', '49fe31429754ff30f1c853b4f87918d2', '2019-11-11 16:22:09.0', 'Super Administrator', NULL, NULL, 1, 0),
	('55.05', 'c4ca4238a0b923820dcc509a6f75849b', '2019-11-11 10:42:29.0', 'Super Administrator', NULL, NULL, 1, 0),
	('14.04', '49fe31429754ff30f1c853b4f87918d2', '2019-11-11 16:22:09.0', 'Super Administrator', NULL, NULL, 1, 0),
	('55.03', 'c4ca4238a0b923820dcc509a6f75849b', '2019-11-11 10:42:29.0', 'Super Administrator', NULL, NULL, 1, 0),
	('15', '49fe31429754ff30f1c853b4f87918d2', '2019-11-11 16:22:09.0', 'Super Administrator', NULL, NULL, 1, 0),
	('55.04', 'c4ca4238a0b923820dcc509a6f75849b', '2019-11-11 10:42:29.0', 'Super Administrator', NULL, NULL, 1, 0),
	('14.03', '49fe31429754ff30f1c853b4f87918d2', '2019-11-11 16:22:09.0', 'Super Administrator', NULL, NULL, 1, 0),
	('55.02', 'c4ca4238a0b923820dcc509a6f75849b', '2019-11-11 10:42:29.0', 'Super Administrator', NULL, NULL, 1, 0),
	('14', '49fe31429754ff30f1c853b4f87918d2', '2019-11-11 16:22:09.0', 'Super Administrator', NULL, NULL, 1, 0),
	('55.01', 'c4ca4238a0b923820dcc509a6f75849b', '2019-11-11 10:42:29.0', 'Super Administrator', NULL, NULL, 1, 0),
	('14.02', '49fe31429754ff30f1c853b4f87918d2', '2019-11-11 16:22:09.0', 'Super Administrator', NULL, NULL, 1, 0),
	('55', 'c4ca4238a0b923820dcc509a6f75849b', '2019-11-11 10:42:29.0', 'Super Administrator', NULL, NULL, 1, 0),
	('13.01', '49fe31429754ff30f1c853b4f87918d2', '2019-11-11 16:22:09.0', 'Super Administrator', NULL, NULL, 1, 0),
	('54.10', 'c4ca4238a0b923820dcc509a6f75849b', '2019-11-11 10:42:29.0', 'Super Administrator', NULL, NULL, 1, 0),
	('13', '49fe31429754ff30f1c853b4f87918d2', '2019-11-11 16:22:09.0', 'Super Administrator', NULL, NULL, 1, 0),
	('54.02', 'c4ca4238a0b923820dcc509a6f75849b', '2019-11-11 10:42:29.0', 'Super Administrator', NULL, NULL, 1, 0),
	('12.04', '49fe31429754ff30f1c853b4f87918d2', '2019-11-11 16:22:09.0', 'Super Administrator', NULL, NULL, 1, 0),
	('54.01', 'c4ca4238a0b923820dcc509a6f75849b', '2019-11-11 10:42:29.0', 'Super Administrator', NULL, NULL, 1, 0),
	('12.03', '49fe31429754ff30f1c853b4f87918d2', '2019-11-11 16:22:09.0', 'Super Administrator', NULL, NULL, 1, 0),
	('54', 'c4ca4238a0b923820dcc509a6f75849b', '2019-11-11 10:42:29.0', 'Super Administrator', NULL, NULL, 1, 0),
	('12.02', '49fe31429754ff30f1c853b4f87918d2', '2019-11-11 16:22:09.0', 'Super Administrator', NULL, NULL, 1, 0),
	('53.02', 'c4ca4238a0b923820dcc509a6f75849b', '2019-11-11 10:42:29.0', 'Super Administrator', NULL, NULL, 1, 0),
	('20', '79abf252b0c4c5747c39fd7a69e13832', '2019-11-05 10:05:04.0', 'Super Administrator', NULL, NULL, 1, 0),
	('53', 'c4ca4238a0b923820dcc509a6f75849b', '2019-11-11 10:42:29.0', 'Super Administrator', NULL, NULL, 1, 0),
	('21', '79abf252b0c4c5747c39fd7a69e13832', '2019-11-05 10:05:04.0', 'Super Administrator', NULL, NULL, 1, 0),
	('53.01', 'c4ca4238a0b923820dcc509a6f75849b', '2019-11-11 10:42:29.0', 'Super Administrator', NULL, NULL, 1, 0),
	('21.01', '79abf252b0c4c5747c39fd7a69e13832', '2019-11-05 10:05:04.0', 'Super Administrator', NULL, NULL, 1, 0),
	('52', 'c4ca4238a0b923820dcc509a6f75849b', '2019-11-11 10:42:29.0', 'Super Administrator', NULL, NULL, 1, 0),
	('21.02', '79abf252b0c4c5747c39fd7a69e13832', '2019-11-05 10:05:04.0', 'Super Administrator', NULL, NULL, 1, 0),
	('51.03', 'c4ca4238a0b923820dcc509a6f75849b', '2019-11-11 10:42:29.0', 'Super Administrator', NULL, NULL, 1, 0),
	('21.03', '79abf252b0c4c5747c39fd7a69e13832', '2019-11-05 10:05:04.0', 'Super Administrator', NULL, NULL, 1, 0),
	('51.02', 'c4ca4238a0b923820dcc509a6f75849b', '2019-11-11 10:42:29.0', 'Super Administrator', NULL, NULL, 1, 0),
	('22', '79abf252b0c4c5747c39fd7a69e13832', '2019-11-05 10:05:04.0', 'Super Administrator', NULL, NULL, 1, 0),
	('22', 'aa2fe6c3f3e60c0c4003953997f64fb2', '2019-08-07 03:53:59.0', 'Super Administrator', NULL, NULL, 1, 0),
	('22.01', 'aa2fe6c3f3e60c0c4003953997f64fb2', '2019-08-07 03:53:59.0', 'Super Administrator', NULL, NULL, 1, 0),
	('22.02', 'aa2fe6c3f3e60c0c4003953997f64fb2', '2019-08-07 03:53:59.0', 'Super Administrator', NULL, NULL, 1, 0),
	('23', '79abf252b0c4c5747c39fd7a69e13832', '2019-11-05 10:05:04.0', 'Super Administrator', NULL, NULL, 1, 0),
	('23', 'aa2fe6c3f3e60c0c4003953997f64fb2', '2019-08-07 03:53:59.0', 'Super Administrator', NULL, NULL, 1, 0),
	('51.01', 'c4ca4238a0b923820dcc509a6f75849b', '2019-11-11 10:42:29.0', 'Super Administrator', NULL, NULL, 1, 0),
	('23.01', '79abf252b0c4c5747c39fd7a69e13832', '2019-11-05 10:05:04.0', 'Super Administrator', NULL, NULL, 1, 0),
	('23.01', 'aa2fe6c3f3e60c0c4003953997f64fb2', '2019-08-07 03:53:59.0', 'Super Administrator', NULL, NULL, 1, 0),
	('51', 'c4ca4238a0b923820dcc509a6f75849b', '2019-11-11 10:42:29.0', 'Super Administrator', NULL, NULL, 1, 0),
	('23.01.01', 'aa2fe6c3f3e60c0c4003953997f64fb2', '2019-08-07 03:53:59.0', 'Super Administrator', NULL, NULL, 1, 0),
	('23.01.02', 'aa2fe6c3f3e60c0c4003953997f64fb2', '2019-08-07 03:53:59.0', 'Super Administrator', NULL, NULL, 1, 0),
	('23.02', '79abf252b0c4c5747c39fd7a69e13832', '2019-11-05 10:05:04.0', 'Super Administrator', NULL, NULL, 1, 0),
	('23.02', 'aa2fe6c3f3e60c0c4003953997f64fb2', '2019-08-07 03:53:59.0', 'Super Administrator', NULL, NULL, 1, 0),
	('46', 'c4ca4238a0b923820dcc509a6f75849b', '2019-11-11 10:42:29.0', 'Super Administrator', NULL, NULL, 1, 0),
	('24', '79abf252b0c4c5747c39fd7a69e13832', '2019-11-05 10:05:04.0', 'Super Administrator', NULL, NULL, 1, 0),
	('50', 'c4ca4238a0b923820dcc509a6f75849b', '2019-11-11 10:42:29.0', 'Super Administrator', NULL, NULL, 1, 0),
	('24.01', '79abf252b0c4c5747c39fd7a69e13832', '2019-11-05 10:05:04.0', 'Super Administrator', NULL, NULL, 1, 0),
	('45.07', 'c4ca4238a0b923820dcc509a6f75849b', '2019-11-11 10:42:29.0', 'Super Administrator', NULL, NULL, 1, 0),
	('24.02', '79abf252b0c4c5747c39fd7a69e13832', '2019-11-05 10:05:04.0', 'Super Administrator', NULL, NULL, 1, 0),
	('24.10', '79abf252b0c4c5747c39fd7a69e13832', '2019-11-05 10:05:04.0', 'Super Administrator', NULL, NULL, 1, 0),
	('45.06', 'c4ca4238a0b923820dcc509a6f75849b', '2019-11-11 10:42:29.0', 'Super Administrator', NULL, NULL, 1, 0),
	('25', '79abf252b0c4c5747c39fd7a69e13832', '2019-11-05 10:05:04.0', 'Super Administrator', NULL, NULL, 1, 0),
	('45.05', 'c4ca4238a0b923820dcc509a6f75849b', '2019-11-11 10:42:29.0', 'Super Administrator', NULL, NULL, 1, 0),
	('25.01', '79abf252b0c4c5747c39fd7a69e13832', '2019-11-05 10:05:04.0', 'Super Administrator', NULL, NULL, 1, 0),
	('45.04', 'c4ca4238a0b923820dcc509a6f75849b', '2019-11-11 10:42:29.0', 'Super Administrator', NULL, NULL, 1, 0),
	('25.02', '79abf252b0c4c5747c39fd7a69e13832', '2019-11-05 10:05:04.0', 'Super Administrator', NULL, NULL, 1, 0),
	('45.03', 'c4ca4238a0b923820dcc509a6f75849b', '2019-11-11 10:42:29.0', 'Super Administrator', NULL, NULL, 1, 0),
	('25.03', '79abf252b0c4c5747c39fd7a69e13832', '2019-11-05 10:05:04.0', 'Super Administrator', NULL, NULL, 1, 0),
	('45.02', 'c4ca4238a0b923820dcc509a6f75849b', '2019-11-11 10:42:29.0', 'Super Administrator', NULL, NULL, 1, 0),
	('25.04', '79abf252b0c4c5747c39fd7a69e13832', '2019-11-05 10:05:04.0', 'Super Administrator', NULL, NULL, 1, 0),
	('45.01', 'c4ca4238a0b923820dcc509a6f75849b', '2019-11-11 10:42:29.0', 'Super Administrator', NULL, NULL, 1, 0),
	('25.05', '79abf252b0c4c5747c39fd7a69e13832', '2019-11-05 10:05:04.0', 'Super Administrator', NULL, NULL, 1, 0),
	('45', 'c4ca4238a0b923820dcc509a6f75849b', '2019-11-11 10:42:29.0', 'Super Administrator', NULL, NULL, 1, 0),
	('25.06', '79abf252b0c4c5747c39fd7a69e13832', '2019-11-05 10:05:04.0', 'Super Administrator', NULL, NULL, 1, 0),
	('44.10', 'c4ca4238a0b923820dcc509a6f75849b', '2019-11-11 10:42:29.0', 'Super Administrator', NULL, NULL, 1, 0),
	('25.07', '79abf252b0c4c5747c39fd7a69e13832', '2019-11-05 10:05:04.0', 'Super Administrator', NULL, NULL, 1, 0),
	('26', '79abf252b0c4c5747c39fd7a69e13832', '2019-11-05 10:05:04.0', 'Super Administrator', NULL, NULL, 1, 0),
	('44.01', 'c4ca4238a0b923820dcc509a6f75849b', '2019-11-11 10:42:29.0', 'Super Administrator', NULL, NULL, 1, 0),
	('30', 'c4979eca0b1dc4067e2ef4a7bd05f84c', '2019-11-05 10:05:28.0', 'Super Administrator', NULL, NULL, 1, 0),
	('44.02', 'c4ca4238a0b923820dcc509a6f75849b', '2019-11-11 10:42:29.0', 'Super Administrator', NULL, NULL, 1, 0),
	('31', 'c4979eca0b1dc4067e2ef4a7bd05f84c', '2019-11-05 10:05:28.0', 'Super Administrator', NULL, NULL, 1, 0),
	('44', 'c4ca4238a0b923820dcc509a6f75849b', '2019-11-11 10:42:29.0', 'Super Administrator', NULL, NULL, 1, 0),
	('31.01', 'c4979eca0b1dc4067e2ef4a7bd05f84c', '2019-11-05 10:05:28.0', 'Super Administrator', NULL, NULL, 1, 0),
	('31.02', 'c4979eca0b1dc4067e2ef4a7bd05f84c', '2019-11-05 10:05:28.0', 'Super Administrator', NULL, NULL, 1, 0),
	('43.02', 'c4ca4238a0b923820dcc509a6f75849b', '2019-11-11 10:42:29.0', 'Super Administrator', NULL, NULL, 1, 0),
	('31.03', 'c4979eca0b1dc4067e2ef4a7bd05f84c', '2019-11-05 10:05:28.0', 'Super Administrator', NULL, NULL, 1, 0),
	('43', 'c4ca4238a0b923820dcc509a6f75849b', '2019-11-11 10:42:29.0', 'Super Administrator', NULL, NULL, 1, 0),
	('32', 'c4979eca0b1dc4067e2ef4a7bd05f84c', '2019-11-05 10:05:28.0', 'Super Administrator', NULL, NULL, 1, 0),
	('43.01', 'c4ca4238a0b923820dcc509a6f75849b', '2019-11-11 10:42:29.0', 'Super Administrator', NULL, NULL, 1, 0),
	('33', 'c4979eca0b1dc4067e2ef4a7bd05f84c', '2019-11-05 10:05:28.0', 'Super Administrator', NULL, NULL, 1, 0),
	('42', 'c4ca4238a0b923820dcc509a6f75849b', '2019-11-11 10:42:29.0', 'Super Administrator', NULL, NULL, 1, 0),
	('33.01', 'c4979eca0b1dc4067e2ef4a7bd05f84c', '2019-11-05 10:05:28.0', 'Super Administrator', NULL, NULL, 1, 0),
	('33.02', 'c4979eca0b1dc4067e2ef4a7bd05f84c', '2019-11-05 10:05:28.0', 'Super Administrator', NULL, NULL, 1, 0),
	('41.03', 'c4ca4238a0b923820dcc509a6f75849b', '2019-11-11 10:42:29.0', 'Super Administrator', NULL, NULL, 1, 0),
	('34', 'c4979eca0b1dc4067e2ef4a7bd05f84c', '2019-11-05 10:05:28.0', 'Super Administrator', NULL, NULL, 1, 0),
	('41.02', 'c4ca4238a0b923820dcc509a6f75849b', '2019-11-11 10:42:29.0', 'Super Administrator', NULL, NULL, 1, 0),
	('34.01', 'c4979eca0b1dc4067e2ef4a7bd05f84c', '2019-11-05 10:05:28.0', 'Super Administrator', NULL, NULL, 1, 0),
	('41.01', 'c4ca4238a0b923820dcc509a6f75849b', '2019-11-11 10:42:29.0', 'Super Administrator', NULL, NULL, 1, 0),
	('34.02', 'c4979eca0b1dc4067e2ef4a7bd05f84c', '2019-11-05 10:05:28.0', 'Super Administrator', NULL, NULL, 1, 0),
	('41', 'c4ca4238a0b923820dcc509a6f75849b', '2019-11-11 10:42:29.0', 'Super Administrator', NULL, NULL, 1, 0),
	('34.10', 'c4979eca0b1dc4067e2ef4a7bd05f84c', '2019-11-05 10:05:28.0', 'Super Administrator', NULL, NULL, 1, 0),
	('36', 'c4ca4238a0b923820dcc509a6f75849b', '2019-11-11 10:42:29.0', 'Super Administrator', NULL, NULL, 1, 0),
	('35', 'c4979eca0b1dc4067e2ef4a7bd05f84c', '2019-11-05 10:05:28.0', 'Super Administrator', NULL, NULL, 1, 0),
	('40', 'c4ca4238a0b923820dcc509a6f75849b', '2019-11-11 10:42:29.0', 'Super Administrator', NULL, NULL, 1, 0),
	('35.01', 'c4979eca0b1dc4067e2ef4a7bd05f84c', '2019-11-05 10:05:28.0', 'Super Administrator', NULL, NULL, 1, 0),
	('35.07', 'c4ca4238a0b923820dcc509a6f75849b', '2019-11-11 10:42:29.0', 'Super Administrator', NULL, NULL, 1, 0),
	('35.02', 'c4979eca0b1dc4067e2ef4a7bd05f84c', '2019-11-05 10:05:28.0', 'Super Administrator', NULL, NULL, 1, 0),
	('35.06', 'c4ca4238a0b923820dcc509a6f75849b', '2019-11-11 10:42:29.0', 'Super Administrator', NULL, NULL, 1, 0),
	('35.03', 'c4979eca0b1dc4067e2ef4a7bd05f84c', '2019-11-05 10:05:28.0', 'Super Administrator', NULL, NULL, 1, 0),
	('35.05', 'c4ca4238a0b923820dcc509a6f75849b', '2019-11-11 10:42:29.0', 'Super Administrator', NULL, NULL, 1, 0),
	('35.04', 'c4979eca0b1dc4067e2ef4a7bd05f84c', '2019-11-05 10:05:28.0', 'Super Administrator', NULL, NULL, 1, 0),
	('35.04', 'c4ca4238a0b923820dcc509a6f75849b', '2019-11-11 10:42:29.0', 'Super Administrator', NULL, NULL, 1, 0),
	('35.05', 'c4979eca0b1dc4067e2ef4a7bd05f84c', '2019-11-05 10:05:28.0', 'Super Administrator', NULL, NULL, 1, 0),
	('35.03', 'c4ca4238a0b923820dcc509a6f75849b', '2019-11-11 10:42:29.0', 'Super Administrator', NULL, NULL, 1, 0),
	('35.06', 'c4979eca0b1dc4067e2ef4a7bd05f84c', '2019-11-05 10:05:28.0', 'Super Administrator', NULL, NULL, 1, 0),
	('35.02', 'c4ca4238a0b923820dcc509a6f75849b', '2019-11-11 10:42:29.0', 'Super Administrator', NULL, NULL, 1, 0),
	('35.07', 'c4979eca0b1dc4067e2ef4a7bd05f84c', '2019-11-05 10:05:28.0', 'Super Administrator', NULL, NULL, 1, 0),
	('35.01', 'c4ca4238a0b923820dcc509a6f75849b', '2019-11-11 10:42:29.0', 'Super Administrator', NULL, NULL, 1, 0),
	('36', 'c4979eca0b1dc4067e2ef4a7bd05f84c', '2019-11-05 10:05:28.0', 'Super Administrator', NULL, NULL, 1, 0),
	('40', '2b18ed0963796806452ad12fc4e9ee0a', '2019-11-05 10:05:59.0', 'Super Administrator', NULL, NULL, 1, 0),
	('40', 'aa2fe6c3f3e60c0c4003953997f64fb2', '2019-08-07 03:53:59.0', 'Super Administrator', NULL, NULL, 1, 0),
	('34.10', 'c4ca4238a0b923820dcc509a6f75849b', '2019-11-11 10:42:29.0', 'Super Administrator', NULL, NULL, 1, 0),
	('41', '2b18ed0963796806452ad12fc4e9ee0a', '2019-11-05 10:05:59.0', 'Super Administrator', NULL, NULL, 1, 0),
	('41', 'aa2fe6c3f3e60c0c4003953997f64fb2', '2019-08-07 03:53:59.0', 'Super Administrator', NULL, NULL, 1, 0),
	('35', 'c4ca4238a0b923820dcc509a6f75849b', '2019-11-11 10:42:29.0', 'Super Administrator', NULL, NULL, 1, 0),
	('41.01', '2b18ed0963796806452ad12fc4e9ee0a', '2019-11-05 10:05:59.0', 'Super Administrator', NULL, NULL, 1, 0),
	('41.01', 'aa2fe6c3f3e60c0c4003953997f64fb2', '2019-08-07 03:53:59.0', 'Super Administrator', NULL, NULL, 1, 0),
	('34.02', 'c4ca4238a0b923820dcc509a6f75849b', '2019-11-11 10:42:29.0', 'Super Administrator', NULL, NULL, 1, 0),
	('41.02', '2b18ed0963796806452ad12fc4e9ee0a', '2019-11-05 10:05:59.0', 'Super Administrator', NULL, NULL, 1, 0),
	('41.02', 'aa2fe6c3f3e60c0c4003953997f64fb2', '2019-08-07 03:53:59.0', 'Super Administrator', NULL, NULL, 1, 0),
	('34.01', 'c4ca4238a0b923820dcc509a6f75849b', '2019-11-11 10:42:29.0', 'Super Administrator', NULL, NULL, 1, 0),
	('41.03', '2b18ed0963796806452ad12fc4e9ee0a', '2019-11-05 10:05:59.0', 'Super Administrator', NULL, NULL, 1, 0),
	('42', '2b18ed0963796806452ad12fc4e9ee0a', '2019-11-05 10:05:59.0', 'Super Administrator', NULL, NULL, 1, 0),
	('33.02', 'c4ca4238a0b923820dcc509a6f75849b', '2019-11-11 10:42:29.0', 'Super Administrator', NULL, NULL, 1, 0),
	('43', '2b18ed0963796806452ad12fc4e9ee0a', '2019-11-05 10:05:59.0', 'Super Administrator', NULL, NULL, 1, 0),
	('34', 'c4ca4238a0b923820dcc509a6f75849b', '2019-11-11 10:42:29.0', 'Super Administrator', NULL, NULL, 1, 0),
	('43.01', '2b18ed0963796806452ad12fc4e9ee0a', '2019-11-05 10:05:59.0', 'Super Administrator', NULL, NULL, 1, 0),
	('33.01', 'c4ca4238a0b923820dcc509a6f75849b', '2019-11-11 10:42:29.0', 'Super Administrator', NULL, NULL, 1, 0),
	('43.02', '2b18ed0963796806452ad12fc4e9ee0a', '2019-11-05 10:05:59.0', 'Super Administrator', NULL, NULL, 1, 0),
	('32', 'c4ca4238a0b923820dcc509a6f75849b', '2019-11-11 10:42:29.0', 'Super Administrator', NULL, NULL, 1, 0),
	('44', '2b18ed0963796806452ad12fc4e9ee0a', '2019-11-05 10:05:59.0', 'Super Administrator', NULL, NULL, 1, 0),
	('33', 'c4ca4238a0b923820dcc509a6f75849b', '2019-11-11 10:42:29.0', 'Super Administrator', NULL, NULL, 1, 0),
	('44.01', '2b18ed0963796806452ad12fc4e9ee0a', '2019-11-05 10:05:59.0', 'Super Administrator', NULL, NULL, 1, 0),
	('31.03', 'c4ca4238a0b923820dcc509a6f75849b', '2019-11-11 10:42:29.0', 'Super Administrator', NULL, NULL, 1, 0),
	('44.02', '2b18ed0963796806452ad12fc4e9ee0a', '2019-11-05 10:05:59.0', 'Super Administrator', NULL, NULL, 1, 0),
	('44.10', '2b18ed0963796806452ad12fc4e9ee0a', '2019-11-05 10:05:59.0', 'Super Administrator', NULL, NULL, 1, 0),
	('31.02', 'c4ca4238a0b923820dcc509a6f75849b', '2019-11-11 10:42:29.0', 'Super Administrator', NULL, NULL, 1, 0),
	('45', '2b18ed0963796806452ad12fc4e9ee0a', '2019-11-05 10:05:59.0', 'Super Administrator', NULL, NULL, 1, 0),
	('31.01', 'c4ca4238a0b923820dcc509a6f75849b', '2019-11-11 10:42:29.0', 'Super Administrator', NULL, NULL, 1, 0),
	('45.01', '2b18ed0963796806452ad12fc4e9ee0a', '2019-11-05 10:05:59.0', 'Super Administrator', NULL, NULL, 1, 0),
	('31', 'c4ca4238a0b923820dcc509a6f75849b', '2019-11-11 10:42:29.0', 'Super Administrator', NULL, NULL, 1, 0),
	('45.02', '2b18ed0963796806452ad12fc4e9ee0a', '2019-11-05 10:05:59.0', 'Super Administrator', NULL, NULL, 1, 0),
	('30', 'c4ca4238a0b923820dcc509a6f75849b', '2019-11-11 10:42:29.0', 'Super Administrator', NULL, NULL, 1, 0),
	('45.03', '2b18ed0963796806452ad12fc4e9ee0a', '2019-11-05 10:05:59.0', 'Super Administrator', NULL, NULL, 1, 0),
	('26', 'c4ca4238a0b923820dcc509a6f75849b', '2019-11-11 10:42:29.0', 'Super Administrator', NULL, NULL, 1, 0),
	('45.04', '2b18ed0963796806452ad12fc4e9ee0a', '2019-11-05 10:05:59.0', 'Super Administrator', NULL, NULL, 1, 0),
	('25.07', 'c4ca4238a0b923820dcc509a6f75849b', '2019-11-11 10:42:29.0', 'Super Administrator', NULL, NULL, 1, 0),
	('45.05', '2b18ed0963796806452ad12fc4e9ee0a', '2019-11-05 10:05:59.0', 'Super Administrator', NULL, NULL, 1, 0),
	('25.06', 'c4ca4238a0b923820dcc509a6f75849b', '2019-11-11 10:42:29.0', 'Super Administrator', NULL, NULL, 1, 0),
	('45.06', '2b18ed0963796806452ad12fc4e9ee0a', '2019-11-05 10:05:59.0', 'Super Administrator', NULL, NULL, 1, 0),
	('25.05', 'c4ca4238a0b923820dcc509a6f75849b', '2019-11-11 10:42:29.0', 'Super Administrator', NULL, NULL, 1, 0),
	('45.07', '2b18ed0963796806452ad12fc4e9ee0a', '2019-11-05 10:05:59.0', 'Super Administrator', NULL, NULL, 1, 0),
	('25.04', 'c4ca4238a0b923820dcc509a6f75849b', '2019-11-11 10:42:29.0', 'Super Administrator', NULL, NULL, 1, 0),
	('46', '2b18ed0963796806452ad12fc4e9ee0a', '2019-11-05 10:05:59.0', 'Super Administrator', NULL, NULL, 1, 0),
	('50', '849176481c855a4e1462d772536d3c16', '2019-11-05 10:06:19.0', 'Super Administrator', NULL, NULL, 1, 0),
	('25.02', 'c4ca4238a0b923820dcc509a6f75849b', '2019-11-11 10:42:29.0', 'Super Administrator', NULL, NULL, 1, 0),
	('51', '849176481c855a4e1462d772536d3c16', '2019-11-05 10:06:19.0', 'Super Administrator', NULL, NULL, 1, 0),
	('25.03', 'c4ca4238a0b923820dcc509a6f75849b', '2019-11-11 10:42:29.0', 'Super Administrator', NULL, NULL, 1, 0),
	('51.01', '849176481c855a4e1462d772536d3c16', '2019-11-05 10:06:19.0', 'Super Administrator', NULL, NULL, 1, 0),
	('25.01', 'c4ca4238a0b923820dcc509a6f75849b', '2019-11-11 10:42:29.0', 'Super Administrator', NULL, NULL, 1, 0),
	('51.02', '849176481c855a4e1462d772536d3c16', '2019-11-05 10:06:19.0', 'Super Administrator', NULL, NULL, 1, 0),
	('51.03', '849176481c855a4e1462d772536d3c16', '2019-11-05 10:06:19.0', 'Super Administrator', NULL, NULL, 1, 0),
	('25', 'c4ca4238a0b923820dcc509a6f75849b', '2019-11-11 10:42:29.0', 'Super Administrator', NULL, NULL, 1, 0),
	('52', '849176481c855a4e1462d772536d3c16', '2019-11-05 10:06:19.0', 'Super Administrator', NULL, NULL, 1, 0),
	('53', '849176481c855a4e1462d772536d3c16', '2019-11-05 10:06:19.0', 'Super Administrator', NULL, NULL, 1, 0),
	('24.10', 'c4ca4238a0b923820dcc509a6f75849b', '2019-11-11 10:42:29.0', 'Super Administrator', NULL, NULL, 1, 0),
	('53.01', '849176481c855a4e1462d772536d3c16', '2019-11-05 10:06:19.0', 'Super Administrator', NULL, NULL, 1, 0),
	('24.02', 'c4ca4238a0b923820dcc509a6f75849b', '2019-11-11 10:42:29.0', 'Super Administrator', NULL, NULL, 1, 0),
	('53.02', '849176481c855a4e1462d772536d3c16', '2019-11-05 10:06:19.0', 'Super Administrator', NULL, NULL, 1, 0),
	('24', 'c4ca4238a0b923820dcc509a6f75849b', '2019-11-11 10:42:29.0', 'Super Administrator', NULL, NULL, 1, 0),
	('54', '849176481c855a4e1462d772536d3c16', '2019-11-05 10:06:19.0', 'Super Administrator', NULL, NULL, 1, 0),
	('24.01', 'c4ca4238a0b923820dcc509a6f75849b', '2019-11-11 10:42:29.0', 'Super Administrator', NULL, NULL, 1, 0),
	('54.01', '849176481c855a4e1462d772536d3c16', '2019-11-05 10:06:19.0', 'Super Administrator', NULL, NULL, 1, 0),
	('23.02', 'c4ca4238a0b923820dcc509a6f75849b', '2019-11-11 10:42:29.0', 'Super Administrator', NULL, NULL, 1, 0),
	('54.02', '849176481c855a4e1462d772536d3c16', '2019-11-05 10:06:19.0', 'Super Administrator', NULL, NULL, 1, 0),
	('23.01', 'c4ca4238a0b923820dcc509a6f75849b', '2019-11-11 10:42:29.0', 'Super Administrator', NULL, NULL, 1, 0),
	('54.10', '849176481c855a4e1462d772536d3c16', '2019-11-05 10:06:19.0', 'Super Administrator', NULL, NULL, 1, 0),
	('22', 'c4ca4238a0b923820dcc509a6f75849b', '2019-11-11 10:42:29.0', 'Super Administrator', NULL, NULL, 1, 0),
	('55', '849176481c855a4e1462d772536d3c16', '2019-11-05 10:06:19.0', 'Super Administrator', NULL, NULL, 1, 0),
	('23', 'c4ca4238a0b923820dcc509a6f75849b', '2019-11-11 10:42:29.0', 'Super Administrator', NULL, NULL, 1, 0),
	('55.01', '849176481c855a4e1462d772536d3c16', '2019-11-05 10:06:19.0', 'Super Administrator', NULL, NULL, 1, 0),
	('21.03', 'c4ca4238a0b923820dcc509a6f75849b', '2019-11-11 10:42:29.0', 'Super Administrator', NULL, NULL, 1, 0),
	('55.02', '849176481c855a4e1462d772536d3c16', '2019-11-05 10:06:19.0', 'Super Administrator', NULL, NULL, 1, 0),
	('21.02', 'c4ca4238a0b923820dcc509a6f75849b', '2019-11-11 10:42:29.0', 'Super Administrator', NULL, NULL, 1, 0),
	('55.03', '849176481c855a4e1462d772536d3c16', '2019-11-05 10:06:19.0', 'Super Administrator', NULL, NULL, 1, 0),
	('21.01', 'c4ca4238a0b923820dcc509a6f75849b', '2019-11-11 10:42:29.0', 'Super Administrator', NULL, NULL, 1, 0),
	('55.04', '849176481c855a4e1462d772536d3c16', '2019-11-05 10:06:19.0', 'Super Administrator', NULL, NULL, 1, 0),
	('21', 'c4ca4238a0b923820dcc509a6f75849b', '2019-11-11 10:42:29.0', 'Super Administrator', NULL, NULL, 1, 0),
	('55.05', '849176481c855a4e1462d772536d3c16', '2019-11-05 10:06:19.0', 'Super Administrator', NULL, NULL, 1, 0),
	('20', 'c4ca4238a0b923820dcc509a6f75849b', '2019-11-11 10:42:29.0', 'Super Administrator', NULL, NULL, 1, 0),
	('55.06', '849176481c855a4e1462d772536d3c16', '2019-11-05 10:06:19.0', 'Super Administrator', NULL, NULL, 1, 0),
	('19.10', 'c4ca4238a0b923820dcc509a6f75849b', '2019-11-11 10:42:29.0', 'Super Administrator', NULL, NULL, 1, 0),
	('55.07', '849176481c855a4e1462d772536d3c16', '2019-11-05 10:06:19.0', 'Super Administrator', NULL, NULL, 1, 0),
	('19.08', 'c4ca4238a0b923820dcc509a6f75849b', '2019-11-11 10:42:29.0', 'Super Administrator', NULL, NULL, 1, 0),
	('56', '849176481c855a4e1462d772536d3c16', '2019-11-05 10:06:19.0', 'Super Administrator', NULL, NULL, 1, 0),
	('90', 'aa2fe6c3f3e60c0c4003953997f64fb2', '2019-08-07 03:53:59.0', 'Super Administrator', NULL, NULL, 1, 0),
	('19.07', 'c4ca4238a0b923820dcc509a6f75849b', '2019-11-11 10:42:29.0', 'Super Administrator', NULL, NULL, 1, 0),
	('93', 'aa2fe6c3f3e60c0c4003953997f64fb2', '2019-08-07 03:53:59.0', 'Super Administrator', NULL, NULL, 1, 0),
	('93.01', 'aa2fe6c3f3e60c0c4003953997f64fb2', '2019-08-07 03:53:59.0', 'Super Administrator', NULL, NULL, 1, 0),
	('19.06', 'c4ca4238a0b923820dcc509a6f75849b', '2019-11-11 10:42:29.0', 'Super Administrator', NULL, NULL, 1, 0),
	('19.04', 'c4ca4238a0b923820dcc509a6f75849b', '2019-11-11 10:42:29.0', 'Super Administrator', NULL, NULL, 1, 0),
	('97', 'aa2fe6c3f3e60c0c4003953997f64fb2', '2019-08-07 03:53:59.0', 'Super Administrator', NULL, NULL, 1, 0),
	('19.05', 'c4ca4238a0b923820dcc509a6f75849b', '2019-11-11 10:42:29.0', 'Super Administrator', NULL, NULL, 1, 0),
	('97.01', 'aa2fe6c3f3e60c0c4003953997f64fb2', '2019-08-07 03:53:59.0', 'Super Administrator', NULL, NULL, 1, 0),
	('97.02', 'aa2fe6c3f3e60c0c4003953997f64fb2', '2019-08-07 03:53:59.0', 'Super Administrator', NULL, NULL, 1, 0),
	('19.03', 'c4ca4238a0b923820dcc509a6f75849b', '2019-11-11 10:42:29.0', 'Super Administrator', NULL, NULL, 1, 0),
	('98', 'aa2fe6c3f3e60c0c4003953997f64fb2', '2019-08-07 03:53:59.0', 'Super Administrator', NULL, NULL, 1, 0),
	('19.02', 'c4ca4238a0b923820dcc509a6f75849b', '2019-11-11 10:42:29.0', 'Super Administrator', NULL, NULL, 1, 0),
	('98.01', 'aa2fe6c3f3e60c0c4003953997f64fb2', '2019-08-07 03:53:59.0', 'Super Administrator', NULL, NULL, 1, 0),
	('19.01', 'c4ca4238a0b923820dcc509a6f75849b', '2019-11-11 10:42:29.0', 'Super Administrator', NULL, NULL, 1, 0),
	('98.02', 'aa2fe6c3f3e60c0c4003953997f64fb2', '2019-08-07 03:53:59.0', 'Super Administrator', NULL, NULL, 1, 0),
	('17', 'c4ca4238a0b923820dcc509a6f75849b', '2019-11-11 10:42:29.0', 'Super Administrator', NULL, NULL, 1, 0),
	('99', 'aa2fe6c3f3e60c0c4003953997f64fb2', '2019-08-07 03:53:59.0', 'Super Administrator', NULL, NULL, 1, 0),
	('19', 'c4ca4238a0b923820dcc509a6f75849b', '2019-11-11 10:42:29.0', 'Super Administrator', NULL, NULL, 1, 0),
	('99.01', 'aa2fe6c3f3e60c0c4003953997f64fb2', '2019-08-07 03:53:59.0', 'Super Administrator', NULL, NULL, 1, 0),
	('16.01', 'c4ca4238a0b923820dcc509a6f75849b', '2019-11-11 10:42:29.0', 'Super Administrator', NULL, NULL, 1, 0),
	('99.02', 'aa2fe6c3f3e60c0c4003953997f64fb2', '2019-08-07 03:53:59.0', 'Super Administrator', NULL, NULL, 1, 0),
	('16', 'c4ca4238a0b923820dcc509a6f75849b', '2019-11-11 10:42:29.0', 'Super Administrator', NULL, NULL, 1, 0),
	('15.02', 'c4ca4238a0b923820dcc509a6f75849b', '2019-11-11 10:42:29.0', 'Super Administrator', NULL, NULL, 1, 0),
	('15', 'c4ca4238a0b923820dcc509a6f75849b', '2019-11-11 10:42:29.0', 'Super Administrator', NULL, NULL, 1, 0),
	('14.04', 'c4ca4238a0b923820dcc509a6f75849b', '2019-11-11 10:42:29.0', 'Super Administrator', NULL, NULL, 1, 0),
	('14.03', 'c4ca4238a0b923820dcc509a6f75849b', '2019-11-11 10:42:29.0', 'Super Administrator', NULL, NULL, 1, 0),
	('19.09', '49fe31429754ff30f1c853b4f87918d2', '2019-11-11 16:22:09.0', 'Super Administrator', NULL, NULL, 1, 0),
	('14.02', 'c4ca4238a0b923820dcc509a6f75849b', '2019-11-11 10:42:29.0', 'Super Administrator', NULL, NULL, 1, 0),
	('14', 'c4ca4238a0b923820dcc509a6f75849b', '2019-11-11 10:42:29.0', 'Super Administrator', NULL, NULL, 1, 0),
	('13', 'c4ca4238a0b923820dcc509a6f75849b', '2019-11-11 10:42:29.0', 'Super Administrator', NULL, NULL, 1, 0),
	('12.04', 'c4ca4238a0b923820dcc509a6f75849b', '2019-11-11 10:42:29.0', 'Super Administrator', NULL, NULL, 1, 0),
	('12.03', 'c4ca4238a0b923820dcc509a6f75849b', '2019-11-11 10:42:29.0', 'Super Administrator', NULL, NULL, 1, 0),
	('12.02', 'c4ca4238a0b923820dcc509a6f75849b', '2019-11-11 10:42:29.0', 'Super Administrator', NULL, NULL, 1, 0),
	('12.01', 'c4ca4238a0b923820dcc509a6f75849b', '2019-11-11 10:42:29.0', 'Super Administrator', NULL, NULL, 1, 0),
	('12', 'c4ca4238a0b923820dcc509a6f75849b', '2019-11-11 10:42:29.0', 'Super Administrator', NULL, NULL, 1, 0),
	('11', 'c4ca4238a0b923820dcc509a6f75849b', '2019-11-11 10:42:29.0', 'Super Administrator', NULL, NULL, 1, 0),
	('10', 'c4ca4238a0b923820dcc509a6f75849b', '2019-11-11 10:42:29.0', 'Super Administrator', NULL, NULL, 1, 0),
	('01', 'c4ca4238a0b923820dcc509a6f75849b', '2019-11-11 10:42:29.0', 'Super Administrator', NULL, NULL, 1, 0),
	('99.01', 'c4ca4238a0b923820dcc509a6f75849b', '2019-11-11 10:42:29.0', 'Super Administrator', NULL, NULL, 1, 0),
	('99.02', 'c4ca4238a0b923820dcc509a6f75849b', '2019-11-11 10:42:29.0', 'Super Administrator', NULL, NULL, 1, 0),
	('19.08', '49fe31429754ff30f1c853b4f87918d2', '2019-11-11 16:22:09.0', 'Super Administrator', NULL, NULL, 1, 0),
	('12.01.01', '49fe31429754ff30f1c853b4f87918d2', '2019-11-11 16:22:09.0', 'Super Administrator', NULL, NULL, 1, 0),
	('12.01', '49fe31429754ff30f1c853b4f87918d2', '2019-11-11 16:22:09.0', 'Super Administrator', NULL, NULL, 1, 0),
	('12', '49fe31429754ff30f1c853b4f87918d2', '2019-11-11 16:22:09.0', 'Super Administrator', NULL, NULL, 1, 0),
	('11', '49fe31429754ff30f1c853b4f87918d2', '2019-11-11 16:22:09.0', 'Super Administrator', NULL, NULL, 1, 0),
	('10', '49fe31429754ff30f1c853b4f87918d2', '2019-11-11 16:22:09.0', 'Super Administrator', NULL, NULL, 1, 0),
	('01', '49fe31429754ff30f1c853b4f87918d2', '2019-11-11 16:22:09.0', 'Super Administrator', NULL, NULL, 1, 0);
/*!40000 ALTER TABLE `ap_group_menu` ENABLE KEYS */;

-- Dumping structure for table sianida_piyann.ap_group_role
DROP TABLE IF EXISTS `ap_group_role`;
CREATE TABLE IF NOT EXISTS `ap_group_role` (
  `group_id` varchar(255) NOT NULL,
  `menu_id` varchar(50) NOT NULL,
  `role` varchar(50) NOT NULL,
  `created` timestamp NULL DEFAULT NULL,
  `created_by` varchar(50) NOT NULL DEFAULT 'System',
  `updated` timestamp NULL DEFAULT NULL,
  `updated_by` varchar(50) DEFAULT NULL,
  `is_active` tinyint(1) NOT NULL DEFAULT '1',
  `is_deleted` tinyint(1) NOT NULL DEFAULT '0',
  PRIMARY KEY (`group_id`,`menu_id`,`role`) USING BTREE
) ENGINE=MyISAM DEFAULT CHARSET=latin1 ROW_FORMAT=DYNAMIC;

-- Dumping data for table sianida_piyann.ap_group_role: 865 rows
DELETE FROM `ap_group_role`;
/*!40000 ALTER TABLE `ap_group_role` DISABLE KEYS */;
INSERT INTO `ap_group_role` (`group_id`, `menu_id`, `role`, `created`, `created_by`, `updated`, `updated_by`, `is_active`, `is_deleted`) VALUES
	('2b18ed0963796806452ad12fc4e9ee0a', '01', 'read', '2019-11-05 10:05:59', 'Super Administrator', NULL, NULL, 1, 0),
	('2b18ed0963796806452ad12fc4e9ee0a', '40', 'read', '2019-11-05 10:05:59', 'Super Administrator', NULL, NULL, 1, 0),
	('2b18ed0963796806452ad12fc4e9ee0a', '41', 'read', '2019-11-05 10:05:59', 'Super Administrator', NULL, NULL, 1, 0),
	('2b18ed0963796806452ad12fc4e9ee0a', '41.01', 'create', '2019-11-05 10:05:59', 'Super Administrator', NULL, NULL, 1, 0),
	('2b18ed0963796806452ad12fc4e9ee0a', '41.01', 'delete', '2019-11-05 10:05:59', 'Super Administrator', NULL, NULL, 1, 0),
	('2b18ed0963796806452ad12fc4e9ee0a', '41.01', 'read', '2019-11-05 10:05:59', 'Super Administrator', NULL, NULL, 1, 0),
	('2b18ed0963796806452ad12fc4e9ee0a', '41.01', 'update', '2019-11-05 10:05:59', 'Super Administrator', NULL, NULL, 1, 0),
	('2b18ed0963796806452ad12fc4e9ee0a', '41.02', 'create', '2019-11-05 10:05:59', 'Super Administrator', NULL, NULL, 1, 0),
	('2b18ed0963796806452ad12fc4e9ee0a', '41.02', 'delete', '2019-11-05 10:05:59', 'Super Administrator', NULL, NULL, 1, 0),
	('2b18ed0963796806452ad12fc4e9ee0a', '41.02', 'read', '2019-11-05 10:05:59', 'Super Administrator', NULL, NULL, 1, 0),
	('2b18ed0963796806452ad12fc4e9ee0a', '41.02', 'update', '2019-11-05 10:05:59', 'Super Administrator', NULL, NULL, 1, 0),
	('2b18ed0963796806452ad12fc4e9ee0a', '41.03', 'create', '2019-11-05 10:05:59', 'Super Administrator', NULL, NULL, 1, 0),
	('2b18ed0963796806452ad12fc4e9ee0a', '41.03', 'delete', '2019-11-05 10:05:59', 'Super Administrator', NULL, NULL, 1, 0),
	('2b18ed0963796806452ad12fc4e9ee0a', '41.03', 'read', '2019-11-05 10:05:59', 'Super Administrator', NULL, NULL, 1, 0),
	('2b18ed0963796806452ad12fc4e9ee0a', '41.03', 'update', '2019-11-05 10:05:59', 'Super Administrator', NULL, NULL, 1, 0),
	('2b18ed0963796806452ad12fc4e9ee0a', '42', 'create', '2019-11-05 10:05:59', 'Super Administrator', NULL, NULL, 1, 0),
	('2b18ed0963796806452ad12fc4e9ee0a', '42', 'delete', '2019-11-05 10:05:59', 'Super Administrator', NULL, NULL, 1, 0),
	('2b18ed0963796806452ad12fc4e9ee0a', '42', 'read', '2019-11-05 10:05:59', 'Super Administrator', NULL, NULL, 1, 0),
	('2b18ed0963796806452ad12fc4e9ee0a', '42', 'update', '2019-11-05 10:05:59', 'Super Administrator', NULL, NULL, 1, 0),
	('2b18ed0963796806452ad12fc4e9ee0a', '43', 'read', '2019-11-05 10:05:59', 'Super Administrator', NULL, NULL, 1, 0),
	('2b18ed0963796806452ad12fc4e9ee0a', '43.01', 'create', '2019-11-05 10:05:59', 'Super Administrator', NULL, NULL, 1, 0),
	('2b18ed0963796806452ad12fc4e9ee0a', '43.01', 'delete', '2019-11-05 10:05:59', 'Super Administrator', NULL, NULL, 1, 0),
	('2b18ed0963796806452ad12fc4e9ee0a', '43.01', 'read', '2019-11-05 10:05:59', 'Super Administrator', NULL, NULL, 1, 0),
	('2b18ed0963796806452ad12fc4e9ee0a', '43.01', 'update', '2019-11-05 10:05:59', 'Super Administrator', NULL, NULL, 1, 0),
	('2b18ed0963796806452ad12fc4e9ee0a', '43.02', 'create', '2019-11-05 10:05:59', 'Super Administrator', NULL, NULL, 1, 0),
	('2b18ed0963796806452ad12fc4e9ee0a', '43.02', 'delete', '2019-11-05 10:05:59', 'Super Administrator', NULL, NULL, 1, 0),
	('2b18ed0963796806452ad12fc4e9ee0a', '43.02', 'read', '2019-11-05 10:05:59', 'Super Administrator', NULL, NULL, 1, 0),
	('2b18ed0963796806452ad12fc4e9ee0a', '43.02', 'update', '2019-11-05 10:05:59', 'Super Administrator', NULL, NULL, 1, 0),
	('2b18ed0963796806452ad12fc4e9ee0a', '44', 'read', '2019-11-05 10:05:59', 'Super Administrator', NULL, NULL, 1, 0),
	('2b18ed0963796806452ad12fc4e9ee0a', '44.01', 'create', '2019-11-05 10:05:59', 'Super Administrator', NULL, NULL, 1, 0),
	('2b18ed0963796806452ad12fc4e9ee0a', '44.01', 'delete', '2019-11-05 10:05:59', 'Super Administrator', NULL, NULL, 1, 0),
	('2b18ed0963796806452ad12fc4e9ee0a', '44.01', 'read', '2019-11-05 10:05:59', 'Super Administrator', NULL, NULL, 1, 0),
	('2b18ed0963796806452ad12fc4e9ee0a', '44.01', 'update', '2019-11-05 10:05:59', 'Super Administrator', NULL, NULL, 1, 0),
	('2b18ed0963796806452ad12fc4e9ee0a', '44.02', 'create', '2019-11-05 10:05:59', 'Super Administrator', NULL, NULL, 1, 0),
	('2b18ed0963796806452ad12fc4e9ee0a', '44.02', 'delete', '2019-11-05 10:05:59', 'Super Administrator', NULL, NULL, 1, 0),
	('2b18ed0963796806452ad12fc4e9ee0a', '44.02', 'read', '2019-11-05 10:05:59', 'Super Administrator', NULL, NULL, 1, 0),
	('2b18ed0963796806452ad12fc4e9ee0a', '44.02', 'update', '2019-11-05 10:05:59', 'Super Administrator', NULL, NULL, 1, 0),
	('2b18ed0963796806452ad12fc4e9ee0a', '44.10', 'create', '2019-11-05 10:05:59', 'Super Administrator', NULL, NULL, 1, 0),
	('2b18ed0963796806452ad12fc4e9ee0a', '44.10', 'delete', '2019-11-05 10:05:59', 'Super Administrator', NULL, NULL, 1, 0),
	('2b18ed0963796806452ad12fc4e9ee0a', '44.10', 'read', '2019-11-05 10:05:59', 'Super Administrator', NULL, NULL, 1, 0),
	('2b18ed0963796806452ad12fc4e9ee0a', '44.10', 'update', '2019-11-05 10:05:59', 'Super Administrator', NULL, NULL, 1, 0),
	('2b18ed0963796806452ad12fc4e9ee0a', '45', 'read', '2019-11-05 10:05:59', 'Super Administrator', NULL, NULL, 1, 0),
	('2b18ed0963796806452ad12fc4e9ee0a', '45.01', 'export_excel', '2019-11-05 10:05:59', 'Super Administrator', NULL, NULL, 1, 0),
	('2b18ed0963796806452ad12fc4e9ee0a', '45.01', 'export_pdf', '2019-11-05 10:05:59', 'Super Administrator', NULL, NULL, 1, 0),
	('2b18ed0963796806452ad12fc4e9ee0a', '45.01', 'read', '2019-11-05 10:05:59', 'Super Administrator', NULL, NULL, 1, 0),
	('2b18ed0963796806452ad12fc4e9ee0a', '45.02', 'export_excel', '2019-11-05 10:05:59', 'Super Administrator', NULL, NULL, 1, 0),
	('2b18ed0963796806452ad12fc4e9ee0a', '45.02', 'export_pdf', '2019-11-05 10:05:59', 'Super Administrator', NULL, NULL, 1, 0),
	('2b18ed0963796806452ad12fc4e9ee0a', '45.02', 'read', '2019-11-05 10:05:59', 'Super Administrator', NULL, NULL, 1, 0),
	('2b18ed0963796806452ad12fc4e9ee0a', '45.03', 'export_excel', '2019-11-05 10:05:59', 'Super Administrator', NULL, NULL, 1, 0),
	('2b18ed0963796806452ad12fc4e9ee0a', '45.03', 'export_pdf', '2019-11-05 10:05:59', 'Super Administrator', NULL, NULL, 1, 0),
	('2b18ed0963796806452ad12fc4e9ee0a', '45.03', 'read', '2019-11-05 10:05:59', 'Super Administrator', NULL, NULL, 1, 0),
	('2b18ed0963796806452ad12fc4e9ee0a', '45.04', 'export_excel', '2019-11-05 10:05:59', 'Super Administrator', NULL, NULL, 1, 0),
	('2b18ed0963796806452ad12fc4e9ee0a', '45.04', 'export_pdf', '2019-11-05 10:05:59', 'Super Administrator', NULL, NULL, 1, 0),
	('2b18ed0963796806452ad12fc4e9ee0a', '45.04', 'read', '2019-11-05 10:05:59', 'Super Administrator', NULL, NULL, 1, 0),
	('2b18ed0963796806452ad12fc4e9ee0a', '45.05', 'export_excel', '2019-11-05 10:05:59', 'Super Administrator', NULL, NULL, 1, 0),
	('2b18ed0963796806452ad12fc4e9ee0a', '45.05', 'read', '2019-11-05 10:05:59', 'Super Administrator', NULL, NULL, 1, 0),
	('2b18ed0963796806452ad12fc4e9ee0a', '45.06', 'export_excel', '2019-11-05 10:05:59', 'Super Administrator', NULL, NULL, 1, 0),
	('2b18ed0963796806452ad12fc4e9ee0a', '45.06', 'read', '2019-11-05 10:05:59', 'Super Administrator', NULL, NULL, 1, 0),
	('2b18ed0963796806452ad12fc4e9ee0a', '45.07', 'export_excel', '2019-11-05 10:05:59', 'Super Administrator', NULL, NULL, 1, 0),
	('2b18ed0963796806452ad12fc4e9ee0a', '45.07', 'export_pdf', '2019-11-05 10:05:59', 'Super Administrator', NULL, NULL, 1, 0),
	('2b18ed0963796806452ad12fc4e9ee0a', '45.07', 'read', '2019-11-05 10:05:59', 'Super Administrator', NULL, NULL, 1, 0),
	('2b18ed0963796806452ad12fc4e9ee0a', '46', 'read', '2019-11-05 10:05:59', 'Super Administrator', NULL, NULL, 1, 0),
	('49fe31429754ff30f1c853b4f87918d2', '01', 'read', '2019-11-11 16:22:09', 'Super Administrator', NULL, NULL, 1, 0),
	('49fe31429754ff30f1c853b4f87918d2', '10', 'read', '2019-11-11 16:22:09', 'Super Administrator', NULL, NULL, 1, 0),
	('49fe31429754ff30f1c853b4f87918d2', '11', 'read', '2019-11-11 16:22:09', 'Super Administrator', NULL, NULL, 1, 0),
	('49fe31429754ff30f1c853b4f87918d2', '12', 'read', '2019-11-11 16:22:09', 'Super Administrator', NULL, NULL, 1, 0),
	('49fe31429754ff30f1c853b4f87918d2', '12.01', 'read', '2019-11-11 16:22:09', 'Super Administrator', NULL, NULL, 1, 0),
	('49fe31429754ff30f1c853b4f87918d2', '12.01', 'create', '2019-11-11 16:22:09', 'Super Administrator', NULL, NULL, 1, 0),
	('49fe31429754ff30f1c853b4f87918d2', '12.01', 'update', '2019-11-11 16:22:09', 'Super Administrator', NULL, NULL, 1, 0),
	('49fe31429754ff30f1c853b4f87918d2', '12.01.01', 'read', '2019-11-11 16:22:09', 'Super Administrator', NULL, NULL, 1, 0),
	('49fe31429754ff30f1c853b4f87918d2', '12.01.01', 'create', '2019-11-11 16:22:09', 'Super Administrator', NULL, NULL, 1, 0),
	('49fe31429754ff30f1c853b4f87918d2', '12.01.01', 'update', '2019-11-11 16:22:09', 'Super Administrator', NULL, NULL, 1, 0),
	('49fe31429754ff30f1c853b4f87918d2', '12.02', 'read', '2019-11-11 16:22:09', 'Super Administrator', NULL, NULL, 1, 0),
	('49fe31429754ff30f1c853b4f87918d2', '12.02', 'create', '2019-11-11 16:22:09', 'Super Administrator', NULL, NULL, 1, 0),
	('49fe31429754ff30f1c853b4f87918d2', '12.02', 'update', '2019-11-11 16:22:09', 'Super Administrator', NULL, NULL, 1, 0),
	('49fe31429754ff30f1c853b4f87918d2', '12.03', 'read', '2019-11-11 16:22:09', 'Super Administrator', NULL, NULL, 1, 0),
	('49fe31429754ff30f1c853b4f87918d2', '12.03', 'create', '2019-11-11 16:22:09', 'Super Administrator', NULL, NULL, 1, 0),
	('49fe31429754ff30f1c853b4f87918d2', '12.03', 'update', '2019-11-11 16:22:09', 'Super Administrator', NULL, NULL, 1, 0),
	('49fe31429754ff30f1c853b4f87918d2', '12.04', 'read', '2019-11-11 16:22:09', 'Super Administrator', NULL, NULL, 1, 0),
	('49fe31429754ff30f1c853b4f87918d2', '12.04', 'create', '2019-11-11 16:22:09', 'Super Administrator', NULL, NULL, 1, 0),
	('49fe31429754ff30f1c853b4f87918d2', '12.04', 'update', '2019-11-11 16:22:09', 'Super Administrator', NULL, NULL, 1, 0),
	('49fe31429754ff30f1c853b4f87918d2', '13', 'export_excel', '2019-11-11 16:22:09', 'Super Administrator', NULL, NULL, 1, 0),
	('49fe31429754ff30f1c853b4f87918d2', '13', 'read', '2019-11-11 16:22:09', 'Super Administrator', NULL, NULL, 1, 0),
	('49fe31429754ff30f1c853b4f87918d2', '13', 'create', '2019-11-11 16:22:09', 'Super Administrator', NULL, NULL, 1, 0),
	('49fe31429754ff30f1c853b4f87918d2', '13', 'update', '2019-11-11 16:22:09', 'Super Administrator', NULL, NULL, 1, 0),
	('49fe31429754ff30f1c853b4f87918d2', '14', 'read', '2019-11-11 16:22:09', 'Super Administrator', NULL, NULL, 1, 0),
	('49fe31429754ff30f1c853b4f87918d2', '19.09', 'read', '2019-11-11 16:22:09', 'Super Administrator', NULL, NULL, 1, 0),
	('49fe31429754ff30f1c853b4f87918d2', '19.09', 'export_pdf', '2019-11-11 16:22:09', 'Super Administrator', NULL, NULL, 1, 0),
	('49fe31429754ff30f1c853b4f87918d2', '14.02', 'read', '2019-11-11 16:22:09', 'Super Administrator', NULL, NULL, 1, 0),
	('49fe31429754ff30f1c853b4f87918d2', '14.02', 'create', '2019-11-11 16:22:09', 'Super Administrator', NULL, NULL, 1, 0),
	('49fe31429754ff30f1c853b4f87918d2', '14.02', 'update', '2019-11-11 16:22:09', 'Super Administrator', NULL, NULL, 1, 0),
	('49fe31429754ff30f1c853b4f87918d2', '14.03', 'export_excel', '2019-11-11 16:22:09', 'Super Administrator', NULL, NULL, 1, 0),
	('49fe31429754ff30f1c853b4f87918d2', '14.03', 'read', '2019-11-11 16:22:09', 'Super Administrator', NULL, NULL, 1, 0),
	('49fe31429754ff30f1c853b4f87918d2', '14.03', 'create', '2019-11-11 16:22:09', 'Super Administrator', NULL, NULL, 1, 0),
	('49fe31429754ff30f1c853b4f87918d2', '14.03', 'update', '2019-11-11 16:22:09', 'Super Administrator', NULL, NULL, 1, 0),
	('49fe31429754ff30f1c853b4f87918d2', '14.03', 'delete', '2019-11-11 16:22:09', 'Super Administrator', NULL, NULL, 1, 0),
	('49fe31429754ff30f1c853b4f87918d2', '14.04', 'read', '2019-11-11 16:22:09', 'Super Administrator', NULL, NULL, 1, 0),
	('49fe31429754ff30f1c853b4f87918d2', '14.04', 'create', '2019-11-11 16:22:09', 'Super Administrator', NULL, NULL, 1, 0),
	('49fe31429754ff30f1c853b4f87918d2', '14.04', 'update', '2019-11-11 16:22:09', 'Super Administrator', NULL, NULL, 1, 0),
	('49fe31429754ff30f1c853b4f87918d2', '15', 'read', '2019-11-11 16:22:09', 'Super Administrator', NULL, NULL, 1, 0),
	('c4ca4238a0b923820dcc509a6f75849b', '12.03', 'delete', '2019-11-11 10:42:29', 'Super Administrator', NULL, NULL, 1, 0),
	('c4ca4238a0b923820dcc509a6f75849b', '12.02', 'delete', '2019-11-11 10:42:29', 'Super Administrator', NULL, NULL, 1, 0),
	('c4ca4238a0b923820dcc509a6f75849b', '12.01', 'delete', '2019-11-11 10:42:29', 'Super Administrator', NULL, NULL, 1, 0),
	('49fe31429754ff30f1c853b4f87918d2', '15.02', 'export_excel', '2019-11-11 16:22:09', 'Super Administrator', NULL, NULL, 1, 0),
	('49fe31429754ff30f1c853b4f87918d2', '15.02', 'read', '2019-11-11 16:22:09', 'Super Administrator', NULL, NULL, 1, 0),
	('49fe31429754ff30f1c853b4f87918d2', '15.02', 'create', '2019-11-11 16:22:09', 'Super Administrator', NULL, NULL, 1, 0),
	('49fe31429754ff30f1c853b4f87918d2', '15.02', 'update', '2019-11-11 16:22:09', 'Super Administrator', NULL, NULL, 1, 0),
	('49fe31429754ff30f1c853b4f87918d2', '15.02', 'delete', '2019-11-11 16:22:09', 'Super Administrator', NULL, NULL, 1, 0),
	('49fe31429754ff30f1c853b4f87918d2', '16', 'read', '2019-11-11 16:22:09', 'Super Administrator', NULL, NULL, 1, 0),
	('49fe31429754ff30f1c853b4f87918d2', '16.01', 'read', '2019-11-11 16:22:09', 'Super Administrator', NULL, NULL, 1, 0),
	('49fe31429754ff30f1c853b4f87918d2', '16.01', 'create', '2019-11-11 16:22:09', 'Super Administrator', NULL, NULL, 1, 0),
	('49fe31429754ff30f1c853b4f87918d2', '16.01', 'update', '2019-11-11 16:22:09', 'Super Administrator', NULL, NULL, 1, 0),
	('49fe31429754ff30f1c853b4f87918d2', '17', 'read', '2019-11-11 16:22:09', 'Super Administrator', NULL, NULL, 1, 0),
	('49fe31429754ff30f1c853b4f87918d2', '17', 'create', '2019-11-11 16:22:09', 'Super Administrator', NULL, NULL, 1, 0),
	('49fe31429754ff30f1c853b4f87918d2', '17', 'update', '2019-11-11 16:22:09', 'Super Administrator', NULL, NULL, 1, 0),
	('49fe31429754ff30f1c853b4f87918d2', '19', 'read', '2019-11-11 16:22:09', 'Super Administrator', NULL, NULL, 1, 0),
	('49fe31429754ff30f1c853b4f87918d2', '19.01', 'export_pdf', '2019-11-11 16:22:09', 'Super Administrator', NULL, NULL, 1, 0),
	('49fe31429754ff30f1c853b4f87918d2', '19.01', 'read', '2019-11-11 16:22:09', 'Super Administrator', NULL, NULL, 1, 0),
	('49fe31429754ff30f1c853b4f87918d2', '19.02', 'export_excel', '2019-11-11 16:22:09', 'Super Administrator', NULL, NULL, 1, 0),
	('49fe31429754ff30f1c853b4f87918d2', '19.02', 'export_pdf', '2019-11-11 16:22:09', 'Super Administrator', NULL, NULL, 1, 0),
	('49fe31429754ff30f1c853b4f87918d2', '19.02', 'read', '2019-11-11 16:22:09', 'Super Administrator', NULL, NULL, 1, 0),
	('49fe31429754ff30f1c853b4f87918d2', '19.03', 'export_excel', '2019-11-11 16:22:09', 'Super Administrator', NULL, NULL, 1, 0),
	('49fe31429754ff30f1c853b4f87918d2', '19.03', 'export_pdf', '2019-11-11 16:22:09', 'Super Administrator', NULL, NULL, 1, 0),
	('49fe31429754ff30f1c853b4f87918d2', '19.03', 'read', '2019-11-11 16:22:09', 'Super Administrator', NULL, NULL, 1, 0),
	('49fe31429754ff30f1c853b4f87918d2', '19.04', 'export_excel', '2019-11-11 16:22:09', 'Super Administrator', NULL, NULL, 1, 0),
	('49fe31429754ff30f1c853b4f87918d2', '19.04', 'export_pdf', '2019-11-11 16:22:09', 'Super Administrator', NULL, NULL, 1, 0),
	('49fe31429754ff30f1c853b4f87918d2', '19.04', 'read', '2019-11-11 16:22:09', 'Super Administrator', NULL, NULL, 1, 0),
	('49fe31429754ff30f1c853b4f87918d2', '19.05', 'export_excel', '2019-11-11 16:22:09', 'Super Administrator', NULL, NULL, 1, 0),
	('49fe31429754ff30f1c853b4f87918d2', '19.05', 'export_pdf', '2019-11-11 16:22:09', 'Super Administrator', NULL, NULL, 1, 0),
	('49fe31429754ff30f1c853b4f87918d2', '19.05', 'read', '2019-11-11 16:22:09', 'Super Administrator', NULL, NULL, 1, 0),
	('49fe31429754ff30f1c853b4f87918d2', '19.06', 'export_excel', '2019-11-11 16:22:09', 'Super Administrator', NULL, NULL, 1, 0),
	('49fe31429754ff30f1c853b4f87918d2', '19.06', 'read', '2019-11-11 16:22:09', 'Super Administrator', NULL, NULL, 1, 0),
	('49fe31429754ff30f1c853b4f87918d2', '19.07', 'export_excel', '2019-11-11 16:22:09', 'Super Administrator', NULL, NULL, 1, 0),
	('49fe31429754ff30f1c853b4f87918d2', '19.07', 'read', '2019-11-11 16:22:09', 'Super Administrator', NULL, NULL, 1, 0),
	('49fe31429754ff30f1c853b4f87918d2', '19.08', 'export_excel', '2019-11-11 16:22:09', 'Super Administrator', NULL, NULL, 1, 0),
	('49fe31429754ff30f1c853b4f87918d2', '19.08', 'export_pdf', '2019-11-11 16:22:09', 'Super Administrator', NULL, NULL, 1, 0),
	('49fe31429754ff30f1c853b4f87918d2', '19.08', 'read', '2019-11-11 16:22:09', 'Super Administrator', NULL, NULL, 1, 0),
	('49fe31429754ff30f1c853b4f87918d2', '19.10', 'read', '2019-11-11 16:22:09', 'Super Administrator', NULL, NULL, 1, 0),
	('79abf252b0c4c5747c39fd7a69e13832', '01', 'read', '2019-11-05 10:05:04', 'Super Administrator', NULL, NULL, 1, 0),
	('79abf252b0c4c5747c39fd7a69e13832', '20', 'read', '2019-11-05 10:05:04', 'Super Administrator', NULL, NULL, 1, 0),
	('79abf252b0c4c5747c39fd7a69e13832', '21', 'read', '2019-11-05 10:05:04', 'Super Administrator', NULL, NULL, 1, 0),
	('79abf252b0c4c5747c39fd7a69e13832', '21.01', 'create', '2019-11-05 10:05:04', 'Super Administrator', NULL, NULL, 1, 0),
	('79abf252b0c4c5747c39fd7a69e13832', '21.01', 'delete', '2019-11-05 10:05:04', 'Super Administrator', NULL, NULL, 1, 0),
	('79abf252b0c4c5747c39fd7a69e13832', '21.01', 'read', '2019-11-05 10:05:04', 'Super Administrator', NULL, NULL, 1, 0),
	('79abf252b0c4c5747c39fd7a69e13832', '21.01', 'update', '2019-11-05 10:05:04', 'Super Administrator', NULL, NULL, 1, 0),
	('79abf252b0c4c5747c39fd7a69e13832', '21.02', 'create', '2019-11-05 10:05:04', 'Super Administrator', NULL, NULL, 1, 0),
	('79abf252b0c4c5747c39fd7a69e13832', '21.02', 'delete', '2019-11-05 10:05:04', 'Super Administrator', NULL, NULL, 1, 0),
	('79abf252b0c4c5747c39fd7a69e13832', '21.02', 'read', '2019-11-05 10:05:04', 'Super Administrator', NULL, NULL, 1, 0),
	('79abf252b0c4c5747c39fd7a69e13832', '21.02', 'update', '2019-11-05 10:05:04', 'Super Administrator', NULL, NULL, 1, 0),
	('79abf252b0c4c5747c39fd7a69e13832', '21.03', 'create', '2019-11-05 10:05:04', 'Super Administrator', NULL, NULL, 1, 0),
	('79abf252b0c4c5747c39fd7a69e13832', '21.03', 'delete', '2019-11-05 10:05:04', 'Super Administrator', NULL, NULL, 1, 0),
	('79abf252b0c4c5747c39fd7a69e13832', '21.03', 'read', '2019-11-05 10:05:04', 'Super Administrator', NULL, NULL, 1, 0),
	('79abf252b0c4c5747c39fd7a69e13832', '21.03', 'update', '2019-11-05 10:05:04', 'Super Administrator', NULL, NULL, 1, 0),
	('79abf252b0c4c5747c39fd7a69e13832', '22', 'create', '2019-11-05 10:05:04', 'Super Administrator', NULL, NULL, 1, 0),
	('79abf252b0c4c5747c39fd7a69e13832', '22', 'delete', '2019-11-05 10:05:04', 'Super Administrator', NULL, NULL, 1, 0),
	('79abf252b0c4c5747c39fd7a69e13832', '22', 'read', '2019-11-05 10:05:04', 'Super Administrator', NULL, NULL, 1, 0),
	('79abf252b0c4c5747c39fd7a69e13832', '22', 'update', '2019-11-05 10:05:04', 'Super Administrator', NULL, NULL, 1, 0),
	('79abf252b0c4c5747c39fd7a69e13832', '23', 'read', '2019-11-05 10:05:04', 'Super Administrator', NULL, NULL, 1, 0),
	('79abf252b0c4c5747c39fd7a69e13832', '23.01', 'create', '2019-11-05 10:05:04', 'Super Administrator', NULL, NULL, 1, 0),
	('79abf252b0c4c5747c39fd7a69e13832', '23.01', 'delete', '2019-11-05 10:05:04', 'Super Administrator', NULL, NULL, 1, 0),
	('79abf252b0c4c5747c39fd7a69e13832', '23.01', 'read', '2019-11-05 10:05:04', 'Super Administrator', NULL, NULL, 1, 0),
	('79abf252b0c4c5747c39fd7a69e13832', '23.01', 'update', '2019-11-05 10:05:04', 'Super Administrator', NULL, NULL, 1, 0),
	('79abf252b0c4c5747c39fd7a69e13832', '23.02', 'create', '2019-11-05 10:05:04', 'Super Administrator', NULL, NULL, 1, 0),
	('79abf252b0c4c5747c39fd7a69e13832', '23.02', 'delete', '2019-11-05 10:05:04', 'Super Administrator', NULL, NULL, 1, 0),
	('79abf252b0c4c5747c39fd7a69e13832', '23.02', 'read', '2019-11-05 10:05:04', 'Super Administrator', NULL, NULL, 1, 0),
	('79abf252b0c4c5747c39fd7a69e13832', '23.02', 'update', '2019-11-05 10:05:04', 'Super Administrator', NULL, NULL, 1, 0),
	('79abf252b0c4c5747c39fd7a69e13832', '24', 'read', '2019-11-05 10:05:04', 'Super Administrator', NULL, NULL, 1, 0),
	('79abf252b0c4c5747c39fd7a69e13832', '24.01', 'create', '2019-11-05 10:05:04', 'Super Administrator', NULL, NULL, 1, 0),
	('79abf252b0c4c5747c39fd7a69e13832', '24.01', 'delete', '2019-11-05 10:05:04', 'Super Administrator', NULL, NULL, 1, 0),
	('79abf252b0c4c5747c39fd7a69e13832', '24.01', 'read', '2019-11-05 10:05:04', 'Super Administrator', NULL, NULL, 1, 0),
	('79abf252b0c4c5747c39fd7a69e13832', '24.01', 'update', '2019-11-05 10:05:04', 'Super Administrator', NULL, NULL, 1, 0),
	('79abf252b0c4c5747c39fd7a69e13832', '24.02', 'create', '2019-11-05 10:05:04', 'Super Administrator', NULL, NULL, 1, 0),
	('79abf252b0c4c5747c39fd7a69e13832', '24.02', 'delete', '2019-11-05 10:05:04', 'Super Administrator', NULL, NULL, 1, 0),
	('79abf252b0c4c5747c39fd7a69e13832', '24.02', 'read', '2019-11-05 10:05:04', 'Super Administrator', NULL, NULL, 1, 0),
	('79abf252b0c4c5747c39fd7a69e13832', '24.02', 'update', '2019-11-05 10:05:04', 'Super Administrator', NULL, NULL, 1, 0),
	('79abf252b0c4c5747c39fd7a69e13832', '24.10', 'create', '2019-11-05 10:05:04', 'Super Administrator', NULL, NULL, 1, 0),
	('79abf252b0c4c5747c39fd7a69e13832', '24.10', 'delete', '2019-11-05 10:05:04', 'Super Administrator', NULL, NULL, 1, 0),
	('79abf252b0c4c5747c39fd7a69e13832', '24.10', 'read', '2019-11-05 10:05:04', 'Super Administrator', NULL, NULL, 1, 0),
	('79abf252b0c4c5747c39fd7a69e13832', '24.10', 'update', '2019-11-05 10:05:04', 'Super Administrator', NULL, NULL, 1, 0),
	('79abf252b0c4c5747c39fd7a69e13832', '25', 'read', '2019-11-05 10:05:04', 'Super Administrator', NULL, NULL, 1, 0),
	('79abf252b0c4c5747c39fd7a69e13832', '25.01', 'export_excel', '2019-11-05 10:05:04', 'Super Administrator', NULL, NULL, 1, 0),
	('79abf252b0c4c5747c39fd7a69e13832', '25.01', 'export_pdf', '2019-11-05 10:05:04', 'Super Administrator', NULL, NULL, 1, 0),
	('79abf252b0c4c5747c39fd7a69e13832', '25.01', 'read', '2019-11-05 10:05:04', 'Super Administrator', NULL, NULL, 1, 0),
	('79abf252b0c4c5747c39fd7a69e13832', '25.02', 'export_excel', '2019-11-05 10:05:04', 'Super Administrator', NULL, NULL, 1, 0),
	('79abf252b0c4c5747c39fd7a69e13832', '25.02', 'export_pdf', '2019-11-05 10:05:04', 'Super Administrator', NULL, NULL, 1, 0),
	('79abf252b0c4c5747c39fd7a69e13832', '25.02', 'read', '2019-11-05 10:05:04', 'Super Administrator', NULL, NULL, 1, 0),
	('79abf252b0c4c5747c39fd7a69e13832', '25.03', 'export_excel', '2019-11-05 10:05:04', 'Super Administrator', NULL, NULL, 1, 0),
	('79abf252b0c4c5747c39fd7a69e13832', '25.03', 'export_pdf', '2019-11-05 10:05:04', 'Super Administrator', NULL, NULL, 1, 0),
	('79abf252b0c4c5747c39fd7a69e13832', '25.03', 'read', '2019-11-05 10:05:04', 'Super Administrator', NULL, NULL, 1, 0),
	('79abf252b0c4c5747c39fd7a69e13832', '25.04', 'export_excel', '2019-11-05 10:05:04', 'Super Administrator', NULL, NULL, 1, 0),
	('79abf252b0c4c5747c39fd7a69e13832', '25.04', 'export_pdf', '2019-11-05 10:05:04', 'Super Administrator', NULL, NULL, 1, 0),
	('79abf252b0c4c5747c39fd7a69e13832', '25.04', 'read', '2019-11-05 10:05:04', 'Super Administrator', NULL, NULL, 1, 0),
	('79abf252b0c4c5747c39fd7a69e13832', '25.05', 'export_excel', '2019-11-05 10:05:04', 'Super Administrator', NULL, NULL, 1, 0),
	('79abf252b0c4c5747c39fd7a69e13832', '25.05', 'read', '2019-11-05 10:05:04', 'Super Administrator', NULL, NULL, 1, 0),
	('79abf252b0c4c5747c39fd7a69e13832', '25.06', 'export_excel', '2019-11-05 10:05:04', 'Super Administrator', NULL, NULL, 1, 0),
	('79abf252b0c4c5747c39fd7a69e13832', '25.06', 'read', '2019-11-05 10:05:04', 'Super Administrator', NULL, NULL, 1, 0),
	('79abf252b0c4c5747c39fd7a69e13832', '25.07', 'export_excel', '2019-11-05 10:05:04', 'Super Administrator', NULL, NULL, 1, 0),
	('79abf252b0c4c5747c39fd7a69e13832', '25.07', 'export_pdf', '2019-11-05 10:05:04', 'Super Administrator', NULL, NULL, 1, 0),
	('79abf252b0c4c5747c39fd7a69e13832', '25.07', 'read', '2019-11-05 10:05:04', 'Super Administrator', NULL, NULL, 1, 0),
	('79abf252b0c4c5747c39fd7a69e13832', '26', 'read', '2019-11-05 10:05:04', 'Super Administrator', NULL, NULL, 1, 0),
	('79abf252b0c4c5747c39fd7a69e13832', '30', 'read', '2019-11-05 08:44:31', 'Super Administrator', NULL, NULL, 1, 0),
	('79abf252b0c4c5747c39fd7a69e13832', '31', 'read', '2019-11-05 08:44:31', 'Super Administrator', NULL, NULL, 1, 0),
	('79abf252b0c4c5747c39fd7a69e13832', '31.01', 'create', '2019-11-05 08:44:31', 'Super Administrator', NULL, NULL, 1, 0),
	('79abf252b0c4c5747c39fd7a69e13832', '31.01', 'delete', '2019-11-05 08:44:31', 'Super Administrator', NULL, NULL, 1, 0),
	('79abf252b0c4c5747c39fd7a69e13832', '31.01', 'read', '2019-11-05 08:44:31', 'Super Administrator', NULL, NULL, 1, 0),
	('79abf252b0c4c5747c39fd7a69e13832', '31.01', 'update', '2019-11-05 08:44:31', 'Super Administrator', NULL, NULL, 1, 0),
	('79abf252b0c4c5747c39fd7a69e13832', '31.02', 'create', '2019-11-05 08:44:31', 'Super Administrator', NULL, NULL, 1, 0),
	('79abf252b0c4c5747c39fd7a69e13832', '31.02', 'delete', '2019-11-05 08:44:31', 'Super Administrator', NULL, NULL, 1, 0),
	('79abf252b0c4c5747c39fd7a69e13832', '31.02', 'read', '2019-11-05 08:44:31', 'Super Administrator', NULL, NULL, 1, 0),
	('79abf252b0c4c5747c39fd7a69e13832', '31.02', 'update', '2019-11-05 08:44:31', 'Super Administrator', NULL, NULL, 1, 0),
	('79abf252b0c4c5747c39fd7a69e13832', '31.03', 'create', '2019-11-05 08:44:31', 'Super Administrator', NULL, NULL, 1, 0),
	('79abf252b0c4c5747c39fd7a69e13832', '31.03', 'delete', '2019-11-05 08:44:31', 'Super Administrator', NULL, NULL, 1, 0),
	('79abf252b0c4c5747c39fd7a69e13832', '31.03', 'read', '2019-11-05 08:44:31', 'Super Administrator', NULL, NULL, 1, 0),
	('79abf252b0c4c5747c39fd7a69e13832', '31.03', 'update', '2019-11-05 08:44:31', 'Super Administrator', NULL, NULL, 1, 0),
	('79abf252b0c4c5747c39fd7a69e13832', '32', 'create', '2019-11-05 08:44:31', 'Super Administrator', NULL, NULL, 1, 0),
	('79abf252b0c4c5747c39fd7a69e13832', '32', 'delete', '2019-11-05 08:44:31', 'Super Administrator', NULL, NULL, 1, 0),
	('79abf252b0c4c5747c39fd7a69e13832', '32', 'read', '2019-11-05 08:44:31', 'Super Administrator', NULL, NULL, 1, 0),
	('79abf252b0c4c5747c39fd7a69e13832', '32', 'update', '2019-11-05 08:44:31', 'Super Administrator', NULL, NULL, 1, 0),
	('79abf252b0c4c5747c39fd7a69e13832', '33', 'read', '2019-11-05 08:44:31', 'Super Administrator', NULL, NULL, 1, 0),
	('79abf252b0c4c5747c39fd7a69e13832', '33.01', 'create', '2019-11-05 08:44:31', 'Super Administrator', NULL, NULL, 1, 0),
	('79abf252b0c4c5747c39fd7a69e13832', '33.01', 'delete', '2019-11-05 08:44:31', 'Super Administrator', NULL, NULL, 1, 0),
	('79abf252b0c4c5747c39fd7a69e13832', '33.01', 'read', '2019-11-05 08:44:31', 'Super Administrator', NULL, NULL, 1, 0),
	('79abf252b0c4c5747c39fd7a69e13832', '33.01', 'update', '2019-11-05 08:44:31', 'Super Administrator', NULL, NULL, 1, 0),
	('79abf252b0c4c5747c39fd7a69e13832', '33.02', 'create', '2019-11-05 08:44:31', 'Super Administrator', NULL, NULL, 1, 0),
	('79abf252b0c4c5747c39fd7a69e13832', '33.02', 'delete', '2019-11-05 08:44:31', 'Super Administrator', NULL, NULL, 1, 0),
	('79abf252b0c4c5747c39fd7a69e13832', '33.02', 'read', '2019-11-05 08:44:31', 'Super Administrator', NULL, NULL, 1, 0),
	('79abf252b0c4c5747c39fd7a69e13832', '33.02', 'update', '2019-11-05 08:44:31', 'Super Administrator', NULL, NULL, 1, 0),
	('79abf252b0c4c5747c39fd7a69e13832', '34', 'read', '2019-11-05 08:44:31', 'Super Administrator', NULL, NULL, 1, 0),
	('79abf252b0c4c5747c39fd7a69e13832', '34.01', 'create', '2019-11-05 08:44:31', 'Super Administrator', NULL, NULL, 1, 0),
	('79abf252b0c4c5747c39fd7a69e13832', '34.01', 'delete', '2019-11-05 08:44:31', 'Super Administrator', NULL, NULL, 1, 0),
	('79abf252b0c4c5747c39fd7a69e13832', '34.01', 'read', '2019-11-05 08:44:31', 'Super Administrator', NULL, NULL, 1, 0),
	('79abf252b0c4c5747c39fd7a69e13832', '34.01', 'update', '2019-11-05 08:44:31', 'Super Administrator', NULL, NULL, 1, 0),
	('79abf252b0c4c5747c39fd7a69e13832', '34.02', 'create', '2019-11-05 08:44:31', 'Super Administrator', NULL, NULL, 1, 0),
	('79abf252b0c4c5747c39fd7a69e13832', '34.02', 'delete', '2019-11-05 08:44:31', 'Super Administrator', NULL, NULL, 1, 0),
	('79abf252b0c4c5747c39fd7a69e13832', '34.02', 'read', '2019-11-05 08:44:31', 'Super Administrator', NULL, NULL, 1, 0),
	('79abf252b0c4c5747c39fd7a69e13832', '34.02', 'update', '2019-11-05 08:44:31', 'Super Administrator', NULL, NULL, 1, 0),
	('79abf252b0c4c5747c39fd7a69e13832', '34.10', 'create', '2019-11-05 08:44:31', 'Super Administrator', NULL, NULL, 1, 0),
	('79abf252b0c4c5747c39fd7a69e13832', '34.10', 'delete', '2019-11-05 08:44:31', 'Super Administrator', NULL, NULL, 1, 0),
	('79abf252b0c4c5747c39fd7a69e13832', '34.10', 'read', '2019-11-05 08:44:31', 'Super Administrator', NULL, NULL, 1, 0),
	('79abf252b0c4c5747c39fd7a69e13832', '34.10', 'update', '2019-11-05 08:44:31', 'Super Administrator', NULL, NULL, 1, 0),
	('79abf252b0c4c5747c39fd7a69e13832', '35', 'read', '2019-11-05 08:44:31', 'Super Administrator', NULL, NULL, 1, 0),
	('79abf252b0c4c5747c39fd7a69e13832', '35.01', 'export_excel', '2019-11-05 08:44:31', 'Super Administrator', NULL, NULL, 1, 0),
	('79abf252b0c4c5747c39fd7a69e13832', '35.01', 'export_pdf', '2019-11-05 08:44:31', 'Super Administrator', NULL, NULL, 1, 0),
	('79abf252b0c4c5747c39fd7a69e13832', '35.01', 'read', '2019-11-05 08:44:31', 'Super Administrator', NULL, NULL, 1, 0),
	('79abf252b0c4c5747c39fd7a69e13832', '35.02', 'export_excel', '2019-11-05 08:44:31', 'Super Administrator', NULL, NULL, 1, 0),
	('79abf252b0c4c5747c39fd7a69e13832', '35.02', 'export_pdf', '2019-11-05 08:44:31', 'Super Administrator', NULL, NULL, 1, 0),
	('79abf252b0c4c5747c39fd7a69e13832', '35.02', 'read', '2019-11-05 08:44:31', 'Super Administrator', NULL, NULL, 1, 0),
	('79abf252b0c4c5747c39fd7a69e13832', '35.03', 'export_excel', '2019-11-05 08:44:31', 'Super Administrator', NULL, NULL, 1, 0),
	('79abf252b0c4c5747c39fd7a69e13832', '35.03', 'export_pdf', '2019-11-05 08:44:31', 'Super Administrator', NULL, NULL, 1, 0),
	('79abf252b0c4c5747c39fd7a69e13832', '35.03', 'read', '2019-11-05 08:44:31', 'Super Administrator', NULL, NULL, 1, 0),
	('79abf252b0c4c5747c39fd7a69e13832', '35.04', 'export_pdf', '2019-11-05 08:44:31', 'Super Administrator', NULL, NULL, 1, 0),
	('79abf252b0c4c5747c39fd7a69e13832', '35.04', 'read', '2019-11-05 08:44:31', 'Super Administrator', NULL, NULL, 1, 0),
	('79abf252b0c4c5747c39fd7a69e13832', '35.05', 'export_excel', '2019-11-05 08:44:31', 'Super Administrator', NULL, NULL, 1, 0),
	('79abf252b0c4c5747c39fd7a69e13832', '35.05', 'read', '2019-11-05 08:44:31', 'Super Administrator', NULL, NULL, 1, 0),
	('79abf252b0c4c5747c39fd7a69e13832', '35.06', 'export_excel', '2019-11-05 08:44:31', 'Super Administrator', NULL, NULL, 1, 0),
	('79abf252b0c4c5747c39fd7a69e13832', '35.06', 'read', '2019-11-05 08:44:31', 'Super Administrator', NULL, NULL, 1, 0),
	('79abf252b0c4c5747c39fd7a69e13832', '35.07', 'export_excel', '2019-11-05 08:44:31', 'Super Administrator', NULL, NULL, 1, 0),
	('79abf252b0c4c5747c39fd7a69e13832', '35.07', 'export_pdf', '2019-11-05 08:44:31', 'Super Administrator', NULL, NULL, 1, 0),
	('79abf252b0c4c5747c39fd7a69e13832', '35.07', 'read', '2019-11-05 08:44:31', 'Super Administrator', NULL, NULL, 1, 0),
	('849176481c855a4e1462d772536d3c16', '01', 'read', '2019-11-05 10:06:19', 'Super Administrator', NULL, NULL, 1, 0),
	('849176481c855a4e1462d772536d3c16', '50', 'read', '2019-11-05 10:06:19', 'Super Administrator', NULL, NULL, 1, 0),
	('849176481c855a4e1462d772536d3c16', '51', 'read', '2019-11-05 10:06:19', 'Super Administrator', NULL, NULL, 1, 0),
	('849176481c855a4e1462d772536d3c16', '51.01', 'create', '2019-11-05 10:06:19', 'Super Administrator', NULL, NULL, 1, 0),
	('849176481c855a4e1462d772536d3c16', '51.01', 'delete', '2019-11-05 10:06:19', 'Super Administrator', NULL, NULL, 1, 0),
	('849176481c855a4e1462d772536d3c16', '51.01', 'read', '2019-11-05 10:06:19', 'Super Administrator', NULL, NULL, 1, 0),
	('849176481c855a4e1462d772536d3c16', '51.01', 'update', '2019-11-05 10:06:19', 'Super Administrator', NULL, NULL, 1, 0),
	('849176481c855a4e1462d772536d3c16', '51.02', 'create', '2019-11-05 10:06:19', 'Super Administrator', NULL, NULL, 1, 0),
	('849176481c855a4e1462d772536d3c16', '51.02', 'delete', '2019-11-05 10:06:19', 'Super Administrator', NULL, NULL, 1, 0),
	('849176481c855a4e1462d772536d3c16', '51.02', 'read', '2019-11-05 10:06:19', 'Super Administrator', NULL, NULL, 1, 0),
	('849176481c855a4e1462d772536d3c16', '51.02', 'update', '2019-11-05 10:06:19', 'Super Administrator', NULL, NULL, 1, 0),
	('849176481c855a4e1462d772536d3c16', '51.03', 'create', '2019-11-05 10:06:19', 'Super Administrator', NULL, NULL, 1, 0),
	('849176481c855a4e1462d772536d3c16', '51.03', 'delete', '2019-11-05 10:06:19', 'Super Administrator', NULL, NULL, 1, 0),
	('849176481c855a4e1462d772536d3c16', '51.03', 'read', '2019-11-05 10:06:19', 'Super Administrator', NULL, NULL, 1, 0),
	('849176481c855a4e1462d772536d3c16', '51.03', 'update', '2019-11-05 10:06:19', 'Super Administrator', NULL, NULL, 1, 0),
	('849176481c855a4e1462d772536d3c16', '52', 'create', '2019-11-05 10:06:19', 'Super Administrator', NULL, NULL, 1, 0),
	('849176481c855a4e1462d772536d3c16', '52', 'delete', '2019-11-05 10:06:19', 'Super Administrator', NULL, NULL, 1, 0),
	('849176481c855a4e1462d772536d3c16', '52', 'read', '2019-11-05 10:06:19', 'Super Administrator', NULL, NULL, 1, 0),
	('849176481c855a4e1462d772536d3c16', '52', 'update', '2019-11-05 10:06:19', 'Super Administrator', NULL, NULL, 1, 0),
	('849176481c855a4e1462d772536d3c16', '53', 'read', '2019-11-05 10:06:19', 'Super Administrator', NULL, NULL, 1, 0),
	('849176481c855a4e1462d772536d3c16', '53.01', 'create', '2019-11-05 10:06:19', 'Super Administrator', NULL, NULL, 1, 0),
	('849176481c855a4e1462d772536d3c16', '53.01', 'delete', '2019-11-05 10:06:19', 'Super Administrator', NULL, NULL, 1, 0),
	('849176481c855a4e1462d772536d3c16', '53.01', 'read', '2019-11-05 10:06:19', 'Super Administrator', NULL, NULL, 1, 0),
	('849176481c855a4e1462d772536d3c16', '53.01', 'update', '2019-11-05 10:06:19', 'Super Administrator', NULL, NULL, 1, 0),
	('849176481c855a4e1462d772536d3c16', '53.02', 'create', '2019-11-05 10:06:19', 'Super Administrator', NULL, NULL, 1, 0),
	('849176481c855a4e1462d772536d3c16', '53.02', 'delete', '2019-11-05 10:06:19', 'Super Administrator', NULL, NULL, 1, 0),
	('849176481c855a4e1462d772536d3c16', '53.02', 'read', '2019-11-05 10:06:19', 'Super Administrator', NULL, NULL, 1, 0),
	('849176481c855a4e1462d772536d3c16', '53.02', 'update', '2019-11-05 10:06:19', 'Super Administrator', NULL, NULL, 1, 0),
	('849176481c855a4e1462d772536d3c16', '54', 'read', '2019-11-05 10:06:19', 'Super Administrator', NULL, NULL, 1, 0),
	('849176481c855a4e1462d772536d3c16', '54.01', 'create', '2019-11-05 10:06:19', 'Super Administrator', NULL, NULL, 1, 0),
	('849176481c855a4e1462d772536d3c16', '54.01', 'delete', '2019-11-05 10:06:19', 'Super Administrator', NULL, NULL, 1, 0),
	('849176481c855a4e1462d772536d3c16', '54.01', 'read', '2019-11-05 10:06:19', 'Super Administrator', NULL, NULL, 1, 0),
	('849176481c855a4e1462d772536d3c16', '54.01', 'update', '2019-11-05 10:06:19', 'Super Administrator', NULL, NULL, 1, 0),
	('849176481c855a4e1462d772536d3c16', '54.02', 'create', '2019-11-05 10:06:19', 'Super Administrator', NULL, NULL, 1, 0),
	('849176481c855a4e1462d772536d3c16', '54.02', 'delete', '2019-11-05 10:06:19', 'Super Administrator', NULL, NULL, 1, 0),
	('849176481c855a4e1462d772536d3c16', '54.02', 'read', '2019-11-05 10:06:19', 'Super Administrator', NULL, NULL, 1, 0),
	('849176481c855a4e1462d772536d3c16', '54.02', 'update', '2019-11-05 10:06:19', 'Super Administrator', NULL, NULL, 1, 0),
	('849176481c855a4e1462d772536d3c16', '54.10', 'create', '2019-11-05 10:06:19', 'Super Administrator', NULL, NULL, 1, 0),
	('849176481c855a4e1462d772536d3c16', '54.10', 'delete', '2019-11-05 10:06:19', 'Super Administrator', NULL, NULL, 1, 0),
	('849176481c855a4e1462d772536d3c16', '54.10', 'read', '2019-11-05 10:06:19', 'Super Administrator', NULL, NULL, 1, 0),
	('849176481c855a4e1462d772536d3c16', '54.10', 'update', '2019-11-05 10:06:19', 'Super Administrator', NULL, NULL, 1, 0),
	('849176481c855a4e1462d772536d3c16', '55', 'read', '2019-11-05 10:06:19', 'Super Administrator', NULL, NULL, 1, 0),
	('849176481c855a4e1462d772536d3c16', '55.01', 'export_excel', '2019-11-05 10:06:19', 'Super Administrator', NULL, NULL, 1, 0),
	('849176481c855a4e1462d772536d3c16', '55.01', 'export_pdf', '2019-11-05 10:06:19', 'Super Administrator', NULL, NULL, 1, 0),
	('849176481c855a4e1462d772536d3c16', '55.01', 'read', '2019-11-05 10:06:19', 'Super Administrator', NULL, NULL, 1, 0),
	('849176481c855a4e1462d772536d3c16', '55.02', 'export_excel', '2019-11-05 10:06:19', 'Super Administrator', NULL, NULL, 1, 0),
	('849176481c855a4e1462d772536d3c16', '55.02', 'export_pdf', '2019-11-05 10:06:19', 'Super Administrator', NULL, NULL, 1, 0),
	('849176481c855a4e1462d772536d3c16', '55.02', 'read', '2019-11-05 10:06:19', 'Super Administrator', NULL, NULL, 1, 0),
	('849176481c855a4e1462d772536d3c16', '55.03', 'export_excel', '2019-11-05 10:06:19', 'Super Administrator', NULL, NULL, 1, 0),
	('849176481c855a4e1462d772536d3c16', '55.03', 'export_pdf', '2019-11-05 10:06:19', 'Super Administrator', NULL, NULL, 1, 0),
	('849176481c855a4e1462d772536d3c16', '55.03', 'read', '2019-11-05 10:06:19', 'Super Administrator', NULL, NULL, 1, 0),
	('849176481c855a4e1462d772536d3c16', '55.04', 'export_excel', '2019-11-05 10:06:19', 'Super Administrator', NULL, NULL, 1, 0),
	('849176481c855a4e1462d772536d3c16', '55.04', 'export_pdf', '2019-11-05 10:06:19', 'Super Administrator', NULL, NULL, 1, 0),
	('849176481c855a4e1462d772536d3c16', '55.04', 'read', '2019-11-05 10:06:19', 'Super Administrator', NULL, NULL, 1, 0),
	('849176481c855a4e1462d772536d3c16', '55.05', 'export_excel', '2019-11-05 10:06:19', 'Super Administrator', NULL, NULL, 1, 0),
	('849176481c855a4e1462d772536d3c16', '55.05', 'read', '2019-11-05 10:06:19', 'Super Administrator', NULL, NULL, 1, 0),
	('849176481c855a4e1462d772536d3c16', '55.06', 'export_excel', '2019-11-05 10:06:19', 'Super Administrator', NULL, NULL, 1, 0),
	('849176481c855a4e1462d772536d3c16', '55.06', 'read', '2019-11-05 10:06:19', 'Super Administrator', NULL, NULL, 1, 0),
	('849176481c855a4e1462d772536d3c16', '55.07', 'export_excel', '2019-11-05 10:06:19', 'Super Administrator', NULL, NULL, 1, 0),
	('849176481c855a4e1462d772536d3c16', '55.07', 'export_pdf', '2019-11-05 10:06:19', 'Super Administrator', NULL, NULL, 1, 0),
	('849176481c855a4e1462d772536d3c16', '55.07', 'read', '2019-11-05 10:06:19', 'Super Administrator', NULL, NULL, 1, 0),
	('849176481c855a4e1462d772536d3c16', '56', 'read', '2019-11-05 10:06:19', 'Super Administrator', NULL, NULL, 1, 0),
	('aa2fe6c3f3e60c0c4003953997f64fb2', '01', 'read', '2019-08-07 03:53:59', 'Super Administrator', NULL, NULL, 1, 0),
	('aa2fe6c3f3e60c0c4003953997f64fb2', '22', 'read', '2019-08-07 03:53:59', 'Super Administrator', NULL, NULL, 1, 0),
	('aa2fe6c3f3e60c0c4003953997f64fb2', '22.01', 'create', '2019-08-07 03:53:59', 'Super Administrator', NULL, NULL, 1, 0),
	('aa2fe6c3f3e60c0c4003953997f64fb2', '22.01', 'delete', '2019-08-07 03:53:59', 'Super Administrator', NULL, NULL, 1, 0),
	('aa2fe6c3f3e60c0c4003953997f64fb2', '22.01', 'export_pdf', '2019-08-07 03:53:59', 'Super Administrator', NULL, NULL, 1, 0),
	('aa2fe6c3f3e60c0c4003953997f64fb2', '22.01', 'read', '2019-08-07 03:53:59', 'Super Administrator', NULL, NULL, 1, 0),
	('aa2fe6c3f3e60c0c4003953997f64fb2', '22.01', 'update', '2019-08-07 03:53:59', 'Super Administrator', NULL, NULL, 1, 0),
	('aa2fe6c3f3e60c0c4003953997f64fb2', '22.02', 'create', '2019-08-07 03:53:59', 'Super Administrator', NULL, NULL, 1, 0),
	('aa2fe6c3f3e60c0c4003953997f64fb2', '22.02', 'delete', '2019-08-07 03:53:59', 'Super Administrator', NULL, NULL, 1, 0),
	('aa2fe6c3f3e60c0c4003953997f64fb2', '22.02', 'export_pdf', '2019-08-07 03:53:59', 'Super Administrator', NULL, NULL, 1, 0),
	('aa2fe6c3f3e60c0c4003953997f64fb2', '22.02', 'read', '2019-08-07 03:53:59', 'Super Administrator', NULL, NULL, 1, 0),
	('aa2fe6c3f3e60c0c4003953997f64fb2', '22.02', 'update', '2019-08-07 03:53:59', 'Super Administrator', NULL, NULL, 1, 0),
	('aa2fe6c3f3e60c0c4003953997f64fb2', '23', 'read', '2019-08-07 03:53:59', 'Super Administrator', NULL, NULL, 1, 0),
	('aa2fe6c3f3e60c0c4003953997f64fb2', '23.01', 'read', '2019-08-07 03:53:59', 'Super Administrator', NULL, NULL, 1, 0),
	('aa2fe6c3f3e60c0c4003953997f64fb2', '23.01.01', 'create', '2019-08-07 03:53:59', 'Super Administrator', NULL, NULL, 1, 0),
	('aa2fe6c3f3e60c0c4003953997f64fb2', '23.01.01', 'delete', '2019-08-07 03:53:59', 'Super Administrator', NULL, NULL, 1, 0),
	('aa2fe6c3f3e60c0c4003953997f64fb2', '23.01.01', 'export_pdf', '2019-08-07 03:53:59', 'Super Administrator', NULL, NULL, 1, 0),
	('aa2fe6c3f3e60c0c4003953997f64fb2', '23.01.01', 'read', '2019-08-07 03:53:59', 'Super Administrator', NULL, NULL, 1, 0),
	('aa2fe6c3f3e60c0c4003953997f64fb2', '23.01.01', 'update', '2019-08-07 03:53:59', 'Super Administrator', NULL, NULL, 1, 0),
	('aa2fe6c3f3e60c0c4003953997f64fb2', '23.01.02', 'create', '2019-08-07 03:53:59', 'Super Administrator', NULL, NULL, 1, 0),
	('aa2fe6c3f3e60c0c4003953997f64fb2', '23.01.02', 'delete', '2019-08-07 03:53:59', 'Super Administrator', NULL, NULL, 1, 0),
	('aa2fe6c3f3e60c0c4003953997f64fb2', '23.01.02', 'export_pdf', '2019-08-07 03:53:59', 'Super Administrator', NULL, NULL, 1, 0),
	('aa2fe6c3f3e60c0c4003953997f64fb2', '23.01.02', 'read', '2019-08-07 03:53:59', 'Super Administrator', NULL, NULL, 1, 0),
	('aa2fe6c3f3e60c0c4003953997f64fb2', '23.01.02', 'update', '2019-08-07 03:53:59', 'Super Administrator', NULL, NULL, 1, 0),
	('aa2fe6c3f3e60c0c4003953997f64fb2', '23.02', 'create', '2019-08-07 03:53:59', 'Super Administrator', NULL, NULL, 1, 0),
	('aa2fe6c3f3e60c0c4003953997f64fb2', '23.02', 'delete', '2019-08-07 03:53:59', 'Super Administrator', NULL, NULL, 1, 0),
	('aa2fe6c3f3e60c0c4003953997f64fb2', '23.02', 'export_pdf', '2019-08-07 03:53:59', 'Super Administrator', NULL, NULL, 1, 0),
	('aa2fe6c3f3e60c0c4003953997f64fb2', '23.02', 'read', '2019-08-07 03:53:59', 'Super Administrator', NULL, NULL, 1, 0),
	('aa2fe6c3f3e60c0c4003953997f64fb2', '23.02', 'update', '2019-08-07 03:53:59', 'Super Administrator', NULL, NULL, 1, 0),
	('aa2fe6c3f3e60c0c4003953997f64fb2', '40', 'read', '2019-08-07 03:53:59', 'Super Administrator', NULL, NULL, 1, 0),
	('aa2fe6c3f3e60c0c4003953997f64fb2', '41', 'read', '2019-08-07 03:53:59', 'Super Administrator', NULL, NULL, 1, 0),
	('aa2fe6c3f3e60c0c4003953997f64fb2', '41.01', 'create', '2019-08-07 03:53:59', 'Super Administrator', NULL, NULL, 1, 0),
	('aa2fe6c3f3e60c0c4003953997f64fb2', '41.01', 'delete', '2019-08-07 03:53:59', 'Super Administrator', NULL, NULL, 1, 0),
	('aa2fe6c3f3e60c0c4003953997f64fb2', '41.01', 'read', '2019-08-07 03:53:59', 'Super Administrator', NULL, NULL, 1, 0),
	('aa2fe6c3f3e60c0c4003953997f64fb2', '41.01', 'update', '2019-08-07 03:53:59', 'Super Administrator', NULL, NULL, 1, 0),
	('aa2fe6c3f3e60c0c4003953997f64fb2', '41.02', 'create', '2019-08-07 03:53:59', 'Super Administrator', NULL, NULL, 1, 0),
	('aa2fe6c3f3e60c0c4003953997f64fb2', '41.02', 'delete', '2019-08-07 03:53:59', 'Super Administrator', NULL, NULL, 1, 0),
	('aa2fe6c3f3e60c0c4003953997f64fb2', '41.02', 'read', '2019-08-07 03:53:59', 'Super Administrator', NULL, NULL, 1, 0),
	('aa2fe6c3f3e60c0c4003953997f64fb2', '41.02', 'update', '2019-08-07 03:53:59', 'Super Administrator', NULL, NULL, 1, 0),
	('aa2fe6c3f3e60c0c4003953997f64fb2', '90', 'read', '2019-08-07 03:53:59', 'Super Administrator', NULL, NULL, 1, 0),
	('aa2fe6c3f3e60c0c4003953997f64fb2', '93', 'read', '2019-08-07 03:53:59', 'Super Administrator', NULL, NULL, 1, 0),
	('aa2fe6c3f3e60c0c4003953997f64fb2', '93.01', 'create', '2019-08-07 03:53:59', 'Super Administrator', NULL, NULL, 1, 0),
	('aa2fe6c3f3e60c0c4003953997f64fb2', '93.01', 'delete', '2019-08-07 03:53:59', 'Super Administrator', NULL, NULL, 1, 0),
	('aa2fe6c3f3e60c0c4003953997f64fb2', '93.01', 'read', '2019-08-07 03:53:59', 'Super Administrator', NULL, NULL, 1, 0),
	('aa2fe6c3f3e60c0c4003953997f64fb2', '93.01', 'update', '2019-08-07 03:53:59', 'Super Administrator', NULL, NULL, 1, 0),
	('aa2fe6c3f3e60c0c4003953997f64fb2', '97', 'read', '2019-08-07 03:53:59', 'Super Administrator', NULL, NULL, 1, 0),
	('aa2fe6c3f3e60c0c4003953997f64fb2', '97.01', 'create', '2019-08-07 03:53:59', 'Super Administrator', NULL, NULL, 1, 0),
	('aa2fe6c3f3e60c0c4003953997f64fb2', '97.01', 'delete', '2019-08-07 03:53:59', 'Super Administrator', NULL, NULL, 1, 0),
	('aa2fe6c3f3e60c0c4003953997f64fb2', '97.01', 'read', '2019-08-07 03:53:59', 'Super Administrator', NULL, NULL, 1, 0),
	('aa2fe6c3f3e60c0c4003953997f64fb2', '97.01', 'update', '2019-08-07 03:53:59', 'Super Administrator', NULL, NULL, 1, 0),
	('aa2fe6c3f3e60c0c4003953997f64fb2', '97.02', 'create', '2019-08-07 03:53:59', 'Super Administrator', NULL, NULL, 1, 0),
	('aa2fe6c3f3e60c0c4003953997f64fb2', '97.02', 'delete', '2019-08-07 03:53:59', 'Super Administrator', NULL, NULL, 1, 0),
	('aa2fe6c3f3e60c0c4003953997f64fb2', '97.02', 'read', '2019-08-07 03:53:59', 'Super Administrator', NULL, NULL, 1, 0),
	('aa2fe6c3f3e60c0c4003953997f64fb2', '97.02', 'update', '2019-08-07 03:53:59', 'Super Administrator', NULL, NULL, 1, 0),
	('aa2fe6c3f3e60c0c4003953997f64fb2', '98', 'read', '2019-08-07 03:53:59', 'Super Administrator', NULL, NULL, 1, 0),
	('aa2fe6c3f3e60c0c4003953997f64fb2', '98.01', 'create', '2019-08-07 03:53:59', 'Super Administrator', NULL, NULL, 1, 0),
	('aa2fe6c3f3e60c0c4003953997f64fb2', '98.01', 'delete', '2019-08-07 03:53:59', 'Super Administrator', NULL, NULL, 1, 0),
	('aa2fe6c3f3e60c0c4003953997f64fb2', '98.01', 'read', '2019-08-07 03:53:59', 'Super Administrator', NULL, NULL, 1, 0),
	('aa2fe6c3f3e60c0c4003953997f64fb2', '98.01', 'update', '2019-08-07 03:53:59', 'Super Administrator', NULL, NULL, 1, 0),
	('aa2fe6c3f3e60c0c4003953997f64fb2', '98.02', 'create', '2019-08-07 03:53:59', 'Super Administrator', NULL, NULL, 1, 0),
	('aa2fe6c3f3e60c0c4003953997f64fb2', '98.02', 'delete', '2019-08-07 03:53:59', 'Super Administrator', NULL, NULL, 1, 0),
	('aa2fe6c3f3e60c0c4003953997f64fb2', '98.02', 'read', '2019-08-07 03:53:59', 'Super Administrator', NULL, NULL, 1, 0),
	('aa2fe6c3f3e60c0c4003953997f64fb2', '98.02', 'update', '2019-08-07 03:53:59', 'Super Administrator', NULL, NULL, 1, 0),
	('aa2fe6c3f3e60c0c4003953997f64fb2', '99', 'read', '2019-08-07 03:53:59', 'Super Administrator', NULL, NULL, 1, 0),
	('aa2fe6c3f3e60c0c4003953997f64fb2', '99.01', 'read', '2019-08-07 03:53:59', 'Super Administrator', NULL, NULL, 1, 0),
	('aa2fe6c3f3e60c0c4003953997f64fb2', '99.01', 'update', '2019-08-07 03:53:59', 'Super Administrator', NULL, NULL, 1, 0),
	('aa2fe6c3f3e60c0c4003953997f64fb2', '99.02', 'create', '2019-08-07 03:53:59', 'Super Administrator', NULL, NULL, 1, 0),
	('aa2fe6c3f3e60c0c4003953997f64fb2', '99.02', 'delete', '2019-08-07 03:53:59', 'Super Administrator', NULL, NULL, 1, 0),
	('aa2fe6c3f3e60c0c4003953997f64fb2', '99.02', 'read', '2019-08-07 03:53:59', 'Super Administrator', NULL, NULL, 1, 0),
	('aa2fe6c3f3e60c0c4003953997f64fb2', '99.02', 'update', '2019-08-07 03:53:59', 'Super Administrator', NULL, NULL, 1, 0),
	('c4979eca0b1dc4067e2ef4a7bd05f84c', '01', 'read', '2019-11-05 10:05:28', 'Super Administrator', NULL, NULL, 1, 0),
	('c4979eca0b1dc4067e2ef4a7bd05f84c', '30', 'read', '2019-11-05 10:05:28', 'Super Administrator', NULL, NULL, 1, 0),
	('c4979eca0b1dc4067e2ef4a7bd05f84c', '31', 'read', '2019-11-05 10:05:28', 'Super Administrator', NULL, NULL, 1, 0),
	('c4979eca0b1dc4067e2ef4a7bd05f84c', '31.01', 'create', '2019-11-05 10:05:28', 'Super Administrator', NULL, NULL, 1, 0),
	('c4979eca0b1dc4067e2ef4a7bd05f84c', '31.01', 'delete', '2019-11-05 10:05:28', 'Super Administrator', NULL, NULL, 1, 0),
	('c4979eca0b1dc4067e2ef4a7bd05f84c', '31.01', 'read', '2019-11-05 10:05:28', 'Super Administrator', NULL, NULL, 1, 0),
	('c4979eca0b1dc4067e2ef4a7bd05f84c', '31.01', 'update', '2019-11-05 10:05:28', 'Super Administrator', NULL, NULL, 1, 0),
	('c4979eca0b1dc4067e2ef4a7bd05f84c', '31.02', 'create', '2019-11-05 10:05:28', 'Super Administrator', NULL, NULL, 1, 0),
	('c4979eca0b1dc4067e2ef4a7bd05f84c', '31.02', 'delete', '2019-11-05 10:05:28', 'Super Administrator', NULL, NULL, 1, 0),
	('c4979eca0b1dc4067e2ef4a7bd05f84c', '31.02', 'read', '2019-11-05 10:05:28', 'Super Administrator', NULL, NULL, 1, 0),
	('c4979eca0b1dc4067e2ef4a7bd05f84c', '31.02', 'update', '2019-11-05 10:05:28', 'Super Administrator', NULL, NULL, 1, 0),
	('c4979eca0b1dc4067e2ef4a7bd05f84c', '31.03', 'create', '2019-11-05 10:05:28', 'Super Administrator', NULL, NULL, 1, 0),
	('c4979eca0b1dc4067e2ef4a7bd05f84c', '31.03', 'delete', '2019-11-05 10:05:28', 'Super Administrator', NULL, NULL, 1, 0),
	('c4979eca0b1dc4067e2ef4a7bd05f84c', '31.03', 'read', '2019-11-05 10:05:28', 'Super Administrator', NULL, NULL, 1, 0),
	('c4979eca0b1dc4067e2ef4a7bd05f84c', '31.03', 'update', '2019-11-05 10:05:28', 'Super Administrator', NULL, NULL, 1, 0),
	('c4979eca0b1dc4067e2ef4a7bd05f84c', '32', 'create', '2019-11-05 10:05:28', 'Super Administrator', NULL, NULL, 1, 0),
	('c4979eca0b1dc4067e2ef4a7bd05f84c', '32', 'delete', '2019-11-05 10:05:28', 'Super Administrator', NULL, NULL, 1, 0),
	('c4979eca0b1dc4067e2ef4a7bd05f84c', '32', 'read', '2019-11-05 10:05:28', 'Super Administrator', NULL, NULL, 1, 0),
	('c4979eca0b1dc4067e2ef4a7bd05f84c', '32', 'update', '2019-11-05 10:05:28', 'Super Administrator', NULL, NULL, 1, 0),
	('c4979eca0b1dc4067e2ef4a7bd05f84c', '33', 'read', '2019-11-05 10:05:28', 'Super Administrator', NULL, NULL, 1, 0),
	('c4979eca0b1dc4067e2ef4a7bd05f84c', '33.01', 'create', '2019-11-05 10:05:28', 'Super Administrator', NULL, NULL, 1, 0),
	('c4979eca0b1dc4067e2ef4a7bd05f84c', '33.01', 'delete', '2019-11-05 10:05:28', 'Super Administrator', NULL, NULL, 1, 0),
	('c4979eca0b1dc4067e2ef4a7bd05f84c', '33.01', 'read', '2019-11-05 10:05:28', 'Super Administrator', NULL, NULL, 1, 0),
	('c4979eca0b1dc4067e2ef4a7bd05f84c', '33.01', 'update', '2019-11-05 10:05:28', 'Super Administrator', NULL, NULL, 1, 0),
	('c4979eca0b1dc4067e2ef4a7bd05f84c', '33.02', 'create', '2019-11-05 10:05:28', 'Super Administrator', NULL, NULL, 1, 0),
	('c4979eca0b1dc4067e2ef4a7bd05f84c', '33.02', 'delete', '2019-11-05 10:05:28', 'Super Administrator', NULL, NULL, 1, 0),
	('c4979eca0b1dc4067e2ef4a7bd05f84c', '33.02', 'read', '2019-11-05 10:05:28', 'Super Administrator', NULL, NULL, 1, 0),
	('c4979eca0b1dc4067e2ef4a7bd05f84c', '33.02', 'update', '2019-11-05 10:05:28', 'Super Administrator', NULL, NULL, 1, 0),
	('c4979eca0b1dc4067e2ef4a7bd05f84c', '34', 'read', '2019-11-05 10:05:28', 'Super Administrator', NULL, NULL, 1, 0),
	('c4979eca0b1dc4067e2ef4a7bd05f84c', '34.01', 'create', '2019-11-05 10:05:28', 'Super Administrator', NULL, NULL, 1, 0),
	('c4979eca0b1dc4067e2ef4a7bd05f84c', '34.01', 'delete', '2019-11-05 10:05:28', 'Super Administrator', NULL, NULL, 1, 0),
	('c4979eca0b1dc4067e2ef4a7bd05f84c', '34.01', 'read', '2019-11-05 10:05:28', 'Super Administrator', NULL, NULL, 1, 0),
	('c4979eca0b1dc4067e2ef4a7bd05f84c', '34.01', 'update', '2019-11-05 10:05:28', 'Super Administrator', NULL, NULL, 1, 0),
	('c4979eca0b1dc4067e2ef4a7bd05f84c', '34.02', 'create', '2019-11-05 10:05:28', 'Super Administrator', NULL, NULL, 1, 0),
	('c4979eca0b1dc4067e2ef4a7bd05f84c', '34.02', 'delete', '2019-11-05 10:05:28', 'Super Administrator', NULL, NULL, 1, 0),
	('c4979eca0b1dc4067e2ef4a7bd05f84c', '34.02', 'read', '2019-11-05 10:05:28', 'Super Administrator', NULL, NULL, 1, 0),
	('c4979eca0b1dc4067e2ef4a7bd05f84c', '34.02', 'update', '2019-11-05 10:05:28', 'Super Administrator', NULL, NULL, 1, 0),
	('c4979eca0b1dc4067e2ef4a7bd05f84c', '34.10', 'create', '2019-11-05 10:05:28', 'Super Administrator', NULL, NULL, 1, 0),
	('c4979eca0b1dc4067e2ef4a7bd05f84c', '34.10', 'delete', '2019-11-05 10:05:28', 'Super Administrator', NULL, NULL, 1, 0),
	('c4979eca0b1dc4067e2ef4a7bd05f84c', '34.10', 'read', '2019-11-05 10:05:28', 'Super Administrator', NULL, NULL, 1, 0),
	('c4979eca0b1dc4067e2ef4a7bd05f84c', '34.10', 'update', '2019-11-05 10:05:28', 'Super Administrator', NULL, NULL, 1, 0),
	('c4979eca0b1dc4067e2ef4a7bd05f84c', '35', 'read', '2019-11-05 10:05:28', 'Super Administrator', NULL, NULL, 1, 0),
	('c4979eca0b1dc4067e2ef4a7bd05f84c', '35.01', 'export_excel', '2019-11-05 10:05:28', 'Super Administrator', NULL, NULL, 1, 0),
	('c4979eca0b1dc4067e2ef4a7bd05f84c', '35.01', 'export_pdf', '2019-11-05 10:05:28', 'Super Administrator', NULL, NULL, 1, 0),
	('c4979eca0b1dc4067e2ef4a7bd05f84c', '35.01', 'read', '2019-11-05 10:05:28', 'Super Administrator', NULL, NULL, 1, 0),
	('c4979eca0b1dc4067e2ef4a7bd05f84c', '35.02', 'export_excel', '2019-11-05 10:05:28', 'Super Administrator', NULL, NULL, 1, 0),
	('c4979eca0b1dc4067e2ef4a7bd05f84c', '35.02', 'export_pdf', '2019-11-05 10:05:28', 'Super Administrator', NULL, NULL, 1, 0),
	('c4979eca0b1dc4067e2ef4a7bd05f84c', '35.02', 'read', '2019-11-05 10:05:28', 'Super Administrator', NULL, NULL, 1, 0),
	('c4979eca0b1dc4067e2ef4a7bd05f84c', '35.03', 'export_excel', '2019-11-05 10:05:28', 'Super Administrator', NULL, NULL, 1, 0),
	('c4979eca0b1dc4067e2ef4a7bd05f84c', '35.03', 'export_pdf', '2019-11-05 10:05:28', 'Super Administrator', NULL, NULL, 1, 0),
	('c4979eca0b1dc4067e2ef4a7bd05f84c', '35.03', 'read', '2019-11-05 10:05:28', 'Super Administrator', NULL, NULL, 1, 0),
	('c4979eca0b1dc4067e2ef4a7bd05f84c', '35.04', 'export_excel', '2019-11-05 10:05:28', 'Super Administrator', NULL, NULL, 1, 0),
	('c4979eca0b1dc4067e2ef4a7bd05f84c', '35.04', 'export_pdf', '2019-11-05 10:05:28', 'Super Administrator', NULL, NULL, 1, 0),
	('c4979eca0b1dc4067e2ef4a7bd05f84c', '35.04', 'read', '2019-11-05 10:05:28', 'Super Administrator', NULL, NULL, 1, 0),
	('c4979eca0b1dc4067e2ef4a7bd05f84c', '35.05', 'export_excel', '2019-11-05 10:05:28', 'Super Administrator', NULL, NULL, 1, 0),
	('c4979eca0b1dc4067e2ef4a7bd05f84c', '35.05', 'read', '2019-11-05 10:05:28', 'Super Administrator', NULL, NULL, 1, 0),
	('c4979eca0b1dc4067e2ef4a7bd05f84c', '35.06', 'export_excel', '2019-11-05 10:05:28', 'Super Administrator', NULL, NULL, 1, 0),
	('c4979eca0b1dc4067e2ef4a7bd05f84c', '35.06', 'read', '2019-11-05 10:05:28', 'Super Administrator', NULL, NULL, 1, 0),
	('c4979eca0b1dc4067e2ef4a7bd05f84c', '35.07', 'export_excel', '2019-11-05 10:05:28', 'Super Administrator', NULL, NULL, 1, 0),
	('c4979eca0b1dc4067e2ef4a7bd05f84c', '35.07', 'export_pdf', '2019-11-05 10:05:28', 'Super Administrator', NULL, NULL, 1, 0),
	('c4979eca0b1dc4067e2ef4a7bd05f84c', '35.07', 'read', '2019-11-05 10:05:28', 'Super Administrator', NULL, NULL, 1, 0),
	('c4979eca0b1dc4067e2ef4a7bd05f84c', '36', 'read', '2019-11-05 10:05:28', 'Super Administrator', NULL, NULL, 1, 0),
	('c4ca4238a0b923820dcc509a6f75849b', '01', 'read', '2019-11-11 10:42:29', 'Super Administrator', NULL, NULL, 1, 0),
	('c4ca4238a0b923820dcc509a6f75849b', '10', 'read', '2019-11-11 10:42:29', 'Super Administrator', NULL, NULL, 1, 0),
	('c4ca4238a0b923820dcc509a6f75849b', '11', 'read', '2019-11-11 10:42:29', 'Super Administrator', NULL, NULL, 1, 0),
	('c4ca4238a0b923820dcc509a6f75849b', '12', 'read', '2019-11-11 10:42:29', 'Super Administrator', NULL, NULL, 1, 0),
	('c4ca4238a0b923820dcc509a6f75849b', '12.01', 'read', '2019-11-11 10:42:29', 'Super Administrator', NULL, NULL, 1, 0),
	('c4ca4238a0b923820dcc509a6f75849b', '12.01', 'create', '2019-11-11 10:42:29', 'Super Administrator', NULL, NULL, 1, 0),
	('c4ca4238a0b923820dcc509a6f75849b', '12.01', 'update', '2019-11-11 10:42:29', 'Super Administrator', NULL, NULL, 1, 0),
	('c4ca4238a0b923820dcc509a6f75849b', '12.02', 'read', '2019-11-11 10:42:29', 'Super Administrator', NULL, NULL, 1, 0),
	('c4ca4238a0b923820dcc509a6f75849b', '12.02', 'create', '2019-11-11 10:42:29', 'Super Administrator', NULL, NULL, 1, 0),
	('c4ca4238a0b923820dcc509a6f75849b', '12.02', 'update', '2019-11-11 10:42:29', 'Super Administrator', NULL, NULL, 1, 0),
	('c4ca4238a0b923820dcc509a6f75849b', '12.03', 'read', '2019-11-11 10:42:29', 'Super Administrator', NULL, NULL, 1, 0),
	('c4ca4238a0b923820dcc509a6f75849b', '12.03', 'create', '2019-11-11 10:42:29', 'Super Administrator', NULL, NULL, 1, 0),
	('c4ca4238a0b923820dcc509a6f75849b', '12.03', 'update', '2019-11-11 10:42:29', 'Super Administrator', NULL, NULL, 1, 0),
	('c4ca4238a0b923820dcc509a6f75849b', '12.04', 'read', '2019-11-11 10:42:29', 'Super Administrator', NULL, NULL, 1, 0),
	('c4ca4238a0b923820dcc509a6f75849b', '12.04', 'create', '2019-11-11 10:42:29', 'Super Administrator', NULL, NULL, 1, 0),
	('c4ca4238a0b923820dcc509a6f75849b', '12.04', 'update', '2019-11-11 10:42:29', 'Super Administrator', NULL, NULL, 1, 0),
	('c4ca4238a0b923820dcc509a6f75849b', '13', 'export_pdf', '2019-11-11 10:42:29', 'Super Administrator', NULL, NULL, 1, 0),
	('c4ca4238a0b923820dcc509a6f75849b', '13', 'export_excel', '2019-11-11 10:42:29', 'Super Administrator', NULL, NULL, 1, 0),
	('c4ca4238a0b923820dcc509a6f75849b', '13', 'read', '2019-11-11 10:42:29', 'Super Administrator', NULL, NULL, 1, 0),
	('c4ca4238a0b923820dcc509a6f75849b', '13', 'create', '2019-11-11 10:42:29', 'Super Administrator', NULL, NULL, 1, 0),
	('c4ca4238a0b923820dcc509a6f75849b', '13', 'update', '2019-11-11 10:42:29', 'Super Administrator', NULL, NULL, 1, 0),
	('c4ca4238a0b923820dcc509a6f75849b', '14', 'read', '2019-11-11 10:42:29', 'Super Administrator', NULL, NULL, 1, 0),
	('49fe31429754ff30f1c853b4f87918d2', '19.09', 'export_excel', '2019-11-11 16:22:09', 'Super Administrator', NULL, NULL, 1, 0),
	('c4ca4238a0b923820dcc509a6f75849b', '14.02', 'read', '2019-11-11 10:42:29', 'Super Administrator', NULL, NULL, 1, 0),
	('c4ca4238a0b923820dcc509a6f75849b', '14.02', 'create', '2019-11-11 10:42:29', 'Super Administrator', NULL, NULL, 1, 0),
	('c4ca4238a0b923820dcc509a6f75849b', '14.02', 'update', '2019-11-11 10:42:29', 'Super Administrator', NULL, NULL, 1, 0),
	('c4ca4238a0b923820dcc509a6f75849b', '14.03', 'export_excel', '2019-11-11 10:42:29', 'Super Administrator', NULL, NULL, 1, 0),
	('c4ca4238a0b923820dcc509a6f75849b', '14.03', 'read', '2019-11-11 10:42:29', 'Super Administrator', NULL, NULL, 1, 0),
	('c4ca4238a0b923820dcc509a6f75849b', '14.03', 'create', '2019-11-11 10:42:29', 'Super Administrator', NULL, NULL, 1, 0),
	('c4ca4238a0b923820dcc509a6f75849b', '14.03', 'update', '2019-11-11 10:42:29', 'Super Administrator', NULL, NULL, 1, 0),
	('c4ca4238a0b923820dcc509a6f75849b', '14.03', 'delete', '2019-11-11 10:42:29', 'Super Administrator', NULL, NULL, 1, 0),
	('c4ca4238a0b923820dcc509a6f75849b', '14.04', 'read', '2019-11-11 10:42:29', 'Super Administrator', NULL, NULL, 1, 0),
	('c4ca4238a0b923820dcc509a6f75849b', '14.04', 'create', '2019-11-11 10:42:29', 'Super Administrator', NULL, NULL, 1, 0),
	('c4ca4238a0b923820dcc509a6f75849b', '14.04', 'update', '2019-11-11 10:42:29', 'Super Administrator', NULL, NULL, 1, 0),
	('c4ca4238a0b923820dcc509a6f75849b', '15', 'read', '2019-11-11 10:42:29', 'Super Administrator', NULL, NULL, 1, 0),
	('c4ca4238a0b923820dcc509a6f75849b', '13.01', 'delete', '2019-11-11 10:42:08', 'Super Administrator', NULL, NULL, 1, 0),
	('c4ca4238a0b923820dcc509a6f75849b', '13.01', 'update', '2019-11-11 10:42:08', 'Super Administrator', NULL, NULL, 1, 0),
	('c4ca4238a0b923820dcc509a6f75849b', '13.01', 'create', '2019-11-11 10:42:08', 'Super Administrator', NULL, NULL, 1, 0),
	('c4ca4238a0b923820dcc509a6f75849b', '13.01', 'read', '2019-11-11 10:42:08', 'Super Administrator', NULL, NULL, 1, 0),
	('c4ca4238a0b923820dcc509a6f75849b', '15.02', 'export_excel', '2019-11-11 10:42:29', 'Super Administrator', NULL, NULL, 1, 0),
	('c4ca4238a0b923820dcc509a6f75849b', '15.02', 'read', '2019-11-11 10:42:29', 'Super Administrator', NULL, NULL, 1, 0),
	('c4ca4238a0b923820dcc509a6f75849b', '15.02', 'create', '2019-11-11 10:42:29', 'Super Administrator', NULL, NULL, 1, 0),
	('c4ca4238a0b923820dcc509a6f75849b', '15.02', 'update', '2019-11-11 10:42:29', 'Super Administrator', NULL, NULL, 1, 0),
	('c4ca4238a0b923820dcc509a6f75849b', '15.02', 'delete', '2019-11-11 10:42:29', 'Super Administrator', NULL, NULL, 1, 0),
	('c4ca4238a0b923820dcc509a6f75849b', '16', 'read', '2019-11-11 10:42:29', 'Super Administrator', NULL, NULL, 1, 0),
	('c4ca4238a0b923820dcc509a6f75849b', '16.01', 'read', '2019-11-11 10:42:29', 'Super Administrator', NULL, NULL, 1, 0),
	('c4ca4238a0b923820dcc509a6f75849b', '16.01', 'create', '2019-11-11 10:42:29', 'Super Administrator', NULL, NULL, 1, 0),
	('c4ca4238a0b923820dcc509a6f75849b', '16.01', 'update', '2019-11-11 10:42:29', 'Super Administrator', NULL, NULL, 1, 0),
	('c4ca4238a0b923820dcc509a6f75849b', '17', 'read', '2019-11-11 10:42:29', 'Super Administrator', NULL, NULL, 1, 0),
	('c4ca4238a0b923820dcc509a6f75849b', '17', 'create', '2019-11-11 10:42:29', 'Super Administrator', NULL, NULL, 1, 0),
	('c4ca4238a0b923820dcc509a6f75849b', '17', 'update', '2019-11-11 10:42:29', 'Super Administrator', NULL, NULL, 1, 0),
	('c4ca4238a0b923820dcc509a6f75849b', '19', 'read', '2019-11-11 10:42:29', 'Super Administrator', NULL, NULL, 1, 0),
	('c4ca4238a0b923820dcc509a6f75849b', '19.01', 'export_pdf', '2019-11-11 10:42:29', 'Super Administrator', NULL, NULL, 1, 0),
	('c4ca4238a0b923820dcc509a6f75849b', '19.01', 'read', '2019-11-11 10:42:29', 'Super Administrator', NULL, NULL, 1, 0),
	('c4ca4238a0b923820dcc509a6f75849b', '19.02', 'export_excel', '2019-11-11 10:42:29', 'Super Administrator', NULL, NULL, 1, 0),
	('c4ca4238a0b923820dcc509a6f75849b', '19.02', 'export_pdf', '2019-11-11 10:42:29', 'Super Administrator', NULL, NULL, 1, 0),
	('c4ca4238a0b923820dcc509a6f75849b', '19.02', 'read', '2019-11-11 10:42:29', 'Super Administrator', NULL, NULL, 1, 0),
	('c4ca4238a0b923820dcc509a6f75849b', '19.03', 'export_excel', '2019-11-11 10:42:29', 'Super Administrator', NULL, NULL, 1, 0),
	('c4ca4238a0b923820dcc509a6f75849b', '19.03', 'export_pdf', '2019-11-11 10:42:29', 'Super Administrator', NULL, NULL, 1, 0),
	('c4ca4238a0b923820dcc509a6f75849b', '19.03', 'read', '2019-11-11 10:42:29', 'Super Administrator', NULL, NULL, 1, 0),
	('c4ca4238a0b923820dcc509a6f75849b', '19.04', 'export_excel', '2019-11-11 10:42:29', 'Super Administrator', NULL, NULL, 1, 0),
	('c4ca4238a0b923820dcc509a6f75849b', '19.04', 'export_pdf', '2019-11-11 10:42:29', 'Super Administrator', NULL, NULL, 1, 0),
	('c4ca4238a0b923820dcc509a6f75849b', '19.04', 'read', '2019-11-11 10:42:29', 'Super Administrator', NULL, NULL, 1, 0),
	('c4ca4238a0b923820dcc509a6f75849b', '19.05', 'export_excel', '2019-11-11 10:42:29', 'Super Administrator', NULL, NULL, 1, 0),
	('c4ca4238a0b923820dcc509a6f75849b', '19.05', 'export_pdf', '2019-11-11 10:42:29', 'Super Administrator', NULL, NULL, 1, 0),
	('c4ca4238a0b923820dcc509a6f75849b', '19.05', 'read', '2019-11-11 10:42:29', 'Super Administrator', NULL, NULL, 1, 0),
	('c4ca4238a0b923820dcc509a6f75849b', '19.06', 'export_excel', '2019-11-11 10:42:29', 'Super Administrator', NULL, NULL, 1, 0),
	('c4ca4238a0b923820dcc509a6f75849b', '19.06', 'read', '2019-11-11 10:42:29', 'Super Administrator', NULL, NULL, 1, 0),
	('c4ca4238a0b923820dcc509a6f75849b', '19.07', 'export_excel', '2019-11-11 10:42:29', 'Super Administrator', NULL, NULL, 1, 0),
	('c4ca4238a0b923820dcc509a6f75849b', '19.07', 'read', '2019-11-11 10:42:29', 'Super Administrator', NULL, NULL, 1, 0),
	('c4ca4238a0b923820dcc509a6f75849b', '19.08', 'export_excel', '2019-11-11 10:42:29', 'Super Administrator', NULL, NULL, 1, 0),
	('c4ca4238a0b923820dcc509a6f75849b', '19.08', 'export_pdf', '2019-11-11 10:42:29', 'Super Administrator', NULL, NULL, 1, 0),
	('c4ca4238a0b923820dcc509a6f75849b', '19.08', 'read', '2019-11-11 10:42:29', 'Super Administrator', NULL, NULL, 1, 0),
	('c4ca4238a0b923820dcc509a6f75849b', '19.10', 'read', '2019-11-11 10:42:29', 'Super Administrator', NULL, NULL, 1, 0),
	('c4ca4238a0b923820dcc509a6f75849b', '20', 'read', '2019-11-11 10:42:29', 'Super Administrator', NULL, NULL, 1, 0),
	('c4ca4238a0b923820dcc509a6f75849b', '21', 'read', '2019-11-11 10:42:29', 'Super Administrator', NULL, NULL, 1, 0),
	('c4ca4238a0b923820dcc509a6f75849b', '21.01', 'read', '2019-11-11 10:42:29', 'Super Administrator', NULL, NULL, 1, 0),
	('c4ca4238a0b923820dcc509a6f75849b', '21.01', 'create', '2019-11-11 10:42:29', 'Super Administrator', NULL, NULL, 1, 0),
	('c4ca4238a0b923820dcc509a6f75849b', '21.01', 'update', '2019-11-11 10:42:29', 'Super Administrator', NULL, NULL, 1, 0),
	('c4ca4238a0b923820dcc509a6f75849b', '21.02', 'read', '2019-11-11 10:42:29', 'Super Administrator', NULL, NULL, 1, 0),
	('c4ca4238a0b923820dcc509a6f75849b', '21.02', 'create', '2019-11-11 10:42:29', 'Super Administrator', NULL, NULL, 1, 0),
	('c4ca4238a0b923820dcc509a6f75849b', '21.02', 'update', '2019-11-11 10:42:29', 'Super Administrator', NULL, NULL, 1, 0),
	('c4ca4238a0b923820dcc509a6f75849b', '21.03', 'read', '2019-11-11 10:42:29', 'Super Administrator', NULL, NULL, 1, 0),
	('c4ca4238a0b923820dcc509a6f75849b', '21.03', 'create', '2019-11-11 10:42:29', 'Super Administrator', NULL, NULL, 1, 0),
	('c4ca4238a0b923820dcc509a6f75849b', '21.03', 'update', '2019-11-11 10:42:29', 'Super Administrator', NULL, NULL, 1, 0),
	('c4ca4238a0b923820dcc509a6f75849b', '22', 'read', '2019-11-11 10:42:29', 'Super Administrator', NULL, NULL, 1, 0),
	('c4ca4238a0b923820dcc509a6f75849b', '22', 'create', '2019-11-11 10:42:29', 'Super Administrator', NULL, NULL, 1, 0),
	('c4ca4238a0b923820dcc509a6f75849b', '22', 'update', '2019-11-11 10:42:29', 'Super Administrator', NULL, NULL, 1, 0),
	('c4ca4238a0b923820dcc509a6f75849b', '22.01', 'create', '2019-08-15 06:40:41', 'Super Administrator', NULL, NULL, 1, 0),
	('c4ca4238a0b923820dcc509a6f75849b', '22.01', 'delete', '2019-08-15 06:40:41', 'Super Administrator', NULL, NULL, 1, 0),
	('c4ca4238a0b923820dcc509a6f75849b', '22.01', 'export_pdf', '2019-08-15 06:40:41', 'Super Administrator', NULL, NULL, 1, 0),
	('c4ca4238a0b923820dcc509a6f75849b', '22.01', 'read', '2019-08-15 06:40:41', 'Super Administrator', NULL, NULL, 1, 0),
	('c4ca4238a0b923820dcc509a6f75849b', '22.01', 'update', '2019-08-15 06:40:41', 'Super Administrator', NULL, NULL, 1, 0),
	('c4ca4238a0b923820dcc509a6f75849b', '22.02', 'create', '2019-08-15 06:40:41', 'Super Administrator', NULL, NULL, 1, 0),
	('c4ca4238a0b923820dcc509a6f75849b', '22.02', 'delete', '2019-08-15 06:40:41', 'Super Administrator', NULL, NULL, 1, 0),
	('c4ca4238a0b923820dcc509a6f75849b', '22.02', 'export_pdf', '2019-08-15 06:40:41', 'Super Administrator', NULL, NULL, 1, 0),
	('c4ca4238a0b923820dcc509a6f75849b', '22.02', 'read', '2019-08-15 06:40:41', 'Super Administrator', NULL, NULL, 1, 0),
	('c4ca4238a0b923820dcc509a6f75849b', '22.02', 'update', '2019-08-15 06:40:41', 'Super Administrator', NULL, NULL, 1, 0),
	('c4ca4238a0b923820dcc509a6f75849b', '23', 'read', '2019-11-11 10:42:29', 'Super Administrator', NULL, NULL, 1, 0),
	('c4ca4238a0b923820dcc509a6f75849b', '23.01', 'read', '2019-11-11 10:42:29', 'Super Administrator', NULL, NULL, 1, 0),
	('c4ca4238a0b923820dcc509a6f75849b', '23.01', 'create', '2019-11-11 10:42:29', 'Super Administrator', NULL, NULL, 1, 0),
	('c4ca4238a0b923820dcc509a6f75849b', '23.01', 'update', '2019-11-11 10:42:29', 'Super Administrator', NULL, NULL, 1, 0),
	('c4ca4238a0b923820dcc509a6f75849b', '23.01.01', 'create', '2019-08-15 06:40:41', 'Super Administrator', NULL, NULL, 1, 0),
	('c4ca4238a0b923820dcc509a6f75849b', '23.01.01', 'delete', '2019-08-15 06:40:41', 'Super Administrator', NULL, NULL, 1, 0),
	('c4ca4238a0b923820dcc509a6f75849b', '23.01.01', 'export_pdf', '2019-08-15 06:40:41', 'Super Administrator', NULL, NULL, 1, 0),
	('c4ca4238a0b923820dcc509a6f75849b', '23.01.01', 'read', '2019-08-15 06:40:41', 'Super Administrator', NULL, NULL, 1, 0),
	('c4ca4238a0b923820dcc509a6f75849b', '23.01.01', 'update', '2019-08-15 06:40:41', 'Super Administrator', NULL, NULL, 1, 0),
	('c4ca4238a0b923820dcc509a6f75849b', '23.01.02', 'create', '2019-08-15 06:40:41', 'Super Administrator', NULL, NULL, 1, 0),
	('c4ca4238a0b923820dcc509a6f75849b', '23.01.02', 'delete', '2019-08-15 06:40:41', 'Super Administrator', NULL, NULL, 1, 0),
	('c4ca4238a0b923820dcc509a6f75849b', '23.01.02', 'export_pdf', '2019-08-15 06:40:41', 'Super Administrator', NULL, NULL, 1, 0),
	('c4ca4238a0b923820dcc509a6f75849b', '23.01.02', 'read', '2019-08-15 06:40:41', 'Super Administrator', NULL, NULL, 1, 0),
	('c4ca4238a0b923820dcc509a6f75849b', '23.01.02', 'update', '2019-08-15 06:40:41', 'Super Administrator', NULL, NULL, 1, 0),
	('c4ca4238a0b923820dcc509a6f75849b', '23.01.03', 'create', '2019-08-15 06:40:41', 'Super Administrator', NULL, NULL, 1, 0),
	('c4ca4238a0b923820dcc509a6f75849b', '23.01.03', 'delete', '2019-08-15 06:40:41', 'Super Administrator', NULL, NULL, 1, 0),
	('c4ca4238a0b923820dcc509a6f75849b', '23.01.03', 'export_pdf', '2019-08-15 06:40:41', 'Super Administrator', NULL, NULL, 1, 0),
	('c4ca4238a0b923820dcc509a6f75849b', '23.01.03', 'read', '2019-08-15 06:40:41', 'Super Administrator', NULL, NULL, 1, 0),
	('c4ca4238a0b923820dcc509a6f75849b', '23.01.03', 'update', '2019-08-15 06:40:41', 'Super Administrator', NULL, NULL, 1, 0),
	('c4ca4238a0b923820dcc509a6f75849b', '23.01.04', 'create', '2019-08-15 06:40:41', 'Super Administrator', NULL, NULL, 1, 0),
	('c4ca4238a0b923820dcc509a6f75849b', '23.01.04', 'delete', '2019-08-15 06:40:41', 'Super Administrator', NULL, NULL, 1, 0),
	('c4ca4238a0b923820dcc509a6f75849b', '23.01.04', 'export_pdf', '2019-08-15 06:40:41', 'Super Administrator', NULL, NULL, 1, 0),
	('c4ca4238a0b923820dcc509a6f75849b', '23.01.04', 'read', '2019-08-15 06:40:41', 'Super Administrator', NULL, NULL, 1, 0),
	('c4ca4238a0b923820dcc509a6f75849b', '23.01.04', 'update', '2019-08-15 06:40:41', 'Super Administrator', NULL, NULL, 1, 0),
	('c4ca4238a0b923820dcc509a6f75849b', '23.02', 'read', '2019-11-11 10:42:29', 'Super Administrator', NULL, NULL, 1, 0),
	('c4ca4238a0b923820dcc509a6f75849b', '23.02', 'create', '2019-11-11 10:42:29', 'Super Administrator', NULL, NULL, 1, 0),
	('c4ca4238a0b923820dcc509a6f75849b', '23.02', 'update', '2019-11-11 10:42:29', 'Super Administrator', NULL, NULL, 1, 0),
	('c4ca4238a0b923820dcc509a6f75849b', '24', 'read', '2019-11-11 10:42:29', 'Super Administrator', NULL, NULL, 1, 0),
	('c4ca4238a0b923820dcc509a6f75849b', '24.01', 'read', '2019-11-11 10:42:29', 'Super Administrator', NULL, NULL, 1, 0),
	('c4ca4238a0b923820dcc509a6f75849b', '24.01', 'create', '2019-11-11 10:42:29', 'Super Administrator', NULL, NULL, 1, 0),
	('c4ca4238a0b923820dcc509a6f75849b', '24.01', 'update', '2019-11-11 10:42:29', 'Super Administrator', NULL, NULL, 1, 0),
	('c4ca4238a0b923820dcc509a6f75849b', '24.02', 'read', '2019-11-11 10:42:29', 'Super Administrator', NULL, NULL, 1, 0),
	('c4ca4238a0b923820dcc509a6f75849b', '24.02', 'create', '2019-11-11 10:42:29', 'Super Administrator', NULL, NULL, 1, 0),
	('c4ca4238a0b923820dcc509a6f75849b', '24.02', 'update', '2019-11-11 10:42:29', 'Super Administrator', NULL, NULL, 1, 0),
	('c4ca4238a0b923820dcc509a6f75849b', '24.10', 'read', '2019-11-11 10:42:29', 'Super Administrator', NULL, NULL, 1, 0),
	('c4ca4238a0b923820dcc509a6f75849b', '24.10', 'create', '2019-11-11 10:42:29', 'Super Administrator', NULL, NULL, 1, 0),
	('c4ca4238a0b923820dcc509a6f75849b', '24.10', 'update', '2019-11-11 10:42:29', 'Super Administrator', NULL, NULL, 1, 0),
	('c4ca4238a0b923820dcc509a6f75849b', '25', 'read', '2019-11-11 10:42:29', 'Super Administrator', NULL, NULL, 1, 0),
	('c4ca4238a0b923820dcc509a6f75849b', '25.01', 'export_excel', '2019-11-11 10:42:29', 'Super Administrator', NULL, NULL, 1, 0),
	('c4ca4238a0b923820dcc509a6f75849b', '25.01', 'export_pdf', '2019-11-11 10:42:29', 'Super Administrator', NULL, NULL, 1, 0),
	('c4ca4238a0b923820dcc509a6f75849b', '25.01', 'read', '2019-11-11 10:42:29', 'Super Administrator', NULL, NULL, 1, 0),
	('c4ca4238a0b923820dcc509a6f75849b', '25.02', 'export_excel', '2019-11-11 10:42:29', 'Super Administrator', NULL, NULL, 1, 0),
	('c4ca4238a0b923820dcc509a6f75849b', '25.02', 'export_pdf', '2019-11-11 10:42:29', 'Super Administrator', NULL, NULL, 1, 0),
	('c4ca4238a0b923820dcc509a6f75849b', '25.02', 'read', '2019-11-11 10:42:29', 'Super Administrator', NULL, NULL, 1, 0),
	('c4ca4238a0b923820dcc509a6f75849b', '25.03', 'export_excel', '2019-11-11 10:42:29', 'Super Administrator', NULL, NULL, 1, 0),
	('c4ca4238a0b923820dcc509a6f75849b', '25.03', 'export_pdf', '2019-11-11 10:42:29', 'Super Administrator', NULL, NULL, 1, 0),
	('c4ca4238a0b923820dcc509a6f75849b', '25.03', 'read', '2019-11-11 10:42:29', 'Super Administrator', NULL, NULL, 1, 0),
	('c4ca4238a0b923820dcc509a6f75849b', '25.04', 'export_excel', '2019-11-11 10:42:29', 'Super Administrator', NULL, NULL, 1, 0),
	('c4ca4238a0b923820dcc509a6f75849b', '25.04', 'export_pdf', '2019-11-11 10:42:29', 'Super Administrator', NULL, NULL, 1, 0),
	('c4ca4238a0b923820dcc509a6f75849b', '25.04', 'read', '2019-11-11 10:42:29', 'Super Administrator', NULL, NULL, 1, 0),
	('c4ca4238a0b923820dcc509a6f75849b', '25.05', 'export_excel', '2019-11-11 10:42:29', 'Super Administrator', NULL, NULL, 1, 0),
	('c4ca4238a0b923820dcc509a6f75849b', '25.05', 'read', '2019-11-11 10:42:29', 'Super Administrator', NULL, NULL, 1, 0),
	('c4ca4238a0b923820dcc509a6f75849b', '25.06', 'export_excel', '2019-11-11 10:42:29', 'Super Administrator', NULL, NULL, 1, 0),
	('c4ca4238a0b923820dcc509a6f75849b', '25.06', 'read', '2019-11-11 10:42:29', 'Super Administrator', NULL, NULL, 1, 0),
	('c4ca4238a0b923820dcc509a6f75849b', '25.07', 'export_excel', '2019-11-11 10:42:29', 'Super Administrator', NULL, NULL, 1, 0),
	('c4ca4238a0b923820dcc509a6f75849b', '25.07', 'export_pdf', '2019-11-11 10:42:29', 'Super Administrator', NULL, NULL, 1, 0),
	('c4ca4238a0b923820dcc509a6f75849b', '25.07', 'read', '2019-11-11 10:42:29', 'Super Administrator', NULL, NULL, 1, 0),
	('c4ca4238a0b923820dcc509a6f75849b', '26', 'read', '2019-11-11 10:42:29', 'Super Administrator', NULL, NULL, 1, 0),
	('c4ca4238a0b923820dcc509a6f75849b', '30', 'read', '2019-11-11 10:42:29', 'Super Administrator', NULL, NULL, 1, 0),
	('c4ca4238a0b923820dcc509a6f75849b', '31', 'read', '2019-11-11 10:42:29', 'Super Administrator', NULL, NULL, 1, 0),
	('c4ca4238a0b923820dcc509a6f75849b', '31.01', 'read', '2019-11-11 10:42:29', 'Super Administrator', NULL, NULL, 1, 0),
	('c4ca4238a0b923820dcc509a6f75849b', '31.01', 'create', '2019-11-11 10:42:29', 'Super Administrator', NULL, NULL, 1, 0),
	('c4ca4238a0b923820dcc509a6f75849b', '31.01', 'update', '2019-11-11 10:42:29', 'Super Administrator', NULL, NULL, 1, 0),
	('c4ca4238a0b923820dcc509a6f75849b', '31.02', 'read', '2019-11-11 10:42:29', 'Super Administrator', NULL, NULL, 1, 0),
	('c4ca4238a0b923820dcc509a6f75849b', '31.02', 'create', '2019-11-11 10:42:29', 'Super Administrator', NULL, NULL, 1, 0),
	('c4ca4238a0b923820dcc509a6f75849b', '31.02', 'update', '2019-11-11 10:42:29', 'Super Administrator', NULL, NULL, 1, 0),
	('c4ca4238a0b923820dcc509a6f75849b', '31.03', 'read', '2019-11-11 10:42:29', 'Super Administrator', NULL, NULL, 1, 0),
	('c4ca4238a0b923820dcc509a6f75849b', '31.03', 'create', '2019-11-11 10:42:29', 'Super Administrator', NULL, NULL, 1, 0),
	('c4ca4238a0b923820dcc509a6f75849b', '31.03', 'update', '2019-11-11 10:42:29', 'Super Administrator', NULL, NULL, 1, 0),
	('c4ca4238a0b923820dcc509a6f75849b', '32', 'read', '2019-11-11 10:42:29', 'Super Administrator', NULL, NULL, 1, 0),
	('c4ca4238a0b923820dcc509a6f75849b', '32', 'create', '2019-11-11 10:42:29', 'Super Administrator', NULL, NULL, 1, 0),
	('c4ca4238a0b923820dcc509a6f75849b', '32', 'update', '2019-11-11 10:42:29', 'Super Administrator', NULL, NULL, 1, 0),
	('c4ca4238a0b923820dcc509a6f75849b', '33', 'read', '2019-11-11 10:42:29', 'Super Administrator', NULL, NULL, 1, 0),
	('c4ca4238a0b923820dcc509a6f75849b', '33.01', 'read', '2019-11-11 10:42:29', 'Super Administrator', NULL, NULL, 1, 0),
	('c4ca4238a0b923820dcc509a6f75849b', '33.01', 'create', '2019-11-11 10:42:29', 'Super Administrator', NULL, NULL, 1, 0),
	('c4ca4238a0b923820dcc509a6f75849b', '33.01', 'update', '2019-11-11 10:42:29', 'Super Administrator', NULL, NULL, 1, 0),
	('c4ca4238a0b923820dcc509a6f75849b', '33.02', 'read', '2019-11-11 10:42:29', 'Super Administrator', NULL, NULL, 1, 0),
	('c4ca4238a0b923820dcc509a6f75849b', '33.02', 'create', '2019-11-11 10:42:29', 'Super Administrator', NULL, NULL, 1, 0),
	('c4ca4238a0b923820dcc509a6f75849b', '33.02', 'update', '2019-11-11 10:42:29', 'Super Administrator', NULL, NULL, 1, 0),
	('c4ca4238a0b923820dcc509a6f75849b', '34', 'read', '2019-11-11 10:42:29', 'Super Administrator', NULL, NULL, 1, 0),
	('c4ca4238a0b923820dcc509a6f75849b', '34.01', 'read', '2019-11-11 10:42:29', 'Super Administrator', NULL, NULL, 1, 0),
	('c4ca4238a0b923820dcc509a6f75849b', '34.01', 'create', '2019-11-11 10:42:29', 'Super Administrator', NULL, NULL, 1, 0),
	('c4ca4238a0b923820dcc509a6f75849b', '34.01', 'update', '2019-11-11 10:42:29', 'Super Administrator', NULL, NULL, 1, 0),
	('c4ca4238a0b923820dcc509a6f75849b', '34.02', 'read', '2019-11-11 10:42:29', 'Super Administrator', NULL, NULL, 1, 0),
	('c4ca4238a0b923820dcc509a6f75849b', '34.02', 'create', '2019-11-11 10:42:29', 'Super Administrator', NULL, NULL, 1, 0),
	('c4ca4238a0b923820dcc509a6f75849b', '34.02', 'update', '2019-11-11 10:42:29', 'Super Administrator', NULL, NULL, 1, 0),
	('c4ca4238a0b923820dcc509a6f75849b', '34.10', 'read', '2019-11-11 10:42:29', 'Super Administrator', NULL, NULL, 1, 0),
	('c4ca4238a0b923820dcc509a6f75849b', '34.10', 'create', '2019-11-11 10:42:29', 'Super Administrator', NULL, NULL, 1, 0),
	('c4ca4238a0b923820dcc509a6f75849b', '34.10', 'update', '2019-11-11 10:42:29', 'Super Administrator', NULL, NULL, 1, 0),
	('c4ca4238a0b923820dcc509a6f75849b', '35', 'read', '2019-11-11 10:42:29', 'Super Administrator', NULL, NULL, 1, 0),
	('c4ca4238a0b923820dcc509a6f75849b', '35.01', 'export_excel', '2019-11-11 10:42:29', 'Super Administrator', NULL, NULL, 1, 0),
	('c4ca4238a0b923820dcc509a6f75849b', '35.01', 'export_pdf', '2019-11-11 10:42:29', 'Super Administrator', NULL, NULL, 1, 0),
	('c4ca4238a0b923820dcc509a6f75849b', '35.01', 'read', '2019-11-11 10:42:29', 'Super Administrator', NULL, NULL, 1, 0),
	('c4ca4238a0b923820dcc509a6f75849b', '35.02', 'export_excel', '2019-11-11 10:42:29', 'Super Administrator', NULL, NULL, 1, 0),
	('c4ca4238a0b923820dcc509a6f75849b', '35.02', 'export_pdf', '2019-11-11 10:42:29', 'Super Administrator', NULL, NULL, 1, 0),
	('c4ca4238a0b923820dcc509a6f75849b', '35.02', 'read', '2019-11-11 10:42:29', 'Super Administrator', NULL, NULL, 1, 0),
	('c4ca4238a0b923820dcc509a6f75849b', '35.03', 'export_excel', '2019-11-11 10:42:29', 'Super Administrator', NULL, NULL, 1, 0),
	('c4ca4238a0b923820dcc509a6f75849b', '35.03', 'export_pdf', '2019-11-11 10:42:29', 'Super Administrator', NULL, NULL, 1, 0),
	('c4ca4238a0b923820dcc509a6f75849b', '35.03', 'read', '2019-11-11 10:42:29', 'Super Administrator', NULL, NULL, 1, 0),
	('c4ca4238a0b923820dcc509a6f75849b', '35.04', 'export_excel', '2019-11-11 10:42:29', 'Super Administrator', NULL, NULL, 1, 0),
	('c4ca4238a0b923820dcc509a6f75849b', '35.04', 'export_pdf', '2019-11-11 10:42:29', 'Super Administrator', NULL, NULL, 1, 0),
	('c4ca4238a0b923820dcc509a6f75849b', '35.04', 'read', '2019-11-11 10:42:29', 'Super Administrator', NULL, NULL, 1, 0),
	('c4ca4238a0b923820dcc509a6f75849b', '35.05', 'export_excel', '2019-11-11 10:42:29', 'Super Administrator', NULL, NULL, 1, 0),
	('c4ca4238a0b923820dcc509a6f75849b', '35.05', 'read', '2019-11-11 10:42:29', 'Super Administrator', NULL, NULL, 1, 0),
	('c4ca4238a0b923820dcc509a6f75849b', '35.06', 'export_excel', '2019-11-11 10:42:29', 'Super Administrator', NULL, NULL, 1, 0),
	('c4ca4238a0b923820dcc509a6f75849b', '35.06', 'read', '2019-11-11 10:42:29', 'Super Administrator', NULL, NULL, 1, 0),
	('c4ca4238a0b923820dcc509a6f75849b', '35.07', 'export_excel', '2019-11-11 10:42:29', 'Super Administrator', NULL, NULL, 1, 0),
	('c4ca4238a0b923820dcc509a6f75849b', '35.07', 'export_pdf', '2019-11-11 10:42:29', 'Super Administrator', NULL, NULL, 1, 0),
	('c4ca4238a0b923820dcc509a6f75849b', '35.07', 'read', '2019-11-11 10:42:29', 'Super Administrator', NULL, NULL, 1, 0),
	('c4ca4238a0b923820dcc509a6f75849b', '36', 'read', '2019-11-11 10:42:29', 'Super Administrator', NULL, NULL, 1, 0),
	('c4ca4238a0b923820dcc509a6f75849b', '40', 'read', '2019-11-11 10:42:29', 'Super Administrator', NULL, NULL, 1, 0),
	('c4ca4238a0b923820dcc509a6f75849b', '41', 'read', '2019-11-11 10:42:29', 'Super Administrator', NULL, NULL, 1, 0),
	('c4ca4238a0b923820dcc509a6f75849b', '41.01', 'read', '2019-11-11 10:42:29', 'Super Administrator', NULL, NULL, 1, 0),
	('c4ca4238a0b923820dcc509a6f75849b', '41.01', 'create', '2019-11-11 10:42:29', 'Super Administrator', NULL, NULL, 1, 0),
	('c4ca4238a0b923820dcc509a6f75849b', '41.01', 'update', '2019-11-11 10:42:29', 'Super Administrator', NULL, NULL, 1, 0),
	('c4ca4238a0b923820dcc509a6f75849b', '41.02', 'read', '2019-11-11 10:42:29', 'Super Administrator', NULL, NULL, 1, 0),
	('c4ca4238a0b923820dcc509a6f75849b', '41.02', 'create', '2019-11-11 10:42:29', 'Super Administrator', NULL, NULL, 1, 0),
	('c4ca4238a0b923820dcc509a6f75849b', '41.02', 'update', '2019-11-11 10:42:29', 'Super Administrator', NULL, NULL, 1, 0),
	('c4ca4238a0b923820dcc509a6f75849b', '41.03', 'read', '2019-11-11 10:42:29', 'Super Administrator', NULL, NULL, 1, 0),
	('c4ca4238a0b923820dcc509a6f75849b', '41.03', 'create', '2019-11-11 10:42:29', 'Super Administrator', NULL, NULL, 1, 0),
	('c4ca4238a0b923820dcc509a6f75849b', '41.03', 'update', '2019-11-11 10:42:29', 'Super Administrator', NULL, NULL, 1, 0),
	('c4ca4238a0b923820dcc509a6f75849b', '42', 'read', '2019-11-11 10:42:29', 'Super Administrator', NULL, NULL, 1, 0),
	('c4ca4238a0b923820dcc509a6f75849b', '42', 'create', '2019-11-11 10:42:29', 'Super Administrator', NULL, NULL, 1, 0),
	('c4ca4238a0b923820dcc509a6f75849b', '42', 'update', '2019-11-11 10:42:29', 'Super Administrator', NULL, NULL, 1, 0),
	('c4ca4238a0b923820dcc509a6f75849b', '43', 'read', '2019-11-11 10:42:29', 'Super Administrator', NULL, NULL, 1, 0),
	('c4ca4238a0b923820dcc509a6f75849b', '43.01', 'read', '2019-11-11 10:42:29', 'Super Administrator', NULL, NULL, 1, 0),
	('c4ca4238a0b923820dcc509a6f75849b', '43.01', 'create', '2019-11-11 10:42:29', 'Super Administrator', NULL, NULL, 1, 0),
	('c4ca4238a0b923820dcc509a6f75849b', '43.01', 'update', '2019-11-11 10:42:29', 'Super Administrator', NULL, NULL, 1, 0),
	('c4ca4238a0b923820dcc509a6f75849b', '43.02', 'read', '2019-11-11 10:42:29', 'Super Administrator', NULL, NULL, 1, 0),
	('c4ca4238a0b923820dcc509a6f75849b', '43.02', 'create', '2019-11-11 10:42:29', 'Super Administrator', NULL, NULL, 1, 0),
	('c4ca4238a0b923820dcc509a6f75849b', '43.02', 'update', '2019-11-11 10:42:29', 'Super Administrator', NULL, NULL, 1, 0),
	('c4ca4238a0b923820dcc509a6f75849b', '44', 'read', '2019-11-11 10:42:29', 'Super Administrator', NULL, NULL, 1, 0),
	('c4ca4238a0b923820dcc509a6f75849b', '44.01', 'read', '2019-11-11 10:42:29', 'Super Administrator', NULL, NULL, 1, 0),
	('c4ca4238a0b923820dcc509a6f75849b', '44.01', 'create', '2019-11-11 10:42:29', 'Super Administrator', NULL, NULL, 1, 0),
	('c4ca4238a0b923820dcc509a6f75849b', '44.01', 'update', '2019-11-11 10:42:29', 'Super Administrator', NULL, NULL, 1, 0),
	('c4ca4238a0b923820dcc509a6f75849b', '44.02', 'read', '2019-11-11 10:42:29', 'Super Administrator', NULL, NULL, 1, 0),
	('c4ca4238a0b923820dcc509a6f75849b', '44.02', 'create', '2019-11-11 10:42:29', 'Super Administrator', NULL, NULL, 1, 0),
	('c4ca4238a0b923820dcc509a6f75849b', '44.02', 'update', '2019-11-11 10:42:29', 'Super Administrator', NULL, NULL, 1, 0),
	('c4ca4238a0b923820dcc509a6f75849b', '44.10', 'read', '2019-11-11 10:42:29', 'Super Administrator', NULL, NULL, 1, 0),
	('c4ca4238a0b923820dcc509a6f75849b', '44.10', 'create', '2019-11-11 10:42:29', 'Super Administrator', NULL, NULL, 1, 0),
	('c4ca4238a0b923820dcc509a6f75849b', '44.10', 'update', '2019-11-11 10:42:29', 'Super Administrator', NULL, NULL, 1, 0),
	('c4ca4238a0b923820dcc509a6f75849b', '45', 'read', '2019-11-11 10:42:29', 'Super Administrator', NULL, NULL, 1, 0),
	('c4ca4238a0b923820dcc509a6f75849b', '45.01', 'export_excel', '2019-11-11 10:42:29', 'Super Administrator', NULL, NULL, 1, 0),
	('c4ca4238a0b923820dcc509a6f75849b', '45.01', 'export_pdf', '2019-11-11 10:42:29', 'Super Administrator', NULL, NULL, 1, 0),
	('c4ca4238a0b923820dcc509a6f75849b', '45.01', 'read', '2019-11-11 10:42:29', 'Super Administrator', NULL, NULL, 1, 0),
	('c4ca4238a0b923820dcc509a6f75849b', '45.02', 'export_excel', '2019-11-11 10:42:29', 'Super Administrator', NULL, NULL, 1, 0),
	('c4ca4238a0b923820dcc509a6f75849b', '45.02', 'export_pdf', '2019-11-11 10:42:29', 'Super Administrator', NULL, NULL, 1, 0),
	('c4ca4238a0b923820dcc509a6f75849b', '45.02', 'read', '2019-11-11 10:42:29', 'Super Administrator', NULL, NULL, 1, 0),
	('c4ca4238a0b923820dcc509a6f75849b', '45.03', 'export_excel', '2019-11-11 10:42:29', 'Super Administrator', NULL, NULL, 1, 0),
	('c4ca4238a0b923820dcc509a6f75849b', '45.03', 'export_pdf', '2019-11-11 10:42:29', 'Super Administrator', NULL, NULL, 1, 0),
	('c4ca4238a0b923820dcc509a6f75849b', '45.03', 'read', '2019-11-11 10:42:29', 'Super Administrator', NULL, NULL, 1, 0),
	('c4ca4238a0b923820dcc509a6f75849b', '45.04', 'export_excel', '2019-11-11 10:42:29', 'Super Administrator', NULL, NULL, 1, 0),
	('c4ca4238a0b923820dcc509a6f75849b', '45.04', 'export_pdf', '2019-11-11 10:42:29', 'Super Administrator', NULL, NULL, 1, 0),
	('c4ca4238a0b923820dcc509a6f75849b', '45.04', 'read', '2019-11-11 10:42:29', 'Super Administrator', NULL, NULL, 1, 0),
	('c4ca4238a0b923820dcc509a6f75849b', '45.05', 'export_excel', '2019-11-11 10:42:29', 'Super Administrator', NULL, NULL, 1, 0),
	('c4ca4238a0b923820dcc509a6f75849b', '45.05', 'read', '2019-11-11 10:42:29', 'Super Administrator', NULL, NULL, 1, 0),
	('c4ca4238a0b923820dcc509a6f75849b', '45.06', 'export_excel', '2019-11-11 10:42:29', 'Super Administrator', NULL, NULL, 1, 0),
	('c4ca4238a0b923820dcc509a6f75849b', '45.06', 'read', '2019-11-11 10:42:29', 'Super Administrator', NULL, NULL, 1, 0),
	('c4ca4238a0b923820dcc509a6f75849b', '45.07', 'export_excel', '2019-11-11 10:42:29', 'Super Administrator', NULL, NULL, 1, 0),
	('c4ca4238a0b923820dcc509a6f75849b', '45.07', 'export_pdf', '2019-11-11 10:42:29', 'Super Administrator', NULL, NULL, 1, 0),
	('c4ca4238a0b923820dcc509a6f75849b', '45.07', 'read', '2019-11-11 10:42:29', 'Super Administrator', NULL, NULL, 1, 0),
	('c4ca4238a0b923820dcc509a6f75849b', '46', 'read', '2019-11-11 10:42:29', 'Super Administrator', NULL, NULL, 1, 0),
	('c4ca4238a0b923820dcc509a6f75849b', '46.01', 'export_pdf', '2019-08-15 06:40:41', 'Super Administrator', NULL, NULL, 1, 0),
	('c4ca4238a0b923820dcc509a6f75849b', '46.01', 'read', '2019-08-15 06:40:41', 'Super Administrator', NULL, NULL, 1, 0),
	('c4ca4238a0b923820dcc509a6f75849b', '50', 'read', '2019-11-11 10:42:29', 'Super Administrator', NULL, NULL, 1, 0),
	('c4ca4238a0b923820dcc509a6f75849b', '51', 'read', '2019-11-11 10:42:29', 'Super Administrator', NULL, NULL, 1, 0),
	('c4ca4238a0b923820dcc509a6f75849b', '51.01', 'read', '2019-11-11 10:42:29', 'Super Administrator', NULL, NULL, 1, 0),
	('c4ca4238a0b923820dcc509a6f75849b', '51.01', 'create', '2019-11-11 10:42:29', 'Super Administrator', NULL, NULL, 1, 0),
	('c4ca4238a0b923820dcc509a6f75849b', '51.01', 'update', '2019-11-11 10:42:29', 'Super Administrator', NULL, NULL, 1, 0),
	('c4ca4238a0b923820dcc509a6f75849b', '51.02', 'read', '2019-11-11 10:42:29', 'Super Administrator', NULL, NULL, 1, 0),
	('c4ca4238a0b923820dcc509a6f75849b', '51.02', 'create', '2019-11-11 10:42:29', 'Super Administrator', NULL, NULL, 1, 0),
	('c4ca4238a0b923820dcc509a6f75849b', '51.02', 'update', '2019-11-11 10:42:29', 'Super Administrator', NULL, NULL, 1, 0),
	('c4ca4238a0b923820dcc509a6f75849b', '51.03', 'read', '2019-11-11 10:42:29', 'Super Administrator', NULL, NULL, 1, 0),
	('c4ca4238a0b923820dcc509a6f75849b', '51.03', 'create', '2019-11-11 10:42:29', 'Super Administrator', NULL, NULL, 1, 0),
	('c4ca4238a0b923820dcc509a6f75849b', '51.03', 'update', '2019-11-11 10:42:29', 'Super Administrator', NULL, NULL, 1, 0),
	('c4ca4238a0b923820dcc509a6f75849b', '52', 'read', '2019-11-11 10:42:29', 'Super Administrator', NULL, NULL, 1, 0),
	('c4ca4238a0b923820dcc509a6f75849b', '52', 'create', '2019-11-11 10:42:29', 'Super Administrator', NULL, NULL, 1, 0),
	('c4ca4238a0b923820dcc509a6f75849b', '52', 'update', '2019-11-11 10:42:29', 'Super Administrator', NULL, NULL, 1, 0),
	('c4ca4238a0b923820dcc509a6f75849b', '53', 'read', '2019-11-11 10:42:29', 'Super Administrator', NULL, NULL, 1, 0),
	('c4ca4238a0b923820dcc509a6f75849b', '53.01', 'read', '2019-11-11 10:42:29', 'Super Administrator', NULL, NULL, 1, 0),
	('c4ca4238a0b923820dcc509a6f75849b', '53.01', 'create', '2019-11-11 10:42:29', 'Super Administrator', NULL, NULL, 1, 0),
	('c4ca4238a0b923820dcc509a6f75849b', '53.01', 'update', '2019-11-11 10:42:29', 'Super Administrator', NULL, NULL, 1, 0),
	('c4ca4238a0b923820dcc509a6f75849b', '53.02', 'read', '2019-11-11 10:42:29', 'Super Administrator', NULL, NULL, 1, 0),
	('c4ca4238a0b923820dcc509a6f75849b', '53.02', 'create', '2019-11-11 10:42:29', 'Super Administrator', NULL, NULL, 1, 0),
	('c4ca4238a0b923820dcc509a6f75849b', '53.02', 'update', '2019-11-11 10:42:29', 'Super Administrator', NULL, NULL, 1, 0),
	('c4ca4238a0b923820dcc509a6f75849b', '54', 'read', '2019-11-11 10:42:29', 'Super Administrator', NULL, NULL, 1, 0),
	('c4ca4238a0b923820dcc509a6f75849b', '54.01', 'read', '2019-11-11 10:42:29', 'Super Administrator', NULL, NULL, 1, 0),
	('c4ca4238a0b923820dcc509a6f75849b', '54.01', 'create', '2019-11-11 10:42:29', 'Super Administrator', NULL, NULL, 1, 0),
	('c4ca4238a0b923820dcc509a6f75849b', '54.01', 'update', '2019-11-11 10:42:29', 'Super Administrator', NULL, NULL, 1, 0),
	('c4ca4238a0b923820dcc509a6f75849b', '54.02', 'read', '2019-11-11 10:42:29', 'Super Administrator', NULL, NULL, 1, 0),
	('c4ca4238a0b923820dcc509a6f75849b', '54.02', 'create', '2019-11-11 10:42:29', 'Super Administrator', NULL, NULL, 1, 0),
	('c4ca4238a0b923820dcc509a6f75849b', '54.02', 'update', '2019-11-11 10:42:29', 'Super Administrator', NULL, NULL, 1, 0),
	('c4ca4238a0b923820dcc509a6f75849b', '54.10', 'read', '2019-11-11 10:42:29', 'Super Administrator', NULL, NULL, 1, 0),
	('c4ca4238a0b923820dcc509a6f75849b', '54.10', 'create', '2019-11-11 10:42:29', 'Super Administrator', NULL, NULL, 1, 0),
	('c4ca4238a0b923820dcc509a6f75849b', '54.10', 'update', '2019-11-11 10:42:29', 'Super Administrator', NULL, NULL, 1, 0),
	('c4ca4238a0b923820dcc509a6f75849b', '55', 'read', '2019-11-11 10:42:29', 'Super Administrator', NULL, NULL, 1, 0),
	('c4ca4238a0b923820dcc509a6f75849b', '55.01', 'export_excel', '2019-11-11 10:42:29', 'Super Administrator', NULL, NULL, 1, 0),
	('c4ca4238a0b923820dcc509a6f75849b', '55.01', 'export_pdf', '2019-11-11 10:42:29', 'Super Administrator', NULL, NULL, 1, 0),
	('c4ca4238a0b923820dcc509a6f75849b', '55.01', 'read', '2019-11-11 10:42:29', 'Super Administrator', NULL, NULL, 1, 0),
	('c4ca4238a0b923820dcc509a6f75849b', '55.02', 'export_excel', '2019-11-11 10:42:29', 'Super Administrator', NULL, NULL, 1, 0),
	('c4ca4238a0b923820dcc509a6f75849b', '55.02', 'export_pdf', '2019-11-11 10:42:29', 'Super Administrator', NULL, NULL, 1, 0),
	('c4ca4238a0b923820dcc509a6f75849b', '55.02', 'read', '2019-11-11 10:42:29', 'Super Administrator', NULL, NULL, 1, 0),
	('c4ca4238a0b923820dcc509a6f75849b', '55.03', 'export_excel', '2019-11-11 10:42:29', 'Super Administrator', NULL, NULL, 1, 0),
	('c4ca4238a0b923820dcc509a6f75849b', '55.03', 'export_pdf', '2019-11-11 10:42:29', 'Super Administrator', NULL, NULL, 1, 0),
	('c4ca4238a0b923820dcc509a6f75849b', '55.03', 'read', '2019-11-11 10:42:29', 'Super Administrator', NULL, NULL, 1, 0),
	('c4ca4238a0b923820dcc509a6f75849b', '55.04', 'export_excel', '2019-11-11 10:42:29', 'Super Administrator', NULL, NULL, 1, 0),
	('c4ca4238a0b923820dcc509a6f75849b', '55.04', 'export_pdf', '2019-11-11 10:42:29', 'Super Administrator', NULL, NULL, 1, 0),
	('c4ca4238a0b923820dcc509a6f75849b', '55.04', 'read', '2019-11-11 10:42:29', 'Super Administrator', NULL, NULL, 1, 0),
	('c4ca4238a0b923820dcc509a6f75849b', '55.05', 'export_excel', '2019-11-11 10:42:29', 'Super Administrator', NULL, NULL, 1, 0),
	('c4ca4238a0b923820dcc509a6f75849b', '55.05', 'read', '2019-11-11 10:42:29', 'Super Administrator', NULL, NULL, 1, 0),
	('c4ca4238a0b923820dcc509a6f75849b', '55.06', 'export_excel', '2019-11-11 10:42:29', 'Super Administrator', NULL, NULL, 1, 0),
	('c4ca4238a0b923820dcc509a6f75849b', '55.06', 'read', '2019-11-11 10:42:29', 'Super Administrator', NULL, NULL, 1, 0),
	('c4ca4238a0b923820dcc509a6f75849b', '55.07', 'export_excel', '2019-11-11 10:42:29', 'Super Administrator', NULL, NULL, 1, 0),
	('c4ca4238a0b923820dcc509a6f75849b', '55.07', 'export_pdf', '2019-11-11 10:42:29', 'Super Administrator', NULL, NULL, 1, 0),
	('c4ca4238a0b923820dcc509a6f75849b', '55.07', 'read', '2019-11-11 10:42:29', 'Super Administrator', NULL, NULL, 1, 0),
	('c4ca4238a0b923820dcc509a6f75849b', '56', 'read', '2019-11-11 10:42:29', 'Super Administrator', NULL, NULL, 1, 0),
	('c4ca4238a0b923820dcc509a6f75849b', '90', 'read', '2019-11-11 10:42:29', 'Super Administrator', NULL, NULL, 1, 0),
	('c4ca4238a0b923820dcc509a6f75849b', '91', 'read', '2019-07-21 14:12:05', 'Super Administrator', NULL, NULL, 1, 0),
	('c4ca4238a0b923820dcc509a6f75849b', '92', 'read', '2019-07-21 14:13:39', 'Super Administrator', NULL, NULL, 1, 0),
	('c4ca4238a0b923820dcc509a6f75849b', '93', 'read', '2019-11-11 10:42:29', 'Super Administrator', NULL, NULL, 1, 0),
	('c4ca4238a0b923820dcc509a6f75849b', '93.01', 'read', '2019-11-11 10:42:29', 'Super Administrator', NULL, NULL, 1, 0),
	('c4ca4238a0b923820dcc509a6f75849b', '93.01', 'create', '2019-11-11 10:42:29', 'Super Administrator', NULL, NULL, 1, 0),
	('c4ca4238a0b923820dcc509a6f75849b', '93.01', 'update', '2019-11-11 10:42:29', 'Super Administrator', NULL, NULL, 1, 0),
	('c4ca4238a0b923820dcc509a6f75849b', '93.02', 'read', '2019-11-11 10:42:29', 'Super Administrator', NULL, NULL, 1, 0),
	('c4ca4238a0b923820dcc509a6f75849b', '93.02', 'create', '2019-11-11 10:42:29', 'Super Administrator', NULL, NULL, 1, 0),
	('c4ca4238a0b923820dcc509a6f75849b', '93.02', 'update', '2019-11-11 10:42:29', 'Super Administrator', NULL, NULL, 1, 0),
	('c4ca4238a0b923820dcc509a6f75849b', '97', 'read', '2019-11-11 10:42:29', 'Super Administrator', NULL, NULL, 1, 0),
	('c4ca4238a0b923820dcc509a6f75849b', '97.01', 'read', '2019-11-11 10:42:29', 'Super Administrator', NULL, NULL, 1, 0),
	('c4ca4238a0b923820dcc509a6f75849b', '97.01', 'create', '2019-11-11 10:42:29', 'Super Administrator', NULL, NULL, 1, 0),
	('c4ca4238a0b923820dcc509a6f75849b', '97.01', 'update', '2019-11-11 10:42:29', 'Super Administrator', NULL, NULL, 1, 0),
	('c4ca4238a0b923820dcc509a6f75849b', '97.02', 'read', '2019-11-11 10:42:29', 'Super Administrator', NULL, NULL, 1, 0),
	('c4ca4238a0b923820dcc509a6f75849b', '97.02', 'create', '2019-11-11 10:42:29', 'Super Administrator', NULL, NULL, 1, 0),
	('c4ca4238a0b923820dcc509a6f75849b', '97.02', 'update', '2019-11-11 10:42:29', 'Super Administrator', NULL, NULL, 1, 0),
	('c4ca4238a0b923820dcc509a6f75849b', '98', 'read', '2019-11-11 10:42:29', 'Super Administrator', NULL, NULL, 1, 0),
	('c4ca4238a0b923820dcc509a6f75849b', '98.01', 'read', '2019-11-11 10:42:29', 'Super Administrator', NULL, NULL, 1, 0),
	('c4ca4238a0b923820dcc509a6f75849b', '98.01', 'create', '2019-11-11 10:42:29', 'Super Administrator', NULL, NULL, 1, 0),
	('c4ca4238a0b923820dcc509a6f75849b', '98.01', 'update', '2019-11-11 10:42:29', 'Super Administrator', NULL, NULL, 1, 0),
	('c4ca4238a0b923820dcc509a6f75849b', '98.02', 'read', '2019-11-11 10:42:29', 'Super Administrator', NULL, NULL, 1, 0),
	('c4ca4238a0b923820dcc509a6f75849b', '98.02', 'create', '2019-11-11 10:42:29', 'Super Administrator', NULL, NULL, 1, 0),
	('c4ca4238a0b923820dcc509a6f75849b', '98.02', 'update', '2019-11-11 10:42:29', 'Super Administrator', NULL, NULL, 1, 0),
	('c4ca4238a0b923820dcc509a6f75849b', '99', 'read', '2019-11-11 10:42:29', 'Super Administrator', NULL, NULL, 1, 0),
	('c4ca4238a0b923820dcc509a6f75849b', '99.01', 'update', '2019-11-11 10:42:29', 'Super Administrator', NULL, NULL, 1, 0),
	('c4ca4238a0b923820dcc509a6f75849b', '99.02', 'read', '2019-11-11 10:42:29', 'Super Administrator', NULL, NULL, 1, 0),
	('c4ca4238a0b923820dcc509a6f75849b', '99.02', 'create', '2019-11-11 10:42:29', 'Super Administrator', NULL, NULL, 1, 0),
	('c4ca4238a0b923820dcc509a6f75849b', '99.02', 'update', '2019-11-11 10:42:29', 'Super Administrator', NULL, NULL, 1, 0),
	('c4ca4238a0b923820dcc509a6f75849b', '12.04', 'delete', '2019-11-11 10:42:29', 'Super Administrator', NULL, NULL, 1, 0),
	('c4ca4238a0b923820dcc509a6f75849b', '13', 'delete', '2019-11-11 10:42:29', 'Super Administrator', NULL, NULL, 1, 0),
	('49fe31429754ff30f1c853b4f87918d2', '12.01.01', 'delete', '2019-11-11 16:22:09', 'Super Administrator', NULL, NULL, 1, 0),
	('c4ca4238a0b923820dcc509a6f75849b', '14.02', 'delete', '2019-11-11 10:42:29', 'Super Administrator', NULL, NULL, 1, 0),
	('c4ca4238a0b923820dcc509a6f75849b', '14.03', 'export_pdf', '2019-11-11 10:42:29', 'Super Administrator', NULL, NULL, 1, 0),
	('c4ca4238a0b923820dcc509a6f75849b', '14.04', 'delete', '2019-11-11 10:42:29', 'Super Administrator', NULL, NULL, 1, 0),
	('c4ca4238a0b923820dcc509a6f75849b', '15.02', 'export_pdf', '2019-11-11 10:42:29', 'Super Administrator', NULL, NULL, 1, 0),
	('c4ca4238a0b923820dcc509a6f75849b', '16.01', 'delete', '2019-11-11 10:42:29', 'Super Administrator', NULL, NULL, 1, 0),
	('c4ca4238a0b923820dcc509a6f75849b', '17', 'delete', '2019-11-11 10:42:29', 'Super Administrator', NULL, NULL, 1, 0),
	('c4ca4238a0b923820dcc509a6f75849b', '21.01', 'delete', '2019-11-11 10:42:29', 'Super Administrator', NULL, NULL, 1, 0),
	('c4ca4238a0b923820dcc509a6f75849b', '21.02', 'delete', '2019-11-11 10:42:29', 'Super Administrator', NULL, NULL, 1, 0),
	('c4ca4238a0b923820dcc509a6f75849b', '21.03', 'delete', '2019-11-11 10:42:29', 'Super Administrator', NULL, NULL, 1, 0),
	('c4ca4238a0b923820dcc509a6f75849b', '22', 'delete', '2019-11-11 10:42:29', 'Super Administrator', NULL, NULL, 1, 0),
	('c4ca4238a0b923820dcc509a6f75849b', '23.01', 'delete', '2019-11-11 10:42:29', 'Super Administrator', NULL, NULL, 1, 0),
	('c4ca4238a0b923820dcc509a6f75849b', '23.02', 'delete', '2019-11-11 10:42:29', 'Super Administrator', NULL, NULL, 1, 0),
	('c4ca4238a0b923820dcc509a6f75849b', '24.01', 'delete', '2019-11-11 10:42:29', 'Super Administrator', NULL, NULL, 1, 0),
	('c4ca4238a0b923820dcc509a6f75849b', '24.02', 'delete', '2019-11-11 10:42:29', 'Super Administrator', NULL, NULL, 1, 0),
	('c4ca4238a0b923820dcc509a6f75849b', '24.10', 'delete', '2019-11-11 10:42:29', 'Super Administrator', NULL, NULL, 1, 0),
	('c4ca4238a0b923820dcc509a6f75849b', '31.01', 'delete', '2019-11-11 10:42:29', 'Super Administrator', NULL, NULL, 1, 0),
	('c4ca4238a0b923820dcc509a6f75849b', '31.02', 'delete', '2019-11-11 10:42:29', 'Super Administrator', NULL, NULL, 1, 0),
	('c4ca4238a0b923820dcc509a6f75849b', '31.03', 'delete', '2019-11-11 10:42:29', 'Super Administrator', NULL, NULL, 1, 0),
	('c4ca4238a0b923820dcc509a6f75849b', '32', 'delete', '2019-11-11 10:42:29', 'Super Administrator', NULL, NULL, 1, 0),
	('c4ca4238a0b923820dcc509a6f75849b', '33.01', 'delete', '2019-11-11 10:42:29', 'Super Administrator', NULL, NULL, 1, 0),
	('c4ca4238a0b923820dcc509a6f75849b', '33.02', 'delete', '2019-11-11 10:42:29', 'Super Administrator', NULL, NULL, 1, 0),
	('c4ca4238a0b923820dcc509a6f75849b', '34.01', 'delete', '2019-11-11 10:42:29', 'Super Administrator', NULL, NULL, 1, 0),
	('c4ca4238a0b923820dcc509a6f75849b', '34.02', 'delete', '2019-11-11 10:42:29', 'Super Administrator', NULL, NULL, 1, 0),
	('c4ca4238a0b923820dcc509a6f75849b', '34.10', 'delete', '2019-11-11 10:42:29', 'Super Administrator', NULL, NULL, 1, 0),
	('c4ca4238a0b923820dcc509a6f75849b', '41.01', 'delete', '2019-11-11 10:42:29', 'Super Administrator', NULL, NULL, 1, 0),
	('c4ca4238a0b923820dcc509a6f75849b', '41.02', 'delete', '2019-11-11 10:42:29', 'Super Administrator', NULL, NULL, 1, 0),
	('c4ca4238a0b923820dcc509a6f75849b', '41.03', 'delete', '2019-11-11 10:42:29', 'Super Administrator', NULL, NULL, 1, 0),
	('c4ca4238a0b923820dcc509a6f75849b', '42', 'delete', '2019-11-11 10:42:29', 'Super Administrator', NULL, NULL, 1, 0),
	('c4ca4238a0b923820dcc509a6f75849b', '43.01', 'delete', '2019-11-11 10:42:29', 'Super Administrator', NULL, NULL, 1, 0),
	('c4ca4238a0b923820dcc509a6f75849b', '43.02', 'delete', '2019-11-11 10:42:29', 'Super Administrator', NULL, NULL, 1, 0),
	('c4ca4238a0b923820dcc509a6f75849b', '44.01', 'delete', '2019-11-11 10:42:29', 'Super Administrator', NULL, NULL, 1, 0),
	('c4ca4238a0b923820dcc509a6f75849b', '44.02', 'delete', '2019-11-11 10:42:29', 'Super Administrator', NULL, NULL, 1, 0),
	('c4ca4238a0b923820dcc509a6f75849b', '44.10', 'delete', '2019-11-11 10:42:29', 'Super Administrator', NULL, NULL, 1, 0),
	('c4ca4238a0b923820dcc509a6f75849b', '51.01', 'delete', '2019-11-11 10:42:29', 'Super Administrator', NULL, NULL, 1, 0),
	('c4ca4238a0b923820dcc509a6f75849b', '51.02', 'delete', '2019-11-11 10:42:29', 'Super Administrator', NULL, NULL, 1, 0),
	('c4ca4238a0b923820dcc509a6f75849b', '51.03', 'delete', '2019-11-11 10:42:29', 'Super Administrator', NULL, NULL, 1, 0),
	('c4ca4238a0b923820dcc509a6f75849b', '52', 'delete', '2019-11-11 10:42:29', 'Super Administrator', NULL, NULL, 1, 0),
	('c4ca4238a0b923820dcc509a6f75849b', '53.01', 'delete', '2019-11-11 10:42:29', 'Super Administrator', NULL, NULL, 1, 0),
	('c4ca4238a0b923820dcc509a6f75849b', '53.02', 'delete', '2019-11-11 10:42:29', 'Super Administrator', NULL, NULL, 1, 0),
	('c4ca4238a0b923820dcc509a6f75849b', '54.01', 'delete', '2019-11-11 10:42:29', 'Super Administrator', NULL, NULL, 1, 0),
	('c4ca4238a0b923820dcc509a6f75849b', '54.02', 'delete', '2019-11-11 10:42:29', 'Super Administrator', NULL, NULL, 1, 0),
	('c4ca4238a0b923820dcc509a6f75849b', '54.10', 'delete', '2019-11-11 10:42:29', 'Super Administrator', NULL, NULL, 1, 0),
	('c4ca4238a0b923820dcc509a6f75849b', '93.01', 'delete', '2019-11-11 10:42:29', 'Super Administrator', NULL, NULL, 1, 0),
	('c4ca4238a0b923820dcc509a6f75849b', '93.02', 'delete', '2019-11-11 10:42:29', 'Super Administrator', NULL, NULL, 1, 0),
	('c4ca4238a0b923820dcc509a6f75849b', '97.01', 'delete', '2019-11-11 10:42:29', 'Super Administrator', NULL, NULL, 1, 0),
	('c4ca4238a0b923820dcc509a6f75849b', '97.02', 'delete', '2019-11-11 10:42:29', 'Super Administrator', NULL, NULL, 1, 0),
	('c4ca4238a0b923820dcc509a6f75849b', '98.01', 'delete', '2019-11-11 10:42:29', 'Super Administrator', NULL, NULL, 1, 0),
	('c4ca4238a0b923820dcc509a6f75849b', '98.02', 'delete', '2019-11-11 10:42:29', 'Super Administrator', NULL, NULL, 1, 0),
	('c4ca4238a0b923820dcc509a6f75849b', '99.01', 'read', '2019-11-11 10:42:29', 'Super Administrator', NULL, NULL, 1, 0),
	('c4ca4238a0b923820dcc509a6f75849b', '99.02', 'delete', '2019-11-11 10:42:29', 'Super Administrator', NULL, NULL, 1, 0),
	('49fe31429754ff30f1c853b4f87918d2', '13.01', 'update', '2019-11-11 16:22:09', 'Super Administrator', NULL, NULL, 1, 0),
	('49fe31429754ff30f1c853b4f87918d2', '13.01', 'delete', '2019-11-11 16:22:09', 'Super Administrator', NULL, NULL, 1, 0),
	('49fe31429754ff30f1c853b4f87918d2', '13.01', 'read', '2019-11-11 16:22:09', 'Super Administrator', NULL, NULL, 1, 0),
	('49fe31429754ff30f1c853b4f87918d2', '13.01', 'create', '2019-11-11 16:22:09', 'Super Administrator', NULL, NULL, 1, 0),
	('49fe31429754ff30f1c853b4f87918d2', '12.01', 'delete', '2019-11-11 16:22:09', 'Super Administrator', NULL, NULL, 1, 0),
	('49fe31429754ff30f1c853b4f87918d2', '12.02', 'delete', '2019-11-11 16:22:09', 'Super Administrator', NULL, NULL, 1, 0),
	('49fe31429754ff30f1c853b4f87918d2', '12.03', 'delete', '2019-11-11 16:22:09', 'Super Administrator', NULL, NULL, 1, 0),
	('49fe31429754ff30f1c853b4f87918d2', '12.04', 'delete', '2019-11-11 16:22:09', 'Super Administrator', NULL, NULL, 1, 0),
	('49fe31429754ff30f1c853b4f87918d2', '13', 'delete', '2019-11-11 16:22:09', 'Super Administrator', NULL, NULL, 1, 0),
	('49fe31429754ff30f1c853b4f87918d2', '13', 'export_pdf', '2019-11-11 16:22:09', 'Super Administrator', NULL, NULL, 1, 0),
	('49fe31429754ff30f1c853b4f87918d2', '14.02', 'delete', '2019-11-11 16:22:09', 'Super Administrator', NULL, NULL, 1, 0),
	('49fe31429754ff30f1c853b4f87918d2', '14.03', 'export_pdf', '2019-11-11 16:22:09', 'Super Administrator', NULL, NULL, 1, 0),
	('49fe31429754ff30f1c853b4f87918d2', '14.04', 'delete', '2019-11-11 16:22:09', 'Super Administrator', NULL, NULL, 1, 0),
	('49fe31429754ff30f1c853b4f87918d2', '15.02', 'export_pdf', '2019-11-11 16:22:09', 'Super Administrator', NULL, NULL, 1, 0),
	('49fe31429754ff30f1c853b4f87918d2', '16.01', 'delete', '2019-11-11 16:22:09', 'Super Administrator', NULL, NULL, 1, 0),
	('49fe31429754ff30f1c853b4f87918d2', '17', 'delete', '2019-11-11 16:22:09', 'Super Administrator', NULL, NULL, 1, 0);
/*!40000 ALTER TABLE `ap_group_role` ENABLE KEYS */;

-- Dumping structure for table sianida_piyann.ap_menu
DROP TABLE IF EXISTS `ap_menu`;
CREATE TABLE IF NOT EXISTS `ap_menu` (
  `id` varchar(50) NOT NULL,
  `parent` varchar(50) NOT NULL,
  `type` tinyint(1) NOT NULL DEFAULT '1',
  `menu` varchar(50) NOT NULL,
  `controller` varchar(50) NOT NULL,
  `icon` varchar(50) NOT NULL,
  `url` varchar(50) NOT NULL,
  `created` timestamp NOT NULL DEFAULT CURRENT_TIMESTAMP,
  `created_by` varchar(50) NOT NULL DEFAULT 'System',
  `updated` timestamp NULL DEFAULT NULL ON UPDATE CURRENT_TIMESTAMP,
  `updated_by` varchar(50) DEFAULT NULL,
  `is_active` tinyint(1) NOT NULL DEFAULT '1',
  `is_deleted` tinyint(1) NOT NULL DEFAULT '0',
  PRIMARY KEY (`id`) USING BTREE
) ENGINE=MyISAM DEFAULT CHARSET=latin1 ROW_FORMAT=DYNAMIC;

-- Dumping data for table sianida_piyann.ap_menu: 132 rows
DELETE FROM `ap_menu`;
/*!40000 ALTER TABLE `ap_menu` DISABLE KEYS */;
INSERT INTO `ap_menu` (`id`, `parent`, `type`, `menu`, `controller`, `icon`, `url`, `created`, `created_by`, `updated`, `updated_by`, `is_active`, `is_deleted`) VALUES
	('01', '', 2, 'Dashboard', 'ap_dashboard', 'dashboard', 'index', '2019-07-04 11:45:32', 'System', '2019-08-19 05:54:22', 'Super Administrator', 1, 0),
	('10', '', 3, 'Farmasi', '#', '#', '#', '2019-08-20 02:47:37', 'Super Administrator', '2019-10-03 03:31:33', 'Super Administrator', 1, 0),
	('11', '', 2, 'Ringkasan', 'fr_ringkasan', 'list', 'index', '2019-09-26 08:25:25', 'Super Administrator', '2019-10-22 04:15:06', 'Super Administrator', 1, 0),
	('12', '', 1, 'Master Data', '', 'cubes', '', '2019-10-01 04:12:49', 'Super Administrator', NULL, NULL, 1, 0),
	('12.01', '12', 2, 'Kategori', 'fr_kategori', 'list', 'index', '2019-10-01 04:13:21', 'Super Administrator', '2019-10-01 04:26:37', 'Super Administrator', 1, 0),
	('12.01.01', '12', 2, 'Kelompok', 'fr_kelompok', 'clone', 'index', '2019-11-07 08:44:50', 'Super Administrator', NULL, NULL, 1, 0),
	('12.02', '12', 2, 'Barang', 'fr_barang', 'cube', 'index', '2019-10-01 04:20:07', 'Super Administrator', '2019-10-01 04:50:30', 'Super Administrator', 1, 0),
	('12.03', '12', 2, 'PBF', 'fr_pbf', 'industry', 'index', '2019-10-01 04:50:56', 'Super Administrator', '2019-10-25 03:22:02', 'Super Administrator', 1, 0),
	('12.04', '12', 2, 'Desa', 'fr_desa', 'home', 'index', '2019-10-25 03:22:23', 'Super Administrator', NULL, NULL, 1, 0),
	('13', '', 2, 'Perencanaan', 'fr_rc_perencanaan', 'edit', 'index', '2019-10-22 04:10:23', 'Super Administrator', '2019-10-30 04:10:20', 'Super Administrator', 1, 0),
	('14', '', 1, 'Dropping', '#', 'archive', '#', '2019-10-22 04:11:33', 'Super Administrator', NULL, NULL, 1, 0),
	('19.09', '19', 2, 'Penggunaan Obat', 'fr_lp_pg_obat', 'medkit', 'index', '2019-11-11 16:21:30', 'Super Administrator', '2019-11-11 18:21:51', 'Super Administrator', 1, 0),
	('14.02', '14', 2, 'LP-LPO', 'fr_pd_lplpo', 'archive', 'index', '2019-10-22 04:18:22', 'Super Administrator', '2019-10-22 04:20:44', 'Super Administrator', 1, 0),
	('14.03', '14', 2, 'Permintaan', 'fr_pd_permintaan', 'list', 'index', '2019-10-24 03:11:41', 'Super Administrator', NULL, NULL, 1, 0),
	('14.04', '14', 2, 'Pemberian', 'fr_pd_pemberian', 'hand-stop-o', 'index', '2019-10-25 01:41:00', 'Super Administrator', NULL, NULL, 1, 0),
	('15', '', 1, 'BLUD', '', 'handshake-o', '', '2019-10-24 06:06:19', 'Super Administrator', NULL, NULL, 1, 0),
	('13.01', '', 2, 'Stok Awal', 'fr_stok_awal', 'tags', 'index', '2019-11-11 10:41:07', 'Super Administrator', '2019-11-11 10:45:27', 'Super Administrator', 1, 0),
	('15.02', '15', 2, 'Surat Pesanan', 'fr_pd_sp', 'files-o', 'index', '2019-10-24 06:07:35', 'Super Administrator', '2019-10-24 06:11:53', 'Super Administrator', 1, 0),
	('16', '', 1, 'Penggunaan', '', 'hand-pointer-o', '', '2019-10-28 04:00:58', 'Super Administrator', NULL, NULL, 1, 0),
	('16.01', '16', 2, 'Resep', 'fr_pg_resep', 'stethoscope', 'index', '2019-10-25 03:27:56', 'Super Administrator', '2019-10-28 04:01:13', 'Super Administrator', 1, 0),
	('17', '', 2, 'LP-LPO Desa', 'fr_pg_lplpo_desa', 'home', 'index', '2019-10-28 03:58:08', 'Super Administrator', '2019-11-05 10:31:58', 'Super Administrator', 1, 0),
	('19', '', 1, 'Laporan', '', 'files-o', '', '2019-10-28 04:06:29', 'Super Administrator', NULL, NULL, 1, 0),
	('19.01', '19', 2, 'Stok Opname', 'fr_lp_so', 'archive', 'index', '2019-10-28 04:15:14', 'Super Administrator', NULL, NULL, 1, 0),
	('19.02', '19', 2, 'Stok Dropping', 'fr_lp_stok_dropping', 'files-o', 'index', '2019-10-29 08:03:19', 'Super Administrator', NULL, NULL, 1, 0),
	('19.03', '19', 2, 'Stok BLUD', 'fr_lp_stok_blud', 'files-o', 'index', '2019-10-29 08:04:06', 'Super Administrator', NULL, NULL, 1, 0),
	('19.04', '19', 2, 'Perhitungan', 'fr_lp_perhitungan', 'calculator', 'index', '2019-10-30 01:37:46', 'Super Administrator', NULL, NULL, 1, 0),
	('19.05', '19', 2, 'Laporan NAPZA', 'fr_lp_napza', 'medkit', 'index', '2019-10-30 05:08:11', 'Super Administrator', NULL, NULL, 1, 0),
	('19.06', '19', 2, 'Belanja', 'fr_lp_belanja', 'shopping-cart', 'index', '2019-11-05 09:59:09', 'Super Administrator', NULL, NULL, 1, 0),
	('19.07', '19', 2, 'Stok Opname Persediaan', 'fr_lp_sop', 'shopping-cart', 'index', '2019-11-05 10:00:10', 'Super Administrator', NULL, NULL, 1, 0),
	('19.08', '19', 2, 'Persediaan', 'fr_lp_persediaan', 'hand-stop-o', 'index', '2019-11-05 10:01:25', 'Super Administrator', NULL, NULL, 1, 0),
	('19.10', '', 2, 'Reset Data', 'fr_reset', 'refresh', 'index', '2019-11-05 09:51:52', 'Super Administrator', NULL, NULL, 1, 0),
	('20', '', 3, 'Alat Kebersihan', '#', '#', '#', '2019-10-30 14:37:02', 'Super Administrator', NULL, NULL, 1, 0),
	('21', '', 1, 'Master Data', '', 'cubes', '', '2019-10-30 14:38:00', 'Super Administrator', NULL, NULL, 1, 0),
	('21.01', '21', 2, 'Kategori', 'ak_kategori', 'list', 'index', '2019-10-30 14:41:15', 'Super Administrator', NULL, NULL, 1, 0),
	('21.02', '21', 2, 'Barang', 'ak_barang', 'cube', 'index', '2019-10-30 14:43:41', 'Super Administrator', NULL, NULL, 1, 0),
	('21.03', '21', 2, 'Supplier', 'ak_supplier', 'rocket', 'index', '2019-10-30 14:46:29', 'Super Administrator', NULL, NULL, 1, 0),
	('22', '', 2, 'Perencanaan', 'ak_rc_perencanaan', 'pencil-square-o', 'index', '2019-10-30 14:49:47', 'Super Administrator', '2019-10-30 16:15:24', 'Super Administrator', 1, 0),
	('23', '', 1, 'Dropping', '', 'archive', '', '2019-10-30 14:51:48', 'Super Administrator', NULL, NULL, 1, 0),
	('23.01', '23', 2, 'Stok awal', 'ak_stok_awal_dropping', 'archive', 'index', '2019-10-30 14:53:19', 'Super Administrator', '2019-10-30 16:35:03', 'Super Administrator', 1, 0),
	('23.02', '23', 2, 'Pemberian', 'ak_pd_pemberian', 'hand-stop-o', 'index', '2019-10-30 14:54:48', 'Super Administrator', '2019-10-30 16:45:42', 'Super Administrator', 1, 0),
	('24', '', 1, 'BULD', '#', 'handshake-o', '#', '2019-10-30 14:56:28', 'Super Administrator', NULL, NULL, 1, 0),
	('24.01', '24', 2, 'Stok Awal', 'ak_stok_awal_blud', 'archive', 'index', '2019-10-30 14:58:17', 'Super Administrator', '2019-10-30 16:57:52', 'Super Administrator', 1, 0),
	('24.02', '24', 2, 'Surat Pesanan', 'ak_pd_sp', 'files-o', 'index', '2019-10-30 15:00:13', 'Super Administrator', '2019-10-30 17:05:55', 'Super Administrator', 1, 0),
	('24.10', '', 2, 'Penggunaan', 'ak_pg_resep', 'hand-pointer-o', 'index', '2019-11-04 11:52:46', 'Super Administrator', '2019-11-04 11:53:03', 'Super Administrator', 1, 0),
	('25', '', 1, 'Laporan', '#', 'files-o', '#', '2019-10-30 15:01:38', 'Super Administrator', NULL, NULL, 1, 0),
	('25.01', '25', 2, 'Stok Opname', 'ak_lp_so', 'archive', 'index', '2019-10-30 15:24:30', 'Super Administrator', '2019-10-30 17:08:58', 'Super Administrator', 1, 0),
	('25.02', '25', 2, 'Stok Dropping', 'ak_lp_stok_dropping', 'files-o', 'index', '2019-10-30 15:26:44', 'Super Administrator', '2019-10-30 17:37:45', 'Super Administrator', 1, 0),
	('25.03', '25', 2, 'Stok BLUD', 'ak_lp_stok_blud', 'files-o', 'index', '2019-10-30 15:28:00', 'Super Administrator', '2019-10-30 17:39:16', 'Super Administrator', 1, 0),
	('25.04', '25', 2, 'Perhitungan', 'ak_lp_perhitungan', 'calculator', 'index', '2019-10-30 15:29:18', 'Super Administrator', '2019-10-30 17:52:30', 'Super Administrator', 1, 0),
	('25.05', '25', 2, 'Belanja', 'ak_lp_belanja', 'shopping-cart', 'index', '2019-11-04 10:32:05', 'Super Administrator', NULL, NULL, 1, 0),
	('25.06', '25', 2, 'Stok Opname Persediaan', 'ak_lp_sop', 'shopping-cart', 'index', '2019-11-04 10:33:49', 'Super Administrator', NULL, NULL, 1, 0),
	('25.07', '25', 2, 'Persediaan', 'ak_lp_persediaan', 'hand-stop-o', 'index', '2019-11-04 10:35:52', 'Super Administrator', NULL, NULL, 1, 0),
	('26', '', 2, 'Reset Data', 'ak_reset', 'refresh', 'index', '2019-11-05 09:53:31', 'Super Administrator', NULL, NULL, 1, 0),
	('30', '', 3, 'Alat Tulis Kantor', '#', '#', '#', '2019-10-30 20:01:18', 'Super Administrator', NULL, NULL, 1, 0),
	('31', '', 1, 'Master Data', '', 'cubes', '', '2019-10-30 20:04:06', 'Super Administrator', NULL, NULL, 1, 0),
	('31.01', '31', 2, 'Kategori', 'at_kategori', 'list', 'index', '2019-10-30 20:05:25', 'Super Administrator', NULL, NULL, 1, 0),
	('31.02', '31', 2, 'Barang', 'at_barang', 'cube', 'index', '2019-10-30 20:06:52', 'Super Administrator', NULL, NULL, 1, 0),
	('31.03', '31', 2, 'Supplier', 'at_supplier', 'rocket', 'index', '2019-10-30 20:07:47', 'Super Administrator', NULL, NULL, 1, 0),
	('32', '', 2, 'Perencanaan', 'at_rc_perencanaan', 'pencil-square-o ', 'index', '2019-10-30 20:08:58', 'Super Administrator', '2019-10-30 20:12:30', 'Super Administrator', 1, 0),
	('33', '', 1, 'Dropping', '#', 'archive', '#', '2019-10-30 20:09:47', 'Super Administrator', NULL, NULL, 1, 0),
	('33.01', '33', 2, 'Stok awal', 'at_stok_awal_dropping', 'archive', 'index', '2019-10-30 20:10:48', 'Super Administrator', '2019-10-30 20:12:51', 'Super Administrator', 1, 0),
	('33.02', '33', 2, 'Pemberian', 'at_pd_pemberian', 'hand-stop-o', 'index', '2019-10-30 20:11:57', 'Super Administrator', '2019-10-30 20:13:05', 'Super Administrator', 1, 0),
	('34', '', 1, 'BLUD', '', 'handshake-o', '', '2019-10-30 20:13:43', 'Super Administrator', NULL, NULL, 1, 0),
	('34.01', '34', 2, 'Stok Awal', 'at_stok_awal_blud', 'archive', 'index', '2019-10-30 20:14:46', 'Super Administrator', NULL, NULL, 1, 0),
	('34.02', '34', 2, 'Surat Pesanan', 'at_pd_sp', 'files-o', 'index', '2019-10-30 20:15:45', 'Super Administrator', NULL, NULL, 1, 0),
	('34.10', '', 2, 'Penggunaan', 'at_pg_resep', 'hand-pointer-o', 'index', '2019-11-04 13:54:51', 'Super Administrator', NULL, NULL, 1, 0),
	('35', '', 1, 'Laporan', '', 'files-o', '', '2019-10-30 20:16:10', 'Super Administrator', NULL, NULL, 1, 0),
	('35.01', '35', 2, 'Stok Opname', 'at_lp_so', 'archive', 'index', '2019-10-30 20:17:21', 'Super Administrator', '2019-10-30 20:22:40', 'Super Administrator', 1, 0),
	('35.02', '35', 2, 'Stok Dropping', 'at_lp_stok_dropping', 'files-o', 'index', '2019-10-30 20:19:54', 'Super Administrator', NULL, NULL, 1, 0),
	('35.03', '35', 2, 'Stok BLUD', 'at_lp_stok_blud', 'files-o', 'index', '2019-10-30 20:21:07', 'Super Administrator', NULL, NULL, 1, 0),
	('35.04', '35', 2, 'Perhitungan', 'at_lp_perhitungan', 'calculator', 'index', '2019-10-30 20:22:17', 'Super Administrator', NULL, NULL, 1, 0),
	('35.05', '35', 2, 'Belanja', 'at_lp_belanja', 'shopping-cart', 'index', '2019-11-04 10:57:14', 'Super Administrator', NULL, NULL, 1, 0),
	('35.06', '35', 2, 'Stok Opname Persediaan', 'at_lp_sop', 'shopping-cart', 'index', '2019-11-04 10:58:17', 'Super Administrator', '2019-11-04 10:59:52', 'Super Administrator', 1, 0),
	('35.07', '35', 2, 'Persediaan', 'at_lp_persediaan', 'hand-stop-o', 'index', '2019-11-04 10:59:29', 'Super Administrator', NULL, NULL, 1, 0),
	('36', '', 2, 'Reset Data', 'at_reset', 'refresh', 'index', '2019-11-05 09:54:25', 'Super Administrator', NULL, NULL, 1, 0),
	('40', '', 3, 'Alat Cetak', '#', '#', '#', '2019-10-31 10:26:31', 'Super Administrator', NULL, NULL, 1, 0),
	('41', '', 1, 'Master Data', '', 'cubes', '', '2019-10-31 10:27:41', 'Super Administrator', NULL, NULL, 1, 0),
	('41.01', '41', 2, 'Kategori', 'ac_kategori', 'list', 'index', '2019-10-31 10:28:44', 'Super Administrator', NULL, NULL, 1, 0),
	('41.02', '41', 2, 'Barang', 'ac_barang', 'cube', 'index', '2019-10-31 10:29:32', 'Super Administrator', NULL, NULL, 1, 0),
	('41.03', '41', 2, 'Supplier', 'ac_supplier', 'rocket', 'index', '2019-10-31 10:30:48', 'Super Administrator', NULL, NULL, 1, 0),
	('42', '', 2, 'Perencanaan', 'ac_rc_perencanaan', 'pencil-square-o', 'index', '2019-10-31 10:32:25', 'Super Administrator', NULL, NULL, 1, 0),
	('43', '', 1, 'Dropping', '', 'archive', '', '2019-10-31 10:33:09', 'Super Administrator', NULL, NULL, 1, 0),
	('43.01', '43', 2, 'Stok Awal', 'ac_stok_awal_dropping', 'archive', 'index', '2019-10-31 10:34:26', 'Super Administrator', NULL, NULL, 1, 0),
	('43.02', '43', 2, 'Pemberian', 'ac_pd_pemberian', 'hand-stop-o', 'index', '2019-10-31 10:35:50', 'Super Administrator', NULL, NULL, 1, 0),
	('44', '', 1, 'BLUD', '#', 'handshake-o', '#', '2019-10-31 10:36:35', 'Super Administrator', NULL, NULL, 1, 0),
	('44.01', '44', 2, 'Stok Awal', 'ac_stok_awal_blud', 'archive', 'index', '2019-10-31 10:39:30', 'Super Administrator', NULL, NULL, 1, 0),
	('44.02', '44', 2, 'Surat Pembelian', 'ac_pd_sp', 'file', 'index', '2019-10-31 10:40:51', 'Super Administrator', NULL, NULL, 1, 0),
	('44.10', '', 2, 'Penggunaan', 'ac_pg_resep', 'hand-pointer-o', 'index', '2019-11-04 13:56:12', 'Super Administrator', NULL, NULL, 1, 0),
	('45', '', 1, 'Laporan', '#', 'files-o', '#', '2019-10-31 10:43:17', 'Super Administrator', NULL, NULL, 1, 0),
	('45.01', '45', 2, 'Stok Opname', 'ac_lp_so', 'archive', 'index', '2019-10-31 10:44:15', 'Super Administrator', '2019-10-31 10:50:55', 'Super Administrator', 1, 0),
	('45.02', '45', 2, 'Stok Dripping', 'ac_lp_stok_dropping', 'files-o', 'index', '2019-10-31 10:45:42', 'Super Administrator', '2019-10-31 10:51:23', 'Super Administrator', 1, 0),
	('45.03', '45', 2, 'Stok Blud', 'ac_lp_stok_blud', 'files-o', 'index', '2019-10-31 10:46:46', 'Super Administrator', '2019-10-31 10:51:08', 'Super Administrator', 1, 0),
	('45.04', '45', 2, 'Perhitungan', 'ac_lp_perhitungan', 'calculator', 'index', '2019-10-31 10:47:55', 'Super Administrator', NULL, NULL, 1, 0),
	('45.05', '45', 2, 'Belanja', 'ac_lp_belanja', 'shopping-cart', 'index', '2019-11-04 11:01:27', 'Super Administrator', NULL, NULL, 1, 0),
	('45.06', '45', 2, 'Stok Opname Persediaan', 'ac_lp_sop', 'shopping-cart', 'index', '2019-11-04 11:02:18', 'Super Administrator', '2019-11-04 11:07:56', 'Super Administrator', 1, 0),
	('45.07', '45', 2, 'Persediaan', 'ac_lp_persediaan', 'hand-stop-o', 'index', '2019-11-04 11:03:35', 'Super Administrator', NULL, NULL, 1, 0),
	('46', '', 2, 'Reset Data', 'ac_reset', 'refresh', 'index', '2019-11-05 09:56:24', 'Super Administrator', NULL, NULL, 1, 0),
	('50', '', 3, 'Alat Listrik', '#', '#', '#', '2019-10-31 13:38:09', 'Super Administrator', NULL, NULL, 1, 0),
	('51', '', 1, 'Master Data', '', 'cubes', '', '2019-10-31 13:40:06', 'Super Administrator', NULL, NULL, 1, 0),
	('51.01', '51', 2, 'Kategori', 'al_kategori', 'list', 'index', '2019-10-31 13:41:48', 'Super Administrator', NULL, NULL, 1, 0),
	('51.02', '51', 2, 'Barang', 'al_barang', 'cube', 'index', '2019-10-31 13:42:33', 'Super Administrator', NULL, NULL, 1, 0),
	('51.03', '51', 2, 'Supplier', 'al_supplier', 'rocket', 'index', '2019-10-31 13:43:26', 'Super Administrator', NULL, NULL, 1, 0),
	('52', '', 2, 'Perencanaan', 'al_rc_perencanaan', 'pencil-square-o', 'index', '2019-10-31 13:44:47', 'Super Administrator', NULL, NULL, 1, 0),
	('53', '', 1, 'Dropping', '#', 'archive', '#', '2019-10-31 13:45:31', 'Super Administrator', NULL, NULL, 1, 0),
	('53.01', '53', 2, 'Stok Awal', 'al_stok_awal_dropping', 'archive', 'index', '2019-10-31 13:47:23', 'Super Administrator', NULL, NULL, 1, 0),
	('53.02', '53', 2, 'Pemberian', 'al_pd_pemberian', 'hand-stop-o', 'index', '2019-10-31 13:48:53', 'Super Administrator', NULL, NULL, 1, 0),
	('54', '', 1, 'BLUD', '#', 'handshake-o', '#', '2019-10-31 13:50:41', 'Super Administrator', NULL, NULL, 1, 0),
	('54.01', '54', 2, 'Stok Awal', 'al_stok_awal_blud', 'archive', 'index', '2019-10-31 13:52:01', 'Super Administrator', NULL, NULL, 1, 0),
	('54.02', '54', 2, 'Surat Pesanan', 'al_pd_sp', 'file', 'index', '2019-10-31 13:53:33', 'Super Administrator', NULL, NULL, 1, 0),
	('54.10', '', 2, 'Penggunaan', 'al_pg_resep', 'hand-pointer-o', 'index', '2019-11-04 13:57:32', 'Super Administrator', NULL, NULL, 1, 0),
	('55', '', 1, 'Laporan', '#', 'files-o', '#', '2019-10-31 13:55:21', 'Super Administrator', NULL, NULL, 1, 0),
	('55.01', '55', 2, 'Stok Opname', 'al_lp_so', 'archive', 'index', '2019-10-31 13:56:24', 'Super Administrator', NULL, NULL, 1, 0),
	('55.02', '55', 2, 'Stok Dropping', 'al_lp_stok_dropping', 'files-o', 'index', '2019-10-31 13:57:46', 'Super Administrator', NULL, NULL, 1, 0),
	('55.03', '55', 2, 'Stok BLUD', 'al_lp_stok_blud', 'files-o', 'index', '2019-10-31 13:58:55', 'Super Administrator', NULL, NULL, 1, 0),
	('55.04', '55', 2, 'Penghitungan', 'al_lp_perhitungan', 'calculator', 'index', '2019-10-31 14:00:24', 'Super Administrator', NULL, NULL, 1, 0),
	('55.05', '55', 2, 'Belanja', 'al_lp_belanja', 'shopping-cart', 'index', '2019-11-04 11:04:32', 'Super Administrator', NULL, NULL, 1, 0),
	('55.06', '55', 2, 'Stok Opname Persediaan', 'al_lp_sop', 'shopping-cart', 'index', '2019-11-04 11:05:32', 'Super Administrator', '2019-11-04 11:06:51', 'Super Administrator', 1, 0),
	('55.07', '55', 2, 'Persediaan', 'al_lp_persediaan', 'hand-stop-o', 'index', '2019-11-04 11:06:33', 'Super Administrator', NULL, NULL, 1, 0),
	('56', '', 2, 'Reset Data', 'al_reset', 'refresh', 'index', '2019-11-05 09:56:58', 'Super Administrator', NULL, NULL, 1, 0),
	('90', '', 3, 'PENGATURAN', '#', '#', '#', '2019-07-05 05:35:00', 'System', '2019-07-16 07:54:13', 'Super Administrator', 1, 0),
	('93', '', 1, 'Referensi', '', 'files-o', '', '2019-07-18 02:58:39', 'Super Administrator', '2019-07-18 05:12:05', 'Super Administrator', 1, 0),
	('93.01', '93', 2, 'Satuan', 'rf_satuan', 'cube', 'index', '2019-07-18 03:20:14', 'Super Administrator', '2019-10-01 04:37:25', 'Super Administrator', 1, 0),
	('93.02', '93', 2, 'Unit Pelayanan', 'rf_unit', 'building', 'index', '2019-10-15 05:05:58', 'Super Administrator', '2019-10-21 05:43:36', 'Super Administrator', 1, 0),
	('97', '', 1, 'Menu', '#', 'list', '#', '2019-07-05 05:35:21', 'System', '2019-07-22 03:03:48', 'Super Administrator', 1, 0),
	('97.01', '97', 2, 'Role', 'ap_role', 'user-secret', 'index', '2019-07-05 05:38:13', 'System', '2019-08-07 03:51:46', 'Super Administrator', 1, 0),
	('97.02', '97', 2, 'Menu', 'ap_menu', 'list', 'index', '2019-07-05 05:38:26', 'System', '2019-08-07 03:51:36', 'Super Administrator', 1, 0),
	('98', '', 1, 'Autentikasi', '#', 'id-card-o', '#', '2019-07-16 07:15:08', 'Super Administrator', '2019-07-22 03:04:01', 'Super Administrator', 1, 0),
	('98.01', '98', 2, 'Grup', 'ap_group', 'users', 'index', '2019-07-16 07:22:03', 'Super Administrator', '2019-08-07 03:51:27', 'Super Administrator', 1, 0),
	('98.02', '98', 2, 'Pengguna', 'ap_user', 'user', 'index', '2019-07-17 04:12:26', 'Super Administrator', '2019-08-07 03:51:19', 'Super Administrator', 1, 0),
	('99', '', 1, 'Aplikasi', '', 'clone', '', '2019-07-21 14:10:27', 'Super Administrator', '2019-07-22 03:04:09', 'Super Administrator', 1, 0),
	('99.01', '99', 2, 'Profil', 'ap_profile', 'university', 'index', '2019-07-21 14:11:08', 'Super Administrator', '2019-08-07 03:50:43', 'Super Administrator', 1, 0),
	('99.02', '99', 2, 'Parameter', 'ap_parameter', 'list', 'index', '2019-07-21 14:11:43', 'Super Administrator', '2019-08-07 03:50:56', 'Super Administrator', 1, 0);
/*!40000 ALTER TABLE `ap_menu` ENABLE KEYS */;

-- Dumping structure for table sianida_piyann.ap_menu_role
DROP TABLE IF EXISTS `ap_menu_role`;
CREATE TABLE IF NOT EXISTS `ap_menu_role` (
  `menu_id` varchar(50) NOT NULL,
  `role_id` varchar(50) NOT NULL,
  `created` timestamp NULL DEFAULT NULL,
  `created_by` varchar(50) NOT NULL DEFAULT 'System',
  `updated` timestamp NULL DEFAULT NULL,
  `updated_by` varchar(50) DEFAULT NULL,
  `is_active` tinyint(1) NOT NULL DEFAULT '1',
  `is_deleted` tinyint(1) NOT NULL DEFAULT '0',
  PRIMARY KEY (`menu_id`,`role_id`) USING BTREE
) ENGINE=MyISAM DEFAULT CHARSET=latin1 ROW_FORMAT=DYNAMIC;

-- Dumping data for table sianida_piyann.ap_menu_role: 342 rows
DELETE FROM `ap_menu_role`;
/*!40000 ALTER TABLE `ap_menu_role` DISABLE KEYS */;
INSERT INTO `ap_menu_role` (`menu_id`, `role_id`, `created`, `created_by`, `updated`, `updated_by`, `is_active`, `is_deleted`) VALUES
	('01', 'ecae13117d6f0584c25a9da6c8f8415e', '2019-08-19 05:54:22', 'Super Administrator', NULL, NULL, 1, 0),
	('11', 'ecae13117d6f0584c25a9da6c8f8415e', '2019-10-01 04:26:12', 'Super Administrator', NULL, NULL, 1, 0),
	('12.01', '099af53f601532dbd31e0ea99ffdeb64', '2019-10-01 04:26:37', 'Super Administrator', NULL, NULL, 1, 0),
	('12.01', '3ac340832f29c11538fbe2d6f75e8bcc', '2019-10-01 04:26:37', 'Super Administrator', NULL, NULL, 1, 0),
	('12.01', '76ea0bebb3c22822b4f0dd9c9fd021c5', '2019-10-01 04:26:37', 'Super Administrator', NULL, NULL, 1, 0),
	('12.01', 'ecae13117d6f0584c25a9da6c8f8415e', '2019-10-01 04:26:37', 'Super Administrator', NULL, NULL, 1, 0),
	('12.01.01', '099af53f601532dbd31e0ea99ffdeb64', '2019-11-07 08:44:50', 'Super Administrator', NULL, NULL, 1, 0),
	('12.01.01', '3ac340832f29c11538fbe2d6f75e8bcc', '2019-11-07 08:44:50', 'Super Administrator', NULL, NULL, 1, 0),
	('12.01.01', '76ea0bebb3c22822b4f0dd9c9fd021c5', '2019-11-07 08:44:50', 'Super Administrator', NULL, NULL, 1, 0),
	('12.01.01', 'ecae13117d6f0584c25a9da6c8f8415e', '2019-11-07 08:44:50', 'Super Administrator', NULL, NULL, 1, 0),
	('12.02', '099af53f601532dbd31e0ea99ffdeb64', '2019-10-01 04:50:30', 'Super Administrator', NULL, NULL, 1, 0),
	('12.02', '3ac340832f29c11538fbe2d6f75e8bcc', '2019-10-01 04:50:30', 'Super Administrator', NULL, NULL, 1, 0),
	('12.02', '76ea0bebb3c22822b4f0dd9c9fd021c5', '2019-10-01 04:50:30', 'Super Administrator', NULL, NULL, 1, 0),
	('12.02', 'ecae13117d6f0584c25a9da6c8f8415e', '2019-10-01 04:50:30', 'Super Administrator', NULL, NULL, 1, 0),
	('12.03', '099af53f601532dbd31e0ea99ffdeb64', '2019-10-25 03:22:02', 'Super Administrator', NULL, NULL, 1, 0),
	('12.03', '3ac340832f29c11538fbe2d6f75e8bcc', '2019-10-25 03:22:02', 'Super Administrator', NULL, NULL, 1, 0),
	('12.03', '76ea0bebb3c22822b4f0dd9c9fd021c5', '2019-10-25 03:22:02', 'Super Administrator', NULL, NULL, 1, 0),
	('12.03', 'ecae13117d6f0584c25a9da6c8f8415e', '2019-10-25 03:22:02', 'Super Administrator', NULL, NULL, 1, 0),
	('12.030', '099af53f601532dbd31e0ea99ffdeb64', '2019-10-15 05:50:29', 'Super Administrator', NULL, NULL, 1, 0),
	('12.030', '3ac340832f29c11538fbe2d6f75e8bcc', '2019-10-15 05:50:29', 'Super Administrator', NULL, NULL, 1, 0),
	('12.030', '76ea0bebb3c22822b4f0dd9c9fd021c5', '2019-10-15 05:50:29', 'Super Administrator', NULL, NULL, 1, 0),
	('12.030', 'ecae13117d6f0584c25a9da6c8f8415e', '2019-10-15 05:50:29', 'Super Administrator', NULL, NULL, 1, 0),
	('12.04', '099af53f601532dbd31e0ea99ffdeb64', '2019-10-25 03:22:23', 'Super Administrator', NULL, NULL, 1, 0),
	('12.04', '3ac340832f29c11538fbe2d6f75e8bcc', '2019-10-25 03:22:23', 'Super Administrator', NULL, NULL, 1, 0),
	('12.04', '76ea0bebb3c22822b4f0dd9c9fd021c5', '2019-10-25 03:22:23', 'Super Administrator', NULL, NULL, 1, 0),
	('12.04', 'ecae13117d6f0584c25a9da6c8f8415e', '2019-10-25 03:22:23', 'Super Administrator', NULL, NULL, 1, 0),
	('13', '099af53f601532dbd31e0ea99ffdeb64', '2019-10-30 04:10:20', 'Super Administrator', NULL, NULL, 1, 0),
	('13', '1d35969c41452fe2b721248a96af64d9', '2019-10-30 04:10:20', 'Super Administrator', NULL, NULL, 1, 0),
	('13', '3ac340832f29c11538fbe2d6f75e8bcc', '2019-10-30 04:10:20', 'Super Administrator', NULL, NULL, 1, 0),
	('13', '76ea0bebb3c22822b4f0dd9c9fd021c5', '2019-10-30 04:10:20', 'Super Administrator', NULL, NULL, 1, 0),
	('13', '921ea49aff675592b681df7d1a1391ae', '2019-10-30 04:10:20', 'Super Administrator', NULL, NULL, 1, 0),
	('13', 'ecae13117d6f0584c25a9da6c8f8415e', '2019-10-30 04:10:20', 'Super Administrator', NULL, NULL, 1, 0),
	('19.09', '1d35969c41452fe2b721248a96af64d9', '2019-11-11 18:21:51', 'Super Administrator', NULL, NULL, 1, 0),
	('19.09', '921ea49aff675592b681df7d1a1391ae', '2019-11-11 18:21:51', 'Super Administrator', NULL, NULL, 1, 0),
	('19.09', 'ecae13117d6f0584c25a9da6c8f8415e', '2019-11-11 18:21:51', 'Super Administrator', NULL, NULL, 1, 0),
	('14.02', '099af53f601532dbd31e0ea99ffdeb64', '2019-10-22 04:20:44', 'Super Administrator', NULL, NULL, 1, 0),
	('14.02', '3ac340832f29c11538fbe2d6f75e8bcc', '2019-10-22 04:20:44', 'Super Administrator', NULL, NULL, 1, 0),
	('14.02', '76ea0bebb3c22822b4f0dd9c9fd021c5', '2019-10-22 04:20:44', 'Super Administrator', NULL, NULL, 1, 0),
	('14.02', 'ecae13117d6f0584c25a9da6c8f8415e', '2019-10-22 04:20:44', 'Super Administrator', NULL, NULL, 1, 0),
	('14.03', '099af53f601532dbd31e0ea99ffdeb64', '2019-10-24 03:11:41', 'Super Administrator', NULL, NULL, 1, 0),
	('14.03', '1d35969c41452fe2b721248a96af64d9', '2019-10-24 03:11:41', 'Super Administrator', NULL, NULL, 1, 0),
	('14.03', '3ac340832f29c11538fbe2d6f75e8bcc', '2019-10-24 03:11:41', 'Super Administrator', NULL, NULL, 1, 0),
	('14.03', '76ea0bebb3c22822b4f0dd9c9fd021c5', '2019-10-24 03:11:41', 'Super Administrator', NULL, NULL, 1, 0),
	('14.03', '921ea49aff675592b681df7d1a1391ae', '2019-10-24 03:11:41', 'Super Administrator', NULL, NULL, 1, 0),
	('14.03', 'ecae13117d6f0584c25a9da6c8f8415e', '2019-10-24 03:11:41', 'Super Administrator', NULL, NULL, 1, 0),
	('14.04', '099af53f601532dbd31e0ea99ffdeb64', '2019-10-25 01:41:00', 'Super Administrator', NULL, NULL, 1, 0),
	('14.04', '3ac340832f29c11538fbe2d6f75e8bcc', '2019-10-25 01:41:00', 'Super Administrator', NULL, NULL, 1, 0),
	('14.04', '76ea0bebb3c22822b4f0dd9c9fd021c5', '2019-10-25 01:41:00', 'Super Administrator', NULL, NULL, 1, 0),
	('14.04', 'ecae13117d6f0584c25a9da6c8f8415e', '2019-10-25 01:41:00', 'Super Administrator', NULL, NULL, 1, 0),
	('13.01', '099af53f601532dbd31e0ea99ffdeb64', '2019-11-11 10:45:27', 'Super Administrator', NULL, NULL, 1, 0),
	('13.01', '3ac340832f29c11538fbe2d6f75e8bcc', '2019-11-11 10:45:27', 'Super Administrator', NULL, NULL, 1, 0),
	('13.01', '76ea0bebb3c22822b4f0dd9c9fd021c5', '2019-11-11 10:45:27', 'Super Administrator', NULL, NULL, 1, 0),
	('13.01', 'ecae13117d6f0584c25a9da6c8f8415e', '2019-11-11 10:45:27', 'Super Administrator', NULL, NULL, 1, 0),
	('15.02', '099af53f601532dbd31e0ea99ffdeb64', '2019-10-24 06:11:53', 'Super Administrator', NULL, NULL, 1, 0),
	('15.02', '1d35969c41452fe2b721248a96af64d9', '2019-10-24 06:11:53', 'Super Administrator', NULL, NULL, 1, 0),
	('15.02', '3ac340832f29c11538fbe2d6f75e8bcc', '2019-10-24 06:11:53', 'Super Administrator', NULL, NULL, 1, 0),
	('15.02', '76ea0bebb3c22822b4f0dd9c9fd021c5', '2019-10-24 06:11:53', 'Super Administrator', NULL, NULL, 1, 0),
	('15.02', '921ea49aff675592b681df7d1a1391ae', '2019-10-24 06:11:53', 'Super Administrator', NULL, NULL, 1, 0),
	('15.02', 'ecae13117d6f0584c25a9da6c8f8415e', '2019-10-24 06:11:53', 'Super Administrator', NULL, NULL, 1, 0),
	('16.01', '099af53f601532dbd31e0ea99ffdeb64', '2019-10-28 04:01:13', 'Super Administrator', NULL, NULL, 1, 0),
	('16.01', '3ac340832f29c11538fbe2d6f75e8bcc', '2019-10-28 04:01:13', 'Super Administrator', NULL, NULL, 1, 0),
	('16.01', '76ea0bebb3c22822b4f0dd9c9fd021c5', '2019-10-28 04:01:13', 'Super Administrator', NULL, NULL, 1, 0),
	('16.01', 'ecae13117d6f0584c25a9da6c8f8415e', '2019-10-28 04:01:13', 'Super Administrator', NULL, NULL, 1, 0),
	('17', '099af53f601532dbd31e0ea99ffdeb64', '2019-11-05 10:31:58', 'Super Administrator', NULL, NULL, 1, 0),
	('17', '3ac340832f29c11538fbe2d6f75e8bcc', '2019-11-05 10:31:58', 'Super Administrator', NULL, NULL, 1, 0),
	('17', '76ea0bebb3c22822b4f0dd9c9fd021c5', '2019-11-05 10:31:58', 'Super Administrator', NULL, NULL, 1, 0),
	('17', 'ecae13117d6f0584c25a9da6c8f8415e', '2019-11-05 10:31:58', 'Super Administrator', NULL, NULL, 1, 0),
	('19.01', '1d35969c41452fe2b721248a96af64d9', '2019-10-28 04:15:14', 'Super Administrator', NULL, NULL, 1, 0),
	('19.01', 'ecae13117d6f0584c25a9da6c8f8415e', '2019-10-28 04:15:14', 'Super Administrator', NULL, NULL, 1, 0),
	('19.02', '1d35969c41452fe2b721248a96af64d9', '2019-10-29 08:03:19', 'Super Administrator', NULL, NULL, 1, 0),
	('19.02', '921ea49aff675592b681df7d1a1391ae', '2019-10-29 08:03:19', 'Super Administrator', NULL, NULL, 1, 0),
	('19.02', 'ecae13117d6f0584c25a9da6c8f8415e', '2019-10-29 08:03:19', 'Super Administrator', NULL, NULL, 1, 0),
	('19.03', '1d35969c41452fe2b721248a96af64d9', '2019-10-29 08:04:06', 'Super Administrator', NULL, NULL, 1, 0),
	('19.03', '921ea49aff675592b681df7d1a1391ae', '2019-10-29 08:04:06', 'Super Administrator', NULL, NULL, 1, 0),
	('19.03', 'ecae13117d6f0584c25a9da6c8f8415e', '2019-10-29 08:04:06', 'Super Administrator', NULL, NULL, 1, 0),
	('19.04', '1d35969c41452fe2b721248a96af64d9', '2019-10-30 01:37:46', 'Super Administrator', NULL, NULL, 1, 0),
	('19.04', '921ea49aff675592b681df7d1a1391ae', '2019-10-30 01:37:46', 'Super Administrator', NULL, NULL, 1, 0),
	('19.04', 'ecae13117d6f0584c25a9da6c8f8415e', '2019-10-30 01:37:46', 'Super Administrator', NULL, NULL, 1, 0),
	('19.05', '1d35969c41452fe2b721248a96af64d9', '2019-10-30 05:08:11', 'Super Administrator', NULL, NULL, 1, 0),
	('19.05', '921ea49aff675592b681df7d1a1391ae', '2019-10-30 05:08:11', 'Super Administrator', NULL, NULL, 1, 0),
	('19.05', 'ecae13117d6f0584c25a9da6c8f8415e', '2019-10-30 05:08:11', 'Super Administrator', NULL, NULL, 1, 0),
	('19.06', '921ea49aff675592b681df7d1a1391ae', '2019-11-05 09:59:09', 'Super Administrator', NULL, NULL, 1, 0),
	('19.07', '921ea49aff675592b681df7d1a1391ae', '2019-11-05 10:00:10', 'Super Administrator', NULL, NULL, 1, 0),
	('19.07', 'ecae13117d6f0584c25a9da6c8f8415e', '2019-11-05 10:00:10', 'Super Administrator', NULL, NULL, 1, 0),
	('19.08', '1d35969c41452fe2b721248a96af64d9', '2019-11-05 10:01:25', 'Super Administrator', NULL, NULL, 1, 0),
	('19.08', '921ea49aff675592b681df7d1a1391ae', '2019-11-05 10:01:25', 'Super Administrator', NULL, NULL, 1, 0),
	('19.08', 'ecae13117d6f0584c25a9da6c8f8415e', '2019-11-05 10:01:25', 'Super Administrator', NULL, NULL, 1, 0),
	('19.10', 'ecae13117d6f0584c25a9da6c8f8415e', '2019-11-05 09:51:52', 'Super Administrator', NULL, NULL, 1, 0),
	('21.01', '099af53f601532dbd31e0ea99ffdeb64', '2019-10-30 14:41:15', 'Super Administrator', NULL, NULL, 1, 0),
	('21.01', '3ac340832f29c11538fbe2d6f75e8bcc', '2019-10-30 14:41:15', 'Super Administrator', NULL, NULL, 1, 0),
	('21.01', '76ea0bebb3c22822b4f0dd9c9fd021c5', '2019-10-30 14:41:15', 'Super Administrator', NULL, NULL, 1, 0),
	('21.01', 'ecae13117d6f0584c25a9da6c8f8415e', '2019-10-30 14:41:15', 'Super Administrator', NULL, NULL, 1, 0),
	('21.02', '099af53f601532dbd31e0ea99ffdeb64', '2019-10-30 14:43:41', 'Super Administrator', NULL, NULL, 1, 0),
	('21.02', '3ac340832f29c11538fbe2d6f75e8bcc', '2019-10-30 14:43:41', 'Super Administrator', NULL, NULL, 1, 0),
	('21.02', '76ea0bebb3c22822b4f0dd9c9fd021c5', '2019-10-30 14:43:41', 'Super Administrator', NULL, NULL, 1, 0),
	('21.02', 'ecae13117d6f0584c25a9da6c8f8415e', '2019-10-30 14:43:41', 'Super Administrator', NULL, NULL, 1, 0),
	('21.03', '099af53f601532dbd31e0ea99ffdeb64', '2019-10-30 14:46:29', 'Super Administrator', NULL, NULL, 1, 0),
	('21.03', '3ac340832f29c11538fbe2d6f75e8bcc', '2019-10-30 14:46:29', 'Super Administrator', NULL, NULL, 1, 0),
	('21.03', '76ea0bebb3c22822b4f0dd9c9fd021c5', '2019-10-30 14:46:29', 'Super Administrator', NULL, NULL, 1, 0),
	('21.03', 'ecae13117d6f0584c25a9da6c8f8415e', '2019-10-30 14:46:29', 'Super Administrator', NULL, NULL, 1, 0),
	('22', '099af53f601532dbd31e0ea99ffdeb64', '2019-10-30 16:15:24', 'Super Administrator', NULL, NULL, 1, 0),
	('22', '3ac340832f29c11538fbe2d6f75e8bcc', '2019-10-30 16:15:24', 'Super Administrator', NULL, NULL, 1, 0),
	('22', '76ea0bebb3c22822b4f0dd9c9fd021c5', '2019-10-30 16:15:24', 'Super Administrator', NULL, NULL, 1, 0),
	('22', 'ecae13117d6f0584c25a9da6c8f8415e', '2019-10-30 16:15:24', 'Super Administrator', NULL, NULL, 1, 0),
	('23.01', '099af53f601532dbd31e0ea99ffdeb64', '2019-10-30 16:35:03', 'Super Administrator', NULL, NULL, 1, 0),
	('23.01', '3ac340832f29c11538fbe2d6f75e8bcc', '2019-10-30 16:35:03', 'Super Administrator', NULL, NULL, 1, 0),
	('23.01', '76ea0bebb3c22822b4f0dd9c9fd021c5', '2019-10-30 16:35:03', 'Super Administrator', NULL, NULL, 1, 0),
	('23.01', 'ecae13117d6f0584c25a9da6c8f8415e', '2019-10-30 16:35:03', 'Super Administrator', NULL, NULL, 1, 0),
	('23.02', '099af53f601532dbd31e0ea99ffdeb64', '2019-10-30 16:45:42', 'Super Administrator', NULL, NULL, 1, 0),
	('23.02', '3ac340832f29c11538fbe2d6f75e8bcc', '2019-10-30 16:45:42', 'Super Administrator', NULL, NULL, 1, 0),
	('23.02', '76ea0bebb3c22822b4f0dd9c9fd021c5', '2019-10-30 16:45:42', 'Super Administrator', NULL, NULL, 1, 0),
	('23.02', 'ecae13117d6f0584c25a9da6c8f8415e', '2019-10-30 16:45:42', 'Super Administrator', NULL, NULL, 1, 0),
	('24.01', '099af53f601532dbd31e0ea99ffdeb64', '2019-10-30 16:57:52', 'Super Administrator', NULL, NULL, 1, 0),
	('24.01', '3ac340832f29c11538fbe2d6f75e8bcc', '2019-10-30 16:57:52', 'Super Administrator', NULL, NULL, 1, 0),
	('24.01', '76ea0bebb3c22822b4f0dd9c9fd021c5', '2019-10-30 16:57:52', 'Super Administrator', NULL, NULL, 1, 0),
	('24.01', 'ecae13117d6f0584c25a9da6c8f8415e', '2019-10-30 16:57:52', 'Super Administrator', NULL, NULL, 1, 0),
	('24.02', '099af53f601532dbd31e0ea99ffdeb64', '2019-10-30 17:05:55', 'Super Administrator', NULL, NULL, 1, 0),
	('24.02', '3ac340832f29c11538fbe2d6f75e8bcc', '2019-10-30 17:05:55', 'Super Administrator', NULL, NULL, 1, 0),
	('24.02', '76ea0bebb3c22822b4f0dd9c9fd021c5', '2019-10-30 17:05:55', 'Super Administrator', NULL, NULL, 1, 0),
	('24.02', 'ecae13117d6f0584c25a9da6c8f8415e', '2019-10-30 17:05:55', 'Super Administrator', NULL, NULL, 1, 0),
	('24.10', '099af53f601532dbd31e0ea99ffdeb64', '2019-11-04 11:53:03', 'Super Administrator', NULL, NULL, 1, 0),
	('24.10', '3ac340832f29c11538fbe2d6f75e8bcc', '2019-11-04 11:53:03', 'Super Administrator', NULL, NULL, 1, 0),
	('24.10', '76ea0bebb3c22822b4f0dd9c9fd021c5', '2019-11-04 11:53:03', 'Super Administrator', NULL, NULL, 1, 0),
	('24.10', 'ecae13117d6f0584c25a9da6c8f8415e', '2019-11-04 11:53:03', 'Super Administrator', NULL, NULL, 1, 0),
	('25.01', '1d35969c41452fe2b721248a96af64d9', '2019-10-30 17:08:58', 'Super Administrator', NULL, NULL, 1, 0),
	('25.01', '921ea49aff675592b681df7d1a1391ae', '2019-10-30 17:08:58', 'Super Administrator', NULL, NULL, 1, 0),
	('25.01', 'ecae13117d6f0584c25a9da6c8f8415e', '2019-10-30 17:08:58', 'Super Administrator', NULL, NULL, 1, 0),
	('25.02', '1d35969c41452fe2b721248a96af64d9', '2019-10-30 17:37:45', 'Super Administrator', NULL, NULL, 1, 0),
	('25.02', '921ea49aff675592b681df7d1a1391ae', '2019-10-30 17:37:45', 'Super Administrator', NULL, NULL, 1, 0),
	('25.02', 'ecae13117d6f0584c25a9da6c8f8415e', '2019-10-30 17:37:45', 'Super Administrator', NULL, NULL, 1, 0),
	('25.03', '1d35969c41452fe2b721248a96af64d9', '2019-10-30 17:39:16', 'Super Administrator', NULL, NULL, 1, 0),
	('25.03', '921ea49aff675592b681df7d1a1391ae', '2019-10-30 17:39:16', 'Super Administrator', NULL, NULL, 1, 0),
	('25.03', 'ecae13117d6f0584c25a9da6c8f8415e', '2019-10-30 17:39:16', 'Super Administrator', NULL, NULL, 1, 0),
	('25.04', '1d35969c41452fe2b721248a96af64d9', '2019-10-30 17:52:30', 'Super Administrator', NULL, NULL, 1, 0),
	('25.04', '921ea49aff675592b681df7d1a1391ae', '2019-10-30 17:52:30', 'Super Administrator', NULL, NULL, 1, 0),
	('25.04', 'ecae13117d6f0584c25a9da6c8f8415e', '2019-10-30 17:52:30', 'Super Administrator', NULL, NULL, 1, 0),
	('25.05', '921ea49aff675592b681df7d1a1391ae', '2019-11-04 10:32:05', 'Super Administrator', NULL, NULL, 1, 0),
	('25.05', 'ecae13117d6f0584c25a9da6c8f8415e', '2019-11-04 10:32:05', 'Super Administrator', NULL, NULL, 1, 0),
	('25.06', '921ea49aff675592b681df7d1a1391ae', '2019-11-04 10:33:49', 'Super Administrator', NULL, NULL, 1, 0),
	('25.06', 'ecae13117d6f0584c25a9da6c8f8415e', '2019-11-04 10:33:49', 'Super Administrator', NULL, NULL, 1, 0),
	('25.07', '1d35969c41452fe2b721248a96af64d9', '2019-11-04 10:35:52', 'Super Administrator', NULL, NULL, 1, 0),
	('25.07', '921ea49aff675592b681df7d1a1391ae', '2019-11-04 10:35:52', 'Super Administrator', NULL, NULL, 1, 0),
	('25.07', 'ecae13117d6f0584c25a9da6c8f8415e', '2019-11-04 10:35:52', 'Super Administrator', NULL, NULL, 1, 0),
	('26', 'ecae13117d6f0584c25a9da6c8f8415e', '2019-11-05 09:53:31', 'Super Administrator', NULL, NULL, 1, 0),
	('31.01', '099af53f601532dbd31e0ea99ffdeb64', '2019-10-30 20:05:25', 'Super Administrator', NULL, NULL, 1, 0),
	('31.01', '3ac340832f29c11538fbe2d6f75e8bcc', '2019-10-30 20:05:25', 'Super Administrator', NULL, NULL, 1, 0),
	('31.01', '76ea0bebb3c22822b4f0dd9c9fd021c5', '2019-10-30 20:05:25', 'Super Administrator', NULL, NULL, 1, 0),
	('31.01', 'ecae13117d6f0584c25a9da6c8f8415e', '2019-10-30 20:05:25', 'Super Administrator', NULL, NULL, 1, 0),
	('31.02', '099af53f601532dbd31e0ea99ffdeb64', '2019-10-30 20:06:52', 'Super Administrator', NULL, NULL, 1, 0),
	('31.02', '3ac340832f29c11538fbe2d6f75e8bcc', '2019-10-30 20:06:52', 'Super Administrator', NULL, NULL, 1, 0),
	('31.02', '76ea0bebb3c22822b4f0dd9c9fd021c5', '2019-10-30 20:06:52', 'Super Administrator', NULL, NULL, 1, 0),
	('31.02', 'ecae13117d6f0584c25a9da6c8f8415e', '2019-10-30 20:06:52', 'Super Administrator', NULL, NULL, 1, 0),
	('31.03', '099af53f601532dbd31e0ea99ffdeb64', '2019-10-30 20:07:47', 'Super Administrator', NULL, NULL, 1, 0),
	('31.03', '3ac340832f29c11538fbe2d6f75e8bcc', '2019-10-30 20:07:47', 'Super Administrator', NULL, NULL, 1, 0),
	('31.03', '76ea0bebb3c22822b4f0dd9c9fd021c5', '2019-10-30 20:07:47', 'Super Administrator', NULL, NULL, 1, 0),
	('31.03', 'ecae13117d6f0584c25a9da6c8f8415e', '2019-10-30 20:07:47', 'Super Administrator', NULL, NULL, 1, 0),
	('32', '099af53f601532dbd31e0ea99ffdeb64', '2019-10-30 20:12:30', 'Super Administrator', NULL, NULL, 1, 0),
	('32', '3ac340832f29c11538fbe2d6f75e8bcc', '2019-10-30 20:12:30', 'Super Administrator', NULL, NULL, 1, 0),
	('32', '76ea0bebb3c22822b4f0dd9c9fd021c5', '2019-10-30 20:12:30', 'Super Administrator', NULL, NULL, 1, 0),
	('32', 'ecae13117d6f0584c25a9da6c8f8415e', '2019-10-30 20:12:30', 'Super Administrator', NULL, NULL, 1, 0),
	('33.01', '099af53f601532dbd31e0ea99ffdeb64', '2019-10-30 20:12:51', 'Super Administrator', NULL, NULL, 1, 0),
	('33.01', '3ac340832f29c11538fbe2d6f75e8bcc', '2019-10-30 20:12:51', 'Super Administrator', NULL, NULL, 1, 0),
	('33.01', '76ea0bebb3c22822b4f0dd9c9fd021c5', '2019-10-30 20:12:51', 'Super Administrator', NULL, NULL, 1, 0),
	('33.01', 'ecae13117d6f0584c25a9da6c8f8415e', '2019-10-30 20:12:51', 'Super Administrator', NULL, NULL, 1, 0),
	('33.02', '099af53f601532dbd31e0ea99ffdeb64', '2019-10-30 20:13:05', 'Super Administrator', NULL, NULL, 1, 0),
	('33.02', '3ac340832f29c11538fbe2d6f75e8bcc', '2019-10-30 20:13:05', 'Super Administrator', NULL, NULL, 1, 0),
	('33.02', '76ea0bebb3c22822b4f0dd9c9fd021c5', '2019-10-30 20:13:05', 'Super Administrator', NULL, NULL, 1, 0),
	('33.02', 'ecae13117d6f0584c25a9da6c8f8415e', '2019-10-30 20:13:05', 'Super Administrator', NULL, NULL, 1, 0),
	('34.01', '099af53f601532dbd31e0ea99ffdeb64', '2019-10-30 20:14:46', 'Super Administrator', NULL, NULL, 1, 0),
	('34.01', '3ac340832f29c11538fbe2d6f75e8bcc', '2019-10-30 20:14:46', 'Super Administrator', NULL, NULL, 1, 0),
	('34.01', '76ea0bebb3c22822b4f0dd9c9fd021c5', '2019-10-30 20:14:46', 'Super Administrator', NULL, NULL, 1, 0),
	('34.01', 'ecae13117d6f0584c25a9da6c8f8415e', '2019-10-30 20:14:46', 'Super Administrator', NULL, NULL, 1, 0),
	('34.02', '099af53f601532dbd31e0ea99ffdeb64', '2019-10-30 20:15:45', 'Super Administrator', NULL, NULL, 1, 0),
	('34.02', '3ac340832f29c11538fbe2d6f75e8bcc', '2019-10-30 20:15:45', 'Super Administrator', NULL, NULL, 1, 0),
	('34.02', '76ea0bebb3c22822b4f0dd9c9fd021c5', '2019-10-30 20:15:45', 'Super Administrator', NULL, NULL, 1, 0),
	('34.02', 'ecae13117d6f0584c25a9da6c8f8415e', '2019-10-30 20:15:45', 'Super Administrator', NULL, NULL, 1, 0),
	('34.10', '099af53f601532dbd31e0ea99ffdeb64', '2019-11-04 13:54:51', 'Super Administrator', NULL, NULL, 1, 0),
	('34.10', '3ac340832f29c11538fbe2d6f75e8bcc', '2019-11-04 13:54:51', 'Super Administrator', NULL, NULL, 1, 0),
	('34.10', '76ea0bebb3c22822b4f0dd9c9fd021c5', '2019-11-04 13:54:51', 'Super Administrator', NULL, NULL, 1, 0),
	('34.10', 'ecae13117d6f0584c25a9da6c8f8415e', '2019-11-04 13:54:51', 'Super Administrator', NULL, NULL, 1, 0),
	('35.01', '1d35969c41452fe2b721248a96af64d9', '2019-10-30 20:22:40', 'Super Administrator', NULL, NULL, 1, 0),
	('35.01', '921ea49aff675592b681df7d1a1391ae', '2019-10-30 20:22:40', 'Super Administrator', NULL, NULL, 1, 0),
	('35.01', 'ecae13117d6f0584c25a9da6c8f8415e', '2019-10-30 20:22:40', 'Super Administrator', NULL, NULL, 1, 0),
	('35.02', '1d35969c41452fe2b721248a96af64d9', '2019-10-30 20:19:54', 'Super Administrator', NULL, NULL, 1, 0),
	('35.02', '921ea49aff675592b681df7d1a1391ae', '2019-10-30 20:19:54', 'Super Administrator', NULL, NULL, 1, 0),
	('35.02', 'ecae13117d6f0584c25a9da6c8f8415e', '2019-10-30 20:19:54', 'Super Administrator', NULL, NULL, 1, 0),
	('35.03', '1d35969c41452fe2b721248a96af64d9', '2019-10-30 20:21:07', 'Super Administrator', NULL, NULL, 1, 0),
	('35.03', '921ea49aff675592b681df7d1a1391ae', '2019-10-30 20:21:07', 'Super Administrator', NULL, NULL, 1, 0),
	('35.03', 'ecae13117d6f0584c25a9da6c8f8415e', '2019-10-30 20:21:07', 'Super Administrator', NULL, NULL, 1, 0),
	('35.04', '1d35969c41452fe2b721248a96af64d9', '2019-10-30 20:22:17', 'Super Administrator', NULL, NULL, 1, 0),
	('35.04', '921ea49aff675592b681df7d1a1391ae', '2019-10-30 20:22:17', 'Super Administrator', NULL, NULL, 1, 0),
	('35.04', 'ecae13117d6f0584c25a9da6c8f8415e', '2019-10-30 20:22:17', 'Super Administrator', NULL, NULL, 1, 0),
	('35.05', '921ea49aff675592b681df7d1a1391ae', '2019-11-04 10:57:14', 'Super Administrator', NULL, NULL, 1, 0),
	('35.05', 'ecae13117d6f0584c25a9da6c8f8415e', '2019-11-04 10:57:14', 'Super Administrator', NULL, NULL, 1, 0),
	('35.06', '921ea49aff675592b681df7d1a1391ae', '2019-11-04 10:59:52', 'Super Administrator', NULL, NULL, 1, 0),
	('35.06', 'ecae13117d6f0584c25a9da6c8f8415e', '2019-11-04 10:59:52', 'Super Administrator', NULL, NULL, 1, 0),
	('35.07', '1d35969c41452fe2b721248a96af64d9', '2019-11-04 10:59:29', 'Super Administrator', NULL, NULL, 1, 0),
	('35.07', '921ea49aff675592b681df7d1a1391ae', '2019-11-04 10:59:29', 'Super Administrator', NULL, NULL, 1, 0),
	('35.07', 'ecae13117d6f0584c25a9da6c8f8415e', '2019-11-04 10:59:29', 'Super Administrator', NULL, NULL, 1, 0),
	('36', 'ecae13117d6f0584c25a9da6c8f8415e', '2019-11-05 09:54:25', 'Super Administrator', NULL, NULL, 1, 0),
	('41.01', '099af53f601532dbd31e0ea99ffdeb64', '2019-10-31 10:28:44', 'Super Administrator', NULL, NULL, 1, 0),
	('41.01', '3ac340832f29c11538fbe2d6f75e8bcc', '2019-10-31 10:28:44', 'Super Administrator', NULL, NULL, 1, 0),
	('41.01', '76ea0bebb3c22822b4f0dd9c9fd021c5', '2019-10-31 10:28:44', 'Super Administrator', NULL, NULL, 1, 0),
	('41.01', 'ecae13117d6f0584c25a9da6c8f8415e', '2019-10-31 10:28:44', 'Super Administrator', NULL, NULL, 1, 0),
	('41.02', '099af53f601532dbd31e0ea99ffdeb64', '2019-10-31 10:29:32', 'Super Administrator', NULL, NULL, 1, 0),
	('41.02', '3ac340832f29c11538fbe2d6f75e8bcc', '2019-10-31 10:29:32', 'Super Administrator', NULL, NULL, 1, 0),
	('41.02', '76ea0bebb3c22822b4f0dd9c9fd021c5', '2019-10-31 10:29:32', 'Super Administrator', NULL, NULL, 1, 0),
	('41.02', 'ecae13117d6f0584c25a9da6c8f8415e', '2019-10-31 10:29:32', 'Super Administrator', NULL, NULL, 1, 0),
	('41.03', '099af53f601532dbd31e0ea99ffdeb64', '2019-10-31 10:30:48', 'Super Administrator', NULL, NULL, 1, 0),
	('41.03', '3ac340832f29c11538fbe2d6f75e8bcc', '2019-10-31 10:30:48', 'Super Administrator', NULL, NULL, 1, 0),
	('41.03', '76ea0bebb3c22822b4f0dd9c9fd021c5', '2019-10-31 10:30:48', 'Super Administrator', NULL, NULL, 1, 0),
	('41.03', 'ecae13117d6f0584c25a9da6c8f8415e', '2019-10-31 10:30:48', 'Super Administrator', NULL, NULL, 1, 0),
	('42', '099af53f601532dbd31e0ea99ffdeb64', '2019-10-31 10:32:25', 'Super Administrator', NULL, NULL, 1, 0),
	('42', '3ac340832f29c11538fbe2d6f75e8bcc', '2019-10-31 10:32:25', 'Super Administrator', NULL, NULL, 1, 0),
	('42', '76ea0bebb3c22822b4f0dd9c9fd021c5', '2019-10-31 10:32:25', 'Super Administrator', NULL, NULL, 1, 0),
	('42', 'ecae13117d6f0584c25a9da6c8f8415e', '2019-10-31 10:32:25', 'Super Administrator', NULL, NULL, 1, 0),
	('43.01', '099af53f601532dbd31e0ea99ffdeb64', '2019-10-31 10:34:26', 'Super Administrator', NULL, NULL, 1, 0),
	('43.01', '3ac340832f29c11538fbe2d6f75e8bcc', '2019-10-31 10:34:26', 'Super Administrator', NULL, NULL, 1, 0),
	('43.01', '76ea0bebb3c22822b4f0dd9c9fd021c5', '2019-10-31 10:34:26', 'Super Administrator', NULL, NULL, 1, 0),
	('43.01', 'ecae13117d6f0584c25a9da6c8f8415e', '2019-10-31 10:34:26', 'Super Administrator', NULL, NULL, 1, 0),
	('43.02', '099af53f601532dbd31e0ea99ffdeb64', '2019-10-31 10:35:50', 'Super Administrator', NULL, NULL, 1, 0),
	('43.02', '3ac340832f29c11538fbe2d6f75e8bcc', '2019-10-31 10:35:50', 'Super Administrator', NULL, NULL, 1, 0),
	('43.02', '76ea0bebb3c22822b4f0dd9c9fd021c5', '2019-10-31 10:35:50', 'Super Administrator', NULL, NULL, 1, 0),
	('43.02', 'ecae13117d6f0584c25a9da6c8f8415e', '2019-10-31 10:35:50', 'Super Administrator', NULL, NULL, 1, 0),
	('44.01', '099af53f601532dbd31e0ea99ffdeb64', '2019-10-31 10:39:30', 'Super Administrator', NULL, NULL, 1, 0),
	('44.01', '3ac340832f29c11538fbe2d6f75e8bcc', '2019-10-31 10:39:30', 'Super Administrator', NULL, NULL, 1, 0),
	('44.01', '76ea0bebb3c22822b4f0dd9c9fd021c5', '2019-10-31 10:39:30', 'Super Administrator', NULL, NULL, 1, 0),
	('44.01', 'ecae13117d6f0584c25a9da6c8f8415e', '2019-10-31 10:39:30', 'Super Administrator', NULL, NULL, 1, 0),
	('44.02', '099af53f601532dbd31e0ea99ffdeb64', '2019-10-31 10:40:51', 'Super Administrator', NULL, NULL, 1, 0),
	('44.02', '3ac340832f29c11538fbe2d6f75e8bcc', '2019-10-31 10:40:51', 'Super Administrator', NULL, NULL, 1, 0),
	('44.02', '76ea0bebb3c22822b4f0dd9c9fd021c5', '2019-10-31 10:40:51', 'Super Administrator', NULL, NULL, 1, 0),
	('44.02', 'ecae13117d6f0584c25a9da6c8f8415e', '2019-10-31 10:40:51', 'Super Administrator', NULL, NULL, 1, 0),
	('44.10', '099af53f601532dbd31e0ea99ffdeb64', '2019-11-04 13:56:12', 'Super Administrator', NULL, NULL, 1, 0),
	('44.10', '3ac340832f29c11538fbe2d6f75e8bcc', '2019-11-04 13:56:12', 'Super Administrator', NULL, NULL, 1, 0),
	('44.10', '76ea0bebb3c22822b4f0dd9c9fd021c5', '2019-11-04 13:56:12', 'Super Administrator', NULL, NULL, 1, 0),
	('44.10', 'ecae13117d6f0584c25a9da6c8f8415e', '2019-11-04 13:56:12', 'Super Administrator', NULL, NULL, 1, 0),
	('45.01', '1d35969c41452fe2b721248a96af64d9', '2019-10-31 10:50:55', 'Super Administrator', NULL, NULL, 1, 0),
	('45.01', '921ea49aff675592b681df7d1a1391ae', '2019-10-31 10:50:55', 'Super Administrator', NULL, NULL, 1, 0),
	('45.01', 'ecae13117d6f0584c25a9da6c8f8415e', '2019-10-31 10:50:55', 'Super Administrator', NULL, NULL, 1, 0),
	('45.02', '1d35969c41452fe2b721248a96af64d9', '2019-10-31 10:51:23', 'Super Administrator', NULL, NULL, 1, 0),
	('45.02', '921ea49aff675592b681df7d1a1391ae', '2019-10-31 10:51:23', 'Super Administrator', NULL, NULL, 1, 0),
	('45.02', 'ecae13117d6f0584c25a9da6c8f8415e', '2019-10-31 10:51:23', 'Super Administrator', NULL, NULL, 1, 0),
	('45.03', '1d35969c41452fe2b721248a96af64d9', '2019-10-31 10:51:08', 'Super Administrator', NULL, NULL, 1, 0),
	('45.03', '921ea49aff675592b681df7d1a1391ae', '2019-10-31 10:51:08', 'Super Administrator', NULL, NULL, 1, 0),
	('45.03', 'ecae13117d6f0584c25a9da6c8f8415e', '2019-10-31 10:51:08', 'Super Administrator', NULL, NULL, 1, 0),
	('45.04', '1d35969c41452fe2b721248a96af64d9', '2019-10-31 10:47:55', 'Super Administrator', NULL, NULL, 1, 0),
	('45.04', '921ea49aff675592b681df7d1a1391ae', '2019-10-31 10:47:55', 'Super Administrator', NULL, NULL, 1, 0),
	('45.04', 'ecae13117d6f0584c25a9da6c8f8415e', '2019-10-31 10:47:55', 'Super Administrator', NULL, NULL, 1, 0),
	('45.05', '921ea49aff675592b681df7d1a1391ae', '2019-11-04 11:01:27', 'Super Administrator', NULL, NULL, 1, 0),
	('45.05', 'ecae13117d6f0584c25a9da6c8f8415e', '2019-11-04 11:01:27', 'Super Administrator', NULL, NULL, 1, 0),
	('45.06', '921ea49aff675592b681df7d1a1391ae', '2019-11-04 11:07:56', 'Super Administrator', NULL, NULL, 1, 0),
	('45.06', 'ecae13117d6f0584c25a9da6c8f8415e', '2019-11-04 11:07:56', 'Super Administrator', NULL, NULL, 1, 0),
	('45.07', '1d35969c41452fe2b721248a96af64d9', '2019-11-04 11:03:35', 'Super Administrator', NULL, NULL, 1, 0),
	('45.07', '921ea49aff675592b681df7d1a1391ae', '2019-11-04 11:03:35', 'Super Administrator', NULL, NULL, 1, 0),
	('45.07', 'ecae13117d6f0584c25a9da6c8f8415e', '2019-11-04 11:03:35', 'Super Administrator', NULL, NULL, 1, 0),
	('46', 'ecae13117d6f0584c25a9da6c8f8415e', '2019-11-05 09:56:24', 'Super Administrator', NULL, NULL, 1, 0),
	('51.01', '099af53f601532dbd31e0ea99ffdeb64', '2019-10-31 13:41:48', 'Super Administrator', NULL, NULL, 1, 0),
	('51.01', '3ac340832f29c11538fbe2d6f75e8bcc', '2019-10-31 13:41:48', 'Super Administrator', NULL, NULL, 1, 0),
	('51.01', '76ea0bebb3c22822b4f0dd9c9fd021c5', '2019-10-31 13:41:48', 'Super Administrator', NULL, NULL, 1, 0),
	('51.01', 'ecae13117d6f0584c25a9da6c8f8415e', '2019-10-31 13:41:48', 'Super Administrator', NULL, NULL, 1, 0),
	('51.02', '099af53f601532dbd31e0ea99ffdeb64', '2019-10-31 13:42:33', 'Super Administrator', NULL, NULL, 1, 0),
	('51.02', '3ac340832f29c11538fbe2d6f75e8bcc', '2019-10-31 13:42:33', 'Super Administrator', NULL, NULL, 1, 0),
	('51.02', '76ea0bebb3c22822b4f0dd9c9fd021c5', '2019-10-31 13:42:33', 'Super Administrator', NULL, NULL, 1, 0),
	('51.02', 'ecae13117d6f0584c25a9da6c8f8415e', '2019-10-31 13:42:33', 'Super Administrator', NULL, NULL, 1, 0),
	('51.03', '099af53f601532dbd31e0ea99ffdeb64', '2019-10-31 13:43:26', 'Super Administrator', NULL, NULL, 1, 0),
	('51.03', '3ac340832f29c11538fbe2d6f75e8bcc', '2019-10-31 13:43:26', 'Super Administrator', NULL, NULL, 1, 0),
	('51.03', '76ea0bebb3c22822b4f0dd9c9fd021c5', '2019-10-31 13:43:26', 'Super Administrator', NULL, NULL, 1, 0),
	('51.03', 'ecae13117d6f0584c25a9da6c8f8415e', '2019-10-31 13:43:26', 'Super Administrator', NULL, NULL, 1, 0),
	('52', '099af53f601532dbd31e0ea99ffdeb64', '2019-10-31 13:44:47', 'Super Administrator', NULL, NULL, 1, 0),
	('52', '3ac340832f29c11538fbe2d6f75e8bcc', '2019-10-31 13:44:47', 'Super Administrator', NULL, NULL, 1, 0),
	('52', '76ea0bebb3c22822b4f0dd9c9fd021c5', '2019-10-31 13:44:47', 'Super Administrator', NULL, NULL, 1, 0),
	('52', 'ecae13117d6f0584c25a9da6c8f8415e', '2019-10-31 13:44:47', 'Super Administrator', NULL, NULL, 1, 0),
	('53.01', '099af53f601532dbd31e0ea99ffdeb64', '2019-10-31 13:47:23', 'Super Administrator', NULL, NULL, 1, 0),
	('53.01', '3ac340832f29c11538fbe2d6f75e8bcc', '2019-10-31 13:47:23', 'Super Administrator', NULL, NULL, 1, 0),
	('53.01', '76ea0bebb3c22822b4f0dd9c9fd021c5', '2019-10-31 13:47:23', 'Super Administrator', NULL, NULL, 1, 0),
	('53.01', 'ecae13117d6f0584c25a9da6c8f8415e', '2019-10-31 13:47:23', 'Super Administrator', NULL, NULL, 1, 0),
	('53.02', '099af53f601532dbd31e0ea99ffdeb64', '2019-10-31 13:48:53', 'Super Administrator', NULL, NULL, 1, 0),
	('53.02', '3ac340832f29c11538fbe2d6f75e8bcc', '2019-10-31 13:48:53', 'Super Administrator', NULL, NULL, 1, 0),
	('53.02', '76ea0bebb3c22822b4f0dd9c9fd021c5', '2019-10-31 13:48:53', 'Super Administrator', NULL, NULL, 1, 0),
	('53.02', 'ecae13117d6f0584c25a9da6c8f8415e', '2019-10-31 13:48:53', 'Super Administrator', NULL, NULL, 1, 0),
	('54.01', '099af53f601532dbd31e0ea99ffdeb64', '2019-10-31 13:52:01', 'Super Administrator', NULL, NULL, 1, 0),
	('54.01', '3ac340832f29c11538fbe2d6f75e8bcc', '2019-10-31 13:52:01', 'Super Administrator', NULL, NULL, 1, 0),
	('54.01', '76ea0bebb3c22822b4f0dd9c9fd021c5', '2019-10-31 13:52:01', 'Super Administrator', NULL, NULL, 1, 0),
	('54.01', 'ecae13117d6f0584c25a9da6c8f8415e', '2019-10-31 13:52:01', 'Super Administrator', NULL, NULL, 1, 0),
	('54.02', '099af53f601532dbd31e0ea99ffdeb64', '2019-10-31 13:53:33', 'Super Administrator', NULL, NULL, 1, 0),
	('54.02', '3ac340832f29c11538fbe2d6f75e8bcc', '2019-10-31 13:53:33', 'Super Administrator', NULL, NULL, 1, 0),
	('54.02', '76ea0bebb3c22822b4f0dd9c9fd021c5', '2019-10-31 13:53:33', 'Super Administrator', NULL, NULL, 1, 0),
	('54.02', 'ecae13117d6f0584c25a9da6c8f8415e', '2019-10-31 13:53:33', 'Super Administrator', NULL, NULL, 1, 0),
	('54.10', '099af53f601532dbd31e0ea99ffdeb64', '2019-11-04 13:57:32', 'Super Administrator', NULL, NULL, 1, 0),
	('54.10', '3ac340832f29c11538fbe2d6f75e8bcc', '2019-11-04 13:57:32', 'Super Administrator', NULL, NULL, 1, 0),
	('54.10', '76ea0bebb3c22822b4f0dd9c9fd021c5', '2019-11-04 13:57:32', 'Super Administrator', NULL, NULL, 1, 0),
	('54.10', 'ecae13117d6f0584c25a9da6c8f8415e', '2019-11-04 13:57:32', 'Super Administrator', NULL, NULL, 1, 0),
	('55.01', '1d35969c41452fe2b721248a96af64d9', '2019-10-31 13:56:24', 'Super Administrator', NULL, NULL, 1, 0),
	('55.01', '921ea49aff675592b681df7d1a1391ae', '2019-10-31 13:56:24', 'Super Administrator', NULL, NULL, 1, 0),
	('55.01', 'ecae13117d6f0584c25a9da6c8f8415e', '2019-10-31 13:56:24', 'Super Administrator', NULL, NULL, 1, 0),
	('55.02', '1d35969c41452fe2b721248a96af64d9', '2019-10-31 13:57:46', 'Super Administrator', NULL, NULL, 1, 0),
	('55.02', '921ea49aff675592b681df7d1a1391ae', '2019-10-31 13:57:46', 'Super Administrator', NULL, NULL, 1, 0),
	('55.02', 'ecae13117d6f0584c25a9da6c8f8415e', '2019-10-31 13:57:46', 'Super Administrator', NULL, NULL, 1, 0),
	('55.03', '1d35969c41452fe2b721248a96af64d9', '2019-10-31 13:58:55', 'Super Administrator', NULL, NULL, 1, 0),
	('55.03', '921ea49aff675592b681df7d1a1391ae', '2019-10-31 13:58:55', 'Super Administrator', NULL, NULL, 1, 0),
	('55.03', 'ecae13117d6f0584c25a9da6c8f8415e', '2019-10-31 13:58:55', 'Super Administrator', NULL, NULL, 1, 0),
	('55.04', '1d35969c41452fe2b721248a96af64d9', '2019-10-31 14:00:24', 'Super Administrator', NULL, NULL, 1, 0),
	('55.04', '921ea49aff675592b681df7d1a1391ae', '2019-10-31 14:00:24', 'Super Administrator', NULL, NULL, 1, 0),
	('55.04', 'ecae13117d6f0584c25a9da6c8f8415e', '2019-10-31 14:00:24', 'Super Administrator', NULL, NULL, 1, 0),
	('55.05', '921ea49aff675592b681df7d1a1391ae', '2019-11-04 11:04:32', 'Super Administrator', NULL, NULL, 1, 0),
	('55.05', 'ecae13117d6f0584c25a9da6c8f8415e', '2019-11-04 11:04:32', 'Super Administrator', NULL, NULL, 1, 0),
	('55.06', '921ea49aff675592b681df7d1a1391ae', '2019-11-04 11:06:51', 'Super Administrator', NULL, NULL, 1, 0),
	('55.06', 'ecae13117d6f0584c25a9da6c8f8415e', '2019-11-04 11:06:51', 'Super Administrator', NULL, NULL, 1, 0),
	('55.07', '1d35969c41452fe2b721248a96af64d9', '2019-11-04 11:06:33', 'Super Administrator', NULL, NULL, 1, 0),
	('55.07', '921ea49aff675592b681df7d1a1391ae', '2019-11-04 11:06:33', 'Super Administrator', NULL, NULL, 1, 0),
	('55.07', 'ecae13117d6f0584c25a9da6c8f8415e', '2019-11-04 11:06:33', 'Super Administrator', NULL, NULL, 1, 0),
	('56', 'ecae13117d6f0584c25a9da6c8f8415e', '2019-11-05 09:56:58', 'Super Administrator', NULL, NULL, 1, 0),
	('93.01', '099af53f601532dbd31e0ea99ffdeb64', '2019-10-01 04:37:25', 'Super Administrator', NULL, NULL, 1, 0),
	('93.01', '3ac340832f29c11538fbe2d6f75e8bcc', '2019-10-01 04:37:25', 'Super Administrator', NULL, NULL, 1, 0),
	('93.01', '76ea0bebb3c22822b4f0dd9c9fd021c5', '2019-10-01 04:37:25', 'Super Administrator', NULL, NULL, 1, 0),
	('93.01', 'ecae13117d6f0584c25a9da6c8f8415e', '2019-10-01 04:37:25', 'Super Administrator', NULL, NULL, 1, 0),
	('93.02', '099af53f601532dbd31e0ea99ffdeb64', '2019-10-21 05:43:36', 'Super Administrator', NULL, NULL, 1, 0),
	('93.02', '3ac340832f29c11538fbe2d6f75e8bcc', '2019-10-21 05:43:36', 'Super Administrator', NULL, NULL, 1, 0),
	('93.02', '76ea0bebb3c22822b4f0dd9c9fd021c5', '2019-10-21 05:43:36', 'Super Administrator', NULL, NULL, 1, 0),
	('93.02', 'ecae13117d6f0584c25a9da6c8f8415e', '2019-10-21 05:43:36', 'Super Administrator', NULL, NULL, 1, 0),
	('97.01', '099af53f601532dbd31e0ea99ffdeb64', '2019-08-07 03:51:46', 'Super Administrator', NULL, NULL, 1, 0),
	('97.01', '3ac340832f29c11538fbe2d6f75e8bcc', '2019-08-07 03:51:46', 'Super Administrator', NULL, NULL, 1, 0),
	('97.01', '76ea0bebb3c22822b4f0dd9c9fd021c5', '2019-08-07 03:51:46', 'Super Administrator', NULL, NULL, 1, 0),
	('97.01', 'ecae13117d6f0584c25a9da6c8f8415e', '2019-08-07 03:51:46', 'Super Administrator', NULL, NULL, 1, 0),
	('97.02', '099af53f601532dbd31e0ea99ffdeb64', '2019-08-07 03:51:36', 'Super Administrator', NULL, NULL, 1, 0),
	('97.02', '3ac340832f29c11538fbe2d6f75e8bcc', '2019-08-07 03:51:36', 'Super Administrator', NULL, NULL, 1, 0),
	('97.02', '76ea0bebb3c22822b4f0dd9c9fd021c5', '2019-08-07 03:51:36', 'Super Administrator', NULL, NULL, 1, 0),
	('97.02', 'ecae13117d6f0584c25a9da6c8f8415e', '2019-08-07 03:51:36', 'Super Administrator', NULL, NULL, 1, 0),
	('98.01', '099af53f601532dbd31e0ea99ffdeb64', '2019-08-07 03:51:27', 'Super Administrator', NULL, NULL, 1, 0),
	('98.01', '3ac340832f29c11538fbe2d6f75e8bcc', '2019-08-07 03:51:27', 'Super Administrator', NULL, NULL, 1, 0),
	('98.01', '76ea0bebb3c22822b4f0dd9c9fd021c5', '2019-08-07 03:51:27', 'Super Administrator', NULL, NULL, 1, 0),
	('98.01', 'ecae13117d6f0584c25a9da6c8f8415e', '2019-08-07 03:51:27', 'Super Administrator', NULL, NULL, 1, 0),
	('98.02', '099af53f601532dbd31e0ea99ffdeb64', '2019-08-07 03:51:19', 'Super Administrator', NULL, NULL, 1, 0),
	('98.02', '3ac340832f29c11538fbe2d6f75e8bcc', '2019-08-07 03:51:19', 'Super Administrator', NULL, NULL, 1, 0),
	('98.02', '76ea0bebb3c22822b4f0dd9c9fd021c5', '2019-08-07 03:51:19', 'Super Administrator', NULL, NULL, 1, 0),
	('98.02', 'ecae13117d6f0584c25a9da6c8f8415e', '2019-08-07 03:51:19', 'Super Administrator', NULL, NULL, 1, 0),
	('99.01', '3ac340832f29c11538fbe2d6f75e8bcc', '2019-08-07 03:50:43', 'Super Administrator', NULL, NULL, 1, 0),
	('99.01', 'ecae13117d6f0584c25a9da6c8f8415e', '2019-08-07 03:50:43', 'Super Administrator', NULL, NULL, 1, 0),
	('99.02', '099af53f601532dbd31e0ea99ffdeb64', '2019-08-07 03:50:56', 'Super Administrator', NULL, NULL, 1, 0),
	('99.02', '3ac340832f29c11538fbe2d6f75e8bcc', '2019-08-07 03:50:56', 'Super Administrator', NULL, NULL, 1, 0),
	('99.02', '76ea0bebb3c22822b4f0dd9c9fd021c5', '2019-08-07 03:50:56', 'Super Administrator', NULL, NULL, 1, 0),
	('99.02', 'ecae13117d6f0584c25a9da6c8f8415e', '2019-08-07 03:50:56', 'Super Administrator', NULL, NULL, 1, 0);
/*!40000 ALTER TABLE `ap_menu_role` ENABLE KEYS */;

-- Dumping structure for table sianida_piyann.fr_stok
DROP TABLE IF EXISTS `fr_stok`;
CREATE TABLE IF NOT EXISTS `fr_stok` (
  `id` varchar(32) NOT NULL,
  `induk_id` varchar(32) NOT NULL,
  `rinc_id` varchar(32) NOT NULL,
  `jenis_id` varchar(32) NOT NULL,
  `barang_id` varchar(32) NOT NULL,
  `tanggal` date NOT NULL,
  `debit` float NOT NULL DEFAULT '0',
  `kredit` float NOT NULL DEFAULT '0',
  `harga` float NOT NULL DEFAULT '0',
  `created` timestamp NULL DEFAULT NULL,
  `created_by` varchar(50) NOT NULL DEFAULT 'System',
  `updated` timestamp NULL DEFAULT NULL,
  `updated_by` varchar(50) DEFAULT NULL,
  `is_active` tinyint(1) NOT NULL DEFAULT '1',
  `is_deleted` tinyint(1) NOT NULL DEFAULT '0',
  PRIMARY KEY (`id`) USING BTREE,
  KEY `tanggal` (`tanggal`) USING BTREE
) ENGINE=MyISAM DEFAULT CHARSET=latin1 ROW_FORMAT=DYNAMIC;

-- Dumping data for table sianida_piyann.fr_stok: 9 rows
DELETE FROM `fr_stok`;
/*!40000 ALTER TABLE `fr_stok` DISABLE KEYS */;
INSERT INTO `fr_stok` (`id`, `induk_id`, `rinc_id`, `jenis_id`, `barang_id`, `tanggal`, `debit`, `kredit`, `harga`, `created`, `created_by`, `updated`, `updated_by`, `is_active`, `is_deleted`) VALUES
	('8d0f2e1f25f5a570c2336d74404c7a80', '6512bd43d9caa6e02c990b0a82652dca', '6512bd43d9caa6e02c990b0a82652dca', '11', '58ae749f25eded36f486bc85feb3f0ab', '2019-11-13', 2, 0, 5000, NULL, 'System', NULL, NULL, 1, 0),
	('961ffd3a65910c2ccf8603593749914e', '6512bd43d9caa6e02c990b0a82652dca', '6512bd43d9caa6e02c990b0a82652dca', '11', '8eefcfdf5990e441f0fb6f3fad709e21', '2019-11-20', 5, 0, 6000, NULL, 'System', NULL, NULL, 1, 0),
	('4bc3d2ed615d4bb587105d472ec6dd4a', '318f4ab87963864662078fa4995b127f', '367128b98d0f50c17690f8aa53f0a1e6', '211', '58ae749f25eded36f486bc85feb3f0ab', '2019-11-13', 50, 0, 1, NULL, 'System', NULL, NULL, 1, 0),
	('229d7ff1168b431fc7d8a86f796571f4', 'cc385563ae8c482905ec7cfd555295e3', '367128b98d0f50c17690f8aa53f0a1e6', '211', '58ae749f25eded36f486bc85feb3f0ab', '2019-11-11', 50, 0, 1, NULL, 'System', NULL, NULL, 1, 0),
	('c73af19e430618c6fda58b3d55bd8657', 'cc385563ae8c482905ec7cfd555295e3', '9ca9d1699f06d94421b2ad898a4b245c', '211', '4e4b5fbbbb602b6d35bea8460aa8f8e5', '2019-11-11', 10, 0, 2, NULL, 'System', NULL, NULL, 1, 0),
	('faa7ac99f16e26b6e34f48c3b9d42e7c', '62b29ca043be0aa771b14a4e22d5aa2f', '2457fc38267b2cad44fa4f5ec4788e8e', '212', '70efdf2ec9b086079795c442636b55fb', '2019-11-11', 9, 0, 1.11, '2019-11-11 12:33:09', 'User Farmasi', NULL, NULL, 1, 0),
	('69e640d66bf6e42f4ac60065e7444841', '62b29ca043be0aa771b14a4e22d5aa2f', '99b2dc96ce54db2649baaaf35ba6fde6', '212', 'c16a5320fa475530d9583c34fd356ef5', '2019-11-11', 4, 0, 1.25, '2019-11-11 12:33:09', 'User Farmasi', NULL, NULL, 1, 0),
	('7e2511ae1e42c697767d28feeb07e5d5', '0d840422b7ab6fcddb92d186830c0b90', '7e2511ae1e42c697767d28feeb07e5d5', '213', 'a87ff679a2f3e71d9181a67b7542122c', '2019-11-11', 30, 0, 1.66667, NULL, 'System', NULL, NULL, 1, 0),
	('f5c3ac2053209de8cf0f1a3482856a96', '715a2aea41ea2fb9e98492f9b1497c78', 'bff6d1985dd1881e0bef3956741ffa32', '221', 'c81e728d9d4c2f636f067f89cc14862c', '2019-11-11', 90, 0, 1.11, '2019-11-11 16:16:17', 'User Farmasi', NULL, NULL, 1, 0);
/*!40000 ALTER TABLE `fr_stok` ENABLE KEYS */;

/*!40101 SET SQL_MODE=IFNULL(@OLD_SQL_MODE, '') */;
/*!40014 SET FOREIGN_KEY_CHECKS=IF(@OLD_FOREIGN_KEY_CHECKS IS NULL, 1, @OLD_FOREIGN_KEY_CHECKS) */;
/*!40101 SET CHARACTER_SET_CLIENT=@OLD_CHARACTER_SET_CLIENT */;
