/*
SQLyog - Free MySQL GUI v5.19
Host - 5.5.17 : Database - master-data
*********************************************************************
Server version : 5.5.17
*/

SET NAMES utf8;

SET SQL_MODE='';

create database if not exists `master-data`;

USE `master-data`;

SET @OLD_FOREIGN_KEY_CHECKS=@@FOREIGN_KEY_CHECKS, FOREIGN_KEY_CHECKS=0;
SET @OLD_SQL_MODE=@@SQL_MODE, SQL_MODE='NO_AUTO_VALUE_ON_ZERO';


DROP TABLE IF EXISTS `md_city`;

CREATE TABLE `md_city` (
  `id` int(11) NOT NULL,
  `name` varchar(255) CHARACTER SET utf8 NOT NULL,
  `state_id` int(11) NOT NULL,
  PRIMARY KEY (`id`)
) ENGINE=MyISAM DEFAULT CHARSET=latin1;

/*Data for the table `md_city` */

insert into `md_city` (`id`,`name`,`state_id`) values (1,'Adilabad',32);
insert into `md_city` (`id`,`name`,`state_id`) values (2,'Agra',34);
insert into `md_city` (`id`,`name`,`state_id`) values (3,'Ahmed Nagar',21);
insert into `md_city` (`id`,`name`,`state_id`) values (4,'Ahmedabad City',12);
insert into `md_city` (`id`,`name`,`state_id`) values (5,'Aizawl',24);
insert into `md_city` (`id`,`name`,`state_id`) values (6,'Ajmer',29);
insert into `md_city` (`id`,`name`,`state_id`) values (7,'Akola',21);
insert into `md_city` (`id`,`name`,`state_id`) values (8,'Aligarh',34);
insert into `md_city` (`id`,`name`,`state_id`) values (9,'Allahabad',34);
insert into `md_city` (`id`,`name`,`state_id`) values (10,'Alleppey',18);
insert into `md_city` (`id`,`name`,`state_id`) values (11,'Almora',35);
insert into `md_city` (`id`,`name`,`state_id`) values (12,'Alwar',29);
insert into `md_city` (`id`,`name`,`state_id`) values (13,'Alwaye',18);
insert into `md_city` (`id`,`name`,`state_id`) values (14,'Amalapuram',2);
insert into `md_city` (`id`,`name`,`state_id`) values (15,'Ambala',13);
insert into `md_city` (`id`,`name`,`state_id`) values (16,'Ambedkar Nagar',34);
insert into `md_city` (`id`,`name`,`state_id`) values (17,'Amravati',21);
insert into `md_city` (`id`,`name`,`state_id`) values (18,'Amreli',12);
insert into `md_city` (`id`,`name`,`state_id`) values (19,'Amritsar',28);
insert into `md_city` (`id`,`name`,`state_id`) values (20,'Anakapalle',2);
insert into `md_city` (`id`,`name`,`state_id`) values (21,'Anand',12);
insert into `md_city` (`id`,`name`,`state_id`) values (22,'Anantapur',2);
insert into `md_city` (`id`,`name`,`state_id`) values (23,'Ananthnag',15);
insert into `md_city` (`id`,`name`,`state_id`) values (24,'Anna Road H.O',31);
insert into `md_city` (`id`,`name`,`state_id`) values (25,'Arakkonam',31);
insert into `md_city` (`id`,`name`,`state_id`) values (26,'Asansol',36);
insert into `md_city` (`id`,`name`,`state_id`) values (27,'Aska',26);
insert into `md_city` (`id`,`name`,`state_id`) values (28,'Auraiya',34);
insert into `md_city` (`id`,`name`,`state_id`) values (29,'Aurangabad',21);
insert into `md_city` (`id`,`name`,`state_id`) values (30,'Aurangabad(Bihar)',5);
insert into `md_city` (`id`,`name`,`state_id`) values (31,'Azamgarh',34);
insert into `md_city` (`id`,`name`,`state_id`) values (32,'Bagalkot',17);
insert into `md_city` (`id`,`name`,`state_id`) values (33,'Bageshwar',35);
insert into `md_city` (`id`,`name`,`state_id`) values (34,'Bagpat',34);
insert into `md_city` (`id`,`name`,`state_id`) values (35,'Bahraich',34);
insert into `md_city` (`id`,`name`,`state_id`) values (36,'Balaghat',20);
insert into `md_city` (`id`,`name`,`state_id`) values (37,'Balangir',26);
insert into `md_city` (`id`,`name`,`state_id`) values (38,'Balasore',26);
insert into `md_city` (`id`,`name`,`state_id`) values (39,'Ballia',34);
insert into `md_city` (`id`,`name`,`state_id`) values (40,'Balrampur',34);
insert into `md_city` (`id`,`name`,`state_id`) values (41,'Banasanktha',12);
insert into `md_city` (`id`,`name`,`state_id`) values (42,'Banda',34);
insert into `md_city` (`id`,`name`,`state_id`) values (43,'Bandipur',15);
insert into `md_city` (`id`,`name`,`state_id`) values (44,'Bankura',36);
insert into `md_city` (`id`,`name`,`state_id`) values (45,'Banswara',29);
insert into `md_city` (`id`,`name`,`state_id`) values (46,'Barabanki',34);
insert into `md_city` (`id`,`name`,`state_id`) values (47,'Baramulla',15);
insert into `md_city` (`id`,`name`,`state_id`) values (48,'Baran',29);
insert into `md_city` (`id`,`name`,`state_id`) values (49,'Bardoli',12);
insert into `md_city` (`id`,`name`,`state_id`) values (50,'Bareilly',34);
insert into `md_city` (`id`,`name`,`state_id`) values (51,'Barmer',29);
insert into `md_city` (`id`,`name`,`state_id`) values (52,'Barnala',28);
insert into `md_city` (`id`,`name`,`state_id`) values (53,'Barpeta',4);
insert into `md_city` (`id`,`name`,`state_id`) values (54,'Bastar',7);
insert into `md_city` (`id`,`name`,`state_id`) values (55,'Basti',34);
insert into `md_city` (`id`,`name`,`state_id`) values (56,'Bathinda',28);
insert into `md_city` (`id`,`name`,`state_id`) values (57,'Beed',21);
insert into `md_city` (`id`,`name`,`state_id`) values (58,'Begusarai',5);
insert into `md_city` (`id`,`name`,`state_id`) values (59,'Belgaum',17);
insert into `md_city` (`id`,`name`,`state_id`) values (60,'Bellary',17);
insert into `md_city` (`id`,`name`,`state_id`) values (61,'Bengaluru East',17);
insert into `md_city` (`id`,`name`,`state_id`) values (62,'Bengaluru South',17);
insert into `md_city` (`id`,`name`,`state_id`) values (63,'Bengaluru West',17);
insert into `md_city` (`id`,`name`,`state_id`) values (64,'Berhampur',26);
insert into `md_city` (`id`,`name`,`state_id`) values (65,'Bhadrak',26);
insert into `md_city` (`id`,`name`,`state_id`) values (66,'Bhagalpur',5);
insert into `md_city` (`id`,`name`,`state_id`) values (67,'Bhandara',21);
insert into `md_city` (`id`,`name`,`state_id`) values (68,'Bharatpur',29);
insert into `md_city` (`id`,`name`,`state_id`) values (69,'Bharuch',12);
insert into `md_city` (`id`,`name`,`state_id`) values (70,'Bhavnagar',12);
insert into `md_city` (`id`,`name`,`state_id`) values (71,'Bhilwara',29);
insert into `md_city` (`id`,`name`,`state_id`) values (72,'Bhimavaram',2);
insert into `md_city` (`id`,`name`,`state_id`) values (73,'Bhiwani',13);
insert into `md_city` (`id`,`name`,`state_id`) values (74,'Bhojpur',5);
insert into `md_city` (`id`,`name`,`state_id`) values (75,'Bhopal',20);
insert into `md_city` (`id`,`name`,`state_id`) values (76,'Bhubaneswar',26);
insert into `md_city` (`id`,`name`,`state_id`) values (77,'Bidar',17);
insert into `md_city` (`id`,`name`,`state_id`) values (78,'Bijapur',17);
insert into `md_city` (`id`,`name`,`state_id`) values (79,'Bijnor',34);
insert into `md_city` (`id`,`name`,`state_id`) values (80,'Bikaner',29);
insert into `md_city` (`id`,`name`,`state_id`) values (81,'Bilaspur',7);
insert into `md_city` (`id`,`name`,`state_id`) values (82,'Birbhum',36);
insert into `md_city` (`id`,`name`,`state_id`) values (83,'Bishnupur',22);
insert into `md_city` (`id`,`name`,`state_id`) values (84,'Bongaigaon',4);
insert into `md_city` (`id`,`name`,`state_id`) values (85,'Budaun',34);
insert into `md_city` (`id`,`name`,`state_id`) values (86,'Budgam',15);
insert into `md_city` (`id`,`name`,`state_id`) values (87,'Bulandshahr',34);
insert into `md_city` (`id`,`name`,`state_id`) values (88,'Buldhana',21);
insert into `md_city` (`id`,`name`,`state_id`) values (89,'Bundi',29);
insert into `md_city` (`id`,`name`,`state_id`) values (90,'Burdwan',36);
insert into `md_city` (`id`,`name`,`state_id`) values (91,'Cachar',4);
insert into `md_city` (`id`,`name`,`state_id`) values (92,'Calicut',18);
insert into `md_city` (`id`,`name`,`state_id`) values (93,'Carnicobar',1);
insert into `md_city` (`id`,`name`,`state_id`) values (94,'Chamba',14);
insert into `md_city` (`id`,`name`,`state_id`) values (95,'Chamoli',35);
insert into `md_city` (`id`,`name`,`state_id`) values (96,'Champawat',35);
insert into `md_city` (`id`,`name`,`state_id`) values (97,'Champhai',24);
insert into `md_city` (`id`,`name`,`state_id`) values (98,'Chandauli',34);
insert into `md_city` (`id`,`name`,`state_id`) values (99,'Chandel',22);
insert into `md_city` (`id`,`name`,`state_id`) values (100,'Chandigarh',6);
insert into `md_city` (`id`,`name`,`state_id`) values (101,'Chandrapur',21);
insert into `md_city` (`id`,`name`,`state_id`) values (102,'Changanacherry',18);
insert into `md_city` (`id`,`name`,`state_id`) values (103,'Changlang',3);
insert into `md_city` (`id`,`name`,`state_id`) values (104,'Channapatna',17);
insert into `md_city` (`id`,`name`,`state_id`) values (105,'Chengalpattu',31);
insert into `md_city` (`id`,`name`,`state_id`) values (106,'Chennai City Central',31);
insert into `md_city` (`id`,`name`,`state_id`) values (107,'Chennai City North',31);
insert into `md_city` (`id`,`name`,`state_id`) values (108,'Chennai City South',31);
insert into `md_city` (`id`,`name`,`state_id`) values (109,'Chhatarpur',20);
insert into `md_city` (`id`,`name`,`state_id`) values (110,'Chhindwara',20);
insert into `md_city` (`id`,`name`,`state_id`) values (111,'Chikmagalur',17);
insert into `md_city` (`id`,`name`,`state_id`) values (112,'Chikodi',17);
insert into `md_city` (`id`,`name`,`state_id`) values (113,'Chitradurga',17);
insert into `md_city` (`id`,`name`,`state_id`) values (114,'Chitrakoot',34);
insert into `md_city` (`id`,`name`,`state_id`) values (115,'Chittoor',2);
insert into `md_city` (`id`,`name`,`state_id`) values (116,'Chittorgarh',29);
insert into `md_city` (`id`,`name`,`state_id`) values (117,'Churachandpur',22);
insert into `md_city` (`id`,`name`,`state_id`) values (118,'Churu',29);
insert into `md_city` (`id`,`name`,`state_id`) values (119,'Coimbatore',31);
insert into `md_city` (`id`,`name`,`state_id`) values (120,'Contai',36);
insert into `md_city` (`id`,`name`,`state_id`) values (121,'Cooch Behar',36);
insert into `md_city` (`id`,`name`,`state_id`) values (122,'Cuddalore',31);
insert into `md_city` (`id`,`name`,`state_id`) values (123,'Cuddapah',2);
insert into `md_city` (`id`,`name`,`state_id`) values (124,'Cuttack City',26);
insert into `md_city` (`id`,`name`,`state_id`) values (125,'Cuttack North',26);
insert into `md_city` (`id`,`name`,`state_id`) values (126,'Cuttack South',26);
insert into `md_city` (`id`,`name`,`state_id`) values (127,'Dadra & Nagar Haveli',8);
insert into `md_city` (`id`,`name`,`state_id`) values (128,'Daman',9);
insert into `md_city` (`id`,`name`,`state_id`) values (129,'Darbhanga',5);
insert into `md_city` (`id`,`name`,`state_id`) values (130,'Darjiling',36);
insert into `md_city` (`id`,`name`,`state_id`) values (131,'Darrang',4);
insert into `md_city` (`id`,`name`,`state_id`) values (132,'Dausa',29);
insert into `md_city` (`id`,`name`,`state_id`) values (133,'Dehra Gopipur',14);
insert into `md_city` (`id`,`name`,`state_id`) values (134,'Dehradun',35);
insert into `md_city` (`id`,`name`,`state_id`) values (135,'Delhi',10);
insert into `md_city` (`id`,`name`,`state_id`) values (136,'Deoria',34);
insert into `md_city` (`id`,`name`,`state_id`) values (137,'Dhalai',33);
insert into `md_city` (`id`,`name`,`state_id`) values (138,'Dhanbad',16);
insert into `md_city` (`id`,`name`,`state_id`) values (139,'Dharamsala',14);
insert into `md_city` (`id`,`name`,`state_id`) values (140,'Dharmapuri',31);
insert into `md_city` (`id`,`name`,`state_id`) values (141,'Dharwad',17);
insert into `md_city` (`id`,`name`,`state_id`) values (142,'Dhemaji',4);
insert into `md_city` (`id`,`name`,`state_id`) values (143,'Dhenkanal',26);
insert into `md_city` (`id`,`name`,`state_id`) values (144,'Dholpur',29);
insert into `md_city` (`id`,`name`,`state_id`) values (145,'Dhubri',4);
insert into `md_city` (`id`,`name`,`state_id`) values (146,'Dhule',21);
insert into `md_city` (`id`,`name`,`state_id`) values (147,'Dibang Valley',3);
insert into `md_city` (`id`,`name`,`state_id`) values (148,'Dibrugarh',4);
insert into `md_city` (`id`,`name`,`state_id`) values (149,'Diglipur',1);
insert into `md_city` (`id`,`name`,`state_id`) values (150,'Dimapur',25);
insert into `md_city` (`id`,`name`,`state_id`) values (151,'Dindigul',31);
insert into `md_city` (`id`,`name`,`state_id`) values (152,'Diu',9);
insert into `md_city` (`id`,`name`,`state_id`) values (153,'Doda',15);
insert into `md_city` (`id`,`name`,`state_id`) values (154,'Dungarpur',29);
insert into `md_city` (`id`,`name`,`state_id`) values (155,'Durg',7);
insert into `md_city` (`id`,`name`,`state_id`) values (156,'East Champaran',5);
insert into `md_city` (`id`,`name`,`state_id`) values (157,'East Garo Hills',23);
insert into `md_city` (`id`,`name`,`state_id`) values (158,'East Kameng',3);
insert into `md_city` (`id`,`name`,`state_id`) values (159,'East Khasi Hills',23);
insert into `md_city` (`id`,`name`,`state_id`) values (160,'East Siang',3);
insert into `md_city` (`id`,`name`,`state_id`) values (161,'East Sikkim',30);
insert into `md_city` (`id`,`name`,`state_id`) values (162,'Eluru',2);
insert into `md_city` (`id`,`name`,`state_id`) values (163,'Ernakulam',18);
insert into `md_city` (`id`,`name`,`state_id`) values (164,'Erode',31);
insert into `md_city` (`id`,`name`,`state_id`) values (165,'Etah',34);
insert into `md_city` (`id`,`name`,`state_id`) values (166,'Etawah',34);
insert into `md_city` (`id`,`name`,`state_id`) values (167,'Faizabad',34);
insert into `md_city` (`id`,`name`,`state_id`) values (168,'Faridabad',13);
insert into `md_city` (`id`,`name`,`state_id`) values (169,'Faridkot',28);
insert into `md_city` (`id`,`name`,`state_id`) values (170,'Farrukhabad',34);
insert into `md_city` (`id`,`name`,`state_id`) values (171,'Fatehgarh Sahib',28);
insert into `md_city` (`id`,`name`,`state_id`) values (172,'Fatehpur',34);
insert into `md_city` (`id`,`name`,`state_id`) values (173,'Fazilka',28);
insert into `md_city` (`id`,`name`,`state_id`) values (174,'Ferrargunj',1);
insert into `md_city` (`id`,`name`,`state_id`) values (175,'Firozabad',34);
insert into `md_city` (`id`,`name`,`state_id`) values (176,'Firozpur',28);
insert into `md_city` (`id`,`name`,`state_id`) values (177,'Gadag',17);
insert into `md_city` (`id`,`name`,`state_id`) values (178,'Gadchiroli',21);
insert into `md_city` (`id`,`name`,`state_id`) values (179,'Gandhinagar',12);
insert into `md_city` (`id`,`name`,`state_id`) values (180,'Ganganagar',29);
insert into `md_city` (`id`,`name`,`state_id`) values (181,'Gautam Buddha Nagar',34);
insert into `md_city` (`id`,`name`,`state_id`) values (182,'Gaya',5);
insert into `md_city` (`id`,`name`,`state_id`) values (183,'Ghaziabad',34);
insert into `md_city` (`id`,`name`,`state_id`) values (184,'Ghazipur',34);
insert into `md_city` (`id`,`name`,`state_id`) values (185,'Giridih',16);
insert into `md_city` (`id`,`name`,`state_id`) values (186,'Goa',11);
insert into `md_city` (`id`,`name`,`state_id`) values (187,'Goalpara',4);
insert into `md_city` (`id`,`name`,`state_id`) values (188,'Gokak',17);
insert into `md_city` (`id`,`name`,`state_id`) values (189,'Golaghat',4);
insert into `md_city` (`id`,`name`,`state_id`) values (190,'Gonda',34);
insert into `md_city` (`id`,`name`,`state_id`) values (191,'Gondal',12);
insert into `md_city` (`id`,`name`,`state_id`) values (192,'Gondia',21);
insert into `md_city` (`id`,`name`,`state_id`) values (193,'Gorakhpur',34);
insert into `md_city` (`id`,`name`,`state_id`) values (194,'Gudivada',2);
insert into `md_city` (`id`,`name`,`state_id`) values (195,'Gudur',2);
insert into `md_city` (`id`,`name`,`state_id`) values (196,'Gulbarga',17);
insert into `md_city` (`id`,`name`,`state_id`) values (197,'Guna',20);
insert into `md_city` (`id`,`name`,`state_id`) values (198,'Guntur',2);
insert into `md_city` (`id`,`name`,`state_id`) values (199,'Gurdaspur',28);
insert into `md_city` (`id`,`name`,`state_id`) values (200,'Gurugram',13);
insert into `md_city` (`id`,`name`,`state_id`) values (201,'Gwalior',20);
insert into `md_city` (`id`,`name`,`state_id`) values (202,'Hailakandi',4);
insert into `md_city` (`id`,`name`,`state_id`) values (203,'Hamirpur (HP)',14);
insert into `md_city` (`id`,`name`,`state_id`) values (204,'Hamirpur (UP)',34);
insert into `md_city` (`id`,`name`,`state_id`) values (205,'Hanamkonda',32);
insert into `md_city` (`id`,`name`,`state_id`) values (206,'Hanumangarh',29);
insert into `md_city` (`id`,`name`,`state_id`) values (207,'Hardoi',34);
insert into `md_city` (`id`,`name`,`state_id`) values (208,'Haridwar',35);
insert into `md_city` (`id`,`name`,`state_id`) values (209,'Hassan',17);
insert into `md_city` (`id`,`name`,`state_id`) values (210,'Hathras',34);
insert into `md_city` (`id`,`name`,`state_id`) values (211,'Haveri',17);
insert into `md_city` (`id`,`name`,`state_id`) values (212,'Hazaribagh',16);
insert into `md_city` (`id`,`name`,`state_id`) values (213,'Hindupur',2);
insert into `md_city` (`id`,`name`,`state_id`) values (214,'Hingoli',21);
insert into `md_city` (`id`,`name`,`state_id`) values (215,'Hissar',13);
insert into `md_city` (`id`,`name`,`state_id`) values (216,'Hooghly',36);
insert into `md_city` (`id`,`name`,`state_id`) values (217,'Hoshangabad',20);
insert into `md_city` (`id`,`name`,`state_id`) values (218,'Hoshiarpur',28);
insert into `md_city` (`id`,`name`,`state_id`) values (219,'Howrah',36);
insert into `md_city` (`id`,`name`,`state_id`) values (220,'Hut Bay',1);
insert into `md_city` (`id`,`name`,`state_id`) values (221,'Hyderabad City',32);
insert into `md_city` (`id`,`name`,`state_id`) values (222,'Hyderabad South East',32);
insert into `md_city` (`id`,`name`,`state_id`) values (223,'Idukki',18);
insert into `md_city` (`id`,`name`,`state_id`) values (224,'Imphal East',22);
insert into `md_city` (`id`,`name`,`state_id`) values (225,'Imphal West',22);
insert into `md_city` (`id`,`name`,`state_id`) values (226,'Indore City',20);
insert into `md_city` (`id`,`name`,`state_id`) values (227,'Indore Moffusil',20);
insert into `md_city` (`id`,`name`,`state_id`) values (228,'Irinjalakuda',18);
insert into `md_city` (`id`,`name`,`state_id`) values (229,'Jabalpur',20);
insert into `md_city` (`id`,`name`,`state_id`) values (230,'Jaintia Hills',23);
insert into `md_city` (`id`,`name`,`state_id`) values (231,'Jaipur',29);
insert into `md_city` (`id`,`name`,`state_id`) values (232,'Jaisalmer',29);
insert into `md_city` (`id`,`name`,`state_id`) values (233,'Jalandhar',28);
insert into `md_city` (`id`,`name`,`state_id`) values (234,'Jalaun',34);
insert into `md_city` (`id`,`name`,`state_id`) values (235,'Jalgaon',21);
insert into `md_city` (`id`,`name`,`state_id`) values (236,'Jalna',21);
insert into `md_city` (`id`,`name`,`state_id`) values (237,'Jalor',29);
insert into `md_city` (`id`,`name`,`state_id`) values (238,'Jalpaiguri',36);
insert into `md_city` (`id`,`name`,`state_id`) values (239,'Jammu',15);
insert into `md_city` (`id`,`name`,`state_id`) values (240,'Jamnagar',12);
insert into `md_city` (`id`,`name`,`state_id`) values (241,'Jaunpur',34);
insert into `md_city` (`id`,`name`,`state_id`) values (242,'Jhalawar',29);
insert into `md_city` (`id`,`name`,`state_id`) values (243,'Jhansi',34);
insert into `md_city` (`id`,`name`,`state_id`) values (244,'Jhujhunu',29);
insert into `md_city` (`id`,`name`,`state_id`) values (245,'Jodhpur',29);
insert into `md_city` (`id`,`name`,`state_id`) values (246,'Jorhat',4);
insert into `md_city` (`id`,`name`,`state_id`) values (247,'Junagadh',12);
insert into `md_city` (`id`,`name`,`state_id`) values (248,'Jyotiba Phule Nagar',34);
insert into `md_city` (`id`,`name`,`state_id`) values (249,'Kakinada',2);
insert into `md_city` (`id`,`name`,`state_id`) values (250,'Kalahandi',26);
insert into `md_city` (`id`,`name`,`state_id`) values (251,'Kamrup',4);
insert into `md_city` (`id`,`name`,`state_id`) values (252,'Kanchipuram',31);
insert into `md_city` (`id`,`name`,`state_id`) values (253,'Kannauj',34);
insert into `md_city` (`id`,`name`,`state_id`) values (254,'Kanniyakumari',31);
insert into `md_city` (`id`,`name`,`state_id`) values (255,'Kannur',18);
insert into `md_city` (`id`,`name`,`state_id`) values (256,'Kanpur Dehat',34);
insert into `md_city` (`id`,`name`,`state_id`) values (257,'Kanpur Nagar',34);
insert into `md_city` (`id`,`name`,`state_id`) values (258,'Kapurthala',28);
insert into `md_city` (`id`,`name`,`state_id`) values (259,'Karaikal',27);
insert into `md_city` (`id`,`name`,`state_id`) values (260,'Karaikudi',31);
insert into `md_city` (`id`,`name`,`state_id`) values (261,'Karauli',29);
insert into `md_city` (`id`,`name`,`state_id`) values (262,'Karbi Anglong',4);
insert into `md_city` (`id`,`name`,`state_id`) values (263,'Kargil',15);
insert into `md_city` (`id`,`name`,`state_id`) values (264,'Karimganj',4);
insert into `md_city` (`id`,`name`,`state_id`) values (265,'Karimnagar',32);
insert into `md_city` (`id`,`name`,`state_id`) values (266,'Karnal',13);
insert into `md_city` (`id`,`name`,`state_id`) values (267,'Karur',31);
insert into `md_city` (`id`,`name`,`state_id`) values (268,'Karwar',17);
insert into `md_city` (`id`,`name`,`state_id`) values (269,'Kasaragod',18);
insert into `md_city` (`id`,`name`,`state_id`) values (270,'Kathua',15);
insert into `md_city` (`id`,`name`,`state_id`) values (271,'Kaushambi',34);
insert into `md_city` (`id`,`name`,`state_id`) values (272,'Keonjhar',26);
insert into `md_city` (`id`,`name`,`state_id`) values (273,'Khammam (AP)',2);
insert into `md_city` (`id`,`name`,`state_id`) values (274,'Khammam (TL)',32);
insert into `md_city` (`id`,`name`,`state_id`) values (275,'Khandwa',20);
insert into `md_city` (`id`,`name`,`state_id`) values (276,'Kheda',12);
insert into `md_city` (`id`,`name`,`state_id`) values (277,'Kheri',34);
insert into `md_city` (`id`,`name`,`state_id`) values (278,'Kiphire',25);
insert into `md_city` (`id`,`name`,`state_id`) values (279,'Kodagu',17);
insert into `md_city` (`id`,`name`,`state_id`) values (280,'Kohima',25);
insert into `md_city` (`id`,`name`,`state_id`) values (281,'Kokrajhar',4);
insert into `md_city` (`id`,`name`,`state_id`) values (282,'Kolar',17);
insert into `md_city` (`id`,`name`,`state_id`) values (283,'Kolasib',24);
insert into `md_city` (`id`,`name`,`state_id`) values (284,'Kolhapur',21);
insert into `md_city` (`id`,`name`,`state_id`) values (285,'Kolkata',36);
insert into `md_city` (`id`,`name`,`state_id`) values (286,'Koraput',26);
insert into `md_city` (`id`,`name`,`state_id`) values (287,'Kota',29);
insert into `md_city` (`id`,`name`,`state_id`) values (288,'Kottayam',18);
insert into `md_city` (`id`,`name`,`state_id`) values (289,'Kovilpatti',31);
insert into `md_city` (`id`,`name`,`state_id`) values (290,'Krishnagiri',31);
insert into `md_city` (`id`,`name`,`state_id`) values (291,'Kulgam',15);
insert into `md_city` (`id`,`name`,`state_id`) values (292,'Kumbakonam',31);
insert into `md_city` (`id`,`name`,`state_id`) values (293,'Kupwara',15);
insert into `md_city` (`id`,`name`,`state_id`) values (294,'Kurnool',2);
insert into `md_city` (`id`,`name`,`state_id`) values (295,'Kurukshetra',13);
insert into `md_city` (`id`,`name`,`state_id`) values (296,'Kurung Kumey',3);
insert into `md_city` (`id`,`name`,`state_id`) values (297,'Kushinagar',34);
insert into `md_city` (`id`,`name`,`state_id`) values (298,'Kutch',12);
insert into `md_city` (`id`,`name`,`state_id`) values (299,'Lakhimpur',4);
insert into `md_city` (`id`,`name`,`state_id`) values (300,'Lakshadweep',19);
insert into `md_city` (`id`,`name`,`state_id`) values (301,'Lalitpur',34);
insert into `md_city` (`id`,`name`,`state_id`) values (302,'Latur',21);
insert into `md_city` (`id`,`name`,`state_id`) values (303,'Lawngtlai',24);
insert into `md_city` (`id`,`name`,`state_id`) values (304,'Leh',15);
insert into `md_city` (`id`,`name`,`state_id`) values (305,'Lohit',3);
insert into `md_city` (`id`,`name`,`state_id`) values (306,'Longleng',25);
insert into `md_city` (`id`,`name`,`state_id`) values (307,'Lower Subansiri',3);
insert into `md_city` (`id`,`name`,`state_id`) values (308,'Lucknow',34);
insert into `md_city` (`id`,`name`,`state_id`) values (309,'Ludhiana',28);
insert into `md_city` (`id`,`name`,`state_id`) values (310,'Lunglei',24);
insert into `md_city` (`id`,`name`,`state_id`) values (311,'Machilipatnam',2);
insert into `md_city` (`id`,`name`,`state_id`) values (312,'Madhubani',5);
insert into `md_city` (`id`,`name`,`state_id`) values (313,'Madurai',31);
insert into `md_city` (`id`,`name`,`state_id`) values (314,'Mahabubnagar',32);
insert into `md_city` (`id`,`name`,`state_id`) values (315,'Maharajganj',34);
insert into `md_city` (`id`,`name`,`state_id`) values (316,'Mahesana',12);
insert into `md_city` (`id`,`name`,`state_id`) values (317,'Mahoba',34);
insert into `md_city` (`id`,`name`,`state_id`) values (318,'Mainpuri',34);
insert into `md_city` (`id`,`name`,`state_id`) values (319,'Malda',36);
insert into `md_city` (`id`,`name`,`state_id`) values (320,'Mammit',24);
insert into `md_city` (`id`,`name`,`state_id`) values (321,'Mandi',14);
insert into `md_city` (`id`,`name`,`state_id`) values (322,'Mandsaur',20);
insert into `md_city` (`id`,`name`,`state_id`) values (323,'Mandya',17);
insert into `md_city` (`id`,`name`,`state_id`) values (324,'Mangalore',17);
insert into `md_city` (`id`,`name`,`state_id`) values (325,'Manjeri',18);
insert into `md_city` (`id`,`name`,`state_id`) values (326,'Mansa',28);
insert into `md_city` (`id`,`name`,`state_id`) values (327,'Marigaon',4);
insert into `md_city` (`id`,`name`,`state_id`) values (328,'Mathura',34);
insert into `md_city` (`id`,`name`,`state_id`) values (329,'Mau',34);
insert into `md_city` (`id`,`name`,`state_id`) values (330,'Mavelikara',18);
insert into `md_city` (`id`,`name`,`state_id`) values (331,'Mayabander',1);
insert into `md_city` (`id`,`name`,`state_id`) values (332,'Mayiladuthurai',31);
insert into `md_city` (`id`,`name`,`state_id`) values (333,'Mayurbhanj',26);
insert into `md_city` (`id`,`name`,`state_id`) values (334,'Medak',32);
insert into `md_city` (`id`,`name`,`state_id`) values (335,'Meerut',34);
insert into `md_city` (`id`,`name`,`state_id`) values (336,'Meghalaya',23);
insert into `md_city` (`id`,`name`,`state_id`) values (337,'Midnapore',36);
insert into `md_city` (`id`,`name`,`state_id`) values (338,'Mirzapur',34);
insert into `md_city` (`id`,`name`,`state_id`) values (339,'Moga',28);
insert into `md_city` (`id`,`name`,`state_id`) values (340,'Mohali',28);
insert into `md_city` (`id`,`name`,`state_id`) values (341,'Mokokchung',25);
insert into `md_city` (`id`,`name`,`state_id`) values (342,'Mon',25);
insert into `md_city` (`id`,`name`,`state_id`) values (343,'Monghyr',5);
insert into `md_city` (`id`,`name`,`state_id`) values (344,'Moradabad',34);
insert into `md_city` (`id`,`name`,`state_id`) values (345,'Morena',20);
insert into `md_city` (`id`,`name`,`state_id`) values (346,'Muktsar',28);
insert into `md_city` (`id`,`name`,`state_id`) values (347,'Mumbai',21);
insert into `md_city` (`id`,`name`,`state_id`) values (348,'Murshidabad',36);
insert into `md_city` (`id`,`name`,`state_id`) values (349,'Muzaffarnagar',34);
insert into `md_city` (`id`,`name`,`state_id`) values (350,'Muzaffarpur',5);
insert into `md_city` (`id`,`name`,`state_id`) values (351,'Mysore',17);
insert into `md_city` (`id`,`name`,`state_id`) values (352,'Nadia',36);
insert into `md_city` (`id`,`name`,`state_id`) values (353,'Nagaon',4);
insert into `md_city` (`id`,`name`,`state_id`) values (354,'Nagapattinam',31);
insert into `md_city` (`id`,`name`,`state_id`) values (355,'Nagaur',29);
insert into `md_city` (`id`,`name`,`state_id`) values (356,'Nagpur',21);
insert into `md_city` (`id`,`name`,`state_id`) values (357,'Nainital',35);
insert into `md_city` (`id`,`name`,`state_id`) values (358,'Nalanda',5);
insert into `md_city` (`id`,`name`,`state_id`) values (359,'Nalbari',4);
insert into `md_city` (`id`,`name`,`state_id`) values (360,'Nalgonda',32);
insert into `md_city` (`id`,`name`,`state_id`) values (361,'Namakkal',31);
insert into `md_city` (`id`,`name`,`state_id`) values (362,'Nancorie',1);
insert into `md_city` (`id`,`name`,`state_id`) values (363,'Nancowrie',1);
insert into `md_city` (`id`,`name`,`state_id`) values (364,'Nanded',21);
insert into `md_city` (`id`,`name`,`state_id`) values (365,'Nandurbar',21);
insert into `md_city` (`id`,`name`,`state_id`) values (366,'Nandyal',2);
insert into `md_city` (`id`,`name`,`state_id`) values (367,'Nanjangud',17);
insert into `md_city` (`id`,`name`,`state_id`) values (368,'Narasaraopet',2);
insert into `md_city` (`id`,`name`,`state_id`) values (369,'Nashik',21);
insert into `md_city` (`id`,`name`,`state_id`) values (370,'Navsari',12);
insert into `md_city` (`id`,`name`,`state_id`) values (371,'Nawadha',5);
insert into `md_city` (`id`,`name`,`state_id`) values (372,'Nawanshahr',28);
insert into `md_city` (`id`,`name`,`state_id`) values (373,'Nellore',2);
insert into `md_city` (`id`,`name`,`state_id`) values (374,'Nilgiris',31);
insert into `md_city` (`id`,`name`,`state_id`) values (375,'Nizamabad',32);
insert into `md_city` (`id`,`name`,`state_id`) values (376,'North 24 Parganas',36);
insert into `md_city` (`id`,`name`,`state_id`) values (377,'North Cachar Hills',4);
insert into `md_city` (`id`,`name`,`state_id`) values (378,'North Dinajpur',36);
insert into `md_city` (`id`,`name`,`state_id`) values (379,'North Sikkim',30);
insert into `md_city` (`id`,`name`,`state_id`) values (380,'North Tripura',33);
insert into `md_city` (`id`,`name`,`state_id`) values (381,'Osmanabad',21);
insert into `md_city` (`id`,`name`,`state_id`) values (382,'Ottapalam',18);
insert into `md_city` (`id`,`name`,`state_id`) values (383,'Palamau',16);
insert into `md_city` (`id`,`name`,`state_id`) values (384,'Palghat',18);
insert into `md_city` (`id`,`name`,`state_id`) values (385,'Pali',29);
insert into `md_city` (`id`,`name`,`state_id`) values (386,'Panchmahals',12);
insert into `md_city` (`id`,`name`,`state_id`) values (387,'Papum Pare',3);
insert into `md_city` (`id`,`name`,`state_id`) values (388,'Parbhani',21);
insert into `md_city` (`id`,`name`,`state_id`) values (389,'Parvathipuram',2);
insert into `md_city` (`id`,`name`,`state_id`) values (390,'Patan',12);
insert into `md_city` (`id`,`name`,`state_id`) values (391,'Pathanamthitta',18);
insert into `md_city` (`id`,`name`,`state_id`) values (392,'Patiala',28);
insert into `md_city` (`id`,`name`,`state_id`) values (393,'Patna',5);
insert into `md_city` (`id`,`name`,`state_id`) values (394,'Pattukottai',31);
insert into `md_city` (`id`,`name`,`state_id`) values (395,'Pauri Garhwal',35);
insert into `md_city` (`id`,`name`,`state_id`) values (396,'Peddapalli',32);
insert into `md_city` (`id`,`name`,`state_id`) values (397,'Peren',25);
insert into `md_city` (`id`,`name`,`state_id`) values (398,'Phek',25);
insert into `md_city` (`id`,`name`,`state_id`) values (399,'Phulbani',26);
insert into `md_city` (`id`,`name`,`state_id`) values (400,'Pilibhit',34);
insert into `md_city` (`id`,`name`,`state_id`) values (401,'Pithoragarh',35);
insert into `md_city` (`id`,`name`,`state_id`) values (402,'Poducherry (PD)',27);
insert into `md_city` (`id`,`name`,`state_id`) values (403,'Poducherry (TN)',31);
insert into `md_city` (`id`,`name`,`state_id`) values (404,'Pollachi',31);
insert into `md_city` (`id`,`name`,`state_id`) values (405,'Poonch',15);
insert into `md_city` (`id`,`name`,`state_id`) values (406,'Porbandar',12);
insert into `md_city` (`id`,`name`,`state_id`) values (407,'Port Blair',1);
insert into `md_city` (`id`,`name`,`state_id`) values (408,'Prakasam',2);
insert into `md_city` (`id`,`name`,`state_id`) values (409,'Pratapgarh',34);
insert into `md_city` (`id`,`name`,`state_id`) values (410,'Proddatur',2);
insert into `md_city` (`id`,`name`,`state_id`) values (411,'Pudukkottai',31);
insert into `md_city` (`id`,`name`,`state_id`) values (412,'Pulwama',15);
insert into `md_city` (`id`,`name`,`state_id`) values (413,'Pune',21);
insert into `md_city` (`id`,`name`,`state_id`) values (414,'Puri',26);
insert into `md_city` (`id`,`name`,`state_id`) values (415,'Purnea',5);
insert into `md_city` (`id`,`name`,`state_id`) values (416,'Purulia',36);
insert into `md_city` (`id`,`name`,`state_id`) values (417,'Puttur',17);
insert into `md_city` (`id`,`name`,`state_id`) values (418,'Quilon',18);
insert into `md_city` (`id`,`name`,`state_id`) values (419,'Raebareli',34);
insert into `md_city` (`id`,`name`,`state_id`) values (420,'Raichur',17);
insert into `md_city` (`id`,`name`,`state_id`) values (421,'Raigarh (CT)',7);
insert into `md_city` (`id`,`name`,`state_id`) values (422,'Raigarh (MH)',21);
insert into `md_city` (`id`,`name`,`state_id`) values (423,'Raipur',7);
insert into `md_city` (`id`,`name`,`state_id`) values (424,'Rajahmundry',2);
insert into `md_city` (`id`,`name`,`state_id`) values (425,'Rajauri',15);
insert into `md_city` (`id`,`name`,`state_id`) values (426,'Rajkot',12);
insert into `md_city` (`id`,`name`,`state_id`) values (427,'Rajsamand',29);
insert into `md_city` (`id`,`name`,`state_id`) values (428,'Ramanathapuram',31);
insert into `md_city` (`id`,`name`,`state_id`) values (429,'Rampur',34);
insert into `md_city` (`id`,`name`,`state_id`) values (430,'Rampur Bushahr',14);
insert into `md_city` (`id`,`name`,`state_id`) values (431,'Ranchi',16);
insert into `md_city` (`id`,`name`,`state_id`) values (432,'Rangat',1);
insert into `md_city` (`id`,`name`,`state_id`) values (433,'Ratlam',20);
insert into `md_city` (`id`,`name`,`state_id`) values (434,'Ratnagiri',21);
insert into `md_city` (`id`,`name`,`state_id`) values (435,'Reasi',15);
insert into `md_city` (`id`,`name`,`state_id`) values (436,'Rewa',20);
insert into `md_city` (`id`,`name`,`state_id`) values (437,'Ri Bhoi',23);
insert into `md_city` (`id`,`name`,`state_id`) values (438,'Rohtak',13);
insert into `md_city` (`id`,`name`,`state_id`) values (439,'Rohtas',5);
insert into `md_city` (`id`,`name`,`state_id`) values (440,'Ropar',28);
insert into `md_city` (`id`,`name`,`state_id`) values (441,'Rudraprayag',35);
insert into `md_city` (`id`,`name`,`state_id`) values (442,'Rupnagar',28);
insert into `md_city` (`id`,`name`,`state_id`) values (443,'Sabarkantha',12);
insert into `md_city` (`id`,`name`,`state_id`) values (444,'Sagar',20);
insert into `md_city` (`id`,`name`,`state_id`) values (445,'Saharanpur',34);
insert into `md_city` (`id`,`name`,`state_id`) values (446,'Saharsa',5);
insert into `md_city` (`id`,`name`,`state_id`) values (447,'Salem East',31);
insert into `md_city` (`id`,`name`,`state_id`) values (448,'Salem West',31);
insert into `md_city` (`id`,`name`,`state_id`) values (449,'Samastipur',5);
insert into `md_city` (`id`,`name`,`state_id`) values (450,'Sambalpur',26);
insert into `md_city` (`id`,`name`,`state_id`) values (451,'Sangareddy',32);
insert into `md_city` (`id`,`name`,`state_id`) values (452,'Sangli',21);
insert into `md_city` (`id`,`name`,`state_id`) values (453,'Sangrur',28);
insert into `md_city` (`id`,`name`,`state_id`) values (454,'Sant Kabir Nagar',34);
insert into `md_city` (`id`,`name`,`state_id`) values (455,'Sant Ravidas Nagar',34);
insert into `md_city` (`id`,`name`,`state_id`) values (456,'Santhal Parganas',16);
insert into `md_city` (`id`,`name`,`state_id`) values (457,'Saran',5);
insert into `md_city` (`id`,`name`,`state_id`) values (458,'Satara',21);
insert into `md_city` (`id`,`name`,`state_id`) values (459,'Sawai Madhopur',29);
insert into `md_city` (`id`,`name`,`state_id`) values (460,'Secunderabad',32);
insert into `md_city` (`id`,`name`,`state_id`) values (461,'Sehore',20);
insert into `md_city` (`id`,`name`,`state_id`) values (462,'Senapati',22);
insert into `md_city` (`id`,`name`,`state_id`) values (463,'Serchhip',24);
insert into `md_city` (`id`,`name`,`state_id`) values (464,'Shahdol',20);
insert into `md_city` (`id`,`name`,`state_id`) values (465,'Shahjahanpur',34);
insert into `md_city` (`id`,`name`,`state_id`) values (466,'Shimla',14);
insert into `md_city` (`id`,`name`,`state_id`) values (467,'Shimoga',17);
insert into `md_city` (`id`,`name`,`state_id`) values (468,'Shrawasti',34);
insert into `md_city` (`id`,`name`,`state_id`) values (469,'Sibsagar',4);
insert into `md_city` (`id`,`name`,`state_id`) values (470,'Siddharthnagar',34);
insert into `md_city` (`id`,`name`,`state_id`) values (471,'Sikar',29);
insert into `md_city` (`id`,`name`,`state_id`) values (472,'Sindhudurg',21);
insert into `md_city` (`id`,`name`,`state_id`) values (473,'Singhbhum',16);
insert into `md_city` (`id`,`name`,`state_id`) values (474,'Sirohi',29);
insert into `md_city` (`id`,`name`,`state_id`) values (475,'Sirsi',17);
insert into `md_city` (`id`,`name`,`state_id`) values (476,'Sitamarhi',5);
insert into `md_city` (`id`,`name`,`state_id`) values (477,'Sitapur',34);
insert into `md_city` (`id`,`name`,`state_id`) values (478,'Sivaganga',31);
insert into `md_city` (`id`,`name`,`state_id`) values (479,'Siwan',5);
insert into `md_city` (`id`,`name`,`state_id`) values (480,'Solan',14);
insert into `md_city` (`id`,`name`,`state_id`) values (481,'Solapur',21);
insert into `md_city` (`id`,`name`,`state_id`) values (482,'Sonbhadra',34);
insert into `md_city` (`id`,`name`,`state_id`) values (483,'Sonepat',13);
insert into `md_city` (`id`,`name`,`state_id`) values (484,'Sonitpur',4);
insert into `md_city` (`id`,`name`,`state_id`) values (485,'South 24 Parganas',36);
insert into `md_city` (`id`,`name`,`state_id`) values (486,'South Dinajpur',36);
insert into `md_city` (`id`,`name`,`state_id`) values (487,'South Garo Hills',23);
insert into `md_city` (`id`,`name`,`state_id`) values (488,'South Sikkim',30);
insert into `md_city` (`id`,`name`,`state_id`) values (489,'South Tripura',33);
insert into `md_city` (`id`,`name`,`state_id`) values (490,'Srikakulam',2);
insert into `md_city` (`id`,`name`,`state_id`) values (491,'Srinagar',15);
insert into `md_city` (`id`,`name`,`state_id`) values (492,'Srirangam',31);
insert into `md_city` (`id`,`name`,`state_id`) values (493,'Sultanpur',34);
insert into `md_city` (`id`,`name`,`state_id`) values (494,'Sundargarh',26);
insert into `md_city` (`id`,`name`,`state_id`) values (495,'Surat',12);
insert into `md_city` (`id`,`name`,`state_id`) values (496,'Surendranagar',12);
insert into `md_city` (`id`,`name`,`state_id`) values (497,'Suryapet',32);
insert into `md_city` (`id`,`name`,`state_id`) values (498,'Tadepalligudem',2);
insert into `md_city` (`id`,`name`,`state_id`) values (499,'Tambaram',31);
insert into `md_city` (`id`,`name`,`state_id`) values (500,'Tamenglong',22);
insert into `md_city` (`id`,`name`,`state_id`) values (501,'Tamluk',36);
insert into `md_city` (`id`,`name`,`state_id`) values (502,'Tarn Taran',28);
insert into `md_city` (`id`,`name`,`state_id`) values (503,'Tawang',3);
insert into `md_city` (`id`,`name`,`state_id`) values (504,'Tehri Garhwal',35);
insert into `md_city` (`id`,`name`,`state_id`) values (505,'Tenali',2);
insert into `md_city` (`id`,`name`,`state_id`) values (506,'Thalassery',18);
insert into `md_city` (`id`,`name`,`state_id`) values (507,'Thane',21);
insert into `md_city` (`id`,`name`,`state_id`) values (508,'Thanjavur',31);
insert into `md_city` (`id`,`name`,`state_id`) values (509,'Theni',31);
insert into `md_city` (`id`,`name`,`state_id`) values (510,'Thoubal',22);
insert into `md_city` (`id`,`name`,`state_id`) values (511,'Tinsukia',4);
insert into `md_city` (`id`,`name`,`state_id`) values (512,'Tirap',3);
insert into `md_city` (`id`,`name`,`state_id`) values (513,'Tiruchirapalli',31);
insert into `md_city` (`id`,`name`,`state_id`) values (514,'Tirunelveli',31);
insert into `md_city` (`id`,`name`,`state_id`) values (515,'Tirupati',2);
insert into `md_city` (`id`,`name`,`state_id`) values (516,'Tirupattur',31);
insert into `md_city` (`id`,`name`,`state_id`) values (517,'Tirupur',31);
insert into `md_city` (`id`,`name`,`state_id`) values (518,'Tirur',18);
insert into `md_city` (`id`,`name`,`state_id`) values (519,'Tiruvalla',18);
insert into `md_city` (`id`,`name`,`state_id`) values (520,'Tiruvannamalai',31);
insert into `md_city` (`id`,`name`,`state_id`) values (521,'Tonk',29);
insert into `md_city` (`id`,`name`,`state_id`) values (522,'Trichur',18);
insert into `md_city` (`id`,`name`,`state_id`) values (523,'Trivandrum North',18);
insert into `md_city` (`id`,`name`,`state_id`) values (524,'Trivandrum South',18);
insert into `md_city` (`id`,`name`,`state_id`) values (525,'Tuensang',25);
insert into `md_city` (`id`,`name`,`state_id`) values (526,'Tumkur',17);
insert into `md_city` (`id`,`name`,`state_id`) values (527,'Tuticorin',31);
insert into `md_city` (`id`,`name`,`state_id`) values (528,'Udaipur',29);
insert into `md_city` (`id`,`name`,`state_id`) values (529,'Udham Singh Nagar',35);
insert into `md_city` (`id`,`name`,`state_id`) values (530,'Udhampur',15);
insert into `md_city` (`id`,`name`,`state_id`) values (531,'Udupi',17);
insert into `md_city` (`id`,`name`,`state_id`) values (532,'Ujjain',20);
insert into `md_city` (`id`,`name`,`state_id`) values (533,'Ukhrul',22);
insert into `md_city` (`id`,`name`,`state_id`) values (534,'Una',14);
insert into `md_city` (`id`,`name`,`state_id`) values (535,'Unnao',34);
insert into `md_city` (`id`,`name`,`state_id`) values (536,'Upper Siang',3);
insert into `md_city` (`id`,`name`,`state_id`) values (537,'Upper Subansiri',3);
insert into `md_city` (`id`,`name`,`state_id`) values (538,'Uttarkashi',35);
insert into `md_city` (`id`,`name`,`state_id`) values (539,'Vadakara',18);
insert into `md_city` (`id`,`name`,`state_id`) values (540,'Vadodara East',12);
insert into `md_city` (`id`,`name`,`state_id`) values (541,'Vadodara West',12);
insert into `md_city` (`id`,`name`,`state_id`) values (542,'Vaishali',5);
insert into `md_city` (`id`,`name`,`state_id`) values (543,'Valsad',12);
insert into `md_city` (`id`,`name`,`state_id`) values (544,'Varanasi',34);
insert into `md_city` (`id`,`name`,`state_id`) values (545,'Vellore',31);
insert into `md_city` (`id`,`name`,`state_id`) values (546,'Vidisha',20);
insert into `md_city` (`id`,`name`,`state_id`) values (547,'Vijayawada',2);
insert into `md_city` (`id`,`name`,`state_id`) values (548,'Virudhunagar',31);
insert into `md_city` (`id`,`name`,`state_id`) values (549,'Visakhapatnam',2);
insert into `md_city` (`id`,`name`,`state_id`) values (550,'Vizianagaram',2);
insert into `md_city` (`id`,`name`,`state_id`) values (551,'Vriddhachalam',31);
insert into `md_city` (`id`,`name`,`state_id`) values (552,'Wanaparthy',32);
insert into `md_city` (`id`,`name`,`state_id`) values (553,'Warangal',32);
insert into `md_city` (`id`,`name`,`state_id`) values (554,'Wardha',21);
insert into `md_city` (`id`,`name`,`state_id`) values (555,'Washim',21);
insert into `md_city` (`id`,`name`,`state_id`) values (556,'West Champaran',5);
insert into `md_city` (`id`,`name`,`state_id`) values (557,'West Garo Hills',23);
insert into `md_city` (`id`,`name`,`state_id`) values (558,'West Kameng',3);
insert into `md_city` (`id`,`name`,`state_id`) values (559,'West Khasi Hills',23);
insert into `md_city` (`id`,`name`,`state_id`) values (560,'West Siang',3);
insert into `md_city` (`id`,`name`,`state_id`) values (561,'West Sikkim',30);
insert into `md_city` (`id`,`name`,`state_id`) values (562,'West Tripura',33);
insert into `md_city` (`id`,`name`,`state_id`) values (563,'Wokha',25);
insert into `md_city` (`id`,`name`,`state_id`) values (564,'Yavatmal',21);
insert into `md_city` (`id`,`name`,`state_id`) values (565,'Zunhebotto',25);

/*Table structure for table `md_country` */

DROP TABLE IF EXISTS `md_country`;

CREATE TABLE `md_country` (
  `id` int(11) NOT NULL AUTO_INCREMENT,
  `code` varchar(4) NOT NULL,
  `name` varchar(255) CHARACTER SET utf8 NOT NULL,
  PRIMARY KEY (`id`)
) ENGINE=MyISAM AUTO_INCREMENT=247 DEFAULT CHARSET=latin1;

/*Data for the table `md_country` */

insert into `md_country` (`id`,`code`,`name`) values (1,'AF','Afghanistan');
insert into `md_country` (`id`,`code`,`name`) values (2,'AL','Albania');
insert into `md_country` (`id`,`code`,`name`) values (3,'DZ','Algeria');
insert into `md_country` (`id`,`code`,`name`) values (4,'DS','American Samoa');
insert into `md_country` (`id`,`code`,`name`) values (5,'AD','Andorra');
insert into `md_country` (`id`,`code`,`name`) values (6,'AO','Angola');
insert into `md_country` (`id`,`code`,`name`) values (7,'AI','Anguilla');
insert into `md_country` (`id`,`code`,`name`) values (8,'AQ','Antarctica');
insert into `md_country` (`id`,`code`,`name`) values (9,'AG','Antigua and Barbuda');
insert into `md_country` (`id`,`code`,`name`) values (10,'AR','Argentina');
insert into `md_country` (`id`,`code`,`name`) values (11,'AM','Armenia');
insert into `md_country` (`id`,`code`,`name`) values (12,'AW','Aruba');
insert into `md_country` (`id`,`code`,`name`) values (13,'AU','Australia');
insert into `md_country` (`id`,`code`,`name`) values (14,'AT','Austria');
insert into `md_country` (`id`,`code`,`name`) values (15,'AZ','Azerbaijan');
insert into `md_country` (`id`,`code`,`name`) values (16,'BS','Bahamas');
insert into `md_country` (`id`,`code`,`name`) values (17,'BH','Bahrain');
insert into `md_country` (`id`,`code`,`name`) values (18,'BD','Bangladesh');
insert into `md_country` (`id`,`code`,`name`) values (19,'BB','Barbados');
insert into `md_country` (`id`,`code`,`name`) values (20,'BY','Belarus');
insert into `md_country` (`id`,`code`,`name`) values (21,'BE','Belgium');
insert into `md_country` (`id`,`code`,`name`) values (22,'BZ','Belize');
insert into `md_country` (`id`,`code`,`name`) values (23,'BJ','Benin');
insert into `md_country` (`id`,`code`,`name`) values (24,'BM','Bermuda');
insert into `md_country` (`id`,`code`,`name`) values (25,'BT','Bhutan');
insert into `md_country` (`id`,`code`,`name`) values (26,'BO','Bolivia');
insert into `md_country` (`id`,`code`,`name`) values (27,'BA','Bosnia and Herzegovina');
insert into `md_country` (`id`,`code`,`name`) values (28,'BW','Botswana');
insert into `md_country` (`id`,`code`,`name`) values (29,'BV','Bouvet Island');
insert into `md_country` (`id`,`code`,`name`) values (30,'BR','Brazil');
insert into `md_country` (`id`,`code`,`name`) values (31,'IO','British Indian Ocean Territory');
insert into `md_country` (`id`,`code`,`name`) values (32,'BN','Brunei Darussalam');
insert into `md_country` (`id`,`code`,`name`) values (33,'BG','Bulgaria');
insert into `md_country` (`id`,`code`,`name`) values (34,'BF','Burkina Faso');
insert into `md_country` (`id`,`code`,`name`) values (35,'BI','Burundi');
insert into `md_country` (`id`,`code`,`name`) values (36,'KH','Cambodia');
insert into `md_country` (`id`,`code`,`name`) values (37,'CM','Cameroon');
insert into `md_country` (`id`,`code`,`name`) values (38,'CA','Canada');
insert into `md_country` (`id`,`code`,`name`) values (39,'CV','Cape Verde');
insert into `md_country` (`id`,`code`,`name`) values (40,'KY','Cayman Islands');
insert into `md_country` (`id`,`code`,`name`) values (41,'CF','Central African Republic');
insert into `md_country` (`id`,`code`,`name`) values (42,'TD','Chad');
insert into `md_country` (`id`,`code`,`name`) values (43,'CL','Chile');
insert into `md_country` (`id`,`code`,`name`) values (44,'CN','China');
insert into `md_country` (`id`,`code`,`name`) values (45,'CX','Christmas Island');
insert into `md_country` (`id`,`code`,`name`) values (46,'CC','Cocos (Keeling) Islands');
insert into `md_country` (`id`,`code`,`name`) values (47,'CO','Colombia');
insert into `md_country` (`id`,`code`,`name`) values (48,'KM','Comoros');
insert into `md_country` (`id`,`code`,`name`) values (49,'CG','Congo');
insert into `md_country` (`id`,`code`,`name`) values (50,'CK','Cook Islands');
insert into `md_country` (`id`,`code`,`name`) values (51,'CR','Costa Rica');
insert into `md_country` (`id`,`code`,`name`) values (52,'HR','Croatia (Hrvatska)');
insert into `md_country` (`id`,`code`,`name`) values (53,'CU','Cuba');
insert into `md_country` (`id`,`code`,`name`) values (54,'CY','Cyprus');
insert into `md_country` (`id`,`code`,`name`) values (55,'CZ','Czech Republic');
insert into `md_country` (`id`,`code`,`name`) values (56,'DK','Denmark');
insert into `md_country` (`id`,`code`,`name`) values (57,'DJ','Djibouti');
insert into `md_country` (`id`,`code`,`name`) values (58,'DM','Dominica');
insert into `md_country` (`id`,`code`,`name`) values (59,'DO','Dominican Republic');
insert into `md_country` (`id`,`code`,`name`) values (60,'TP','East Timor');
insert into `md_country` (`id`,`code`,`name`) values (61,'EC','Ecuador');
insert into `md_country` (`id`,`code`,`name`) values (62,'EG','Egypt');
insert into `md_country` (`id`,`code`,`name`) values (63,'SV','El Salvador');
insert into `md_country` (`id`,`code`,`name`) values (64,'GQ','Equatorial Guinea');
insert into `md_country` (`id`,`code`,`name`) values (65,'ER','Eritrea');
insert into `md_country` (`id`,`code`,`name`) values (66,'EE','Estonia');
insert into `md_country` (`id`,`code`,`name`) values (67,'ET','Ethiopia');
insert into `md_country` (`id`,`code`,`name`) values (68,'FK','Falkland Islands (Malvinas)');
insert into `md_country` (`id`,`code`,`name`) values (69,'FO','Faroe Islands');
insert into `md_country` (`id`,`code`,`name`) values (70,'FJ','Fiji');
insert into `md_country` (`id`,`code`,`name`) values (71,'FI','Finland');
insert into `md_country` (`id`,`code`,`name`) values (72,'FR','France');
insert into `md_country` (`id`,`code`,`name`) values (73,'FX','France, Metropolitan');
insert into `md_country` (`id`,`code`,`name`) values (74,'GF','French Guiana');
insert into `md_country` (`id`,`code`,`name`) values (75,'PF','French Polynesia');
insert into `md_country` (`id`,`code`,`name`) values (76,'TF','French Southern Territories');
insert into `md_country` (`id`,`code`,`name`) values (77,'GA','Gabon');
insert into `md_country` (`id`,`code`,`name`) values (78,'GM','Gambia');
insert into `md_country` (`id`,`code`,`name`) values (79,'GE','Georgia');
insert into `md_country` (`id`,`code`,`name`) values (80,'DE','Germany');
insert into `md_country` (`id`,`code`,`name`) values (81,'GH','Ghana');
insert into `md_country` (`id`,`code`,`name`) values (82,'GI','Gibraltar');
insert into `md_country` (`id`,`code`,`name`) values (83,'GK','Guernsey');
insert into `md_country` (`id`,`code`,`name`) values (84,'GR','Greece');
insert into `md_country` (`id`,`code`,`name`) values (85,'GL','Greenland');
insert into `md_country` (`id`,`code`,`name`) values (86,'GD','Grenada');
insert into `md_country` (`id`,`code`,`name`) values (87,'GP','Guadeloupe');
insert into `md_country` (`id`,`code`,`name`) values (88,'GU','Guam');
insert into `md_country` (`id`,`code`,`name`) values (89,'GT','Guatemala');
insert into `md_country` (`id`,`code`,`name`) values (90,'GN','Guinea');
insert into `md_country` (`id`,`code`,`name`) values (91,'GW','Guinea-Bissau');
insert into `md_country` (`id`,`code`,`name`) values (92,'GY','Guyana');
insert into `md_country` (`id`,`code`,`name`) values (93,'HT','Haiti');
insert into `md_country` (`id`,`code`,`name`) values (94,'HM','Heard and Mc Donald Islands');
insert into `md_country` (`id`,`code`,`name`) values (95,'HN','Honduras');
insert into `md_country` (`id`,`code`,`name`) values (96,'HK','Hong Kong');
insert into `md_country` (`id`,`code`,`name`) values (97,'HU','Hungary');
insert into `md_country` (`id`,`code`,`name`) values (98,'IS','Iceland');
insert into `md_country` (`id`,`code`,`name`) values (99,'IN','India');
insert into `md_country` (`id`,`code`,`name`) values (100,'IM','Isle of Man');
insert into `md_country` (`id`,`code`,`name`) values (101,'ID','Indonesia');
insert into `md_country` (`id`,`code`,`name`) values (102,'IR','Iran (Islamic Republic of)');
insert into `md_country` (`id`,`code`,`name`) values (103,'IQ','Iraq');
insert into `md_country` (`id`,`code`,`name`) values (104,'IE','Ireland');
insert into `md_country` (`id`,`code`,`name`) values (105,'IL','Israel');
insert into `md_country` (`id`,`code`,`name`) values (106,'IT','Italy');
insert into `md_country` (`id`,`code`,`name`) values (107,'CI','Ivory Coast');
insert into `md_country` (`id`,`code`,`name`) values (108,'JE','Jersey');
insert into `md_country` (`id`,`code`,`name`) values (109,'JM','Jamaica');
insert into `md_country` (`id`,`code`,`name`) values (110,'JP','Japan');
insert into `md_country` (`id`,`code`,`name`) values (111,'JO','Jordan');
insert into `md_country` (`id`,`code`,`name`) values (112,'KZ','Kazakhstan');
insert into `md_country` (`id`,`code`,`name`) values (113,'KE','Kenya');
insert into `md_country` (`id`,`code`,`name`) values (114,'KI','Kiribati');
insert into `md_country` (`id`,`code`,`name`) values (115,'KP','Korea, Democratic People\'s Republic of');
insert into `md_country` (`id`,`code`,`name`) values (116,'KR','Korea, Republic of');
insert into `md_country` (`id`,`code`,`name`) values (117,'XK','Kosovo');
insert into `md_country` (`id`,`code`,`name`) values (118,'KW','Kuwait');
insert into `md_country` (`id`,`code`,`name`) values (119,'KG','Kyrgyzstan');
insert into `md_country` (`id`,`code`,`name`) values (120,'LA','Lao People\'s Democratic Republic');
insert into `md_country` (`id`,`code`,`name`) values (121,'LV','Latvia');
insert into `md_country` (`id`,`code`,`name`) values (122,'LB','Lebanon');
insert into `md_country` (`id`,`code`,`name`) values (123,'LS','Lesotho');
insert into `md_country` (`id`,`code`,`name`) values (124,'LR','Liberia');
insert into `md_country` (`id`,`code`,`name`) values (125,'LY','Libyan Arab Jamahiriya');
insert into `md_country` (`id`,`code`,`name`) values (126,'LI','Liechtenstein');
insert into `md_country` (`id`,`code`,`name`) values (127,'LT','Lithuania');
insert into `md_country` (`id`,`code`,`name`) values (128,'LU','Luxembourg');
insert into `md_country` (`id`,`code`,`name`) values (129,'MO','Macau');
insert into `md_country` (`id`,`code`,`name`) values (130,'MK','Macedonia');
insert into `md_country` (`id`,`code`,`name`) values (131,'MG','Madagascar');
insert into `md_country` (`id`,`code`,`name`) values (132,'MW','Malawi');
insert into `md_country` (`id`,`code`,`name`) values (133,'MY','Malaysia');
insert into `md_country` (`id`,`code`,`name`) values (134,'MV','Maldives');
insert into `md_country` (`id`,`code`,`name`) values (135,'ML','Mali');
insert into `md_country` (`id`,`code`,`name`) values (136,'MT','Malta');
insert into `md_country` (`id`,`code`,`name`) values (137,'MH','Marshall Islands');
insert into `md_country` (`id`,`code`,`name`) values (138,'MQ','Martinique');
insert into `md_country` (`id`,`code`,`name`) values (139,'MR','Mauritania');
insert into `md_country` (`id`,`code`,`name`) values (140,'MU','Mauritius');
insert into `md_country` (`id`,`code`,`name`) values (141,'TY','Mayotte');
insert into `md_country` (`id`,`code`,`name`) values (142,'MX','Mexico');
insert into `md_country` (`id`,`code`,`name`) values (143,'FM','Micronesia, Federated States of');
insert into `md_country` (`id`,`code`,`name`) values (144,'MD','Moldova, Republic of');
insert into `md_country` (`id`,`code`,`name`) values (145,'MC','Monaco');
insert into `md_country` (`id`,`code`,`name`) values (146,'MN','Mongolia');
insert into `md_country` (`id`,`code`,`name`) values (147,'ME','Montenegro');
insert into `md_country` (`id`,`code`,`name`) values (148,'MS','Montserrat');
insert into `md_country` (`id`,`code`,`name`) values (149,'MA','Morocco');
insert into `md_country` (`id`,`code`,`name`) values (150,'MZ','Mozambique');
insert into `md_country` (`id`,`code`,`name`) values (151,'MM','Myanmar');
insert into `md_country` (`id`,`code`,`name`) values (152,'NA','Namibia');
insert into `md_country` (`id`,`code`,`name`) values (153,'NR','Nauru');
insert into `md_country` (`id`,`code`,`name`) values (154,'NP','Nepal');
insert into `md_country` (`id`,`code`,`name`) values (155,'NL','Netherlands');
insert into `md_country` (`id`,`code`,`name`) values (156,'AN','Netherlands Antilles');
insert into `md_country` (`id`,`code`,`name`) values (157,'NC','New Caledonia');
insert into `md_country` (`id`,`code`,`name`) values (158,'NZ','New Zealand');
insert into `md_country` (`id`,`code`,`name`) values (159,'NI','Nicaragua');
insert into `md_country` (`id`,`code`,`name`) values (160,'NE','Niger');
insert into `md_country` (`id`,`code`,`name`) values (161,'NG','Nigeria');
insert into `md_country` (`id`,`code`,`name`) values (162,'NU','Niue');
insert into `md_country` (`id`,`code`,`name`) values (163,'NF','Norfolk Island');
insert into `md_country` (`id`,`code`,`name`) values (164,'MP','Northern Mariana Islands');
insert into `md_country` (`id`,`code`,`name`) values (165,'NO','Norway');
insert into `md_country` (`id`,`code`,`name`) values (166,'OM','Oman');
insert into `md_country` (`id`,`code`,`name`) values (167,'PK','Pakistan');
insert into `md_country` (`id`,`code`,`name`) values (168,'PW','Palau');
insert into `md_country` (`id`,`code`,`name`) values (169,'PS','Palestine');
insert into `md_country` (`id`,`code`,`name`) values (170,'PA','Panama');
insert into `md_country` (`id`,`code`,`name`) values (171,'PG','Papua New Guinea');
insert into `md_country` (`id`,`code`,`name`) values (172,'PY','Paraguay');
insert into `md_country` (`id`,`code`,`name`) values (173,'PE','Peru');
insert into `md_country` (`id`,`code`,`name`) values (174,'PH','Philippines');
insert into `md_country` (`id`,`code`,`name`) values (175,'PN','Pitcairn');
insert into `md_country` (`id`,`code`,`name`) values (176,'PL','Poland');
insert into `md_country` (`id`,`code`,`name`) values (177,'PT','Portugal');
insert into `md_country` (`id`,`code`,`name`) values (178,'PR','Puerto Rico');
insert into `md_country` (`id`,`code`,`name`) values (179,'QA','Qatar');
insert into `md_country` (`id`,`code`,`name`) values (180,'RE','Reunion');
insert into `md_country` (`id`,`code`,`name`) values (181,'RO','Romania');
insert into `md_country` (`id`,`code`,`name`) values (182,'RU','Russian Federation');
insert into `md_country` (`id`,`code`,`name`) values (183,'RW','Rwanda');
insert into `md_country` (`id`,`code`,`name`) values (184,'KN','Saint Kitts and Nevis');
insert into `md_country` (`id`,`code`,`name`) values (185,'LC','Saint Lucia');
insert into `md_country` (`id`,`code`,`name`) values (186,'VC','Saint Vincent and the Grenadines');
insert into `md_country` (`id`,`code`,`name`) values (187,'WS','Samoa');
insert into `md_country` (`id`,`code`,`name`) values (188,'SM','San Marino');
insert into `md_country` (`id`,`code`,`name`) values (189,'ST','Sao Tome and Principe');
insert into `md_country` (`id`,`code`,`name`) values (190,'SA','Saudi Arabia');
insert into `md_country` (`id`,`code`,`name`) values (191,'SN','Senegal');
insert into `md_country` (`id`,`code`,`name`) values (192,'RS','Serbia');
insert into `md_country` (`id`,`code`,`name`) values (193,'SC','Seychelles');
insert into `md_country` (`id`,`code`,`name`) values (194,'SL','Sierra Leone');
insert into `md_country` (`id`,`code`,`name`) values (195,'SG','Singapore');
insert into `md_country` (`id`,`code`,`name`) values (196,'SK','Slovakia');
insert into `md_country` (`id`,`code`,`name`) values (197,'SI','Slovenia');
insert into `md_country` (`id`,`code`,`name`) values (198,'SB','Solomon Islands');
insert into `md_country` (`id`,`code`,`name`) values (199,'SO','Somalia');
insert into `md_country` (`id`,`code`,`name`) values (200,'ZA','South Africa');
insert into `md_country` (`id`,`code`,`name`) values (201,'GS','South Georgia South Sandwich Islands');
insert into `md_country` (`id`,`code`,`name`) values (202,'SS','South Sudan');
insert into `md_country` (`id`,`code`,`name`) values (203,'ES','Spain');
insert into `md_country` (`id`,`code`,`name`) values (204,'LK','Sri Lanka');
insert into `md_country` (`id`,`code`,`name`) values (205,'SH','St. Helena');
insert into `md_country` (`id`,`code`,`name`) values (206,'PM','St. Pierre and Miquelon');
insert into `md_country` (`id`,`code`,`name`) values (207,'SD','Sudan');
insert into `md_country` (`id`,`code`,`name`) values (208,'SR','Suriname');
insert into `md_country` (`id`,`code`,`name`) values (209,'SJ','Svalbard and Jan Mayen Islands');
insert into `md_country` (`id`,`code`,`name`) values (210,'SZ','Swaziland');
insert into `md_country` (`id`,`code`,`name`) values (211,'SE','Sweden');
insert into `md_country` (`id`,`code`,`name`) values (212,'CH','Switzerland');
insert into `md_country` (`id`,`code`,`name`) values (213,'SY','Syrian Arab Republic');
insert into `md_country` (`id`,`code`,`name`) values (214,'TW','Taiwan');
insert into `md_country` (`id`,`code`,`name`) values (215,'TJ','Tajikistan');
insert into `md_country` (`id`,`code`,`name`) values (216,'TZ','Tanzania, United Republic of');
insert into `md_country` (`id`,`code`,`name`) values (217,'TH','Thailand');
insert into `md_country` (`id`,`code`,`name`) values (218,'TG','Togo');
insert into `md_country` (`id`,`code`,`name`) values (219,'TK','Tokelau');
insert into `md_country` (`id`,`code`,`name`) values (220,'TO','Tonga');
insert into `md_country` (`id`,`code`,`name`) values (221,'TT','Trinidad and Tobago');
insert into `md_country` (`id`,`code`,`name`) values (222,'TN','Tunisia');
insert into `md_country` (`id`,`code`,`name`) values (223,'TR','Turkey');
insert into `md_country` (`id`,`code`,`name`) values (224,'TM','Turkmenistan');
insert into `md_country` (`id`,`code`,`name`) values (225,'TC','Turks and Caicos Islands');
insert into `md_country` (`id`,`code`,`name`) values (226,'TV','Tuvalu');
insert into `md_country` (`id`,`code`,`name`) values (227,'UG','Uganda');
insert into `md_country` (`id`,`code`,`name`) values (228,'UA','Ukraine');
insert into `md_country` (`id`,`code`,`name`) values (229,'AE','United Arab Emirates');
insert into `md_country` (`id`,`code`,`name`) values (230,'GB','United Kingdom');
insert into `md_country` (`id`,`code`,`name`) values (231,'US','United States');
insert into `md_country` (`id`,`code`,`name`) values (232,'UM','United States minor outlying islands');
insert into `md_country` (`id`,`code`,`name`) values (233,'UY','Uruguay');
insert into `md_country` (`id`,`code`,`name`) values (234,'UZ','Uzbekistan');
insert into `md_country` (`id`,`code`,`name`) values (235,'VU','Vanuatu');
insert into `md_country` (`id`,`code`,`name`) values (236,'VA','Vatican City State');
insert into `md_country` (`id`,`code`,`name`) values (237,'VE','Venezuela');
insert into `md_country` (`id`,`code`,`name`) values (238,'VN','Vietnam');
insert into `md_country` (`id`,`code`,`name`) values (239,'VG','Virgin Islands (British)');
insert into `md_country` (`id`,`code`,`name`) values (240,'VI','Virgin Islands (U.S.)');
insert into `md_country` (`id`,`code`,`name`) values (241,'WF','Wallis and Futuna Islands');
insert into `md_country` (`id`,`code`,`name`) values (242,'EH','Western Sahara');
insert into `md_country` (`id`,`code`,`name`) values (243,'YE','Yemen');
insert into `md_country` (`id`,`code`,`name`) values (244,'ZR','Zaire');
insert into `md_country` (`id`,`code`,`name`) values (245,'ZM','Zambia');
insert into `md_country` (`id`,`code`,`name`) values (246,'ZW','Zimbabwe');

/*Table structure for table `hibernate_sequence` */

DROP TABLE IF EXISTS `hibernate_sequence`;

CREATE TABLE `hibernate_sequence` (
  `next_val` bigint(20) DEFAULT NULL
) ENGINE=MyISAM DEFAULT CHARSET=latin1;

/*Data for the table `hibernate_sequence` */

insert into `hibernate_sequence` (`next_val`) values (1);
insert into `hibernate_sequence` (`next_val`) values (1);
insert into `hibernate_sequence` (`next_val`) values (1);
insert into `hibernate_sequence` (`next_val`) values (1);
insert into `hibernate_sequence` (`next_val`) values (1);
insert into `hibernate_sequence` (`next_val`) values (1);
insert into `hibernate_sequence` (`next_val`) values (1);


/*Table structure for table `md_state` */

DROP TABLE IF EXISTS `md_state`;

CREATE TABLE `md_state` (
  `id` int(11) NOT NULL,
  `country_id` int(11) NOT NULL,
  `name` varchar(255) CHARACTER SET utf8 NOT NULL,
  PRIMARY KEY (`id`)
) ENGINE=MyISAM DEFAULT CHARSET=latin1;

/*Data for the table `md_state` */

insert into `md_state` (`id`,`country_id`,`name`) values (1,99,'Andaman & Nicobar Islands');
insert into `md_state` (`id`,`country_id`,`name`) values (2,99,'Andhra Pradesh');
insert into `md_state` (`id`,`country_id`,`name`) values (3,99,'Arunachal Pradesh');
insert into `md_state` (`id`,`country_id`,`name`) values (4,99,'Assam');
insert into `md_state` (`id`,`country_id`,`name`) values (5,99,'Bihar');
insert into `md_state` (`id`,`country_id`,`name`) values (6,99,'Chandigarh');
insert into `md_state` (`id`,`country_id`,`name`) values (7,99,'Chattisgarh');
insert into `md_state` (`id`,`country_id`,`name`) values (8,99,'Dadra & Nagar Haveli');
insert into `md_state` (`id`,`country_id`,`name`) values (9,99,'Daman & Diu');
insert into `md_state` (`id`,`country_id`,`name`) values (10,99,'Delhi');
insert into `md_state` (`id`,`country_id`,`name`) values (11,99,'Goa');
insert into `md_state` (`id`,`country_id`,`name`) values (12,99,'Gujrat');
insert into `md_state` (`id`,`country_id`,`name`) values (13,99,'Haryana');
insert into `md_state` (`id`,`country_id`,`name`) values (14,99,'Himachal Pradesh');
insert into `md_state` (`id`,`country_id`,`name`) values (15,99,'Jammu & Kashmir');
insert into `md_state` (`id`,`country_id`,`name`) values (16,99,'Jharkhand');
insert into `md_state` (`id`,`country_id`,`name`) values (17,99,'Karnataka');
insert into `md_state` (`id`,`country_id`,`name`) values (18,99,'Kerala');
insert into `md_state` (`id`,`country_id`,`name`) values (19,99,'Lakshadweep');
insert into `md_state` (`id`,`country_id`,`name`) values (20,99,'Madhya Pradesh');
insert into `md_state` (`id`,`country_id`,`name`) values (21,99,'Maharashtra');
insert into `md_state` (`id`,`country_id`,`name`) values (22,99,'Manipur');
insert into `md_state` (`id`,`country_id`,`name`) values (23,99,'Meghalaya');
insert into `md_state` (`id`,`country_id`,`name`) values (24,99,'Mizoram');
insert into `md_state` (`id`,`country_id`,`name`) values (25,99,'Nagaland');
insert into `md_state` (`id`,`country_id`,`name`) values (26,99,'Odisha');
insert into `md_state` (`id`,`country_id`,`name`) values (27,99,'Poducherry');
insert into `md_state` (`id`,`country_id`,`name`) values (28,99,'Punjab');
insert into `md_state` (`id`,`country_id`,`name`) values (29,99,'Rajasthan');
insert into `md_state` (`id`,`country_id`,`name`) values (30,99,'Sikkim');
insert into `md_state` (`id`,`country_id`,`name`) values (31,99,'Tamil Nadu');
insert into `md_state` (`id`,`country_id`,`name`) values (32,99,'Telangana');
insert into `md_state` (`id`,`country_id`,`name`) values (33,99,'Tripura');
insert into `md_state` (`id`,`country_id`,`name`) values (34,99,'Uttar Pradesh');
insert into `md_state` (`id`,`country_id`,`name`) values (35,99,'Uttarakhand');
insert into `md_state` (`id`,`country_id`,`name`) values (36,99,'West Bengal');


SET SQL_MODE=@OLD_SQL_MODE;
SET FOREIGN_KEY_CHECKS=@OLD_FOREIGN_KEY_CHECKS;
