﻿--
-- Script was generated by Devart dbForge Studio for MySQL, Version 10.0.150.0
-- Product home page: http://www.devart.com/dbforge/mysql/studio
-- Script date 19/04/2024 13:39:04
-- Server version: 8.2.0
--

--
-- Disable foreign keys
--
/*!40014 SET @OLD_FOREIGN_KEY_CHECKS=@@FOREIGN_KEY_CHECKS, FOREIGN_KEY_CHECKS=0 */;

--
-- Set SQL mode
--
/*!40101 SET @OLD_SQL_MODE=@@SQL_MODE, SQL_MODE='NO_AUTO_VALUE_ON_ZERO' */;

--
-- Set character set the client will use to send SQL statements to the server
--
SET NAMES 'utf8';

DROP DATABASE IF EXISTS productostiendas;

CREATE DATABASE productostiendas
CHARACTER SET utf8mb4
COLLATE utf8mb4_0900_ai_ci;

--
-- Set default database
--
USE productostiendas;

--
-- Create table `tiendas`
--
CREATE TABLE tiendas (
  id_tienda int NOT NULL AUTO_INCREMENT,
  nombre varchar(255) DEFAULT NULL,
  ubicacion varchar(255) DEFAULT NULL,
  PRIMARY KEY (id_tienda)
)
ENGINE = INNODB,
AUTO_INCREMENT = 7,
AVG_ROW_LENGTH = 3276,
CHARACTER SET utf8mb4,
COLLATE utf8mb4_0900_ai_ci,
ROW_FORMAT = DYNAMIC;

--
-- Create table `productos`
--
CREATE TABLE productos (
  id_producto int NOT NULL AUTO_INCREMENT,
  nombre varchar(255) DEFAULT NULL,
  precio float(10, 2) DEFAULT NULL,
  PRIMARY KEY (id_producto)
)
ENGINE = INNODB,
AUTO_INCREMENT = 7,
AVG_ROW_LENGTH = 3276,
CHARACTER SET utf8mb4,
COLLATE utf8mb4_0900_ai_ci,
ROW_FORMAT = DYNAMIC;

--
-- Create table `productos_tiendas`
--
CREATE TABLE productos_tiendas (
  id int NOT NULL AUTO_INCREMENT,
  id_producto int DEFAULT NULL,
  id_tienda int DEFAULT NULL,
  cantidad int DEFAULT NULL,
  PRIMARY KEY (id)
)
ENGINE = INNODB,
AUTO_INCREMENT = 7,
AVG_ROW_LENGTH = 3276,
CHARACTER SET utf8mb4,
COLLATE utf8mb4_0900_ai_ci,
ROW_FORMAT = DYNAMIC;

--
-- Create foreign key
--
ALTER TABLE productos_tiendas
ADD CONSTRAINT productos_tiendas_ibfk_1 FOREIGN KEY (id_producto)
REFERENCES productos (id_producto);

--
-- Create foreign key
--
ALTER TABLE productos_tiendas
ADD CONSTRAINT productos_tiendas_ibfk_2 FOREIGN KEY (id_tienda)
REFERENCES tiendas (id_tienda);

-- 
-- Dumping data for table tiendas
--
INSERT INTO tiendas VALUES
(1, 'Tienda A', 'Ubicación A'),
(2, 'Tienda B', 'Ubicación A'),
(3, 'Tienda C', 'Ubicación C'),
(4, 'Tienda D', 'Ubicación B'),
(5, 'Tienda E', 'Ubicación B'),
(6, 'Tienda F', 'Ubicación F');

-- 
-- Dumping data for table productos
--
INSERT INTO productos VALUES
(1, 'Producto 1', 10.00),
(2, 'Producto 2', 15.50),
(3, 'Producto 3', 20.00),
(4, 'Producto 4', 25.75),
(5, 'Producto 5', 30.00),
(6, 'Producto 6', 40.00);

-- 
-- Dumping data for table productos_tiendas
--
INSERT INTO productos_tiendas VALUES
(1, 1, 1, 34),
(2, 2, 2, 23),
(3, 3, 3, 12),
(4, 4, 4, 23),
(5, 5, 5, 3),
(6, 2, 1, 100);

--
-- Restore previous SQL mode
--
/*!40101 SET SQL_MODE=@OLD_SQL_MODE */;

--
-- Enable foreign keys
--
/*!40014 SET FOREIGN_KEY_CHECKS = @OLD_FOREIGN_KEY_CHECKS */;