﻿--
-- Script was generated by Devart dbForge Studio 2019 for MySQL, Version 8.2.23.0
-- Product home page: http://www.devart.com/dbforge/mysql/studio
-- Script date 19/09/2022 9:46:51
-- Server version: 5.5.5-10.4.11-MariaDB
-- Client version: 4.1
--

-- 
-- Disable foreign keys
-- 
/*!40014 SET @OLD_FOREIGN_KEY_CHECKS=@@FOREIGN_KEY_CHECKS, FOREIGN_KEY_CHECKS=0 */;

-- 
-- Set SQL mode
-- 
/*!40101 SET @OLD_SQL_MODE=@@SQL_MODE, SQL_MODE='NO_AUTO_VALUE_ON_ZERO' */;

-- 
-- Set character set the client will use to send SQL statements to the server
--
SET NAMES 'utf8';

DROP DATABASE IF EXISTS practica5;

CREATE DATABASE IF NOT EXISTS practica5
CHARACTER SET utf8mb4
COLLATE utf8mb4_general_ci;

--
-- Set default database
--
USE practica5;

--
-- Create table `profesor`
--
CREATE TABLE IF NOT EXISTS profesor (
  dni varchar(10) NOT NULL,
  nombre varchar(200) DEFAULT NULL,
  direccion varchar(500) DEFAULT NULL,
  tfno varchar(15) DEFAULT NULL,
  PRIMARY KEY (dni)
)
ENGINE = INNODB,
AVG_ROW_LENGTH = 8192,
CHARACTER SET utf8mb4,
COLLATE utf8mb4_general_ci;

--
-- Create table `modulo`
--
CREATE TABLE IF NOT EXISTS modulo (
  codigo int(11) NOT NULL,
  nombre varchar(200) DEFAULT NULL,
  PRIMARY KEY (codigo)
)
ENGINE = INNODB,
AVG_ROW_LENGTH = 5461,
CHARACTER SET utf8mb4,
COLLATE utf8mb4_general_ci;

--
-- Create table `imparte`
--
CREATE TABLE IF NOT EXISTS imparte (
  `dni-profesor` varchar(10) NOT NULL,
  `codigo-modulo` int(11) NOT NULL,
  PRIMARY KEY (`dni-profesor`, `codigo-modulo`)
)
ENGINE = INNODB,
AVG_ROW_LENGTH = 5461,
CHARACTER SET utf8mb4,
COLLATE utf8mb4_general_ci;

--
-- Create index `codigo-modulo` on table `imparte`
--
ALTER TABLE imparte
ADD UNIQUE INDEX `codigo-modulo` (`codigo-modulo`);

--
-- Create foreign key
--
ALTER TABLE imparte
ADD CONSTRAINT fkImparteModulo FOREIGN KEY (`codigo-modulo`)
REFERENCES modulo (codigo);

--
-- Create foreign key
--
ALTER TABLE imparte
ADD CONSTRAINT fkImparteProfesor FOREIGN KEY (`dni-profesor`)
REFERENCES profesor (dni);

--
-- Create table `alumno`
--
CREATE TABLE IF NOT EXISTS alumno (
  expediente int(11) NOT NULL AUTO_INCREMENT,
  nombre varchar(100) DEFAULT NULL,
  apellidos varchar(200) DEFAULT NULL,
  fecha_Nac date DEFAULT NULL,
  PRIMARY KEY (expediente)
)
ENGINE = INNODB,
AUTO_INCREMENT = 4,
AVG_ROW_LENGTH = 5461,
CHARACTER SET utf8mb4,
COLLATE utf8mb4_general_ci;

--
-- Create table `esdelegado`
--
CREATE TABLE IF NOT EXISTS esdelegado (
  `expediente-delegado` int(11) NOT NULL,
  `expediente-alumno` int(11) NOT NULL,
  PRIMARY KEY (`expediente-delegado`, `expediente-alumno`)
)
ENGINE = INNODB,
AVG_ROW_LENGTH = 8192,
CHARACTER SET utf8mb4,
COLLATE utf8mb4_general_ci;

--
-- Create index `uk1` on table `esdelegado`
--
ALTER TABLE esdelegado
ADD UNIQUE INDEX uk1 (`expediente-alumno`);

--
-- Create foreign key
--
ALTER TABLE esdelegado
ADD CONSTRAINT fkesDelegadoAlumno1 FOREIGN KEY (`expediente-delegado`)
REFERENCES alumno (expediente);

--
-- Create foreign key
--
ALTER TABLE esdelegado
ADD CONSTRAINT fkesDelegadoAlumno2 FOREIGN KEY (`expediente-alumno`)
REFERENCES alumno (expediente);

--
-- Create table `cursa`
--
CREATE TABLE IF NOT EXISTS cursa (
  `expediente-alumno` int(11) NOT NULL,
  `codigo-modulo` int(11) NOT NULL,
  PRIMARY KEY (`expediente-alumno`, `codigo-modulo`)
)
ENGINE = INNODB,
AVG_ROW_LENGTH = 4096,
CHARACTER SET utf8mb4,
COLLATE utf8mb4_general_ci;

--
-- Create foreign key
--
ALTER TABLE cursa
ADD CONSTRAINT fkCursaAlumno FOREIGN KEY (`expediente-alumno`)
REFERENCES alumno (expediente);

--
-- Create foreign key
--
ALTER TABLE cursa
ADD CONSTRAINT fkCursaModulo FOREIGN KEY (`codigo-modulo`)
REFERENCES modulo (codigo);

-- 
-- Dumping data for table profesor
--
INSERT INTO profesor VALUES
('d1', 'daniel', NULL, NULL),
('p2', 'lorena', NULL, NULL);

-- 
-- Dumping data for table modulo
--
INSERT INTO modulo VALUES
(1, 'Excel'),
(2, 'Access'),
(3, 'Word');

-- 
-- Dumping data for table alumno
--
INSERT INTO alumno VALUES
(1, 'raul', 'gomez', NULL),
(2, 'ana', 'lopez', NULL),
(3, 'luisa', 'vidal', NULL);

-- 
-- Dumping data for table imparte
--
INSERT INTO imparte VALUES
('d1', 1),
('d1', 2),
('p2', 3);

-- 
-- Dumping data for table esdelegado
--
INSERT INTO esdelegado VALUES
(1, 2),
(1, 3);

-- 
-- Dumping data for table cursa
--
INSERT INTO cursa VALUES
(1, 1),
(1, 2),
(1, 3),
(2, 3);

-- 
-- Restore previous SQL mode
-- 
/*!40101 SET SQL_MODE=@OLD_SQL_MODE */;

-- 
-- Enable foreign keys
-- 
/*!40014 SET FOREIGN_KEY_CHECKS = @OLD_FOREIGN_KEY_CHECKS */;