﻿--
-- Script was generated by Devart dbForge Studio 2020 for MySQL, Version 9.0.897.0
-- Product home page: http://www.devart.com/dbforge/mysql/studio
-- Script date 10/11/2022 11:37:59
-- Server version: 8.0.30
-- Client version: 4.1
--

-- 
-- Disable foreign keys
-- 
/*!40014 SET @OLD_FOREIGN_KEY_CHECKS=@@FOREIGN_KEY_CHECKS, FOREIGN_KEY_CHECKS=0 */;

-- 
-- Set SQL mode
-- 
/*!40101 SET @OLD_SQL_MODE=@@SQL_MODE, SQL_MODE='NO_AUTO_VALUE_ON_ZERO' */;

-- 
-- Set character set the client will use to send SQL statements to the server
--
SET NAMES 'utf8';

DROP DATABASE IF EXISTS compañias;

CREATE DATABASE compañias
CHARACTER SET latin1
COLLATE latin1_swedish_ci;

--
-- Set default database
--
USE compañias;

--
-- Create table `ciudad`
--
CREATE TABLE ciudad (
  nombre varchar(30) NOT NULL,
  población int DEFAULT NULL,
  PRIMARY KEY (nombre)
)
ENGINE = INNODB,
AVG_ROW_LENGTH = 3276,
CHARACTER SET latin1,
COLLATE latin1_swedish_ci;

--
-- Create table `persona`
--
CREATE TABLE persona (
  nombre varchar(30) NOT NULL,
  calle varchar(30) DEFAULT NULL,
  ciudad varchar(30) DEFAULT NULL,
  PRIMARY KEY (nombre)
)
ENGINE = INNODB,
AVG_ROW_LENGTH = 1489,
CHARACTER SET latin1,
COLLATE latin1_swedish_ci;

--
-- Create foreign key
--
ALTER TABLE persona
ADD CONSTRAINT FK_persona_ciudad_nombre FOREIGN KEY (ciudad)
REFERENCES ciudad (nombre);

--
-- Create table `supervisa`
--
CREATE TABLE supervisa (
  supervisor varchar(30) NOT NULL,
  persona varchar(30) NOT NULL,
  PRIMARY KEY (supervisor, persona)
)
ENGINE = INNODB,
AVG_ROW_LENGTH = 2340,
CHARACTER SET latin1,
COLLATE latin1_swedish_ci;

--
-- Create foreign key
--
ALTER TABLE supervisa
ADD CONSTRAINT FK_supervisa_persona_nombre FOREIGN KEY (supervisor)
REFERENCES persona (nombre);

--
-- Create foreign key
--
ALTER TABLE supervisa
ADD CONSTRAINT FK_supervisa_persona_nombre1 FOREIGN KEY (persona)
REFERENCES persona (nombre);

--
-- Create table `compañia`
--
CREATE TABLE compañia (
  nombre varchar(30) NOT NULL,
  ciudad varchar(30) DEFAULT NULL,
  PRIMARY KEY (nombre)
)
ENGINE = INNODB,
AVG_ROW_LENGTH = 5461,
CHARACTER SET latin1,
COLLATE latin1_swedish_ci;

--
-- Create foreign key
--
ALTER TABLE compañia
ADD CONSTRAINT FK_compañia_ciudad_nombre FOREIGN KEY (ciudad)
REFERENCES ciudad (nombre);

--
-- Create table `trabaja`
--
CREATE TABLE trabaja (
  persona varchar(30) NOT NULL,
  compañia varchar(30) DEFAULT NULL,
  salario int DEFAULT NULL,
  PRIMARY KEY (persona)
)
ENGINE = INNODB,
AVG_ROW_LENGTH = 1638,
CHARACTER SET latin1,
COLLATE latin1_swedish_ci;

--
-- Create foreign key
--
ALTER TABLE trabaja
ADD CONSTRAINT FK_trabaja_compañia_nombre FOREIGN KEY (compañia)
REFERENCES compañia (nombre);

--
-- Create foreign key
--
ALTER TABLE trabaja
ADD CONSTRAINT FK_trabaja_persona_nombre FOREIGN KEY (persona)
REFERENCES persona (nombre);

-- 
-- Dumping data for table ciudad
--
INSERT INTO ciudad VALUES
('AB', 70000),
('CR', 60000),
('CU', 50000),
('GU', 75000),
('TO', 80000);

-- 
-- Dumping data for table compañia
--
INSERT INTO compañia VALUES
('NESTLE', 'AB'),
('INDRA', 'CR'),
('FAGOR', 'TO');

-- 
-- Dumping data for table persona
--
INSERT INTO persona VALUES
('Ana', 'Calle5', 'AB'),
('Antonio', 'Calle7', 'CU'),
('Blas', 'Calle6', 'AB'),
('Casimiro', 'Calle11', 'CR'),
('Eva', 'Calle2', 'CR'),
('Jose', 'Calle3', 'TO'),
('Juan', 'Calle1', 'CR'),
('Marga', 'Calle9', 'GU'),
('Maria', 'Calle4', 'TO'),
('Paco', 'Calle9', 'GU'),
('Wendy', 'Calle8', 'CU');

-- 
-- Dumping data for table trabaja
--
INSERT INTO trabaja VALUES
('Ana', 'FAGOR', 18000),
('Antonio', 'NESTLE', 15000),
('Blas', 'NESTLE', 25000),
('Eva', 'INDRA', 30000),
('Jose', 'FAGOR', 50000),
('Juan', 'INDRA', 40000),
('Marga', 'NESTLE', 50000),
('Maria', 'FAGOR', 40000),
('Paco', 'NESTLE', 25000),
('Wendy', 'INDRA', 50000);

-- 
-- Dumping data for table supervisa
--
INSERT INTO supervisa VALUES
('Maria', 'Ana'),
('Blas', 'Antonio'),
('Marga', 'Blas'),
('Wendy', 'Eva'),
('Wendy', 'Juan'),
('Jose', 'Maria'),
('Marga', 'Paco');

-- 
-- Restore previous SQL mode
-- 
/*!40101 SET SQL_MODE=@OLD_SQL_MODE */;

-- 
-- Enable foreign keys
-- 
/*!40014 SET FOREIGN_KEY_CHECKS = @OLD_FOREIGN_KEY_CHECKS */;