﻿--
-- Script was generated by Devart dbForge Studio 2020 for MySQL, Version 9.0.897.0
-- Product home page: http://www.devart.com/dbforge/mysql/studio
-- Script date 18/05/2023 18:41:07
-- Server version: 8.0.30
-- Client version: 4.1
--

-- 
-- Disable foreign keys
-- 
/*!40014 SET @OLD_FOREIGN_KEY_CHECKS=@@FOREIGN_KEY_CHECKS, FOREIGN_KEY_CHECKS=0 */;

-- 
-- Set SQL mode
-- 
/*!40101 SET @OLD_SQL_MODE=@@SQL_MODE, SQL_MODE='NO_AUTO_VALUE_ON_ZERO' */;

-- 
-- Set character set the client will use to send SQL statements to the server
--
SET NAMES 'utf8';

DROP DATABASE IF EXISTS piezas;

CREATE DATABASE piezas
CHARACTER SET latin1
COLLATE latin1_swedish_ci;

--
-- Set default database
--
USE piezas;

--
-- Create table `proyectos`
--
CREATE TABLE proyectos (
  j varchar(9) NOT NULL,
  nomj varchar(45) DEFAULT NULL,
  ciudad varchar(45) DEFAULT NULL,
  piezasTotales int DEFAULT 0,
  PRIMARY KEY (j)
)
ENGINE = INNODB,
AVG_ROW_LENGTH = 2340,
CHARACTER SET latin1,
COLLATE latin1_swedish_ci;

--
-- Create table `proveedores`
--
CREATE TABLE proveedores (
  s varchar(9) NOT NULL,
  noms varchar(45) DEFAULT NULL,
  estado varchar(45) DEFAULT NULL,
  ciudad varchar(45) DEFAULT NULL,
  PRIMARY KEY (s)
)
ENGINE = INNODB,
AVG_ROW_LENGTH = 3276,
CHARACTER SET latin1,
COLLATE latin1_swedish_ci;

--
-- Create table `piezas`
--
CREATE TABLE piezas (
  P varchar(9) NOT NULL,
  nomp varchar(45) DEFAULT NULL,
  color varchar(45) DEFAULT NULL,
  peso varchar(45) DEFAULT NULL,
  ciudad varchar(45) DEFAULT NULL,
  piezasPorColor int DEFAULT 0,
  piezasPorCiudad int DEFAULT 0,
  PRIMARY KEY (P)
)
ENGINE = INNODB,
AVG_ROW_LENGTH = 2730,
CHARACTER SET latin1,
COLLATE latin1_swedish_ci;

--
-- Create table `spj`
--
CREATE TABLE spj (
  s varchar(9) NOT NULL,
  p varchar(9) NOT NULL,
  j varchar(9) NOT NULL,
  cant int DEFAULT NULL,
  PRIMARY KEY (s, p, j)
)
ENGINE = INNODB,
AVG_ROW_LENGTH = 819,
CHARACTER SET latin1,
COLLATE latin1_swedish_ci;

--
-- Create index `jspj` on table `spj`
--
ALTER TABLE spj
ADD INDEX jspj (j);

--
-- Create index `pspj` on table `spj`
--
ALTER TABLE spj
ADD INDEX pspj (p);

--
-- Create index `sspj` on table `spj`
--
ALTER TABLE spj
ADD INDEX sspj (s);

--
-- Create foreign key
--
ALTER TABLE spj
ADD CONSTRAINT FK_spj_j_j FOREIGN KEY (j)
REFERENCES proyectos (j) ON DELETE CASCADE ON UPDATE CASCADE;

--
-- Create foreign key
--
ALTER TABLE spj
ADD CONSTRAINT FK_spj_p_P FOREIGN KEY (p)
REFERENCES piezas (P) ON DELETE CASCADE ON UPDATE CASCADE;

--
-- Create foreign key
--
ALTER TABLE spj
ADD CONSTRAINT FK_spj_s_s FOREIGN KEY (s)
REFERENCES proveedores (s) ON DELETE CASCADE ON UPDATE CASCADE;

-- 
-- Dumping data for table proyectos
--
INSERT INTO proyectos VALUES
('j1', 'Edificio1', 'París', 0),
('j2', 'Edificio2', 'Roma', 0),
('j3', 'Edificio3', 'Atenas', 0),
('j4', 'Edificio4', 'Atenas', 0),
('j5', 'Edificio5', 'Londres', 0),
('j6', 'Edificio6', 'Madrid', 0),
('j7', 'Edificio7', 'Londres', 0);

-- 
-- Dumping data for table proveedores
--
INSERT INTO proveedores VALUES
('s1', 'Smith', '20', 'Londres'),
('s2', 'Jones', '10', 'París'),
('s3', 'Blake', '30', 'París'),
('s4', 'Clark', '20', 'Londres'),
('s5', 'Adams', '30', 'Atenas');

-- 
-- Dumping data for table piezas
--
INSERT INTO piezas VALUES
('p1', 'MESA', 'ROJO', '12', 'SANTANDER', 0, 0),
('p2', 'SILLA', 'BLANCA', '17', 'PARIS', 100, 100),
('p3', 'ARMARIO', 'GRIS', '17', 'ROMA', 3510, 3510),
('p4', 'ARCHIVADOR', 'ROJO', '14', 'LONDRES', 1600, 2200),
('p5', 'PUERTA ', 'BLANCA', '12', 'PARIS', 100, 100),
('p6', 'LAMPARA', 'AMARILLA', '19', 'LONDRES', 600, 2200);

-- 
-- Dumping data for table spj
--
INSERT INTO spj VALUES
('s1', 'p3', 'j2', 20),
('s1', 'p3', 'j3', 30),
('s1', 'p3', 'j4', 40),
('s1', 'p3', 'j5', 50),
('s1', 'p3', 'j6', 400),
('s1', 'p3', 'j7', 70),
('s2', 'p3', 'j1', 400),
('s2', 'p3', 'j2', 200),
('s2', 'p3', 'j3', 200),
('s2', 'p3', 'j4', 500),
('s2', 'p3', 'j5', 600),
('s2', 'p3', 'j7', 800),
('s2', 'p5', 'j2', 100),
('s3', 'p3', 'j1', 200),
('s3', 'p4', 'j2', 500),
('s4', 'p6', 'j3', 300),
('s4', 'p6', 'j7', 300);

-- 
-- Restore previous SQL mode
-- 
/*!40101 SET SQL_MODE=@OLD_SQL_MODE */;

-- 
-- Enable foreign keys
-- 
/*!40014 SET FOREIGN_KEY_CHECKS = @OLD_FOREIGN_KEY_CHECKS */;