﻿--
-- Script was generated by Devart dbForge Studio 2020 for MySQL, Version 9.0.897.0
-- Product home page: http://www.devart.com/dbforge/mysql/studio
-- Script date 20/04/2023 19:47:48
-- Server version: 8.0.32
-- Client version: 4.1
--

-- 
-- Disable foreign keys
-- 
/*!40014 SET @OLD_FOREIGN_KEY_CHECKS=@@FOREIGN_KEY_CHECKS, FOREIGN_KEY_CHECKS=0 */;

-- 
-- Set SQL mode
-- 
/*!40101 SET @OLD_SQL_MODE=@@SQL_MODE, SQL_MODE='NO_AUTO_VALUE_ON_ZERO' */;

-- 
-- Set character set the client will use to send SQL statements to the server
--
SET NAMES 'utf8mb4';

DROP DATABASE IF EXISTS ejemploclase3;

CREATE DATABASE ejemploclase3
CHARACTER SET utf8mb4
COLLATE utf8mb4_0900_ai_ci;

--
-- Set default database
--
USE ejemploclase3;

--
-- Create table `profesor`
--
CREATE TABLE profesor (
  dni varchar(20) NOT NULL,
  nombre varchar(100) DEFAULT NULL,
  direccion varchar(200) DEFAULT NULL,
  tfno varchar(15) DEFAULT NULL,
  PRIMARY KEY (dni)
)
ENGINE = INNODB,
AVG_ROW_LENGTH = 8192,
CHARACTER SET utf8mb4,
COLLATE utf8mb4_0900_ai_ci;

--
-- Create table `modulo`
--
CREATE TABLE modulo (
  codigo int NOT NULL AUTO_INCREMENT,
  nombre varchar(100) DEFAULT NULL,
  dniProfesor varchar(10) NOT NULL,
  PRIMARY KEY (codigo)
)
ENGINE = INNODB,
AUTO_INCREMENT = 4,
AVG_ROW_LENGTH = 5461,
CHARACTER SET utf8mb4,
COLLATE utf8mb4_0900_ai_ci;

--
-- Create foreign key
--
ALTER TABLE modulo
ADD CONSTRAINT fkModuloProfesor FOREIGN KEY (dniProfesor)
REFERENCES profesor (dni);

--
-- Create table `alumno`
--
CREATE TABLE alumno (
  expediente int NOT NULL AUTO_INCREMENT,
  nombre varchar(100) DEFAULT NULL,
  apellidos varchar(200) DEFAULT NULL,
  fechaNac date DEFAULT NULL,
  PRIMARY KEY (expediente)
)
ENGINE = INNODB,
AUTO_INCREMENT = 4,
AVG_ROW_LENGTH = 5461,
CHARACTER SET utf8mb4,
COLLATE utf8mb4_0900_ai_ci;

--
-- Create table `esdelegado`
--
CREATE TABLE esdelegado (
  expedienteDelegado int NOT NULL,
  expedienteAlumno int NOT NULL,
  PRIMARY KEY (expedienteDelegado, expedienteAlumno)
)
ENGINE = INNODB,
AVG_ROW_LENGTH = 8192,
CHARACTER SET utf8mb4,
COLLATE utf8mb4_0900_ai_ci;

--
-- Create index `uk1` on table `esdelegado`
--
ALTER TABLE esdelegado
ADD UNIQUE INDEX uk1 (expedienteAlumno);

--
-- Create foreign key
--
ALTER TABLE esdelegado
ADD CONSTRAINT fkesDelegadoAlumno FOREIGN KEY (expedienteDelegado)
REFERENCES alumno (expediente);

--
-- Create foreign key
--
ALTER TABLE esdelegado
ADD CONSTRAINT fkesDelegadoAlumno2 FOREIGN KEY (expedienteAlumno)
REFERENCES alumno (expediente);

--
-- Create table `cursa`
--
CREATE TABLE cursa (
  expedienteAlumno int NOT NULL,
  codigoModulo int NOT NULL,
  PRIMARY KEY (expedienteAlumno, codigoModulo)
)
ENGINE = INNODB,
AVG_ROW_LENGTH = 2730,
CHARACTER SET utf8mb4,
COLLATE utf8mb4_0900_ai_ci;

--
-- Create foreign key
--
ALTER TABLE cursa
ADD CONSTRAINT fkCursaAlumno FOREIGN KEY (expedienteAlumno)
REFERENCES alumno (expediente);

--
-- Create foreign key
--
ALTER TABLE cursa
ADD CONSTRAINT fkCursaModulo FOREIGN KEY (codigoModulo)
REFERENCES modulo (codigo);

-- 
-- Dumping data for table profesor
--
INSERT INTO profesor VALUES
('10101010a', 'ramon', 'vargas 1', '123456789'),
('20202020b', 'Daniel', 'isaac 23', '789456123');

-- 
-- Dumping data for table modulo
--
INSERT INTO modulo VALUES
(1, 'Excel', '10101010a'),
(2, 'Word', '10101010a'),
(3, 'Access', '20202020b');

-- 
-- Dumping data for table alumno
--
INSERT INTO alumno VALUES
(1, 'eva', 'gomez', '1990-01-01'),
(2, 'susana', 'lopez', '1998-08-10'),
(3, 'jorge', 'vazquez', '0200-07-09');

-- 
-- Dumping data for table esdelegado
--
INSERT INTO esdelegado VALUES
(1, 2),
(1, 3);

-- 
-- Dumping data for table cursa
--
INSERT INTO cursa VALUES
(1, 1),
(2, 1),
(3, 1),
(1, 2),
(2, 2),
(1, 3);

-- 
-- Restore previous SQL mode
-- 
/*!40101 SET SQL_MODE=@OLD_SQL_MODE */;

-- 
-- Enable foreign keys
-- 
/*!40014 SET FOREIGN_KEY_CHECKS = @OLD_FOREIGN_KEY_CHECKS */;