﻿--
-- Script was generated by Devart dbForge Studio 2020 for MySQL, Version 9.0.897.0
-- Product home page: http://www.devart.com/dbforge/mysql/studio
-- Script date 20/04/2023 19:42:43
-- Server version: 8.0.32
-- Client version: 4.1
--

-- 
-- Disable foreign keys
-- 
/*!40014 SET @OLD_FOREIGN_KEY_CHECKS=@@FOREIGN_KEY_CHECKS, FOREIGN_KEY_CHECKS=0 */;

-- 
-- Set SQL mode
-- 
/*!40101 SET @OLD_SQL_MODE=@@SQL_MODE, SQL_MODE='NO_AUTO_VALUE_ON_ZERO' */;

-- 
-- Set character set the client will use to send SQL statements to the server
--
SET NAMES 'utf8mb4';

DROP DATABASE IF EXISTS ejemploclase2;

CREATE DATABASE ejemploclase2
CHARACTER SET utf8mb4
COLLATE utf8mb4_0900_ai_ci;

--
-- Set default database
--
USE ejemploclase2;

--
-- Create table `proveedores`
--
CREATE TABLE proveedores (
  nif varchar(20) NOT NULL,
  nombre varchar(100) DEFAULT NULL,
  direccion varchar(200) DEFAULT NULL,
  PRIMARY KEY (nif)
)
ENGINE = INNODB,
AVG_ROW_LENGTH = 8192,
CHARACTER SET utf8mb4,
COLLATE utf8mb4_0900_ai_ci;

--
-- Create table `productos`
--
CREATE TABLE productos (
  codigo int NOT NULL,
  nombre varchar(200) DEFAULT NULL,
  precio float DEFAULT NULL,
  PRIMARY KEY (codigo)
)
ENGINE = INNODB,
AVG_ROW_LENGTH = 5461,
CHARACTER SET utf8mb4,
COLLATE utf8mb4_0900_ai_ci;

--
-- Create table `suministra`
--
CREATE TABLE suministra (
  codigoProducto int NOT NULL,
  nifProveedor varchar(10) NOT NULL,
  PRIMARY KEY (codigoProducto, nifProveedor)
)
ENGINE = INNODB,
AVG_ROW_LENGTH = 5461,
CHARACTER SET utf8mb4,
COLLATE utf8mb4_0900_ai_ci;

--
-- Create index `uk1` on table `suministra`
--
ALTER TABLE suministra
ADD UNIQUE INDEX uk1 (codigoProducto);

--
-- Create foreign key
--
ALTER TABLE suministra
ADD CONSTRAINT fkSuministraProductos FOREIGN KEY (codigoProducto)
REFERENCES productos (codigo);

--
-- Create foreign key
--
ALTER TABLE suministra
ADD CONSTRAINT fkSuministraProveedor FOREIGN KEY (nifProveedor)
REFERENCES proveedores (nif);

--
-- Create table `clientes`
--
CREATE TABLE clientes (
  dni varchar(10) NOT NULL,
  nombre varchar(100) DEFAULT NULL,
  apellidos varchar(200) DEFAULT NULL,
  fechaNac date DEFAULT NULL,
  tfno varchar(15) DEFAULT NULL,
  PRIMARY KEY (dni)
)
ENGINE = INNODB,
AVG_ROW_LENGTH = 8192,
CHARACTER SET utf8mb4,
COLLATE utf8mb4_0900_ai_ci;

--
-- Create table `compras`
--
CREATE TABLE compras (
  dniCliente varchar(10) NOT NULL,
  codigoProducto int NOT NULL,
  PRIMARY KEY (dniCliente, codigoProducto)
)
ENGINE = INNODB,
AVG_ROW_LENGTH = 4096,
CHARACTER SET utf8mb4,
COLLATE utf8mb4_0900_ai_ci;

--
-- Create foreign key
--
ALTER TABLE compras
ADD CONSTRAINT fkCompraCliente FOREIGN KEY (dniCliente)
REFERENCES clientes (dni);

--
-- Create foreign key
--
ALTER TABLE compras
ADD CONSTRAINT fkCompraProductos FOREIGN KEY (codigoProducto)
REFERENCES productos (codigo);

-- 
-- Dumping data for table proveedores
--
INSERT INTO proveedores VALUES
('20202020a', 'luisa', 'vargas 1'),
('21212121b', 'jose', 'lopez 2');

-- 
-- Dumping data for table productos
--
INSERT INTO productos VALUES
(1, 'lechuga', 1),
(2, 'tomate', 2),
(3, 'chorizo', 4.6);

-- 
-- Dumping data for table clientes
--
INSERT INTO clientes VALUES
('10101010a', 'jorge', 'lopez', '1990-02-04', '456456456'),
('12121212b', 'ana', 'rodriguez', '2000-04-05', '654789789');

-- 
-- Dumping data for table suministra
--
INSERT INTO suministra VALUES
(1, '20202020a'),
(2, '20202020a'),
(3, '21212121b');

-- 
-- Dumping data for table compras
--
INSERT INTO compras VALUES
('10101010a', 1),
('12121212b', 1),
('10101010a', 2),
('10101010a', 3);

-- 
-- Restore previous SQL mode
-- 
/*!40101 SET SQL_MODE=@OLD_SQL_MODE */;

-- 
-- Enable foreign keys
-- 
/*!40014 SET FOREIGN_KEY_CHECKS = @OLD_FOREIGN_KEY_CHECKS */;