﻿--
-- Script was generated by Devart dbForge Studio 2019 for MySQL, Version 8.2.23.0
-- Product home page: http://www.devart.com/dbforge/mysql/studio
-- Script date 26/01/2021 12:47:03
-- Server version: 5.7.30-log
-- Client version: 4.1
--

-- 
-- Disable foreign keys
-- 
/*!40014 SET @OLD_FOREIGN_KEY_CHECKS=@@FOREIGN_KEY_CHECKS, FOREIGN_KEY_CHECKS=0 */;

-- 
-- Set SQL mode
-- 
/*!40101 SET @OLD_SQL_MODE=@@SQL_MODE, SQL_MODE='NO_AUTO_VALUE_ON_ZERO' */;

-- 
-- Set character set the client will use to send SQL statements to the server
--
SET NAMES 'utf8';

DROP DATABASE IF EXISTS compañias;

CREATE DATABASE IF NOT EXISTS compañias
CHARACTER SET latin1
COLLATE latin1_swedish_ci;

--
-- Set default database
--
USE compañias;

--
-- Create table `ciudad`
--
CREATE TABLE IF NOT EXISTS ciudad (
  nombre varchar(30) NOT NULL,
  población int(11) DEFAULT NULL,
  PRIMARY KEY (nombre)
)
ENGINE = INNODB,
AVG_ROW_LENGTH = 3276,
CHARACTER SET latin1,
COLLATE latin1_swedish_ci;

--
-- Create view `ejercicio6`
--
CREATE
DEFINER = 'root'@'localhost'
VIEW ejercicio6
AS
SELECT
  COUNT(0) AS `COUNT(*)`
FROM `ciudad`
WHERE (`ciudad`.`población` > (SELECT
    AVG(`c`.`población`)
  FROM `ciudad` `c`));

--
-- Create view `ejercicio5`
--
CREATE
DEFINER = 'root'@'localhost'
VIEW ejercicio5
AS
SELECT
  `ciudad`.`nombre` AS `nombre`
FROM `ciudad`
WHERE (`ciudad`.`población` = (SELECT
    MAX(`ciudad`.`población`)
  FROM `ciudad`));

--
-- Create view `ejercicio4`
--
CREATE
DEFINER = 'root'@'localhost'
VIEW ejercicio4
AS
SELECT
  `ciudad`.`nombre` AS `nombre`
FROM `ciudad`
WHERE (`ciudad`.`población` < (SELECT
    AVG(`ciudad`.`población`)
  FROM `ciudad`));

--
-- Create view `ejercicio3`
--
CREATE
DEFINER = 'root'@'localhost'
VIEW ejercicio3
AS
SELECT
  `ciudad`.`nombre` AS `nombre`
FROM `ciudad`
WHERE (`ciudad`.`población` > (SELECT
    AVG(`ciudad`.`población`)
  FROM `ciudad`));

--
-- Create view `ejercicio2`
--
CREATE
DEFINER = 'root'@'localhost'
VIEW ejercicio2
AS
SELECT
  COUNT(0) AS `cuenta_ciudades`
FROM `ciudad`;

--
-- Create table `persona`
--
CREATE TABLE IF NOT EXISTS persona (
  nombre varchar(30) NOT NULL,
  calle varchar(30) DEFAULT NULL,
  ciudad varchar(30) DEFAULT NULL,
  PRIMARY KEY (nombre)
)
ENGINE = INNODB,
AVG_ROW_LENGTH = 1489,
CHARACTER SET latin1,
COLLATE latin1_swedish_ci;

--
-- Create foreign key
--
ALTER TABLE persona
ADD CONSTRAINT FK_persona_ciudad_nombre FOREIGN KEY (ciudad)
REFERENCES ciudad (nombre) ON DELETE NO ACTION ON UPDATE NO ACTION;

--
-- Create view `ejercicio7`
--
CREATE
DEFINER = 'root'@'localhost'
VIEW ejercicio7
AS
SELECT
  `persona`.`ciudad` AS `ciudad`,
  COUNT(0) AS `COUNT(*)`
FROM (`persona`
  JOIN `ciudad` `c`
    ON ((`c`.`nombre` = `persona`.`ciudad`)))
GROUP BY `persona`.`ciudad`;

--
-- Create view `ejercicio10`
--
CREATE
DEFINER = 'root'@'localhost'
VIEW ejercicio10
AS
SELECT
  `p`.`nombre` AS `nombre`,
  `p`.`calle` AS `calle`,
  `c`.`población` AS `población`
FROM (`ciudad` `c`
  JOIN `persona` `p`
    ON ((`c`.`nombre` = `p`.`ciudad`)));

--
-- Create table `supervisa`
--
CREATE TABLE IF NOT EXISTS supervisa (
  supervisor varchar(30) NOT NULL,
  persona varchar(30) NOT NULL,
  PRIMARY KEY (supervisor, persona)
)
ENGINE = INNODB,
AVG_ROW_LENGTH = 2340,
CHARACTER SET latin1,
COLLATE latin1_swedish_ci;

--
-- Create foreign key
--
ALTER TABLE supervisa
ADD CONSTRAINT FK_supervisa_persona_nombre FOREIGN KEY (supervisor)
REFERENCES persona (nombre) ON DELETE NO ACTION ON UPDATE NO ACTION;

--
-- Create foreign key
--
ALTER TABLE supervisa
ADD CONSTRAINT FK_supervisa_persona_nombre1 FOREIGN KEY (persona)
REFERENCES persona (nombre) ON DELETE NO ACTION ON UPDATE NO ACTION;

--
-- Create table `compañia`
--
CREATE TABLE IF NOT EXISTS compañia (
  nombre varchar(30) NOT NULL,
  ciudad varchar(30) DEFAULT NULL,
  PRIMARY KEY (nombre)
)
ENGINE = INNODB,
AVG_ROW_LENGTH = 5461,
CHARACTER SET latin1,
COLLATE latin1_swedish_ci;

--
-- Create foreign key
--
ALTER TABLE compañia
ADD CONSTRAINT FK_compañia_ciudad_nombre FOREIGN KEY (ciudad)
REFERENCES ciudad (nombre) ON DELETE NO ACTION ON UPDATE NO ACTION;

--
-- Create table `trabaja`
--
CREATE TABLE IF NOT EXISTS trabaja (
  persona varchar(30) NOT NULL,
  compañia varchar(30) DEFAULT NULL,
  salario int(11) DEFAULT NULL,
  PRIMARY KEY (persona)
)
ENGINE = INNODB,
AVG_ROW_LENGTH = 1638,
CHARACTER SET latin1,
COLLATE latin1_swedish_ci;

--
-- Create foreign key
--
ALTER TABLE trabaja
ADD CONSTRAINT FK_trabaja_compañia_nombre FOREIGN KEY (compañia)
REFERENCES compañia (nombre) ON DELETE NO ACTION ON UPDATE NO ACTION;

--
-- Create foreign key
--
ALTER TABLE trabaja
ADD CONSTRAINT FK_trabaja_persona_nombre FOREIGN KEY (persona)
REFERENCES persona (nombre) ON DELETE NO ACTION ON UPDATE NO ACTION;

--
-- Create view `ejercicio9c1`
--
CREATE
DEFINER = 'root'@'localhost'
VIEW ejercicio9c1
AS
SELECT
  `t`.`compañia` AS `compañia`,
  COUNT(0) AS `cuenta`
FROM `trabaja` `t`
GROUP BY `t`.`compañia`;

--
-- Create view `ejercicio9having`
--
CREATE
DEFINER = 'root'@'localhost'
VIEW ejercicio9having
AS
SELECT
  `t`.`compañia` AS `compañia`
FROM `trabaja` `t`
GROUP BY `t`.`compañia`
HAVING (COUNT(0) = (SELECT
    MAX(`c1`.`cuenta`)
  FROM `ejercicio9c1` `c1`));

--
-- Create view `ejercicio9`
--
CREATE
DEFINER = 'root'@'localhost'
VIEW ejercicio9
AS
SELECT
  `c1`.`compañia` AS `compañia`
FROM `ejercicio9c1` `c1`
WHERE (`c1`.`cuenta` = (SELECT
    MAX(`c1`.`cuenta`)
  FROM `ejercicio9c1` `c1`));

--
-- Create view `ejercicio8`
--
CREATE
DEFINER = 'root'@'localhost'
VIEW ejercicio8
AS
SELECT
  `t`.`compañia` AS `compañia`,
  COUNT(0) AS `COUNT(*)`
FROM `trabaja` `t`
GROUP BY `t`.`compañia`;

--
-- Create view `ejercicio11`
--
CREATE
DEFINER = 'root'@'localhost'
VIEW ejercicio11
AS
SELECT
  `c2`.`nombre` AS `nombre`,
  `c2`.`ciudad` AS `ciudad`,
  `c`.`ciudad` AS `ciudad_compañia`
FROM (`compañias`.`compañia` `c`
  JOIN (SELECT
      `c1`.`nombre` AS `nombre`,
      `c1`.`ciudad` AS `ciudad`,
      `t`.`compañia` AS `compañia`
    FROM (`compañias`.`trabaja` `t`
      JOIN (SELECT
          `p`.`nombre` AS `nombre`,
          `p`.`ciudad` AS `ciudad`
        FROM `compañias`.`persona` `p`) `c1`
        ON ((`t`.`persona` = `c1`.`nombre`)))) `c2`
    ON ((`c2`.`compañia` = `c`.`nombre`)));

-- 
-- Dumping data for table ciudad
--
INSERT INTO ciudad VALUES
('AB', 70000),
('CR', 60000),
('CU', 50000),
('GU', 75000),
('TO', 80000);

-- 
-- Dumping data for table compañia
--
INSERT INTO compañia VALUES
('NESTLE', 'AB'),
('INDRA', 'CR'),
('FAGOR', 'TO');

-- 
-- Dumping data for table persona
--
INSERT INTO persona VALUES
('Ana', 'Calle5', 'AB'),
('Antonio', 'Calle7', 'CU'),
('Blas', 'Calle6', 'AB'),
('Casimiro', 'Calle11', 'CR'),
('Eva', 'Calle2', 'CR'),
('Jose', 'Calle3', 'TO'),
('Juan', 'Calle1', 'CR'),
('Marga', 'Calle9', 'GU'),
('Maria', 'Calle4', 'TO'),
('Paco', 'Calle9', 'GU'),
('Wendy', 'Calle8', 'CU');

-- 
-- Dumping data for table trabaja
--
INSERT INTO trabaja VALUES
('Ana', 'FAGOR', 18000),
('Antonio', 'NESTLE', 15000),
('Blas', 'NESTLE', 25000),
('Eva', 'INDRA', 30000),
('Jose', 'FAGOR', 50000),
('Juan', 'INDRA', 40000),
('Marga', 'NESTLE', 50000),
('Maria', 'FAGOR', 40000),
('Paco', 'NESTLE', 25000),
('Wendy', 'INDRA', 50000);

-- 
-- Dumping data for table supervisa
--
INSERT INTO supervisa VALUES
('Maria', 'Ana'),
('Blas', 'Antonio'),
('Marga', 'Blas'),
('Wendy', 'Eva'),
('Wendy', 'Juan'),
('Jose', 'Maria'),
('Marga', 'Paco');

-- 
-- Restore previous SQL mode
-- 
/*!40101 SET SQL_MODE=@OLD_SQL_MODE */;

-- 
-- Enable foreign keys
-- 
/*!40014 SET FOREIGN_KEY_CHECKS = @OLD_FOREIGN_KEY_CHECKS */;