﻿--
-- Script was generated by Devart dbForge Studio 2020 for MySQL, Version 9.0.897.0
-- Product home page: http://www.devart.com/dbforge/mysql/studio
-- Script date 19/07/2023 17:01:09
-- Server version: 8.0.30
-- Client version: 4.1
--

-- 
-- Disable foreign keys
-- 
/*!40014 SET @OLD_FOREIGN_KEY_CHECKS=@@FOREIGN_KEY_CHECKS, FOREIGN_KEY_CHECKS=0 */;

-- 
-- Set SQL mode
-- 
/*!40101 SET @OLD_SQL_MODE=@@SQL_MODE, SQL_MODE='NO_AUTO_VALUE_ON_ZERO' */;

-- 
-- Set character set the client will use to send SQL statements to the server
--
SET NAMES 'utf8';

DROP DATABASE IF EXISTS facturas;

CREATE DATABASE facturas
CHARACTER SET utf8mb4
COLLATE utf8mb4_0900_ai_ci;

--
-- Set default database
--
USE facturas;

--
-- Create table `grupos`
--
CREATE TABLE grupos (
  id int NOT NULL AUTO_INCREMENT,
  nombre varchar(100) DEFAULT NULL,
  iva float DEFAULT NULL,
  PRIMARY KEY (id)
)
ENGINE = INNODB,
AUTO_INCREMENT = 4,
AVG_ROW_LENGTH = 8192,
CHARACTER SET utf8mb4,
COLLATE utf8mb4_0900_ai_ci;

--
-- Create table `productos`
--
CREATE TABLE productos (
  id int NOT NULL AUTO_INCREMENT,
  nombre varchar(100) DEFAULT NULL,
  precio float DEFAULT NULL,
  grupo int DEFAULT NULL,
  nombreGrupo varchar(100) DEFAULT NULL,
  ivaGrupo float DEFAULT NULL,
  PRIMARY KEY (id)
)
ENGINE = INNODB,
AUTO_INCREMENT = 5,
AVG_ROW_LENGTH = 4096,
CHARACTER SET utf8mb4,
COLLATE utf8mb4_0900_ai_ci;

--
-- Create foreign key
--
ALTER TABLE productos
ADD CONSTRAINT fkproductosGrupos FOREIGN KEY (grupo)
REFERENCES grupos (id) ON DELETE CASCADE ON UPDATE CASCADE;

--
-- Create table `factura`
--
CREATE TABLE factura (
  id int NOT NULL AUTO_INCREMENT,
  cliente varchar(100) DEFAULT NULL,
  telefono varchar(100) DEFAULT NULL,
  correo varchar(100) DEFAULT NULL,
  total float DEFAULT NULL,
  iva float DEFAULT NULL,
  totalIva float DEFAULT NULL,
  PRIMARY KEY (id)
)
ENGINE = INNODB,
AUTO_INCREMENT = 4,
AVG_ROW_LENGTH = 5461,
CHARACTER SET utf8mb4,
COLLATE utf8mb4_0900_ai_ci;

--
-- Create table `lineas`
--
CREATE TABLE lineas (
  id int NOT NULL AUTO_INCREMENT,
  producto int DEFAULT NULL,
  nombreProducto varchar(100) DEFAULT NULL,
  precio float DEFAULT NULL,
  cantidad int DEFAULT NULL,
  total float DEFAULT NULL,
  factura int DEFAULT NULL,
  PRIMARY KEY (id)
)
ENGINE = INNODB,
AUTO_INCREMENT = 5,
AVG_ROW_LENGTH = 4096,
CHARACTER SET utf8mb4,
COLLATE utf8mb4_0900_ai_ci;

--
-- Create foreign key
--
ALTER TABLE lineas
ADD CONSTRAINT fklineasFacturas FOREIGN KEY (factura)
REFERENCES factura (id) ON DELETE CASCADE ON UPDATE CASCADE;

--
-- Create foreign key
--
ALTER TABLE lineas
ADD CONSTRAINT fklineasProductos FOREIGN KEY (producto)
REFERENCES productos (id) ON DELETE CASCADE ON UPDATE CASCADE;

-- 
-- Dumping data for table grupos
--
INSERT INTO grupos VALUES
(1, 'verduras', 0.1),
(2, 'frutas', 0.2),
(3, 'carnes', 0.3);

-- 
-- Dumping data for table productos
--
INSERT INTO productos VALUES
(1, 'lechuga', 1, 1, NULL, NULL),
(2, 'patatas', 2, 1, NULL, NULL),
(3, 'filete ternera', 5, 3, NULL, NULL),
(4, 'melocotones', 1, 2, NULL, NULL);

-- 
-- Dumping data for table factura
--
INSERT INTO factura VALUES
(1, 'jose', '123123123', 'jose@alpe.es', NULL, NULL, NULL),
(2, 'eva', '345345345', 'eva@alpe.es', NULL, NULL, NULL),
(3, 'sonia', '123123123', 'sonia@alpe.es', NULL, NULL, NULL);

-- 
-- Dumping data for table lineas
--
INSERT INTO lineas VALUES
(1, 1, NULL, NULL, 10, NULL, 1),
(2, 2, NULL, NULL, 5, NULL, 1),
(3, 4, NULL, NULL, 10, NULL, 2),
(4, 3, NULL, NULL, 5, NULL, 3);

-- 
-- Restore previous SQL mode
-- 
/*!40101 SET SQL_MODE=@OLD_SQL_MODE */;

-- 
-- Enable foreign keys
-- 
/*!40014 SET FOREIGN_KEY_CHECKS = @OLD_FOREIGN_KEY_CHECKS */;