﻿--
-- Script was generated by Devart dbForge Studio for MySQL, Version 8.0.40.0
-- Product home page: http://www.devart.com/dbforge/mysql/studio
-- Script date 15/02/2019 14:15:46
-- Server version: 5.5.5-10.1.36-MariaDB
-- Client version: 4.1
--

-- 
-- Disable foreign keys
-- 
/*!40014 SET @OLD_FOREIGN_KEY_CHECKS=@@FOREIGN_KEY_CHECKS, FOREIGN_KEY_CHECKS=0 */;

-- 
-- Set SQL mode
-- 
/*!40101 SET @OLD_SQL_MODE=@@SQL_MODE, SQL_MODE='NO_AUTO_VALUE_ON_ZERO' */;

-- 
-- Set character set the client will use to send SQL statements to the server
--
SET NAMES 'utf8';

DROP DATABASE IF EXISTS ejemplosprogramacion3;

CREATE DATABASE IF NOT EXISTS ejemplosprogramacion3
CHARACTER SET latin1
COLLATE latin1_swedish_ci;

--
-- Set default database
--
USE ejemplosprogramacion3;

DELIMITER $$

--
-- Create function `perimetroTriangulo`
--
CREATE DEFINER = 'root'@'localhost'
FUNCTION IF NOT EXISTS perimetroTriangulo(base int, lado2 int,lado3 int)
  RETURNS float
  COMMENT ' Calcula el perimetro de un triangulo. 
  Recibe como argumentos la base y los otros dos lados'
BEGIN
  -- creamos las variables
  DECLARE r float;

-- realizamos los calculos
SET r = base + lado2 + lado3;
  
  -- retornamos el resultado
  RETURN r;
END
$$

--
-- Create function `areaTriangulo`
--
CREATE DEFINER = 'root'@'localhost'
FUNCTION IF NOT EXISTS areaTriangulo(base int, altura int)
  RETURNS float
  COMMENT ' Calcula el area de un triangulo. Recibe como argumentos la base y la altura'
BEGIN
  -- creamos las variables
  DECLARE area float;

-- realizamos los calculos
SET area = base * altura / 2;
  
  -- retornamos el resultado
  RETURN area;
END
$$

DELIMITER ;

--
-- Create table `triangulos`
--
CREATE TABLE IF NOT EXISTS triangulos (
  id int(11) NOT NULL,
  base int(11) NOT NULL,
  altura int(11) NOT NULL,
  lado2 int(11) NOT NULL,
  lado3 int(11) NOT NULL,
  area varchar(255) DEFAULT NULL,
  perimetro varchar(255) DEFAULT NULL,
  PRIMARY KEY (id)
)
ENGINE = INNODB,
AVG_ROW_LENGTH = 862,
CHARACTER SET latin1,
COLLATE latin1_swedish_ci;

--
-- Create index `altura_index` on table `triangulos`
--
ALTER TABLE triangulos
ADD INDEX altura_index (altura);

--
-- Create index `base_index` on table `triangulos`
--
ALTER TABLE triangulos
ADD INDEX base_index (base);

--
-- Create index `lado2_index` on table `triangulos`
--
ALTER TABLE triangulos
ADD INDEX lado2_index (lado2);

--
-- Create index `lado3_index` on table `triangulos`
--
ALTER TABLE triangulos
ADD INDEX lado3_index (lado3);

DELIMITER $$

--
-- Create procedure `actualizarTriangulos`
--
CREATE DEFINER = 'root'@'localhost'
PROCEDURE actualizarTriangulos (id1 int, id2 int)
COMMENT 'Actualiza la tabla triangulos con el area y el perimetro'
BEGIN

  UPDATE triangulos
  SET area = areaTriangulo(base, altura),
      perimetro = perimetroTriangulo(base, lado2, lado3)
  WHERE id BETWEEN id1 AND id2;

END
$$

--
-- Create function `perimetroRectangulo`
--
CREATE DEFINER = 'root'@'localhost'
FUNCTION IF NOT EXISTS perimetroRectangulo(
l1 int, l2 int)
  RETURNS int(11)
  COMMENT 'Funcion que calcula el perimetro de un rectangulo'
BEGIN
  DECLARE r int;
SET r = 2 * (l1 + l2);
  RETURN r;
END
$$

DELIMITER ;

--
-- Create table `rectangulo`
--
CREATE TABLE IF NOT EXISTS rectangulo (
  id int(11) NOT NULL,
  lado1 int(11) NOT NULL,
  lado2 int(11) NOT NULL,
  area varchar(255) DEFAULT NULL,
  perimetro varchar(255) DEFAULT NULL,
  PRIMARY KEY (id)
)
ENGINE = INNODB,
AVG_ROW_LENGTH = 862,
CHARACTER SET latin1,
COLLATE latin1_swedish_ci;

--
-- Create index `lado1_index` on table `rectangulo`
--
ALTER TABLE rectangulo
ADD INDEX lado1_index (lado1);

--
-- Create index `lado2_index` on table `rectangulo`
--
ALTER TABLE rectangulo
ADD INDEX lado2_index (lado2);

DELIMITER $$

--
-- Create procedure `actualizarRectangulos`
--
CREATE DEFINER = 'root'@'localhost'
PROCEDURE actualizarRectangulos (id1 int,
id2 int)
BEGIN

  UPDATE rectangulo r
  SET r.area = areaRectangulo(r.lado1, r.lado2),
      r.perimetro = r.perimetro(r.lado1, r.lado2)
  WHERE r.id BETWEEN id1 AND id2;

END
$$

--
-- Create procedure `actualizarRectangulo`
--
CREATE DEFINER = 'root'@'localhost'
PROCEDURE actualizarRectangulo (id1 int,
id2 int)
COMMENT 'Actualiza la tabla rectangulos con el area y el perimetro'
BEGIN

  UPDATE rectangulo r
  SET r.area = areaRectangulo(r.lado1, r.lado2),
      r.perimetro = perimetroRectangulo(r.lado1, r.lado2)
  WHERE r.id BETWEEN id1 AND id2;

END
$$

--
-- Create function `perimetroCuadrado`
--
CREATE DEFINER = 'root'@'localhost'
FUNCTION IF NOT EXISTS perimetroCuadrado(
lado int)
  RETURNS int(11)
  COMMENT 'Funcion que calcula el perimetro de un cuadrado de lado dado'
BEGIN
  DECLARE r int;
SET r = lado * 4;
  RETURN r;
END
$$

--
-- Create function `areaCuadrado`
--
CREATE DEFINER = 'root'@'localhost'
FUNCTION IF NOT EXISTS areaCuadrado(
lado int)
  RETURNS int(11)
  COMMENT 'Funcion que calcula el area de un cuadrado de lado dado'
BEGIN
  DECLARE r int;
SET r = POW(lado, 2);
  RETURN r;
END
$$

DELIMITER ;

--
-- Create table `cuadrados`
--
CREATE TABLE IF NOT EXISTS cuadrados (
  id int(11) NOT NULL,
  lado int(11) NOT NULL,
  area varchar(255) DEFAULT NULL,
  perimetro varchar(255) DEFAULT NULL,
  PRIMARY KEY (id)
)
ENGINE = INNODB,
AVG_ROW_LENGTH = 862,
CHARACTER SET latin1,
COLLATE latin1_swedish_ci;

--
-- Create index `lado_index` on table `cuadrados`
--
ALTER TABLE cuadrados
ADD INDEX lado_index (lado);

DELIMITER $$

--
-- Create procedure `actualizarCuadrado`
--
CREATE DEFINER = 'root'@'localhost'
PROCEDURE actualizarCuadrado (id1 int,
id2 int)
COMMENT 'Actualiza la tabla cuadrados con el area y el perimetro'
BEGIN

  UPDATE cuadrados
  SET area = areaCuadrado(lado),
      perimetro = perimetroCuadrado(lado)
  WHERE id BETWEEN id1 AND id2;

END
$$

DELIMITER ;

--
-- Create table `conversion`
--
CREATE TABLE IF NOT EXISTS conversion (
  id int(11) NOT NULL,
  cm double DEFAULT NULL,
  m double DEFAULT NULL,
  km double DEFAULT NULL,
  pulgadas double DEFAULT NULL,
  PRIMARY KEY (id)
)
ENGINE = INNODB,
AVG_ROW_LENGTH = 819,
CHARACTER SET latin1,
COLLATE latin1_swedish_ci;

DELIMITER $$

--
-- Create procedure `actualizarConversion`
--
CREATE DEFINER = 'root'@'localhost'
PROCEDURE actualizarConversion (IN idInicio int)
BEGIN
  UPDATE conversion
  SET m = cm / 100,
      km = cm / 100000,
      pulgadas = cm / 0.393701
  WHERE cm IS NOT NULL
  AND id > idInicio;

  UPDATE conversion
  SET cm = m * 100,
      km = m / 1000,
      pulgadas = cm / 0.393701
  WHERE m IS NOT NULL
  AND cm IS NULL
  AND id > idInicio;

  UPDATE conversion
  SET cm = km * 100000,
      m = km * 1000,
      pulgadas = cm / 0.393701
  WHERE km IS NOT NULL
  AND cm IS NULL
  AND id > idInicio;

  UPDATE conversion
  SET cm = pulgadas * 2.54,
      m = pulgadas * 254,
      km = pulgadas * 254000
  WHERE pulgadas IS NOT NULL
  AND cm IS NULL
  AND id > idInicio;

END
$$

--
-- Create function `perimetroCirculo`
--
CREATE DEFINER = 'root'@'localhost'
FUNCTION IF NOT EXISTS perimetroCirculo(radio int)
  RETURNS float
  COMMENT 'calcula el perimetro de un circulo de radio dado'
BEGIN
    DECLARE r float;

SET r = 2 * PI() * radio;

    RETURN r;
  END
$$

--
-- Create function `areaCirculo`
--
CREATE DEFINER = 'root'@'localhost'
FUNCTION IF NOT EXISTS areaCirculo(radio int)
  RETURNS float
  COMMENT 'calcula el area de un circulo de radio dado'
BEGIN
    DECLARE r float;

SET r = PI() * POW(radio, 2);

    RETURN r;
  END
$$

DELIMITER ;

--
-- Create table `circulo`
--
CREATE TABLE IF NOT EXISTS circulo (
  id int(11) NOT NULL,
  radio int(11) NOT NULL,
  tipo varchar(5) DEFAULT NULL,
  area varchar(255) DEFAULT NULL,
  perimetro varchar(255) DEFAULT NULL,
  PRIMARY KEY (id)
)
ENGINE = INNODB,
AVG_ROW_LENGTH = 819,
CHARACTER SET latin1,
COLLATE latin1_swedish_ci;

--
-- Create index `radio_index` on table `circulo`
--
ALTER TABLE circulo
ADD INDEX radio_index (radio);

DELIMITER $$

--
-- Create procedure `actualizarCirculos`
--
CREATE DEFINER = 'root'@'localhost'
PROCEDURE actualizarCirculos (id1 int, id2 int, t char(1))
BEGIN

  IF (t IS NULL)
  THEN
    UPDATE circulo
    SET area = areaCirculo(radio),
        perimetro = perimetroCirculo(radio)
    WHERE id BETWEEN id1 AND id2;
  ELSE
    UPDATE circulo
    SET area = areaCirculo(radio),
        perimetro = perimetroCirculo(radio)
    WHERE id BETWEEN id1 AND id2
    AND tipo = t;
  END IF;
END
$$

DELIMITER ;

--
-- Create table `grupos`
--
CREATE TABLE IF NOT EXISTS grupos (
  id int(11) NOT NULL,
  media varchar(255) DEFAULT NULL,
  max varchar(255) DEFAULT NULL,
  min varchar(255) DEFAULT NULL,
  PRIMARY KEY (id)
)
ENGINE = INNODB,
AVG_ROW_LENGTH = 8192,
CHARACTER SET latin1,
COLLATE latin1_swedish_ci;

DELIMITER $$

--
-- Create function `moda`
--
CREATE DEFINER = 'root'@'localhost'
FUNCTION IF NOT EXISTS moda(
  n1 int,
  n2 int,
  n3 int,
  n4 int)
  RETURNS int(11)
  COMMENT ' Calcula la moda de 4 numeros pasados como argumentos'
BEGIN
  DECLARE r int;
CREATE OR REPLACE TEMPORARY TABLE temp (
  id int AUTO_INCREMENT,
  valor int,
  PRIMARY KEY (id)
);

INSERT INTO temp (valor)
  VALUES (n1), (n2), (n3), (n4);

SELECT
  valor INTO r
FROM temp
GROUP BY valor
ORDER BY COUNT(*) DESC LIMIT 1;
  
    
  RETURN r;
END
$$

--
-- Create function `minimo`
--
CREATE DEFINER = 'root'@'localhost'
FUNCTION IF NOT EXISTS minimo(n1 int, n2 int, n3 int, n4 int)
  RETURNS int(11)
  COMMENT 'Realizar una función que reciba como argumentos 4 notas. Debe devolver el cálculo de la nota minima'
BEGIN
    DECLARE r int;
SET r = LEAST(n1, n2, n3, n4);
    RETURN r;
  END
$$

--
-- Create function `media`
--
CREATE DEFINER = 'root'@'localhost'
FUNCTION IF NOT EXISTS media(n1 int, n2 int, n3 int, n4 int)
  RETURNS float
  COMMENT 'Realizar una función que reciba como argumentos 4 notas. Debe devolver el cálculo de la nota media.'
BEGIN
    DECLARE r float;
SET r = (n1 + n2 + n3 + n4) / 4;
    RETURN r;
  END
$$

DELIMITER ;

--
-- Create table `alumnos`
--
CREATE TABLE IF NOT EXISTS alumnos (
  id int(11) NOT NULL,
  nota1 int(11) NOT NULL,
  nota2 int(11) NOT NULL,
  nota3 int(11) NOT NULL,
  nota4 int(11) NOT NULL,
  grupo int(11) NOT NULL,
  media varchar(255) DEFAULT NULL,
  max varchar(255) DEFAULT NULL,
  min varchar(255) DEFAULT NULL,
  moda varchar(255) DEFAULT NULL,
  PRIMARY KEY (id)
)
ENGINE = INNODB,
AVG_ROW_LENGTH = 819,
CHARACTER SET latin1,
COLLATE latin1_swedish_ci;

--
-- Create index `grupo_index` on table `alumnos`
--
ALTER TABLE alumnos
ADD INDEX grupo_index (grupo);

--
-- Create index `nota1_index` on table `alumnos`
--
ALTER TABLE alumnos
ADD INDEX nota1_index (nota1);

--
-- Create index `nota2_index` on table `alumnos`
--
ALTER TABLE alumnos
ADD INDEX nota2_index (nota2);

--
-- Create index `nota3_index` on table `alumnos`
--
ALTER TABLE alumnos
ADD INDEX nota3_index (nota3);

--
-- Create index `nota4_index` on table `alumnos`
--
ALTER TABLE alumnos
ADD INDEX nota4_index (nota4);

DELIMITER $$

--
-- Create function `maximo`
--
CREATE DEFINER = 'root'@'localhost'
FUNCTION IF NOT EXISTS maximo(n1 int, n2 int, n3 int, n4 int)
  RETURNS int(11)
  COMMENT 'Realizar una función que reciba como argumentos 4 notas. Debe devolver el cálculo de la nota maxima'
BEGIN
    DECLARE r int;
SET r = GREATEST(n1, n2, n3, n4);
    RETURN r;
  END
$$

--
-- Create function `moda1`
--
CREATE DEFINER = 'root'@'localhost'
FUNCTION IF NOT EXISTS moda1(
  n1 int,
  n2 int,
  n3 int,
  n4 int)
  RETURNS float
  COMMENT ' Calcula la moda de 4 numeros pasados como argumentos'
BEGIN
  DECLARE r float;
  DECLARE maximo int;
CREATE OR REPLACE TEMPORARY TABLE temp (
  id int AUTO_INCREMENT,
  valor int,
  PRIMARY KEY (id)
);

INSERT INTO temp (valor)
  VALUES (n1), (n2), (n3), (n4);

SELECT
  MAX(n) INTO maximo
FROM (SELECT
  valor,
  COUNT(*) n
FROM temp
GROUP BY valor) c1;

SELECT
  AVG(valor) INTO r
FROM (SELECT
  valor,
  COUNT(*) n
FROM temp
GROUP BY valor) c1
WHERE n = maximo;
   
  RETURN r;
END
$$

--
-- Create procedure `actualizarAlumnos`
--
CREATE DEFINER = 'root'@'localhost'
PROCEDURE actualizarAlumnos (IN id1 int,
IN id2 int)
COMMENT ' Realizar un procedimiento almacenado que cuando le llames como argumentos:
-	Id1: id inicial
-	Id2: id final
Actualice las notas mínima, máxima, media y moda de los alumnos (utilizando las funciones realizadas) que estén comprendidos entre los id pasados.
Además, el mismo procedimiento debe actualizar la tabla grupos colocando la nota media de los alumnos que estén comprendidos entre los id pasados y por grupo.'
BEGIN
  UPDATE alumnos
  SET media = media(nota1, nota2, nota3, nota4),
      min = minimo(nota1, nota2, nota3, nota4),
      max = maximo(nota1, nota2, nota3, nota4),
      moda = moda(nota1, nota2, nota3, nota4)
  WHERE id BETWEEN id1 AND id2;

  UPDATE grupos
  SET media = (SELECT
    AVG(media)
  FROM alumnos
  WHERE grupo = 1
  AND id BETWEEN id1 AND id2)
  WHERE id = 1;

  UPDATE grupos
  SET media = (SELECT
    AVG(media)
  FROM alumnos
  WHERE grupo = 2
  AND id BETWEEN id1 AND id2)
  WHERE id = 2;

/*UPDATE grupos JOIN 
  (SELECT AVG(media) mediaCalculada,grupo 
    FROM alumnos 
    WHERE id BETWEEN id1 AND id2
    GROUP BY grupo) c1 ON grupos.id=c1.grupo
  SET grupos.media=c1.mediaCalculada;*/


END
$$

--
-- Create function `areaRectangulo`
--
CREATE DEFINER = 'root'@'localhost'
FUNCTION IF NOT EXISTS areaRectangulo(
l1 int, l2 int)
  RETURNS int(11)
  COMMENT 'Funcion que calcula el area de un rectangulo'
BEGIN
  DECLARE r int;
SET r = l1 * l2;
  RETURN r;
END
$$

DELIMITER ;

-- 
-- Dumping data for table triangulos
--
INSERT INTO triangulos VALUES
(1, 550, 626, 58, 80, '172150', '688'),
(2, 720, 46, 21, 16, '16560', '757'),
(3, 353, 889, 30, 62, '156908.5', '445'),
(4, 648, 589, 67, 19, '190836', '734'),
(5, 194, 160, 34, 25, '15520', '253'),
(6, 131, 54, 41, 86, NULL, NULL),
(7, 31, 831, 32, 93, NULL, NULL),
(8, 502, 832, 38, 98, NULL, NULL),
(9, 294, 549, 32, 17, NULL, NULL),
(10, 674, 787, 37, 73, NULL, NULL),
(11, 184, 950, 34, 99, NULL, NULL),
(12, 852, 400, 56, 87, NULL, NULL),
(13, 948, 650, 48, 19, NULL, NULL),
(14, 420, 698, 22, 81, NULL, NULL),
(15, 452, 172, 17, 18, NULL, NULL),
(16, 303, 172, 52, 86, NULL, NULL),
(17, 273, 760, 10, 89, NULL, NULL),
(18, 312, 405, 36, 38, NULL, NULL),
(19, 276, 53, 63, 4, NULL, NULL);

-- 
-- Dumping data for table rectangulo
--
INSERT INTO rectangulo VALUES
(1, 219, 325, '71175', '1088'),
(2, 487, 471, '229377', '1916'),
(3, 433, 27, '11691', '920'),
(4, 362, 221, '80002', '1166'),
(5, 344, 27, '9288', '742'),
(6, 418, 166, '69388', '1168'),
(7, 87, 98, '8526', '370'),
(8, 293, 74, '21682', '734'),
(9, 209, 55, '11495', '528'),
(10, 353, 157, '55421', '1020'),
(11, 40, 73, NULL, NULL),
(12, 420, 323, NULL, NULL),
(13, 459, 235, NULL, NULL),
(14, 313, 422, NULL, NULL),
(15, 57, 198, NULL, NULL),
(16, 65, 283, NULL, NULL),
(17, 170, 205, NULL, NULL),
(18, 244, 165, NULL, NULL),
(19, 149, 248, NULL, NULL);

-- 
-- Dumping data for table grupos
--
INSERT INTO grupos VALUES
(1, '3.95', NULL, NULL),
(2, '5.5', NULL, NULL);

-- 
-- Dumping data for table cuadrados
--
INSERT INTO cuadrados VALUES
(1, 158, '24964', '632'),
(2, 732, '535824', '2928'),
(3, 8, '64', '32'),
(4, 852, '725904', '3408'),
(5, 288, '82944', '1152'),
(6, 404, '163216', '1616'),
(7, 559, '312481', '2236'),
(8, 184, '33856', '736'),
(9, 385, '148225', '1540'),
(10, 529, '279841', '2116'),
(11, 275, NULL, NULL),
(12, 688, NULL, NULL),
(13, 555, NULL, NULL),
(14, 311, NULL, NULL),
(15, 189, NULL, NULL),
(16, 590, NULL, NULL),
(17, 87, NULL, NULL),
(18, 855, NULL, NULL),
(19, 155, NULL, NULL);

-- 
-- Dumping data for table conversion
--
INSERT INTO conversion VALUES
(1, 93.0932981598488, 0.930932981598488, 0.000930932981598488, 236.45684963931714),
(2, 6358.9478084148095, 63.5894780841481, 0.0635894780841481, 16151.718711445512),
(3, 3555122.9644176504, 35551.2296441765, 35.5512296441765, 9030007.453416806),
(4, 24.2525349220112, 0.242525349220112, 0.000242525349220112, 61.60140543714951),
(5, 8926.03211573131, 89.2603211573131, 0.0892603211573131, 22672.109331018488),
(6, 100.74950941285377, 1.0074950941285377, 0.0010074950941285376, 255.90361572069608),
(7, 20.38735178820139, 0.20387351788201388, 0.0002038735178820139, 51.783845578754914),
(8, 80.7678135243176, 0.807678135243176, 0.0008076781352431761, 205.1501355706935),
(9, 3.50094982345985, 0.0350094982345985, 0.0000350094982345985, 8.892407749687834),
(10, 8427.112615673, 84.27112615673, 0.08427112615673, 21404.854485188),
(11, 6923596.60658048, 69235.9660658048, 69.2359660658048, 17585925.88431444),
(12, 64.8611533342777, 0.648611533342777, 0.0006486115333427771, 164.74724050555548),
(13, 30.9584723795554, 0.309584723795554, 0.000309584723795554, 78.63447738145292),
(14, 110.34353524778886, 1.1034353524778886, 0.0011034353524778887, 280.2724281822725),
(15, 64.4696644370615, 0.6446966443706149, 0.000644696644370615, 163.7528592435922),
(16, 5262.63831816833, 52.6263831816833, 0.052626383181683306, 13367.09410991674),
(17, 68.2877170772654, 0.682877170772654, 0.000682877170772654, 173.45070771287195),
(18, 5062670.88875759, 50626.7088875759, 50.6267088875759, 12859177.113488637),
(19, 2261.7207455870803, 22.6172074558708, 0.022617207455870803, 5744.7675916166845),
(20, 76.4379455984535, 0.7643794559845349, 0.000764379455984535, 194.1522769778423);

-- 
-- Dumping data for table circulo
--
INSERT INTO circulo VALUES
(1, 1, 'a', '3.1415927410125732', '6.2831854820251465'),
(2, 4, 'a', '50.26548385620117', '25.132741928100586'),
(3, 10, 'b', '314.1592712402344', '62.831851959228516'),
(4, 15, 'a', '706.8583374023438', '94.2477798461914'),
(5, 14, 'a', '615.7521362304688', '87.96459197998047'),
(6, 9, 'a', '254.46900939941406', '56.548667907714844'),
(7, 24, 'a', '1809.557373046875', '150.79644775390625'),
(8, 4, 'a', '50.26548385620117', '25.132741928100586'),
(9, 5, 'b', '78.5398178100586', '31.415925979614258'),
(10, 9, 'a', '254.46900939941406', '56.548667907714844'),
(11, 11, 'a', '380.1327209472656', '69.11503601074219'),
(12, 5, 'a', '78.5398178100586', '31.415925979614258'),
(13, 18, 'a', '1017.8760375976562', '113.09733581542969'),
(14, 23, 'a', '1661.9024658203125', '144.5132598876953'),
(15, 8, 'a', '201.0619354248047', '50.26548385620117'),
(16, 24, 'a', '1809.557373046875', '150.79644775390625'),
(17, 13, 'b', '530.9291381835938', '81.68141174316406'),
(18, 5, 'b', '78.5398178100586', '31.415925979614258'),
(19, 19, 'b', '1134.114990234375', '119.38052368164062'),
(20, 3, 'b', '28.274333953857422', '18.84955596923828');

-- 
-- Dumping data for table alumnos
--
INSERT INTO alumnos VALUES
(1, 2, 3, 3, 6, 1, '3.5', '6', '2', '3'),
(2, 7, 1, 6, 5, 2, '4.75', '7', '1', '7'),
(3, 2, 2, 8, 4, 1, '4', '8', '2', '2'),
(4, 4, 2, 3, 1, 1, '2.5', '4', '1', '4'),
(5, 3, 3, 7, 5, 1, '4.5', '7', '3', '3'),
(6, 7, 7, 6, 3, 2, '5.75', '7', '3', '7'),
(7, 9, 4, 8, 6, 2, '6.75', '9', '4', '9'),
(8, 3, 6, 7, 4, 2, '5', '7', '3', '3'),
(9, 8, 5, 4, 4, 2, '5.25', '8', '4', '4'),
(10, 3, 3, 9, 6, 1, '5.25', '9', '3', '3'),
(11, 2, 8, 4, 4, 1, NULL, NULL, NULL, NULL),
(12, 9, 5, 6, 3, 1, NULL, NULL, NULL, NULL),
(13, 4, 6, 5, 5, 1, NULL, NULL, NULL, NULL),
(14, 8, 4, 4, 3, 1, NULL, NULL, NULL, NULL),
(15, 4, 9, 6, 7, 2, NULL, NULL, NULL, NULL),
(16, 8, 9, 8, 5, 2, NULL, NULL, NULL, NULL),
(17, 3, 7, 6, 1, 2, NULL, NULL, NULL, NULL),
(18, 3, 8, 6, 4, 2, NULL, NULL, NULL, NULL),
(19, 9, 1, 5, 8, 1, NULL, NULL, NULL, NULL),
(20, 5, 1, 7, 1, 1, NULL, NULL, NULL, NULL);

-- 
-- Restore previous SQL mode
-- 
/*!40101 SET SQL_MODE=@OLD_SQL_MODE */;

-- 
-- Enable foreign keys
-- 
/*!40014 SET FOREIGN_KEY_CHECKS = @OLD_FOREIGN_KEY_CHECKS */;