-- MySQL Administrator dump 1.4
--
-- ------------------------------------------------------
-- Server version	5.0.24a-community-nt


/*!40101 SET @OLD_CHARACTER_SET_CLIENT=@@CHARACTER_SET_CLIENT */;
/*!40101 SET @OLD_CHARACTER_SET_RESULTS=@@CHARACTER_SET_RESULTS */;
/*!40101 SET @OLD_COLLATION_CONNECTION=@@COLLATION_CONNECTION */;
/*!40101 SET NAMES utf8 */;

/*!40014 SET @OLD_UNIQUE_CHECKS=@@UNIQUE_CHECKS, UNIQUE_CHECKS=0 */;
/*!40014 SET @OLD_FOREIGN_KEY_CHECKS=@@FOREIGN_KEY_CHECKS, FOREIGN_KEY_CHECKS=0 */;
/*!40101 SET @OLD_SQL_MODE=@@SQL_MODE, SQL_MODE='NO_AUTO_VALUE_ON_ZERO' */;


--
-- Create schema lens_db
--

CREATE DATABASE IF NOT EXISTS lens_db;
USE lens_db;

--
-- Definition of table `contato`
--

DROP TABLE IF EXISTS `contato`;
CREATE TABLE `contato` (
  `id` int(11) NOT NULL auto_increment,
  `tipo_contato` varchar(255) default NULL,
  `valor_contato` varchar(255) default NULL,
  `id_pessoa_fisica` int(11) default NULL,
  PRIMARY KEY  (`id`),
  KEY `FK9BEFBE0A210DBE93` (`id_pessoa_fisica`),
  CONSTRAINT `FK9BEFBE0A210DBE93` FOREIGN KEY (`id_pessoa_fisica`) REFERENCES `pessoafisica` (`id_pessoa_fisica`)
) ENGINE=InnoDB DEFAULT CHARSET=latin1;

--
-- Dumping data for table `contato`
--

/*!40000 ALTER TABLE `contato` DISABLE KEYS */;
INSERT INTO `contato` (`id`,`tipo_contato`,`valor_contato`,`id_pessoa_fisica`) VALUES 
 (3,'0','(51)99193-4393',1),
 (4,'0','(51)99506-3334',4),
 (6,'0','(51)98409-2140',7),
 (7,'0','(51)98290-8949',8),
 (8,'0','(51)99183-2757',9),
 (9,'0','(51)99683-8910',11),
 (10,'0','(51)99981-5135',13),
 (12,'0','(51)99906-7468',17),
 (13,'0','(51)99701-5466',19),
 (14,'0','(51)99734-5746',20),
 (15,'0','(51)99836-9087',21),
 (16,'0','(51)98533-3427',22),
 (17,'0','(51)99273-7068',23),
 (18,'0','(51)99161-5855',25),
 (19,'0','(51)98605-3592',26),
 (20,'0','(51)99184-9043',28),
 (21,'0','(51)98452-6283',29),
 (22,'0','(51)99244-9065',30),
 (23,'0','(51)99236-0057',33),
 (24,'0','(51)98443-1138',36),
 (25,'0','(51)99906-0424',37),
 (26,'0','(51)98425-9658',38),
 (27,'0','(51)98110-2133',39),
 (28,'0','(51)99825-8223',40),
 (29,'0','(51)98453-6411',41),
 (30,'0','(51)99805-7137',43),
 (31,'2','(51)3043-2947',44),
 (32,'2','(51)3497-2722',49),
 (33,'0','(51)98401-5068',52),
 (34,'0','(51)99856-3450',55),
 (35,'0','(51)99392-6096',56),
 (36,'0','(51)99955-7638',57),
 (37,'0','(51)99837-5513',59),
 (38,'0','(51)99429-5916',60),
 (39,'0','(51)98470-3164',61),
 (40,'0','(51)98550-9642',62),
 (41,'0','(51)98256-9188',128),
 (42,'0','(51)99340-9051',64),
 (43,'0','(51)99903-5145',65),
 (44,'0','(51)98429-2383',68),
 (45,'0','(51)99133-5566',69),
 (46,'0','(51)98115-8702',71),
 (47,'0','(51)99445-3081',74),
 (48,'0','(51)98462-6163',75),
 (49,'0','(51)99855-5838',76),
 (50,'0','(51)98410-4574',78),
 (51,'2','(51)3568-3151',80),
 (52,'0','(51)99904-8179',81),
 (53,'2','(51)3447-0012',83),
 (54,'0','(51)99647-0299',86),
 (55,'0','(51)98520-0759',89),
 (56,'0','(51)98642-3537',92),
 (57,'0','(51)98642-3537',92),
 (58,'2','(51)3662-5426',93),
 (59,'0','(51)99144-8557',94),
 (60,'0','(51)99667-1521',99),
 (61,'2','(51)3586-6952',100),
 (62,'0','(51)99618-5100',101),
 (64,'0','(51)99600-6939',103),
 (65,'0','(51)99697-9314',105),
 (66,'0','(51)99179-9824',106),
 (67,'2','(51)3475-7774',107),
 (68,'0','(51)99109-7828',108),
 (69,'0','(51)99427-5552',111),
 (70,'0','(51)98169-2761',112),
 (71,'0','(51)99246-1148',113),
 (72,'0','(51)99138-7877',114),
 (73,'0','(51)98279-6693',115),
 (74,'0','(51)99182-6016',116),
 (75,'0','(51)99308-1078',117),
 (76,'0','(51)98112-4601',119),
 (77,'0','(51)98447-3587',120),
 (78,'2','(51)3587-9049',121),
 (79,'0','(51)99293-8767',122),
 (80,'0','(51)99150-7627',125),
 (81,'0','(51)98462-1343',130),
 (82,'0','(51)98653-3222',133),
 (83,'0','(51)99669-8901',135),
 (84,'2','(51)3469-4888',138),
 (85,'0','(51)99915-3366',139),
 (86,'0','(51)99229-6940',141),
 (87,'0','(51)98418-9698',142),
 (88,'0','(51)98548-0321',143),
 (89,'0','(51)99221-9735',144),
 (90,'0','(51)98107-4728',145),
 (91,'0','(51)99769-4367',147),
 (92,'2','(51)3137-9770',148),
 (93,'0','(51)99875-2069',150),
 (94,'0','(51)99873-3714',151),
 (95,'0','(51)98234-8737',152),
 (96,'0','(51)98211-4166',153),
 (97,'0','(51)98412-4142',160),
 (98,'0','(51)98289-0088',156),
 (99,'0','(51)99633-7461',158),
 (100,'0','(51)99110-3631',159),
 (101,'0','(51)98412-4142',160),
 (102,'0','(51)98654-7475',164),
 (103,'0','(51)99252-9796',167),
 (104,'0','(51)99364-3671',168),
 (105,'0','(51)98606-6152',170),
 (106,'0','(51)98449-2842',171),
 (107,'0','(51)98601-3562',172),
 (108,'0','(51)99928-2505',174),
 (109,'2','(51)3074-9880',175),
 (110,'2','(51)3469-5358',176),
 (111,'0','(51)98571-0834',177),
 (112,'0','(51)99793-8572',179),
 (113,'0','(51)98510-0214',180),
 (114,'0','(51)99367-0436',181),
 (115,'0','(51)99176-4022',182),
 (116,'0','(51)98574-4576',184),
 (117,'0','(51)98523-6222',188),
 (118,'0','(51)99821-4497',189),
 (119,'0','(51)99757-1133',190),
 (120,'0','(51)98570-8273',191),
 (121,'0','(51)98562-7343',192),
 (122,'0','(51)99288-3768',195),
 (123,'0','(51)98459-6811',196),
 (124,'0','(51)99758-5512',197),
 (125,'0','(51)98484-9082',198),
 (126,'0','(51)98520-6604',199),
 (127,'0','(51)99993-9350',200),
 (128,'0','(51)98112-2741',201),
 (129,'0','(51)99296-4943',202),
 (131,'0','(51)99199-8901',203),
 (132,'0','(51)99510-8559',205),
 (133,'0','(51)98484-1449',206),
 (134,'0','(51)98489-8608',208),
 (135,'0','(51)99921-1151',209),
 (136,'0','(51)98917-1881',210),
 (138,'0','(51)99149-8625',212),
 (139,'0','(51)99109-0190',213),
 (140,'0','(51)99328-2193',214),
 (141,'0','(51)99444-4178',218),
 (142,'0','(51)99757-3761',219),
 (143,'0','(51)98010-9572',220),
 (148,'0','(51)98112-7980',223),
 (149,'2','(51)3470-8394',224),
 (161,'0','(51)99635-8409',250),
 (164,'0','(51)99879-1428',251),
 (169,'0','(51)99851-1182',254),
 (170,'0','(51)99822-5136',255),
 (171,'0','(51)99850-8976',256),
 (172,'0','(51)99409-1763',257),
 (173,'0','(51)99292-0755',258),
 (174,'0','(51)99250-7130',259),
 (175,'2','(51)3484-6914',260),
 (176,'2','(51)3469-4390',261),
 (177,'0','(51)99885-8983',262),
 (178,'0','(51)99887-2247',266),
 (179,'0','(51)99280-2054',267),
 (180,'0','(51)99632-2894',268),
 (181,'0','(51)99537-3361',269),
 (182,'0','(54)98100-1699',270),
 (183,'0','(51)98185-3176',271),
 (184,'0','(51)99168-0849',272),
 (185,'0','(51)98590-6883',273),
 (186,'0','(51)98453-8005',274),
 (187,'0','(51)99668-7381',277),
 (188,'0','(51)99742-9102',278),
 (189,'0','(51)99993-9350',279),
 (190,'0','(51)99394-0401',280),
 (191,'0','(51)99310-3060',281),
 (192,'0','(51)99375-6611',282),
 (193,'0','(51)99512-1368',283),
 (194,'0','(51)99837-7115',284),
 (195,'0','(51)99865-3604',285),
 (196,'0','(51)98537-2519',286),
 (197,'0','(51)99997-8023',288),
 (198,'0','(51)98686-8719',289),
 (199,'0','(51)99964-4695',290),
 (200,'0','(51)99983-4879',291),
 (201,'0','(51)99802-3594',292),
 (202,'0','(51)99956-0246',293),
 (203,'0','(51)99980-9069',294),
 (204,'0','(51)99967-2599',295),
 (205,'0','(51)99149-2336',296),
 (206,'0','(51)99515-2551',297),
 (207,'0','(51)99822-4888',299),
 (212,'2','(51)3490-4235',1),
 (214,'2','(51)3421-4364',2),
 (215,'2','(51)3431-9100',3),
 (216,'2','(51)3041-4904',4),
 (218,'2','(51)3497-3469',5),
 (222,'0','(51)99678-3265',8),
 (223,'2','(51)3496-8945',12),
 (225,'2','(51)3490-1471',14),
 (226,'2','(51)3490-4932',15),
 (227,'2','(51)3082-3135',16),
 (228,'2','(51)3368-5619',17),
 (229,'2','(51)3497-5801',18),
 (231,'2','(51)3438-5370',22),
 (232,'2','(51)3438-6814',24),
 (233,'2','(51)3077-5057',27),
 (234,'2','(51)3496-5138',31),
 (235,'2','(51)3497-5712',32),
 (236,'2','(51)3497-1205',72),
 (237,'2','(51)3566-4596',35),
 (238,'2','(51)3438-2943',39),
 (239,'2','(51)3488-6319',40),
 (240,'2','(51)3423-1950',42),
 (241,'2','(51)3431-2630',44),
 (242,'2','(51)3431-8720',45),
 (243,'2','(51)3431-2479',46),
 (244,'2','(51)3491-6714',47),
 (245,'2','(51)3473-2623',48),
 (246,'2','(51)3423-0546',49),
 (247,'2','(51)3368-3477',50),
 (248,'0','(51)99286-0979',52),
 (249,'2','(51)3469-2436',53),
 (250,'2','(51)3438-2082',54),
 (251,'2','(51)3041-3022',56),
 (252,'2','(51)3470-8281',61),
 (253,'2','(51)3460-5494',64),
 (254,'2','(51)3473-2668',65),
 (255,'2','(51)3488-6115',66),
 (256,'2','(51)3041-5868',70),
 (257,'2','(51)3497-1205',72),
 (258,'2','(51)3497-5909',73),
 (259,'2','(51)3421-4255',74),
 (260,'2','(51)3469-7358',75),
 (261,'2','(51)3438-7108',76),
 (262,'2','(51)3490-4235',77),
 (263,'2','(51)3425-2221',78),
 (265,'2','(51)3111-0449',79),
 (266,'0','(51)99626-0706',80),
 (267,'2','(51)3074-6836',81),
 (268,'2','(51)3469-6948',82),
 (269,'2','(51)3447-0012',83),
 (270,'2','(51)3469-7503',84),
 (271,'2','(51)3469-7650',85),
 (272,'2','(51)3662-5380',88),
 (273,'0','(51)99226-6497',89),
 (274,'2','(51)3484-3196',91),
 (275,'2','(51)3662-1507',93),
 (276,'0','(51)98181-5202',94),
 (277,'2','(51)3484-3196',95),
 (278,'2','(51)3343-2998',96),
 (279,'2','(51)3371-3909',97),
 (280,'2','(51)3371-1428',98),
 (281,'0','(51)99869-2607',99),
 (282,'2','(51)3524-4116',101),
 (284,'2','(51)3575-1410',103),
 (285,'2','(51)3447-2005',104),
 (286,'2','(51)3475-1774',107),
 (287,'2','(51)3443-2791',109),
 (288,'2','(51)3411-1974',110),
 (289,'0','(51)98183-0726',112),
 (290,'2','(51)3411-3060',113),
 (291,'2','(51)3411-7136',114),
 (292,'0','(51)99242-5122',115),
 (293,'2','(51)3483-4772',116),
 (294,'2','(51)3483-9390',117),
 (295,'2','(51)3431-3185',118),
 (296,'2','(51)3469-4554',120),
 (297,'0','(51)99618-5100',121),
 (298,'0','(51)99765-7916',122),
 (299,'2','(51)3438-3882',123),
 (300,'2','(51)3137-4380',124),
 (301,'0','(51)98632-8862',125),
 (302,'2','(51)3047-1556',126),
 (303,'2','(51)3488-2151',127),
 (304,'2','(51)3438-8321',129),
 (305,'2','(51)3558-1933',131),
 (306,'2','(51)3041-2659',132),
 (307,'2','(51)3074-9356',134),
 (308,'2','(51)3441-2996',135),
 (309,'2','(51)3471-3880',136),
 (310,'2','(51)3362-6901',137),
 (311,'2','(51)3469-4888',138),
 (312,'2','(51)3438-5860',139),
 (313,'2','(51)3469-5565',140),
 (314,'2','(51)3471-1231',141),
 (315,'2','(51)3488-9997',142),
 (316,'2','(51)3471-6320',146),
 (317,'0','(51)99552-4077',147),
 (318,'0','(51)99583-5656',148),
 (319,'2','(51)3343-6641',149),
 (320,'2','(51)3461-4271',150),
 (322,'2','(51)3421-1379',153),
 (323,'2','(51)3469-6046',154),
 (324,'2','(51)3344-4055',156),
 (325,'2','(51)3470-3495',157),
 (326,'2','(51)3074-0089',161),
 (327,'2','(51)3471-3196',162),
 (328,'2','(51)3439-1725',163),
 (329,'2','(51)3143-1220',164),
 (330,'2','(51)3074-1849',165),
 (331,'2','(51)3469-6592',166),
 (332,'2','(51)3469-6106',169),
 (333,'0','(51)99647-4036',171),
 (334,'2','(51)3020-7824',173),
 (335,'0','(51)99159-8511',176),
 (336,'2','(51)3113-0035',178),
 (337,'2','(51)3469-9883',179),
 (338,'2','(51)3469-2379',183),
 (339,'2','(51)3423-4057',188),
 (340,'2','(51)3113-2037',189),
 (341,'0','(51)99616-5253',190),
 (342,'0','(51)99665-2508',191),
 (343,'2','(51)3483-7343',192),
 (344,'2','(51)3496-1741',193),
 (345,'2','(51)3439-3211',194),
 (346,'0','(51)98548-1351',199),
 (348,'2','(51)3471-3364',204),
 (349,'0','(51)98181-4167',206),
 (350,'2','(51)3470-5357',207),
 (351,'2','(51)3470-6754',208),
 (352,'2','(51)3470-6855',210),
 (353,'2','(51)3471-2445',211),
 (354,'2','(51)3496-1873',212),
 (355,'2','(51)3398-8766',213),
 (356,'0','(51)99402-5840',214),
 (357,'0','(51)99881-1723',215),
 (358,'0','(51)99526-0641',216),
 (359,'2','(51)3047-1809',217),
 (360,'2','(51)3106-2068',218),
 (361,'2','(51)3231-9168',221),
 (362,'0','(51)99671-0212',222),
 (363,'2','(51)3058-5065',223),
 (364,'0','(51)98586-4202',224),
 (367,'0','(51)99209-3160',225),
 (371,'2','(51)3469-0631',228),
 (378,'2','(51)3438-6092',229),
 (387,'0','(51)99512-0529',231),
 (388,'0','(51)99750-7811',232),
 (389,'0','(51)99848-4673',233),
 (390,'0','(51)99547-4489',234),
 (391,'2','(51)3496-1572',235),
 (392,'0','(51)98411-6220',236),
 (393,'2','(51)3047-1466',237),
 (394,'0','(51)98579-4699',238),
 (395,'2','(51)3496-2522',240),
 (396,'2','(51)3431-9213',241),
 (397,'0','(51)99938-6155',242),
 (398,'2','(51)3490-4992',243),
 (399,'2','(51)3431-5462',244),
 (400,'0','(51)99746-4245',245),
 (401,'0','(51)99982-1187',246),
 (402,'0','(51)99977-7745',247),
 (405,'2','(51)3438-2082',248),
 (418,'2','(51)3431-2555',252),
 (419,'2','(51)3423-4328',253),
 (420,'2','(51)3470-5357',258),
 (421,'2','(51)3042-4431',263),
 (422,'2','(51)3545-5978',267),
 (423,'2','(51)3497-4361',276),
 (424,'2','(51)3545-8896',277),
 (425,'2','(51)3496-1921',280),
 (426,'2','(51)3496-1854',281),
 (427,'2','(51)3047-1137',282),
 (428,'2','(51)3515-7773',287),
 (429,'2','(51)3592-5087',288),
 (430,'2','(51)3496-4844',298),
 (431,'2','(51)3391-0460',299);
/*!40000 ALTER TABLE `contato` ENABLE KEYS */;


--
-- Definition of table `endereco`
--

DROP TABLE IF EXISTS `endereco`;
CREATE TABLE `endereco` (
  `id_endereco` int(11) NOT NULL auto_increment,
  `bairro` varchar(255) default NULL,
  `cep` varchar(255) default NULL,
  `cidade` varchar(255) default NULL,
  `endereco` varchar(255) default NULL,
  `logradouro` varchar(255) default NULL,
  `numero` int(11) default NULL,
  `std_endereco` varchar(255) default NULL,
  `tipo_endereco` varchar(255) default NULL,
  `uf` varchar(255) default NULL,
  `id_pessoa_fisica` int(11) default NULL,
  PRIMARY KEY  (`id_endereco`),
  KEY `FK672D67C9210DBE93` (`id_pessoa_fisica`),
  CONSTRAINT `FK672D67C9210DBE93` FOREIGN KEY (`id_pessoa_fisica`) REFERENCES `pessoafisica` (`id_pessoa_fisica`)
) ENGINE=InnoDB DEFAULT CHARSET=latin1;

--
-- Dumping data for table `endereco`
--

/*!40000 ALTER TABLE `endereco` DISABLE KEYS */;
INSERT INTO `endereco` (`id_endereco`,`bairro`,`cep`,`cidade`,`endereco`,`logradouro`,`numero`,`std_endereco`,`tipo_endereco`,`uf`,`id_pessoa_fisica`) VALUES 
 (384,'BOM SUCESSO','00000-000','GRAVATAI','SALVADOR 18','RUA',NULL,NULL,'RESIDENCIAL','RS',1),
 (385,'MATO ALTO ','94195-360','GRAVATAI','BRASILHA 224 ','RUA',NULL,NULL,'RESIDENCIAL','RS',2),
 (386,'NEOPOLIS','94000-000','GRAVATAI','RIO GRANDE DO NORTE 198','RUA',NULL,NULL,'RESIDENCIAL','RS',3),
 (387,'REGINA','94000-000','CACHOEIRINHA','AV MAJOR ANTONIO S LIMA 66','RUA',NULL,NULL,'RESIDENCIAL','RS',4),
 (388,'COAB B 72','00000-000','GRAVATAI','LEOPOLDO DIER  278','RUA',NULL,NULL,'RESIDENCIAL','RS',5),
 (390,'VERA CRUZ','34090-190','GRAVATAI','BAGÉ 580','RUA',NULL,NULL,'RESIDENCIAL','RS',7),
 (391,'NOSA CHACARA','94000-000','GRAVATAI','LUIZ BRITO 14','RUA',NULL,NULL,'RESIDENCIAL','RS',8),
 (392,'VILA BRANCA','00000-000','GRAVATAI','FLAMENGO 75','RUA',NULL,NULL,'RESIDENCIAL','RS',9),
 (393,'PARQUE DOS PRESIDENTES','00000-000','tramandai','SALVADOR PEREIRA GUIMARAES 1049','RUA',NULL,NULL,'RESIDENCIAL','RS',10),
 (394,'PLANALTINA','94000-000','PINHAL PRAIA','PINHAL ','RUA',NULL,NULL,'RESIDENCIAL','RS',11),
 (395,'BOM PRINCIPIO','94070-030','GRAVATAI','SANTA INES 659','RUA',NULL,NULL,'RESIDENCIAL','RS',12),
 (396,'ARRIO DO MONTES','00000-000','SÃO LEOPOLDO','JOÃO DE BARRO 690','RUA',NULL,NULL,'RESIDENCIAL','RS',13),
 (397,'VERA CRUZ','00000-000','GRAVATAI','SÃO GABRIEL 255','RUA',NULL,NULL,'RESIDENCIAL','RS',14),
 (398,'MONTE BELO','94000-000','GRAVATAI','ALCEU WALMOSY 241','RUA',NULL,NULL,'RESIDENCIAL','RS',15),
 (399,'ALGARVI','94000-000','ALVORADA','HEMILIO MACHADO 619','RUA',NULL,NULL,'RESIDENCIAL','RS',16),
 (400,'NOVA TRAMANDAI','00000-000','TRAMANDAI','FERNANDO DE NORONHA 1544','RUA',NULL,NULL,'RESIDENCIAL','RS',17),
 (401,'AGUAS CLARAS ','94000-000','GRAVATAI','NITEROI 92','RUA',NULL,NULL,'RESIDENCIAL','RS',18),
 (402,'FEITORIA','93052-150','SÃO LEOPOLDO','FREDERICO MEIA 1434','RUA',NULL,NULL,'RESIDENCIAL','RS',19),
 (403,'PALMEIRA','95630-000','PAROBE','TREZE DE MAIO 721','RUA',NULL,NULL,'RESIDENCIAL','RS',20),
 (404,'JARDIM','95630-000','PAROBE','LUIZ TITO MARTINS 417','RUA',NULL,NULL,'RESIDENCIAL','RS',21),
 (405,'CANARINHO ','94965-275','CACHOEIRINHA','BOLGARIA 11','RUA',NULL,NULL,'RESIDENCIAL','RS',22),
 (406,'SÃO VICENTE DE PAULO','94910-150','CACHOEIRINHA','LUIZ SCHERGE 148','RUA',NULL,NULL,'RESIDENCIAL','RS',23),
 (407,'NOVA CACHOEIRINHA','94965-430','CACHOEIRINHA','MANOEL INACIO NUNES 7470','RUA',NULL,NULL,'RESIDENCIAL','RS',24),
 (408,'FARRAPOS','90245-411','PORTO ALEGRE','PADRE ELASIO VOGEL ','RUA',NULL,NULL,'RESIDENCIAL','RS',25),
 (409,'JARDIM MARINGA ','94814-620','ALVORADA','SEN TIARAJU 34','RUA',NULL,NULL,'RESIDENCIAL','RS',26),
 (410,'ESTANCIA VELHA','92030-650','CANOAS','SÃO JOAQUIM 74','RUA',NULL,NULL,'RESIDENCIAL','RS',27),
 (411,'SÃO VICENTE','94155-740','GRAVATAI','RUA DOS ANDES 849','RUA',NULL,NULL,'RESIDENCIAL','RS',28),
 (412,'BOM SUCESSO','94130-400','GRAVATAI','LUIS PASTEURI   18','RUA',NULL,NULL,'RESIDENCIAL','RS',29),
 (413,'NEOPOLIS','92449-065','GRAVATAI','TRAVESSA DOS PACHECO  204','RUA',NULL,NULL,'RESIDENCIAL','RS',30),
 (414,'VERA CRUZ','94090-380','GRAVATAI','SÃO GABRIEL  11','RUA',NULL,NULL,'RESIDENCIAL','RS',31),
 (415,'VERA CRUZ','94090-440','GRAVATAI','URUGUAIANA  41','RUA',NULL,NULL,'RESIDENCIAL','RS',32),
 (416,'BOM PRINCIPIO','94000-000','GRAVATAI','SANTA INES  630','RUA',NULL,NULL,'RESIDENCIAL','RS',33),
 (417,'CENTRAL','94000-000','GRAVATAI','DOM FELICIANO  1203','RUA',NULL,NULL,'RESIDENCIAL','RS',72),
 (418,'VILA DIQUE','93022-166','SÃO LEOPOLDO','JOSÉ FRANCISCO 120','RUA',NULL,NULL,'RESIDENCIAL','RS',35),
 (419,'MARECHAL RONDOM','94000-000','GRAVATAI','ROMENIA 300 SOB. 122','RUA',NULL,NULL,'RESIDENCIAL','RS',36),
 (420,'CAMPINA','94000-000','SÃO LEOPOLDO','PARANAIBA  65','RUA',NULL,NULL,'RESIDENCIAL','RS',37),
 (421,'PQ RES GRANVILLE','94000-000','gravatai','XISPA  00110','RUA',NULL,NULL,'RESIDENCIAL','RS',38),
 (422,'PQ DA MATRIZ','94950-520','CACHOEIRINHA','ARAÇATUBA 582','RUA',NULL,NULL,'RESIDENCIAL','RS',39),
 (423,'PARQUE DOS ANJOS','94190-060','GRAVATAI','CONSELHEIRO JOAO LINK 527','RUA',NULL,NULL,'RESIDENCIAL','RS',40),
 (424,'FATIMA','94000-000','CACHOEIRINHA','RONDONIA 43','RUA',NULL,NULL,'RESIDENCIAL','RS',41),
 (425,'COABE A ','94050-080','GRAVATAI','FLORIANOPOLIS 258','RUA',NULL,NULL,'RESIDENCIAL','RS',42),
 (426,'BOM PRINCIPIO','94950-010','CACHOEIRINHA','ALAGOINHAS 147','RUA',NULL,NULL,'RESIDENCIAL','RS',43),
 (427,'PARQUE DOS ANJOS','94190-330','GRAVATAI','CINCINATO 1 DO VALE     N:91','RUA',NULL,NULL,'RESIDENCIAL','RS',44),
 (428,'NEOPOLIS','94000-000','GRAVATAI','MINA GERAIS ','RUA',NULL,NULL,'RESIDENCIAL','RS',45),
 (429,'PARQUE DOS ANJO','94190-220','GRAVATAI','CASSIANO LUCAS DE OLIVEIRA 430','RUA',NULL,NULL,'RESIDENCIAL','RS',46),
 (430,NULL,'94000-000',NULL,NULL,'RUA',NULL,NULL,'RESIDENCIAL','RS',47),
 (431,'CENTRO','93280-000','ESTEIO','24 DE AGOSTO    1009','RUA',NULL,NULL,'RESIDENCIAL','RS',48),
 (432,'MATO ALTO','94195-200','GRAVATAI','RIO DE JANEIRO   45','RUA',NULL,NULL,'RESIDENCIAL','RS',49),
 (433,'LEOPOLDINA','94000-000','PORTO ALEGRE','GOLDOMIO     180 AP 207','RUA',NULL,NULL,'RESIDENCIAL','RS',50),
 (434,NULL,'94000-000',NULL,NULL,'RUA',NULL,NULL,'RESIDENCIAL','RS',51),
 (435,'DISTRITO','94000-000','CACHOEIRINHA','OLIVIO CANDIDO DE OLIVEIRA  801 CASA 1591','RUA',NULL,NULL,'RESIDENCIAL','RS',52),
 (436,'VISTA ALEGRE','94945-090','CACHOEIRINHA','ASSUNÇÃO  166','RUA',NULL,NULL,'RESIDENCIAL','RS',53),
 (437,'ANAIR ','94955-620','CACHOEIRINHA','ITAJAI   235','RUA',NULL,NULL,'RESIDENCIAL','RS',54),
 (438,'ANAIR','94955-620','CACHOEIRINHA','ITAJAI   215 ','RUA',NULL,NULL,'RESIDENCIAL','RS',55),
 (439,'JD VITORIA','94930-700','CACHOEIRINHA ','AV BRASIL AQUINO PEDROSO 546 ','RUA',NULL,NULL,'RESIDENCIAL','RS',56),
 (440,'NAIR','94955-360','CACHOEIRINHA','RODONIA   580','RUA',NULL,NULL,'RESIDENCIAL','RS',57),
 (441,'PARQUE DA MATRIZ','94965-000','CACHOEIRINHA','AV GENERAL FLORES DA CUNHA  4001','RUA',NULL,NULL,'RESIDENCIAL','RS',58),
 (442,'BOM FIM','94070-160','GRAVATAI','TAMANDARE     205','RUA',NULL,NULL,'RESIDENCIAL','RS',59),
 (443,'PARQUE DA MATRIZ','94950-320','CACHOEIRINHA','PAEMBU   260','RUA',NULL,NULL,'RESIDENCIAL','RS',60),
 (444,'BETANIA','94901-971','CACHOEIRINHA','BETANIA 47','RUA',NULL,NULL,'RESIDENCIAL','RS',61),
 (445,'NOVA UNIAO','94000-000','CACHOEIRINHA','RUA C  BELA VISTA 08','RUA',NULL,NULL,'RESIDENCIAL','RS',62),
 (446,'COABE','94930-075','CACHOEIRINHA','FERNANDO FERRARI 675','RUA',NULL,NULL,'RESIDENCIAL','RS',128),
 (447,'IGARA 3','94000-000','CANOAS 51 93052954','MARIA ZELIA FIQUEREDO 1051','RUA',NULL,NULL,'RESIDENCIAL','RS',64),
 (448,'CENTRO','93265-141','ESTEIO','DOM PEDRO 1220 ','RUA',NULL,NULL,'RESIDENCIAL','RS',65),
 (449,'SAO JERONIMO','94640-130','GRAVATAI','JERONIMO TINATRA DA FONSECA   ','RUA',NULL,NULL,'RESIDENCIAL','RS',66),
 (450,'P FLORIDA','94000-000','GRAVATAI','SENADOR TEOTENIO VELELA 700','RUA',NULL,NULL,'RESIDENCIAL','RS',67),
 (451,'COABE COSTA E SILVA','91150-040','PORTO ALEGRE','JOEL TABAJARA 1233','RUA',NULL,NULL,'RESIDENCIAL','RS',68),
 (452,'BETANIA','94000-000','CACHOEIRINHA','TRAVESSA CURUMIM  29','RUA',NULL,NULL,'RESIDENCIAL','RS',69),
 (453,'SAO VICENTE','94000-000','CACHOEIRINHA','RUA TAMOIO N 460 AP 203','RUA',NULL,NULL,'RESIDENCIAL','RS',70),
 (454,'SAO JERRONIMO','94055-400','GRAVATAI','RUA LORO 71 ','RUA',NULL,NULL,'RESIDENCIAL','RS',71),
 (455,'CENTRAL','94065-000','GRAVATAI','DOM FELICIANO 1203','RUA',NULL,NULL,'RESIDENCIAL','RS',72),
 (456,'AGUA CLARAS','94000-000','GRAVATAI','MARIO QUINTANA 776','RUA',NULL,NULL,'RESIDENCIAL','RS',73),
 (457,'TOM JOBIM ','94110-515','GRAVATAI','ANTONIO CARLOS JOBIM 945 ','RUA',NULL,NULL,'RESIDENCIAL','RS',74),
 (458,'PQ DA MATRIZ','94950-400','CACHOEIRINHA','TIJUCA 577','RUA',NULL,NULL,'RESIDENCIAL','RS',75),
 (459,'ANAIR','94955-680','CACHOEIRINHA','MONTE NEGRO 282 ','RUA',NULL,NULL,'RESIDENCIAL','RS',76),
 (460,'PLANALTINA','94000-000','gravatai','SALVADOR 18','RUA',NULL,NULL,'RESIDENCIAL','RS',77),
 (461,'ESTANCIA VELHA','94000-000','CANOAS','JULHO PERREIRA DE SOUZA 712','RUA',NULL,NULL,'RESIDENCIAL','RS',78),
 (462,'IMBUI','94910-110','CACHOEIRINHA','IMBUI515 302','RUA',NULL,NULL,'RESIDENCIAL','RS',79),
 (463,'','93145-380','SAO LEOPOLDO','CEU AZUL 435','RUA',NULL,NULL,'RESIDENCIAL','RS',80),
 (464,'JARDIM DO BOSQUE','27420-590','CACHOEIRINHA','SEPRESTE 126','RUA',NULL,NULL,'RESIDENCIAL','RS',81),
 (465,'M RONDOM','94965-270','CACHOEIRINHA','INGLATERRA 101','RUA',NULL,NULL,'RESIDENCIAL','RS',82),
 (466,NULL,'94000-000','ALVORADA','DINA MARCA','RUA',NULL,NULL,'RESIDENCIAL','RS',83),
 (467,'FATIMA','94955-180','CACHOEIRINHA','GOIAIS 271','RUA',NULL,NULL,'RESIDENCIAL','RS',84),
 (468,'BETANIA ','94970-764','CACHOEIRINHA','ITAPEVA 204','RUA',NULL,NULL,'RESIDENCIAL','RS',85),
 (469,'PARQUE DA MATRIZ','94950-510','cachoeirinha','BAURU 614','RUA',NULL,NULL,'RESIDENCIAL','RS',86),
 (470,'MADRE TEREZA','94000-000','SANTO ANTONIO ','ALZIRO BALTAZAR DA LUZ 272','RUA',NULL,NULL,'RESIDENCIAL','RS',87),
 (471,'JAU','95500-000','SANTO ANTONIO','EDEMAR DA SILVA BRAGA 415','RUA',NULL,NULL,'RESIDENCIAL','RS',88),
 (472,'SAO VICENTI','94000-000','GRAVATAI','FRANCISCO BALBOA 315 ABOBRAO','RUA',NULL,NULL,'RESIDENCIAL','RS',89),
 (473,'NOSSA CHACARA','94000-000','GRAVATAI ','FLORIDA 1627','RUA',NULL,NULL,'RESIDENCIAL','RS',92),
 (474,'VL LURDES','94010-320','GRAVATAI ','MARIO SARMENTO 95','RUA',NULL,NULL,'RESIDENCIAL','RS',91),
 (475,'NOSSA CHACARA','94000-000','GRAVATAI','FLORIDA 1627','RUA',NULL,NULL,'RESIDENCIAL','RS',92),
 (476,'PITANGUEIRA','95500-000','SANTO ANTONIO','DOMICIANO NUNES 543','RUA',NULL,NULL,'RESIDENCIAL','RS',93),
 (477,'MADRE TEREZA','95500-000','santo antonio','FRANCISCO FREDERICO LANGER 138','RUA',NULL,NULL,'RESIDENCIAL','RS',94),
 (478,'VL LURDES','94010-320','GRAVATAI','MARIO SARMENTO 95','RUA',NULL,NULL,'RESIDENCIAL','RS',95),
 (479,'HUMAITA','94000-000','POA','DIOGENOS ARRUDA CAMERA 56','RUA',NULL,NULL,'RESIDENCIAL','RS',96),
 (480,'HUMAITA','94250-592','POA','CORONEL LUIS RIVIELO 196','RUA',NULL,NULL,'RESIDENCIAL','RS',97),
 (481,'HUMAITA','90250-390','POA','GRACIANO CAMAZATO 40','RUA',NULL,NULL,'RESIDENCIAL','RS',98),
 (482,'MADRE TEREZA','94000-000','SANTO ANTONIO','OSVALDO SILVEIRA RAMOS 580','RUA',NULL,NULL,'RESIDENCIAL','RS',99),
 (483,'CANUDOS','93542-130','NOVO HAMBURO','CURITIBANOS 213','RUA',NULL,NULL,'RESIDENCIAL','RS',100),
 (484,'CANUDOS','93544-205','NOVO HAMBURGO','GENERAL ANAPIO GOMES 145','RUA',NULL,NULL,'RESIDENCIAL','RS',101),
 (485,'ARROIO DO MEIO','94000-000','sao leopoldo','JOAO DE BARRO 960','RUA',NULL,NULL,'RESIDENCIAL','RS',102),
 (486,'FEITORIA','94000-000','SAO LEOPOLDO','ROMEU GONSALVES CAMBAIM 100','RUA',NULL,NULL,'RESIDENCIAL','RS',103),
 (487,'SAO PEDRO','94000-000','alvorada','BENTO MARTINS ','RUA',NULL,NULL,'RESIDENCIAL','RS',104),
 (488,'NOVO ESTEIO','94000-000','esteio','LUIS ERNESTO CAPRA','RUA',NULL,NULL,'RESIDENCIAL','RS',105),
 (489,'VISTA ALEGRE','94000-000','cachoeirinha','DUARTE DA COSTA 320','RUA',NULL,NULL,'RESIDENCIAL','RS',106),
 (490,'NITEROI','94000-000','CANOAS','CONCORDIA 1469','RUA',NULL,NULL,'RESIDENCIAL','RS',107),
 (491,'PASSO DO FEIJO','94810-670','ALVORADA','FLOR DA SERRA 111','RUA',NULL,NULL,'RESIDENCIAL','RS',108),
 (492,'CACHAMBU','94000-000','ALVORADA','JULIO DE CASTILHO 185','RUA',NULL,NULL,'RESIDENCIAL','RS',109),
 (493,'PASSO FEIJO','94180-110','alvorada','BRASIL 281','RUA',NULL,NULL,'RESIDENCIAL','RS',110),
 (494,'GERMANI 2','94000-000','alvorada','ALEMANHA 95','RUA',NULL,NULL,'RESIDENCIAL','RS',111),
 (495,'AGRITER','94000-000','alvorada','NOVA ZELANDIA 107','RUA',NULL,NULL,'RESIDENCIAL','RS',112),
 (496,'AMERICANA','94820-270','alvorada','PRINSEZA ISABEL 357 APT 2','RUA',NULL,NULL,'RESIDENCIAL','RS',113),
 (497,'AMERICANA','92820-410','ALVORADA','MARIZ E BARROS 61','RUA',NULL,NULL,'RESIDENCIAL','RS',114),
 (498,'NITEROI','92130-730','canoas','RUA TOKIO','RUA',NULL,NULL,'RESIDENCIAL','RS',115),
 (499,'JARDIM ALGARVE','94000-000','alvorada','AV ZERO HORA 21','RUA',NULL,NULL,'RESIDENCIAL','RS',116),
 (500,'UNIÃO','94824-300','alvorada','VIAMÃO 728','RUA',NULL,NULL,'RESIDENCIAL','RS',117),
 (501,'AGUAS MORTA','94000-000','gravatai','AV MARECHAL RONDOM 4469','RUA',NULL,NULL,'RESIDENCIAL','RS',118),
 (502,'PIRATINI','94000-000','ALVORADA','OLEGARINO JOSE DE QUIMARAES 1214','RUA',NULL,NULL,'RESIDENCIAL','RS',119),
 (503,'PARQUE DA MATRIZ','94950-420','CACHOEIRINHA','TERESOPOLIS 644','RUA',NULL,NULL,'RESIDENCIAL','RS',120),
 (504,'SANTO AFONSO','94000-000','nova hamburgo','BOA VISTA 82','RUA',NULL,NULL,'RESIDENCIAL','RS',121),
 (505,'SETEMBRINO','94818-190','ALVORADA','ELIAS MACHADO 140','RUA',NULL,NULL,'RESIDENCIAL','RS',122),
 (506,'FATIMA','94955-320','CACHOEIRINHA','PIAUI 56','RUA',NULL,NULL,'RESIDENCIAL','RS',123),
 (507,'GRANJA ESPERANÇA','94960-055','CACHOEIRINHA','JARDIM DA FLORES 168','RUA',NULL,NULL,'RESIDENCIAL','RS',124),
 (508,'MARIA REGINA','94000-000','ALVORADA','VOLTAIRE PIRES 406','RUA',NULL,NULL,'RESIDENCIAL','RS',125),
 (509,'B.SUCESSO','94130-190','GRAVATAI','ALOIZIO DE AZEVEDO 92','RUA',NULL,NULL,'RESIDENCIAL','rs',126),
 (510,'PASSO DA PEDRA','94000-000','gravatai','MAURICIO CARDOSO 1231','RUA',NULL,NULL,'RESIDENCIAL','RS',127),
 (511,'COAB','94000-000','CACHOEIRINHA','FERNANDO FERRARI 675','RUA',NULL,NULL,'RESIDENCIAL','RS',128),
 (512,'PRINSEZA ISABEL','94940-190','CACHOEIRINHA','MANATA 142','RUA',NULL,NULL,'RESIDENCIAL','RS',129),
 (513,'CELESTINA GERMANO JUSTO','94000-000','CACHOEITINHA','JOAO TAVARES 700','RUA',NULL,NULL,'RESIDENCIAL','RS',130),
 (514,'PORTO VERDE','94858-460','ALVORADA','IRAUNAS 37','RUA',NULL,NULL,'RESIDENCIAL','RS',131),
 (515,'JARDIM MAUA','94920-520','CACHOEIRINHA','RUI RAMOS 600','RUA',NULL,NULL,'RESIDENCIAL','RS',132),
 (516,'EUNICE','94920-350','CACHOEIRINHA','LUIS CARDOSO 840 APTO 1','RUA',NULL,NULL,'RESIDENCIAL','RS',133),
 (517,'VISTA ALEGRE','94955-658','CACHOEIRINHA','BC AVILA 40','RUA',NULL,NULL,'RESIDENCIAL','RS',134),
 (518,'JD DO BOSQUE','94000-000','CACHOEIRINHA','GUAMIRIM 107','RUA',NULL,NULL,'RESIDENCIAL','RS',135),
 (519,'GRANJA','94000-000','CACHOEIRINHA','TEOTONIO VILELA','RUA',NULL,NULL,'RESIDENCIAL','RS',136),
 (520,'JARDIM FLORESTA','94000-000','POA','PEDRO LECA 56','RUA',NULL,NULL,'RESIDENCIAL','RS',137),
 (521,'NOVA CACHOEIRINHA','94000-000','CACHOEIRINHA','HAVAI 120','RUA',NULL,NULL,'RESIDENCIAL','RS',138),
 (522,'NOVA CACHOEIRINHA','94000-000','CACHOEIRINHA','FORTALEZA 35','RUA',NULL,NULL,'RESIDENCIAL','RS',139),
 (523,'PRINSEZA ISABEL','94940-077','cachoeirinha','OSVALDO BORGES DE AVILA 75','RUA',NULL,NULL,'RESIDENCIAL','RS',140),
 (524,'BETANIA','94970-756','CACHOEIRINHA','VERDE MAR 140','RUA',NULL,NULL,'RESIDENCIAL','RS',141),
 (525,'VILA NOVA ','94015-290','GRAVATAI','FOGAÇA DA CRUZ 242','RUA',NULL,NULL,'RESIDENCIAL','RS',142),
 (526,'PQ IPIRANGA','94110-291','GRAVATAI','JANETE CLAIR 388 CASA1','RUA',NULL,NULL,'RESIDENCIAL','RS',143),
 (527,'PONTA POROSA','','CACHOEIRINHA','AMAPA 689','RUA',NULL,NULL,'RESIDENCIAL','RS',144),
 (528,'POMTA PORA','94933-554','CACHOEIRINHA ','PIU X11 6','RUA',NULL,NULL,'RESIDENCIAL','RS',145),
 (529,'CITY','94935-130','CACHOEIRINHA','DONA CECILA 109','RUA',NULL,NULL,'RESIDENCIAL','RS',146),
 (530,'NEOPOLIS','94000-000','GRAVATAI','PARAIBA 190','RUA',NULL,NULL,'RESIDENCIAL','RS',147),
 (531,'PARQUE DA MATRIS','94000-000','CACHOEIRINHA','ITAPEMA 145','RUA',NULL,NULL,'RESIDENCIAL','RS',148),
 (532,'LILLA EUNICE','94000-000','CACHOEIRINHA','MARIA BERNADINA DE OLIVEIRA 85','RUA',NULL,NULL,'RESIDENCIAL','RS',149),
 (533,'JARDIM PLANALTO','94000-000','ESTEIO','CLAUDIO MANOEL DA COSTA 146','RUA',NULL,NULL,'RESIDENCIAL','RS',150),
 (534,'NEOPOLIS','94000-000','GRAVATAI','PARAIBA 336','RUA',NULL,NULL,'RESIDENCIAL','RS',151),
 (535,'NOVA CACHOEIRINHA','94000-000','CACHOEIRINHA','MANOEL INACIO NUNES1119','RUA',NULL,NULL,'RESIDENCIAL','RS',152),
 (536,'VILA NATAL','94000-000','GRAVATAI','OURO PRETO 116','RUA',NULL,NULL,'RESIDENCIAL','RS',153),
 (537,'FATIMA','94000-000','CACHOEIRINHA','MINAS GERAIS 134','RUA',NULL,NULL,'RESIDENCIAL','RS',154),
 (538,'M RONDOM','94000-000','CACHOERINHA','IUGUSLAVIA 330  CASA 1','RUA',NULL,NULL,'RESIDENCIAL','RS',160),
 (539,'SAO PEDRO','91040-220','PORTO ALEGRE','JURUA 68 AP 01','RUA',NULL,NULL,'RESIDENCIAL','RS',156),
 (540,'VISTA ALEGRE','94000-000','CACHOEIRINHA','PINDORAMA 149','RUA',NULL,NULL,'RESIDENCIAL','RS',157),
 (541,'BC JAMAICA','94000-000','GRAVATAI','NOSSA CHACARA','RUA',NULL,NULL,'RESIDENCIAL','RS',158),
 (542,'M ROMDOM','94965-620','CACHOEIRINHA','NOVA ESPANHA 28','RUA',NULL,NULL,'RESIDENCIAL','RS',159),
 (543,'M RONDOM','94965-310','CACHOEIRINHA','IGUSLAVIA 330 CASA 01','RUA',NULL,NULL,'RESIDENCIAL','RS',160),
 (544,'M RONDOM','94965-110','CACHOEIRINHA','ELDORADO 196','RUA',NULL,NULL,'RESIDENCIAL','RS',161),
 (545,'M RONDOM','94000-000','CACHOEIRINHA','INGLATERRA 238 ','RUA',NULL,NULL,'RESIDENCIAL','RS',162),
 (546,'M RONDOM','94000-000','CACHOEIRINHA','ESPANHA 486','RUA',NULL,NULL,'RESIDENCIAL','RS',163),
 (547,'M RONDOM','94000-000','CACHOEIRINHA','MANOEL INACIO NUNES 319','RUA',NULL,NULL,'RESIDENCIAL','RS',164),
 (548,'M RONDOM','94000-000',NULL,'MANOEL INACIO NUNES 1256','RUA',NULL,NULL,'RESIDENCIAL','RS',165),
 (549,'M RONDOM','94000-000','CACHOEIRINHA','CANADA','RUA',NULL,NULL,'RESIDENCIAL','RS',166),
 (550,'M RONDOM','94000-000','CACHOEIRINHA','BORGES DE  MEDEIROS 91','RUA',NULL,NULL,'RESIDENCIAL','RS',167),
 (551,'PQ ESPIRITO SANTO','94000-000','CACHOEIRINHA','BENTO GONSALVES 66','RUA',NULL,NULL,'RESIDENCIAL','RS',168),
 (552,'M RONDOM','94000-000','CACHOEIRINHA','INGLATERRA 225','RUA',NULL,NULL,'RESIDENCIAL','RS',169),
 (553,'M RONDOM','94000-000','CACHOEIRINHA','ROMENIA 533 B AP 106','RUA',NULL,NULL,'RESIDENCIAL','RS',170),
 (554,'M RONDOM','94000-000','CACHOEIRINHA','IRLANDA 432','RUA',NULL,NULL,'RESIDENCIAL','RS',171),
 (555,'FATIMA','94000-000','CACHOEIRINHA','SALVADOR 716','RUA',NULL,NULL,'RESIDENCIAL','RS',172),
 (556,'GRANJA','94000-000','CACHOEIRINHA','JOSE ANTONIO RODRIGUES 198','RUA',NULL,NULL,'RESIDENCIAL','RS',173),
 (557,'FATIMA','94000-000','CACHOEIRINHA','GOIAS 78','RUA',NULL,NULL,'RESIDENCIAL','RS',174),
 (558,'GRANJA','94000-000','CACHOEIRINHA','DONA PALMIRA 84','RUA',NULL,NULL,'RESIDENCIAL','RS',175),
 (559,'GRANJA','94000-000','CACHOEIRINHA','PADONA PALMIRA','RUA',NULL,NULL,'RESIDENCIAL','RS',176),
 (560,'JARDIM DO BOSQUE','94000-000','CACHOEIRINHA]','GUAJUVIRA 478','RUA',NULL,NULL,'RESIDENCIAL','RS',177),
 (561,'PARQUE ESPIRITO SANTO','94000-000','CACHOEIRINHA','MANOEL INACIO NUNES 1232','RUA',NULL,NULL,'RESIDENCIAL','RS',178),
 (562,'VISTA ALEGRE','94000-000','CACHOEIRINHA','NELSOM OLIVEIRA LOPES 330','RUA',NULL,NULL,'RESIDENCIAL','RS',179),
 (563,'FATIMA','94000-000','CACHOEIRINHA','TRAVESSA AQUINO 54','RUA',NULL,NULL,'RESIDENCIAL','RS',180),
 (564,'FATIMA','94000-000','CACHOEIRINHA','TRAV VISTA ALEGRE 47','RUA',NULL,NULL,'RESIDENCIAL','RS',181),
 (565,'M RONDOM','94000-000','CACHOEIRINHA','ROMENIA 533 BLOCO E 204','RUA',NULL,NULL,'RESIDENCIAL','RS',182),
 (566,'VISTA ALEGRE','94000-000','CACHOEIRINHA','SETE QUEDAS 186','RUA',NULL,NULL,'RESIDENCIAL','RS',183),
 (567,'J B','94000-000','CACHOEIRINHA','RAINHA DO MAR 270','RUA',NULL,NULL,'RESIDENCIAL','RS',184),
 (568,'MV1','94000-000','gravatai','BRASILIO CORREA DA SILVA 378','RUA',NULL,NULL,'RESIDENCIAL','RS',185),
 (569,'MV1','94000-000','gravatai','DANTE GABRIEL 29','RUA',NULL,NULL,'RESIDENCIAL','RS',186),
 (570,'PLANALTINA','94000-000','gravatai','NOVO MUNDO 69','RUA',NULL,NULL,'RESIDENCIAL','RS',187),
 (571,'PLANALTINA','94000-000','GRAVATAI','VISTA ALEGRE 132','RUA',NULL,NULL,'RESIDENCIAL','RS',188),
 (572,'ANAIR','94000-000','CACHOEIRINHA','BECO DO LUIZ  32','RUA',NULL,NULL,'RESIDENCIAL','RS',189),
 (573,'SAO JOSE','94000-000','GRAVATAI','TRAVESSA JARDIM 78 CASA 4','RUA',NULL,NULL,'RESIDENCIAL','RS',190),
 (574,'MV3','94000-000','GRAVATAI','MATHIAS BINS 47 ','RUA',NULL,NULL,'RESIDENCIAL','RS',191),
 (575,'AMERICANA','94820-270','alvorada','PRINCESA ISABEL  N: 557','RUA',NULL,NULL,'RESIDENCIAL','RS',192),
 (576,'BOM FIM','94000-000','Alvorada','TAMANDARE 194 ','RUA',NULL,NULL,'RESIDENCIAL','RS',193),
 (577,'CACHOEIRINHA','94000-000','PRINCESA ISABEL','TRAVESSA SÃO MANOEL 75','RUA',NULL,NULL,'RESIDENCIAL','RS',194),
 (578,'SÃO JUDAS TADEU','94075-060','GRAVATAI','TRAVESSA PARAIBA 45','RUA',NULL,NULL,'RESIDENCIAL','RS',195),
 (579,'BOM FIM','94070-150','GRAVATAI','GUARARAPES 65','RUA',NULL,NULL,'RESIDENCIAL','RS',196),
 (580,'UNIÃO ','94822-411','ALVORADA','UNIÃO 300','RUA',NULL,NULL,'RESIDENCIAL','RS',197),
 (581,'BOM FIM','94000-000','GRAVATAI','GUARARAPES 65','RUA',NULL,NULL,'RESIDENCIAL','RS',198),
 (582,'BETANIA','94000-000','cachoeirinha','ETAPEVA 204','RUA',NULL,NULL,'RESIDENCIAL','RS',199),
 (583,'BOM PRINCIPIO','94000-000','gravatai','SANTO INES 430 CASA 3','RUA',NULL,NULL,'RESIDENCIAL','RS',200),
 (584,'SIRA SOL','94000-000','GRAVATAI','PINHERO 159','RUA',NULL,NULL,'RESIDENCIAL','RS',201),
 (585,'000000','94000-000','SAO LEOPOLDO','RUA DA RESERVA 30','RUA',NULL,NULL,'RESIDENCIAL','RS',202),
 (586,'V D PAZ','94000-000','CACHOEIRINHA','DAS FLORES 31','RUA',NULL,NULL,'RESIDENCIAL','RS',203),
 (587,'V D PAZ','94000-000','CACHOEIRINHA','29 DE SETEMBRO 135','RUA',NULL,NULL,'RESIDENCIAL','RS',204),
 (588,'FORMOSA','94000-000','ALVORADA','ELIAS MABHADO 90','RUA',NULL,NULL,'RESIDENCIAL','RS',205),
 (589,'UNIAO','94000-000','CACHOEIRINHA','RUA   B  07','RUA',NULL,NULL,'RESIDENCIAL','RS',206),
 (590,'REGINA','94000-000','CACHOEIRINHA','EDGAR BINS 543 CASA 01','RUA',NULL,NULL,'RESIDENCIAL','RS',207),
 (591,'V D PAZ','94000-000','CACHOEIRINHA','RUA DAS FLORES 201','RUA',NULL,NULL,'RESIDENCIAL','RS',208),
 (592,'SAO DUQUE DE CAXIAS','94000-000','SAO LEOPOLDO','CALÇADAO 42','RUA',NULL,NULL,'RESIDENCIAL','RS',209),
 (593,'PINHEIRO','94000-000','SAO LEOPOLDO','SUIÇA 120','RUA',NULL,NULL,'RESIDENCIAL','RS',210),
 (594,'REGINA','94000-000','CACHOEIRINHA','EDGAR BINS 553','RUA',NULL,NULL,'RESIDENCIAL','RS',211),
 (595,'MT BELO','94055-020','GRAVATAI','KARIM 40','RUA',NULL,NULL,'RESIDENCIAL','RS',212),
 (596,'JARDIM ITU','91220-210','GRAVATAI','ELIAS BOTHME 59','RUA',NULL,NULL,'RESIDENCIAL','RS',213),
 (597,'MARECHAL RONDOM','94000-000','CACHOEIRINHA','ROMENIA 300 AP 44','RUA',NULL,NULL,'RESIDENCIAL','RS',214),
 (598,'GUARUJA','94000-000','PAROBE','VENANCIO AIRES 90','RUA',NULL,NULL,'RESIDENCIAL','RS',215),
 (599,'TUNEL VERDE','94970-450','CACHOEIRINHA','TUNEL VERDE 192 CASA 5','RUA',NULL,NULL,'RESIDENCIAL','RS',216),
 (600,'MONTE BELO','94055-080','GRAVATAI','MACHADO DE ASSIS 163','RUA',NULL,NULL,'RESIDENCIAL','RS',217),
 (601,'MONTE BELO','94055-110','GRAVATAI','DARIO ALVES 154','RUA',NULL,NULL,'RESIDENCIAL','RS',218),
 (602,'MONTE BELO','94055-130','GRAVATAI','BENJAMIM RABELO 26','RUA',NULL,NULL,'RESIDENCIAL','RS',219),
 (603,'LOT DAVD MULLER','94000-000','IGREJINHA','RA LOT DAVD MULLER 3619','RUA',NULL,NULL,'RESIDENCIAL','RS',220),
 (604,'POA','94000-000','PORTO ALEGRE','JOSE FRANCISCO DUARTE JUNIOR 90 AP 404','RUA',NULL,NULL,'RESIDENCIAL','RS',221),
 (605,'15 DE NOVEMBRO','94000-000','IGREJINHA','ANTONIO L DE LEAO 369','RUA',NULL,NULL,'RESIDENCIAL','RS',222),
 (606,'15 DE NOVEMBRO','94000-000','IGREJINHA','JOAO ESTEVAO DA SILVA 214','RUA',NULL,NULL,'RESIDENCIAL','RS',223),
 (607,'BETANIA','94000-000',NULL,'ATLANTIDA 835 ','RUA',NULL,NULL,'RESIDENCIAL','RS',224),
 (608,'NOSSA CHACARA','94000-000','GRAVATAI','RAUL PILLA 355','RUA',NULL,NULL,'RESIDENCIAL','RS',225),
 (609,'GUAJUVIRA','94000-000','CANOAS','QUADRA W SETOR 6 CASA 6','RUA',NULL,NULL,'RESIDENCIAL','RS',226),
 (610,NULL,'94000-000','CACHOEIRINHA','FREDERICO AUGUSTO RITTER 3601 CASA55','RUA',NULL,NULL,'RESIDENCIAL','RS',227),
 (611,'VISTA ALEGRE','94000-000','CACHOEIRINHA','JOSE BRAMBILA 1151','RUA',NULL,NULL,'RESIDENCIAL','RS',228),
 (612,'M RONDOM','94000-000','CACHOEIRINHA','FRANÇA 600','RUA',NULL,NULL,'RESIDENCIAL','RS',229),
 (613,'M RONDOM','94000-000','CACHOEIRINHA','ESPANHA 305','RUA',NULL,NULL,'RESIDENCIAL','RS',230),
 (614,'XV DE NOVEMBRO','95650-000',NULL,'MACHADO DE ASSIS 545','RUA',NULL,NULL,'RESIDENCIAL','RS',231),
 (615,'VL VERDE ','95650-000','IGREJINHA','JOAQUIM COSTA SENA 114','RUA',NULL,NULL,'RESIDENCIAL','RS',232),
 (616,'XV NOVEMBRO','95650-000','IGREJINHA','TRISTAO MONTEIRO 920 AP1','RUA',NULL,NULL,'RESIDENCIAL','RS',233),
 (617,'VIADUTO','95650-000','IGREJINHA','PEDRO QUEL 659','RUA',NULL,NULL,'RESIDENCIAL','RS',234),
 (618,'MV 3','45454-654','GRAVATAI','CAXIAS DO SUL 05','RUA',NULL,NULL,'RESIDENCIAL','RS',235),
 (619,'SAO GERALDO','42343-454','GRAVATAI','PADRE REUS 54','RUA',NULL,NULL,'RESIDENCIAL','RS',236),
 (620,'SAO GERALDO','34354-676','GRAVATI','JOAQUIM NABUCO 545','RUA',NULL,NULL,'RESIDENCIAL','RS',237),
 (621,'SAO GERELDO','34654-756','GRAVATAI','PEDRO MAIA 281','RUA',NULL,NULL,'RESIDENCIAL','RS',238),
 (622,'SAGRADA FAMILIA','21342-454','GRAVATAI','AMANTINO CAMPOS 45','RUA',NULL,NULL,'RESIDENCIAL','RS',239),
 (623,'MT BELO','23434-546','GRAVATAI','TABAJARAS 220','RUA',NULL,NULL,'RESIDENCIAL','RS',240),
 (624,'NEOPOLIS','32354-575','GRAVATAI','PARAIBA 740','RUA',NULL,NULL,'RESIDENCIAL','RS',241),
 (625,'NEOPOLIS','43254-354','GRAVATAI','TRAVESSA PACHECO 204','RUA',NULL,NULL,'RESIDENCIAL','RS',242),
 (626,'MV3','54564-756','GRVATAI','VIAMAO 44','RUA',NULL,NULL,'RESIDENCIAL','RS',243),
 (627,'MV1','24344-656','GRAVATAI','CONDE DA FIGUEIRA 589','RUA',NULL,NULL,'RESIDENCIAL','RS',244),
 (628,'MR','54345-757','CACHOEIRINHA','ROMENIA 235','RUA',NULL,NULL,'RESIDENCIAL','RS',245),
 (629,'AGUAS CLARAS','23343-243','GRAVATAI','JANETE CLAIR 492','RUA',NULL,NULL,'RESIDENCIAL','RS',246),
 (630,'CENTRO','43254-234','CACHOEIRINHA','RIO BRANCO','RUA',NULL,NULL,'RESIDENCIAL','RS',247),
 (631,'NAIR','94000-000','CACHOEIRINHA','ITAJAI 235','RUA',NULL,NULL,'RESIDENCIAL','RS',248),
 (632,'SALGADO FILHO','94000-000','GRAVATAI','GENERAL OSORIO 440 AP2002','RUA',NULL,NULL,'RESIDENCIAL','RS',249),
 (633,'15 DE NOVEMBRO','94000-000','IGREJINHA','RONDOMIA 196 AP1','RUA',NULL,NULL,'RESIDENCIAL','RS',250),
 (634,'BOM PASTOR','94000-000','IGREJINHA','RUA 7 DE SETEMBRO 992','RUA',NULL,NULL,'RESIDENCIAL','RS',251),
 (635,'MT BELO','94000-000','GRAVATAI','ALVARO MOREIRA 92','RUA',NULL,NULL,'RESIDENCIAL','RS',252),
 (636,'AGUAS CLARAS','94000-000','GRAVATAI','JARDEL FILHO 1028','RUA',NULL,NULL,'RESIDENCIAL','RS',253),
 (637,'BELA VISTA','94000-000','IGREJINHA','JULIO FLECK 64 AP 2','RUA',NULL,NULL,'RESIDENCIAL','RS',254),
 (638,'VILA NOVA','94000-000','IGREJINHA','ARTHUR GEIS 1110','RUA',NULL,NULL,'RESIDENCIAL','RS',255),
 (639,'M RONDOM','94000-000','CACHOEIRINHA','MARECHAL RONDOM 3665','RUA',NULL,NULL,'RESIDENCIAL','RS',256),
 (640,'REJINA','94000-000','CACHOEIRINHA','EDGAR BINS 553','RUA',NULL,NULL,'RESIDENCIAL','RS',257),
 (641,'REGINA','94000-000',NULL,'EDGAR BINS 543','RUA',NULL,NULL,'RESIDENCIAL','RS',258),
 (642,'VILA DA PAZ','94000-000','CACHOEIRINHA','29 SETEMBRO 125','RUA',NULL,NULL,'RESIDENCIAL','RS',259),
 (643,'SAO GERONIMO','94000-000','GRAVATAI','CANELA 187 -030','RUA',NULL,NULL,'RESIDENCIAL','RS',260),
 (644,'VISTA ALEGRE','94000-000','CACHOEIRINHA','NOVA ZELANDIA 341','RUA',NULL,NULL,'RESIDENCIAL','RS',261),
 (645,'M RONDOM','94000-000','cACHOEIRINHA','BELGICA 35','RUA',NULL,NULL,'RESIDENCIAL','RS',262),
 (646,'JOAO GERONIMO','94000-000','GRAVATAI','LORO 192','RUA',NULL,NULL,'RESIDENCIAL','RS',263),
 (647,'SAO GERONIMO','94000-000','GRAVATAI','TARUMA447','RUA',NULL,NULL,'RESIDENCIAL','RS',264),
 (648,NULL,'94000-000','CACHOEIRINHA','IMBUI 515 AP 302','RUA',NULL,NULL,'RESIDENCIAL','RS',265),
 (649,'SCHMITT','94000-000','IGREJINHA','VITOR MATEUS TEXEIRA 71','RUA',NULL,NULL,'RESIDENCIAL','RS',266),
 (650,'15 DE NOVEMBRO','94000-000','IGREJINHA','DAS PEDREIRAS 206','RUA',NULL,NULL,'RESIDENCIAL','RS',267),
 (651,'15 DE NOVEMBRO','94000-000','IGREJINHA','DOS PEREIRAS 230','RUA',NULL,NULL,'RESIDENCIAL','RS',268),
 (652,'15 DE NOVEMBRO','94000-000','IGREJINHA','FRIDOLINO LINDEN 06','RUA',NULL,NULL,'RESIDENCIAL','RS',269),
 (653,'VILA NOVA ASSUNCAO','94000-000','IGREJINHA','JULIO FLECK 240','RUA',NULL,NULL,'RESIDENCIAL','RS',270),
 (654,'SAO GERONIMO','94000-000','GRAVATAI','JOSE PACHECO205','RUA',NULL,NULL,'RESIDENCIAL','RS',271),
 (655,'VISTA ALEGRE','94000-000','CACHOEIRINHA','NAZARE 243','RUA',NULL,NULL,'RESIDENCIAL','RS',272),
 (656,'SAO GERONIMO','94000-000','GRAVATAI','PINHO 30','RUA',NULL,NULL,'RESIDENCIAL','RS',273),
 (657,'VISTA ALEGRE','94000-000','CACHOEIRINHA','EDUARTE DA COSTA320','RUA',NULL,NULL,'RESIDENCIAL','RS',274),
 (658,'INDUSTRIAL','94000-000','ERECHIM','FLORINDO UGLIARE 101','RUA',NULL,NULL,'RESIDENCIAL','RS',275),
 (659,'NOSSA CHACARA','94000-000','GRAVATAI','PRUDENTE DE MORAIS 153','RUA',NULL,NULL,'RESIDENCIAL','RS',276),
 (660,'15 DE NOVEMBROO','94000-000','IGREJINHA','GAL OSORIO 221','RUA',NULL,NULL,'RESIDENCIAL','RS',277),
 (661,'VILA NOVA','94000-000','IGREJINHA','ANDRADE NEVES 43','RUA',NULL,NULL,'RESIDENCIAL','RS',278),
 (662,'B0M PRINCIPIO','94000-000','GRAVATAI','SANTA INES 430','RUA',NULL,NULL,'RESIDENCIAL','RS',279),
 (663,'MONTE BELO','94000-000','GRAVATAI','LAURO MILER 263','RUA',NULL,NULL,'RESIDENCIAL','RS',280),
 (664,'MONTE BELO','94000-000','GRAVATAI','KARIM 216','RUA',NULL,NULL,'RESIDENCIAL','RS',281),
 (665,'SAO GERONIMO','94000-000','GRAVATAI','GERONIMO TIMOTEO 874','RUA',NULL,NULL,'RESIDENCIAL','RS',282),
 (666,'VILA NOVA','94000-000','IGREJINHA','ARNALDO OSVALDO MENDES 649','RUA',NULL,NULL,'RESIDENCIAL','RS',283),
 (667,'VILA NOVA','94000-000','IGREJINHA','PRINCESA ISABEL 211','RUA',NULL,NULL,'RESIDENCIAL','RS',284),
 (668,'C S VILA NOVA','94000-000','IGREJINHA','ANDRADE NEIVES 20','RUA',NULL,NULL,'RESIDENCIAL','RS',285),
 (669,'MV3','94000-000','GRAVATAI','ALFEU LETI 53','RUA',NULL,NULL,'RESIDENCIAL','RS',286),
 (670,'BOM PASTOR','95650-000',NULL,'FRANCISCO FERNANDO SAUL 80','RUA',NULL,NULL,'RESIDENCIAL','RS',287),
 (671,'CENTRO','94000-000','SAO LEOPOLDO','INDEPENDENCIA 170 AP 502','RUA',NULL,NULL,'RESIDENCIAL','RS',288),
 (672,'GRAVATAI','94000-000','GRAVATAI','XISPA 110','RUA',NULL,NULL,'RESIDENCIAL','RS',289),
 (673,'BOM PASTOR','94000-000',NULL,'ILSA BECKER 322','RUA',NULL,NULL,'RESIDENCIAL','RS',290),
 (674,'BOM PASTOR','94000-000',NULL,'TEODORO BISCHOFF 973','RUA',NULL,NULL,'RESIDENCIAL','RS',291),
 (675,'BOM PASTOR','94000-000','IGREJINHA','7 DE SETEMBRO 568','RUA',NULL,NULL,'RESIDENCIAL','RS',292),
 (676,'BOM PASTOR','94000-000',NULL,'7 DE SETEMBRO 951','RUA',NULL,NULL,'RESIDENCIAL','RS',293),
 (677,'CENTRO','94000-000','IGREJINHA','7 DE JULHO569','RUA',NULL,NULL,'RESIDENCIAL','RS',294),
 (678,'BOM PASTOR','94000-000','IGREJINHA','ARTHUR FETTER 83','RUA',NULL,NULL,'RESIDENCIAL','RS',295),
 (679,'LOT HENSLER','94000-000','IGREJINHA','DELMAR FRANZEM 208BAP02','RUA',NULL,NULL,'RESIDENCIAL','RS',296),
 (680,'SOSSEGO','94000-000',NULL,'DELMAR FANZEN 59','RUA',NULL,NULL,'RESIDENCIAL','RS',297),
 (681,NULL,'94000-000','GRAVATAI','JUVENTES 209','RUA',NULL,NULL,'RESIDENCIAL','RS',298),
 (682,NULL,'94000-000','PORTO ALEGRE','DOUTA JOAO SATT 25 / 404 BLOCO B','RUA',NULL,NULL,'RESIDENCIAL','RS',299);
/*!40000 ALTER TABLE `endereco` ENABLE KEYS */;


--
-- Definition of table `pessoafisica`
--

DROP TABLE IF EXISTS `pessoafisica`;
CREATE TABLE `pessoafisica` (
  `id_pessoa_fisica` int(11) NOT NULL auto_increment,
  `cpf` varchar(255) default NULL,
  `data_nascimento` date default NULL,
  `naturalidade` varchar(255) default NULL,
  `nome` varchar(255) default NULL,
  `nome_mae` varchar(255) default NULL,
  `registro_geral` varchar(255) default NULL,
  `std_civil` varchar(255) default NULL,
  PRIMARY KEY  (`id_pessoa_fisica`)
) ENGINE=InnoDB DEFAULT CHARSET=latin1;

--
-- Dumping data for table `pessoafisica`
--

/*!40000 ALTER TABLE `pessoafisica` DISABLE KEYS */;
INSERT INTO `pessoafisica` (`id_pessoa_fisica`,`cpf`,`data_nascimento`,`naturalidade`,`nome`,`nome_mae`,`registro_geral`,`std_civil`) VALUES 
 (1,'13579851004','1941-11-02','ESPUNOO','NOE FALZEMBACH FERNANDES',NULL,NULL,'1'),
 (2,'65185900091','1938-07-04','GLORINHA ','VALMIRA FICK DOS REIS','HELENA GONÇALVEZ DE JESUS ',NULL,'3'),
 (3,'26379872000','1953-02-07','POA','ITAMAR FAGUNDES SABIO','ROZALIA FAGUNDES SABIA',NULL,'1'),
 (4,'81975325087','1957-03-24','SC SOMBRIL','MARIA DE FATIMA FILISBETA GARCIA','MARIA PACHECO FILISBETA',NULL,'1'),
 (5,'92360718053','1941-05-15','POA','BEATRIZ DOS SANTOS ANGELO','ANA FERNANDES',NULL,'3'),
 (7,'12035041015','1936-09-06','SC TUBARÃO','IBANEZ DE SOUZA CORREA','OLIVIA EMILIA CORREA',NULL,'1'),
 (8,'65174097004','1971-07-11',NULL,'ALTENIR OLIVEIRA DA SILVA','ANILSA OLIVEIRA DA SILVA',NULL,'0'),
 (9,'52646483015','2014-05-14','TORRES','ELIZABETE JESUS DE OLIVEIRA',NULL,NULL,'2'),
 (10,'16701039175','1949-08-02','PORTO ALEGRE','PEDRO TELMO PAIM DA VEIGA',NULL,NULL,'1'),
 (11,'81952236053','1953-08-23','PORTO ALEGERE','MARIA HELENA DE SOUZA','MARIA GOMES DA SILVA',NULL,'1'),
 (12,'60209313072','1932-03-19','GRAVATAI','ELEOCILDA ROSA DOS SANTOS BECKER','JULIA ROSA DOS SANTOS',NULL,'3'),
 (13,'90901140063','1947-06-13','SOBRADINHO','ANA RODRIGUES DE MORAES',NULL,NULL,'1'),
 (14,'18617123087','2000-01-01',NULL,'NICOMEDES PORTELLO FALKENBACH','ALAIDES DA SILVA',NULL,'1'),
 (15,'41901061000','1964-06-01','SANTO ANTONIO','JOÃO BARBOSA DOS SANTOS','LEDA BARBOSA DOS SANTOS',NULL,'1'),
 (16,'91753341000','1930-10-16','LAGUNAS','MARIA JOAQUINA BORGES DUTRA','DORINDA TEIXEIRA BORGES',NULL,'3'),
 (17,'28559479015','1946-09-20',NULL,'NORMA LIETZ DO SANTOS',NULL,NULL,'1'),
 (18,'25369598053','1956-09-08','SC OLIVEIRAS ','IVONEI MANOEL DE SÁ','JENRUNA DA ROCHA',NULL,'1'),
 (19,'01121697089','1939-06-22','PORTO ALEGRE','IRLANDA CONCEIÇÃO MOREIRA DA ROSA','OTILA MOREIRA DA ROSA',NULL,'1'),
 (20,'69823057087','1972-04-14','RODEIO BONITO','VALDEMIR POSSAMAI','DORILDE MARIA POSSAMAI',NULL,'1'),
 (21,'02025743009','1990-02-10','TAQUARA','VIVIANE ROSA DOS SANTOS','ILMA ROSA DOS SANTOS',NULL,'1'),
 (22,'57530041053','1967-06-27','ALVORADA/RS','RITA ZINEIDA DA SILVA SANTOS','HELENA BEATRIZ DA SILVA',NULL,'1'),
 (23,'56585373049','1938-05-31','SANTANA DO LIVRAMENTO','NAIR SOARES FAMBIQUE','MARTINA DAVILA SOARES',NULL,'1'),
 (24,'20273789015','1945-07-17','PALMITINHO','TEREZINHA ALBARELLO SORMANI','ELIZA ALBARELLO',NULL,'1'),
 (25,'56207336020','1966-10-05','SANTO ANTONIO DA PATRULHA','REJANE GAFFORELLI ','ROSA BERNADO GAFFORELLI',NULL,'0'),
 (26,'74001795000','1964-12-18','ALVORADA','VALDIR FERNANDES JOAQUIM','LUZIA FERNANDES JOAQUIM',NULL,'0'),
 (27,'73480126049','1954-06-19','CANOAS','ELIZABETH MARIA JOB ALVES','LECI CARDOSO JOB',NULL,'3'),
 (28,'72861185015','1954-02-08','CANOAS','ELACI ALVES DE ALSELMO','DINORAH ALVES DE ANSELMO',NULL,'1'),
 (29,'58453652015','1959-04-27','PORTO ALEGRE','ALMIR BORGES GARCIA','EDITE BORGES GARCIA',NULL,'1'),
 (30,'00925477966','1960-09-10','AGUAS DE CHAPECO','ORLANDA RODRIGUES MENDONÇA','ROSINA MENDONÇA',NULL,'3'),
 (31,'33310459004','1949-10-13','ALEGRETE ','SONIA ACLAIR CORPES TELLES','LOIVA VARGAS CORPES',NULL,'1'),
 (32,'01204336059','1942-10-16','TORRES  RS','ANADIR SPARRENBERGER PEREIRA','LEONOR MEYER SPARRENBERGER ',NULL,'1'),
 (33,'89132890087','1961-11-29','SANTO ANTONIO DA PATRULHA','NOELI TERESINHA DOS REIS','REGINA SILVA DOS SANTOS',NULL,'2'),
 (34,'65795202053','1950-11-04','TAQUARI','GLACO DOS SANTOS FERREIRA','ANTONIETA LOPES DOS SANTOS',NULL,'1'),
 (35,'37028723020','1961-10-02','NOVO HAMBURGO','MARIA DA GLORIA MUCKE','EDITH GUEDES BECONACORE',NULL,'1'),
 (36,'53940045300','1969-03-31',NULL,'EDUARDO PIRES DA SILVA',NULL,NULL,'1'),
 (37,'57908559034','1962-09-07','ARROIO DO TIGRE','LITSA SETEMBINA LASCH','ILMA LASCH',NULL,'3'),
 (38,'21583056008','1927-04-17','ROLANTE','MARIA EMILIA DA ROSA ','CASTORINA ALVES DO AMARAL',NULL,'0'),
 (39,'00043765017','2014-06-20','POA','GABRIELA ALBURQUERQUE DA SILVA','ELIZA ARLETE ALBURQUERQUE DA SILVA',NULL,'0'),
 (40,'54413362000','1967-09-24','GRAVATAI','CLAUDINEI LEVIS CORREA DAVILA','IRACEMA MARIA',NULL,'0'),
 (41,'60063360016','1953-04-21','LAGOA VERMELHA','INABEL HARRES','LUZINTRA ROVELA FERREIRA',NULL,'1'),
 (42,'81375344900','1960-10-18','SC CRICIUMA','LUCIA HELENA LACKS DE CANDIDO','CONCEIÇAO MEDEIROS LOCKS',NULL,'1'),
 (43,'07021712049','1939-05-17','CAMAQUA','ARLINDO DE OLIVEIRA LUCAS','FERMINA FERREIRA DA COSTA ',NULL,'1'),
 (44,'24037060000','1930-03-31','OSORIO','ANSELMO MACHADO DA SILVA','MARIA ELIZIA DE OLIVEIRA ',NULL,'1'),
 (45,'18427120044','1955-09-04','PORTO ALEGRE','JOSE LUIZ CARDOSO ','LUCY CARDOSO',NULL,'1'),
 (46,'31963722000','1956-06-22',NULL,'REINALDO SILVEIRA DE LIMA CRENTE SEGO',NULL,NULL,'1'),
 (47,'26554660072','1951-10-15','TORRES','ILDA HENDLER DE MORAES','ANAMAGNES HENDLER',NULL,'1'),
 (48,'06330851034','1941-11-03','GUAIBA','ENIO GODINHO GUIMARAES','VILDA',NULL,'1'),
 (49,'26376490034','1933-09-01','SAOJAO DE CANOQUE','JOAO DEOLINDO','MARIA ISABEL DA SILVA',NULL,'3'),
 (50,'43247644091','1950-08-28','POGRESSO','NELI JANDREX','EVELINA IAPP',NULL,'0'),
 (51,'18563783068','1947-12-25','SAO VICENTE DIO SUL','ANTONIO CLEO WESS DE VARGAS','ALMIRAS DE VARGAS ',NULL,'1'),
 (52,'71062769015','1968-05-16','STO ANTONIO','JOELMA DE BRITO SILVEIRA ','MARIA LORI DE BRITO SILVEIRA',NULL,'1'),
 (53,'00214662039','2014-08-18','PORTO ALEGRE ','MARCELO CARDOSO FEITEIRO ','NILZA MARIA CARDOSO',NULL,'0'),
 (54,'38317745015','1958-07-20','PAKMEIRAS ','WELCI SEBASTIÃO BOIANI PAIVA','DOMINGAS BOIANI PAIVA',NULL,'1'),
 (55,'90972023020','1978-03-14','SOBRADINHO ','ALCIONE ZAFANELLI ','LUCIA DA SILVA ZAFANELLI',NULL,'1'),
 (56,'47470615091','1954-04-22','SANTIAGO ','TEREZINHA DE JESUS PAIVA GHISOLFI','ELVIRA SUTHOFF',NULL,'3'),
 (57,'00076396002','1983-11-13','PALMEIRAS ','SUSANA MARIA DE AZEVEDO PARAN VIEIRA','OLIVETI DE AZEVEDO',NULL,'1'),
 (58,'01651765000','2014-08-27',NULL,'CENTRO DE FORMAÇAO DE CONDUTORES DE CACHOEIRINHA CFC',NULL,NULL,'0'),
 (59,'47569379004','1955-04-22','TORRES','MARIA DE LOURDES CHITES','GENI DE OLIVEIRA CHITES',NULL,'0'),
 (60,'69923760049','2014-08-23','TORRES','SUZANA LEFFA HAHN','SOLETA LEFFA HAHN',NULL,'0'),
 (61,'55446361091','1957-07-18','TAPES','MARIA JANDIRA AZAMBUJA E LIMA','PEDROSA ANTONIA AZAMBUJA',NULL,'0'),
 (62,'78192129004','1977-07-06','STO ANTONIO','AMAURI DE OLIVEIRA ','MAGALI TEREZINHA DE OLIVEIRA',NULL,'1'),
 (63,'16486870087','1941-11-05','SAO FRANCISCO','LUIZ JAIME REENLEIMER','CASTORINA REINHEMER',NULL,'1'),
 (64,'05341379000','2014-09-12','CANOAS','CASA DE CARNES E MERCADO CHURRASCÃO LTDA',NULL,NULL,'0'),
 (65,'88161617015','1941-08-10','ENCRUZAILHADA','CELINA TEIXEIRA FAGUNDES','MARIA QUERINA T DE OLIVEIRA ',NULL,'3'),
 (66,'22506462015','1945-10-06','GRAVATAI','JOSE VILMAR DE OLIVEIRA','HILDA DE OLIVEIRA',NULL,'1'),
 (67,'12254673068','1948-04-16','PORTO ALEGRE','CALOS GARCELLAZ','MARIA DORVALINA ',NULL,'1'),
 (68,'28602145004','1959-11-10','PORTO ALEGRE','ELIZABETH DE QUADROS GONÇALVES','VILMA DE QUADROS GONÇALVES',NULL,'1'),
 (69,'34581146968','1954-12-22','SC IPIRA','ADEMIR FRANKE ','MARIA DA ROSA FRANKE',NULL,'1'),
 (70,'09521909072','1943-09-09','SAO JERRONIMO','ELAINE NARVAES FIGUEIRA','ELI DE SOUZA NARVAES',NULL,'1'),
 (71,'28432398004','2014-10-07','SC SOMBRIL','PAULO IRIO GOMES','MARIA SERAFIM GOMES',NULL,'1'),
 (72,'65795202053','1950-11-04','TAQUARI RS','GLACI DOS SANTOS FERREIRA','ANTONIETA LOPES DOS SANTOS',NULL,'1'),
 (73,'58474633087','1950-04-27','BELA VISTA','ISABEL DOS SANTOS ROCHA ','MARIA APARECIDA DOS SANTOS',NULL,'1'),
 (74,'62171488034','1972-05-16','SAO LUIZ GONZALO','CLEUNICE FERRIRA DUARTE SILVEIRA ','ISAURA FERREIRA DUARTE ',NULL,'2'),
 (75,'53342771020','2014-10-30','ESTEIO','ENIO EDUARDO TERRES ','MARIA ELOA DA ROSA',NULL,'1'),
 (76,'20006578004','1946-03-10','ICRUZILHADO','OSVALDO DOMINGUES DA ROSA','MARIA EVA DOMINGUES',NULL,'1'),
 (77,'13579810004','1941-11-02','ESPUMOSO','NOE FALZEMBACH FERNANDES','AMARIA R FALZEMBACH',NULL,'1'),
 (78,'28422910004','1948-04-30','BARROS CASAL','ALTAIR DE JESUS NUNES BORGE','ANA DOS SANTOS',NULL,'1'),
 (79,'46752145920','1962-05-25','SC ORLEANS','ROSANA LUCIANA ANTUNES','ZILMA GOULARI',NULL,'1'),
 (80,'54799619004','1950-06-07','SEBERI','SENIRA RODRIGUES DE SIQUEIRA','FLORINDA LOURENÇO',NULL,'3'),
 (81,'27420590087','1957-02-22','ERECHIM','IRES FATIMA LEMES','ANGELINA LEMES',NULL,'1'),
 (82,'47119500015','1970-11-24','ARATIBA','EDIVARLUIZ ROSSETTI','JUREMA MARIA',NULL,'1'),
 (83,'01467512052','1989-12-28','PORTO ALEGRE','ADRIANO CARDOSO DOS SANTOS ','SANTINELA CARDOSO',NULL,'1'),
 (84,'65199987020','1975-03-01','POA','SERGIO IVAM PASSOS DA COSTA','ARLINDA PASSOS DA COSTA',NULL,'1'),
 (85,'40300340044','1963-12-15','PELOTAS','JUARES ULGUIM LEAL','ANAN FRANCISCA',NULL,'1'),
 (86,'46307556049','1964-10-04','CACHOEIRA DO SUL','CARLOS ARBERTO LEIS','JANDIRA FOUTURA LEIS',NULL,'0'),
 (87,'46800905020','1958-01-04','SANTO ANTONIO ','MARIA ODETEDA SILVA PEREIRA','ONORINA MENDONÇA',NULL,'1'),
 (88,'26484552053','1941-05-07','SANTO ANTONIO ','FRANCISCA ANTONIA DE FRAGA','AURELIA ANTONIA DA SILVA ',NULL,'0'),
 (89,'37537016020','2015-03-26','POMPEIA SP','MARIA NEUSA DA SILVA KORALESKI','MARIA PRASERES DA SILVA',NULL,'0'),
 (90,'00053723058','1935-08-20',NULL,'ALZIRIA DE MATOS',NULL,NULL,'3'),
 (91,'66850180504','1931-12-02','VIAMAO','MARIA MELIA DE FRAGA VIEIRA','AMERICA DE OLIVEIRA FRAGA',NULL,'3'),
 (92,'00053723058','1935-08-20','','ALZIRIA DE MATOS ',NULL,NULL,'3'),
 (93,'25554581072','1943-09-23',NULL,'DONATILA PEREIRA RAMOS',NULL,NULL,'1'),
 (94,'73129267034','1943-12-19','CARA','MARIA ROSA PACHECO ANDRADE','EVA MOREIRA PACHECO',NULL,'3'),
 (95,'60850185004','1931-12-02','VIAMAO','MARIA AMELIA DE FRAGA VIEIRA','AMERICA DE OLIVEIRA FRAGA',NULL,'3'),
 (96,'61427900906','1960-06-19',NULL,'JURACI MARIA RAMOS',NULL,NULL,'1'),
 (97,'13747029000','1942-05-17','CAMBARA DO SUL','ZENAIDE SILVA','ALADIA ALVES FOGAÇA',NULL,'1'),
 (98,'43112021053','1962-06-14',NULL,'NELSOM JOSE DE SOUZA','ADI DE SOUZA',NULL,'0'),
 (99,'23878436068','1948-12-09','SANTO ANTONIO','PEDRO SILVEIRA RAMOS','GENEROSA SILVEIRA RODRIGUES',NULL,'1'),
 (100,'21823502091','1952-08-16','HARMONIA','DARSISIO LEO KLEINSCHMITT','ANA CATARINA',NULL,'1'),
 (101,'74967487068','1964-06-12','FRED WESTIFALEM','LEONILDA DA SILVA ','MARIA PEREIRA DE ALMEIDA',NULL,'1'),
 (102,'90901410063','1947-06-13','SOBRADINHO','ANA RODRIGUES VDE MORAES','VIVALDINA FEREIRA ',NULL,'1'),
 (103,'52779831049','1973-08-03','SP','DIEGO SABINO','ANTONIA MARIA SABINO',NULL,'0'),
 (104,'51403803072','1952-10-08',NULL,'SALETE SANTANA DA SILVA ','PEDRA CARDOSO SANT ANA',NULL,'3'),
 (105,'36944033020','1944-10-15','SANTA MARIA','BELONI LIMA DE SOUZA','JULIA LIMA DE SOUZA',NULL,'3'),
 (106,'02207165019','1989-08-17','POA','DEJANIRA DOS SANTOS ','NELÇA MARIA DOS SANTOS',NULL,'0'),
 (107,'56735960066','1931-10-18','TORRES RS','EDILIA KLEIN PAZ','ANGELINA GROSS KLEIN',NULL,'1'),
 (108,'46892257020','1937-08-25','PRAIA GRANDI','DOCELINO SANTOS DA ROSA','ALCINA SANTOS DA ROSA',NULL,'0'),
 (109,'11054360049','1928-12-23','RIO GRANDE','PAULO MAZUCO','IRENE MAZUCO',NULL,'3'),
 (110,'37271458034','1940-06-04','SANTA ROSA DA BOA VISTA ','GUILERMINA DA LUZ LOPES','DELCINA NUNES GOMES LUS',NULL,'3'),
 (111,'93145918087','1948-01-11','BARRA RIBEIRO','EVA ZILA DE SOUZA','CEDALINA DE SOUZA',NULL,'3'),
 (112,'28548566000','1938-04-03','ITAQUI','ADILES GOMES DA SILVA','VICENCIA GOMES MEDEIROS DA SILVA',NULL,'1'),
 (113,'82624690034','2015-07-04','ARITIBA','IRES BERNADETE KUTIS','OLGA HILIPERT',NULL,'3'),
 (114,'52051196087','1965-09-19','ALVORADA','ESTER KUBIKI RITTER CARNEIRO','IRONICA KUBIAKI RITTER',NULL,'1'),
 (115,'01561300098','1990-10-07','CANOAS','ALESANDRA RODRIGUES CARVALHO','IRENI CARVALHO',NULL,'1'),
 (116,'49616234072','1968-03-02','ARROIO DO RATO','MARCOS FERNANDO DOS SANTOS  AMENGA','CACILDA DOS SANTOS AMENGA',NULL,'1'),
 (117,'18471145049','1950-09-02','SOBRADINHO','NORLI ANTONIO DE AGUIAR','MARIA ONDINA AGUIAR ',NULL,'1'),
 (118,'40290042020','1945-04-04','TUPENCERETA','CLANILDA PETRINGER DA SILVA','AMERINDA',NULL,'1'),
 (119,'31667481053','1982-09-30','CAMAQUA','LUCI PINHEIRO LAGUNA','MARIA',NULL,'1'),
 (120,'34501061049','1949-10-02','ALEGRETE','LIGIA MARIA DA SILVA','LAIR SILVA',NULL,'1'),
 (121,'59647809034','1971-08-08','NOVO HAMBURGO','LEONILDA','ZERONITA CAMPO.',NULL,'1'),
 (122,'98379542053','1967-03-24','PALMEIRAS DA MISSOES','CIRCE TEREZA DA SILVEIRA','IGNACIO DA SILVEIRA ',NULL,'1'),
 (123,'44102801049','1944-12-16','OSORIO','IRACEMA GOMES DA SILVA ','MARIA INES DA SILVA GOMES',NULL,'3'),
 (124,'03639171012','1996-06-22','POA','LUCAS DANIEL RODRIGUES DA SILVA','AUREA TEREZINHA R.DA SILVA',NULL,'0'),
 (125,'36167460000','1949-11-17','BARROS CASAL','LUCI DO  NASCIMENTO PRIMÃO','MALVINA R. DO NASCIMENTO',NULL,'3'),
 (126,'00858367025','1984-01-12','POA','ROSINERI ROSSONI BUENO','CLECIA M POSSANAI',NULL,'0'),
 (127,'09535736004','1930-11-19','SANTO ANJO','JOSE GULE','ALZIRA ',NULL,'0'),
 (128,'16486870087','1941-11-05',NULL,'LUIS JAIME ',NULL,NULL,'1'),
 (129,'21550450000','1940-01-24','SANTO ANTONIO DA PATRULIA','ASTROGILDO RODRIGUES DA SILVA ','MAXIMIANA CORREA DA SILVA',NULL,'2'),
 (130,'62823817034','1959-06-18','TORRES ','LUCI JUSTO JACOB','CELENITA GERMANO JUSTO',NULL,'3'),
 (131,'34901965034','1946-11-28','JAGUARAO','MARIA TERESA RODRIGUES SILVA','DIVA ECHEVENGUA RODRIGUES',NULL,'1'),
 (132,'01219243000','1940-08-31','SAO GABRIEL','ARLEO DA SILVA NETTO','FELISBINA DA SILVA MOURA',NULL,'3'),
 (133,'52646807015','1946-04-24','DOM FELICIANO','DALVIRA INES IASKULSKI','JOANINA ULINOSKI',NULL,'3'),
 (134,'33241457915','1956-10-29','PALMEIRAS DAS MISSOIS','AMILTOM DE OLIVEIRA','VICENTINA',NULL,'1'),
 (135,'47041099009','1940-12-15','BOM RETIRO DO SUL','NELCI BOROWSKI','ROSA BOROWSKI',NULL,'3'),
 (136,'83910638872','1932-12-28','MARCELINO RAMOS','FIORINDA AUGUSTINI','CLARA AUGUSTINA',NULL,'3'),
 (137,'00316065048','1942-06-23','MARCELINO RAMOS','VILMA RODRIGUES SILVEIRA','ANA DA SILVA RODRIGUES',NULL,'0'),
 (138,'43478050049','1946-06-07','ALEGRETE','ESTER FLORES SIEVERS','TENAIR OLIVEIRA FLORES',NULL,'0'),
 (139,'71070125091','1948-08-26','JIRUA','DORILDA ILDA VENTURA','ANA VENTURA DA SILVA',NULL,'1'),
 (140,'48950149087','1968-10-03','CANOAS ','JANETE FLISA DOS SANTOS MAGALAES','PRINCESA ISABEL',NULL,'1'),
 (141,'90619846020','1956-08-03','POA','MARCIA FRANCISCA DA SILVA PAIXÃO','MARIA ADELINA DA SILVA',NULL,'1'),
 (142,'22596178087','1954-12-12','GRAVATAI','HELIO PAULO MENDES KERSCHNER','ELITA GOMES  KERSCHNER',NULL,'1'),
 (143,'74068709068','1960-08-09','RIO PARDO RS','DINA DE FATIMA FAGUNDES MARTINELLI','LEOCINA DE LURDESDA SILVA',NULL,'1'),
 (144,'50461508087','1950-12-05','OSORIO RS','ZILA DA ROSA FURTESNAN','DORCELINA GERMANO',NULL,'0'),
 (145,'40135462053','1959-10-28','VIAMAO RS','JOSE CARLOS BERNADO','DULCINEA VICENTE BERNADO',NULL,'1'),
 (146,'55367976034','1940-02-20','ROLANTE','IRANY ISMANIOTTO SCARATTI','LAURINDA SMANIOTTO',NULL,'1'),
 (147,'42569095087','1953-11-01','DOM FELICIANO','MARINA DE SOUZA VAZ','ENESTINA PEREIRA ANCELMO',NULL,'0'),
 (148,'28805887072','1951-01-30','JULIO DE CASTILHO','ELCI TEREZINHA DA LUZ','ECELEDIA ANGELA BATISTELA',NULL,'1'),
 (149,'93197349091','1980-07-15','POA','JULIANA SIEGLITS RIBEIRO','MARIE LOTTE',NULL,'0'),
 (150,'19056915053','1942-09-22','ARROIO DO TIGRE','JOSE IVO FERREIRA','MOURILIA FERREIRA',NULL,'1'),
 (151,'13197363000','1945-11-07','TAQUARA RS','LIVIA SANTOS DA SILVA','MARIA ANTONIA DOS SANTOS',NULL,'1'),
 (152,'33576235034','1952-08-18','PRAIA GRANDE','MARIE LOTTE SIEGLITS','GEGA ANALIA SIEGLITS',NULL,'0'),
 (153,'14000644000','1945-03-10','GUAIBA','SELOMAR AMORIM','MARINA AMORIM',NULL,'0'),
 (154,'17876931045','1935-01-09','MARCELINO RAMOS','DORVAL MORREIRA CARVALHO','MARVINA ALVES',NULL,'1'),
 (155,'11822025087','1964-09-20','SAPUCACIA DO SUL','LEONI LEMOS DA SILVA ','PRICILA LEMOS DA SILVA',NULL,'0'),
 (156,'47753676091','1967-05-29','ITUPORANGA','ROSIANE LIMA','DILMA BORGES',NULL,'1'),
 (157,'26147297019','1949-02-10','SANTO ANTONIO','MARIO PEREIRA DOS SANTOS','JULIA SOARES DA SILVA',NULL,'1'),
 (158,'44944845049','1963-02-20','SANTO ANTONIO','NOELSOM PERERIRA DOS SANTOS','MANOELA JOSE PEREIRA DOS SANTOS',NULL,'0'),
 (159,'92540511015','1978-01-18','POA','ALESANDRO OTTO LPES','BLIA IVONE OTTO LPES',NULL,'1'),
 (160,'11822025087','1964-09-20','SAPUCAIA DO SUL','LEONI LEMOS DA SILVA','MAE',NULL,'0'),
 (161,'00375424008','1982-10-24','CACHOEIRINHA','FAGNER SELAU GUERIM','MARIA BERENICE SELAU',NULL,'1'),
 (162,'65434269004','1941-06-19','CASCATA RS','ZENAIDE MARIA PIEROZAN','CIZERA TILOLA',NULL,'0'),
 (163,'13777564087','1946-12-09','POA','LUIZ CARLOS ALBERTO NISNER','VILMA VENTURA DA SILVA',NULL,'1'),
 (164,'63218380049','1961-11-04','CANOAS','CARLA ROSANE DA CUNHA','GENOVEVA DE OLIVEIRA',NULL,'1'),
 (165,'44206410020','1965-11-21','SOBRADINHO','CAMILA LAURA BARBOSA','ONDINA PEREIRA BARBOSA',NULL,'0'),
 (166,'18425577004','1951-04-26','POA','OLODEMAR SILVANO SUS','MAE',NULL,'1'),
 (167,'20614870097','1938-03-07','POA','RUBEM FRANCISCO BITTENCURT','ELVIRA NUNES',NULL,'1'),
 (168,'01787406083','1990-04-25','CACHOEIRINHA','MICHELI VIDAL DOS SANTOS','MARIA DE LURDES',NULL,'1'),
 (169,'51201496004','1957-09-23','ROLANTE','MARIA CAROLINA GRASSI','NELITA ANTONIA DOS PASSOS',NULL,'0'),
 (170,'25727699053','1954-12-31','POA','TANIA MARISA DE OLIVEIRA BANDEIRA','IOLANDA DE OLIVEIRA',NULL,'1'),
 (171,'44027176049','1954-02-26','TRES PASSOS','ALTAIR MARIA SCHIMITS','OSVALDINA CAVALNEIRO DA SILVA',NULL,'0'),
 (172,'23356537091','1947-07-04','TORRES','JULIO ICHEFFER MARTINS','AMANTINA SCHEFFER',NULL,'0'),
 (173,'58056750053','1966-01-27','TRES PASSOS ','GENAIR HEDEUND DE FRAGA ','NICEAS',NULL,'0'),
 (174,'51285240006','1954-03-25','POA','NANCI DE OLIVEIRA PEREIRA','CELINA DA SILVA OLIVEIRA',NULL,'1'),
 (175,'36857939004','1947-12-31','SANTANA DO LIVRAMENTO','ILER DAVILA','MARTINA DOS SANTOS DAVILA',NULL,'0'),
 (176,'65834704034','2016-12-10','BAGE','MARIO FRANCISCO SILVEIRA MARQUES','MARINA LOPES',NULL,'1'),
 (177,'13985647020','1947-12-01','POA','ELI SANTOS   DA SILVA','AUGUSTA DOS SANTOS',NULL,'0'),
 (178,'67698972020','1977-05-08','POA','CARLA SOUZA COSTA','ALESTRINA HENRIQUES DE SOUZA',NULL,'0'),
 (179,'49572121049','1936-06-26','TRES COROAS','HELGA DESCHEIMER ','RAIANA DESCHEIMER',NULL,'0'),
 (180,'01514222060','1974-06-04','DOM FELICIANO','MARIA BORGES DA SILVA','MARINA BORGES DA SILVA',NULL,'0'),
 (181,'93791437020','1944-09-30','SIDERO','JOAO MANOEL ONORIO','ODACIA BRANCO',NULL,'0'),
 (182,'90752562053','1974-11-19','POA','JANAINA BARCELOS GARCIA','CARMEN',NULL,'1'),
 (183,'09560467034','1952-04-05','SANTO ANTONIO','LUIZ CARLOS COELHO','TEREZINHA RAMOS COELHO',NULL,'0'),
 (184,'40284824020','1933-11-30','BARRA DO RIBEIRO','ELVINO DA SILVA ABREU','ANTONIA',NULL,'0'),
 (185,'41218213787','1952-12-17','RIO GRANDE DO SUL','ELIAN GLAICY DOS SANTOS SILVA','AIVONE DOS SANTOS SILVA',NULL,'0'),
 (186,'00874584028','1982-07-16','CAMAQUA','FLAVIA ROSANGELA DELEGADO BAGES','MARIA DALVA ',NULL,'0'),
 (187,'22204288004','1955-02-09','CACEQUI','NARA NEI DE MENEZES SARMENTO','NECY VILA DE MENEZES',NULL,'1'),
 (188,'26690152049','1952-10-25','TORRES','DARIO SELAU MATOS','ANTONIO SELAU DE MATOS',NULL,'0'),
 (189,'54772214020','1953-03-04','SANTO ANTONIO','LORVALINO GOMES RIBEIRO','MARIA DA CUNHA RIBEIRO',NULL,'1'),
 (190,'19658729053','1954-01-26','GRAVATAI','JOSE ADONIS FRAGOSO ANFLOR','ALVINA FRAGOSO ANFLOR',NULL,'0'),
 (191,'00410058050','1956-08-20','TAPES','MARIA ELENARA PACHECO DUARTE','NOELI LONGARAI',NULL,'0'),
 (192,'41689011068','1945-12-28','BARRA DO RIBEIRO','NOEMI DA SILVA PRESTES','RITA BARBOSA DA SILVA',NULL,'3'),
 (193,'60210540087','1946-05-17','SOMBRIO S. CATARINA','DILMA BARBOSA TEIXEIRA','ALVINA PERES BARBOSA',NULL,'1'),
 (194,'58482580078','1930-08-17','CAMAQUA','QUERINO CARDOSO','ANO JULIA BARBOSA',NULL,'3'),
 (195,'31967566020','1941-05-31',NULL,'IVANDA DA SILVA GOMES',NULL,NULL,'3'),
 (196,'29634253091','1044-11-16','IJUI','IRACEMA PEREIRA BATISTA','MARIA DA CONCEIÇÃO ALVES PEREIRA',NULL,'3'),
 (197,'20589018000','1953-07-05','ALVORADA','LUIZ ROBERTO DE SOUZA ','OTILIA DE SOUZA MACIEL',NULL,'3'),
 (198,'67741355015','1948-07-08','JAGUARUNA','NERIA MALISZEULSKI','EUTALIA NEVES MACHADO',NULL,'0'),
 (199,'48339334034','1963-08-10','CANOAS','RONALDO CRUZ FRAGA','ESTER CRUZ FRAGA',NULL,'1'),
 (200,'23128020078','1935-11-17','PELOTAS','NOELI  TEIXEIRA DE MATOS','ESCOLASTICA TEIDEIRA DEV MATOS',NULL,'0'),
 (201,'02082457079','1989-08-03','POA','JEFERSSON DA SILVA','CLAIR TEREZINHA',NULL,'0'),
 (202,'60206888015','1960-08-21','SANTO ANGELO','CLARICE LISBOA DE MAT0S','DORCELINA BORGES',NULL,'0'),
 (203,'28398866004','1930-10-11','CAMAQUA',' ROSI DE OLIVEIRA FAGUNDES','DARZIRIA FERNANDES',NULL,'0'),
 (204,'50045911053','1960-09-16','HORIZONTINA','JOAO ALCEU RODRIGUES AQUINO','SANTA',NULL,'1'),
 (205,'40033501720','1942-01-03','DOM PEDRITO','ADAO PEREIRA VARGAS ','MAE',NULL,'0'),
 (206,'99827808087','1981-06-28','POA','MARLIZE DE SOUZA MELO','ALMECI TEREZINHA',NULL,'1'),
 (207,'59982896091','1959-09-30','POA','OSVALDO  DA ROSA BERNARDES','TEREZA DA ROSA',NULL,'0'),
 (208,'75458357000','1960-09-03','POA','MARA ROSANE GOMES','MARIA SERAFIM GOMES',NULL,'0'),
 (209,'53553926015','1965-06-10','CHAPECO','LEONILDE TEREZINHA RODRIGUES','CANDIDA NUNES',NULL,'1'),
 (210,'46132392068','1970-04-28','URUGUAIANA','GUSTAVO MONSALES MARTINS','MAE',NULL,'1'),
 (211,'33893675272','1968-03-10','PARANA','SALETE LURDES RUFFEL','ROSA',NULL,'0'),
 (212,'18327435000','1943-04-10','JACINTO MACHADO','ARI DA SILVA CORDOVA ','MARIA MEZZARI',NULL,'0'),
 (213,'40474526020','1962-01-10','URUGUAIANA','EDISOM MACHADO GONSALVES','RONILDA MACHADO ',NULL,'0'),
 (214,'34253491049','1963-05-21','SANTANA DO LIVRAMENTO','MARLI CORREA DE MENEZES','MARIA MAILDE CORREA DE MENEZES',NULL,'1'),
 (215,'33276773015','2016-11-27',NULL,'CLAIR DE OLIVEIRA PEIXOTO','GENESI DE OLIVEIRA',NULL,'0'),
 (216,'66597056000','1967-10-07','CARAZINHO','LUIS CARLOS MACHADO ','ADELINA MACHADO',NULL,'0'),
 (217,'51646897072','1945-01-20','SANTO ANTONIO','NANCI TEREZINHA DE ASSIS BRAGA',NULL,NULL,'0'),
 (218,'10783555091','1938-03-18','URUGUAIANA','JOÃO VALDEZ ','GERALDINA VALDEZ',NULL,'0'),
 (219,'42355524068','1963-11-17','CACHOEIRINHA','JOÃO LUIZ DA SILVA','CELITA LAURENÇA',NULL,'0'),
 (220,'53418182020','1958-05-13','TAQUARA','MARIA LOURDES PIRES DA SILVA','EVA PIRES',NULL,'1'),
 (221,'01039792049','1938-05-14','POA','MARCO TULIO MENNA BARRETO DE MELLO','ALDA MENA BARRETO',NULL,'0'),
 (222,'57090580094','1965-01-25','PAROBE','ROGERIO MARTINS DA ROCHA','SUBILA',NULL,'0'),
 (223,'82516723091','1981-02-12',NULL,'WELLYGTOM DE OLIVEIRA',NULL,NULL,'1'),
 (224,'34511628068','1956-06-24',NULL,'JOAO LOURENCO DA ROSA',NULL,NULL,'0'),
 (225,'45522065087','1949-11-17',NULL,'MARLI VARGAS RIBEIRO',NULL,NULL,'0'),
 (226,'27164659087','1957-02-19',NULL,'HONORIVAL GONSALVES VARGAS',NULL,NULL,'1'),
 (227,'00799607070','1985-12-18',NULL,'HILTOM C S JUNIOR',NULL,NULL,'1'),
 (228,'08023387049','2017-04-20',NULL,'DALVA DOS SANTOS',NULL,NULL,'1'),
 (229,'11967584053','1942-05-19',NULL,'VILSOM DO ROSARIO',NULL,NULL,'0'),
 (230,'60613246004','1945-10-05',NULL,'MARIA SUELI AMARO',NULL,NULL,'0'),
 (231,'28682661004','1957-02-16','SATO ANTONIO','JOSE ANASTACIO DOS SANTOS','MARIA CUSTODIA',NULL,'0'),
 (232,'00437464674','2010-09-23','IGREJINHA','IVONE FERREIRA','JPANE',NULL,'0'),
 (233,'37817310000','1941-04-14','SANTA MARIA','MARIA DE LURDES DE LIMA BARROS','EVA PEREIRA',NULL,'0'),
 (234,'34265487015','1961-08-19','FREDERICO','ANSELMO APOLLO','MARIA',NULL,'0'),
 (235,'35566778788','2017-02-11','DSFGHHFGDF','JOSE LUIS CHAGAS','ZDGHFHFGB',NULL,'0'),
 (236,'33254354657','1999-09-26','DSDFDGFH','IRMO CARDOSO','DFDGFHGHJ',NULL,'0'),
 (237,'21423436575','1959-12-23','SFTRYTJTYG','DIONISIO','FREGTGR',NULL,'0'),
 (238,'24235465656','1977-09-19','GFHHHFDFS','ENEDINA TRAJANO PINHO','KDOWKOWDK',NULL,'0'),
 (239,'43254566578','1998-09-13','EREA','MARIA CONSTANCIA DAVILA','FFGRTRG',NULL,'0'),
 (240,'23243545665','2017-04-16','FDGFDDFV','IOLANDA DA CRUS QUADRADO','ZCCBDV',NULL,'0'),
 (241,'23254644365','1969-04-17','DSFFEEFWEF','ELOIR PINHEIRO DOS SANTOS','WDEWFRGE',NULL,'0'),
 (242,'33253654665','1969-07-25','SFFDGBRH','ORLANDA','FTRGRTRE',NULL,'0'),
 (243,'32564565522','2013-06-18','RERTRTHRT','ALMIRO DUTRA','GRTGRR',NULL,'0'),
 (244,'43456544575','2010-10-10','FGHFGBGFG','OSMARINO ALVES','BFGBFGB',NULL,'0'),
 (245,'32534654657','1975-06-02','GFDDSDFS','ODAIR MACIEL ','GHRDFFG',NULL,'0'),
 (246,'42322355436','1788-04-23','VFVDV','CARLOS SOUZA MEDEIROS','DVVFDVDV',NULL,'0'),
 (247,'43254366532','2015-06-23','FFSDFSF','DALIA ALIMENTOS','FREFERC',NULL,'0'),
 (248,'38517745015','2017-09-21',NULL,'WELCI SEBASTIAO B PAVAN',NULL,NULL,'0'),
 (249,'88640990000','1933-08-31',NULL,'ROMEU CARLOS HEGER',NULL,NULL,'1'),
 (250,'28915534034','1940-11-08',NULL,'VENINA MACIEL RIBEIRO',NULL,NULL,'0'),
 (251,'53112172000','2017-09-22',NULL,'WELONDI BECK',NULL,NULL,'1'),
 (252,'00096305037','2017-11-14',NULL,'RUTH SCHULZ TRILIP',NULL,NULL,'0'),
 (253,'21427690049','2017-11-14',NULL,'ANTONIO CARBONEIRA',NULL,NULL,'0'),
 (254,'60579706087','2017-11-14',NULL,'ELODI JULITA HENNEMANN',NULL,NULL,'0'),
 (255,'74821059991','2017-11-14',NULL,'CLARICE MARIA FROZZA',NULL,NULL,'0'),
 (256,'34523769800','2017-11-14',NULL,'GIULIANO MOYSES PAIM',NULL,NULL,'0'),
 (257,'68703597920','2017-11-14',NULL,'LUIZ ANTONIO GRACZCKI',NULL,NULL,'0'),
 (258,'59982896099','2017-11-14',NULL,'NEIVA REGINA REZENDES',NULL,NULL,'0'),
 (259,'57858462091','2017-11-14',NULL,'NELI WERBERICH SOARES',NULL,NULL,'0'),
 (260,'14367343049','2017-11-14',NULL,'DERLI ECHEVARRI LEAL',NULL,NULL,'0'),
 (261,'19997027000','2017-11-14',NULL,'ADELIA ARSENO DA SILVA',NULL,NULL,'0'),
 (262,'29430364049','2017-11-14',NULL,'LECI SANTOS MEDEIROS',NULL,NULL,'0'),
 (263,'45678909800','2017-11-14',NULL,'SADI BARCELOS ',NULL,NULL,'0'),
 (264,'76345892300','2017-11-14',NULL,'JAIRA PATO DA COSTA',NULL,NULL,'1'),
 (265,'35467890000','2017-11-14',NULL,'ROSANIA',NULL,NULL,'0'),
 (266,'67375413053','2017-11-14',NULL,'MARIA HELENA LACERDA ABREU',NULL,NULL,'0'),
 (267,'48115967068','2017-11-14',NULL,'SONIA MARIA BREIER',NULL,NULL,'0'),
 (268,'09219030063','2017-11-14',NULL,'ARI HELMUTH  HUGENTOBLER',NULL,NULL,'0'),
 (269,'16604903087','2017-11-14',NULL,'CELIO CLAUDIO KOIBROUSCH',NULL,NULL,'1'),
 (270,'40003388034','2017-11-14',NULL,'ELIAS TICIANO RIBEIRO DE ASSUNCAO',NULL,NULL,'1'),
 (271,'98673467120','2017-11-14',NULL,'JOAO FERNANDES',NULL,NULL,'0'),
 (272,'67843896600','2017-11-14',NULL,'NADEGE OLIVEIRA',NULL,NULL,'0'),
 (273,'85697034210','2017-11-14',NULL,'ROMILDO DE SOUZA',NULL,NULL,'0'),
 (274,'78397457290','2017-11-14',NULL,'ADAO LUIS',NULL,NULL,'0'),
 (275,'75905030500','2017-11-14',NULL,'AUGUSTO',NULL,NULL,'1'),
 (276,'39840846400','2017-11-14',NULL,'IRIS BASSI ',NULL,NULL,'1'),
 (277,'76473229090','2017-11-14',NULL,'IRACEMA KONRTH',NULL,NULL,'0'),
 (278,'92119336019','2017-11-24',NULL,'CLACI RODRIGUES SCHULZ',NULL,NULL,'0'),
 (279,'99898995659','2017-11-24',NULL,'NOELI TEIXEIRA DE MATOS',NULL,NULL,'1'),
 (280,'73678734733','2017-11-24',NULL,'IRIS FRAGA FARINHA ',NULL,NULL,'1'),
 (281,'65849680063','2017-11-24',NULL,'NEIVA DE SOUZA ',NULL,NULL,'1'),
 (282,'62562763727','2017-11-24',NULL,'CEZAR AUGUSTO',NULL,NULL,'1'),
 (283,'97688002087','2017-11-24',NULL,'GERCI VIEIRA OLIVEIRA',NULL,NULL,'0'),
 (284,'27749380078','2017-11-24',NULL,'JOSE ADENIR AMARAL DOS SANTOS MARTINS',NULL,NULL,'0'),
 (285,'89678095068','2017-11-29',NULL,'TEREZINHA LUIVA KOLING',NULL,NULL,'0'),
 (286,'44205520000','1964-07-08','GRAVATAI','JOSE ROSENO DOS SANTOS','EMILIA',NULL,'2'),
 (287,'19520883991','1949-12-03','TRES ARROIS','ARNO JOSE KEHL','MARIA',NULL,'0'),
 (288,'01802232087','1938-12-16','MARCELINO','RUD HOFSTAETTER',NULL,NULL,'0'),
 (289,'09090989909','2018-04-04',NULL,'MARIA EMILIA',NULL,NULL,'1'),
 (290,'89721861049','2018-04-04',NULL,'NEVILDE DE FATIMA SECCO',NULL,NULL,'1'),
 (291,'48292630082','2018-04-04',NULL,'SERGIO FELES',NULL,NULL,'1'),
 (292,'66908329020','2018-04-04',NULL,'NELCI SILVEIRA DA SILVA',NULL,NULL,'0'),
 (293,'17402492087','2018-04-04',NULL,'HELIO LUIZ MERGENER',NULL,NULL,'1'),
 (294,'31725660059','2018-04-04',NULL,'IVANIR KRUMMERNAUER',NULL,NULL,'1'),
 (295,'18044301020','2018-04-04',NULL,'ARLINDO SACHETTI',NULL,NULL,'1'),
 (296,'14187420040','2018-04-09',NULL,'SANTO VALDONIR BILHAN',NULL,NULL,'0'),
 (297,'90267303068','2018-04-09',NULL,'ANGELA VERGINEA VALMORARATH',NULL,NULL,'1'),
 (298,'98989898988','2018-04-11',NULL,'EVILAZIO CORREIA DA SILVEIRA',NULL,NULL,'0'),
 (299,'09695455400','2018-04-11',NULL,'CLIENTE',NULL,NULL,'1');
/*!40000 ALTER TABLE `pessoafisica` ENABLE KEYS */;


--
-- Definition of table `referencia`
--

DROP TABLE IF EXISTS `referencia`;
CREATE TABLE `referencia` (
  `id` int(11) NOT NULL auto_increment,
  `email` varchar(255) default NULL,
  `fone` varchar(255) default NULL,
  `nome` varchar(255) default NULL,
  `id_pessoa_fisica` int(11) default NULL,
  PRIMARY KEY  (`id`),
  KEY `FKC95E8712210DBE93` (`id_pessoa_fisica`),
  CONSTRAINT `FKC95E8712210DBE93` FOREIGN KEY (`id_pessoa_fisica`) REFERENCES `pessoafisica` (`id_pessoa_fisica`)
) ENGINE=InnoDB DEFAULT CHARSET=latin1;

--
-- Dumping data for table `referencia`
--

/*!40000 ALTER TABLE `referencia` DISABLE KEYS */;
/*!40000 ALTER TABLE `referencia` ENABLE KEYS */;


--
-- Definition of table `usuario`
--

DROP TABLE IF EXISTS `usuario`;
CREATE TABLE `usuario` (
  `id` int(11) NOT NULL auto_increment,
  `email` varchar(255) default NULL,
  `senha` varchar(255) default NULL,
  PRIMARY KEY  (`id`)
) ENGINE=InnoDB DEFAULT CHARSET=latin1;

--
-- Dumping data for table `usuario`
--

/*!40000 ALTER TABLE `usuario` DISABLE KEYS */;
INSERT INTO `usuario` (`id`,`email`,`senha`) VALUES 
 (1,'root@root','123');
/*!40000 ALTER TABLE `usuario` ENABLE KEYS */;


--
-- Definition of procedure `SP_FILL_ADDRESS`
--

DROP PROCEDURE IF EXISTS `SP_FILL_ADDRESS`;

DELIMITER $$

/*!50003 SET @TEMP_SQL_MODE=@@SQL_MODE, SQL_MODE='STRICT_TRANS_TABLES,NO_AUTO_CREATE_USER' */ $$
CREATE DEFINER=`root`@`localhost` PROCEDURE `SP_FILL_ADDRESS`()
BEGIN

DECLARE id_pessoa INT;
DECLARE cpf_pessoa VARCHAR(20);

DECLARE done BOOLEAN DEFAULT FALSE;
DECLARE cur_user CURSOR FOR SELECT id_pessoa_fisica, cpf FROM pessoafisica;
DECLARE CONTINUE HANDLER FOR NOT FOUND SET done = TRUE;

OPEN cur_user;
read_loop: LOOP
FETCH cur_user INTO id_pessoa,cpf_pessoa;
IF done THEN
LEAVE read_loop;
END IF;

UPDATE contato SET id_pessoa_fisica = id_pessoa WHERE email = cpf_pessoa;

END LOOP;
CLOSE cur_user;
END $$
/*!50003 SET SESSION SQL_MODE=@TEMP_SQL_MODE */  $$

DELIMITER ;



/*!40101 SET SQL_MODE=@OLD_SQL_MODE */;
/*!40014 SET FOREIGN_KEY_CHECKS=@OLD_FOREIGN_KEY_CHECKS */;
/*!40014 SET UNIQUE_CHECKS=@OLD_UNIQUE_CHECKS */;
/*!40101 SET CHARACTER_SET_CLIENT=@OLD_CHARACTER_SET_CLIENT */;
/*!40101 SET CHARACTER_SET_RESULTS=@OLD_CHARACTER_SET_RESULTS */;
/*!40101 SET COLLATION_CONNECTION=@OLD_COLLATION_CONNECTION */;
/*!40101 SET CHARACTER_SET_CLIENT=@OLD_CHARACTER_SET_CLIENT */;
