-- INSERT INTO action_type VALUES ('191B70C3AB62C39C4005C5BEC39AC3B8','Load relocation (KWh)'),('2DC3B8CB86506CE2809E48C3A3E280A2','Discharge TES (KWh)'),('36C2BA2E04C38B5D46C3ADC2A21F57EF','Discharge Battery (KWh)'),('4DC3B0C2BFC3BEC3BA4D44C3ACC2B4EF','Dynamic Adjustment of Cooling Intensity (KWh)'),('7D3AC5B84AC3BD4B464BE2809E6C085F','Charge Battery (KWh)'),('C2B4557D7745C396477EC2A1C3BFC380','Shift delay-tolerant workload (KWh)'),('C2BDC3AB5CC2A2566A4166C2AFC2AF44','Charge TES (KWh)');

INSERT INTO measure_unit VALUES ('19E282AC6265C3915C43C2ABC2A0684B','CELSIUS'),('C389C396C3815024C39E4F6DC28122EF','WATT'),('C3B1081F33C3A4E28099457EC2B6C2AC','KILOWATT'),('C69210C387C3BF00C3984307E280A0EF','TIME'),('CB9C5A123AC3AFC3AA46E280BAC29005','#NUMBER');

INSERT INTO value_type VALUES ('15E28098C2B2C5B8C2A3144F14C5BE54','STRING'),('1D544920485A4EC39AC2BA45C394734D','INTEGER'),('5901C3A83EC3B0C3BC4AC2A5C2A85E5E','DOUBLE'),('C2B1E28094C5922C0D574F62C2ACC3AE','LOCAL DATE TIME');

-- INSERT INTO action_property (id, property, observation, measure_unit_id, value_type_id, action_type_id) VALUES ('0FC3A8E280B97C30E2809A48C28FEFBF','reallocation_percentage','EMPTY','CB9C5A123AC3AFC3AA46E280BAC29005','5901C3A83EC3B0C3BC4AC2A5C2A85E5E','191B70C3AB62C39C4005C5BEC39AC3B8'),('18E2809D3BC2B8443643C393E280A2EF','discharge_battery_amount','EMPTY','CB9C5A123AC3AFC3AA46E280BAC29005','5901C3A83EC3B0C3BC4AC2A5C2A85E5E','36C2BA2E04C38B5D46C3ADC2A21F57EF'),('1AC2AB310E086246C2B5C2A65546C38F','charge_battery_amount','EMPTY','CB9C5A123AC3AFC3AA46E280BAC29005','5901C3A83EC3B0C3BC4AC2A5C2A85E5E','7D3AC5B84AC3BD4B464BE2809E6C085F'),('25C3B501C29D1F4042C399C281C2A47A','discharge_TES_amount','EMPTY','CB9C5A123AC3AFC3AA46E280BAC29005','5901C3A83EC3B0C3BC4AC2A5C2A85E5E','2DC3B8CB86506CE2809E48C3A3E280A2'),('38C3961B594DC38E40C592E280B93AEF','cooling_amount','EMPTY','CB9C5A123AC3AFC3AA46E280BAC29005','5901C3A83EC3B0C3BC4AC2A5C2A85E5E','4DC3B0C2BFC3BEC3BA4D44C3ACC2B4EF'),('59C39B2565C592C39A4BE28098C2B1EF','sdtw_end_time','EMPTY','C69210C387C3BF00C3984307E280A0EF','C2B1E28094C5922C0D574F62C2ACC3AE','C2B4557D7745C396477EC2A1C3BFC380'),('C28179C3B7C396C393C3B346C692C2A5','sdtw_percentage','EMPTY','CB9C5A123AC3AFC3AA46E280BAC29005','5901C3A83EC3B0C3BC4AC2A5C2A85E5E','C2B4557D7745C396477EC2A1C3BFC380'),('C2B8C3B4C3A80779024AC384C29DC393','sdtw_amount','EMPTY','C3B1081F33C3A4E28099457EC2B6C2AC','5901C3A83EC3B0C3BC4AC2A5C2A85E5E','C2B4557D7745C396477EC2A1C3BFC380'),('C388C3A725C38BC2B1C3B14AC3A1EFBF','relocate_amount','EMPTY','CB9C5A123AC3AFC3AA46E280BAC29005','5901C3A83EC3B0C3BC4AC2A5C2A85E5E','191B70C3AB62C39C4005C5BEC39AC3B8'),('C3AFC3A548C2AB500E4A71E2809AEFBF','charge_TES_amount','EMPTY','CB9C5A123AC3AFC3AA46E280BAC29005','5901C3A83EC3B0C3BC4AC2A5C2A85E5E','C2BDC3AB5CC2A2566A4166C2AFC2AF44'),('C3B2C3A6055E51E282AC4464C2B23B24','sdtw_start_time','EMPTY','C69210C387C3BF00C3984307E280A0EF','C2B1E28094C5922C0D574F62C2ACC3AE','C2B4557D7745C396477EC2A1C3BFC380');

INSERT INTO device_type (id, type)
values ('C29D2B6DC3BDC2B4C38E4329C2A4C3BE', 'DATACENTER');

INSERT INTO device (id, label, device_type_id,parent, deleted) VALUES
('C382C39FC2A5C2BEC38E5011C3A9C2AD','DATACENTER_POZNAN','C29D2B6DC3BDC2B4C38E4329C2A4C3BE',NULL, false)