
INSERT INTO measure_unit VALUES ('19E282AC6265C3915C43C2ABC2A0684B','CELSIUS'),
('C1BE8A51052C11EAB4D200155DB0AD02', 'DOLLAR'),
('C389C396C3815024C39E4F6DC28122EF','WATT'),
('C3B1081F33C3A4E28099457EC2B6C2AC','KILOWATT'),
('C69210C387C3BF00C3984307E280A0EF','TIME'),
('CB9C5A123AC3AFC3AA46E280BAC29005','#NUMBER');

INSERT INTO value_type VALUES ('15E28098C2B2C5B8C2A3144F14C5BE54','STRING'),
('1D544920485A4EC39AC2BA45C394734D','INTEGER'),
('5901C3A83EC3B0C3BC4AC2A5C2A85E5E','DOUBLE'),
('C2B1E28094C5922C0D574F62C2ACC3AE','LOCAL DATE TIME');

INSERT INTO property_source VALUES ('C3AD30E28094C2B210494EC396C2B06E','STATIC'),
('C2BF0237E2809D23324AC2A0C2AA730E','DYNAMIC');

INSERT INTO device_type (id, type)
values ('C29D2B6DC3BDC2B4C38E4329C2A4C3BE', 'DATACENTER');

INSERT INTO device_type (id, type)
values ('00F2F506017011EA967300155DB0AD02', 'THERMAL ENERGY STORAGE');

INSERT INTO device_type (id, type)
values ('2E46AF94052C11EAB4D200155DB0AD02', 'MARKETPLACE');

INSERT INTO device_type (id, type)
values ('7911C3BC1FC2B9494BC3A6C2AC0BC3B1', 'BATTERY');

INSERT INTO device_type (id, type)
values ('E280930620570F534C31C2A2C3ADC38E', 'COOLING_SYSTEM');


INSERT INTO device_type (id, type)
values ('E281230620570F534C31C2A2C3ADC38E', 'HEAT_RECOVERY_SYSTEM');

INSERT INTO device_type (id, type)
values ('78C2A82CC3AF1C1B4D3DC2A87027C39F', 'SERVER_ROOM');


INSERT INTO device (id, label, device_type_id,parent, deleted) VALUES
('C382C39FC2A5C2BEC38E5011C3A9C2AD','DATACENTER_POZNAN','C29D2B6DC3BDC2B4C38E4329C2A4C3BE',NULL, false),
('1E125590017011EA967300155DB0AD02','TES_POZNAN','00F2F506017011EA967300155DB0AD02','C382C39FC2A5C2BEC38E5011C3A9C2AD', false),
('C2A6325C17C38E5411C3A9C2AD1C0242','SERVER_ROOM_POZNAN','78C2A82CC3AF1C1B4D3DC2A87027C39F','C382C39FC2A5C2BEC38E5011C3A9C2AD', false),
('C3A755C2B615C38E5411C3A9C2AD1C02','COOLING_SYSTEM_POZNAN','E280930620570F534C31C2A2C3ADC38E','C382C39FC2A5C2BEC38E5011C3A9C2AD', false),
('AC4EEBDA016C11EA967300155DB0AD02','BATTERY_POZNAN','7911C3BC1FC2B9494BC3A6C2AC0BC3B1','C382C39FC2A5C2BEC38E5011C3A9C2AD', false),
('420F13D2052C11EAB4D200155DB0AD02','MARKETPLACE_POZNAN','2E46AF94052C11EAB4D200155DB0AD02','C382C39FC2A5C2BEC38E5011C3A9C2AD', false);


INSERT INTO measurement(id, property , observation, device_type_id, measure_unit_id, property_source_id, value_type_id)
values ('D2621635016D11EA967300155DB1AD02', 'COP_H_HEAT', 'Cooling coefficient of performance on heat recovery system', 'E281230620570F534C31C2A2C3ADC38E', 'CB9C5A123AC3AFC3AA46E280BAC29005' , 'C3AD30E28094C2B210494EC396C2B06E' ,'5901C3A83EC3B0C3BC4AC2A5C2A85E5E');


INSERT INTO measurement(id, property , observation, device_type_id, measure_unit_id, property_source_id, value_type_id)
values ('D2621635016D11EA967300155DB0BD02', 'MAXIMUM_POWER_CONSUMPTION_HEAT_RECOVER_SYSTEM', 'MAX power consumption on heat recovery system',  'E281230620570F534C31C2A2C3ADC38E', 'CB9C5A123AC3AFC3AA46E280BAC29005' , 'C3AD30E28094C2B210494EC396C2B06E' ,'5901C3A83EC3B0C3BC4AC2A5C2A85E5E');

INSERT INTO measurement(id, property , observation, device_type_id, measure_unit_id, property_source_id, value_type_id)
values ('D2621635016D11EA967300155DC0AD02', 'MAXIMUM_CAPACITY_HEAT_RECOVER_SYSTEM', 'MAX capacity of heat recovery system',  'E281230620570F534C31C2A2C3ADC38E', 'CB9C5A123AC3AFC3AA46E280BAC29005' , 'C3AD30E28094C2B210494EC396C2B06E' ,'5901C3A83EC3B0C3BC4AC2A5C2A85E5E');


INSERT INTO measurement(id, property , observation, device_type_id, measure_unit_id, property_source_id, value_type_id)
values ('D2621635016D11EA967300155DC1BD02', 'MAXIMUM_CAPACITY_COOLING_SYSTEM', 'MAX capacity of cooling system',  'E280930620570F534C31C2A2C3ADC38E', 'CB9C5A123AC3AFC3AA46E280BAC29005' , 'C3AD30E28094C2B210494EC396C2B06E' ,'5901C3A83EC3B0C3BC4AC2A5C2A85E5E');

INSERT INTO measurement(id, property , observation, device_type_id, measure_unit_id, property_source_id, value_type_id)
values ('D2621635016D11EA967300166DB0AD02', 'ELECTRICAL_POWER_CONSUMPTION_HEAT_RECOVER_SYSTEM', 'Current energy consumption of heat recovery system', 'E281230620570F534C31C2A2C3ADC38E',  'C3B1081F33C3A4E28099457EC2B6C2AC' , 'C2BF0237E2809D23324AC2A0C2AA730E' , '5901C3A83EC3B0C3BC4AC2A5C2A85E5E');


INSERT INTO measurement(id, property , observation, device_type_id, measure_unit_id, property_source_id, value_type_id)
values ('D2621635016D11EA967300155DB0AD02', 'f_ESD', 'Battery factor',  '7911C3BC1FC2B9494BC3A6C2AC0BC3B1', 'CB9C5A123AC3AFC3AA46E280BAC29005' , 'C3AD30E28094C2B210494EC396C2B06E' ,'5901C3A83EC3B0C3BC4AC2A5C2A85E5E');


INSERT INTO measurement(id, property , observation, device_type_id, measure_unit_id, property_source_id, value_type_id)
values ('FAC33D79016E11EA967300155DB0AD02', 'ESD_D', 'Battery discharge loss factor',  '7911C3BC1FC2B9494BC3A6C2AC0BC3B1', 'C3B1081F33C3A4E28099457EC2B6C2AC' , 'C3AD30E28094C2B210494EC396C2B06E' , '5901C3A83EC3B0C3BC4AC2A5C2A85E5E');

INSERT INTO measurement(id, property , observation, device_type_id, measure_unit_id, property_source_id, value_type_id)
values ('FAC33D79016E11EA967300155DB0AD03', 'ESD_R', 'Battery charge loss factor',  '7911C3BC1FC2B9494BC3A6C2AC0BC3B1', 'C3B1081F33C3A4E28099457EC2B6C2AC' , 'C3AD30E28094C2B210494EC396C2B06E' , '5901C3A83EC3B0C3BC4AC2A5C2A85E5E');

INSERT INTO measurement(id, property , observation, device_type_id, measure_unit_id, property_source_id, value_type_id)
values ('FAC707A4016E11EA967312355DB0AD02', 'MAX_CHR_ESD', 'Battery max scharge per time unit',  '7911C3BC1FC2B9494BC3A6C2AC0BC3B1', 'C3B1081F33C3A4E28099457EC2B6C2AC' , 'C3AD30E28094C2B210494EC396C2B06E' , '5901C3A83EC3B0C3BC4AC2A5C2A85E5E');


INSERT INTO measurement(id, property , observation, device_type_id, measure_unit_id, property_source_id, value_type_id)
values ('FAC707A4016E11EA967300155DB0AD02', 'MAX_DIS_ESD', 'Battery max discharge per time unit',  '7911C3BC1FC2B9494BC3A6C2AC0BC3B1', 'C3B1081F33C3A4E28099457EC2B6C2AC' , 'C3AD30E28094C2B210494EC396C2B06E' , '5901C3A83EC3B0C3BC4AC2A5C2A85E5E');

INSERT INTO measurement(id, property , observation, device_type_id, measure_unit_id, property_source_id, value_type_id)
values ('CFBAC67D017211EA967300155DB0AD02', 'MAX_ESD', 'Battery max capacity',  '7911C3BC1FC2B9494BC3A6C2AC0BC3B1', 'C3B1081F33C3A4E28099457EC2B6C2AC' , 'C3AD30E28094C2B210494EC396C2B06E' , '5901C3A83EC3B0C3BC4AC2A5C2A85E5E');


INSERT INTO measurement(id, property , observation, device_type_id, measure_unit_id, property_source_id, value_type_id)
values ('FAC967EA016E11EA967300155DB0AD02', 'DoD', 'Battery depth of discharge',  '7911C3BC1FC2B9494BC3A6C2AC0BC3B1', 'C3B1081F33C3A4E28099457EC2B6C2AC' , 'C3AD30E28094C2B210494EC396C2B06E' , '5901C3A83EC3B0C3BC4AC2A5C2A85E5E');


INSERT INTO measurement(id, property , observation, device_type_id, measure_unit_id, property_source_id, value_type_id)
values ('52230C3D017B11EA967300155DB0AD02', 'CURRENT CAPACITY_ESD', 'ESD Current Capacity',  '7911C3BC1FC2B9494BC3A6C2AC0BC3B1', 'C3B1081F33C3A4E28099457EC2B6C2AC' , 'C2BF0237E2809D23324AC2A0C2AA730E' , '5901C3A83EC3B0C3BC4AC2A5C2A85E5E');


INSERT INTO measurement(id, property , observation, device_type_id, measure_unit_id, property_source_id, value_type_id)
values ('521C1D4F017B11EA967300155DB0AD02', 'CURRENT CAPACITY_TES', 'TES Current Capacity',  '00F2F506017011EA967300155DB0AD02', 'C3B1081F33C3A4E28099457EC2B6C2AC' , 'C2BF0237E2809D23324AC2A0C2AA730E' , '5901C3A83EC3B0C3BC4AC2A5C2A85E5E');


INSERT INTO measurement(id, property , observation, device_type_id, measure_unit_id, property_source_id, value_type_id)
values ('1E294CEC017011EA967300155DB0AD02', 'f_TES', 'TES factor',  '00F2F506017011EA967300155DB0AD02', 'CB9C5A123AC3AFC3AA46E280BAC29005' , 'C3AD30E28094C2B210494EC396C2B06E' , '5901C3A83EC3B0C3BC4AC2A5C2A85E5E');

INSERT INTO measurement(id, property , observation, device_type_id, measure_unit_id, property_source_id, value_type_id)
values ('1E2E4C63017011EA967300155DB0AD02', 'TES_R', 'TES charge loss factor',  '00F2F506017011EA967300155DB0AD02', 'C3B1081F33C3A4E28099457EC2B6C2AC' , 'C3AD30E28094C2B210494EC396C2B06E' , '5901C3A83EC3B0C3BC4AC2A5C2A85E5E');

INSERT INTO measurement(id, property , observation, device_type_id, measure_unit_id, property_source_id, value_type_id)
values ('1E3288DB017011EA967300155DB0AD02', 'TES_D', 'TES discharge loss factor',  '00F2F506017011EA967300155DB0AD02', 'C3B1081F33C3A4E28099457EC2B6C2AC' , 'C3AD30E28094C2B210494EC396C2B06E' , '5901C3A83EC3B0C3BC4AC2A5C2A85E5E');

INSERT INTO measurement(id, property , observation, device_type_id, measure_unit_id, property_source_id, value_type_id)
values ('1E375B61017123EA967300155DB0AD02', 'MAX_CHR_TES', 'TES max scharge per time unit',  '00F2F506017011EA967300155DB0AD02', 'C3B1081F33C3A4E28099457EC2B6C2AC' , 'C3AD30E28094C2B210494EC396C2B06E' , '5901C3A83EC3B0C3BC4AC2A5C2A85E5E');


INSERT INTO measurement(id, property , observation, device_type_id, measure_unit_id, property_source_id, value_type_id)
values ('1E375B61017011EA967300155DB0AD02', 'MAX_DIS_TES', 'TES max discharge per time unit',  '00F2F506017011EA967300155DB0AD02', 'C3B1081F33C3A4E28099457EC2B6C2AC' , 'C3AD30E28094C2B210494EC396C2B06E' , '5901C3A83EC3B0C3BC4AC2A5C2A85E5E');

INSERT INTO measurement(id, property , observation, device_type_id, measure_unit_id, property_source_id, value_type_id)
values ('F9D4E2F5017211EA967300155DB0AD02', 'MAX_TES', 'TES max capacity',  '00F2F506017011EA967300155DB0AD02', 'C3B1081F33C3A4E28099457EC2B6C2AC' , 'C3AD30E28094C2B210494EC396C2B06E' , '5901C3A83EC3B0C3BC4AC2A5C2A85E5E');

INSERT INTO measurement(id, property , observation, device_type_id, measure_unit_id, property_source_id, value_type_id)
values ('D39D997D017311EA967300155DB0AD02', 'MAX_HOST', 'Maximum Incoming Workload processed on current DC',  '78C2A82CC3AF1C1B4D3DC2A87027C39F', 'C3B1081F33C3A4E28099457EC2B6C2AC' , 'C3AD30E28094C2B210494EC396C2B06E' , '5901C3A83EC3B0C3BC4AC2A5C2A85E5E');

INSERT INTO measurement(id, property , observation, device_type_id, measure_unit_id, property_source_id, value_type_id)
values ('D3B02AC9017311EA967300155DB0AD02', 'MAX_REALLOCATE', 'Maximum Workload to be reallocated',  '78C2A82CC3AF1C1B4D3DC2A87027C39F', 'C3B1081F33C3A4E28099457EC2B6C2AC' , 'C3AD30E28094C2B210494EC396C2B06E' , '5901C3A83EC3B0C3BC4AC2A5C2A85E5E');


INSERT INTO measurement(id, property , observation, device_type_id, measure_unit_id, property_source_id, value_type_id)
values ('F4E77279017111EA967300155DB0AD02', 'COP_H_COOLING', 'Cooling coefficient of performance on heating',  'E280930620570F534C31C2A2C3ADC38E', 'CB9C5A123AC3AFC3AA46E280BAC29005' , 'C3AD30E28094C2B210494EC396C2B06E' , '5901C3A83EC3B0C3BC4AC2A5C2A85E5E');


INSERT INTO measurement(id, property , observation, device_type_id, measure_unit_id, property_source_id, value_type_id)
values ('F4E77279017111EA967300155DB0AD03', 'COP_C', 'Cooling coefficient of performance on cooling system',  'E280930620570F534C31C2A2C3ADC38E', 'CB9C5A123AC3AFC3AA46E280BAC29005' , 'C3AD30E28094C2B210494EC396C2B06E' , '5901C3A83EC3B0C3BC4AC2A5C2A85E5E');

INSERT INTO measurement(id, property , observation, device_type_id, measure_unit_id, property_source_id, value_type_id)
values ('F4E77279017111EA967300155DB12D03', 'MAXIMUM_POWER_CONSUMPTION_COOLING_SYSTEM', 'Maximum cooling consumption',  'E280930620570F534C31C2A2C3ADC38E', 'CB9C5A123AC3AFC3AA46E280BAC29005' , 'C3AD30E28094C2B210494EC396C2B06E' , '5901C3A83EC3B0C3BC4AC2A5C2A85E5E');

INSERT INTO measurement(id, property , observation, device_type_id, measure_unit_id, property_source_id, value_type_id)
values ('F4E77279017111EA967300155D432D03', 'ELECTRICAL_POWER_CONSUMPTION_COOLING_SYSTEM', 'Cooling consumption',  'E280930620570F534C31C2A2C3ADC38E', 'CB9C5A123AC3AFC3AA46E280BAC29005' , 'C2BF0237E2809D23324AC2A0C2AA730E' , '5901C3A83EC3B0C3BC4AC2A5C2A85E5E');

INSERT INTO measurement(id, property , observation, device_type_id, measure_unit_id, property_source_id, value_type_id)
values ('F4E77279017132EA967300155DB52D03', 'ELECTRICAL_POWER_CONSUMPTION_SERVER_ROOM', 'Current server consumption',  '78C2A82CC3AF1C1B4D3DC2A87027C39F', 'CB9C5A123AC3AFC3AA46E280BAC29005' , 'C3AD30E28094C2B210494EC396C2B06E' , '5901C3A83EC3B0C3BC4AC2A5C2A85E5E');

INSERT INTO measurement(id, property , observation, device_type_id, measure_unit_id, property_source_id, value_type_id)
values ('F4E77279017132EA967300122DB52D03', 'PRE_OPT_ELECTRICAL_POWER_CONSUMPTION_IT_DELAYTOLERABLE_WORKLOAD', 'Current server consumption',  '78C2A82CC3AF1C1B4D3DC2A87027C39F', 'CB9C5A123AC3AFC3AA46E280BAC29005' , 'C3AD30E28094C2B210494EC396C2B06E' , '5901C3A83EC3B0C3BC4AC2A5C2A85E5E');


INSERT INTO measurement(id, property , observation, device_type_id, measure_unit_id, property_source_id, value_type_id)
values ('F4E77279017132EA967300133DB52D03', 'PRE_OPT_ELECTRICAL_POWER_CONSUMPTION_IT_REALTIME_WORKLOAD', 'Current server consumption',  '78C2A82CC3AF1C1B4D3DC2A87027C39F', 'CB9C5A123AC3AFC3AA46E280BAC29005' , 'C3AD30E28094C2B210494EC396C2B06E' , '5901C3A83EC3B0C3BC4AC2A5C2A85E5E');

INSERT INTO measurement(id, property , observation, device_type_id, measure_unit_id, property_source_id, value_type_id)
values ('F4E77279017132EA967300144DB52D03', 'ELECTRICAL_POWER_CONSUMPTION_IT_REALTIME_WORKLOAD', 'Current server consumption',  '78C2A82CC3AF1C1B4D3DC2A87027C39F', 'CB9C5A123AC3AFC3AA46E280BAC29005' , 'C3AD30E28094C2B210494EC396C2B06E' , '5901C3A83EC3B0C3BC4AC2A5C2A85E5E');


INSERT INTO measurement(id, property , observation, device_type_id, measure_unit_id, property_source_id, value_type_id)
values ('F4E77279017132EA967300166DB52D03', 'ELECTRICAL_POWER_CONSUMPTION_IT_DELAYTOLERABLE_WORKLOAD', 'Current server consumption',  '78C2A82CC3AF1C1B4D3DC2A87027C39F', 'CB9C5A123AC3AFC3AA46E280BAC29005' , 'C3AD30E28094C2B210494EC396C2B06E' , '5901C3A83EC3B0C3BC4AC2A5C2A85E5E');


INSERT INTO measurement(id, property , observation, device_type_id, measure_unit_id, property_source_id, value_type_id)
values ('F4E77279017132EA967300155DB12D03', 'MAXIMUM_POWER_CONSUMPTION_SERVER_ROOM', 'Maximum server consumption',  '78C2A82CC3AF1C1B4D3DC2A87027C39F', 'CB9C5A123AC3AFC3AA46E280BAC29005' , 'C3AD30E28094C2B210494EC396C2B06E' , '5901C3A83EC3B0C3BC4AC2A5C2A85E5E');

INSERT INTO measurement(id, property , observation, device_type_id, measure_unit_id, property_source_id, value_type_id)
values ('316712B695A1418EB12642E7912CE5B2', 'E_D_Percentage', 'Delay tolerant workload',  '78C2A82CC3AF1C1B4D3DC2A87027C39F', 'CB9C5A123AC3AFC3AA46E280BAC29005' , 'C3AD30E28094C2B210494EC396C2B06E' , '5901C3A83EC3B0C3BC4AC2A5C2A85E5E');



INSERT INTO measurement(id, property , observation, device_type_id, measure_unit_id, property_source_id, value_type_id)
values ('D39D997D017112EA967300155DB0AD02', 'DATA_CENTER_BASELINE', 'Baseline consumption of the datacenter',  'C29D2B6DC3BDC2B4C38E4329C2A4C3BE', 'C3B1081F33C3A4E28099457EC2B6C2AC' , 'C3AD30E28094C2B210494EC396C2B06E' , '5901C3A83EC3B0C3BC4AC2A5C2A85E5E');


INSERT INTO measurement(id, property , observation, device_type_id, measure_unit_id, property_source_id, value_type_id)
values ('D39D997D017112EA967300155DB0AC12', 'DR_SIGNAL', 'DR signal for datacenter',  'C29D2B6DC3BDC2B4C38E4329C2A4C3BE', 'C3B1081F33C3A4E28099457EC2B6C2AC' , 'C3AD30E28094C2B210494EC396C2B06E' , '5901C3A83EC3B0C3BC4AC2A5C2A85E5E');


--  VALUES ESD

 -- f_ESD
INSERT INTO monitored_value(id, timestamp , value, device_id, measurement_id)
values ('51F7F928017611EA967300155DB0AD02', '2019-09-09 00:00:00', 1,  'AC4EEBDA016C11EA967300155DB0AD02', 'D2621635016D11EA967300155DB0AD02');

 -- ESD_D
INSERT INTO monitored_value(id, timestamp , value, device_id, measurement_id)
values ('52056D00017611EA967300155DB0AD02', '2019-09-09 00:00:00', 1,  'AC4EEBDA016C11EA967300155DB0AD02', 'FAC33D79016E11EA967300155DB0AD02');

 -- ESD_R
INSERT INTO monitored_value(id, timestamp , value, device_id, measurement_id)
values ('52056D00017611EA967300155DB1AD02', '2019-09-09 00:00:00', 1,  'AC4EEBDA016C11EA967300155DB0AD02', 'FAC33D79016E11EA967300155DB0AD03');


 -- MAX_DIS_ESD
INSERT INTO monitored_value(id, timestamp , value, device_id, measurement_id)
values ('52089306017611EA967300155DB0AD02', '2019-09-09 00:00:00', 300,  'AC4EEBDA016C11EA967300155DB0AD02', 'FAC707A4016E11EA967300155DB0AD02');


 -- DOD
INSERT INTO monitored_value(id, timestamp , value, device_id, measurement_id)
values ('520B8A93017611EA967300155DB0AD02', '2019-09-09 00:00:00', 0.4,  'AC4EEBDA016C11EA967300155DB0AD02', 'FAC967EA016E11EA967300155DB0AD02');

 -- ESD_MAX
INSERT INTO monitored_value(id, timestamp , value, device_id, measurement_id)
values ('520E0777017611EA967300155DB0AD02', '2019-09-09 00:00:00', 300,  'AC4EEBDA016C11EA967300155DB0AD02', 'CFBAC67D017211EA967300155DB0AD02');


-- CURRENT_ESD
INSERT INTO monitored_value(id, timestamp , value, device_id, measurement_id)
values ('DD3E59DE017B11EA967300155DB0AD02', '2019-09-09 00:00:00', 100,  'AC4EEBDA016C11EA967300155DB0AD02', '52230C3D017B11EA967300155DB0AD02');


-- VALUES TES

 -- f_TES
INSERT INTO monitored_value(id, timestamp , value, device_id, measurement_id)
values ('356AF018017711EA967300155DB0AD02', '2019-09-09 00:00:00', 1,  '1E125590017011EA967300155DB0AD02', '1E294CEC017011EA967300155DB0AD02');

 -- TES_R
INSERT INTO monitored_value(id, timestamp , value, device_id, measurement_id)
values ('3573DDB1017711EA967300155DB0AD02', '2019-09-09 00:00:00', 1,  '1E125590017011EA967300155DB0AD02', '1E2E4C63017011EA967300155DB0AD02');


 -- TES_D
INSERT INTO monitored_value(id, timestamp , value, device_id, measurement_id)
values ('3578B439017711EA967300155DB0AD02', '2019-09-09 00:00:00', 1,  '1E125590017011EA967300155DB0AD02', '1E3288DB017011EA967300155DB0AD02');


 -- MAX_DIS_TES
INSERT INTO monitored_value(id, timestamp , value, device_id, measurement_id)
values ('357BDEC5017711EA967300155DB0AD02', '2019-09-09 00:00:00', 0,  '1E125590017011EA967300155DB0AD02', '1E375B61017011EA967300155DB0AD02');


 -- MAX_TES
INSERT INTO monitored_value(id, timestamp , value, device_id, measurement_id)
values ('357FBBFE017711EA967300155DB0AD02', '2019-09-09 00:00:00', 0,  '1E125590017011EA967300155DB0AD02', 'F9D4E2F5017211EA967300155DB0AD02');

-- CURRENT_TES
INSERT INTO monitored_value(id, timestamp , value, device_id, measurement_id)
values ('DD28EE44017B11EA967300155DB0AD02', '2019-09-09 00:00:00', 0,  '1E125590017011EA967300155DB0AD02', '521C1D4F017B11EA967300155DB0AD02');


 -- VALUES datacenetr

 -- MAX_HOST
INSERT INTO monitored_value(id, timestamp , value, device_id, measurement_id)
values ('567C8BBF017811EA967300155DB0AD02', '2019-09-09 00:00:00', 500,  'C382C39FC2A5C2BEC38E5011C3A9C2AD', 'D39D997D017311EA967300155DB0AD02');

 -- MAX_REALLOC
INSERT INTO monitored_value(id, timestamp , value, device_id, measurement_id)
values ('56824A4A017811EA967300155DB0AD02', '2019-09-09 00:00:00', 500,  'C382C39FC2A5C2BEC38E5011C3A9C2AD', 'D3B02AC9017311EA967300155DB0AD02');

 -- VALUES cooling system

--  -- COP_C
INSERT INTO monitored_value(id, timestamp , value, device_id, measurement_id)
values ('5685343C017811EA967300155DB0AD02', '2019-09-09 00:00:00', 3.3,  'C3A755C2B615C38E5411C3A9C2AD1C02', 'F4E77279017111EA967300155DB0AD03');

 -- COP_H
INSERT INTO monitored_value(id, timestamp , value, device_id, measurement_id)
values ('568C38F7017811EA967300155DB0AD02', '2019-09-09 00:00:00', 2.3,  'C3A755C2B615C38E5411C3A9C2AD1C02', 'F4E77279017111EA967300155DB0AD02');

 -- MAX_COOL
INSERT INTO monitored_value(id, timestamp , value, device_id, measurement_id)
values ('5692BB41017811EA967300155DB0AD02', '2019-09-09 00:00:00', 400,  'C3A755C2B615C38E5411C3A9C2AD1C02', 'F4E77279017111EA967300155DB12D03');


 -- CURRENT_COOL
INSERT INTO monitored_value(id, timestamp , value, device_id, measurement_id)
values ('5692BB43257811EA967300155DB0AD02', '2019-09-09 00:00:00', 378.7312327,  'C3A755C2B615C38E5411C3A9C2AD1C02', 'F4E77279017111EA967300155D432D03');

 -- VALUES server_room

 -- MAX_IT
INSERT INTO monitored_value(id, timestamp , value, device_id, measurement_id)
values ('56971199017811EA967300155DB0AD02', '2019-09-09 00:00:00', 1000.00,  'C2A6325C17C38E5411C3A9C2AD1C0242', 'F4E77279017132EA967300155DB12D03');

INSERT INTO monitored_value(id, timestamp , value, device_id, measurement_id)
values ('56971199017811EA967300155DB0AD43', '2019-09-09 00:00:00', 734.729,  'C2A6325C17C38E5411C3A9C2AD1C0242', 'F4E77279017132EA967300155DB52D03');

-- E_D_Percentage
INSERT INTO monitored_value(id, timestamp , value, device_id, measurement_id)
values ('1D86F8AAFF1444B49F34D0DA6551EB25', '2019-09-09 00:00:00', 0.3,  'C2A6325C17C38E5411C3A9C2AD1C0242', '316712B695A1418EB12642E7912CE5B2');



INSERT INTO measurement(id, property , observation, device_type_id, measure_unit_id, property_source_id, value_type_id)
values ('07A3F5E7052D11EAB4D200155DB0AD02', 'E_Price', 'Energy Price',  '2E46AF94052C11EAB4D200155DB0AD02', 'C1BE8A51052C11EAB4D200155DB0AD02' , 'C2BF0237E2809D23324AC2A0C2AA730E' , '5901C3A83EC3B0C3BC4AC2A5C2A85E5E');


INSERT INTO measurement(id, property , observation, device_type_id, measure_unit_id, property_source_id, value_type_id)
values ('41EFC4BA052D11EAB4D200155DB0AD02', 'L_Price', 'Workload Price',  '2E46AF94052C11EAB4D200155DB0AD02', 'C1BE8A51052C11EAB4D200155DB0AD02' , 'C2BF0237E2809D23324AC2A0C2AA730E' , '5901C3A83EC3B0C3BC4AC2A5C2A85E5E');


INSERT INTO measurement(id, property , observation, device_type_id, measure_unit_id, property_source_id, value_type_id)
values ('4207570C052D11EAB4D200155DB0AD02', 'T_Price', 'Thermal Price',  '2E46AF94052C11EAB4D200155DB0AD02', 'C1BE8A51052C11EAB4D200155DB0AD02' , 'C2BF0237E2809D23324AC2A0C2AA730E' , '5901C3A83EC3B0C3BC4AC2A5C2A85E5E');


INSERT INTO measurement(id, property , observation, device_type_id, measure_unit_id, property_source_id, value_type_id)
values ('420CEF59052D11EAB4D200155DB0AD02', 'D_Price', 'DR Incentive',  '2E46AF94052C11EAB4D200155DB0AD02', 'C1BE8A51052C11EAB4D200155DB0AD02' , 'C2BF0237E2809D23324AC2A0C2AA730E' , '5901C3A83EC3B0C3BC4AC2A5C2A85E5E');

