INSERT INTO measure_unit VALUES ('19E282AC6265C3915C43C2ABC2A0684B','CELSIUS'),
('C1BE8A51052C11EAB4D200155DB0AD02', 'DOLLAR'),
('C389C396C3815024C39E4F6DC28122EF','WATT'),
('C3B1081F33C3A4E28099457EC2B6C2AC','KILOWATT'),
('C69210C387C3BF00C3984307E280A0EF','TIME'),
('CB9C5A123AC3AFC3AA46E280BAC29005','#NUMBER');

INSERT INTO value_type VALUES ('15E28098C2B2C5B8C2A3144F14C5BE54','STRING'),
('1D544920485A4EC39AC2BA45C394734D','INTEGER'),
('5901C3A83EC3B0C3BC4AC2A5C2A85E5E','DOUBLE'),
('C2B1E28094C5922C0D574F62C2ACC3AE','LOCAL DATE TIME');

INSERT INTO property_source VALUES ('C3AD30E28094C2B210494EC396C2B06E','STATIC'),
('C2BF0237E2809D23324AC2A0C2AA730E','DYNAMIC');

INSERT INTO device_type (id, type)
values ('C29D2B6DC3BDC2B4C38E4329C2A4C3BE', 'DATACENTER');

INSERT INTO device_type (id, type)
values ('E280930620570F534C31C2A2C3ADC38E', 'COOLING_SYSTEM');

INSERT INTO device_type (id, type)
values ('78C2A82CC3AF1C1B4D3DC2A87027C39F', 'SERVER_ROOM');

INSERT INTO device (id, label, device_type_id,parent, deleted) VALUES
('C382C39FC2A5C2BEC38E5011C3A9C2AD','DATACENTER_POZNAN','C29D2B6DC3BDC2B4C38E4329C2A4C3BE',NULL, false),
('C2A6325C17C38E5411C3A9C2AD1C0242','SERVER_ROOM_POZNAN','78C2A82CC3AF1C1B4D3DC2A87027C39F','C382C39FC2A5C2BEC38E5011C3A9C2AD', false),
('C3A755C2B615C38E5411C3A9C2AD1C02','COOLING_SYSTEM_POZNAN','E280930620570F534C31C2A2C3ADC38E','C382C39FC2A5C2BEC38E5011C3A9C2AD', false);

INSERT INTO measurement(id, property , observation, device_type_id, measure_unit_id, property_source_id, value_type_id)
values ('F4E77279017111EA967300155D432D03', 'ELECTRICAL_POWER_CONSUMPTION_COOLING_SYSTEM', 'Cooling consumption',  'E280930620570F534C31C2A2C3ADC38E', 'CB9C5A123AC3AFC3AA46E280BAC29005' , 'C2BF0237E2809D23324AC2A0C2AA730E' , '5901C3A83EC3B0C3BC4AC2A5C2A85E5E');

INSERT INTO measurement(id, property , observation, device_type_id, measure_unit_id, property_source_id, value_type_id)
values ('F4E77279017132EA967300155DB52D03', 'ELECTRICAL_POWER_CONSUMPTION_SERVER_ROOM', 'Current server consumption',  '78C2A82CC3AF1C1B4D3DC2A87027C39F', 'CB9C5A123AC3AFC3AA46E280BAC29005' , 'C3AD30E28094C2B210494EC396C2B06E' , '5901C3A83EC3B0C3BC4AC2A5C2A85E5E');

INSERT INTO prediction_job(id, start_time, granularity, algo_type, flexibility_type)
values ('0214E2809A70C39F194A4FE2809CC3A6', '2019-09-09 00:00:00', 'DAYAHEAD', 'ENSEMBLE', 'NONE');

INSERT INTO prediction_job(id, start_time, granularity, algo_type, flexibility_type)
values ('0214E2809A70C39F194A4FE2809CC3A7', '2019-09-09 00:00:00', 'DAYAHEAD', 'ENSEMBLE', 'NONE');

INSERT INTO predicted_value(id, timestamp , value, measurement_id, device_id, prediction_job_id)
values ('56971199017811EA967300155DB0AD01', '2019-09-09 00:00:00', 300.00,  'F4E77279017132EA967300155DB52D03', 'C382C39FC2A5C2BEC38E5011C3A9C2AD', '0214E2809A70C39F194A4FE2809CC3A7');

INSERT INTO monitored_value(id, timestamp , value, device_id, measurement_id)
values ('56971199017811EA967300155DB0AD01', '2019-09-09 00:00:00', 400.00, 'C382C39FC2A5C2BEC38E5011C3A9C2AD', 'F4E77279017132EA967300155DB52D03');

INSERT INTO trained_model(id, algo_type, component_type, path, prediction_type, scenario, start_time, status)
values('0214E2809A70C39F194A4FE2809CC3A7', 'ENSEMBLE', 'SERVER_ROOM', 'NONE', 'DAYAHEAD', 'POZNAN', '2019-09-09 00:00:00', 'PENDING');

INSERT INTO predicted_value(id, timestamp , value, measurement_id, device_id, prediction_job_id)
values ('56971199017811EA967300155DB0AD02', '2019-09-09 00:00:00', 300.00,  'F4E77279017132EA967300155DB52D03', 'C2A6325C17C38E5411C3A9C2AD1C0242', '0214E2809A70C39F194A4FE2809CC3A6');
INSERT INTO predicted_value(id, timestamp , value, measurement_id, device_id, prediction_job_id)
values ('56971199017811EA967300155DB0AD03', '2019-09-09 00:01:00', 300.00,  'F4E77279017132EA967300155DB52D03', 'C2A6325C17C38E5411C3A9C2AD1C0242', '0214E2809A70C39F194A4FE2809CC3A6');
INSERT INTO predicted_value(id, timestamp , value, measurement_id, device_id, prediction_job_id)
values ('56971199017811EA967300155DB0AD04', '2019-09-09 00:02:00', 300.00,  'F4E77279017132EA967300155DB52D03', 'C2A6325C17C38E5411C3A9C2AD1C0242', '0214E2809A70C39F194A4FE2809CC3A6');
INSERT INTO predicted_value(id, timestamp , value, measurement_id, device_id, prediction_job_id)
values ('56971199017811EA967300155DB0AD05', '2019-09-09 00:03:00', 300.00,  'F4E77279017132EA967300155DB52D03', 'C2A6325C17C38E5411C3A9C2AD1C0242', '0214E2809A70C39F194A4FE2809CC3A6');
INSERT INTO predicted_value(id, timestamp , value, measurement_id, device_id, prediction_job_id)
values ('56971199017811EA967300155DB0AD06', '2019-09-09 00:04:00', 300.00,  'F4E77279017132EA967300155DB52D03', 'C2A6325C17C38E5411C3A9C2AD1C0242', '0214E2809A70C39F194A4FE2809CC3A6');
INSERT INTO predicted_value(id, timestamp , value, measurement_id, device_id, prediction_job_id)
values ('56971199017811EA967300155DB0AD07', '2019-09-09 00:05:00', 300.00,  'F4E77279017132EA967300155DB52D03', 'C2A6325C17C38E5411C3A9C2AD1C0242', '0214E2809A70C39F194A4FE2809CC3A6');
INSERT INTO predicted_value(id, timestamp , value, measurement_id, device_id, prediction_job_id)
values ('56971199017811EA967300155DB0AD08', '2019-09-09 00:06:00', 300.00,  'F4E77279017132EA967300155DB52D03', 'C2A6325C17C38E5411C3A9C2AD1C0242', '0214E2809A70C39F194A4FE2809CC3A6');
INSERT INTO predicted_value(id, timestamp , value, measurement_id, device_id, prediction_job_id)
values ('56971199017811EA967300155DB0AD09', '2019-09-09 00:07:00', 300.00,  'F4E77279017132EA967300155DB52D03', 'C2A6325C17C38E5411C3A9C2AD1C0242', '0214E2809A70C39F194A4FE2809CC3A6');
INSERT INTO predicted_value(id, timestamp , value, measurement_id, device_id, prediction_job_id)
values ('56971199017811EA967300155DB0AD10', '2019-09-09 00:08:00', 300.00,  'F4E77279017132EA967300155DB52D03', 'C2A6325C17C38E5411C3A9C2AD1C0242', '0214E2809A70C39F194A4FE2809CC3A6');
INSERT INTO predicted_value(id, timestamp , value, measurement_id, device_id, prediction_job_id)
values ('56971199017811EA967300155DB0AD11', '2019-09-09 00:09:00', 300.00,  'F4E77279017132EA967300155DB52D03', 'C2A6325C17C38E5411C3A9C2AD1C0242', '0214E2809A70C39F194A4FE2809CC3A6');
INSERT INTO predicted_value(id, timestamp , value, measurement_id, device_id, prediction_job_id)
values ('56971199017811EA967300155DB0AD12', '2019-09-09 00:10:00', 300.00,  'F4E77279017132EA967300155DB52D03', 'C2A6325C17C38E5411C3A9C2AD1C0242', '0214E2809A70C39F194A4FE2809CC3A6');
INSERT INTO predicted_value(id, timestamp , value, measurement_id, device_id, prediction_job_id)
values ('56971199017811EA967300155DB0AD13', '2019-09-09 00:11:00', 300.00,  'F4E77279017132EA967300155DB52D03', 'C2A6325C17C38E5411C3A9C2AD1C0242', '0214E2809A70C39F194A4FE2809CC3A6');
INSERT INTO predicted_value(id, timestamp , value, measurement_id, device_id, prediction_job_id)
values ('56971199017811EA967300155DB0AD14', '2019-09-09 00:12:00', 300.00,  'F4E77279017132EA967300155DB52D03', 'C2A6325C17C38E5411C3A9C2AD1C0242', '0214E2809A70C39F194A4FE2809CC3A6');
INSERT INTO predicted_value(id, timestamp , value, measurement_id, device_id, prediction_job_id)
values ('56971199017811EA967300155DB0AD15', '2019-09-09 00:13:00', 300.00,  'F4E77279017132EA967300155DB52D03', 'C2A6325C17C38E5411C3A9C2AD1C0242', '0214E2809A70C39F194A4FE2809CC3A6');
INSERT INTO predicted_value(id, timestamp , value, measurement_id, device_id, prediction_job_id)
values ('56971199017811EA967300155DB0AD16', '2019-09-09 00:14:00', 300.00,  'F4E77279017132EA967300155DB52D03', 'C2A6325C17C38E5411C3A9C2AD1C0242', '0214E2809A70C39F194A4FE2809CC3A6');
INSERT INTO predicted_value(id, timestamp , value, measurement_id, device_id, prediction_job_id)
values ('56971199017811EA967300155DB0AD17', '2019-09-09 00:15:00', 300.00,  'F4E77279017132EA967300155DB52D03', 'C2A6325C17C38E5411C3A9C2AD1C0242', '0214E2809A70C39F194A4FE2809CC3A6');
INSERT INTO predicted_value(id, timestamp , value, measurement_id, device_id, prediction_job_id)
values ('56971199017811EA967300155DB0AD18', '2019-09-09 00:16:00', 300.00,  'F4E77279017132EA967300155DB52D03', 'C2A6325C17C38E5411C3A9C2AD1C0242', '0214E2809A70C39F194A4FE2809CC3A6');
INSERT INTO predicted_value(id, timestamp , value, measurement_id, device_id, prediction_job_id)
values ('56971199017811EA967300155DB0AD19', '2019-09-09 00:17:00', 300.00,  'F4E77279017132EA967300155DB52D03', 'C2A6325C17C38E5411C3A9C2AD1C0242', '0214E2809A70C39F194A4FE2809CC3A6');
INSERT INTO predicted_value(id, timestamp , value, measurement_id, device_id, prediction_job_id)
values ('56971199017811EA967300155DB0AD20', '2019-09-09 00:18:00', 300.00,  'F4E77279017132EA967300155DB52D03', 'C2A6325C17C38E5411C3A9C2AD1C0242', '0214E2809A70C39F194A4FE2809CC3A6');
INSERT INTO predicted_value(id, timestamp , value, measurement_id, device_id, prediction_job_id)
values ('56971199017811EA967300155DB0AD21', '2019-09-09 00:19:00', 300.00,  'F4E77279017132EA967300155DB52D03', 'C2A6325C17C38E5411C3A9C2AD1C0242', '0214E2809A70C39F194A4FE2809CC3A6');
INSERT INTO predicted_value(id, timestamp , value, measurement_id, device_id, prediction_job_id)
values ('56971199017811EA967300155DB0AD22', '2019-09-09 00:20:00', 300.00,  'F4E77279017132EA967300155DB52D03', 'C2A6325C17C38E5411C3A9C2AD1C0242', '0214E2809A70C39F194A4FE2809CC3A6');
INSERT INTO predicted_value(id, timestamp , value, measurement_id, device_id, prediction_job_id)
values ('56971199017811EA967300155DB0AD23', '2019-09-09 00:21:00', 300.00,  'F4E77279017132EA967300155DB52D03', 'C2A6325C17C38E5411C3A9C2AD1C0242', '0214E2809A70C39F194A4FE2809CC3A6');
INSERT INTO predicted_value(id, timestamp , value, measurement_id, device_id, prediction_job_id)
values ('56971199017811EA967300155DB0AD24', '2019-09-09 00:22:00', 300.00,  'F4E77279017132EA967300155DB52D03', 'C2A6325C17C38E5411C3A9C2AD1C0242', '0214E2809A70C39F194A4FE2809CC3A6');
INSERT INTO predicted_value(id, timestamp , value, measurement_id, device_id, prediction_job_id)
values ('56971199017811EA967300155DB0AD25', '2019-09-09 00:23:00', 300.00,  'F4E77279017132EA967300155DB52D03', 'C2A6325C17C38E5411C3A9C2AD1C0242', '0214E2809A70C39F194A4FE2809CC3A6');
