-- phpMyAdmin SQL Dump
-- version 5.1.1
-- https://www.phpmyadmin.net/
--
-- Host: 127.0.0.1
-- Generation Time: Sep 11, 2021 at 04:28 PM
-- Server version: 10.4.20-MariaDB
-- PHP Version: 8.0.8

SET SQL_MODE = "NO_AUTO_VALUE_ON_ZERO";
START TRANSACTION;
SET time_zone = "+00:00";


/*!40101 SET @OLD_CHARACTER_SET_CLIENT=@@CHARACTER_SET_CLIENT */;
/*!40101 SET @OLD_CHARACTER_SET_RESULTS=@@CHARACTER_SET_RESULTS */;
/*!40101 SET @OLD_COLLATION_CONNECTION=@@COLLATION_CONNECTION */;
/*!40101 SET NAMES utf8mb4 */;

--
-- Database: `stargic`
--

-- --------------------------------------------------------

--
-- Table structure for table `areas`
--

CREATE TABLE `areas` (
  `id` int(10) UNSIGNED NOT NULL,
  `address` text COLLATE utf8mb4_unicode_ci NOT NULL,
  `lat` double NOT NULL,
  `long` double NOT NULL,
  `created_at` timestamp NULL DEFAULT NULL,
  `updated_at` timestamp NULL DEFAULT NULL
) ENGINE=InnoDB DEFAULT CHARSET=utf8mb4 COLLATE=utf8mb4_unicode_ci;

--
-- Dumping data for table `areas`
--

INSERT INTO `areas` (`id`, `address`, `lat`, `long`, `created_at`, `updated_at`) VALUES
(1, 'บ้านหนองอิกว่าง ตำบลคำเนียม อำเภอกันทรารมย์', 15.05884632178, 104.59999188555, '2021-07-03 08:16:22', '2021-07-03 08:16:22'),
(2, 'บ้านขาม ตำบลบัวน้อย อำเภอกันทรารมย์', 15.1459698182464, 104.482042972418, '2021-07-03 08:17:02', '2021-07-03 08:17:02'),
(3, 'บ้านเมี่ยง ตำบลไผ่ อำเภอราษีไศล', 15.3392662444582, 104.246095039968, '2021-07-03 08:18:05', '2021-07-03 08:18:05'),
(4, 'บ้านดอนไม้งาม ตำบลหนองหมี อำเภอราษีไศล', 15.2647424938969, 104.321311412082, '2021-07-03 08:18:35', '2021-07-03 08:18:35'),
(5, 'บ้านคูซอด ตำบลคูซอด อำเภอเมือง', 15.1978459954665, 104.268426229088, '2021-07-03 08:19:01', '2021-07-03 08:19:01'),
(6, 'บ้านพะเยียวตาสุ ตำบลใจดี อำเภอขุขันธ์', 14.751725319327, 104.144155954405, '2021-07-03 08:19:30', '2021-07-03 08:19:30'),
(7, 'ณ ชุมชนตำบลหนองห้าง อำเภออุทุมพรพิสัย จังหวัดศรีสะเกษ', 15.0764689362896, 104.101982061347, '2021-07-03 09:22:52', '2021-07-03 09:22:52'),
(8, 'บ้านบ้านโนนสว่าง ตำบลพรหมสวัสดิ์ อำเภอพยุห์ จังหวัดศรีสะเกษ', 14.8433718245015, 104.41131490454, '2021-07-03 09:24:23', '2021-07-03 09:24:23'),
(9, 'หมู่ที่ 5 บ้านคำเมย ตำบลดูน อำเภอกันทรารมย์ จังหวัดศรีสะเกษ', 15.1053974942248, 104.57746558202, '2021-07-03 09:25:52', '2021-07-03 09:25:52'),
(10, 'บ้านจอมพระ ตำบลบึงบูรพ์ อำเภอ  บึงบูรพ์ จังหวัดศรีสะเกษ', 15.3432877433091, 104.065771369753, '2021-07-03 09:27:20', '2021-07-03 09:27:20'),
(11, 'กลุ่มวิสาหกิจชุมชน บ้านหนองทุ่ม ตำบลศรีสำราญ อำเภอวังหิน จังหวัดศรีสะเกษ', 14.8999454816151, 104.192277717225, '2021-07-03 09:36:52', '2021-07-03 09:36:52'),
(12, 'ต.ห้วยใต้  อ.ขุขันธ์  จ.ศรีสะเกษ', 14.6856827855229, 104.19775825048, '2021-07-03 09:58:17', '2021-07-03 09:58:17'),
(13, 'บ้านหว้าน  ตำบลน้ำคำ  อำเภอเมืองศรีสะเกษ  จังหวัดศรีสะเกษ', 15.194239702936, 104.296265150693, '2021-07-03 09:59:37', '2021-07-03 09:59:37'),
(14, 'กลุ่มวิสาหกิจชุมชนบ้านทุ่งสว่าง ตำบลเมืองจันทร์ อำเภอเมืองจันทร์ จังหวัดศรีสะเกษ', 15.1549821886475, 104.017460686127, '2021-07-03 10:02:04', '2021-07-03 10:02:04'),
(15, 'กลุ่มวิสาหกิจชุมชนบ้านหนองฮาง ตำบลหนองฮาง อำเภอเบญจลักษณ์ จังหวัดศรีสะเกษ', 14.7974952612792, 104.608711136984, '2021-07-03 10:02:54', '2021-07-03 10:02:54'),
(16, 'กลุ่มวิสาหกิจชุมชนบ้านหนองอาคูณ ตำบลปราสาท อำเภอห้วยทับทัน\nจังหวัดศรีสะเกษ', 15.0941575914967, 104.009730183244, '2021-07-03 10:03:19', '2021-07-03 10:03:19'),
(17, 'บ้านศรีแก้ว ตำบลศรีแก้ว อำเภอศรีรัตน', 14.763197446994, 104.457575201646, '2021-07-03 10:04:55', '2021-07-03 10:04:55'),
(18, 'พื้นที่บ้านดวนใหญ่ ตำบลดวนใหญ่ อำเภอวังหิน จังหวัดศรีสะเกษ', 14.9475220875058, 104.263372517638, '2021-07-03 10:05:20', '2021-07-03 10:05:20'),
(19, 'ตำบลหนองค้า  อำเภอพยุห์  จังหวัดศรีสะเกษ', 14.8934017978663, 104.324651927932, '2021-07-03 10:06:36', '2021-07-03 10:06:36'),
(20, 'โรงเรียนสาธิตมหาวิทยาลัยราชภัฏศรีสะเกษ', 15.1159035149048, 104.362206667903, '2021-07-03 10:09:44', '2021-07-03 10:09:44'),
(21, 'โรงเรียนศรีเกษตรวิทยา  ตำบลเมืองใต้  อำเภอเมืองศรีสะเกษ', 15.1081620236019, 104.333244898586, '2021-07-03 10:12:32', '2021-07-03 10:12:32'),
(22, 'โรงเรียนพระปริยัติธรรมสามัญวัดบ้านโนนคูณวิทยา  ตำบลโนนค้อ  อำเภอโนนคูณ', 14.9161840833571, 104.711718898575, '2021-07-03 10:13:01', '2021-07-03 10:13:01'),
(23, 'โรงเรียนกันทรลักษ์ธรรมวิทย์  ตำบลหนองหญ้าลาด  อำเภอกันทรลักษ์', 14.6649163349737, 104.612928725569, '2021-07-03 10:13:26', '2021-07-03 10:13:26'),
(24, 'โรงเรียนวัดสระกําแพงใหญ่  ตำบลสระกําแพงใหญ่  อำเภออุทุมพรพิสัย', 15.1012908905817, 104.127429450597, '2021-07-03 10:13:47', '2021-07-03 10:13:47'),
(25, 'โรงเรียนวัดประชานิมิตโสภิตธรรมภาณ  ตำบลกําแพง  อำเภออุทุมพรพิสัย', 15.1101972317651, 104.142356767903, '2021-07-03 10:14:21', '2021-07-03 10:14:21'),
(26, 'โรงเรียนพระปริยัติธรรมเกียรติแก้ววิทยา  ตำบลศรีแก้ว  อำเภอศรีรัตนะ', 14.7695601792699, 104.456436356253, '2021-07-03 10:14:49', '2021-07-03 10:14:49'),
(27, 'โรงเรียนดวนใหญ่วิทยา  ตำบลดวนใหญ่  อำเภอวังหิน', 14.9339141840813, 104.272364796737, '2021-07-03 10:15:18', '2021-07-03 10:15:18'),
(28, 'โรงเรียนโพธิ์ศรีวิทยา  ตำบลโดด  อำเภอโพธิ์ศรีสุวรรณ', 15.1994751648529, 104.079372135013, '2021-07-03 10:15:46', '2021-07-03 10:15:46'),
(29, 'โรงเรียนปรางค์กู่วิทยา  ตำบลกู่  อำเภอปรางค์กู่', 14.8559681130291, 103.993349583242, '2021-07-03 10:16:13', '2021-07-03 10:16:13'),
(30, 'มหาวิทยาลัยราชภัฏศรีสะเกษ', 15.116673797045, 104.359700220805, '2021-07-03 10:18:27', '2021-07-03 10:18:27'),
(31, 'กลุ่มวิสาหกิจชุมชนบ้านอีเซ', 15.2719872217568, 104.013254275858, '2021-07-03 10:26:15', '2021-07-03 10:26:15'),
(32, 'บุญมีฟาร์ม ลำดวนใหญ่ อ.วังหิน จังหวัดศรีสะเกษ', 14.9615134259144, 104.272363948986, '2021-07-03 10:28:30', '2021-07-03 10:28:30'),
(33, 'บ้านหัวนา อำเภอกันทรารมย์ จังหวัดศรีสะเกษ', 15.1657373996483, 104.69102477304, '2021-07-03 10:31:25', '2021-07-03 10:31:25'),
(34, 'หมู่บ้านทับทิมสยาม 07 \nต.บักดอง อ.ขุนหาญ จ.ศรีสะเกษ', 14.4875457583749, 104.453824918014, '2021-07-03 10:34:06', '2021-07-03 10:34:06'),
(35, 'บ้านหนองงูเหลือม อำเภอเบญจลักษ์ จังหวัดศรีสะเกษ', 14.8412812023508, 104.683393747296, '2021-07-03 10:38:14', '2021-07-03 10:38:14');

-- --------------------------------------------------------

--
-- Table structure for table `area_project`
--

CREATE TABLE `area_project` (
  `id` int(10) UNSIGNED NOT NULL,
  `area_id` int(10) UNSIGNED NOT NULL,
  `project_id` int(10) UNSIGNED NOT NULL,
  `created_at` timestamp NULL DEFAULT NULL,
  `updated_at` timestamp NULL DEFAULT NULL
) ENGINE=InnoDB DEFAULT CHARSET=utf8mb4 COLLATE=utf8mb4_unicode_ci;

--
-- Dumping data for table `area_project`
--

INSERT INTO `area_project` (`id`, `area_id`, `project_id`, `created_at`, `updated_at`) VALUES
(80, 30, 62, NULL, NULL),
(82, 31, 47, NULL, NULL),
(87, 1, 9, NULL, NULL),
(88, 2, 9, NULL, NULL),
(89, 3, 9, NULL, NULL),
(90, 4, 9, NULL, NULL),
(91, 5, 9, NULL, NULL),
(92, 6, 9, NULL, NULL),
(93, 7, 17, NULL, NULL),
(94, 8, 18, NULL, NULL),
(95, 9, 19, NULL, NULL),
(96, 10, 20, NULL, NULL),
(97, 11, 26, NULL, NULL),
(98, 12, 27, NULL, NULL),
(99, 13, 28, NULL, NULL),
(100, 14, 30, NULL, NULL),
(101, 15, 30, NULL, NULL),
(102, 16, 30, NULL, NULL),
(103, 17, 31, NULL, NULL),
(104, 18, 31, NULL, NULL),
(105, 19, 32, NULL, NULL),
(106, 20, 34, NULL, NULL),
(107, 21, 36, NULL, NULL),
(108, 22, 36, NULL, NULL),
(109, 23, 36, NULL, NULL),
(110, 24, 36, NULL, NULL),
(111, 25, 36, NULL, NULL),
(112, 26, 36, NULL, NULL),
(113, 27, 36, NULL, NULL),
(114, 28, 36, NULL, NULL),
(115, 29, 36, NULL, NULL),
(116, 30, 39, NULL, NULL),
(117, 30, 40, NULL, NULL),
(118, 30, 41, NULL, NULL),
(119, 30, 42, NULL, NULL),
(120, 30, 43, NULL, NULL),
(121, 30, 44, NULL, NULL),
(122, 30, 46, NULL, NULL),
(123, 32, 49, NULL, NULL),
(124, 33, 52, NULL, NULL),
(125, 34, 55, NULL, NULL),
(126, 35, 60, NULL, NULL);

-- --------------------------------------------------------

--
-- Table structure for table `budgets`
--

CREATE TABLE `budgets` (
  `id` int(10) UNSIGNED NOT NULL,
  `detail` text COLLATE utf8mb4_unicode_ci NOT NULL,
  `number` double NOT NULL,
  `project_id` int(10) UNSIGNED NOT NULL,
  `created_at` timestamp NULL DEFAULT NULL,
  `updated_at` timestamp NULL DEFAULT NULL
) ENGINE=InnoDB DEFAULT CHARSET=utf8mb4 COLLATE=utf8mb4_unicode_ci;

--
-- Dumping data for table `budgets`
--

INSERT INTO `budgets` (`id`, `detail`, `number`, `project_id`, `created_at`, `updated_at`) VALUES
(19, 'งบประมาณ', 300000, 29, '2021-09-08 02:26:10', '2021-09-08 02:26:10'),
(35, 'งบประมาณ', 600000, 62, '2021-09-08 02:36:22', '2021-09-08 02:36:22'),
(38, 'งบประมาณ', 300000, 47, '2021-09-08 02:38:06', '2021-09-08 02:38:06'),
(53, 'งบประมาณ', 400000, 7, '2021-09-08 02:45:47', '2021-09-08 02:45:47'),
(54, 'งบประมาณ', 1200000, 8, '2021-09-08 02:46:17', '2021-09-08 02:46:17'),
(59, 'งบประมาณ', 300000, 9, '2021-09-11 06:18:24', '2021-09-11 06:18:24'),
(60, 'งบประมาณ', 200000, 15, '2021-09-11 06:20:39', '2021-09-11 06:20:39'),
(61, 'งบประมาณ', 200000, 16, '2021-09-11 06:22:33', '2021-09-11 06:22:33'),
(62, 'งบประมาณ', 200000, 17, '2021-09-11 06:23:11', '2021-09-11 06:23:11'),
(63, 'งบประมาณ', 200000, 18, '2021-09-11 06:23:47', '2021-09-11 06:23:47'),
(64, 'งบประมาณ', 300000, 19, '2021-09-11 06:25:04', '2021-09-11 06:25:04'),
(65, 'งบประมาณ', 300000, 20, '2021-09-11 06:25:34', '2021-09-11 06:25:34'),
(66, 'งบประมาณ', 300000, 21, '2021-09-11 06:26:25', '2021-09-11 06:26:25'),
(67, 'งบประมาณ', 300000, 22, '2021-09-11 06:27:28', '2021-09-11 06:27:28'),
(68, 'งบประมาณ', 300000, 23, '2021-09-11 06:28:31', '2021-09-11 06:28:31'),
(69, 'งบประมาณ', 300000, 24, '2021-09-11 06:29:07', '2021-09-11 06:29:07'),
(70, 'งบประมาณ', 300000, 25, '2021-09-11 06:30:19', '2021-09-11 06:30:19'),
(71, 'งบประมาณ', 300000, 26, '2021-09-11 06:30:53', '2021-09-11 06:30:53'),
(72, 'งบประมาณ', 300000, 27, '2021-09-11 06:33:04', '2021-09-11 06:33:04'),
(73, 'งบประมาณ', 300000, 28, '2021-09-11 06:33:25', '2021-09-11 06:33:25'),
(74, 'งบประมาณ', 300000, 30, '2021-09-11 06:34:49', '2021-09-11 06:34:49'),
(75, 'งบประมาณ', 200000, 31, '2021-09-11 06:35:19', '2021-09-11 06:35:19'),
(76, 'งบประมาณ', 200000, 32, '2021-09-11 06:35:35', '2021-09-11 06:35:35'),
(77, 'งบประมาณ', 200000, 33, '2021-09-11 06:35:54', '2021-09-11 06:35:54'),
(78, 'งบประมาณ', 300000, 34, '2021-09-11 06:36:10', '2021-09-11 06:36:10'),
(79, 'งบประมาณ', 300000, 35, '2021-09-11 06:36:25', '2021-09-11 06:36:25'),
(80, 'งบประมาณ', 300000, 36, '2021-09-11 06:36:50', '2021-09-11 06:36:50'),
(81, 'งบประมาณ', 300000, 37, '2021-09-11 06:37:08', '2021-09-11 06:37:08'),
(82, 'งบประมาณ', 300000, 38, '2021-09-11 06:37:51', '2021-09-11 06:37:51'),
(83, 'งบประมาณ', 700000, 39, '2021-09-11 06:38:16', '2021-09-11 06:38:16'),
(84, 'งบประมาณ', 700000, 40, '2021-09-11 06:38:31', '2021-09-11 06:38:31'),
(85, 'งบประมาณ', 700000, 41, '2021-09-11 06:38:47', '2021-09-11 06:38:47'),
(86, 'งบประมาณ', 700000, 42, '2021-09-11 06:39:00', '2021-09-11 06:39:00'),
(87, 'งบประมาณ', 600000, 43, '2021-09-11 06:39:48', '2021-09-11 06:39:48'),
(88, 'งบประมาณ', 600000, 44, '2021-09-11 06:40:30', '2021-09-11 06:40:30'),
(89, 'งบประมาณ', 600000, 46, '2021-09-11 06:41:24', '2021-09-11 06:41:24'),
(90, 'งบประมาณ', 500000, 10, '2021-09-11 06:41:58', '2021-09-11 06:41:58'),
(91, 'งบประมาณ', 300000, 48, '2021-09-11 06:42:58', '2021-09-11 06:42:58'),
(92, 'งบประมาณ', 300000, 49, '2021-09-11 06:43:27', '2021-09-11 06:43:27'),
(93, 'งบประมาณ', 300000, 50, '2021-09-11 06:43:52', '2021-09-11 06:43:52'),
(94, 'งบประมาณ', 300000, 51, '2021-09-11 06:44:08', '2021-09-11 06:44:08'),
(95, 'งบประมาณ', 300000, 52, '2021-09-11 06:44:28', '2021-09-11 06:44:28'),
(96, 'งบประมาณ', 300000, 53, '2021-09-11 06:44:44', '2021-09-11 06:44:44'),
(97, 'งบประมาณ', 300000, 54, '2021-09-11 06:46:37', '2021-09-11 06:46:37'),
(98, 'งบประมาณ', 300000, 55, '2021-09-11 06:47:02', '2021-09-11 06:47:02'),
(99, 'งบประมาณ', 300000, 56, '2021-09-11 06:48:02', '2021-09-11 06:48:02'),
(100, 'งบประมาณ', 200000, 57, '2021-09-11 06:48:19', '2021-09-11 06:48:19'),
(101, 'งบประมาณ', 300000, 58, '2021-09-11 06:48:31', '2021-09-11 06:48:31'),
(102, 'งบประมาณ', 300000, 59, '2021-09-11 06:48:48', '2021-09-11 06:48:48'),
(103, 'งบประมาณ', 300000, 60, '2021-09-11 06:49:02', '2021-09-11 06:49:02'),
(104, 'งบประมาณ', 300000, 61, '2021-09-11 06:49:21', '2021-09-11 06:49:21'),
(105, 'งบประมาณ', 500000, 11, '2021-09-11 06:49:53', '2021-09-11 06:49:53'),
(106, 'งบประมาณ', 200000, 12, '2021-09-11 06:50:06', '2021-09-11 06:50:06'),
(107, 'งบประมาณ', 1500000, 13, '2021-09-11 06:50:22', '2021-09-11 06:50:22'),
(109, 'งบประมาณ', 722700, 14, '2021-09-11 06:51:05', '2021-09-11 06:51:05');

-- --------------------------------------------------------

--
-- Table structure for table `budget_years`
--

CREATE TABLE `budget_years` (
  `id` int(10) UNSIGNED NOT NULL,
  `year` varchar(255) COLLATE utf8mb4_unicode_ci NOT NULL,
  `created_at` timestamp NULL DEFAULT NULL,
  `updated_at` timestamp NULL DEFAULT NULL
) ENGINE=InnoDB DEFAULT CHARSET=utf8mb4 COLLATE=utf8mb4_unicode_ci;

--
-- Dumping data for table `budget_years`
--

INSERT INTO `budget_years` (`id`, `year`, `created_at`, `updated_at`) VALUES
(1, '2564', '2021-07-03 07:47:14', '2021-07-03 07:47:14'),
(2, '2565', '2021-07-03 07:47:22', '2021-07-03 07:47:22');

-- --------------------------------------------------------

--
-- Table structure for table `budget_year_stargic`
--

CREATE TABLE `budget_year_stargic` (
  `id` int(10) UNSIGNED NOT NULL,
  `budget_year_id` int(10) UNSIGNED NOT NULL,
  `stargic_id` int(10) UNSIGNED NOT NULL,
  `created_at` timestamp NULL DEFAULT NULL,
  `updated_at` timestamp NULL DEFAULT NULL
) ENGINE=InnoDB DEFAULT CHARSET=utf8mb4 COLLATE=utf8mb4_unicode_ci;

--
-- Dumping data for table `budget_year_stargic`
--

INSERT INTO `budget_year_stargic` (`id`, `budget_year_id`, `stargic_id`, `created_at`, `updated_at`) VALUES
(1, 1, 1, NULL, NULL),
(2, 1, 2, NULL, NULL),
(3, 1, 3, NULL, NULL),
(4, 1, 4, NULL, NULL);

-- --------------------------------------------------------

--
-- Table structure for table `file_product_otops`
--

CREATE TABLE `file_product_otops` (
  `id` int(10) UNSIGNED NOT NULL,
  `filename` text COLLATE utf8mb4_unicode_ci NOT NULL,
  `product_otop_id` int(10) UNSIGNED NOT NULL,
  `created_at` timestamp NULL DEFAULT NULL,
  `updated_at` timestamp NULL DEFAULT NULL
) ENGINE=InnoDB DEFAULT CHARSET=utf8mb4 COLLATE=utf8mb4_unicode_ci;

--
-- Dumping data for table `file_product_otops`
--

INSERT INTO `file_product_otops` (`id`, `filename`, `product_otop_id`, `created_at`, `updated_at`) VALUES
(1, 'eVzePd6hyHPSWDXDbEheu59LwbhjuGpd6i3lM7Fe.jpg', 1, '2021-09-08 03:00:40', '2021-09-08 03:00:40'),
(2, 'DIZjzJnK1gWxe1ydykL99DGI5dmBgwNdoiHcDiqn.jpg', 1, '2021-09-08 03:00:40', '2021-09-08 03:00:40'),
(3, '4cfer9z0Iw2fnRg5AscOPd8RE8LgJ4uHkBqPd8WS.jpg', 1, '2021-09-08 03:00:40', '2021-09-08 03:00:40'),
(4, 'MmIzW0zj7aOdbyWJ29jfA32r1uVCX6bLyVK8QzK9.jpg', 1, '2021-09-08 03:00:40', '2021-09-08 03:00:40'),
(5, 'EKkZ0R4YVzE1FG8YvslhXCEfcKliHjVMv7fSldsG.jpg', 1, '2021-09-08 03:00:40', '2021-09-08 03:00:40'),
(6, 'Bnlf4brxI1gHlQAHk8EDRkQN5KQ4pR1fhLWbnRVc.jpg', 2, '2021-09-08 03:04:25', '2021-09-08 03:04:25'),
(7, 'Ubi9xJBjPJNF5uJdajqyUkJBrv57zE4bVSxrixS9.jpg', 2, '2021-09-08 03:04:25', '2021-09-08 03:04:25'),
(8, 'K9SwS69gC7HgBnx9awLQarQg5zQRdGR2wpxzpHRT.jpg', 2, '2021-09-08 03:04:25', '2021-09-08 03:04:25'),
(9, 'W7GbFkDQ6gwyvaE6WRgSZAM3YN80oe04b62OWltj.jpg', 2, '2021-09-08 03:04:25', '2021-09-08 03:04:25'),
(10, 'L93RXv7Q6eS4bi2uuT62ue6HeasdOezBsCgDBk12.jpg', 2, '2021-09-08 03:04:25', '2021-09-08 03:04:25');

-- --------------------------------------------------------

--
-- Table structure for table `file_projects`
--

CREATE TABLE `file_projects` (
  `id` int(10) UNSIGNED NOT NULL,
  `project_id` int(10) UNSIGNED NOT NULL,
  `filename` text COLLATE utf8mb4_unicode_ci DEFAULT NULL,
  `created_at` timestamp NULL DEFAULT NULL,
  `updated_at` timestamp NULL DEFAULT NULL
) ENGINE=InnoDB DEFAULT CHARSET=utf8mb4 COLLATE=utf8mb4_unicode_ci;

-- --------------------------------------------------------

--
-- Table structure for table `migrations`
--

CREATE TABLE `migrations` (
  `id` int(10) UNSIGNED NOT NULL,
  `migration` varchar(255) COLLATE utf8mb4_unicode_ci NOT NULL,
  `batch` int(11) NOT NULL
) ENGINE=InnoDB DEFAULT CHARSET=utf8mb4 COLLATE=utf8mb4_unicode_ci;

--
-- Dumping data for table `migrations`
--

INSERT INTO `migrations` (`id`, `migration`, `batch`) VALUES
(1, '2014_10_12_000000_create_users_table', 1),
(2, '2019_12_14_000001_create_personal_access_tokens_table', 1),
(3, '2021_06_25_051925_create_budget_years_table', 1),
(4, '2021_06_25_051943_create_stargics_table', 1),
(5, '2021_06_25_051955_create_projects_table', 1),
(6, '2021_06_25_052152_create_areas_table', 1),
(7, '2021_06_25_052201_create_budgets_table', 1),
(8, '2021_06_25_052217_create_file_projects_table', 1),
(9, '2021_06_25_052234_create_objectives_table', 1),
(10, '2021_06_25_054216_create_owners_table', 1),
(11, '2021_06_25_054346_create_owner_project_table', 1),
(12, '2021_06_25_075901_create_area_project_table', 1),
(13, '2021_06_26_132836_create_budget_year_stargic_table', 1),
(14, '2021_07_03_071639_create_product_otops_table', 1),
(15, '2021_07_03_071824_create_file_product_otops_table', 1);

-- --------------------------------------------------------

--
-- Table structure for table `objectives`
--

CREATE TABLE `objectives` (
  `id` int(10) UNSIGNED NOT NULL,
  `detail` text COLLATE utf8mb4_unicode_ci NOT NULL,
  `project_id` int(10) UNSIGNED NOT NULL,
  `created_at` timestamp NULL DEFAULT NULL,
  `updated_at` timestamp NULL DEFAULT NULL
) ENGINE=InnoDB DEFAULT CHARSET=utf8mb4 COLLATE=utf8mb4_unicode_ci;

--
-- Dumping data for table `objectives`
--

INSERT INTO `objectives` (`id`, `detail`, `project_id`, `created_at`, `updated_at`) VALUES
(13, 'วัตถุประสงค์โครงการ *', 9, '2021-09-11 06:18:24', '2021-09-11 06:18:24'),
(14, 'วัตถุประสงค์โครงการ', 15, '2021-09-11 06:20:39', '2021-09-11 06:20:39'),
(15, 'วัตถุประสงค์โครงการ', 16, '2021-09-11 06:22:33', '2021-09-11 06:22:33'),
(16, 'วัตถุประสงค์โครงการ', 17, '2021-09-11 06:23:11', '2021-09-11 06:23:11'),
(17, 'วัตถุประสงค์โครงการ', 18, '2021-09-11 06:23:47', '2021-09-11 06:23:47'),
(18, 'วัตถุประสงค์โครงการ', 19, '2021-09-11 06:25:04', '2021-09-11 06:25:04'),
(19, 'วัตถุประสงค์โครงการ', 20, '2021-09-11 06:25:34', '2021-09-11 06:25:34'),
(20, 'วัตถุประสงค์โครงการ *', 10, '2021-09-11 06:41:58', '2021-09-11 06:41:58'),
(21, 'วัตถุประสงค์โครงการ *', 11, '2021-09-11 06:49:53', '2021-09-11 06:49:53');

-- --------------------------------------------------------

--
-- Table structure for table `owners`
--

CREATE TABLE `owners` (
  `id` int(10) UNSIGNED NOT NULL,
  `title` varchar(255) COLLATE utf8mb4_unicode_ci NOT NULL,
  `firstname` varchar(255) COLLATE utf8mb4_unicode_ci NOT NULL,
  `lastname` varchar(255) COLLATE utf8mb4_unicode_ci NOT NULL,
  `created_at` timestamp NULL DEFAULT NULL,
  `updated_at` timestamp NULL DEFAULT NULL
) ENGINE=InnoDB DEFAULT CHARSET=utf8mb4 COLLATE=utf8mb4_unicode_ci;

--
-- Dumping data for table `owners`
--

INSERT INTO `owners` (`id`, `title`, `firstname`, `lastname`, `created_at`, `updated_at`) VALUES
(1, 'ผศ.ดร.', 'ประดิษฐ์', 'วงศ์สุรรณ', '2021-07-03 08:15:41', '2021-07-03 08:15:41'),
(2, 'ผศ.ดร.', 'พัชรา', 'ปราชญ์เวทย์', '2021-07-03 08:21:10', '2021-07-03 08:21:10'),
(3, 'อ.', 'สุรศักดิ์', 'จันทาและ', '2021-07-03 08:22:29', '2021-07-03 08:22:29'),
(4, 'อ.', 'กิตติชัย', 'ขันทอง', '2021-07-03 08:22:53', '2021-07-03 08:22:53'),
(5, 'ผศ.ดร.', 'สหัสา', 'พลนิล', '2021-07-03 08:23:40', '2021-07-03 08:23:40'),
(6, 'อ.', 'เอกเทศ', 'แสงลับ', '2021-07-03 08:25:07', '2021-07-03 08:25:07'),
(7, 'รศ.ดร.', 'ชานนท์', 'ไชยทองดี', '2021-07-03 08:26:37', '2021-07-03 08:26:37'),
(8, 'ผศ.ดร.', 'เอมอร', 'แสนภูวา', '2021-07-03 08:27:39', '2021-07-03 08:27:39'),
(9, '-', 'ส่วนกลาง', '-', '2021-07-03 08:28:48', '2021-07-03 08:28:48'),
(10, 'อ.ดร.', 'ชูวิทย์', 'นาเพีย', '2021-07-03 09:14:05', '2021-07-03 09:14:05'),
(11, 'นางสาว', 'มณีรัตน์', 'ปราศจาก', '2021-07-03 09:22:12', '2021-07-03 09:22:12'),
(12, 'อ.ดร.', 'ชูเกียรติ', 'พงศ์พนาพิพัฒน์', '2021-07-03 09:23:55', '2021-07-03 09:23:55'),
(13, 'อ.', 'เสาวลักษ์', 'คำถา', '2021-07-03 09:25:26', '2021-07-03 09:25:26'),
(14, 'อ.', 'ศิริวุฒิ', 'วรรณทอง', '2021-07-03 09:26:52', '2021-07-03 09:26:52'),
(15, 'อ.ดร.', 'ชูเกียรติ', 'พงศ์พนาพิพัฒน์', '2021-07-03 09:31:46', '2021-07-03 09:31:46'),
(16, 'อ.', 'อัจฉริยะ', 'ศรีทา', '2021-07-03 09:32:44', '2021-07-03 09:32:44'),
(17, 'อ.', 'จรูญ', 'แช่มชื่น', '2021-07-03 09:33:29', '2021-07-03 09:33:29'),
(18, 'อ.ดร.', 'ณฐพงศ์', 'ใจซื่อตรง', '2021-07-03 09:36:28', '2021-07-03 09:36:28'),
(19, 'อ.', 'สุดาทิพย์', 'เกษจ้อย', '2021-07-03 09:57:49', '2021-07-03 09:57:49'),
(20, 'ผศ.ดร.', 'สุภัทรษร', 'ทวีจันทร์', '2021-07-03 09:59:04', '2021-07-03 09:59:04'),
(21, 'อ.', 'พนิดา', 'พานิชกุล', '2021-07-03 10:00:34', '2021-07-03 10:00:34'),
(22, 'อ.ดร.', 'สายัณห์', 'สืบผาง', '2021-07-03 10:01:21', '2021-07-03 10:01:21'),
(23, 'ผศ.ดร.', 'เชิดศักดิ์', 'ฉายถวิล', '2021-07-03 10:04:15', '2021-07-03 10:04:15'),
(24, 'ผศ.ดร.', 'ประจวบ', 'จันทร์หมื่น', '2021-07-03 10:06:13', '2021-07-03 10:06:13'),
(25, 'นาย', 'สาคร', 'ผมพันธ์', '2021-07-03 10:08:20', '2021-07-03 10:08:20'),
(26, 'อ.', 'ชำนาญ', 'โสดา', '2021-07-03 10:09:20', '2021-07-03 10:09:20'),
(27, 'ผศ.ดร.', 'ปกรณ์ชัย', 'สุพัฒน์', '2021-07-03 10:10:54', '2021-07-03 10:10:54'),
(28, 'ผศ.ดร.', 'อาสนะ', 'เชิดชู', '2021-07-03 10:18:01', '2021-07-03 10:18:01'),
(29, 'ผศ.ดร.', 'อธิชาติ', 'บุญญยศยิ่ง', '2021-07-03 10:19:10', '2021-07-03 10:19:10'),
(30, 'ผศ.ดร.', 'กิจติพงษ์', 'ประชาชิต', '2021-07-03 10:20:09', '2021-07-03 10:20:09'),
(31, 'อ.', 'ธัญญพงษ์', 'สารรัตน์', '2021-07-03 10:21:24', '2021-07-03 10:21:24'),
(32, 'อ.', 'ปณต', 'นวลใส', '2021-07-03 10:25:51', '2021-07-03 10:25:51'),
(33, 'ผศ.ดร.', 'นรพล', 'รามฤทธิ์', '2021-07-03 10:27:06', '2021-07-03 10:27:06'),
(34, 'อ.', 'ธนวรรณ', 'อวยศักดิ์ไชยงค์', '2021-07-03 10:27:57', '2021-07-03 10:27:57'),
(35, 'อ.ดร.', 'อนุวัฒน์', 'ศรีสุวรรณ์', '2021-07-03 10:29:21', '2021-07-03 10:29:21'),
(36, 'ผศ.', 'เพ็ญลักษณ์', 'อ่อนทรวง', '2021-07-03 10:30:02', '2021-07-03 10:30:02'),
(37, 'อ.', 'ณัฐกร', 'โต๊ะสิงห์', '2021-07-03 10:31:01', '2021-07-03 10:31:01'),
(38, 'นางสาว', 'ธนพร', 'ชื้อชวาลกุล', '2021-07-03 10:32:07', '2021-07-03 10:32:07'),
(39, 'อ.', 'เมธี', 'ไชยหา', '2021-07-03 10:32:50', '2021-07-03 10:32:50'),
(40, 'อ.', 'โพธิ์พงศ์', 'ฉัตรนันทภรณ์', '2021-07-03 10:33:32', '2021-07-03 10:33:32'),
(41, 'อ.', 'กวินวัฒน์', 'หิรัญบูรณะ', '2021-07-03 10:34:56', '2021-07-03 10:34:56'),
(42, 'อ.', 'สิทธิชัย', 'บวชไธสง', '2021-07-03 10:35:52', '2021-07-03 10:35:52'),
(43, 'อ.', 'จิรายุ', 'มุสิกา', '2021-07-03 10:37:03', '2021-07-03 10:37:03'),
(44, 'ผศ.ดร.', 'ภาดล', 'อามาตย์', '2021-07-03 10:37:46', '2021-07-03 10:37:46'),
(45, 'อ.', 'เกษม', 'เปนาละวัด', '2021-07-03 10:39:27', '2021-07-03 10:39:27');

-- --------------------------------------------------------

--
-- Table structure for table `owner_project`
--

CREATE TABLE `owner_project` (
  `id` int(10) UNSIGNED NOT NULL,
  `project_id` int(10) UNSIGNED NOT NULL,
  `owner_id` int(10) UNSIGNED NOT NULL,
  `created_at` timestamp NULL DEFAULT NULL,
  `updated_at` timestamp NULL DEFAULT NULL
) ENGINE=InnoDB DEFAULT CHARSET=utf8mb4 COLLATE=utf8mb4_unicode_ci;

--
-- Dumping data for table `owner_project`
--

INSERT INTO `owner_project` (`id`, `project_id`, `owner_id`, `created_at`, `updated_at`) VALUES
(78, 29, 21, NULL, NULL),
(94, 62, 31, NULL, NULL),
(97, 47, 32, NULL, NULL),
(112, 7, 3, NULL, NULL),
(113, 7, 4, NULL, NULL),
(114, 8, 5, NULL, NULL),
(119, 9, 1, NULL, NULL),
(120, 15, 10, NULL, NULL),
(121, 15, 1, NULL, NULL),
(122, 16, 10, NULL, NULL),
(123, 17, 11, NULL, NULL),
(124, 18, 12, NULL, NULL),
(125, 19, 13, NULL, NULL),
(126, 20, 14, NULL, NULL),
(127, 21, 15, NULL, NULL),
(128, 22, 16, NULL, NULL),
(129, 23, 17, NULL, NULL),
(130, 24, 10, NULL, NULL),
(131, 25, 14, NULL, NULL),
(132, 26, 18, NULL, NULL),
(133, 27, 19, NULL, NULL),
(134, 28, 20, NULL, NULL),
(135, 30, 22, NULL, NULL),
(136, 31, 23, NULL, NULL),
(137, 32, 24, NULL, NULL),
(138, 33, 25, NULL, NULL),
(139, 34, 26, NULL, NULL),
(140, 35, 27, NULL, NULL),
(141, 36, 27, NULL, NULL),
(142, 37, 27, NULL, NULL),
(143, 38, 27, NULL, NULL),
(144, 39, 28, NULL, NULL),
(145, 40, 29, NULL, NULL),
(146, 41, 30, NULL, NULL),
(147, 42, 31, NULL, NULL),
(148, 43, 31, NULL, NULL),
(149, 44, 28, NULL, NULL),
(150, 46, 29, NULL, NULL),
(151, 10, 2, NULL, NULL),
(152, 48, 33, NULL, NULL),
(153, 49, 34, NULL, NULL),
(154, 50, 35, NULL, NULL),
(155, 51, 36, NULL, NULL),
(156, 52, 37, NULL, NULL),
(157, 53, 38, NULL, NULL),
(158, 54, 39, NULL, NULL),
(159, 55, 40, NULL, NULL),
(160, 56, 41, NULL, NULL),
(161, 57, 42, NULL, NULL),
(162, 58, 42, NULL, NULL),
(163, 59, 43, NULL, NULL),
(164, 60, 44, NULL, NULL),
(165, 61, 45, NULL, NULL),
(166, 11, 6, NULL, NULL),
(167, 12, 7, NULL, NULL),
(168, 13, 8, NULL, NULL),
(170, 14, 9, NULL, NULL);

-- --------------------------------------------------------

--
-- Table structure for table `personal_access_tokens`
--

CREATE TABLE `personal_access_tokens` (
  `id` bigint(20) UNSIGNED NOT NULL,
  `tokenable_type` varchar(255) COLLATE utf8mb4_unicode_ci NOT NULL,
  `tokenable_id` bigint(20) UNSIGNED NOT NULL,
  `name` varchar(255) COLLATE utf8mb4_unicode_ci NOT NULL,
  `token` varchar(64) COLLATE utf8mb4_unicode_ci NOT NULL,
  `abilities` text COLLATE utf8mb4_unicode_ci DEFAULT NULL,
  `last_used_at` timestamp NULL DEFAULT NULL,
  `created_at` timestamp NULL DEFAULT NULL,
  `updated_at` timestamp NULL DEFAULT NULL
) ENGINE=InnoDB DEFAULT CHARSET=utf8mb4 COLLATE=utf8mb4_unicode_ci;

-- --------------------------------------------------------

--
-- Table structure for table `product_otops`
--

CREATE TABLE `product_otops` (
  `id` int(10) UNSIGNED NOT NULL,
  `main_filename` text COLLATE utf8mb4_unicode_ci NOT NULL,
  `project_id` int(10) UNSIGNED NOT NULL,
  `name` varchar(255) COLLATE utf8mb4_unicode_ci NOT NULL,
  `detail` text COLLATE utf8mb4_unicode_ci NOT NULL,
  `created_at` timestamp NULL DEFAULT NULL,
  `updated_at` timestamp NULL DEFAULT NULL
) ENGINE=InnoDB DEFAULT CHARSET=utf8mb4 COLLATE=utf8mb4_unicode_ci;

--
-- Dumping data for table `product_otops`
--

INSERT INTO `product_otops` (`id`, `main_filename`, `project_id`, `name`, `detail`, `created_at`, `updated_at`) VALUES
(1, 'xro818mZH8Xi8z24er6vyYMgskutnVCnHPsstFBk.jpg', 10, 'ผ้าทอเบญจศรี', 'โครงการพัฒนา“ผ้าทอเบญจศรี” เพื่อพัฒนาเศรษฐกิจฐานรากในจังหวัดศรีสะเกษ  (ผ้าศรีลาวา  ผ้าศรีลำดวน  ผ้าศรีมะเกลือ ผ้าศรีกุลา และผ้าศรีมะดัน)', '2021-09-08 03:00:40', '2021-09-08 03:00:40'),
(2, 'y93LOaQuARGQLQ8nIJN1S1mau13oqTXAH4VBVlZa.jpg', 52, 'ปลาร้าบ้านหัวนา', 'โครงการเพิ่มประสิทธิภาพวิสาหกิจชุมชน ปลาร้าบ้านหัวนา', '2021-09-08 03:04:25', '2021-09-08 03:04:25');

-- --------------------------------------------------------

--
-- Table structure for table `projects`
--

CREATE TABLE `projects` (
  `id` int(10) UNSIGNED NOT NULL,
  `name` varchar(255) COLLATE utf8mb4_unicode_ci NOT NULL,
  `project_start` date DEFAULT NULL,
  `project_end` date DEFAULT NULL,
  `stargic_id` int(10) UNSIGNED NOT NULL,
  `budget_year_id` int(10) UNSIGNED NOT NULL,
  `link` text COLLATE utf8mb4_unicode_ci DEFAULT NULL,
  `type` enum('project','side') COLLATE utf8mb4_unicode_ci NOT NULL DEFAULT 'project',
  `level` enum('1','2','3') COLLATE utf8mb4_unicode_ci NOT NULL DEFAULT '1',
  `parent_id` int(10) UNSIGNED DEFAULT NULL,
  `created_at` timestamp NULL DEFAULT NULL,
  `updated_at` timestamp NULL DEFAULT NULL
) ENGINE=InnoDB DEFAULT CHARSET=utf8mb4 COLLATE=utf8mb4_unicode_ci;

--
-- Dumping data for table `projects`
--

INSERT INTO `projects` (`id`, `name`, `project_start`, `project_end`, `stargic_id`, `budget_year_id`, `link`, `type`, `level`, `parent_id`, `created_at`, `updated_at`) VALUES
(1, 'โครงการพัฒนาคุณภาพชีวิตและยกระดับรายได้ให้กับคนในชุมชนฐานราก', NULL, NULL, 1, 1, NULL, 'project', '1', NULL, '2021-07-03 08:10:49', '2021-07-03 08:10:49'),
(2, 'ด้านเศรษฐกิจ', NULL, NULL, 1, 1, NULL, 'project', '2', 1, '2021-07-03 08:11:14', '2021-07-03 08:11:14'),
(3, 'ด้านสังคม', NULL, NULL, 1, 1, NULL, 'project', '2', 1, '2021-07-03 08:11:38', '2021-07-03 08:11:38'),
(4, 'ด้านการศึกษา', NULL, NULL, 1, 1, NULL, 'project', '2', 1, '2021-07-03 08:11:52', '2021-07-03 08:11:52'),
(5, 'ด้านวัฒนธรรม', NULL, NULL, 1, 1, NULL, 'project', '2', 1, '2021-07-03 08:12:12', '2021-07-03 08:12:12'),
(6, 'โครงการพัฒนาผลิตภัณฑ์ชุมชนท้องถิ่น (OTOP)', NULL, NULL, 1, 1, NULL, 'project', '1', NULL, '2021-07-03 08:12:34', '2021-07-03 08:12:34'),
(7, 'โครงการส่งเสริมความรัก ความสามัคคี ความเข้าใจในสิทธิหน้าที่ของตนเองและผู้อื่นภายใต้พื้นฐานของสังคมประชาธิปไตยอันมีพระมหากษัตริย์ทรงเป็นประมุข', NULL, NULL, 1, 1, NULL, 'project', '1', NULL, '2021-07-03 08:12:53', '2021-07-03 08:12:53'),
(8, 'โครงการการพัฒนาระบบข้อมูลตำบลในจังหวัด (Big data) (วิจัย-ศูนย์คอม)', NULL, NULL, 1, 1, NULL, 'project', '1', NULL, '2021-07-03 08:13:19', '2021-07-03 08:13:19'),
(9, 'โครงการรูปแบบการส่งเสริมการปลูกผักแบบไฮโดรโปรนิกส์ ด้วยระบบควบคุมอัตโนมัติ โดยผ่านความร่วมมือของเครือข่าย“บวร” ภายใต้การนำศาสตร์พระราชาปรัชญาเศรษฐกิจพอเพียงอย่างแท้จริง', '2021-06-30', '2021-07-09', 1, 1, 'http://147.50.248.100/wordpress/index.php/plook01/', 'project', '3', 2, '2021-07-03 08:19:59', '2021-09-11 06:18:24'),
(10, 'โครงการพัฒนา“ผ้าทอเบญจศรี” เพื่อพัฒนาเศรษฐกิจฐานรากในจังหวัดศรีสะเกษ  (ผ้าศรีลาวา  ผ้าศรีลำดวน  ผ้าศรีมะเกลือ ผ้าศรีกุลา และผ้าศรีมะดัน)', '2021-06-28', '2021-07-09', 1, 1, 'http://147.50.248.100/wordpress/index.php/201-2/', 'project', '2', 6, '2021-07-03 08:21:38', '2021-09-11 06:41:58'),
(11, 'โครงการสนับสนุน DLTV เพื่อแก้ไขปัญหาขาดแคลนครูให้กับโรงเรียนขนาดเล็ก', '2021-06-28', '2021-07-08', 2, 1, 'http://147.50.248.100/wordpress/index.php/dltv/', 'project', '1', NULL, '2021-07-03 08:25:37', '2021-09-11 06:49:53'),
(12, 'โครงการยกระดับคุณภาพการเรียนรู้ด้านการอ่านการเขียนและการวิเคราะห์ของนักเรียนในระดับการจัดการศึกษาขั้นพื้นฐาน', NULL, NULL, 2, 1, 'http://147.50.248.100/wordpress/index.php/2yokradub/', 'project', '1', NULL, '2021-07-03 08:27:00', '2021-09-11 06:50:06'),
(13, 'โครงการพัฒนาความรู้ทักษะ ด้านภาษาอังกฤษในศตวรรษที่ 21', NULL, NULL, 3, 1, 'http://147.50.248.100/wordpress/index.php/eng21/', 'project', '1', NULL, '2021-07-03 08:27:54', '2021-09-11 06:50:22'),
(14, 'โครงการบริหารจัดการมหาวิทยาลัยสู่ความเป็นเลิศ', NULL, NULL, 4, 1, 'http://147.50.248.100/wordpress/index.php/4-devsport/', 'project', '1', NULL, '2021-07-03 08:28:57', '2021-09-11 06:51:05'),
(15, 'โครงการ  “บวร”วัฒนธรรมน้อมนำศาสตร์พระราชาสู่การพัฒนาที่ยั่งยื่น  เครือข่าย 14 โรงเรียน', NULL, NULL, 1, 1, 'http://147.50.248.100/wordpress/index.php/14-shool/', 'project', '3', 2, '2021-07-03 09:15:56', '2021-09-11 06:20:39'),
(16, 'โครงการส่งเสริมสัมมาชีพชุมชนสู่การพัฒนาที่ยั่งยืน พื้นที่ตำบลหนองแก้ว อำเภอกันทรามรมย์', NULL, NULL, 1, 1, 'http://147.50.248.100/wordpress/index.php/nonggaew/', 'project', '3', 2, '2021-07-03 09:16:47', '2021-09-11 06:22:33'),
(17, 'โครงการส่งเสริมพัฒนาผลิตภัณฑ์สมุนไพรแปรรูป', NULL, NULL, 1, 1, 'http://147.50.248.100/wordpress/index.php/praeroop/', 'project', '3', 2, '2021-07-03 09:23:06', '2021-09-11 06:23:11'),
(18, 'โครงการแปรรูปผลิตภัณฑ์ผ้าไหมพื้นเมืองสู่สินค้าชุมชน  (บริหาร)', NULL, NULL, 1, 1, 'http://147.50.248.100/wordpress/index.php/pamai/', 'project', '3', 2, '2021-07-03 09:24:31', '2021-09-11 06:23:47'),
(19, 'โครงการส่งเสริมและพัฒนาตลาดออนไลน์-ออฟไลน์ เพื่อสร้างมูลค่าเพิ่มผักสดปลอดสารพิษชุมชนเศรษฐกิจพอเพียง', NULL, NULL, 1, 1, 'http://147.50.248.100/wordpress/index.php/online/', 'project', '3', 2, '2021-07-03 09:26:10', '2021-09-11 06:25:04'),
(20, 'โครงการส่งเสริมและพัฒนาการเลี้ยงปลาในกระชัง ห้วยทับทัน บ้านจอมพระ ตำบลบึงบูรพ์ อำเภอบึงบูรพ์ จังหวัดศรีสะเกษ', NULL, NULL, 1, 1, 'http://147.50.248.100/wordpress/index.php/17-plakrachung/', 'project', '3', 2, '2021-07-03 09:27:26', '2021-09-11 06:25:34'),
(21, 'โครงการอบรมเชิงปฏิบัติการ การย้อมสีผ้าด้วยดินภูเขาไฟโดยใช้เทคนิคที่หลากหลาย เพื่อพัฒนาผ้าเบญจศรีของ จังหวัดศรีสะเกษสู่การเพิ่มรายได้เพื่อพัฒนาเศรษฐกิจและสังคม', NULL, NULL, 1, 1, 'http://147.50.248.100/wordpress/index.php/18yompa/', 'project', '3', 2, '2021-07-03 09:32:11', '2021-09-11 06:26:25'),
(22, 'โครงการพัฒนาผลิตภัณฑ์และการส่งเสริมช่องทางการจำหน่ายสินค้าOTOP งานหัตถกรรมหวายเทียม  บ้านอรุณพัฒนา', NULL, NULL, 1, 1, 'http://147.50.248.100/wordpress/index.php/19-otop/', 'project', '3', 2, '2021-07-03 09:32:54', '2021-09-11 06:27:28'),
(23, 'โครงการส่งเสริมการพัฒนาอาชีพผสมผสาน : การเลี้ยงไก่ไข่บนบ่ปลา การเลี้ยงปลา การเพาะเห็ด และการปลูกเมลอน', NULL, NULL, 1, 1, 'http://147.50.248.100/wordpress/index.php/malon/', 'project', '3', 2, '2021-07-03 09:33:39', '2021-09-11 06:28:31'),
(24, 'โครงการส่งเสริมกลุ่มยุวเกษตรกรสร้างแหล่งอาหารเพื่อความมั่นคงทางด้านอาหารในครัวเรือนและชุมชน', NULL, NULL, 1, 1, 'http://147.50.248.100/wordpress/index.php/11yuwa/', 'project', '3', 2, '2021-07-03 09:34:58', '2021-09-11 06:29:07'),
(25, 'โครงการส่งเสริมและพัฒนาการเลี้ยงกบในกระชัง บ้านนาแก และบ้านกุดกุง และกลุ่มอาชีพเพาะเห็ด บ้านเหล่าไฮ แคนน้อย ดงเจริญ ตำบลคำเขื่อนแก้ว จ.ยโสธร', NULL, NULL, 1, 1, 'http://147.50.248.100/wordpress/index.php/112nakung/', 'project', '3', 2, '2021-07-03 09:35:41', '2021-09-11 06:30:19'),
(26, 'โครงการยกระดับการเพิ่มมูลค่าก้อนเห็ดอินทรีย์สู่การตลาดยุคดิจิทัลแบบสมัยใหม่', NULL, NULL, 1, 1, 'http://147.50.248.100/wordpress/index.php/1-13-digital/', 'project', '3', 2, '2021-07-03 09:37:04', '2021-09-11 06:30:53'),
(27, 'โครงการส่งเสริมอาชีพการแปรรูปผลผลิตทางการเกษตรเป็นขนมทอดโบราณและน้ำพริกเพื่อเพิ่มมูลค่า (มันม่วง มันเหลือง เผือก มะพร้าว เห็ด)', NULL, NULL, 1, 1, 'http://147.50.248.100/wordpress/index.php/1-14-hed/', 'project', '3', 2, '2021-07-03 09:58:23', '2021-09-11 06:33:04'),
(28, 'โครงการส่งเสริมเศรษฐกิจชุมชนด้วยการผลิตของที่ระลึกชุมชนสบู่หอมแฟนซีเพื่อการท่องเที่ยว', NULL, NULL, 1, 1, 'http://147.50.248.100/wordpress/index.php/1-1505/', 'project', '3', 2, '2021-07-03 09:59:45', '2021-09-11 06:33:25'),
(29, 'โครงการพัฒนาอาชีพเสริมการเลี้ยงจิ้งหรีดโปรตีนเพื่อยกระดับรายได้', NULL, NULL, 1, 1, NULL, 'project', '3', 2, '2021-07-03 10:00:44', '2021-07-03 10:00:44'),
(30, 'โครงการพัฒนาระบบการผลิตโคเนื้อขุนคุณภาพแบบครบวงจร', NULL, NULL, 1, 1, 'http://147.50.248.100/wordpress/index.php/1-17develop/', 'project', '3', 2, '2021-07-03 10:02:14', '2021-09-11 06:34:49'),
(31, 'โครงการธำรงรักษาโรคตามความเชื่อในพิธีกรรมบำบัดโรค', NULL, NULL, 1, 1, 'http://147.50.248.100/wordpress/index.php/201bombud/', 'project', '3', 3, '2021-07-03 10:05:32', '2021-09-11 06:35:19'),
(32, 'โครงการส่งเสริมภาวะชุมชนเพิ่มดัชนีความสุขเพื่อให้เกิดชุมชนสุขภาวะต้นแบบ', NULL, NULL, 1, 1, 'http://147.50.248.100/wordpress/index.php/2-2-songserm/', 'project', '3', 3, '2021-07-03 10:06:45', '2021-09-11 06:35:35'),
(33, 'โครงการพัฒนาสื่อโฆษณาสินค้าชุมชนเพื่อเพิ่มรายได้โดยใช้เทคนิคการสอนแอฟพลิเคชั่น', NULL, NULL, 1, 1, 'http://147.50.248.100/wordpress/index.php/3-1app/', 'project', '3', 4, '2021-07-03 10:08:33', '2021-09-11 06:35:54'),
(34, 'โครงการยกระดับผลสัมฤทธิ์ทางวิชาการของผู้เรียน โรงเรียนสาธิตมหาวิทยาลัยราชภัฎศรีสะเกษ', NULL, NULL, 1, 1, 'http://147.50.248.100/wordpress/index.php/3-2-yok/', 'project', '3', 4, '2021-07-03 10:09:55', '2021-09-11 06:36:10'),
(35, 'โครงการยกระดับการพัฒนาต้นแบบกลยุทธ์การเรียนรู้เครือข่ายความร่วมมือเพื่อพัฒนาโรงเรียนขนาดเล็กจังหวัดศรีสะเกษ', NULL, NULL, 1, 1, 'http://147.50.248.100/wordpress/index.php/3-3-yokradub/', 'project', '3', 4, '2021-07-03 10:11:10', '2021-09-11 06:36:25'),
(36, 'โครงการยกระดับการพัฒนาการเรียนรู้กลุ่มโรงเรียนพระปริยัติธรรม ในโครงการพัฒนาตามพระราชดําริ สมเด็จพระกนิษฐาธิราชเจ้า กรมสมเด็จพระเทพรัตนราชสุดาฯ  สยามบรมราชกุมารีจังหวัดศรีสะเกษ', NULL, NULL, 1, 1, 'http://147.50.248.100/wordpress/index.php/3-4pari/', 'project', '3', 4, '2021-07-03 10:11:47', '2021-09-11 06:36:50'),
(37, 'โครงการยกระดับการพัฒนาการเรียนรู้ต้นแบบ “ห้องเรียนคุณธรรม –วิถีพุทธ” การเรียนรู้ “วินัยบนฐานความรับผิดชอบ” โรงเรียนจังหวัดศรีสะเกษ', NULL, NULL, 1, 1, 'http://147.50.248.100/wordpress/index.php/3-5-kunnatum/', 'project', '3', 4, '2021-07-03 10:16:55', '2021-09-11 06:37:08'),
(38, 'โครงการยกระดับการพัฒนาการเรียนรู้ต้นแบบกิจกรรมการเรียนรู้ทางพหุปัญญา  (Multiple  Intelligences Learning  Activities : MILA)  โรงเรียนตำรวจตะเวนชายแดน  บ้านหนองใหญ่ จังหวัดศรีสะเกษ', NULL, NULL, 1, 1, 'http://147.50.248.100/wordpress/index.php/3-6-2/', 'project', '3', 4, '2021-07-03 10:17:25', '2021-09-11 06:37:51'),
(39, 'โครงการพัฒนาชุมชนต้นแบบแหล่งเรียนรู้วัฒนธรรมชาติพันธุ์ลาว พื่อสร้างจิตสำนึกในการดำเนินชีวิตตามศาสตร์พระราชา', NULL, NULL, 1, 1, 'http://147.50.248.100/wordpress/index.php/4-1sakracha/', 'project', '3', 5, '2021-07-03 10:18:37', '2021-09-11 06:38:16'),
(40, 'โครงการสืบสารอารยธรรมขอมโบราณพัฒนาแหล่งเรียนรู้วัฒนธรรมชาติพันธุ์เขมรเพื่อสร้างจิตสำนึกในการดำเนินชีวิตตามศาสตร์พระราชา', NULL, NULL, 1, 1, 'http://147.50.248.100/wordpress/index.php/4-2rrayatum/', 'project', '3', 5, '2021-07-03 10:19:24', '2021-09-11 06:38:31'),
(41, 'โครงการถอดบทเรียนแหล่งเรียนรู้วัฒนธรรมชาติพันธุ์ส่วย เพื่อสร้างจิตสำนึกในการดำเนินชีวิตตามศาสตร์พระราชา', NULL, NULL, 1, 1, 'http://147.50.248.100/wordpress/index.php/4-3/', 'project', '3', 5, '2021-07-03 10:20:20', '2021-09-11 06:38:47'),
(42, 'โครงการตามรอยวิถีชีวิตแหล่งเรียนรู้วัฒนธรรมชาติพันธุ์เยอ เพื่อสร้างจิตสำนึกในการดำเนินชีวิตตามศาสตร์พระราชา', NULL, NULL, 1, 1, 'http://147.50.248.100/wordpress/index.php/4-4-tamroy/', 'project', '3', 5, '2021-07-03 10:21:36', '2021-09-11 06:39:00'),
(43, 'โครงการตามรอยพระบาทยาตราเมือง ศรีสะเกษ', NULL, NULL, 1, 1, 'http://147.50.248.100/wordpress/index.php/4-5-prayatra/', 'project', '3', 5, '2021-07-03 10:22:05', '2021-09-11 06:39:48'),
(44, 'โครงการร้อยภาพพันเรื่องเมืองศรีสะเกษ', NULL, NULL, 1, 1, 'http://147.50.248.100/wordpress/index.php/4-6100/', 'project', '3', 5, '2021-07-03 10:22:51', '2021-09-11 06:40:30'),
(46, 'โครงการอดีตสู่ปัจจุบันมหาวิทยาลัยราชภัฏศรีสะเกษ', NULL, NULL, 1, 1, 'http://147.50.248.100/wordpress/index.php/4-7-yonroy/', 'project', '3', 5, '2021-07-03 10:24:07', '2021-09-11 06:41:24'),
(47, 'โครงการพัฒนายกระดับผลิตภัณฑ์เถาวัลย์แดงชุมชนสู่เครื่องตกแต่งอาคารเชิงพาณิชย์', NULL, NULL, 1, 1, NULL, 'project', '2', 6, '2021-07-03 10:26:21', '2021-07-03 10:26:21'),
(48, 'โครงการพัฒนาผลิตภัณฑ์เครื่องปั้นดินเผาไฟต่ำเพื่อเพิ่มคุณค่าเชิงพานิชย์', NULL, NULL, 1, 1, 'http://147.50.248.100/wordpress/index.php/203-2/', 'project', '2', 6, '2021-07-03 10:27:16', '2021-09-11 06:42:58'),
(49, 'โครงการการพัฒนาผลิตภัณฑ์เพื่อเพิ่มมูลค่าปลาน้ำจืด  ปลาแดดเดียว', NULL, NULL, 1, 1, 'http://147.50.248.100/wordpress/index.php/204-2/', 'project', '2', 6, '2021-07-03 10:28:43', '2021-09-11 06:43:27'),
(50, 'โครงการการออกแบบเฟอร์นิเจอร์จากกกเพื่อเป็นอาชีพเสริมในกลุ่มชุมชนท้องถิ่น', NULL, NULL, 1, 1, 'http://147.50.248.100/wordpress/index.php/ferniger-02/', 'project', '2', 6, '2021-07-03 10:29:31', '2021-09-11 06:43:52'),
(51, 'โครงการพัฒนาและยกระดับผลิตภัณฑ์สินค้า OTOP กระเทียมโทนดองน้ำผึ้ง', NULL, NULL, 1, 1, 'http://147.50.248.100/wordpress/index.php/206-2/', 'project', '2', 6, '2021-07-03 10:30:12', '2021-09-11 06:44:08'),
(52, 'โครงการเพิ่มประสิทธิภาพวิสาหกิจชุมชน ปลาร้าบ้านหัวนา', NULL, NULL, 1, 1, 'http://147.50.248.100/wordpress/index.php/207-2/', 'project', '2', 6, '2021-07-03 10:31:31', '2021-09-11 06:44:28'),
(53, 'โครงการนวัตกรรมผลิตภัณฑ์เพื่อสุขภาพจากกากกาแฟ', NULL, NULL, 1, 1, 'http://147.50.248.100/wordpress/index.php/208-2/', 'project', '2', 6, '2021-07-03 10:32:17', '2021-09-11 06:44:44'),
(54, 'โครงการพัฒนาผลิตภัณฑ์เครื่องจักรสานไม้ไผ่ชุมชนสู่เครื่องตกแต่งอาคารพาณิชย์', NULL, NULL, 1, 1, 'http://147.50.248.100/wordpress/index.php/juksan/', 'project', '2', 6, '2021-07-03 10:32:59', '2021-09-11 06:46:37'),
(55, 'โครงการการแปรรูปผลิตภัณฑ์จากหวาย  กลุ่มทับทิมสยาม 07 จังหวัดศรีสะเกษ', NULL, NULL, 1, 1, 'http://147.50.248.100/wordpress/index.php/210-2/', 'project', '2', 6, '2021-07-03 10:34:17', '2021-09-11 06:47:02'),
(56, 'โครงการส่งเสริมพัฒนากลุ่มผู้ผลิตและแปรรูปผลิตภัณฑ์จากข้าวโพดหวาน อ. ศรีรัตนะ จ.ศรีสะเกษ', NULL, NULL, 1, 1, 'http://147.50.248.100/wordpress/index.php/211-2/', 'project', '2', 6, '2021-07-03 10:35:07', '2021-09-11 06:48:02'),
(57, 'โครงการพัฒนาศักยภาพกลุ่มผู้ผลิตมะม่วงเพื่อการส่งออก', NULL, NULL, 1, 1, 'http://147.50.248.100/wordpress/index.php/212-2/', 'project', '2', 6, '2021-07-03 10:36:00', '2021-09-11 06:48:19'),
(58, 'โครงการส่งเสริมและพัฒนาอาชีพแปรรูปผลผลิตทุเรียนภูเขาไฟศรีสะเกษ', NULL, NULL, 1, 1, 'http://147.50.248.100/wordpress/index.php/213-2/', 'project', '2', 6, '2021-07-03 10:36:31', '2021-09-11 06:48:31'),
(59, 'โครงการแปรรูปกระเทียมให้เป็นผลิตภัณฑ์ OTOP', NULL, NULL, 1, 1, 'http://147.50.248.100/wordpress/index.php/214-2/', 'project', '2', 6, '2021-07-03 10:37:12', '2021-09-11 06:48:48'),
(60, 'โครงการส่งเสริมการแปรรูปและสร้างมูลค่าเพิ่มผลิตภัณฑ์อาหารเสริมชะลอวัย (Anti-Aging) จากสารสกัดหอมแดงศรีสะเกษ', NULL, NULL, 1, 1, 'http://147.50.248.100/wordpress/index.php/215-2/', 'project', '2', 6, '2021-07-03 10:38:23', '2021-09-11 06:49:02'),
(61, 'โครงการยกระดับและเพิ่มมูลค่าพริกของกลุ่มแปรรูปอาหารตำบลหนองเชียงทูน', NULL, NULL, 1, 1, 'http://147.50.248.100/wordpress/index.php/216-2/', 'project', '2', 6, '2021-07-03 10:39:36', '2021-09-11 06:49:21'),
(62, 'โครงการย้อนรำลึกตามรอยประวัติเมือง ศรีสะเกษ', NULL, NULL, 1, 1, NULL, 'project', '3', 5, '2021-07-03 10:42:39', '2021-07-03 10:42:39');

-- --------------------------------------------------------

--
-- Table structure for table `stargics`
--

CREATE TABLE `stargics` (
  `id` int(10) UNSIGNED NOT NULL,
  `number` varchar(255) COLLATE utf8mb4_unicode_ci NOT NULL,
  `name` varchar(255) COLLATE utf8mb4_unicode_ci NOT NULL,
  `created_at` timestamp NULL DEFAULT NULL,
  `updated_at` timestamp NULL DEFAULT NULL
) ENGINE=InnoDB DEFAULT CHARSET=utf8mb4 COLLATE=utf8mb4_unicode_ci;

--
-- Dumping data for table `stargics`
--

INSERT INTO `stargics` (`id`, `number`, `name`, `created_at`, `updated_at`) VALUES
(1, '1', 'การพัฒนาท้องถิ่น', '2021-07-03 07:47:48', '2021-07-03 07:47:48'),
(2, '2', 'การผลิตและพัฒนาครู', '2021-07-03 07:48:14', '2021-07-03 07:48:14'),
(3, '3', 'ยกระดับคุณภาพการศึกษา', '2021-07-03 07:48:35', '2021-07-03 07:48:35'),
(4, '4', 'พัฒนาระบบบริหารจัดการ', '2021-07-03 07:48:54', '2021-07-03 07:48:54');

-- --------------------------------------------------------

--
-- Table structure for table `users`
--

CREATE TABLE `users` (
  `id` bigint(20) UNSIGNED NOT NULL,
  `name` varchar(255) COLLATE utf8mb4_unicode_ci NOT NULL,
  `phone` varchar(255) COLLATE utf8mb4_unicode_ci NOT NULL,
  `email_verified_at` timestamp NULL DEFAULT NULL,
  `password` varchar(255) COLLATE utf8mb4_unicode_ci NOT NULL,
  `remember_token` varchar(100) COLLATE utf8mb4_unicode_ci DEFAULT NULL,
  `created_at` timestamp NULL DEFAULT NULL,
  `updated_at` timestamp NULL DEFAULT NULL
) ENGINE=InnoDB DEFAULT CHARSET=utf8mb4 COLLATE=utf8mb4_unicode_ci;

--
-- Dumping data for table `users`
--

INSERT INTO `users` (`id`, `name`, `phone`, `email_verified_at`, `password`, `remember_token`, `created_at`, `updated_at`) VALUES
(1, 'peeter parkker', '0800000000', NULL, '$2y$10$5je8VFMUz0zE9SOk73R4i.8AcvC.SkNHR6381VDn/uX0Jm7SuK7s.', NULL, '2021-07-03 07:46:58', '2021-07-03 07:46:58');

--
-- Indexes for dumped tables
--

--
-- Indexes for table `areas`
--
ALTER TABLE `areas`
  ADD PRIMARY KEY (`id`);

--
-- Indexes for table `area_project`
--
ALTER TABLE `area_project`
  ADD PRIMARY KEY (`id`),
  ADD KEY `area_project_project_id_foreign` (`project_id`),
  ADD KEY `area_project_area_id_foreign` (`area_id`);

--
-- Indexes for table `budgets`
--
ALTER TABLE `budgets`
  ADD PRIMARY KEY (`id`),
  ADD KEY `budgets_project_id_foreign` (`project_id`);

--
-- Indexes for table `budget_years`
--
ALTER TABLE `budget_years`
  ADD PRIMARY KEY (`id`);

--
-- Indexes for table `budget_year_stargic`
--
ALTER TABLE `budget_year_stargic`
  ADD PRIMARY KEY (`id`),
  ADD KEY `budget_year_stargic_stargic_id_foreign` (`stargic_id`),
  ADD KEY `budget_year_stargic_budget_year_id_foreign` (`budget_year_id`);

--
-- Indexes for table `file_product_otops`
--
ALTER TABLE `file_product_otops`
  ADD PRIMARY KEY (`id`),
  ADD KEY `file_product_otops_product_otop_id_foreign` (`product_otop_id`);

--
-- Indexes for table `file_projects`
--
ALTER TABLE `file_projects`
  ADD PRIMARY KEY (`id`),
  ADD KEY `file_projects_project_id_foreign` (`project_id`);

--
-- Indexes for table `migrations`
--
ALTER TABLE `migrations`
  ADD PRIMARY KEY (`id`);

--
-- Indexes for table `objectives`
--
ALTER TABLE `objectives`
  ADD PRIMARY KEY (`id`),
  ADD KEY `objectives_project_id_foreign` (`project_id`);

--
-- Indexes for table `owners`
--
ALTER TABLE `owners`
  ADD PRIMARY KEY (`id`);

--
-- Indexes for table `owner_project`
--
ALTER TABLE `owner_project`
  ADD PRIMARY KEY (`id`),
  ADD KEY `owner_project_project_id_foreign` (`project_id`),
  ADD KEY `owner_project_owner_id_foreign` (`owner_id`);

--
-- Indexes for table `personal_access_tokens`
--
ALTER TABLE `personal_access_tokens`
  ADD PRIMARY KEY (`id`),
  ADD UNIQUE KEY `personal_access_tokens_token_unique` (`token`),
  ADD KEY `personal_access_tokens_tokenable_type_tokenable_id_index` (`tokenable_type`,`tokenable_id`);

--
-- Indexes for table `product_otops`
--
ALTER TABLE `product_otops`
  ADD PRIMARY KEY (`id`),
  ADD KEY `product_otops_project_id_foreign` (`project_id`);

--
-- Indexes for table `projects`
--
ALTER TABLE `projects`
  ADD PRIMARY KEY (`id`),
  ADD KEY `projects_parent_id_foreign` (`parent_id`),
  ADD KEY `projects_budget_year_id_foreign` (`budget_year_id`),
  ADD KEY `projects_stargic_id_foreign` (`stargic_id`);

--
-- Indexes for table `stargics`
--
ALTER TABLE `stargics`
  ADD PRIMARY KEY (`id`);

--
-- Indexes for table `users`
--
ALTER TABLE `users`
  ADD PRIMARY KEY (`id`),
  ADD UNIQUE KEY `users_phone_unique` (`phone`);

--
-- AUTO_INCREMENT for dumped tables
--

--
-- AUTO_INCREMENT for table `areas`
--
ALTER TABLE `areas`
  MODIFY `id` int(10) UNSIGNED NOT NULL AUTO_INCREMENT, AUTO_INCREMENT=36;

--
-- AUTO_INCREMENT for table `area_project`
--
ALTER TABLE `area_project`
  MODIFY `id` int(10) UNSIGNED NOT NULL AUTO_INCREMENT, AUTO_INCREMENT=127;

--
-- AUTO_INCREMENT for table `budgets`
--
ALTER TABLE `budgets`
  MODIFY `id` int(10) UNSIGNED NOT NULL AUTO_INCREMENT, AUTO_INCREMENT=110;

--
-- AUTO_INCREMENT for table `budget_years`
--
ALTER TABLE `budget_years`
  MODIFY `id` int(10) UNSIGNED NOT NULL AUTO_INCREMENT, AUTO_INCREMENT=3;

--
-- AUTO_INCREMENT for table `budget_year_stargic`
--
ALTER TABLE `budget_year_stargic`
  MODIFY `id` int(10) UNSIGNED NOT NULL AUTO_INCREMENT, AUTO_INCREMENT=5;

--
-- AUTO_INCREMENT for table `file_product_otops`
--
ALTER TABLE `file_product_otops`
  MODIFY `id` int(10) UNSIGNED NOT NULL AUTO_INCREMENT, AUTO_INCREMENT=11;

--
-- AUTO_INCREMENT for table `file_projects`
--
ALTER TABLE `file_projects`
  MODIFY `id` int(10) UNSIGNED NOT NULL AUTO_INCREMENT;

--
-- AUTO_INCREMENT for table `migrations`
--
ALTER TABLE `migrations`
  MODIFY `id` int(10) UNSIGNED NOT NULL AUTO_INCREMENT, AUTO_INCREMENT=16;

--
-- AUTO_INCREMENT for table `objectives`
--
ALTER TABLE `objectives`
  MODIFY `id` int(10) UNSIGNED NOT NULL AUTO_INCREMENT, AUTO_INCREMENT=22;

--
-- AUTO_INCREMENT for table `owners`
--
ALTER TABLE `owners`
  MODIFY `id` int(10) UNSIGNED NOT NULL AUTO_INCREMENT, AUTO_INCREMENT=46;

--
-- AUTO_INCREMENT for table `owner_project`
--
ALTER TABLE `owner_project`
  MODIFY `id` int(10) UNSIGNED NOT NULL AUTO_INCREMENT, AUTO_INCREMENT=171;

--
-- AUTO_INCREMENT for table `personal_access_tokens`
--
ALTER TABLE `personal_access_tokens`
  MODIFY `id` bigint(20) UNSIGNED NOT NULL AUTO_INCREMENT;

--
-- AUTO_INCREMENT for table `product_otops`
--
ALTER TABLE `product_otops`
  MODIFY `id` int(10) UNSIGNED NOT NULL AUTO_INCREMENT, AUTO_INCREMENT=3;

--
-- AUTO_INCREMENT for table `projects`
--
ALTER TABLE `projects`
  MODIFY `id` int(10) UNSIGNED NOT NULL AUTO_INCREMENT, AUTO_INCREMENT=63;

--
-- AUTO_INCREMENT for table `stargics`
--
ALTER TABLE `stargics`
  MODIFY `id` int(10) UNSIGNED NOT NULL AUTO_INCREMENT, AUTO_INCREMENT=5;

--
-- AUTO_INCREMENT for table `users`
--
ALTER TABLE `users`
  MODIFY `id` bigint(20) UNSIGNED NOT NULL AUTO_INCREMENT, AUTO_INCREMENT=2;

--
-- Constraints for dumped tables
--

--
-- Constraints for table `area_project`
--
ALTER TABLE `area_project`
  ADD CONSTRAINT `area_project_area_id_foreign` FOREIGN KEY (`area_id`) REFERENCES `areas` (`id`) ON DELETE CASCADE ON UPDATE CASCADE,
  ADD CONSTRAINT `area_project_project_id_foreign` FOREIGN KEY (`project_id`) REFERENCES `projects` (`id`) ON DELETE CASCADE ON UPDATE CASCADE;

--
-- Constraints for table `budgets`
--
ALTER TABLE `budgets`
  ADD CONSTRAINT `budgets_project_id_foreign` FOREIGN KEY (`project_id`) REFERENCES `projects` (`id`) ON DELETE CASCADE ON UPDATE CASCADE;

--
-- Constraints for table `budget_year_stargic`
--
ALTER TABLE `budget_year_stargic`
  ADD CONSTRAINT `budget_year_stargic_budget_year_id_foreign` FOREIGN KEY (`budget_year_id`) REFERENCES `budget_years` (`id`) ON DELETE CASCADE ON UPDATE CASCADE,
  ADD CONSTRAINT `budget_year_stargic_stargic_id_foreign` FOREIGN KEY (`stargic_id`) REFERENCES `stargics` (`id`) ON DELETE CASCADE ON UPDATE CASCADE;

--
-- Constraints for table `file_product_otops`
--
ALTER TABLE `file_product_otops`
  ADD CONSTRAINT `file_product_otops_product_otop_id_foreign` FOREIGN KEY (`product_otop_id`) REFERENCES `product_otops` (`id`) ON DELETE CASCADE ON UPDATE CASCADE;

--
-- Constraints for table `file_projects`
--
ALTER TABLE `file_projects`
  ADD CONSTRAINT `file_projects_project_id_foreign` FOREIGN KEY (`project_id`) REFERENCES `projects` (`id`) ON DELETE CASCADE ON UPDATE CASCADE;

--
-- Constraints for table `objectives`
--
ALTER TABLE `objectives`
  ADD CONSTRAINT `objectives_project_id_foreign` FOREIGN KEY (`project_id`) REFERENCES `projects` (`id`) ON DELETE CASCADE ON UPDATE CASCADE;

--
-- Constraints for table `owner_project`
--
ALTER TABLE `owner_project`
  ADD CONSTRAINT `owner_project_owner_id_foreign` FOREIGN KEY (`owner_id`) REFERENCES `owners` (`id`) ON DELETE CASCADE ON UPDATE CASCADE,
  ADD CONSTRAINT `owner_project_project_id_foreign` FOREIGN KEY (`project_id`) REFERENCES `projects` (`id`) ON DELETE CASCADE ON UPDATE CASCADE;

--
-- Constraints for table `product_otops`
--
ALTER TABLE `product_otops`
  ADD CONSTRAINT `product_otops_project_id_foreign` FOREIGN KEY (`project_id`) REFERENCES `projects` (`id`) ON DELETE CASCADE ON UPDATE CASCADE;

--
-- Constraints for table `projects`
--
ALTER TABLE `projects`
  ADD CONSTRAINT `projects_budget_year_id_foreign` FOREIGN KEY (`budget_year_id`) REFERENCES `budget_years` (`id`) ON DELETE CASCADE ON UPDATE CASCADE,
  ADD CONSTRAINT `projects_parent_id_foreign` FOREIGN KEY (`parent_id`) REFERENCES `projects` (`id`) ON DELETE CASCADE ON UPDATE CASCADE,
  ADD CONSTRAINT `projects_stargic_id_foreign` FOREIGN KEY (`stargic_id`) REFERENCES `stargics` (`id`) ON DELETE CASCADE ON UPDATE CASCADE;
COMMIT;

/*!40101 SET CHARACTER_SET_CLIENT=@OLD_CHARACTER_SET_CLIENT */;
/*!40101 SET CHARACTER_SET_RESULTS=@OLD_CHARACTER_SET_RESULTS */;
/*!40101 SET COLLATION_CONNECTION=@OLD_COLLATION_CONNECTION */;
