INSERT INTO ROLE(ID, NAME) VALUES (1, 'ADMIN');
INSERT INTO ROLE(ID, NAME) VALUES (2, 'PROVINCE');
INSERT INTO ROLE(ID, NAME) VALUES (3, 'DISTRICT');
INSERT INTO ROLE(ID, NAME) VALUES (4, 'SHELTER');
INSERT INTO ROLE(ID, NAME) VALUES (5, 'HOSPITAL');
INSERT INTO ROLE(ID, NAME) VALUES (6, 'FARM');
INSERT INTO ROLE(ID, NAME) VALUES (7, 'PEOPLE');


INSERT INTO PERMISSION(ID, NAME) VALUES (1, 'DATA_CENTRAL_ALL_CREATE');
INSERT INTO PERMISSION(ID, NAME) VALUES (2, 'DATA_CENTRAL_ALL_READ');
INSERT INTO PERMISSION(ID, NAME) VALUES (3, 'DATA_CENTRAL_ALL_UPDATE');
INSERT INTO PERMISSION(ID, NAME) VALUES (4, 'DATA_CENTRAL_ALL_DELETE');

INSERT INTO PERMISSION(ID, NAME) VALUES (5, 'DATA_CENTRAL_BKK_CREATE');
INSERT INTO PERMISSION(ID, NAME) VALUES (6, 'DATA_CENTRAL_BKK_READ');
INSERT INTO PERMISSION(ID, NAME) VALUES (7, 'DATA_CENTRAL_BKK_UPDATE');
INSERT INTO PERMISSION(ID, NAME) VALUES (8, 'DATA_CENTRAL_BKK_DELETE');

INSERT INTO PERMISSION(ID, NAME) VALUES (9, 'DATA_CENTRAL_BKK_AREA_CREATE');
INSERT INTO PERMISSION(ID, NAME) VALUES (10, 'DATA_CENTRAL_BKK_AREA_READ');
INSERT INTO PERMISSION(ID, NAME) VALUES (11, 'DATA_CENTRAL_BKK_AREA_UPDATE');
INSERT INTO PERMISSION(ID, NAME) VALUES (12, 'DATA_CENTRAL_BKK_AREA_DELETE');

INSERT INTO PERMISSION(ID, NAME) VALUES (13, 'DATA_PROVINCIAL_AREA_CREATE');
INSERT INTO PERMISSION(ID, NAME) VALUES (14, 'DATA_PROVINCIAL_AREA_READ');
INSERT INTO PERMISSION(ID, NAME) VALUES (15, 'DATA_PROVINCIAL_AREA_UPDATE');
INSERT INTO PERMISSION(ID, NAME) VALUES (16, 'DATA_PROVINCIAL_AREA_DELETE');

INSERT INTO PERMISSION(ID, NAME) VALUES (17, 'DATA_PROVINCIAL_PROVINCE_CREATE');
INSERT INTO PERMISSION(ID, NAME) VALUES (18, 'DATA_PROVINCIAL_PROVINCE_READ');
INSERT INTO PERMISSION(ID, NAME) VALUES (19, 'DATA_PROVINCIAL_PROVINCE_UPDATE');
INSERT INTO PERMISSION(ID, NAME) VALUES (20, 'DATA_PROVINCIAL_PROVINCE_DELETE');

INSERT INTO PERMISSION(ID, NAME) VALUES (21, 'DATA_PROVINCIAL_DISTRICT_CREATE');
INSERT INTO PERMISSION(ID, NAME) VALUES (22, 'DATA_PROVINCIAL_DISTRICT_READ');
INSERT INTO PERMISSION(ID, NAME) VALUES (23, 'DATA_PROVINCIAL_DISTRICT_UPDATE');
INSERT INTO PERMISSION(ID, NAME) VALUES (24, 'DATA_PROVINCIAL_DISTRICT_DELETE');

INSERT INTO PERMISSION(ID, NAME) VALUES (25, 'DATA_HOSPITAL_CREATE');
INSERT INTO PERMISSION(ID, NAME) VALUES (26, 'DATA_HOSPITAL_READ');
INSERT INTO PERMISSION(ID, NAME) VALUES (27, 'DATA_HOSPITAL_UPDATE');
INSERT INTO PERMISSION(ID, NAME) VALUES (28, 'DATA_HOSPITAL_DELETE');

INSERT INTO PERMISSION(ID, NAME) VALUES (29, 'DATA_ฺBREEDING_FARM_CREATE');
INSERT INTO PERMISSION(ID, NAME) VALUES (30, 'DATA_ฺBREEDING_FARM_READ');
INSERT INTO PERMISSION(ID, NAME) VALUES (31, 'DATA_ฺBREEDING_FARM_UPDATE');
INSERT INTO PERMISSION(ID, NAME) VALUES (32, 'DATA_ฺBREEDING_FARM_DELETE');

INSERT INTO PERMISSION(ID, NAME) VALUES (33, 'DATA_ANIMAL_SHELTER_CREATE');
INSERT INTO PERMISSION(ID, NAME) VALUES (34, 'DATA_ANIMAL_SHELTER_READ');
INSERT INTO PERMISSION(ID, NAME) VALUES (35, 'DATA_ANIMAL_SHELTER_UPDATE');
INSERT INTO PERMISSION(ID, NAME) VALUES (36, 'DATA_ANIMAL_SHELTER_DELETE');

INSERT INTO PERMISSION(ID, NAME) VALUES (37, 'DATA_PET_OWNER_CREATE');
INSERT INTO PERMISSION(ID, NAME) VALUES (38, 'DATA_PET_OWNER_READ');
INSERT INTO PERMISSION(ID, NAME) VALUES (39, 'DATA_PET_OWNER_UPDATE');
INSERT INTO PERMISSION(ID, NAME) VALUES (40, 'DATA_PET_OWNER_DELETE');

INSERT INTO PERMISSION(ID, NAME) VALUES (41, 'PET_REGISTRATION_CREATE');
INSERT INTO PERMISSION(ID, NAME) VALUES (42, 'PET_REGISTRATION_READ');
INSERT INTO PERMISSION(ID, NAME) VALUES (43, 'PET_REGISTRATION_UPDATE');
INSERT INTO PERMISSION(ID, NAME) VALUES (44, 'PET_REGISTRATION_DELETE');

-- COMPANY
INSERT INTO ROLES_PERMISSIONS(ROLE_ID, PERMISSION_ID) VALUES (1, 1);
INSERT INTO ROLES_PERMISSIONS(ROLE_ID, PERMISSION_ID) VALUES (1, 2);
INSERT INTO ROLES_PERMISSIONS(ROLE_ID, PERMISSION_ID) VALUES (1, 3);
INSERT INTO ROLES_PERMISSIONS(ROLE_ID, PERMISSION_ID) VALUES (1, 4);

INSERT INTO ROLES_PERMISSIONS(ROLE_ID, PERMISSION_ID) VALUES (2, 2);

INSERT INTO ROLES_PERMISSIONS(ROLE_ID, PERMISSION_ID) VALUES (3, 1);
INSERT INTO ROLES_PERMISSIONS(ROLE_ID, PERMISSION_ID) VALUES (3, 2);
INSERT INTO ROLES_PERMISSIONS(ROLE_ID, PERMISSION_ID) VALUES (3, 3);

-- DEPARTMENT
INSERT INTO ROLES_PERMISSIONS(ROLE_ID, PERMISSION_ID) VALUES (4, 5);
INSERT INTO ROLES_PERMISSIONS(ROLE_ID, PERMISSION_ID) VALUES (4, 6);
INSERT INTO ROLES_PERMISSIONS(ROLE_ID, PERMISSION_ID) VALUES (4, 7);
INSERT INTO ROLES_PERMISSIONS(ROLE_ID, PERMISSION_ID) VALUES (4, 8);

INSERT INTO ROLES_PERMISSIONS(ROLE_ID, PERMISSION_ID) VALUES (5, 6);

INSERT INTO ROLES_PERMISSIONS(ROLE_ID, PERMISSION_ID) VALUES (6, 5);
INSERT INTO ROLES_PERMISSIONS(ROLE_ID, PERMISSION_ID) VALUES (6, 6);
INSERT INTO ROLES_PERMISSIONS(ROLE_ID, PERMISSION_ID) VALUES (6, 7);