-- Adminer 4.8.1 PostgreSQL 15.1 (Debian 15.1-1.pgdg110+1) dump

DROP TABLE IF EXISTS "equipment_types";
DROP SEQUENCE IF EXISTS equipment_types_id_seq;
CREATE SEQUENCE equipment_types_id_seq INCREMENT 1 MINVALUE 1 MAXVALUE 9223372036854775807 CACHE 1;

CREATE TABLE "public"."equipment_types" (
    "id" bigint DEFAULT nextval('equipment_types_id_seq') NOT NULL,
    "name" character varying(255) NOT NULL,
    "created_at" timestamp(0),
    "updated_at" timestamp(0),
    CONSTRAINT "equipment_types_pkey" PRIMARY KEY ("id")
) WITH (oids = false);

INSERT INTO "equipment_types" ("id", "name", "created_at", "updated_at") VALUES
(1,	'Замороженная продукция',	'2023-10-16 12:38:43',	'2023-10-16 12:38:43'),
(2,	'Кондитерские изделия',	'2023-10-16 12:40:38',	'2023-10-16 12:40:38'),
(3,	'Хлебобулочные изделия',	'2023-10-16 12:40:55',	'2023-10-16 12:40:55'),
(4,	'Запечённые изделия',	'2023-10-16 12:41:20',	'2023-10-16 12:41:20');

DROP TABLE IF EXISTS "equipments";
DROP SEQUENCE IF EXISTS equipments_id_seq;
CREATE SEQUENCE equipments_id_seq INCREMENT 1 MINVALUE 1 MAXVALUE 9223372036854775807 CACHE 1;

CREATE TABLE "public"."equipments" (
    "id" bigint DEFAULT nextval('equipments_id_seq') NOT NULL,
    "name" character varying(255) NOT NULL,
    "output" integer NOT NULL,
    "unique_name" character varying(255) NOT NULL,
    "created_at" timestamp(0),
    "updated_at" timestamp(0),
    "type_id" bigint NOT NULL,
    CONSTRAINT "equipments_pkey" PRIMARY KEY ("id")
) WITH (oids = false);

INSERT INTO "equipments" ("id", "name", "output", "unique_name", "created_at", "updated_at", "type_id") VALUES
(61,	'Машина для шоколада0',	8048,	'652d8f31b3b32',	'2023-10-16 19:29:53',	'2023-10-16 19:29:53',	2),
(4,	'Аппарат мороженого',	43,	'652d2f21b8be3',	'2023-10-16 12:40:01',	'2023-10-16 12:40:01',	1),
(5,	'Печь для эклеров',	100,	'652d2fb41ae42',	'2023-10-16 12:42:28',	'2023-10-16 12:42:28',	2),
(6,	'Наполнитель начинки для эклеров',	500,	'652d2fd00ddeb',	'2023-10-16 12:42:56',	'2023-10-16 12:42:56',	2),
(7,	'Ветровая вытежка для печенья',	9000,	'652d2fef7742b',	'2023-10-16 12:43:27',	'2023-10-16 12:43:27',	4),
(62,	'Машина для шоколада2',	7487,	'652d8f31b4ea4',	'2023-10-16 19:29:53',	'2023-10-16 19:29:53',	2),
(63,	'Машина для мороженного0',	1723,	'652d8f31b691a',	'2023-10-16 19:29:53',	'2023-10-16 19:29:53',	1),
(64,	'Машина для мороженного2',	3185,	'652d8f31b6ce9',	'2023-10-16 19:29:53',	'2023-10-16 19:29:53',	1),
(65,	'Машина для выпечки',	6912,	'652d8f31b7076',	'2023-10-16 19:29:53',	'2023-10-16 19:29:53',	3),
(8,	'Шоколадный аппарат',	4500,	'652d307012c45',	'2023-10-16 12:45:36',	'2023-10-16 13:09:09',	2),
(11,	'Машина для шоколада0',	8124,	'652d89a4ef006',	'2023-10-16 19:06:12',	'2023-10-16 19:06:12',	2),
(12,	'Машина для шоколада2',	2084,	'652d89a4f0564',	'2023-10-16 19:06:12',	'2023-10-16 19:06:12',	2),
(13,	'Машина для мороженного0',	4658,	'652d89a4f0990',	'2023-10-16 19:06:12',	'2023-10-16 19:06:12',	1),
(14,	'Машина для мороженного2',	1695,	'652d89a4f0ced',	'2023-10-16 19:06:12',	'2023-10-16 19:06:12',	1),
(15,	'Машина для выпечки',	1884,	'652d89a4f0fcc',	'2023-10-16 19:06:12',	'2023-10-16 19:06:12',	3),
(16,	'Машина для шоколада0',	5631,	'652d89ae3189a',	'2023-10-16 19:06:22',	'2023-10-16 19:06:22',	2),
(17,	'Машина для шоколада2',	6583,	'652d89ae32ae3',	'2023-10-16 19:06:22',	'2023-10-16 19:06:22',	2),
(18,	'Машина для мороженного0',	4759,	'652d89ae32e53',	'2023-10-16 19:06:22',	'2023-10-16 19:06:22',	1),
(19,	'Машина для мороженного2',	4551,	'652d89ae33154',	'2023-10-16 19:06:22',	'2023-10-16 19:06:22',	1),
(20,	'Машина для выпечки',	6486,	'652d89ae3341b',	'2023-10-16 19:06:22',	'2023-10-16 19:06:22',	3),
(21,	'Машина для шоколада0',	8823,	'652d8c275ad74',	'2023-10-16 19:16:55',	'2023-10-16 19:16:55',	2),
(22,	'Машина для шоколада2',	7466,	'652d8c275c0ee',	'2023-10-16 19:16:55',	'2023-10-16 19:16:55',	2),
(23,	'Машина для мороженного0',	6026,	'652d8c275c484',	'2023-10-16 19:16:55',	'2023-10-16 19:16:55',	1),
(24,	'Машина для мороженного2',	3925,	'652d8c275c811',	'2023-10-16 19:16:55',	'2023-10-16 19:16:55',	1),
(25,	'Машина для выпечки',	7476,	'652d8c275cb6a',	'2023-10-16 19:16:55',	'2023-10-16 19:16:55',	3),
(26,	'Машина для шоколада0',	9825,	'652d8c43cb94b',	'2023-10-16 19:17:23',	'2023-10-16 19:17:23',	2),
(27,	'Машина для шоколада2',	7316,	'652d8c43ccbc1',	'2023-10-16 19:17:23',	'2023-10-16 19:17:23',	2),
(28,	'Машина для мороженного0',	754,	'652d8c43ccf7c',	'2023-10-16 19:17:23',	'2023-10-16 19:17:23',	1),
(29,	'Машина для мороженного2',	1244,	'652d8c43cd2c3',	'2023-10-16 19:17:23',	'2023-10-16 19:17:23',	1),
(30,	'Машина для выпечки',	1070,	'652d8c43cd5ef',	'2023-10-16 19:17:23',	'2023-10-16 19:17:23',	3),
(31,	'Машина для шоколада0',	5546,	'652d8c8bccdf2',	'2023-10-16 19:18:35',	'2023-10-16 19:18:35',	2),
(32,	'Машина для шоколада2',	8147,	'652d8c8bce44b',	'2023-10-16 19:18:35',	'2023-10-16 19:18:35',	2),
(33,	'Машина для мороженного0',	4702,	'652d8c8be26af',	'2023-10-16 19:18:35',	'2023-10-16 19:18:35',	1),
(34,	'Машина для мороженного2',	2493,	'652d8c8be2e4c',	'2023-10-16 19:18:35',	'2023-10-16 19:18:35',	1),
(35,	'Машина для выпечки',	573,	'652d8c8be31d7',	'2023-10-16 19:18:35',	'2023-10-16 19:18:35',	3),
(36,	'Машина для шоколада0',	2106,	'652d8c8ec6da1',	'2023-10-16 19:18:38',	'2023-10-16 19:18:38',	2),
(37,	'Машина для шоколада2',	2264,	'652d8c8ec8308',	'2023-10-16 19:18:38',	'2023-10-16 19:18:38',	2),
(38,	'Машина для мороженного0',	8560,	'652d8c8ec8763',	'2023-10-16 19:18:38',	'2023-10-16 19:18:38',	1),
(39,	'Машина для мороженного2',	5080,	'652d8c8ec8d92',	'2023-10-16 19:18:38',	'2023-10-16 19:18:38',	1),
(40,	'Машина для выпечки',	7185,	'652d8c8ec9151',	'2023-10-16 19:18:38',	'2023-10-16 19:18:38',	3),
(41,	'Машина для шоколада0',	8665,	'652d8cada92e1',	'2023-10-16 19:19:09',	'2023-10-16 19:19:09',	2),
(42,	'Машина для шоколада2',	419,	'652d8cadaa604',	'2023-10-16 19:19:09',	'2023-10-16 19:19:09',	2),
(43,	'Машина для мороженного0',	6947,	'652d8cadaa999',	'2023-10-16 19:19:09',	'2023-10-16 19:19:09',	1),
(44,	'Машина для мороженного2',	8438,	'652d8cadaace2',	'2023-10-16 19:19:09',	'2023-10-16 19:19:09',	1),
(45,	'Машина для выпечки',	5390,	'652d8cadab020',	'2023-10-16 19:19:09',	'2023-10-16 19:19:09',	3),
(46,	'Машина для шоколада0',	9349,	'652d8e36d7c93',	'2023-10-16 19:25:42',	'2023-10-16 19:25:42',	2),
(47,	'Машина для шоколада2',	5302,	'652d8e36d9200',	'2023-10-16 19:25:42',	'2023-10-16 19:25:42',	2),
(48,	'Машина для мороженного0',	2717,	'652d8e36d9554',	'2023-10-16 19:25:42',	'2023-10-16 19:25:42',	1),
(49,	'Машина для мороженного2',	8567,	'652d8e36d99af',	'2023-10-16 19:25:42',	'2023-10-16 19:25:42',	1),
(50,	'Машина для выпечки',	8303,	'652d8e36d9cef',	'2023-10-16 19:25:42',	'2023-10-16 19:25:42',	3),
(51,	'Машина для шоколада0',	5748,	'652d8e42eae68',	'2023-10-16 19:25:54',	'2023-10-16 19:25:54',	2),
(52,	'Машина для шоколада2',	1492,	'652d8e42ec50e',	'2023-10-16 19:25:54',	'2023-10-16 19:25:54',	2),
(53,	'Машина для мороженного0',	6995,	'652d8e42ec97f',	'2023-10-16 19:25:54',	'2023-10-16 19:25:54',	1),
(54,	'Машина для мороженного2',	9440,	'652d8e42ecc92',	'2023-10-16 19:25:54',	'2023-10-16 19:25:54',	1),
(55,	'Машина для выпечки',	9786,	'652d8e42ecf7f',	'2023-10-16 19:25:54',	'2023-10-16 19:25:54',	3),
(56,	'Машина для шоколада0',	8299,	'652d8e5b594b6',	'2023-10-16 19:26:19',	'2023-10-16 19:26:19',	2),
(57,	'Машина для шоколада2',	1913,	'652d8e5b5a670',	'2023-10-16 19:26:19',	'2023-10-16 19:26:19',	2),
(58,	'Машина для мороженного0',	8011,	'652d8e5b5aa8c',	'2023-10-16 19:26:19',	'2023-10-16 19:26:19',	1),
(59,	'Машина для мороженного2',	2722,	'652d8e5b5ad69',	'2023-10-16 19:26:19',	'2023-10-16 19:26:19',	1),
(60,	'Машина для выпечки',	7478,	'652d8e5b5b060',	'2023-10-16 19:26:19',	'2023-10-16 19:26:19',	3),
(66,	'Машина для шоколада0',	3419,	'652d8f8067876',	'2023-10-16 19:31:12',	'2023-10-16 19:31:12',	2),
(67,	'Машина для шоколада2',	7050,	'652d8f8068d38',	'2023-10-16 19:31:12',	'2023-10-16 19:31:12',	2),
(68,	'Машина для мороженного0',	6046,	'652d8f806929e',	'2023-10-16 19:31:12',	'2023-10-16 19:31:12',	1),
(69,	'Машина для мороженного2',	187,	'652d8f8069635',	'2023-10-16 19:31:12',	'2023-10-16 19:31:12',	1),
(70,	'Машина для выпечки',	3648,	'652d8f8069983',	'2023-10-16 19:31:12',	'2023-10-16 19:31:12',	3),
(71,	'Машина для шоколада0',	739,	'652d8fe9d5280',	'2023-10-16 19:32:57',	'2023-10-16 19:32:57',	2),
(72,	'Машина для шоколада2',	5092,	'652d8fe9d66fd',	'2023-10-16 19:32:57',	'2023-10-16 19:32:57',	2),
(73,	'Машина для мороженного0',	2563,	'652d8fe9d7426',	'2023-10-16 19:32:57',	'2023-10-16 19:32:57',	1),
(74,	'Машина для мороженного2',	4643,	'652d8fe9d777b',	'2023-10-16 19:32:57',	'2023-10-16 19:32:57',	1),
(75,	'Машина для выпечки',	9603,	'652d8fe9d7a5f',	'2023-10-16 19:32:57',	'2023-10-16 19:32:57',	3),
(76,	'Машина для шоколада0',	8724,	'652d90234bcd6',	'2023-10-16 19:33:55',	'2023-10-16 19:33:55',	2),
(77,	'Машина для шоколада2',	9139,	'652d90234cdae',	'2023-10-16 19:33:55',	'2023-10-16 19:33:55',	2),
(78,	'Машина для мороженного0',	7085,	'652d90234d0ba',	'2023-10-16 19:33:55',	'2023-10-16 19:33:55',	1),
(79,	'Машина для мороженного2',	2425,	'652d90234d385',	'2023-10-16 19:33:55',	'2023-10-16 19:33:55',	1),
(80,	'Машина для выпечки',	6407,	'652d90234d7ae',	'2023-10-16 19:33:55',	'2023-10-16 19:33:55',	3),
(81,	'Машина для шоколада0',	9587,	'652d903456106',	'2023-10-16 19:34:12',	'2023-10-16 19:34:12',	2),
(82,	'Машина для шоколада2',	7768,	'652d903457a0d',	'2023-10-16 19:34:12',	'2023-10-16 19:34:12',	2),
(83,	'Машина для мороженного0',	8537,	'652d903458044',	'2023-10-16 19:34:12',	'2023-10-16 19:34:12',	1),
(84,	'Машина для мороженного2',	4702,	'652d9034586d5',	'2023-10-16 19:34:12',	'2023-10-16 19:34:12',	1),
(85,	'Машина для выпечки',	4362,	'652d9034589d7',	'2023-10-16 19:34:12',	'2023-10-16 19:34:12',	3),
(86,	'Машина для шоколада0',	7944,	'652d903def7a4',	'2023-10-16 19:34:21',	'2023-10-16 19:34:21',	2),
(87,	'Машина для шоколада2',	88,	'652d903df099c',	'2023-10-16 19:34:21',	'2023-10-16 19:34:21',	2),
(88,	'Машина для мороженного0',	909,	'652d903df0f31',	'2023-10-16 19:34:21',	'2023-10-16 19:34:21',	1),
(89,	'Машина для мороженного2',	5159,	'652d903df12d8',	'2023-10-16 19:34:21',	'2023-10-16 19:34:21',	1),
(90,	'Машина для выпечки',	9654,	'652d903df15a2',	'2023-10-16 19:34:21',	'2023-10-16 19:34:21',	3),
(91,	'Машина для шоколада0',	7073,	'652d90ab78e5b',	'2023-10-16 19:36:11',	'2023-10-16 19:36:11',	2),
(92,	'Машина для шоколада2',	7801,	'652d90ab7a592',	'2023-10-16 19:36:11',	'2023-10-16 19:36:11',	2),
(93,	'Машина для мороженного0',	8888,	'652d90ab7abc9',	'2023-10-16 19:36:11',	'2023-10-16 19:36:11',	1),
(94,	'Машина для мороженного2',	4689,	'652d90ab7b0c7',	'2023-10-16 19:36:11',	'2023-10-16 19:36:11',	1),
(95,	'Машина для выпечки',	1375,	'652d90ab7b498',	'2023-10-16 19:36:11',	'2023-10-16 19:36:11',	3),
(96,	'Машина для шоколада0',	7150,	'652d90db85b14',	'2023-10-16 19:36:59',	'2023-10-16 19:36:59',	2),
(97,	'Машина для шоколада2',	3249,	'652d90db87319',	'2023-10-16 19:36:59',	'2023-10-16 19:36:59',	2),
(98,	'Машина для мороженного0',	2854,	'652d90db877d7',	'2023-10-16 19:36:59',	'2023-10-16 19:36:59',	1),
(99,	'Машина для мороженного2',	2984,	'652d90db87b5f',	'2023-10-16 19:36:59',	'2023-10-16 19:36:59',	1),
(100,	'Машина для выпечки',	3285,	'652d90db87ecb',	'2023-10-16 19:36:59',	'2023-10-16 19:36:59',	3),
(101,	'Машина для шоколада0',	975,	'652d90f84f638',	'2023-10-16 19:37:28',	'2023-10-16 19:37:28',	2),
(102,	'Машина для шоколада2',	8816,	'652d90f8509c7',	'2023-10-16 19:37:28',	'2023-10-16 19:37:28',	2),
(103,	'Машина для мороженного0',	2289,	'652d90f850dd0',	'2023-10-16 19:37:28',	'2023-10-16 19:37:28',	1),
(104,	'Машина для мороженного2',	4540,	'652d90f851196',	'2023-10-16 19:37:28',	'2023-10-16 19:37:28',	1),
(105,	'Машина для выпечки',	3028,	'652d90f851512',	'2023-10-16 19:37:28',	'2023-10-16 19:37:28',	3),
(106,	'Машина для шоколада0',	2656,	'652d916e42bd8',	'2023-10-16 19:39:26',	'2023-10-16 19:39:26',	2),
(107,	'Машина для шоколада2',	1523,	'652d916e44275',	'2023-10-16 19:39:26',	'2023-10-16 19:39:26',	2),
(108,	'Машина для мороженного0',	2401,	'652d916e4494c',	'2023-10-16 19:39:26',	'2023-10-16 19:39:26',	1),
(109,	'Машина для мороженного2',	4700,	'652d916e44c5f',	'2023-10-16 19:39:26',	'2023-10-16 19:39:26',	1),
(110,	'Машина для выпечки',	7843,	'652d916e44f57',	'2023-10-16 19:39:26',	'2023-10-16 19:39:26',	3),
(111,	'Машина для шоколада0',	6669,	'652d9217a2639',	'2023-10-16 19:42:15',	'2023-10-16 19:42:15',	2),
(112,	'Машина для шоколада2',	2624,	'652d9217a3f33',	'2023-10-16 19:42:15',	'2023-10-16 19:42:15',	2),
(113,	'Машина для мороженного0',	4279,	'652d9217a4593',	'2023-10-16 19:42:15',	'2023-10-16 19:42:15',	1),
(114,	'Машина для мороженного2',	7051,	'652d9217a4916',	'2023-10-16 19:42:15',	'2023-10-16 19:42:15',	1),
(115,	'Машина для выпечки',	3914,	'652d9217a4c40',	'2023-10-16 19:42:15',	'2023-10-16 19:42:15',	3),
(116,	'Машина для шоколада0',	2708,	'652d924c0aeb4',	'2023-10-16 19:43:08',	'2023-10-16 19:43:08',	2),
(117,	'Машина для шоколада2',	8382,	'652d924c0c09e',	'2023-10-16 19:43:08',	'2023-10-16 19:43:08',	2),
(118,	'Машина для мороженного0',	1800,	'652d924c0c6df',	'2023-10-16 19:43:08',	'2023-10-16 19:43:08',	1),
(119,	'Машина для мороженного2',	6240,	'652d924c0cb13',	'2023-10-16 19:43:08',	'2023-10-16 19:43:08',	1),
(120,	'Машина для выпечки',	5352,	'652d924c0cfb9',	'2023-10-16 19:43:08',	'2023-10-16 19:43:08',	3),
(121,	'Машина для шоколада0',	6291,	'652d92a546fcf',	'2023-10-16 19:44:37',	'2023-10-16 19:44:37',	2),
(122,	'Машина для шоколада2',	2280,	'652d92a548600',	'2023-10-16 19:44:37',	'2023-10-16 19:44:37',	2),
(123,	'Машина для мороженного0',	2621,	'652d92a548c51',	'2023-10-16 19:44:37',	'2023-10-16 19:44:37',	1),
(124,	'Машина для мороженного2',	9959,	'652d92a549009',	'2023-10-16 19:44:37',	'2023-10-16 19:44:37',	1),
(125,	'Машина для выпечки',	2381,	'652d92a5492e5',	'2023-10-16 19:44:37',	'2023-10-16 19:44:37',	3),
(126,	'Машина для шоколада0',	5631,	'652d9331d89c9',	'2023-10-16 19:46:57',	'2023-10-16 19:46:57',	2),
(127,	'Машина для шоколада2',	8988,	'652d9331d9d30',	'2023-10-16 19:46:57',	'2023-10-16 19:46:57',	2),
(128,	'Машина для мороженного0',	8244,	'652d9331de280',	'2023-10-16 19:46:57',	'2023-10-16 19:46:57',	1),
(129,	'Машина для мороженного2',	1608,	'652d9331de657',	'2023-10-16 19:46:57',	'2023-10-16 19:46:57',	1),
(130,	'Машина для выпечки',	3626,	'652d9331de926',	'2023-10-16 19:46:57',	'2023-10-16 19:46:57',	3),
(131,	'Машина для шоколада0',	6545,	'652d933937ec0',	'2023-10-16 19:47:05',	'2023-10-16 19:47:05',	2),
(132,	'Машина для шоколада2',	6378,	'652d9339394a6',	'2023-10-16 19:47:05',	'2023-10-16 19:47:05',	2),
(133,	'Машина для мороженного0',	9718,	'652d93393994c',	'2023-10-16 19:47:05',	'2023-10-16 19:47:05',	1),
(134,	'Машина для мороженного2',	4915,	'652d933939c53',	'2023-10-16 19:47:05',	'2023-10-16 19:47:05',	1),
(135,	'Машина для выпечки',	509,	'652d933939f2d',	'2023-10-16 19:47:05',	'2023-10-16 19:47:05',	3),
(136,	'Машина для шоколада0',	3080,	'652d933d03e45',	'2023-10-16 19:47:09',	'2023-10-16 19:47:09',	2),
(137,	'Машина для шоколада2',	5519,	'652d933d04def',	'2023-10-16 19:47:09',	'2023-10-16 19:47:09',	2),
(138,	'Машина для мороженного0',	839,	'652d933d05113',	'2023-10-16 19:47:09',	'2023-10-16 19:47:09',	1),
(139,	'Машина для мороженного2',	8362,	'652d933d05406',	'2023-10-16 19:47:09',	'2023-10-16 19:47:09',	1),
(140,	'Машина для выпечки',	7407,	'652d933d056d0',	'2023-10-16 19:47:09',	'2023-10-16 19:47:09',	3),
(141,	'Машина для шоколада0',	6010,	'652d933e23e04',	'2023-10-16 19:47:10',	'2023-10-16 19:47:10',	2),
(142,	'Машина для шоколада2',	6618,	'652d933e2504f',	'2023-10-16 19:47:10',	'2023-10-16 19:47:10',	2),
(143,	'Машина для мороженного0',	2766,	'652d933e25411',	'2023-10-16 19:47:10',	'2023-10-16 19:47:10',	1),
(144,	'Машина для мороженного2',	5229,	'652d933e25722',	'2023-10-16 19:47:10',	'2023-10-16 19:47:10',	1),
(145,	'Машина для выпечки',	9593,	'652d933e259ff',	'2023-10-16 19:47:10',	'2023-10-16 19:47:10',	3),
(146,	'Машина для шоколада0',	8659,	'652d933f0992b',	'2023-10-16 19:47:11',	'2023-10-16 19:47:11',	2),
(147,	'Машина для шоколада2',	4954,	'652d933f0abdd',	'2023-10-16 19:47:11',	'2023-10-16 19:47:11',	2),
(148,	'Машина для мороженного0',	5468,	'652d933f0afaf',	'2023-10-16 19:47:11',	'2023-10-16 19:47:11',	1),
(149,	'Машина для мороженного2',	8936,	'652d933f0b2e5',	'2023-10-16 19:47:11',	'2023-10-16 19:47:11',	1),
(150,	'Машина для выпечки',	5369,	'652d933f0b5d4',	'2023-10-16 19:47:11',	'2023-10-16 19:47:11',	3),
(151,	'Машина для шоколада0',	309,	'652d98264341b',	'2023-10-16 20:08:06',	'2023-10-16 20:08:06',	2),
(152,	'Машина для шоколада2',	9610,	'652d9826448db',	'2023-10-16 20:08:06',	'2023-10-16 20:08:06',	2),
(153,	'Машина для мороженного0',	8565,	'652d982644d41',	'2023-10-16 20:08:06',	'2023-10-16 20:08:06',	1),
(154,	'Машина для мороженного2',	3643,	'652d98264518b',	'2023-10-16 20:08:06',	'2023-10-16 20:08:06',	1),
(155,	'Машина для выпечки',	9660,	'652d9826454c9',	'2023-10-16 20:08:06',	'2023-10-16 20:08:06',	3),
(156,	'Машина для шоколада0',	5180,	'652d9888e648f',	'2023-10-16 20:09:44',	'2023-10-16 20:09:44',	2),
(157,	'Машина для шоколада2',	2821,	'652d9888e777c',	'2023-10-16 20:09:44',	'2023-10-16 20:09:44',	2),
(158,	'Машина для мороженного0',	1726,	'652d9888e7e29',	'2023-10-16 20:09:44',	'2023-10-16 20:09:44',	1),
(159,	'Машина для мороженного2',	534,	'652d9888e8131',	'2023-10-16 20:09:44',	'2023-10-16 20:09:44',	1),
(160,	'Машина для выпечки',	8057,	'652d9888e8457',	'2023-10-16 20:09:44',	'2023-10-16 20:09:44',	3),
(161,	'Машина для шоколада0',	5597,	'652d989e21050',	'2023-10-16 20:10:06',	'2023-10-16 20:10:06',	2),
(162,	'Машина для шоколада2',	5715,	'652d989e22334',	'2023-10-16 20:10:06',	'2023-10-16 20:10:06',	2),
(163,	'Машина для мороженного0',	1384,	'652d989e2265f',	'2023-10-16 20:10:06',	'2023-10-16 20:10:06',	1),
(164,	'Машина для мороженного2',	7696,	'652d989e22931',	'2023-10-16 20:10:06',	'2023-10-16 20:10:06',	1),
(165,	'Машина для выпечки',	7801,	'652d989e22d98',	'2023-10-16 20:10:06',	'2023-10-16 20:10:06',	3),
(166,	'Машина для шоколада0',	3842,	'652d99105ae21',	'2023-10-16 20:12:00',	'2023-10-16 20:12:00',	2),
(167,	'Машина для шоколада2',	8015,	'652d99105bfee',	'2023-10-16 20:12:00',	'2023-10-16 20:12:00',	2),
(168,	'Машина для мороженного0',	4682,	'652d99105c2fb',	'2023-10-16 20:12:00',	'2023-10-16 20:12:00',	1),
(169,	'Машина для мороженного2',	6158,	'652d99105c5a2',	'2023-10-16 20:12:00',	'2023-10-16 20:12:00',	1),
(170,	'Машина для выпечки',	9134,	'652d99105c874',	'2023-10-16 20:12:00',	'2023-10-16 20:12:00',	3),
(171,	'Машина для шоколада0',	6967,	'652d99a29a6b9',	'2023-10-16 20:14:26',	'2023-10-16 20:14:26',	2),
(172,	'Машина для шоколада2',	1415,	'652d99a29c006',	'2023-10-16 20:14:26',	'2023-10-16 20:14:26',	2),
(173,	'Машина для мороженного0',	8610,	'652d99a29c4f1',	'2023-10-16 20:14:26',	'2023-10-16 20:14:26',	1),
(174,	'Машина для мороженного2',	8196,	'652d99a29c83f',	'2023-10-16 20:14:26',	'2023-10-16 20:14:26',	1),
(175,	'Машина для выпечки',	8329,	'652d99a29cbe3',	'2023-10-16 20:14:26',	'2023-10-16 20:14:26',	3),
(176,	'Машина для мороженного',	2354,	'652d99a2a5e0a',	'2023-10-16 20:14:26',	'2023-10-16 20:14:26',	1),
(177,	'Машина для выпечки',	444,	'652d99a2a6171',	'2023-10-16 20:14:26',	'2023-10-16 20:14:26',	3),
(178,	'Машина для шоколада',	2,	'652d9ab0a1376',	'2023-10-16 20:18:56',	'2023-10-16 20:18:56',	2),
(179,	'Машина для мороженого',	3,	'652d9ab0a27aa',	'2023-10-16 20:18:56',	'2023-10-16 20:18:56',	1),
(180,	'Машина для пирожных',	1,	'652d9ab0a3159',	'2023-10-16 20:18:56',	'2023-10-16 20:18:56',	3),
(181,	'Машина для шоколада',	2,	'652d9b31a1f22',	'2023-10-16 20:21:05',	'2023-10-16 20:21:05',	2),
(182,	'Машина для мороженого',	3,	'652d9b31a321d',	'2023-10-16 20:21:05',	'2023-10-16 20:21:05',	1),
(183,	'Машина для пирожных',	1,	'652d9b31a35bf',	'2023-10-16 20:21:05',	'2023-10-16 20:21:05',	3),
(184,	'Машина для шоколада',	2,	'652d9b326529d',	'2023-10-16 20:21:06',	'2023-10-16 20:21:06',	2),
(185,	'Машина для мороженого',	3,	'652d9b32665ac',	'2023-10-16 20:21:06',	'2023-10-16 20:21:06',	1),
(186,	'Машина для пирожных',	1,	'652d9b3266bd9',	'2023-10-16 20:21:06',	'2023-10-16 20:21:06',	3),
(187,	'Машина для шоколада',	2,	'652d9b331a2d7',	'2023-10-16 20:21:07',	'2023-10-16 20:21:07',	2),
(188,	'Машина для мороженого',	3,	'652d9b331b819',	'2023-10-16 20:21:07',	'2023-10-16 20:21:07',	1),
(189,	'Машина для пирожных',	1,	'652d9b331bc1f',	'2023-10-16 20:21:07',	'2023-10-16 20:21:07',	3),
(190,	'Машина для шоколада',	2,	'652d9b33d776e',	'2023-10-16 20:21:07',	'2023-10-16 20:21:07',	2),
(191,	'Машина для мороженого',	3,	'652d9b33d8c92',	'2023-10-16 20:21:07',	'2023-10-16 20:21:07',	1),
(192,	'Машина для пирожных',	1,	'652d9b33d905f',	'2023-10-16 20:21:07',	'2023-10-16 20:21:07',	3),
(193,	'Машина для шоколада',	2,	'652d9b3482dc4',	'2023-10-16 20:21:08',	'2023-10-16 20:21:08',	2),
(194,	'Машина для мороженого',	3,	'652d9b3483d68',	'2023-10-16 20:21:08',	'2023-10-16 20:21:08',	1),
(195,	'Машина для пирожных',	1,	'652d9b3484091',	'2023-10-16 20:21:08',	'2023-10-16 20:21:08',	3),
(196,	'Машина для шоколада0',	6128,	'652d9b493ad82',	'2023-10-16 20:21:29',	'2023-10-16 20:21:29',	2),
(197,	'Машина для шоколада2',	3917,	'652d9b493c0dc',	'2023-10-16 20:21:29',	'2023-10-16 20:21:29',	2),
(198,	'Машина для мороженного0',	7936,	'652d9b493c45d',	'2023-10-16 20:21:29',	'2023-10-16 20:21:29',	1),
(199,	'Машина для мороженного2',	3767,	'652d9b493c739',	'2023-10-16 20:21:29',	'2023-10-16 20:21:29',	1),
(200,	'Машина для выпечки',	9343,	'652d9b493ca07',	'2023-10-16 20:21:29',	'2023-10-16 20:21:29',	3),
(201,	'Машина для мороженного',	9941,	'652d9b4944c7f',	'2023-10-16 20:21:29',	'2023-10-16 20:21:29',	1),
(202,	'Машина для выпечки',	2720,	'652d9b4944fa4',	'2023-10-16 20:21:29',	'2023-10-16 20:21:29',	3),
(203,	'Машина для шоколада0',	4636,	'652d9d477d380',	'2023-10-16 20:29:59',	'2023-10-16 20:29:59',	2),
(204,	'Машина для шоколада2',	2130,	'652d9d477e4e5',	'2023-10-16 20:29:59',	'2023-10-16 20:29:59',	2),
(205,	'Машина для мороженного0',	4934,	'652d9d477e9ec',	'2023-10-16 20:29:59',	'2023-10-16 20:29:59',	1),
(206,	'Машина для мороженного2',	2222,	'652d9d477ed22',	'2023-10-16 20:29:59',	'2023-10-16 20:29:59',	1),
(207,	'Машина для выпечки',	2592,	'652d9d477f013',	'2023-10-16 20:29:59',	'2023-10-16 20:29:59',	3),
(208,	'Машина для мороженного',	2675,	'652d9d4787967',	'2023-10-16 20:29:59',	'2023-10-16 20:29:59',	1),
(209,	'Машина для выпечки',	154,	'652d9d4787cbf',	'2023-10-16 20:29:59',	'2023-10-16 20:29:59',	3);

DROP TABLE IF EXISTS "fabric";
DROP SEQUENCE IF EXISTS fabric_id_seq;
CREATE SEQUENCE fabric_id_seq INCREMENT 1 MINVALUE 1 MAXVALUE 9223372036854775807 CACHE 1;

CREATE TABLE "public"."fabric" (
    "id" bigint DEFAULT nextval('fabric_id_seq') NOT NULL,
    "product_id" bigint NOT NULL,
    "name" character varying(255) NOT NULL,
    "hours" integer NOT NULL,
    "product_count" integer NOT NULL,
    "total_price" integer NOT NULL,
    "created_at" timestamp(0),
    "updated_at" timestamp(0),
    CONSTRAINT "fabric_pkey" PRIMARY KEY ("id")
) WITH (oids = false);

INSERT INTO "fabric" ("id", "product_id", "name", "hours", "product_count", "total_price", "created_at", "updated_at") VALUES
(2,	16,	'Что-то необычное',	12,	1200,	12000,	'2023-10-16 15:18:13',	'2023-10-16 15:18:13'),
(63,	15,	'Изготовление мороженного',	12,	108000,	1404000,	'2023-10-16 19:44:37',	'2023-10-16 19:44:37'),
(64,	3,	'Изготовление шоколада',	12,	54000,	243000000,	'2023-10-16 19:44:37',	'2023-10-16 19:44:37'),
(1,	3,	'Что-то необычное 45',	8,	36000,	162000000,	'2023-10-16 15:15:49',	'2023-10-16 15:52:08'),
(3,	15,	'Изготовление мороженного',	12,	108000,	1404000,	'2023-10-16 19:16:55',	'2023-10-16 19:16:55'),
(4,	3,	'Изготовление шоколада',	12,	54000,	243000000,	'2023-10-16 19:16:55',	'2023-10-16 19:16:55'),
(5,	18,	'Изготовление выпечки',	12,	108000,	648000,	'2023-10-16 19:16:55',	'2023-10-16 19:16:55'),
(6,	15,	'Изготовление мороженного',	12,	108000,	1404000,	'2023-10-16 19:17:23',	'2023-10-16 19:17:23'),
(7,	3,	'Изготовление шоколада',	12,	54000,	243000000,	'2023-10-16 19:17:23',	'2023-10-16 19:17:23'),
(8,	18,	'Изготовление выпечки',	12,	108000,	648000,	'2023-10-16 19:17:23',	'2023-10-16 19:17:23'),
(9,	15,	'Изготовление мороженного',	12,	108000,	1404000,	'2023-10-16 19:18:35',	'2023-10-16 19:18:35'),
(10,	3,	'Изготовление шоколада',	12,	54000,	243000000,	'2023-10-16 19:18:35',	'2023-10-16 19:18:35'),
(11,	18,	'Изготовление выпечки',	12,	108000,	648000,	'2023-10-16 19:18:35',	'2023-10-16 19:18:35'),
(12,	15,	'Изготовление мороженного',	12,	108000,	1404000,	'2023-10-16 19:18:38',	'2023-10-16 19:18:38'),
(13,	3,	'Изготовление шоколада',	12,	54000,	243000000,	'2023-10-16 19:18:38',	'2023-10-16 19:18:38'),
(14,	18,	'Изготовление выпечки',	12,	108000,	648000,	'2023-10-16 19:18:38',	'2023-10-16 19:18:38'),
(15,	15,	'Изготовление мороженного',	12,	108000,	1404000,	'2023-10-16 19:19:09',	'2023-10-16 19:19:09'),
(16,	3,	'Изготовление шоколада',	12,	54000,	243000000,	'2023-10-16 19:19:09',	'2023-10-16 19:19:09'),
(17,	18,	'Изготовление выпечки',	12,	108000,	648000,	'2023-10-16 19:19:09',	'2023-10-16 19:19:09'),
(18,	15,	'Изготовление мороженного',	12,	108000,	1404000,	'2023-10-16 19:25:42',	'2023-10-16 19:25:42'),
(19,	3,	'Изготовление шоколада',	12,	54000,	243000000,	'2023-10-16 19:25:42',	'2023-10-16 19:25:42'),
(20,	18,	'Изготовление выпечки',	12,	108000,	648000,	'2023-10-16 19:25:42',	'2023-10-16 19:25:42'),
(21,	15,	'Изготовление мороженного',	12,	108000,	1404000,	'2023-10-16 19:25:54',	'2023-10-16 19:25:54'),
(22,	3,	'Изготовление шоколада',	12,	54000,	243000000,	'2023-10-16 19:25:54',	'2023-10-16 19:25:54'),
(23,	18,	'Изготовление выпечки',	12,	108000,	648000,	'2023-10-16 19:25:54',	'2023-10-16 19:25:54'),
(24,	15,	'Изготовление мороженного',	12,	108000,	1404000,	'2023-10-16 19:26:19',	'2023-10-16 19:26:19'),
(25,	3,	'Изготовление шоколада',	12,	54000,	243000000,	'2023-10-16 19:26:19',	'2023-10-16 19:26:19'),
(26,	18,	'Изготовление выпечки',	12,	108000,	648000,	'2023-10-16 19:26:19',	'2023-10-16 19:26:19'),
(27,	15,	'Изготовление мороженного',	12,	108000,	1404000,	'2023-10-16 19:29:53',	'2023-10-16 19:29:53'),
(28,	3,	'Изготовление шоколада',	12,	54000,	243000000,	'2023-10-16 19:29:53',	'2023-10-16 19:29:53'),
(29,	18,	'Изготовление выпечки',	12,	108000,	648000,	'2023-10-16 19:29:53',	'2023-10-16 19:29:53'),
(30,	15,	'Изготовление мороженного',	12,	108000,	1404000,	'2023-10-16 19:31:12',	'2023-10-16 19:31:12'),
(31,	3,	'Изготовление шоколада',	12,	54000,	243000000,	'2023-10-16 19:31:12',	'2023-10-16 19:31:12'),
(32,	18,	'Изготовление выпечки',	12,	108000,	648000,	'2023-10-16 19:31:12',	'2023-10-16 19:31:12'),
(33,	15,	'Изготовление мороженного',	12,	108000,	1404000,	'2023-10-16 19:32:57',	'2023-10-16 19:32:57'),
(34,	3,	'Изготовление шоколада',	12,	54000,	243000000,	'2023-10-16 19:32:57',	'2023-10-16 19:32:57'),
(35,	18,	'Изготовление выпечки',	12,	108000,	648000,	'2023-10-16 19:32:57',	'2023-10-16 19:32:57'),
(36,	15,	'Изготовление мороженного',	12,	108000,	1404000,	'2023-10-16 19:33:55',	'2023-10-16 19:33:55'),
(37,	3,	'Изготовление шоколада',	12,	54000,	243000000,	'2023-10-16 19:33:55',	'2023-10-16 19:33:55'),
(38,	18,	'Изготовление выпечки',	12,	108000,	648000,	'2023-10-16 19:33:55',	'2023-10-16 19:33:55'),
(39,	15,	'Изготовление мороженного',	12,	108000,	1404000,	'2023-10-16 19:34:12',	'2023-10-16 19:34:12'),
(40,	3,	'Изготовление шоколада',	12,	54000,	243000000,	'2023-10-16 19:34:12',	'2023-10-16 19:34:12'),
(41,	18,	'Изготовление выпечки',	12,	108000,	648000,	'2023-10-16 19:34:12',	'2023-10-16 19:34:12'),
(42,	15,	'Изготовление мороженного',	12,	108000,	1404000,	'2023-10-16 19:34:22',	'2023-10-16 19:34:22'),
(43,	3,	'Изготовление шоколада',	12,	54000,	243000000,	'2023-10-16 19:34:22',	'2023-10-16 19:34:22'),
(44,	18,	'Изготовление выпечки',	12,	108000,	648000,	'2023-10-16 19:34:22',	'2023-10-16 19:34:22'),
(45,	15,	'Изготовление мороженного',	12,	108000,	1404000,	'2023-10-16 19:36:11',	'2023-10-16 19:36:11'),
(46,	3,	'Изготовление шоколада',	12,	54000,	243000000,	'2023-10-16 19:36:11',	'2023-10-16 19:36:11'),
(47,	18,	'Изготовление выпечки',	12,	108000,	648000,	'2023-10-16 19:36:11',	'2023-10-16 19:36:11'),
(48,	15,	'Изготовление мороженного',	12,	108000,	1404000,	'2023-10-16 19:36:59',	'2023-10-16 19:36:59'),
(49,	3,	'Изготовление шоколада',	12,	54000,	243000000,	'2023-10-16 19:36:59',	'2023-10-16 19:36:59'),
(50,	18,	'Изготовление выпечки',	12,	108000,	648000,	'2023-10-16 19:36:59',	'2023-10-16 19:36:59'),
(51,	15,	'Изготовление мороженного',	12,	108000,	1404000,	'2023-10-16 19:37:28',	'2023-10-16 19:37:28'),
(52,	3,	'Изготовление шоколада',	12,	54000,	243000000,	'2023-10-16 19:37:28',	'2023-10-16 19:37:28'),
(53,	18,	'Изготовление выпечки',	12,	108000,	648000,	'2023-10-16 19:37:28',	'2023-10-16 19:37:28'),
(54,	15,	'Изготовление мороженного',	12,	108000,	1404000,	'2023-10-16 19:39:26',	'2023-10-16 19:39:26'),
(55,	3,	'Изготовление шоколада',	12,	54000,	243000000,	'2023-10-16 19:39:26',	'2023-10-16 19:39:26'),
(56,	18,	'Изготовление выпечки',	12,	108000,	648000,	'2023-10-16 19:39:26',	'2023-10-16 19:39:26'),
(57,	15,	'Изготовление мороженного',	12,	108000,	1404000,	'2023-10-16 19:42:15',	'2023-10-16 19:42:15'),
(58,	3,	'Изготовление шоколада',	12,	54000,	243000000,	'2023-10-16 19:42:15',	'2023-10-16 19:42:15'),
(59,	18,	'Изготовление выпечки',	12,	108000,	648000,	'2023-10-16 19:42:15',	'2023-10-16 19:42:15'),
(60,	15,	'Изготовление мороженного',	12,	108000,	1404000,	'2023-10-16 19:43:08',	'2023-10-16 19:43:08'),
(61,	3,	'Изготовление шоколада',	12,	54000,	243000000,	'2023-10-16 19:43:08',	'2023-10-16 19:43:08'),
(62,	18,	'Изготовление выпечки',	12,	108000,	648000,	'2023-10-16 19:43:08',	'2023-10-16 19:43:08'),
(65,	18,	'Изготовление выпечки',	12,	108000,	648000,	'2023-10-16 19:44:37',	'2023-10-16 19:44:37'),
(66,	15,	'Изготовление мороженного',	12,	108000,	1404000,	'2023-10-16 19:46:57',	'2023-10-16 19:46:57'),
(67,	3,	'Изготовление шоколада',	12,	54000,	243000000,	'2023-10-16 19:46:57',	'2023-10-16 19:46:57'),
(68,	18,	'Изготовление выпечки',	12,	108000,	648000,	'2023-10-16 19:46:57',	'2023-10-16 19:46:57'),
(69,	15,	'Изготовление мороженного',	12,	108000,	1404000,	'2023-10-16 19:47:05',	'2023-10-16 19:47:05'),
(70,	3,	'Изготовление шоколада',	12,	54000,	243000000,	'2023-10-16 19:47:05',	'2023-10-16 19:47:05'),
(71,	18,	'Изготовление выпечки',	12,	108000,	648000,	'2023-10-16 19:47:05',	'2023-10-16 19:47:05'),
(72,	15,	'Изготовление мороженного',	12,	108000,	1404000,	'2023-10-16 19:47:09',	'2023-10-16 19:47:09'),
(73,	3,	'Изготовление шоколада',	12,	54000,	243000000,	'2023-10-16 19:47:09',	'2023-10-16 19:47:09'),
(74,	18,	'Изготовление выпечки',	12,	108000,	648000,	'2023-10-16 19:47:09',	'2023-10-16 19:47:09'),
(75,	15,	'Изготовление мороженного',	12,	108000,	1404000,	'2023-10-16 19:47:10',	'2023-10-16 19:47:10'),
(76,	3,	'Изготовление шоколада',	12,	54000,	243000000,	'2023-10-16 19:47:10',	'2023-10-16 19:47:10'),
(77,	18,	'Изготовление выпечки',	12,	108000,	648000,	'2023-10-16 19:47:10',	'2023-10-16 19:47:10'),
(78,	15,	'Изготовление мороженного',	12,	108000,	1404000,	'2023-10-16 19:47:11',	'2023-10-16 19:47:11'),
(79,	3,	'Изготовление шоколада',	12,	54000,	243000000,	'2023-10-16 19:47:11',	'2023-10-16 19:47:11'),
(80,	18,	'Изготовление выпечки',	12,	108000,	648000,	'2023-10-16 19:47:11',	'2023-10-16 19:47:11'),
(81,	15,	'Изготовление мороженного',	12,	108000,	1404000,	'2023-10-16 20:08:06',	'2023-10-16 20:08:06'),
(82,	3,	'Изготовление шоколада',	12,	54000,	243000000,	'2023-10-16 20:08:06',	'2023-10-16 20:08:06'),
(83,	18,	'Изготовление выпечки',	12,	108000,	648000,	'2023-10-16 20:08:06',	'2023-10-16 20:08:06'),
(84,	15,	'Изготовление мороженного',	12,	108000,	1404000,	'2023-10-16 20:09:44',	'2023-10-16 20:09:44'),
(85,	3,	'Изготовление шоколада',	12,	54000,	243000000,	'2023-10-16 20:09:44',	'2023-10-16 20:09:44'),
(86,	18,	'Изготовление выпечки',	12,	108000,	648000,	'2023-10-16 20:09:44',	'2023-10-16 20:09:44'),
(87,	15,	'Изготовление мороженного',	12,	108000,	1404000,	'2023-10-16 20:10:06',	'2023-10-16 20:10:06'),
(88,	3,	'Изготовление шоколада',	12,	54000,	243000000,	'2023-10-16 20:10:06',	'2023-10-16 20:10:06'),
(89,	18,	'Изготовление выпечки',	12,	108000,	648000,	'2023-10-16 20:10:06',	'2023-10-16 20:10:06'),
(90,	15,	'Изготовление мороженного',	12,	108000,	1404000,	'2023-10-16 20:12:00',	'2023-10-16 20:12:00'),
(91,	3,	'Изготовление шоколада',	12,	54000,	243000000,	'2023-10-16 20:12:00',	'2023-10-16 20:12:00'),
(92,	18,	'Изготовление выпечки',	12,	108000,	648000,	'2023-10-16 20:12:00',	'2023-10-16 20:12:00'),
(93,	15,	'Изготовление мороженного',	12,	108000,	1404000,	'2023-10-16 20:14:26',	'2023-10-16 20:14:26'),
(94,	3,	'Изготовление шоколада',	12,	54000,	243000000,	'2023-10-16 20:14:26',	'2023-10-16 20:14:26'),
(95,	18,	'Изготовление выпечки',	12,	108000,	648000,	'2023-10-16 20:14:26',	'2023-10-16 20:14:26'),
(96,	15,	'Изготовление мороженного',	12,	108000,	1404000,	'2023-10-16 20:14:26',	'2023-10-16 20:14:26'),
(97,	3,	'Изготовление шоколада',	12,	54000,	243000000,	'2023-10-16 20:14:26',	'2023-10-16 20:14:26'),
(98,	18,	'Изготовление выпечки',	12,	108000,	648000,	'2023-10-16 20:14:26',	'2023-10-16 20:14:26'),
(105,	15,	'Изготовление мороженного',	12,	108000,	1404000,	'2023-10-16 20:21:29',	'2023-10-16 20:21:29'),
(106,	3,	'Изготовление шоколада',	12,	54000,	243000000,	'2023-10-16 20:21:29',	'2023-10-16 20:21:29'),
(107,	18,	'Изготовление выпечки',	12,	108000,	648000,	'2023-10-16 20:21:29',	'2023-10-16 20:21:29'),
(108,	15,	'Изготовление мороженного',	12,	108000,	1404000,	'2023-10-16 20:21:29',	'2023-10-16 20:21:29'),
(109,	3,	'Изготовление шоколада',	12,	54000,	243000000,	'2023-10-16 20:21:29',	'2023-10-16 20:21:29'),
(110,	18,	'Изготовление выпечки',	12,	108000,	648000,	'2023-10-16 20:21:29',	'2023-10-16 20:21:29'),
(111,	15,	'Изготовление мороженного',	12,	108000,	1404000,	'2023-10-16 20:29:59',	'2023-10-16 20:29:59'),
(112,	3,	'Изготовление шоколада',	12,	54000,	243000000,	'2023-10-16 20:29:59',	'2023-10-16 20:29:59'),
(113,	18,	'Изготовление выпечки',	12,	108000,	648000,	'2023-10-16 20:29:59',	'2023-10-16 20:29:59'),
(114,	15,	'Изготовление мороженного',	12,	108000,	1404000,	'2023-10-16 20:29:59',	'2023-10-16 20:29:59'),
(115,	3,	'Изготовление шоколада',	12,	54000,	243000000,	'2023-10-16 20:29:59',	'2023-10-16 20:29:59'),
(116,	18,	'Изготовление выпечки',	12,	108000,	648000,	'2023-10-16 20:29:59',	'2023-10-16 20:29:59');

DROP TABLE IF EXISTS "failed_jobs";
DROP SEQUENCE IF EXISTS failed_jobs_id_seq;
CREATE SEQUENCE failed_jobs_id_seq INCREMENT 1 MINVALUE 1 MAXVALUE 9223372036854775807 CACHE 1;

CREATE TABLE "public"."failed_jobs" (
    "id" bigint DEFAULT nextval('failed_jobs_id_seq') NOT NULL,
    "uuid" character varying(255) NOT NULL,
    "connection" text NOT NULL,
    "queue" text NOT NULL,
    "payload" text NOT NULL,
    "exception" text NOT NULL,
    "failed_at" timestamp(0) DEFAULT CURRENT_TIMESTAMP NOT NULL,
    CONSTRAINT "failed_jobs_pkey" PRIMARY KEY ("id"),
    CONSTRAINT "failed_jobs_uuid_unique" UNIQUE ("uuid")
) WITH (oids = false);


DROP TABLE IF EXISTS "migrations";
DROP SEQUENCE IF EXISTS migrations_id_seq;
CREATE SEQUENCE migrations_id_seq INCREMENT 1 MINVALUE 1 MAXVALUE 2147483647 CACHE 1;

CREATE TABLE "public"."migrations" (
    "id" integer DEFAULT nextval('migrations_id_seq') NOT NULL,
    "migration" character varying(255) NOT NULL,
    "batch" integer NOT NULL,
    CONSTRAINT "migrations_pkey" PRIMARY KEY ("id")
) WITH (oids = false);

INSERT INTO "migrations" ("id", "migration", "batch") VALUES
(1,	'2014_10_12_000000_create_users_table',	1),
(2,	'2014_10_12_100000_create_password_reset_tokens_table',	1),
(3,	'2019_08_19_000000_create_failed_jobs_table',	1),
(4,	'2019_12_14_000001_create_personal_access_tokens_table',	1),
(5,	'2023_10_16_082410_create_equipments_table',	2),
(6,	'2023_10_16_082422_create_products_table',	2),
(7,	'2023_10_16_082736_create_fabric_table',	2),
(8,	'2023_10_16_112221_create_equipment_types_table',	3),
(9,	'2023_10_16_112320_update_change_column_equipment_table',	4);

DROP TABLE IF EXISTS "password_reset_tokens";
CREATE TABLE "public"."password_reset_tokens" (
    "email" character varying(255) NOT NULL,
    "token" character varying(255) NOT NULL,
    "created_at" timestamp(0),
    CONSTRAINT "password_reset_tokens_pkey" PRIMARY KEY ("email")
) WITH (oids = false);


DROP TABLE IF EXISTS "personal_access_tokens";
DROP SEQUENCE IF EXISTS personal_access_tokens_id_seq;
CREATE SEQUENCE personal_access_tokens_id_seq INCREMENT 1 MINVALUE 1 MAXVALUE 9223372036854775807 CACHE 1;

CREATE TABLE "public"."personal_access_tokens" (
    "id" bigint DEFAULT nextval('personal_access_tokens_id_seq') NOT NULL,
    "tokenable_type" character varying(255) NOT NULL,
    "tokenable_id" bigint NOT NULL,
    "name" character varying(255) NOT NULL,
    "token" character varying(64) NOT NULL,
    "abilities" text,
    "last_used_at" timestamp(0),
    "expires_at" timestamp(0),
    "created_at" timestamp(0),
    "updated_at" timestamp(0),
    CONSTRAINT "personal_access_tokens_pkey" PRIMARY KEY ("id"),
    CONSTRAINT "personal_access_tokens_token_unique" UNIQUE ("token")
) WITH (oids = false);

CREATE INDEX "personal_access_tokens_tokenable_type_tokenable_id_index" ON "public"."personal_access_tokens" USING btree ("tokenable_type", "tokenable_id");

INSERT INTO "personal_access_tokens" ("id", "tokenable_type", "tokenable_id", "name", "token", "abilities", "last_used_at", "expires_at", "created_at", "updated_at") VALUES
(1,	'App\Models\User',	1,	'login',	'5d9a60f0b63491abc63286f9f39656a88678d7f315f8a05278f66f76161c3d40',	'["*"]',	'2023-10-16 20:29:59',	NULL,	'2023-10-16 11:17:13',	'2023-10-16 20:29:59');

DROP TABLE IF EXISTS "products";
DROP SEQUENCE IF EXISTS products_id_seq;
CREATE SEQUENCE products_id_seq INCREMENT 1 MINVALUE 1 MAXVALUE 9223372036854775807 CACHE 1;

CREATE TABLE "public"."products" (
    "id" bigint DEFAULT nextval('products_id_seq') NOT NULL,
    "equipment_id" bigint NOT NULL,
    "name" character varying(255) NOT NULL,
    "price" integer NOT NULL,
    "expiration_date" integer NOT NULL,
    "created_at" timestamp(0),
    "updated_at" timestamp(0),
    CONSTRAINT "products_pkey" PRIMARY KEY ("id")
) WITH (oids = false);

INSERT INTO "products" ("id", "equipment_id", "name", "price", "expiration_date", "created_at", "updated_at") VALUES
(3,	8,	'Шоколад',	4500,	5,	'2023-10-16 13:40:18',	'2023-10-16 13:40:18'),
(15,	7,	'Рожок мороженного',	13,	12,	'2023-10-16 13:44:10',	'2023-10-16 13:44:10'),
(16,	5,	'Эклеры',	10,	1,	'2023-10-16 13:45:12',	'2023-10-16 13:45:12'),
(17,	6,	'Эклеры с шоколадом',	25,	1,	'2023-10-16 13:45:39',	'2023-10-16 13:45:39'),
(18,	7,	'Печенье',	6,	6,	'2023-10-16 13:51:15',	'2023-10-16 13:51:15'),
(19,	7,	'Печенье',	6,	6,	'2023-10-16 13:51:15',	'2023-10-16 13:51:15');

DROP TABLE IF EXISTS "users";
DROP SEQUENCE IF EXISTS users_id_seq;
CREATE SEQUENCE users_id_seq INCREMENT 1 MINVALUE 1 MAXVALUE 9223372036854775807 CACHE 1;

CREATE TABLE "public"."users" (
    "id" bigint DEFAULT nextval('users_id_seq') NOT NULL,
    "name" character varying(255) NOT NULL,
    "email" character varying(255) NOT NULL,
    "email_verified_at" timestamp(0),
    "password" character varying(255) NOT NULL,
    "remember_token" character varying(100),
    "created_at" timestamp(0),
    "updated_at" timestamp(0),
    CONSTRAINT "users_email_unique" UNIQUE ("email"),
    CONSTRAINT "users_pkey" PRIMARY KEY ("id")
) WITH (oids = false);

INSERT INTO "users" ("id", "name", "email", "email_verified_at", "password", "remember_token", "created_at", "updated_at") VALUES
(1,	'Данила',	'pochinok.ru@gmail.com',	NULL,	'$2y$10$UWqHLfy/YE2s1Iv2Fo8fzuYOFnrdbYa7YDxX3ya017LKg9HgbXVX.',	NULL,	'2023-10-16 11:17:08',	'2023-10-16 11:17:08');

ALTER TABLE ONLY "public"."equipments" ADD CONSTRAINT "equipments_type_id_foreign" FOREIGN KEY (type_id) REFERENCES equipment_types(id) ON DELETE CASCADE NOT DEFERRABLE;

ALTER TABLE ONLY "public"."fabric" ADD CONSTRAINT "fabric_product_id_foreign" FOREIGN KEY (product_id) REFERENCES products(id) ON DELETE CASCADE NOT DEFERRABLE;

ALTER TABLE ONLY "public"."products" ADD CONSTRAINT "products_equipment_id_foreign" FOREIGN KEY (equipment_id) REFERENCES equipments(id) ON DELETE CASCADE NOT DEFERRABLE;

-- 2023-10-17 05:24:42.99858+00
