INSERT INTO SHIP (ID, NAME, MAX_NUMBER_OF_PASSENGERS, MAX_NUMBER_OF_VEHICLES) VALUES (1, 'Das Boot', 230, 25);

INSERT INTO ROUTE (ID,  NUMBER_OF_PASSENGERS, NUMBER_OF_VEHICLES, PORT_OF_DEPARTURE, EXPECTED_DEPARTURE_TIME, PORT_OF_ARRIVAL, EXPECTED_ARRIVAL_TIME, PRICE, SHIP_ID)
	VALUES (1, 0, 0, 'CALAIS', NOW() + interval '1 day', 'DOVER', NOW() + interval '1 day 30 minutes', 125, 1);
INSERT INTO ROUTE (ID,  NUMBER_OF_PASSENGERS, NUMBER_OF_VEHICLES, PORT_OF_DEPARTURE, EXPECTED_DEPARTURE_TIME, PORT_OF_ARRIVAL, EXPECTED_ARRIVAL_TIME, PRICE, SHIP_ID)
	VALUES (2, 0, 0, 'CALAIS', NOW() + interval '1 day', 'DOVER', NOW() + interval '1 day 30 minutes', 225, 1);
INSERT INTO ROUTE (ID,  NUMBER_OF_PASSENGERS, NUMBER_OF_VEHICLES, PORT_OF_DEPARTURE, EXPECTED_DEPARTURE_TIME, PORT_OF_ARRIVAL, EXPECTED_ARRIVAL_TIME, PRICE, SHIP_ID)
	VALUES (3, 0, 0, 'DOVER', NOW() + interval '2 days', 'CALAIS', NOW() + interval '2 days 1 hour 30 minutes', 150, 1);
INSERT INTO ROUTE (ID,  NUMBER_OF_PASSENGERS, NUMBER_OF_VEHICLES, PORT_OF_DEPARTURE, EXPECTED_DEPARTURE_TIME, PORT_OF_ARRIVAL, EXPECTED_ARRIVAL_TIME, PRICE, SHIP_ID)
	VALUES (4, 0, 0, 'DOVER', NOW() + interval '3 hours', 'CALAIS', NOW() + interval '4 hours 30 minutes', 175, 1);


INSERT INTO CUSTOMER (ID, NAME, VIP_LEVEL) VALUES (1, 'Barbe noire', 'MOSS');

INSERT INTO VOYAGE (ID, CUSTOMER_ID) VALUES (1, 1);
INSERT INTO LEG (ID, STATUS, VOYAGE_ID, ROUTE_ID) VALUES (1, 'BOOKED', 1, 1);

INSERT INTO VOYAGE (ID, CUSTOMER_ID) VALUES (2, 1);
INSERT INTO LEG (ID, STATUS, VOYAGE_ID, ROUTE_ID) VALUES (2, 'DISEMBARKED', 2, 2);
INSERT INTO LEG (ID, STATUS, VOYAGE_ID, ROUTE_ID) VALUES (3, 'BOARDED', 2, 4);


INSERT INTO CUSTOMER (ID, NAME, VIP_LEVEL) VALUES (2, 'Magellan', 'OFFICER');

INSERT INTO VOYAGE (ID, CUSTOMER_ID) VALUES (3, 2);
INSERT INTO LEG (ID, STATUS, VOYAGE_ID, ROUTE_ID) VALUES (4, 'BOOKED', 1, 3);

INSERT INTO CUSTOMER (ID, NAME, VIP_LEVEL) VALUES (3, 'Silver', 'CAPTAIN');

INSERT INTO DISCOUNT(ID, RATE) VALUES (1, 5.05);