-- phpMyAdmin SQL Dump
-- version 4.8.5
-- https://www.phpmyadmin.net/
--
-- Hôte : 127.0.0.1:3306
-- Généré le :  lun. 21 oct. 2019 à 06:54
-- Version du serveur :  5.7.26
-- Version de PHP :  7.2.18

SET FOREIGN_KEY_CHECKS=0;
SET SQL_MODE = "NO_AUTO_VALUE_ON_ZERO";
SET AUTOCOMMIT = 0;
START TRANSACTION;
SET time_zone = "+00:00";


/*!40101 SET @OLD_CHARACTER_SET_CLIENT=@@CHARACTER_SET_CLIENT */;
/*!40101 SET @OLD_CHARACTER_SET_RESULTS=@@CHARACTER_SET_RESULTS */;
/*!40101 SET @OLD_COLLATION_CONNECTION=@@COLLATION_CONNECTION */;
/*!40101 SET NAMES utf8mb4 */;

--
-- Base de données :  `pivot`
--
CREATE DATABASE IF NOT EXISTS `pivot` DEFAULT CHARACTER SET utf8 COLLATE utf8_general_ci;
USE `pivot`;

-- --------------------------------------------------------

--
-- Structure de la table `affaires`
--
-- Création :  ven. 23 août 2019 à 12:24
--

DROP TABLE IF EXISTS `affaires`;
CREATE TABLE IF NOT EXISTS `affaires` (
  `id` varchar(100) NOT NULL,
  `id_client` int(10) UNSIGNED DEFAULT NULL,
  `designation` varchar(255) DEFAULT NULL,
  `montant` float DEFAULT '0',
  `date_creation` date DEFAULT NULL,
  `etat` varchar(50) DEFAULT NULL,
  `login_chef_projet` varchar(255) DEFAULT NULL,
  PRIMARY KEY (`id`),
  KEY `fk_chef_projet` (`login_chef_projet`),
  KEY `affaires_ibfk_1` (`id_client`)
) ENGINE=InnoDB DEFAULT CHARSET=utf8;

--
-- Tronquer la table avant d'insérer `affaires`
--

TRUNCATE TABLE `affaires`;
--
-- Déchargement des données de la table `affaires`
--

INSERT INTO `affaires` (`id`, `id_client`, `designation`, `montant`, `date_creation`, `etat`, `login_chef_projet`) VALUES
('E.0017212.1.01', 1, 'CONCEPTION IRIS 2    73.D.01', 0, NULL, NULL, 'sebastien.gagnier@actemium.com'),
('E.0017271.1.01', 2, 'MISE A JOUR VENUS 2 73A01', 0, NULL, NULL, 'sebastien.gagnier@actemium.com'),
('E.0017280.1.01', 3, 'ILOT ROBOT INVERS 67 C 11', 0, NULL, NULL, 'geoffrey.laroudie@actemium.com'),
('E.0017533.1.01', 1, 'RENOVATION BD ALPHA URG 73.H.01', 0, NULL, NULL, 'sebastien.gagnier@actemium.com'),
('E.0018382.1.01', 26, 'DEMONTAGE MACHINE A LAVER BDF  67.A.19', 0, NULL, NULL, 'sylvain.canovas@actemium.com'),
('E.0018679.1.01', 13, 'BANC FINITION 2  67.F.09', 0, NULL, NULL, NULL),
('E.Z006924.1.11', 4, 'BDF EMBALLAGE AVAL', 0, NULL, NULL, 'aurelien.desribes@actemium.com'),
('E.Z006927.1.01', 5, '04100190058 - ETUDE + PROTO NETTOYAGE TA', 0, NULL, NULL, NULL),
('F.0013412.1.01', 6, 'AFFAIRE FAST CLOSE - UA 13412', 0, NULL, NULL, NULL),
('P.0147767.A.03', 7, 'MTPE LM2066 ETUDE+2EX', 0, NULL, NULL, 'bruno.chaussidon@actemium.com'),
('P.0147767.A.08', 8, 'ETUDES ET RÉALISATIONS OUTILLAGE CRB', 0, NULL, NULL, 'geoffrey.laroudie@actemium.com'),
('P.0147767.A.09', 4, 'BDF EMBALLAGE AVAL - ILOT EXPORT', 0, NULL, NULL, 'aurelien.desribes@actemium.com'),
('P.0147767.A.11', 3, 'AVP UNITE PROD LARVES', 0, NULL, NULL, 'geoffrey.laroudie@actemium.com'),
('P.0147767.A.14', 9, 'MONTAGE DECANTEUR ET SABLEUSE', 0, NULL, NULL, 'sylvain.canovas@actemium.com'),
('P.0147767.A.16', 10, 'VR CABINE MANIPULATEUR', 0, NULL, NULL, 'baptiste.tifine@actemium.com'),
('P.0147767.A.17', 11, 'ETUDES SKATE SUPPORT CAMERA', 0, NULL, NULL, 'bruno.chaussidon@actemium.com'),
('P.0147767.A.18', 23, 'OT DE DEMONTAGE SCALP', 0, NULL, NULL, NULL),
('P.0147767.A.19', 26, 'DEMONTAGE MACHINE A LAVER BDF', 0, NULL, NULL, 'sylvain.canovas@actemium.com'),
('P.0147767.B.03', 7, 'OT SUPPORT CHAMBRE ANECHOIDE', 0, NULL, NULL, 'bruno.chaussidon@actemium.com'),
('P.0147767.B.06', 12, 'OUVRANT COUVERCLEUSE FDL MECA', 0, NULL, NULL, NULL),
('P.0147767.B.09', 4, 'PDR + FORMATIONS EMBALLAGE AVAL', 0, NULL, NULL, NULL),
('P.0147767.B.11', 3, 'CHARIOT MOBILE ASPERSION', 0, NULL, NULL, 'geoffrey.laroudie@actemium.com'),
('P.0147767.C.06', 12, 'PLATEAU CONVOYEUR ALVEOLES', 0, NULL, NULL, NULL),
('P.0147767.C.10', 17, 'MODIFICATION MISE EN BOITE N°2 LAMBO 2', 0, NULL, NULL, NULL),
('P.0147767.C.11', 3, 'UNITE PILOTE', 0, NULL, NULL, 'geoffrey.laroudie@actemium.com'),
('P.0147767.D.02', 2, 'RENOVATION BNS 2A CAR', 0, NULL, NULL, NULL),
('P.0147767.D.06', 12, 'MODIFICATIONS MAGASIN COUVERCLES 250G EF', 0, NULL, NULL, 'jean-francois.mondary@actemium.com'),
('P.0147767.E.09', 13, 'PDR FORMAIRES', 0, NULL, NULL, 'stephane2.morin@actemium.com'),
('P.0147767.F.03', 7, 'MTP LM3066 N°4 ET 5', 0, NULL, NULL, NULL),
('P.0147767.F.09', 13, 'BANC FINITION 2', 0, NULL, NULL, 'aurelien.desribes@actemium.com'),
('P.0147767.G.03', 7, 'ETUDE OUTILLAGE FOND AVANT', 0, NULL, NULL, NULL),
('P.0147767.H.02', 2, 'TT ID BKR BBG', 0, NULL, NULL, NULL),
('P.0147767.H.03', 7, 'AVP BATIS ASSEMBLAGE MICA NG', 0, NULL, NULL, NULL),
('P.0147767.I.01', 1, 'RENOVATION BNS ATS UFR', 0, NULL, NULL, NULL),
('P.0147767.K.02', 2, 'REGISTER BCE', 0, NULL, NULL, 'bruno.chaussidon@actemium.com'),
('P.0147767.M.01', 1, 'PMBF VIT', 0, NULL, NULL, 'sebastien.gagnier@actemium.com'),
('P.0147767.O.01', 1, 'ETUDES DECHAPEUSE T5', 0, NULL, NULL, 'geoffrey.laroudie@actemium.com'),
('P.0147767.P.02', 2, 'TT ID CHO', 0, NULL, NULL, 'sebastien.gagnier@actemium.com'),
('P.0147767.Q.01', 1, 'REMPLACEMENT TC800 CTX C2', 0, NULL, NULL, 'sylvain.canovas@actemium.com'),
('P.0147767.S.01', 1, 'SUJETS LYRE', 0, NULL, NULL, 'stephane2.morin@actemium.com'),
('P.0147767.S.02', 2, 'COUPEUSE STEELASTIC CTX', 0, NULL, NULL, NULL),
('P.0147767.T.02', 2, 'MODIFICATION MES', 0, NULL, NULL, NULL),
('P.0147767.V.02', 2, 'ETUDES BD GI FIN DE LIGNE GRV', 0, NULL, NULL, NULL),
('P.0147767.W.02', 2, 'MINI SPLASH NYH (X2)', 0, NULL, NULL, 'sebastien.gagnier@actemium.com'),
('P.0147767.X.02', 2, 'MES SUNU-SCREEN2-SOI2', 0, NULL, NULL, 'sylvain.canovas@actemium.com'),
('P.0147767.Y.02', 2, 'INSTALLATION TT ID PL RFID LDX', 0, NULL, NULL, NULL),
('P.0147767.Z.02', 2, 'ENR BD6 CTX', 0, NULL, NULL, NULL),
('P.0189473.A.01', 1, 'MISE A JOUR VENUS 2', 0, NULL, NULL, 'sebastien.gagnier@actemium.com'),
('P.0189473.A.02', 2, 'GNGP Z4L EVOLUTIONS', 0, NULL, NULL, NULL),
('P.0189473.C.01', 1, 'MISE A JOUR BM-SP', 0, NULL, NULL, NULL),
('P.0189473.D.01', 1, 'CONCEPTION IRIS 2', 0, NULL, NULL, NULL),
('P.0189473.E.01', 1, 'FAISABILITE BM SP SERIE', 0, NULL, NULL, NULL),
('P.0189473.F.01', 1, 'RESSOURCE PLATEAU INGENIERIE CUISSON', 0, NULL, NULL, NULL),
('P.0189473.G.01', 1, 'RESSOURCE PLATEAU SERVICE ASSEMBLAGE', 0, NULL, NULL, NULL),
('P.0189473.H.01', 1, 'RÉNOVATION BD ALPHA URG', 0, NULL, NULL, 'sebastien.gagnier@actemium.com'),
('P.0189473.I.01', 1, 'VERIF DONNEES CIME', 0, NULL, NULL, NULL),
('P.0189473.J.01', 1, 'MIXING RESSOURCE PLATEAU', 0, NULL, NULL, NULL),
('P.0189473.K.01', 2, 'MINI SPLASH CNO (X4)', 0, NULL, NULL, NULL),
('P.0189473.L.01', 2, 'TT ID GAW VCT (X4)', 0, NULL, NULL, NULL),
('P.0189473.M.01', 1, 'ETUDE MX7 APPRO K7', 0, NULL, NULL, NULL),
('P.0189473.N.01', 1, 'TRANSITIQUE BM AS SP', 0, NULL, NULL, NULL),
('P.0189473.O.01', 1, 'REALISATION COUPEUSE LYRE', 0, NULL, NULL, NULL),
('P.0189473.P.01', 1, 'AVP EVACUATIONS CHUTES', 0, NULL, NULL, NULL),
('P.0189473.Q.01', 1, 'MÀJ + EVOL PROTO OSIRIS', 0, NULL, NULL, NULL),
('P.Z020441.1.02', 14, '04100104004 - DEMOLITION GENIE CIVIL AQU', 0, NULL, NULL, NULL),
('P.Z020443.1.10', 4, '04221 -  ISI PACK 1&2 + AIV1', 0, NULL, NULL, NULL),
('P.Z020443.1.11', 4, '04222 - EMBALLAGE : LIGNE CARTON', 0, NULL, NULL, NULL),
('P.Z020443.1.12', 4, '04223 - EMBALLAGE : PALETTISATION', 0, NULL, NULL, NULL),
('P.Z020443.1.13', 4, '04224 - EMBALLAGE : ISIPACK 3 À 6', 0, NULL, NULL, 'aurelien.desribes@actemium.com'),
('Z.REP_F348.1.01', 6, 'ENCAISSEMENT / DÉCAISSEMENT', 0, NULL, NULL, NULL);

-- --------------------------------------------------------

--
-- Structure de la table `clients`
--
-- Création :  ven. 23 août 2019 à 12:24
--

DROP TABLE IF EXISTS `clients`;
CREATE TABLE IF NOT EXISTS `clients` (
  `id` int(10) UNSIGNED NOT NULL AUTO_INCREMENT,
  `nom` varchar(100) NOT NULL,
  PRIMARY KEY (`id`),
  UNIQUE KEY `id_client` (`id`)
) ENGINE=InnoDB AUTO_INCREMENT=27 DEFAULT CHARSET=utf8;

--
-- Tronquer la table avant d'insérer `clients`
--

TRUNCATE TABLE `clients`;
--
-- Déchargement des données de la table `clients`
--

INSERT INTO `clients` (`id`, `nom`) VALUES
(1, 'MFP Michelin'),
(2, 'AUVERGNE PRODUCTIQUE INGENIERIE'),
(3, 'INVERS'),
(4, 'BANQUE DE FRANCE'),
(5, 'STE DES ATELIERS LOUIS VUITTON'),
(6, '.'),
(7, 'MBDA FRANCE'),
(8, 'REXIAA'),
(9, 'MS'),
(10, 'AUBERT & DUVAL'),
(11, 'ACS FRANCE'),
(12, 'FROMARSAC'),
(13, 'EUROPAFI'),
(14, 'ALCYON'),
(15, 'CIGMA ILE DE FRANCE'),
(16, 'OBERTHUR FIDUCIAIRE SAS'),
(17, 'UNILEVER FRANCE HPC INDUSTRIES'),
(18, 'BIOMERIEUX SA'),
(19, 'GOODYEAR FRANCE'),
(20, 'ARIANEGROUP SAS'),
(21, 'NBC SYS'),
(22, 'COMMUNAUTE D\'AGLOMERATION'),
(23, 'INDUSTHEO'),
(24, 'CARTOLUX'),
(25, 'KAWNEER'),
(26, 'MEDIACO AUVERGNE');

-- --------------------------------------------------------

--
-- Structure de la table `commandes`
--
-- Création :  ven. 23 août 2019 à 12:24
--

DROP TABLE IF EXISTS `commandes`;
CREATE TABLE IF NOT EXISTS `commandes` (
  `id` int(11) NOT NULL,
  `version` int(11) NOT NULL DEFAULT '0',
  `delais` date DEFAULT NULL,
  `observation` varchar(255) DEFAULT NULL,
  PRIMARY KEY (`id`,`version`) USING BTREE
) ENGINE=InnoDB DEFAULT CHARSET=utf8;

--
-- Tronquer la table avant d'insérer `commandes`
--

TRUNCATE TABLE `commandes`;
-- --------------------------------------------------------

--
-- Structure de la table `commandes_elements`
--
-- Création :  ven. 23 août 2019 à 12:24
--

DROP TABLE IF EXISTS `commandes_elements`;
CREATE TABLE IF NOT EXISTS `commandes_elements` (
  `id_commande` int(11) NOT NULL,
  `id_element` int(11) NOT NULL,
  `id_fabricant` int(11) NOT NULL,
  `prix_u` float DEFAULT NULL,
  `quantite` int(11) DEFAULT NULL,
  `prix` float DEFAULT NULL,
  `date_reception` date DEFAULT NULL,
  `conformite` varchar(255) DEFAULT NULL,
  `date_debut` date DEFAULT NULL,
  `date_fin` date DEFAULT NULL,
  PRIMARY KEY (`id_commande`,`id_element`,`id_fabricant`),
  KEY `fk_ligneCommande_pieceEnsemble1_idx` (`id_commande`),
  KEY `id_piece` (`id_element`,`id_fabricant`),
  KEY `commandes_pieces_ibfk_3` (`id_fabricant`)
) ENGINE=InnoDB DEFAULT CHARSET=utf8;

--
-- Tronquer la table avant d'insérer `commandes_elements`
--

TRUNCATE TABLE `commandes_elements`;
-- --------------------------------------------------------

--
-- Structure de la table `domaines_fabricants`
--
-- Création :  ven. 23 août 2019 à 12:24
--

DROP TABLE IF EXISTS `domaines_fabricants`;
CREATE TABLE IF NOT EXISTS `domaines_fabricants` (
  `nom` varchar(100) NOT NULL,
  PRIMARY KEY (`nom`)
) ENGINE=InnoDB DEFAULT CHARSET=utf8;

--
-- Tronquer la table avant d'insérer `domaines_fabricants`
--

TRUNCATE TABLE `domaines_fabricants`;
-- --------------------------------------------------------

--
-- Structure de la table `elements`
--
-- Création :  ven. 23 août 2019 à 12:24
-- Dernière modification :  lun. 21 oct. 2019 à 06:45
--

DROP TABLE IF EXISTS `elements`;
CREATE TABLE IF NOT EXISTS `elements` (
  `id` int(100) NOT NULL AUTO_INCREMENT,
  `numero_plan` varchar(100) DEFAULT NULL,
  `indice` varchar(5) NOT NULL DEFAULT '!',
  `designation` varchar(255) DEFAULT NULL,
  `type` varchar(255) DEFAULT NULL,
  `fabrication` varchar(255) DEFAULT NULL,
  `traitement_surface` varchar(255) DEFAULT NULL,
  PRIMARY KEY (`id`),
  UNIQUE KEY `numero_plan` (`numero_plan`)
) ENGINE=InnoDB AUTO_INCREMENT=1297 DEFAULT CHARSET=utf8;

--
-- Tronquer la table avant d'insérer `elements`
--

TRUNCATE TABLE `elements`;
--
-- Déchargement des données de la table `elements`
--

INSERT INTO `elements` (`id`, `numero_plan`, `indice`, `designation`, `type`, `fabrication`, `traitement_surface`) VALUES
(0, '/', 'b', NULL, NULL, NULL, NULL),
(1, '67C11-000-000', 'A', '', 'ens', '', ''),
(2, '67C11-010-000', 'A', 'ENS ROBOT', 'ens', '', ''),
(3, '67C11-020-000', 'A', 'ENS PREHENSEUR BACS', 'ens', NULL, NULL),
(4, '67C11-030-000', 'A', 'ENS CONVOYEUR BACS + TAMISEUR', 'ens', NULL, NULL),
(5, '67C11-040-000', 'A', 'ENS BUFFER PALETTES', 'ens', NULL, NULL),
(6, '67C11-050-000', 'A', 'ENS ENCEINTE GRILLAGEE', 'ens', NULL, NULL),
(7, '67C11-060-000', '!', 'ENS BARRIRE IMMATERIELLE', 'com', NULL, NULL),
(8, '67C11-070-000', 'A', 'ENS IHM', 'ens', NULL, NULL),
(9, NULL, '!', 'Protection pour pieds d\'échelle', 'com', NULL, NULL),
(10, NULL, '!', 'Protection arrondie pour pieds d\'échelle', 'com', '', ''),
(11, NULL, '!', 'BAIE ROBOT R-30iB Taille A', 'com', '', ''),
(12, '67C11-020-001', 'A', 'EQUERRE INTERFACE ROBOT', 'ens', NULL, NULL),
(13, '67C11-020-003', 'A', 'CASSETTE', 'ens', NULL, NULL),
(14, '67C11-020-002', 'A', 'CASSETTE MOTORISEE', 'ens', NULL, NULL),
(15, '67C11-020-011', 'a', 'PLATINE PRINCIPALE', 'meca', 'usi', NULL),
(16, '67C11-020-012', 'a', 'AXE PREHENSEUR', 'meca', 'usi', NULL),
(17, '67C11-020-013', 'a', 'LEVIER DE CRABOTAGE', 'meca', 'usi', NULL),
(18, '67C11-020-014', 'a', 'CRABOT', 'meca', 'usi', NULL),
(19, '67C11-020-015', 'a', 'GRIFFE DE PREHENSION', 'meca', 'tolerie', NULL),
(20, '67C11-020-019', 'a', 'ANNEAU ENTRETOISE', 'meca', NULL, NULL),
(21, '67C11-020-020', 'a', 'BUTEE AXE 180°', 'meca', 'tolerie', NULL),
(22, '67C11-020-021', 'a', 'BUTEE AXE 180° SYM', 'meca', 'tolerie', NULL),
(23, '67C11-020-022', 'a', 'POULIE MOTRICE', 'meca', 'usi', NULL),
(24, '67C11-020-023', 'a', 'PLATEAU VERROU', 'meca', 'usi', NULL),
(25, '67C11-020-024', 'a', 'ARBRE VERROU', 'meca', 'usi', NULL),
(26, '67C11-020-025', 'a', 'BOITIER ROULEMENT VERROU', 'meca', NULL, NULL),
(27, '67C11-020-026', 'a', 'PLATINE SUPPORT CASSETTE', 'meca', 'usi', NULL),
(28, '67C11-020-027', 'a', 'RENFORT SUPPORT CASSETTE', 'meca', 'usi', NULL),
(29, '67C11-020-044', 'a', 'RONDELLE BRIDAGE MOTEUR', 'meca', 'usi', NULL),
(30, '67C11-020-046', 'a', 'CLOCHE MOTEUR', 'meca', 'usi', NULL),
(31, '67C11-020-045', 'a', 'BRIDAGE MOTEUR', 'meca', 'usi', NULL),
(32, '67C11-020-047', 'a', 'ENTRETOISE MOTEUR', 'meca', 'usi', NULL),
(33, '67C11-020-048', 'a', 'ENTRETOISE VOLET', 'meca', 'usi', NULL),
(34, '67C11-020-049', 'a', 'ARBRE DE TRANSMISSION', 'meca', 'usi', NULL),
(35, '67C11-020-050', 'a', 'RENFORT VOLET', 'meca', 'usi', NULL),
(36, '67C11-020-051', 'a', 'RENFORT VOLET SYM', 'meca', 'usi', NULL),
(37, '67C11-020-052', 'a', 'ENTRTOISE VOLET', 'meca', 'usi', NULL),
(38, '67C11-020-053', 'a', 'VOLET', 'meca', 'usi plast', NULL),
(39, '67C11-020-054', 'a', 'PLAQUE DE FERMETURE LATERAL', 'meca', 'tolerie', NULL),
(40, '67C11-020-055', 'a', 'PLAQUE DE FERMETURE LONGITUDINAL', 'meca', 'usi plast', NULL),
(41, '67C11-020-056', 'a', 'PLAQUE ENTRETOISE CAPTEUR', 'meca', 'usi', NULL),
(42, '67C11-020-057', 'a', 'BRIDAGE MOTEUR ROTATION', 'meca', 'usi', NULL),
(43, '67C11-020-058', 'a', 'BLOC TENSION MOTEUR ROTATION', 'meca', 'usi', NULL),
(44, '67C11-020-059', 'a', 'CAPOT MOTEUR', 'meca', 'tolerie', NULL),
(45, '67C11-020-060', 'a', 'CAPOT NON MOTORISÉ', 'meca', 'tolerie', NULL),
(46, '67C11-020-061', 'a', 'ENTRETOISE MOTEUR ROTATION', 'meca', 'usi', NULL),
(47, '67C11-020-062', 'a', 'VERROU BAC', 'meca', 'usi', NULL),
(48, '67C11-020-063', 'a', 'PLATINE VERROU BAC', 'meca', 'usi', NULL),
(49, '67C11-020-064', 'a', 'TRINGLE', 'meca', 'usi', NULL),
(50, '67C11-020-065', 'a', 'PLAQUE VOLET', 'meca', 'usi', NULL),
(51, '67C11-020-066', 'a', 'SUPPORT GAINE ROBOT', 'meca', 'tolerie', NULL),
(52, '67C11-020-068', 'a', 'PATIN DE FROTTEMENT', 'meca', 'usi plast', NULL),
(53, NULL, '!', 'Palier à semelle  ESTM-GT-GT  igubal', 'com', NULL, NULL),
(54, NULL, '!', 'Plateau tournant iglidur PRT-01', 'com', NULL, NULL),
(55, NULL, '!', ' Courroie AT10/660', 'com', NULL, NULL),
(56, NULL, '!', 'Rotule Iglubal pas à droite', 'com', NULL, NULL),
(57, NULL, '!', 'Rotule Iglubal pas à gauche', 'com', NULL, NULL),
(58, NULL, '!', 'Roulement 6204', 'com', NULL, NULL),
(59, NULL, '!', 'Vis Chc M5x60', 'vis', NULL, NULL),
(60, NULL, '!', 'Rondelle Nord-Lock NL 5', 'vis', NULL, NULL),
(61, NULL, '!', 'Vis Chc M4x40', 'vis', NULL, NULL),
(62, NULL, '!', 'Vis Chc M8x12', 'vis', NULL, NULL),
(63, NULL, '!', 'Rondelle Nord-Lock NL 8', 'vis', NULL, NULL),
(64, NULL, '!', 'Vis Chc M5x12', 'vis', NULL, NULL),
(65, NULL, '!', 'Vis Bhc M3x8', 'vis', NULL, NULL),
(66, NULL, '!', 'Vis Bhc M4x8', 'vis', NULL, NULL),
(67, NULL, '!', 'Vis Chc M5x25', 'vis', NULL, NULL),
(68, NULL, '!', 'Vis Chc M5x50', 'vis', NULL, NULL),
(69, NULL, '!', 'Ecrou Hm M 5', 'vis', NULL, NULL),
(70, NULL, '!', 'Vis Chc M4x8', 'vis', NULL, ''),
(71, NULL, '!', 'Vis Chc M6x40', 'vis', NULL, NULL),
(72, NULL, '!', 'Vis Chc M4x12', 'vis', NULL, NULL),
(73, NULL, '!', 'Rondelle Nord-Lock NL 4', 'vis', NULL, NULL),
(74, NULL, '!', 'Vis Bhc M5x12', 'vis', NULL, NULL),
(75, NULL, '!', 'Vis Chc M4x20', 'vis', NULL, NULL),
(76, NULL, '!', 'Goupille cylindrique m6 Ø4x20', 'vis', NULL, NULL),
(77, NULL, '!', 'Goupille cylindrique m6 Ø4x16', 'vis', NULL, NULL),
(78, NULL, '!', 'Vis Chc M4x16', 'vis', NULL, ''),
(79, NULL, '!', 'Vis Fhc M4x12', 'vis', NULL, NULL),
(80, NULL, '!', 'Vis epaulé', 'com', NULL, NULL),
(81, NULL, '!', 'Vis Chc M3x6', 'vis', NULL, NULL),
(82, NULL, '!', 'Rondelle Nord-Lock NL 3', 'vis', NULL, NULL),
(83, NULL, '!', 'Vis Chc M3x16', 'vis', NULL, NULL),
(84, NULL, '!', 'Vis Chc M4x30', 'vis', NULL, NULL),
(85, NULL, '!', 'Rondelle Nord-Lock NL 5sp', 'vis', NULL, NULL),
(86, NULL, '!', 'Vis Chc M5x16', 'vis', NULL, NULL),
(87, NULL, '!', 'Ecrou Hm M10', 'vis', NULL, NULL),
(88, NULL, '!', 'Ecrou Hm M10 pas à gauche', 'vis', NULL, NULL),
(89, NULL, '!', 'CHARNIÈRE PLATE TECHNOPOLYMÈRE', 'com', NULL, NULL),
(90, NULL, '!', 'Accouplement Rotex', 'com', NULL, NULL),
(91, NULL, '!', 'Capteur laser 500 mm', 'com', NULL, NULL),
(92, NULL, '!', 'Ressort', 'com', NULL, NULL),
(93, NULL, '!', 'MOTOREDUCTEUR LMD23 PM52', 'com', NULL, NULL),
(94, NULL, '!', 'Clavette Forme A 6x6x20', 'com', NULL, NULL),
(95, NULL, '!', 'Palier lisse Iglidur G', 'com', NULL, NULL),
(96, NULL, '!', 'CIRCLIPS  pour arbre 18X1,2 - DIN 471', 'com', NULL, NULL),
(97, NULL, '!', 'Circlips Int D47 - acier brut  DIN-472', 'com', NULL, NULL),
(98, NULL, '!', 'MOTOREDUCTEUR LMD17-PM42', 'com', NULL, NULL),
(99, NULL, '!', 'CAMERA VISIOR V20', 'com', NULL, NULL),
(100, NULL, '!', 'SUPPORT DE FILTRE', 'com', NULL, NULL),
(101, NULL, '!', 'EQUERRE DE MONTAGE', 'com', NULL, NULL),
(102, NULL, '!', 'BRIDE DE MONTAGE', 'com', NULL, NULL),
(103, NULL, '!', 'Clavette forme A 4x4x14', 'com', '', ''),
(104, NULL, '!', 'Butée Radiaflex Ø16x10 M5', 'com', NULL, NULL),
(105, NULL, '!', 'CONNECTEUR DROIT', 'com', NULL, NULL),
(106, NULL, '!', 'ECROU M25 GRIS', 'com', NULL, NULL),
(107, NULL, '!', 'GAINE ROBOTIQUE RBT', 'com', NULL, NULL),
(108, NULL, '!', 'CIRCLIPS  pour arbre 20X1,2 - DIN 471', 'com', NULL, NULL),
(109, '67C11-020-016', 'a', 'PLATINE EQUERRE INTERFACE', 'meca', 'usi', NULL),
(110, '67C11-020-017', 'a', 'PLATINE BRIDAGE ROBOT', 'meca', 'usi', NULL),
(111, '67C11-020-018', 'a', 'EQUERRE INTERFACE ROBOT', 'meca', 'usi', NULL),
(112, NULL, '!', 'Vis Chc M5x20', 'vis', NULL, NULL),
(113, NULL, '!', 'Vis Chc M8x16', 'vis', NULL, NULL),
(114, NULL, '!', 'Vis Chc M5x16', 'vis', NULL, NULL),
(115, '67C11-020-030', 'a', 'PLAQUE MOTRICE AVEC MOTEUR', 'meca', 'usi', NULL),
(116, '67C11-020-031', 'a', 'PLAQUE MOTRICE', 'meca', 'usi', NULL),
(117, '67C11-020-032', 'a', 'AXE DE PIGNON', 'meca', 'usi', NULL),
(118, '67C11-020-033', 'a', 'ARBRE MOTEUR PIGNON', 'meca', 'usi', NULL),
(119, '67C11-020-034', 'a', 'PLAQUE D\'ARRET', 'meca', 'tolerie', NULL),
(120, '67C11-020-036', 'a', 'PIGNON AVEC CLAVETTE', 'meca', NULL, NULL),
(121, '67C11-020-035', 'a', 'PIGNON SANS CLAVETTE', 'meca', NULL, NULL),
(122, NULL, '!', 'Vis Fhc M5x12', 'vis', NULL, NULL),
(123, '67C11-020-040', 'a', 'ENTRETOISE', 'meca', 'usi', NULL),
(124, '67C11-020-037', 'a', 'BIELLETTE', 'meca', 'tolerie', NULL),
(125, '67C11-020-038', 'a', 'BIELLETTE 2', 'meca', 'tolerie', NULL),
(126, NULL, '!', 'Vis H M4x12', 'vis', NULL, NULL),
(127, NULL, '!', 'Rondelle Nord-Lock NL 4', 'vis', NULL, NULL),
(128, '67C11-020-039', 'a', 'AXE ARTICULATION', 'meca', 'usi', NULL),
(129, '67C11-020-041', 'a', 'Joint de cardan', 'meca', 'usi', NULL),
(130, '67C11-020-042', 'a', 'AXE ARTICULATION VOLET', 'meca', 'usi', NULL),
(131, '67C11-020-043', 'a', 'ENTRETOISE MOTEUR VOLET', 'meca', 'usi', NULL),
(132, NULL, '!', 'CIRCLIPS  pour arbre 8X0,8 - DIN 471', 'com', NULL, NULL),
(133, NULL, '!', 'RONDELLE', 'com', NULL, NULL),
(134, NULL, '!', 'PALIER A COLLERETTE', 'com', NULL, NULL),
(135, NULL, '!', 'PALIER A COLLERETTE', 'com', NULL, NULL),
(136, NULL, '!', 'PALIER A COLLERETTE', 'com', NULL, NULL),
(137, NULL, '!', 'Vis Chc M3x6', 'vis', NULL, NULL),
(138, NULL, '!', 'Clavette forme A 4x4x18', 'com', NULL, NULL),
(139, NULL, '!', 'Clavette forme A 4x4x10', 'com', NULL, NULL),
(140, NULL, '!', 'Vis Chc M4x16', 'vis', NULL, NULL),
(141, '67C11-020-028', 'a', 'PLAQUE NON MOTRICE', 'meca', 'usi', NULL),
(142, '67C11-020-029', 'a', 'PLAQUE NON MOTRICE AV', 'meca', 'usi', NULL),
(143, NULL, '!', 'Vis Fhc M5x12', 'vis', NULL, NULL),
(144, NULL, '!', 'Vis H M4x12', 'vis', NULL, NULL),
(145, NULL, '!', 'Rondelle Nord-Lock NL 5', 'vis', NULL, NULL),
(146, NULL, '!', 'CIRCLIPS  pour arbre 8X0,8 - DIN 471', 'com', NULL, NULL),
(147, NULL, '!', 'Rondelle Nord-Lock NL 4', 'vis', NULL, NULL),
(148, NULL, '!', 'Vis Chc M3x6', 'vis', NULL, NULL),
(149, NULL, '!', 'Clavette forme A 4x4x18', 'com', NULL, NULL),
(150, NULL, '!', 'Clavette forme A 4x4x10', 'com', NULL, NULL),
(151, '67C11-031-000', 'A', 'ENS BASCULE DE PESEE', 'ens', NULL, NULL),
(152, '67C11-033-000', 'A', 'ENS CONVOYEUR BACS', 'ens', NULL, NULL),
(153, '67C11-030-011', 'a', 'TREMI', 'meca', NULL, NULL),
(154, '67C11-031-002', 'a', 'PLAN DE PERCAGE PLATEAU BASCULE', 'meca', 'usi', NULL),
(155, '67C11-032-000', 'A', 'ENS SUPPORT BASCULE', 'ens', NULL, NULL),
(156, '67C11-031-001', 'a', 'PLAT SUPPORT', 'meca', 'tolerie', NULL),
(157, '67C11-032-001', 'a', 'SUPPORT', 'meca', 'tolerie', NULL),
(158, '67C11-032-002', 'a', 'ENTRETOISE', 'meca', 'tolerie', NULL),
(159, NULL, '!', 'Vis H M8x20', 'vis', NULL, NULL),
(160, NULL, '!', 'Rondelle moyenne M 8', 'vis', NULL, NULL),
(161, NULL, '!', 'Ecrou H M 8', 'vis', NULL, NULL),
(162, NULL, '!', 'Cheville à expension M12x100 Zinguée', 'com', NULL, NULL),
(163, NULL, '!', 'Ensemble de convoyeurs', 'com', NULL, NULL),
(164, NULL, '!', 'CONVOYAGE PALETTES', 'com', NULL, NULL),
(165, '67C11-050-001', 'a', 'SEUIL DE REINTRO', 'meca', 'tolerie', NULL),
(166, NULL, '!', 'Protection Grillagée', 'com', NULL, NULL),
(167, '67C11-070-011', 'a', 'SUPPORT IHM FIXE', 'meca', 'tolerie', NULL),
(168, '67C11-070-012', 'a', 'SUPPORT IHM FIXE', 'meca', 'tolerie', NULL),
(169, NULL, '!', 'CHARNIÈRE À FRICTION', 'com', NULL, NULL),
(170, NULL, '!', 'Vis Fhc M10x40', 'vis', NULL, NULL),
(171, NULL, '!', 'Rondelle Nord-Lock NL10', 'vis', NULL, NULL),
(172, NULL, '!', 'Ecrou H M10', 'vis', NULL, NULL),
(173, '67X02-100-000', 'A', NULL, 'ens', NULL, NULL),
(174, '67X02-100-011', 'a', 'Tube Ø20 lg 150', 'meca', 'tolerie', NULL),
(175, '67X02-100-012', 'a', 'Tube Ø20 lg 600', 'meca', 'tolerie', NULL),
(176, '67X02-100-013', 'a', 'Tube Ø20 lg 250', 'meca', 'tolerie', NULL),
(177, '04213-150-005', 'a', 'Platine - NOTASCREEN 2', 'meca', 'tolerie', NULL),
(178, NULL, '!', 'Bouchon', 'com', NULL, NULL),
(179, NULL, '!', 'Support lecteur de code barre ', 'com', NULL, NULL),
(180, NULL, '!', 'Lecteur de code barre', 'com', NULL, NULL),
(181, NULL, '!', 'Noix de serrage Ø20-M8', 'com', NULL, NULL),
(182, NULL, '!', 'Noix de serrage Ø20-Ø20', 'com', NULL, NULL),
(183, NULL, '!', 'Tasseau M8( Ecrou ELCOM)', 'com', NULL, NULL),
(184, NULL, '!', 'Pied à embase Ø20', 'com', NULL, NULL),
(185, NULL, '!', 'Rondelle Nord-Lock NL 8', 'vis', NULL, NULL),
(186, NULL, '!', 'Vis Chc M8x25 - Cl 8.8 zingue - filetage total', 'vis', NULL, NULL),
(187, NULL, '!', 'Vis Chc M8x16 - Cl 8.8 zingue - filetage total', 'vis', NULL, NULL),
(188, '67X02-300-000', 'A', NULL, 'ens', NULL, NULL),
(189, '04213-120-013', 'a', 'Platine lecteur', 'meca', 'tolerie', NULL),
(190, '04213-120-014', 'a', 'Interface', 'meca', 'usi', NULL),
(191, '04213-120-015', 'a', 'Entretoise', 'meca', 'usi', NULL),
(192, '04213-120-016', 'a', 'Cale', 'meca', 'tolerie', NULL),
(193, '67X02-300-011', 'a', 'PIED RETOUCHE', 'meca', 'usi', NULL),
(194, '67X02-300-012', 'a', 'Platine haute', 'meca', 'tolerie', NULL),
(195, '67X02-300-013', 'a', 'PLATINE', 'meca', 'usi', NULL),
(196, '67X02-300-014', 'a', 'Tube Ø20 lg 300', 'meca', 'usi', NULL),
(197, '67X02-300-015', 'a', 'Tube Ø20 lg 400', 'meca', 'usi', NULL),
(198, '67X02-300-016', 'a', 'Tube Ø20 lg 600', 'meca', 'tolerie', NULL),
(199, '67X02-300-017', 'a', 'Tige cintrée Ø8', 'meca', 'tolerie', NULL),
(200, NULL, '!', 'Rondelle Nord-Lock NL 8', 'vis', NULL, NULL),
(201, NULL, '!', 'Rondelle Nord-Lock NL 8sp', 'vis', NULL, NULL),
(202, NULL, '!', 'Vis Fhc M4x10 - Cl 10.9 zingue', 'vis', NULL, NULL),
(203, NULL, '!', 'Vis Chc M6x16 - Cl 8.8 zingue - filetage total', 'vis', NULL, NULL),
(204, NULL, '!', 'Vis Chc M6x20 - Cl 8.8 zingue - filetage total', 'vis', NULL, NULL),
(205, NULL, '!', 'Vis Chc M6x25 - Cl 8.8 zingue - filetage partiel', 'vis', NULL, NULL),
(206, NULL, '!', 'Vis Chc M8x20 - Cl 8.8 zingue - filetage total', 'vis', NULL, NULL),
(207, NULL, '!', 'Vis Chc M8x25 - Cl 8.8 zingue - filetage total', 'vis', NULL, NULL),
(208, '04213-250-001', 'a', 'Platelage demontable BOIS', 'meca', NULL, NULL),
(209, '04213-250-002', 'a', 'Platelage demontable BOIS', 'meca', NULL, NULL),
(210, '67X02-200-000', 'A', NULL, 'ens', NULL, NULL),
(211, NULL, '!', 'Rondelle Nord-Lock NL 8', 'vis', NULL, NULL),
(212, NULL, '!', 'Vis Chc M8x25 - Cl 8.8 zingue - filetage total', 'vis', NULL, NULL),
(213, NULL, '!', 'Vis Chc M8x16 - Cl 8.8 zingue - filetage total', 'vis', NULL, NULL),
(214, '67F09-000-000', 'A', 'BANC FINITION FORME', 'ens', NULL, NULL),
(215, '67F09-000-002', 'a', 'Plaque machine', 'meca', 'tolerie', NULL),
(216, '04215-010-000', 'b', 'S E - support motorisé', 'ens', NULL, NULL),
(217, '04215-020-000', 'b', 'S E - guidage linéaire', 'ens', NULL, NULL),
(218, '04215-030-000', 'a', 'S E - support simple', 'ens', NULL, NULL),
(219, '67F09-000-001', 'a', 'GARDE CORPS', 'meca', 'meca soud', NULL),
(220, '67F09-090-001', 'a', 'Support outillage', 'meca', 'tolerie', NULL),
(221, '04215-040-000', 'a', 'Outillage type 1 - double Ø2', 'ens', NULL, NULL),
(222, '04215-050-000', 'a', 'Outillage type 2 - double carré 2', 'ens', NULL, NULL),
(223, '04215-060-000', 'a', 'Outillage type 3 - Ø2', 'ens', NULL, NULL),
(224, '04215-070-000', 'a', 'Outillage type 4 - Ø1.5', 'ens', NULL, NULL),
(225, NULL, '!', 'Rondelle moyenne M 14', 'vis', NULL, NULL),
(226, NULL, '!', 'Vis H M14x50', 'vis', NULL, NULL),
(227, NULL, '!', 'Ecrou H M14', 'vis', NULL, NULL),
(228, NULL, '!', 'Rondelle Nord-Lock NL12', 'vis', NULL, NULL),
(229, NULL, '!', 'Vis H M12x40', 'vis', NULL, NULL),
(230, NULL, '!', 'CONSOLE DE TRAVAIL', 'com', NULL, NULL),
(231, '04215-900-001', 'a', 'Outillage alignement théodolite chariot', 'meca', 'usi', NULL),
(232, '04215-010-001', 'e', 'Pied support motorisé', 'meca', 'meca soud', NULL),
(233, '04215-010-002', 'b', 'V support coté moteur', 'meca', 'meca soud', NULL),
(234, '04215-010-003', 'a', 'Equerre moteur', 'meca', 'meca soud', NULL),
(235, '04215-010-004', 'a', 'Platine de réglage', 'meca', 'usi', NULL),
(236, '04215-010-005', 'a', 'Axe d\'entrainement', 'meca', 'usi', NULL),
(237, '04215-010-006', 'b', 'Accouplement rigide', 'meca', 'usi', NULL),
(238, '04215-010-007', 'a', 'Platine codeur', 'meca', 'tolerie', NULL),
(239, '04215-010-008', 'a', 'Rondelle de reglage', 'meca', 'usi', NULL),
(240, '04215-010-009', 'a', 'Rondelle de blocage', 'meca', 'usi', NULL),
(241, '04215-010-010', 'a', 'Rondelle vis verin', 'meca', 'usi', NULL),
(242, '04215-010-011', 'a', 'Entretoise', 'meca', 'usi', NULL),
(243, '04215-010-012', 'a', 'Clavette', 'meca', 'usi', NULL),
(244, '04214-010-051', 'a', 'PLATINE FIXATION SOL', 'meca', 'usi', NULL),
(245, NULL, '!', 'Moteur Unimotor FM 75', 'com', NULL, NULL),
(246, NULL, '!', 'Reducteur', 'com', NULL, NULL),
(247, NULL, '!', 'Planetaire', 'com', NULL, NULL),
(248, NULL, '!', 'Codeur', 'com', NULL, NULL),
(249, NULL, '!', 'Cimblot', 'com', NULL, NULL),
(250, NULL, '!', 'Vis verin', 'com', '', NULL),
(251, NULL, '!', 'Bloc butoir', 'com', '', NULL),
(252, NULL, '!', 'Vis de reglage', 'com', NULL, NULL),
(253, NULL, '!', 'Capsule chimique HVU M16x125', 'com', NULL, NULL),
(254, NULL, '!', 'Rondelle Nord-Lock NL16sp', 'vis', NULL, NULL),
(255, NULL, '!', 'Vis H M10x30', 'vis', NULL, NULL),
(256, NULL, '!', 'Vis Chc M16x40', 'vis', NULL, NULL),
(257, NULL, '!', 'Rondelle Nord-Lock NL10', 'vis', NULL, NULL),
(258, NULL, '!', 'Vis H M10x80', 'vis', NULL, NULL),
(259, NULL, '!', 'Vis Chc M10x35', 'vis', NULL, NULL),
(260, NULL, '!', 'Rondelle Nord-Lock NL10sp', 'vis', NULL, NULL),
(261, NULL, '!', 'Vis Chc M10x50', 'vis', NULL, NULL),
(262, NULL, '!', 'Rondelle Nord-Lock NL 4sp', 'vis', NULL, NULL),
(264, NULL, '!', 'Vis Chc M5x35', 'vis', NULL, NULL),
(265, NULL, '!', 'Vis Fhc M5x20', 'vis', NULL, NULL),
(267, NULL, '!', 'VIS A BILLE ORIENTABLE', 'com', NULL, NULL),
(268, '04215-020-001', 'b', 'Platine guide', 'meca', 'usi', NULL),
(269, '04215-020-002', 'a', 'Platine support', 'meca', 'usi', NULL),
(270, '04215-020-003', 'a', 'Gousset', 'meca', 'usi', NULL),
(271, '04215-020-004', 'a', 'Equerre', 'meca', 'usi', NULL),
(272, '04215-020-005', 'c', 'Platine butée', 'meca', 'usi', NULL),
(273, '04215-020-006', 'b', 'Bloc butée', 'meca', 'usi', NULL),
(274, '04215-020-007', 'a', 'Guide chariot', 'meca', 'usi', NULL),
(275, '04215-020-008', 'a', 'Entretoise', 'meca', 'usi', NULL),
(276, '04215-020-009', 'b', 'Support guidage', 'meca', 'meca soud', NULL),
(277, '04215-020-010', 'a', 'Pied renfort', 'meca', 'meca soud', NULL),
(278, '04215-020-011', 'a', 'Tole pliée', 'meca', 'usi', NULL),
(279, '04215-020-012', 'a', 'Platine support outillage', 'meca', 'usi', NULL),
(280, '04215-020-013', 'a', 'Support outillage', 'meca', 'usi', NULL),
(281, '04215-020-014', 'a', 'Vis épaulée', 'meca', 'usi', NULL),
(282, NULL, '!', 'Rail de guidage', 'com', NULL, NULL),
(283, NULL, '!', 'Moteur Unimotor FM 075', 'com', NULL, NULL),
(284, NULL, '!', 'Patin de guidage', 'com', NULL, NULL),
(285, NULL, '!', 'Bride fixation axe magasin', 'com', NULL, NULL),
(286, NULL, '!', 'Patin de guidage', 'com', NULL, NULL),
(287, NULL, '!', 'Regle de precision lineaire', 'com', NULL, NULL),
(288, NULL, '!', 'Chaine porte cable', 'com', NULL, NULL),
(289, NULL, '!', 'Element serreur', 'com', NULL, NULL),
(290, NULL, '!', 'Plot antivibratoire', 'com', NULL, NULL),
(291, NULL, '!', 'Table de guidage', 'com', NULL, NULL),
(292, NULL, '!', 'Cousinet a collerette', 'com', NULL, NULL),
(293, NULL, '!', 'Rotule radiale', 'com', NULL, NULL),
(294, NULL, '!', 'Cousinet', 'com', NULL, NULL),
(295, NULL, '!', 'Vis papillon', 'com', NULL, NULL),
(296, NULL, '!', 'Vis Chc M10x16', 'vis', NULL, NULL),
(297, NULL, '!', 'Rondelle Nord-Lock NL 6', 'vis', NULL, NULL),
(298, NULL, '!', 'Vis Chc M6x20', 'vis', NULL, NULL),
(299, NULL, '!', 'Rondelle Nord-Lock NL 6sp', 'vis', NULL, NULL),
(300, NULL, '!', 'Vis Chc M6x12', 'vis', NULL, NULL),
(301, NULL, '!', 'Vis Chc M8x25', 'vis', NULL, NULL),
(302, NULL, '!', 'Vis Chc M8x30', 'vis', NULL, NULL),
(303, NULL, '!', 'Vis Chc M6x16', 'vis', NULL, NULL),
(306, NULL, '!', 'Vis Fhc M4x16', 'vis', NULL, NULL),
(310, NULL, '!', 'Vis Fhc M5x16', 'vis', NULL, NULL),
(311, NULL, '!', 'Vis Bhc M5x8', 'vis', NULL, NULL),
(312, NULL, '!', 'Plot antivibratoire inox', 'com', NULL, NULL),
(313, '04215-020-015', 'a', 'Goulotte', 'meca', 'tolerie', NULL),
(314, NULL, '!', 'Rondelle large L 6', 'vis', NULL, NULL),
(315, NULL, '!', 'Vis Chc M6x10', 'vis', NULL, NULL),
(316, NULL, '!', 'Vis Fhc M3x6', 'vis', NULL, NULL),
(317, NULL, '!', 'Vis Fhc M3x16', 'vis', NULL, NULL),
(318, NULL, '!', 'Rondelle moyenne M 3', 'vis', NULL, NULL),
(319, NULL, '!', 'Ecrou H M 3', 'vis', NULL, NULL),
(320, NULL, '!', 'Vis Fhc M3x8', 'vis', NULL, NULL),
(321, NULL, '!', 'Rondelle Nord-Lock NL 5', 'vis', NULL, NULL),
(323, NULL, '!', 'Rail de guidage', 'vis', NULL, NULL),
(324, NULL, '!', 'Rondelle large L 4', 'vis', NULL, NULL),
(325, NULL, '!', 'Vis Bhc M4x12', 'vis', NULL, NULL),
(326, NULL, '!', 'Vis Fhc M6x35', 'vis', NULL, NULL),
(327, '04215-020-016', 'a', 'BUTEE', 'meca', 'usi plast', NULL),
(328, '67F09-020-001', 'a', 'ENTRETOISE', 'meca', 'usi', NULL),
(329, NULL, '!', 'ruban de mesure autoadhesifs', 'com', NULL, NULL),
(330, '67F09-020-002', 'a', 'TOLE INDICATEUR', 'meca', 'tolerie', NULL),
(331, NULL, '!', 'Rondelle Nord-Lock NL 4', 'vis', NULL, NULL),
(332, NULL, '!', 'Vis Chc M4x10', 'vis', NULL, NULL),
(333, '04215-030-001', 'b', 'Pied support non motorisé', 'meca', 'meca soud', NULL),
(334, '04215-030-002', 'b', 'V support', 'meca', 'meca soud', NULL),
(335, '04215-030-003', 'b', 'Butée', 'meca', 'usi', NULL),
(336, NULL, '!', 'Rondelle Nord-Lock NL 5sp', 'vis', NULL, NULL),
(339, NULL, '!', 'Rondelle Nord-Lock NL10', 'vis', NULL, NULL),
(340, NULL, '!', 'Rondelle Nord-Lock NL16sp', 'vis', NULL, NULL),
(341, NULL, '!', 'Vis Chc M16x50', 'vis', NULL, NULL),
(343, NULL, '!', 'Vis H M10x50', 'vis', NULL, NULL),
(344, NULL, '!', 'Ecrou H M10', 'vis', NULL, NULL),
(345, NULL, '!', 'Rondelle moyenne M 14', 'vis', NULL, NULL),
(347, NULL, '!', 'Ecrou H M14', 'vis', NULL, NULL),
(348, NULL, '!', 'Rondelle Nord-Lock NL12', 'vis', NULL, NULL),
(350, NULL, '!', 'Rondelle Nord-Lock NL16sp', 'vis', NULL, NULL),
(353, NULL, '!', 'Rondelle Nord-Lock NL10', 'vis', NULL, NULL),
(356, NULL, '!', 'Rondelle Nord-Lock NL10sp', 'vis', NULL, NULL),
(358, NULL, '!', 'Rondelle Nord-Lock NL 4sp', 'vis', NULL, NULL),
(364, NULL, '!', 'Rondelle Nord-Lock NL 6', 'vis', NULL, NULL),
(366, NULL, '!', 'Rondelle Nord-Lock NL 6sp', 'vis', NULL, NULL),
(379, NULL, '!', 'Rondelle large L 6', 'vis', NULL, NULL),
(383, NULL, '!', 'Rondelle moyenne M 3', 'vis', NULL, NULL),
(384, NULL, '!', 'Ecrou H M 3', 'vis', NULL, NULL),
(386, NULL, '!', 'Rondelle Nord-Lock NL 5', 'vis', NULL, NULL),
(388, NULL, '!', 'Rondelle large L 4', 'vis', NULL, NULL),
(391, NULL, '!', 'Rondelle Nord-Lock NL 4', 'vis', NULL, NULL),
(393, NULL, '!', 'Rondelle Nord-Lock NL 5sp', 'vis', NULL, NULL),
(396, NULL, '!', 'Rondelle Nord-Lock NL10', 'vis', NULL, NULL),
(397, NULL, '!', 'Rondelle Nord-Lock NL16sp', 'vis', NULL, NULL),
(401, NULL, '!', 'Ecrou H M10', 'vis', NULL, NULL),
(402, '04215-040-001', 'b', 'Corps outillage type1', 'meca', 'usi', NULL),
(403, '04215-040-002', 'a', 'Bague inverse', 'meca', 'usi', NULL),
(404, '04215-040-003', 'a', 'Coupleur poinçon type 1', 'meca', 'usi', NULL),
(405, '04215-040-004', 'a', 'Platine mousse', 'meca', 'usi', NULL),
(406, '04215-040-005', 'a', 'Mousse type 1', 'meca', 'usi', NULL),
(407, '04215-040-006', 'a', 'Vis ressort', 'meca', 'usi', NULL),
(408, '04215-040-007', 'a', 'Manchon', 'meca', 'usi', NULL),
(409, NULL, '!', 'Ressort de compression 15gr', 'com', NULL, NULL),
(410, NULL, '!', 'Rondelle Nord-Lock NL 4', 'vis', NULL, NULL),
(412, NULL, '!', 'Vis Chc M5x70', 'vis', NULL, NULL),
(413, '04215-050-001', 'b', 'Corps outillage type2', 'meca', 'usi', ''),
(414, '04215-050-002', 'b', 'Coupleur poinçon type 2', 'meca', 'usi', NULL),
(415, '04215-050-003', 'a', 'Mousse type 2', 'meca', 'usi', NULL),
(416, NULL, '!', 'Rondelle Nord-Lock NL 4', 'vis', NULL, NULL),
(419, '04215-060-001', 'a', 'Corps outillage type3', 'meca', 'usi', NULL),
(420, '04215-060-002', 'a', 'Coupleur poinçon type 3', 'meca', 'usi', NULL),
(421, '04215-060-003', 'a', 'Mousse type 3', 'meca', 'usi', NULL),
(422, NULL, '!', 'Rondelle Nord-Lock NL 4', 'vis', NULL, NULL),
(425, NULL, '!', 'Rondelle Nord-Lock NL 4', 'vis', NULL, NULL),
(428, NULL, '!', 'Rondelle moyenne M 14', 'vis', NULL, NULL),
(429, NULL, '!', 'Vis H M14x50', 'vis', NULL, NULL),
(430, NULL, '!', 'Ecrou H M14', 'vis', NULL, NULL),
(431, NULL, '!', 'Rondelle Nord-Lock NL12', 'vis', NULL, NULL),
(432, NULL, '!', 'Vis H M12x40', 'vis', NULL, NULL),
(433, NULL, '!', 'Rondelle Nord-Lock NL16sp', 'vis', NULL, NULL),
(434, NULL, '!', 'Vis H M10x30', 'vis', NULL, NULL),
(435, NULL, '!', 'Vis Chc M16x40', 'vis', NULL, NULL),
(436, NULL, '!', 'Rondelle Nord-Lock NL10', 'vis', NULL, NULL),
(437, NULL, '!', 'Vis H M10x80', 'vis', NULL, NULL),
(438, NULL, '!', 'Vis Chc M10x35', 'vis', NULL, NULL),
(439, NULL, '!', 'Rondelle Nord-Lock NL10sp', 'vis', NULL, NULL),
(440, NULL, '!', 'Vis Chc M10x50', 'vis', NULL, NULL),
(441, NULL, '!', 'Rondelle Nord-Lock NL 4sp', 'vis', NULL, NULL),
(442, NULL, '!', 'Vis Chc M4x8', 'vis', NULL, NULL),
(443, NULL, '!', 'Vis Chc M5x35', 'vis', NULL, NULL),
(444, NULL, '!', 'Vis Fhc M5x20', 'vis', NULL, NULL),
(445, NULL, '!', 'Vis H M14x50', 'vis', NULL, NULL),
(446, NULL, '!', 'Vis Chc M10x16', 'vis', NULL, NULL),
(447, NULL, '!', 'Rondelle Nord-Lock NL 6', 'vis', NULL, NULL),
(448, NULL, '!', 'Vis Chc M6x20', 'vis', NULL, NULL),
(449, NULL, '!', 'Rondelle Nord-Lock NL 6sp', 'vis', NULL, NULL),
(450, NULL, '!', 'Vis Chc M6x12', 'vis', NULL, NULL),
(451, NULL, '!', 'Vis Chc M8x25', 'vis', NULL, NULL),
(452, NULL, '!', 'Vis Chc M8x30', 'vis', NULL, NULL),
(453, NULL, '!', 'Vis Chc M6x16', 'vis', NULL, NULL),
(454, NULL, '!', 'Vis Chc M5x16', 'vis', NULL, NULL),
(455, NULL, '!', 'Vis Bhc M5x12', 'vis', NULL, NULL),
(456, NULL, '!', 'Vis Fhc M4x16', 'vis', NULL, NULL),
(457, NULL, '!', 'Vis Chc M5x25', 'vis', NULL, NULL),
(458, NULL, '!', 'Vis Chc M5x12', 'vis', NULL, NULL),
(459, NULL, '!', 'Vis Fhc M5x20', 'vis', NULL, NULL),
(460, NULL, '!', 'Vis Fhc M5x16', 'vis', NULL, NULL),
(461, NULL, '!', 'Vis Bhc M5x8', 'vis', NULL, NULL),
(462, NULL, '!', 'Rondelle large L 6', 'vis', NULL, NULL),
(463, NULL, '!', 'Vis Chc M6x10', 'vis', NULL, NULL),
(464, NULL, '!', 'Vis Fhc M3x6', 'vis', NULL, NULL),
(465, NULL, '!', 'Vis Fhc M3x16', 'vis', NULL, NULL),
(466, NULL, '!', 'Rondelle moyenne M 3', 'vis', NULL, NULL),
(467, NULL, '!', 'Ecrou H M 3', 'vis', NULL, NULL),
(468, NULL, '!', 'Vis Fhc M3x8', 'vis', NULL, NULL),
(469, NULL, '!', 'Rondelle Nord-Lock NL 5', 'vis', NULL, NULL),
(470, NULL, '!', 'Vis Chc M5x20', 'vis', NULL, NULL),
(471, NULL, '!', 'Rondelle large L 4', 'vis', NULL, NULL),
(472, NULL, '!', 'Vis Bhc M4x12', 'vis', NULL, NULL),
(473, NULL, '!', 'Vis Fhc M6x35', 'vis', NULL, NULL),
(474, NULL, '!', 'Rondelle Nord-Lock NL 4', 'vis', NULL, NULL),
(475, NULL, '!', 'Vis Chc M4x10', 'vis', NULL, NULL),
(476, NULL, '!', 'Rondelle Nord-Lock NL 5sp', 'vis', NULL, NULL),
(477, NULL, '!', 'Vis H M10x80', 'vis', NULL, NULL),
(478, NULL, '!', 'Vis Chc M5x25', 'vis', NULL, NULL),
(479, NULL, '!', 'Rondelle Nord-Lock NL10', 'vis', NULL, NULL),
(480, NULL, '!', 'Rondelle Nord-Lock NL16sp', 'vis', NULL, NULL),
(481, NULL, '!', 'Vis Chc M16x50', 'vis', NULL, NULL),
(482, NULL, '!', 'Vis Chc M5x35', 'vis', NULL, NULL),
(483, NULL, '!', 'Vis H M10x50', 'vis', NULL, NULL),
(484, NULL, '!', 'Ecrou H M10', 'vis', NULL, NULL),
(485, NULL, '!', 'Rondelle Nord-Lock NL 4', 'vis', NULL, NULL),
(486, NULL, '!', 'Vis Chc M4x12', 'vis', NULL, NULL),
(487, NULL, '!', 'Vis Chc M5x70', 'vis', NULL, NULL),
(488, NULL, '!', 'Rondelle Nord-Lock NL 4', 'vis', NULL, NULL),
(489, NULL, '!', 'Vis Chc M4x12', 'vis', NULL, NULL),
(490, NULL, '!', 'Vis Chc M5x70', 'vis', NULL, NULL),
(491, NULL, '!', 'Rondelle Nord-Lock NL 4', 'vis', NULL, NULL),
(492, NULL, '!', 'Vis Chc M4x12', 'vis', NULL, NULL),
(493, NULL, '!', 'Vis Chc M5x70', 'vis', NULL, NULL),
(494, NULL, '!', 'Rondelle Nord-Lock NL 4', 'vis', NULL, NULL),
(495, NULL, '!', 'Vis Chc M4x12', 'vis', NULL, NULL),
(496, NULL, '!', 'Vis Chc M5x70', 'vis', NULL, NULL),
(497, NULL, '!', 'Rondelle moyenne M 14', 'vis', NULL, NULL),
(498, NULL, '!', 'Vis H M14x50', 'vis', NULL, NULL),
(499, NULL, '!', 'Ecrou H M14', 'vis', NULL, NULL),
(500, NULL, '!', 'Rondelle Nord-Lock NL12', 'vis', NULL, NULL),
(501, NULL, '!', 'Vis H M12x40', 'vis', NULL, NULL),
(502, NULL, '!', 'Rondelle moyenne M 14', 'vis', NULL, NULL),
(503, NULL, '!', 'Vis H M14x50', 'vis', NULL, NULL),
(504, NULL, '!', 'Ecrou H M14', 'vis', NULL, NULL),
(505, NULL, '!', 'Rondelle Nord-Lock NL12', 'vis', NULL, NULL),
(506, NULL, '!', 'Vis H M12x40', 'vis', NULL, NULL),
(507, NULL, '!', 'Rondelle Nord-Lock NL16sp', 'vis', NULL, NULL),
(508, NULL, '!', 'Vis H M10x30', 'vis', NULL, NULL),
(509, NULL, '!', 'Vis Chc M16x40', 'vis', NULL, NULL),
(510, NULL, '!', 'Rondelle Nord-Lock NL10', 'vis', NULL, NULL),
(511, NULL, '!', 'Vis H M10x80', 'vis', NULL, NULL),
(512, NULL, '!', 'Vis Chc M10x35', 'vis', NULL, NULL),
(513, NULL, '!', 'Rondelle Nord-Lock NL10sp', 'vis', NULL, NULL),
(514, NULL, '!', 'Vis Chc M10x50', 'vis', NULL, NULL),
(515, NULL, '!', 'Rondelle Nord-Lock NL 4sp', 'vis', NULL, NULL),
(516, NULL, '!', 'Vis Chc M4x8', 'vis', NULL, NULL),
(517, NULL, '!', 'Vis Chc M5x35', 'vis', NULL, NULL),
(518, NULL, '!', 'Vis Fhc M5x20', 'vis', NULL, NULL),
(519, NULL, '!', 'Vis H M14x50', 'vis', NULL, NULL),
(520, NULL, '!', 'Vis Chc M10x16', 'vis', NULL, NULL),
(521, NULL, '!', 'Rondelle Nord-Lock NL 6', 'vis', NULL, NULL),
(522, NULL, '!', 'Vis Chc M6x20', 'vis', NULL, NULL),
(523, NULL, '!', 'Rondelle Nord-Lock NL 6sp', 'vis', NULL, NULL),
(524, NULL, '!', 'Vis Chc M6x12', 'vis', NULL, NULL),
(525, NULL, '!', 'Vis Chc M8x25', 'vis', NULL, NULL),
(526, NULL, '!', 'Vis Chc M8x30', 'vis', NULL, NULL),
(527, NULL, '!', 'Vis Chc M6x16', 'vis', NULL, NULL),
(528, NULL, '!', 'Vis Chc M5x16', 'vis', NULL, NULL),
(529, NULL, '!', 'Vis Bhc M5x12', 'vis', NULL, NULL),
(530, NULL, '!', 'Vis Fhc M4x16', 'vis', NULL, NULL),
(531, NULL, '!', 'Vis Chc M5x25', 'vis', NULL, NULL),
(532, NULL, '!', 'Vis Chc M5x12', 'vis', NULL, NULL),
(533, NULL, '!', 'Vis Fhc M5x20', 'vis', NULL, NULL),
(534, NULL, '!', 'Vis Fhc M5x16', 'vis', NULL, NULL),
(535, NULL, '!', 'Vis Bhc M5x8', 'vis', NULL, NULL),
(536, NULL, '!', 'Rondelle large L 6', 'vis', NULL, NULL),
(537, NULL, '!', 'Vis Chc M6x10', 'vis', NULL, NULL),
(538, NULL, '!', 'Vis Fhc M3x6', 'vis', NULL, NULL),
(539, NULL, '!', 'Vis Fhc M3x16', 'vis', NULL, NULL),
(540, NULL, '!', 'Rondelle moyenne M 3', 'vis', NULL, NULL),
(541, NULL, '!', 'Ecrou H M 3', 'vis', NULL, NULL),
(542, NULL, '!', 'Vis Fhc M3x8', 'vis', NULL, NULL),
(543, NULL, '!', 'Rondelle Nord-Lock NL 5', 'vis', NULL, NULL),
(544, NULL, '!', 'Vis Chc M5x20', 'vis', NULL, NULL),
(545, NULL, '!', 'Rondelle large L 4', 'vis', NULL, NULL),
(546, NULL, '!', 'Vis Bhc M4x12', 'vis', NULL, NULL),
(547, NULL, '!', 'Vis Fhc M6x35', 'vis', NULL, NULL),
(548, NULL, '!', 'Rondelle Nord-Lock NL 4', 'vis', NULL, NULL),
(549, NULL, '!', 'Vis Chc M4x10', 'vis', NULL, NULL),
(550, NULL, '!', 'Rondelle Nord-Lock NL 5sp', 'vis', NULL, NULL),
(551, NULL, '!', 'Vis H M10x80', 'vis', NULL, NULL),
(552, NULL, '!', 'Vis Chc M5x25', 'vis', NULL, NULL),
(553, NULL, '!', 'Rondelle Nord-Lock NL10', 'vis', NULL, NULL),
(554, NULL, '!', 'Rondelle Nord-Lock NL16sp', 'vis', NULL, NULL),
(555, NULL, '!', 'Vis Chc M16x50', 'vis', NULL, NULL),
(556, NULL, '!', 'Vis Chc M5x35', 'vis', NULL, NULL),
(557, NULL, '!', 'Vis H M10x50', 'vis', NULL, NULL),
(558, NULL, '!', 'Ecrou H M10', 'vis', NULL, NULL),
(559, NULL, '!', 'Rondelle Nord-Lock NL 4', 'vis', NULL, NULL),
(560, NULL, '!', 'Vis Chc M4x12', 'vis', NULL, NULL),
(561, NULL, '!', 'Vis Chc M5x70', 'vis', NULL, NULL),
(562, NULL, '!', 'Rondelle Nord-Lock NL 4', 'vis', NULL, NULL),
(563, NULL, '!', 'Vis Chc M4x12', 'vis', NULL, NULL),
(564, NULL, '!', 'Vis Chc M5x70', 'vis', NULL, NULL),
(565, NULL, '!', 'Rondelle Nord-Lock NL 4', 'vis', NULL, NULL),
(566, NULL, '!', 'Vis Chc M4x12', 'vis', NULL, NULL),
(567, NULL, '!', 'Vis Chc M5x70', 'vis', NULL, NULL),
(568, NULL, '!', 'Rondelle Nord-Lock NL 4', 'vis', NULL, NULL),
(569, NULL, '!', 'Vis Chc M4x12', 'vis', NULL, NULL),
(570, NULL, '!', 'Vis Chc M5x70', 'vis', NULL, NULL),
(571, NULL, '!', 'Rondelle moyenne M 14', 'vis', NULL, NULL),
(572, NULL, '!', 'Vis H M14x50', 'vis', NULL, NULL),
(573, NULL, '!', 'Ecrou H M14', 'vis', NULL, NULL),
(574, NULL, '!', 'Rondelle Nord-Lock NL12', 'vis', NULL, NULL),
(575, NULL, '!', 'Vis H M12x40', 'vis', NULL, NULL),
(576, NULL, '!', 'Rondelle Nord-Lock NL16sp', 'vis', NULL, NULL),
(577, NULL, '!', 'Vis H M10x30', 'vis', NULL, NULL),
(578, NULL, '!', 'Vis Chc M16x40', 'vis', NULL, NULL),
(579, NULL, '!', 'Rondelle Nord-Lock NL10', 'vis', NULL, NULL),
(580, NULL, '!', 'Vis H M10x80', 'vis', NULL, NULL),
(581, NULL, '!', 'Vis Chc M10x35', 'vis', NULL, NULL),
(582, NULL, '!', 'Rondelle Nord-Lock NL10sp', 'vis', NULL, NULL),
(583, NULL, '!', 'Vis Chc M10x50', 'vis', NULL, NULL),
(584, NULL, '!', 'Rondelle Nord-Lock NL 4sp', 'vis', NULL, NULL),
(585, NULL, '!', 'Vis Chc M4x8', 'vis', NULL, NULL),
(586, NULL, '!', 'Vis Chc M5x35', 'vis', NULL, NULL),
(587, NULL, '!', 'Vis Fhc M5x20', 'vis', NULL, NULL),
(588, NULL, '!', 'Vis H M14x50', 'vis', NULL, NULL),
(589, NULL, '!', 'Vis Chc M10x16', 'vis', NULL, NULL),
(590, NULL, '!', 'Rondelle Nord-Lock NL 6', 'vis', NULL, NULL),
(591, NULL, '!', 'Vis Chc M6x20', 'vis', NULL, NULL),
(592, NULL, '!', 'Rondelle Nord-Lock NL 6sp', 'vis', NULL, NULL),
(593, NULL, '!', 'Vis Chc M6x12', 'vis', NULL, NULL),
(594, NULL, '!', 'Vis Chc M8x25', 'vis', NULL, NULL),
(595, NULL, '!', 'Vis Chc M8x30', 'vis', NULL, NULL),
(596, NULL, '!', 'Vis Chc M6x16', 'vis', NULL, NULL),
(597, NULL, '!', 'Vis Chc M5x16', 'vis', NULL, NULL),
(598, NULL, '!', 'Vis Bhc M5x12', 'vis', NULL, NULL),
(599, NULL, '!', 'Vis Fhc M4x16', 'vis', NULL, NULL),
(600, NULL, '!', 'Vis Chc M5x25', 'vis', NULL, NULL),
(601, NULL, '!', 'Vis Chc M5x12', 'vis', NULL, NULL),
(602, NULL, '!', 'Vis Fhc M5x20', 'vis', NULL, NULL),
(603, NULL, '!', 'Vis Fhc M5x16', 'vis', NULL, NULL),
(604, NULL, '!', 'Vis Bhc M5x8', 'vis', NULL, NULL),
(605, NULL, '!', 'Rondelle large L 6', 'vis', NULL, NULL),
(606, NULL, '!', 'Vis Chc M6x10', 'vis', NULL, NULL),
(607, NULL, '!', 'Vis Fhc M3x6', 'vis', NULL, NULL),
(608, NULL, '!', 'Vis Fhc M3x16', 'vis', NULL, NULL),
(609, NULL, '!', 'Rondelle moyenne M 3', 'vis', NULL, NULL),
(610, NULL, '!', 'Ecrou H M 3', 'vis', NULL, NULL),
(611, NULL, '!', 'Vis Fhc M3x8', 'vis', NULL, NULL),
(612, NULL, '!', 'Rondelle Nord-Lock NL 5', 'vis', NULL, NULL),
(613, NULL, '!', 'Vis Chc M5x20', 'vis', NULL, NULL),
(614, NULL, '!', 'Rondelle large L 4', 'vis', NULL, NULL),
(615, NULL, '!', 'Vis Bhc M4x12', 'vis', NULL, NULL),
(616, NULL, '!', 'Vis Fhc M6x35', 'vis', NULL, NULL),
(617, NULL, '!', 'Rondelle Nord-Lock NL 4', 'vis', NULL, NULL),
(618, NULL, '!', 'Vis Chc M4x10', 'vis', NULL, NULL),
(619, NULL, '!', 'Rondelle Nord-Lock NL 5sp', 'vis', NULL, NULL),
(620, NULL, '!', 'Vis H M10x80', 'vis', NULL, NULL),
(621, NULL, '!', 'Vis Chc M5x25', 'vis', NULL, NULL),
(622, NULL, '!', 'Rondelle Nord-Lock NL10', 'vis', NULL, NULL),
(623, NULL, '!', 'Rondelle Nord-Lock NL16sp', 'vis', NULL, NULL),
(624, NULL, '!', 'Vis Chc M16x50', 'vis', NULL, NULL),
(625, NULL, '!', 'Vis Chc M5x35', 'vis', NULL, NULL),
(626, NULL, '!', 'Vis H M10x50', 'vis', NULL, NULL),
(627, NULL, '!', 'Ecrou H M10', 'vis', NULL, NULL),
(628, NULL, '!', 'Rondelle Nord-Lock NL 4', 'vis', NULL, NULL),
(629, NULL, '!', 'Vis Chc M4x12', 'vis', NULL, NULL),
(630, NULL, '!', 'Vis Chc M5x70', 'vis', NULL, NULL),
(631, NULL, '!', 'Rondelle Nord-Lock NL 4', 'vis', NULL, NULL),
(632, NULL, '!', 'Vis Chc M4x12', 'vis', NULL, NULL),
(633, NULL, '!', 'Vis Chc M5x70', 'vis', NULL, NULL),
(634, NULL, '!', 'Rondelle Nord-Lock NL 4', 'vis', NULL, NULL),
(635, NULL, '!', 'Vis Chc M4x12', 'vis', NULL, NULL),
(636, NULL, '!', 'Vis Chc M5x70', 'vis', NULL, NULL),
(637, NULL, '!', 'Rondelle Nord-Lock NL 4', 'vis', NULL, NULL),
(638, NULL, '!', 'Vis Chc M4x12', 'vis', NULL, NULL),
(639, NULL, '!', 'Vis Chc M5x70', 'vis', NULL, NULL),
(640, NULL, '!', 'Rondelle moyenne M 14', 'vis', NULL, NULL),
(641, NULL, '!', 'Vis H M14x50', 'vis', NULL, NULL),
(642, NULL, '!', 'Ecrou H M14', 'vis', NULL, NULL),
(643, NULL, '!', 'Rondelle Nord-Lock NL12', 'vis', NULL, NULL),
(644, NULL, '!', 'Vis H M12x40', 'vis', NULL, NULL),
(645, NULL, '!', 'Rondelle Nord-Lock NL16sp', 'vis', NULL, NULL),
(646, NULL, '!', 'Vis H M10x30', 'vis', NULL, NULL),
(647, NULL, '!', 'Vis Chc M16x40', 'vis', NULL, NULL),
(648, NULL, '!', 'Rondelle Nord-Lock NL10', 'vis', NULL, NULL),
(649, NULL, '!', 'Vis H M10x80', 'vis', NULL, NULL),
(650, NULL, '!', 'Vis Chc M10x35', 'vis', NULL, NULL),
(651, NULL, '!', 'Rondelle Nord-Lock NL10sp', 'vis', NULL, NULL),
(652, NULL, '!', 'Vis Chc M10x50', 'vis', NULL, NULL),
(653, NULL, '!', 'Rondelle Nord-Lock NL 4sp', 'vis', NULL, NULL),
(654, NULL, '!', 'Vis Chc M4x8', 'vis', NULL, NULL),
(655, NULL, '!', 'Vis Chc M5x35', 'vis', NULL, NULL),
(656, NULL, '!', 'Vis Fhc M5x20', 'vis', NULL, NULL),
(657, NULL, '!', 'Vis H M14x50', 'vis', NULL, NULL),
(658, NULL, '!', 'Vis Chc M10x16', 'vis', NULL, NULL),
(659, NULL, '!', 'Rondelle Nord-Lock NL 6', 'vis', NULL, NULL),
(660, NULL, '!', 'Vis Chc M6x20', 'vis', NULL, NULL),
(661, NULL, '!', 'Rondelle Nord-Lock NL 6sp', 'vis', NULL, NULL),
(662, NULL, '!', 'Vis Chc M6x12', 'vis', NULL, NULL),
(663, NULL, '!', 'Vis Chc M8x25', 'vis', NULL, NULL),
(664, NULL, '!', 'Vis Chc M8x30', 'vis', NULL, NULL),
(665, NULL, '!', 'Vis Chc M6x16', 'vis', NULL, NULL),
(666, NULL, '!', 'Vis Chc M5x16', 'vis', NULL, NULL),
(667, NULL, '!', 'Vis Bhc M5x12', 'vis', NULL, NULL),
(668, NULL, '!', 'Vis Fhc M4x16', 'vis', NULL, NULL),
(669, NULL, '!', 'Vis Chc M5x25', 'vis', NULL, NULL),
(670, NULL, '!', 'Vis Chc M5x12', 'vis', NULL, NULL),
(671, NULL, '!', 'Vis Fhc M5x20', 'vis', NULL, NULL),
(672, NULL, '!', 'Vis Fhc M5x16', 'vis', NULL, NULL),
(673, NULL, '!', 'Vis Bhc M5x8', 'vis', NULL, NULL),
(674, NULL, '!', 'Rondelle large L 6', 'vis', NULL, NULL),
(675, NULL, '!', 'Vis Chc M6x10', 'vis', NULL, NULL),
(676, NULL, '!', 'Vis Fhc M3x6', 'vis', NULL, NULL),
(677, NULL, '!', 'Vis Fhc M3x16', 'vis', NULL, NULL),
(678, NULL, '!', 'Rondelle moyenne M 3', 'vis', NULL, NULL),
(679, NULL, '!', 'Ecrou H M 3', 'vis', NULL, NULL),
(680, NULL, '!', 'Vis Fhc M3x8', 'vis', NULL, NULL),
(681, NULL, '!', 'Rondelle Nord-Lock NL 5', 'vis', NULL, NULL),
(682, NULL, '!', 'Vis Chc M5x20', 'vis', NULL, NULL),
(683, NULL, '!', 'Rondelle large L 4', 'vis', NULL, NULL),
(684, NULL, '!', 'Vis Bhc M4x12', 'vis', NULL, NULL),
(685, NULL, '!', 'Vis Fhc M6x35', 'vis', NULL, NULL),
(686, NULL, '!', 'Rondelle Nord-Lock NL 4', 'vis', NULL, NULL),
(687, NULL, '!', 'Vis Chc M4x10', 'vis', NULL, NULL),
(688, NULL, '!', 'Rondelle Nord-Lock NL 5sp', 'vis', NULL, NULL),
(689, NULL, '!', 'Vis H M10x80', 'vis', NULL, NULL),
(690, NULL, '!', 'Vis Chc M5x25', 'vis', NULL, NULL),
(691, NULL, '!', 'Rondelle Nord-Lock NL10', 'vis', NULL, NULL),
(692, NULL, '!', 'Rondelle Nord-Lock NL16sp', 'vis', NULL, NULL),
(693, NULL, '!', 'Vis Chc M16x50', 'vis', NULL, NULL),
(694, NULL, '!', 'Vis Chc M5x35', 'vis', NULL, NULL),
(695, NULL, '!', 'Vis H M10x50', 'vis', NULL, NULL),
(696, NULL, '!', 'Ecrou H M10', 'vis', NULL, NULL),
(697, NULL, '!', 'Rondelle Nord-Lock NL 4', 'vis', NULL, NULL),
(698, NULL, '!', 'Vis Chc M4x12', 'vis', NULL, NULL),
(699, NULL, '!', 'Vis Chc M5x70', 'vis', NULL, NULL),
(700, NULL, '!', 'Rondelle Nord-Lock NL 4', 'vis', NULL, NULL),
(701, NULL, '!', 'Vis Chc M4x12', 'vis', NULL, NULL),
(702, NULL, '!', 'Vis Chc M5x70', 'vis', NULL, NULL),
(703, NULL, '!', 'Rondelle Nord-Lock NL 4', 'vis', NULL, NULL),
(704, NULL, '!', 'Vis Chc M4x12', 'vis', NULL, NULL),
(705, NULL, '!', 'Vis Chc M5x70', 'vis', NULL, NULL),
(706, NULL, '!', 'Rondelle Nord-Lock NL 4', 'vis', NULL, NULL),
(707, NULL, '!', 'Vis Chc M4x12', 'vis', NULL, NULL),
(708, NULL, '!', 'Vis Chc M5x70', 'vis', NULL, NULL),
(709, NULL, '!', 'Rondelle moyenne M 14', 'vis', NULL, NULL),
(710, NULL, '!', 'Vis H M14x50', 'vis', NULL, NULL),
(711, NULL, '!', 'Ecrou H M14', 'vis', NULL, NULL),
(712, NULL, '!', 'Rondelle Nord-Lock NL12', 'vis', NULL, NULL),
(713, NULL, '!', 'Vis H M12x40', 'vis', NULL, NULL),
(714, NULL, '!', 'Rondelle Nord-Lock NL16sp', 'vis', NULL, NULL),
(715, NULL, '!', 'Vis H M10x30', 'vis', NULL, NULL),
(716, NULL, '!', 'Vis Chc M16x40', 'vis', NULL, NULL),
(717, NULL, '!', 'Rondelle Nord-Lock NL10', 'vis', NULL, NULL),
(718, NULL, '!', 'Vis H M10x80', 'vis', NULL, NULL),
(719, NULL, '!', 'Vis Chc M10x35', 'vis', NULL, NULL),
(720, NULL, '!', 'Rondelle Nord-Lock NL10sp', 'vis', NULL, NULL),
(721, NULL, '!', 'Vis Chc M10x50', 'vis', NULL, NULL),
(722, NULL, '!', 'Rondelle Nord-Lock NL 4sp', 'vis', NULL, NULL),
(723, NULL, '!', 'Vis Chc M4x8', 'vis', NULL, NULL),
(724, NULL, '!', 'Vis Chc M5x35', 'vis', NULL, NULL),
(725, NULL, '!', 'Vis Fhc M5x20', 'vis', NULL, NULL),
(726, NULL, '!', 'Vis H M14x50', 'vis', NULL, NULL),
(727, NULL, '!', 'Patin de guidage', 'com', NULL, NULL),
(728, NULL, '!', 'Vis Chc M10x16', 'vis', NULL, NULL),
(729, NULL, '!', 'Rondelle Nord-Lock NL 6', 'vis', NULL, NULL),
(730, NULL, '!', 'Vis Chc M6x20', 'vis', NULL, NULL),
(731, NULL, '!', 'Rondelle Nord-Lock NL 6sp', 'vis', NULL, NULL),
(732, NULL, '!', 'Vis Chc M6x12', 'vis', NULL, NULL),
(733, NULL, '!', 'Vis Chc M8x25', 'vis', NULL, NULL),
(734, NULL, '!', 'Vis Chc M8x30', 'vis', NULL, NULL),
(735, NULL, '!', 'Vis Chc M6x16', 'vis', NULL, NULL),
(736, NULL, '!', 'Vis Chc M5x16', 'vis', NULL, NULL),
(737, NULL, '!', 'Vis Bhc M5x12', 'vis', NULL, NULL),
(738, NULL, '!', 'Vis Fhc M4x16', 'vis', NULL, NULL),
(739, NULL, '!', 'Vis Chc M5x25', 'vis', NULL, NULL),
(740, NULL, '!', 'Vis Chc M5x12', 'vis', NULL, NULL),
(741, NULL, '!', 'Vis Fhc M5x20', 'vis', NULL, NULL),
(742, NULL, '!', 'Vis Fhc M5x16', 'vis', NULL, NULL),
(743, NULL, '!', 'Vis Bhc M5x8', 'vis', NULL, NULL),
(744, NULL, '!', 'Rondelle large L 6', 'vis', NULL, NULL),
(745, NULL, '!', 'Vis Chc M6x10', 'vis', NULL, NULL),
(746, NULL, '!', 'Vis Fhc M3x6', 'vis', NULL, NULL),
(747, NULL, '!', 'Vis Fhc M3x16', 'vis', NULL, NULL),
(748, NULL, '!', 'Rondelle moyenne M 3', 'vis', NULL, NULL),
(749, NULL, '!', 'Ecrou H M 3', 'vis', NULL, NULL),
(750, NULL, '!', 'Vis Fhc M3x8', 'vis', NULL, NULL),
(751, NULL, '!', 'Rondelle Nord-Lock NL 5', 'vis', NULL, NULL),
(752, NULL, '!', 'Vis Chc M5x20', 'vis', NULL, NULL),
(753, NULL, '!', 'Rondelle large L 4', 'vis', NULL, NULL),
(754, NULL, '!', 'Vis Bhc M4x12', 'vis', NULL, NULL),
(755, NULL, '!', 'Vis Fhc M6x35', 'vis', NULL, NULL),
(756, NULL, '!', 'Rondelle Nord-Lock NL 4', 'vis', NULL, NULL),
(757, NULL, '!', 'Vis Chc M4x10', 'vis', NULL, NULL),
(758, NULL, '!', 'Rondelle Nord-Lock NL 5sp', 'vis', NULL, NULL),
(759, NULL, '!', 'Vis H M10x80', 'vis', NULL, NULL),
(760, NULL, '!', 'Vis Chc M5x25', 'vis', NULL, NULL),
(761, NULL, '!', 'Rondelle Nord-Lock NL10', 'vis', NULL, NULL),
(762, NULL, '!', 'Rondelle Nord-Lock NL16sp', 'vis', NULL, NULL),
(763, NULL, '!', 'Vis Chc M16x50', 'vis', NULL, NULL),
(764, NULL, '!', 'Vis Chc M5x35', 'vis', NULL, NULL),
(765, NULL, '!', 'Vis H M10x50', 'vis', NULL, NULL),
(766, NULL, '!', 'Ecrou H M10', 'vis', NULL, NULL),
(767, NULL, '!', 'Rondelle Nord-Lock NL 4', 'vis', NULL, NULL),
(768, NULL, '!', 'Vis Chc M4x12', 'vis', NULL, NULL),
(769, NULL, '!', 'Vis Chc M5x70', 'vis', NULL, NULL),
(770, NULL, '!', 'Rondelle Nord-Lock NL 4', 'vis', NULL, NULL),
(771, NULL, '!', 'Vis Chc M4x12', 'vis', NULL, NULL),
(772, NULL, '!', 'Vis Chc M5x70', 'vis', NULL, NULL),
(773, NULL, '!', 'Rondelle Nord-Lock NL 4', 'vis', NULL, NULL),
(774, NULL, '!', 'Vis Chc M4x12', 'vis', NULL, NULL),
(775, NULL, '!', 'Vis Chc M5x70', 'vis', NULL, NULL),
(776, NULL, '!', 'Rondelle Nord-Lock NL 4', 'vis', NULL, NULL),
(777, NULL, '!', 'Vis Chc M4x12', 'vis', NULL, NULL),
(778, NULL, '!', 'Vis Chc M5x70', 'vis', NULL, NULL),
(779, NULL, '!', 'Rondelle moyenne M 14', 'vis', NULL, NULL),
(780, NULL, '!', 'Vis H M14x50', 'vis', NULL, NULL),
(781, NULL, '!', 'Ecrou H M14', 'vis', NULL, NULL),
(782, NULL, '!', 'Rondelle Nord-Lock NL12', 'vis', NULL, NULL),
(783, NULL, '!', 'Vis H M12x40', 'vis', NULL, NULL),
(784, NULL, '!', 'Rondelle Nord-Lock NL16sp', 'vis', NULL, NULL),
(785, NULL, '!', 'Vis H M10x30', 'vis', NULL, NULL),
(786, NULL, '!', 'Vis Chc M16x40', 'vis', NULL, NULL),
(787, NULL, '!', 'Rondelle Nord-Lock NL10', 'vis', NULL, NULL),
(788, NULL, '!', 'Vis H M10x80', 'vis', NULL, NULL),
(789, NULL, '!', 'Vis Chc M10x35', 'vis', NULL, NULL),
(790, NULL, '!', 'Rondelle Nord-Lock NL10sp', 'vis', NULL, NULL),
(791, NULL, '!', 'Vis Chc M10x50', 'vis', NULL, NULL),
(792, NULL, '!', 'Rondelle Nord-Lock NL 4sp', 'vis', NULL, NULL),
(793, NULL, '!', 'Vis Chc M4x8', 'vis', NULL, NULL),
(794, NULL, '!', 'Vis Chc M5x35', 'vis', NULL, NULL),
(795, NULL, '!', 'Vis Fhc M5x20', 'vis', NULL, NULL),
(796, NULL, '!', 'Vis H M14x50', 'vis', NULL, NULL),
(797, NULL, '!', 'Vis Chc M10x16', 'vis', NULL, NULL),
(798, NULL, '!', 'Rondelle Nord-Lock NL 6', 'vis', NULL, NULL),
(799, NULL, '!', 'Vis Chc M6x20', 'vis', NULL, NULL),
(800, NULL, '!', 'Rondelle Nord-Lock NL 6sp', 'vis', NULL, NULL),
(801, NULL, '!', 'Vis Chc M6x12', 'vis', NULL, NULL),
(802, NULL, '!', 'Vis Chc M8x25', 'vis', NULL, NULL),
(803, NULL, '!', 'Vis Chc M8x30', 'vis', NULL, NULL),
(804, NULL, '!', 'Vis Chc M6x16', 'vis', NULL, NULL),
(805, NULL, '!', 'Vis Chc M5x16', 'vis', NULL, NULL),
(806, NULL, '!', 'Vis Bhc M5x12', 'vis', NULL, NULL),
(807, NULL, '!', 'Vis Fhc M4x16', 'vis', NULL, NULL),
(808, NULL, '!', 'Vis Chc M5x25', 'vis', NULL, NULL),
(809, NULL, '!', 'Vis Chc M5x12', 'vis', NULL, NULL),
(810, NULL, '!', 'Vis Fhc M5x20', 'vis', NULL, NULL),
(811, NULL, '!', 'Vis Fhc M5x16', 'vis', NULL, NULL),
(812, NULL, '!', 'Vis Bhc M5x8', 'vis', NULL, NULL),
(813, NULL, '!', 'Rondelle large L 6', 'vis', NULL, NULL),
(814, NULL, '!', 'Vis Chc M6x10', 'vis', NULL, NULL),
(815, NULL, '!', 'Vis Fhc M3x6', 'vis', NULL, NULL),
(816, NULL, '!', 'Vis Fhc M3x16', 'vis', NULL, NULL),
(817, NULL, '!', 'Rondelle moyenne M 3', 'vis', NULL, NULL),
(818, NULL, '!', 'Ecrou H M 3', 'vis', NULL, NULL),
(819, NULL, '!', 'Vis Fhc M3x8', 'vis', NULL, NULL),
(820, NULL, '!', 'Rondelle Nord-Lock NL 5', 'vis', NULL, NULL),
(821, NULL, '!', 'Vis Chc M5x20', 'vis', NULL, NULL),
(822, NULL, '!', 'Rondelle large L 4', 'vis', NULL, NULL),
(823, NULL, '!', 'Vis Bhc M4x12', 'vis', NULL, NULL),
(824, NULL, '!', 'Vis Fhc M6x35', 'vis', NULL, NULL),
(825, NULL, '!', 'Rondelle Nord-Lock NL 4', 'vis', NULL, NULL),
(826, NULL, '!', 'Vis Chc M4x10', 'vis', NULL, NULL),
(827, NULL, '!', 'Rondelle Nord-Lock NL 5sp', 'vis', NULL, NULL),
(828, NULL, '!', 'Vis H M10x80', 'vis', NULL, NULL),
(829, NULL, '!', 'Vis Chc M5x25', 'vis', NULL, NULL),
(830, NULL, '!', 'Rondelle Nord-Lock NL10', 'vis', NULL, NULL),
(831, NULL, '!', 'Rondelle Nord-Lock NL16sp', 'vis', NULL, NULL),
(832, NULL, '!', 'Vis Chc M16x50', 'vis', NULL, NULL),
(833, NULL, '!', 'Vis Chc M5x35', 'vis', NULL, NULL),
(834, NULL, '!', 'Vis H M10x50', 'vis', NULL, NULL),
(835, NULL, '!', 'Ecrou H M10', 'vis', NULL, NULL),
(836, NULL, '!', 'Rondelle Nord-Lock NL 4', 'vis', NULL, NULL),
(837, NULL, '!', 'Vis Chc M4x12', 'vis', NULL, NULL),
(838, NULL, '!', 'Vis Chc M5x70', 'vis', NULL, NULL),
(839, NULL, '!', 'Rondelle Nord-Lock NL 4', 'vis', NULL, NULL),
(840, NULL, '!', 'Vis Chc M4x12', 'vis', NULL, NULL),
(841, NULL, '!', 'Vis Chc M5x70', 'vis', NULL, NULL),
(842, NULL, '!', 'Rondelle Nord-Lock NL 4', 'vis', NULL, NULL),
(843, NULL, '!', 'Vis Chc M4x12', 'vis', NULL, NULL),
(844, NULL, '!', 'Vis Chc M5x70', 'vis', NULL, NULL),
(845, NULL, '!', 'Rondelle Nord-Lock NL 4', 'vis', NULL, NULL),
(846, NULL, '!', 'Vis Chc M4x12', 'vis', NULL, NULL),
(847, NULL, '!', 'Vis Chc M5x70', 'vis', NULL, NULL),
(848, NULL, '!', 'Rondelle Nord-Lock NL16sp', 'vis', NULL, NULL),
(849, NULL, '!', 'Vis H M10x30', 'vis', NULL, NULL),
(850, NULL, '!', 'Vis Chc M16x40', 'vis', NULL, NULL),
(851, NULL, '!', 'Rondelle Nord-Lock NL10', 'vis', NULL, NULL),
(852, NULL, '!', 'Vis H M10x80', 'vis', NULL, NULL),
(853, NULL, '!', 'Vis Chc M10x35', 'vis', NULL, NULL),
(854, NULL, '!', 'Rondelle Nord-Lock NL10sp', 'vis', NULL, NULL),
(855, NULL, '!', 'Vis Chc M10x50', 'vis', NULL, NULL),
(856, NULL, '!', 'Rondelle Nord-Lock NL 4sp', 'vis', NULL, NULL),
(857, NULL, '!', 'Vis Chc M4x8', 'vis', NULL, NULL),
(858, NULL, '!', 'Vis Chc M5x35', 'vis', NULL, NULL),
(859, NULL, '!', 'Vis Fhc M5x20', 'vis', NULL, NULL),
(860, NULL, '!', 'Vis H M14x50', 'vis', NULL, NULL),
(861, NULL, '!', 'Rondelle Nord-Lock NL16sp', 'vis', NULL, NULL),
(862, NULL, '!', 'Vis H M10x30', 'vis', NULL, NULL),
(863, NULL, '!', 'Vis Chc M16x40', 'vis', NULL, NULL),
(864, NULL, '!', 'Rondelle Nord-Lock NL10', 'vis', NULL, NULL),
(865, NULL, '!', 'Vis H M10x80', 'vis', NULL, NULL),
(866, NULL, '!', 'Vis Chc M10x35', 'vis', NULL, NULL),
(867, NULL, '!', 'Rondelle Nord-Lock NL10sp', 'vis', NULL, NULL),
(868, NULL, '!', 'Vis Chc M10x50', 'vis', NULL, NULL),
(869, NULL, '!', 'Rondelle Nord-Lock NL 4sp', 'vis', NULL, NULL),
(870, NULL, '!', 'Vis Chc M4x8', 'vis', NULL, NULL),
(871, NULL, '!', 'Vis Chc M5x35', 'vis', NULL, NULL),
(872, NULL, '!', 'Vis Fhc M5x20', 'vis', NULL, NULL),
(873, NULL, '!', 'Vis H M14x50', 'vis', NULL, NULL),
(874, NULL, '!', 'Rondelle Nord-Lock NL16sp', 'vis', NULL, NULL),
(875, NULL, '!', 'Vis H M10x30', 'vis', NULL, NULL),
(876, NULL, '!', 'Vis Chc M16x40', 'vis', NULL, NULL),
(877, NULL, '!', 'Rondelle Nord-Lock NL10', 'vis', NULL, NULL),
(878, NULL, '!', 'Vis H M10x80', 'vis', NULL, NULL),
(879, NULL, '!', 'Vis Chc M10x35', 'vis', NULL, NULL),
(880, NULL, '!', 'Rondelle Nord-Lock NL10sp', 'vis', NULL, NULL),
(881, NULL, '!', 'Vis Chc M10x50', 'vis', '', ''),
(882, NULL, '!', 'Rondelle Nord-Lock NL 4sp', 'vis', NULL, NULL),
(883, NULL, '!', 'Vis Chc M4x8', 'vis', NULL, NULL),
(884, NULL, '!', 'Vis Chc M5x35', 'vis', NULL, NULL),
(885, NULL, '!', 'Vis Fhc M5x20', 'vis', NULL, NULL),
(886, NULL, '!', 'Vis H M14x50', 'vis', NULL, NULL),
(887, NULL, '!', 'Rondelle Nord-Lock NL12', 'vis', NULL, NULL),
(888, NULL, '!', 'Rondelle Nord-Lock NL16sp', 'vis', NULL, NULL),
(889, NULL, '!', 'Rondelle Nord-Lock NL10', 'vis', NULL, NULL),
(890, NULL, '!', 'Rondelle Nord-Lock NL10sp', 'vis', NULL, NULL),
(891, NULL, '!', 'Rondelle Nord-Lock NL 4sp', 'vis', NULL, NULL),
(892, NULL, '!', 'Rondelle Nord-Lock NL 6', 'vis', NULL, NULL),
(893, NULL, '!', 'Rondelle Nord-Lock NL 6sp', 'vis', NULL, NULL),
(894, NULL, '!', 'Rondelle large L 6', 'vis', NULL, NULL),
(895, NULL, '!', 'Rondelle moyenne M 3', 'vis', NULL, NULL),
(896, NULL, '!', 'Rondelle Nord-Lock NL 5', 'vis', NULL, NULL),
(897, NULL, '!', 'Rondelle large L 4', 'vis', NULL, NULL),
(898, NULL, '!', 'Rondelle Nord-Lock NL 4', 'vis', NULL, NULL),
(899, NULL, '!', 'Rondelle Nord-Lock NL 5sp', 'vis', NULL, NULL),
(900, NULL, '!', 'Rondelle Nord-Lock NL10', 'vis', NULL, NULL),
(901, NULL, '!', 'Rondelle Nord-Lock NL16sp', 'vis', NULL, NULL),
(902, NULL, '!', 'Rondelle Nord-Lock NL 4', 'vis', NULL, NULL),
(903, NULL, '!', 'Rondelle Nord-Lock NL 4', 'vis', NULL, NULL),
(904, NULL, '!', 'Rondelle Nord-Lock NL 4', 'vis', NULL, NULL),
(905, NULL, '!', 'Rondelle Nord-Lock NL 4', 'vis', NULL, NULL),
(906, NULL, '!', 'Rondelle Nord-Lock NL12', 'vis', NULL, NULL),
(907, NULL, '!', 'Rondelle Nord-Lock NL16sp', 'vis', NULL, NULL),
(908, NULL, '!', 'Rondelle Nord-Lock NL10', 'vis', NULL, NULL),
(909, NULL, '!', 'Rondelle Nord-Lock NL10sp', 'vis', NULL, NULL),
(910, NULL, '!', 'Rondelle Nord-Lock NL 4sp', 'vis', NULL, NULL),
(911, NULL, '!', 'Rondelle Nord-Lock NL 6', 'vis', NULL, NULL),
(912, NULL, '!', 'Rondelle Nord-Lock NL 6sp', 'vis', NULL, NULL),
(913, NULL, '!', 'Rondelle large L 6', 'vis', NULL, NULL),
(914, NULL, '!', 'Rondelle moyenne M 3', 'vis', NULL, NULL),
(915, NULL, '!', 'Rondelle Nord-Lock NL 5', 'vis', NULL, NULL),
(916, NULL, '!', 'Rondelle large L 4', 'vis', NULL, NULL),
(917, NULL, '!', 'Rondelle Nord-Lock NL 4', 'vis', NULL, NULL),
(918, NULL, '!', 'Rondelle Nord-Lock NL 5sp', 'vis', NULL, NULL),
(919, NULL, '!', 'Rondelle Nord-Lock NL10', 'vis', NULL, NULL),
(920, NULL, '!', 'Rondelle Nord-Lock NL16sp', 'vis', NULL, NULL),
(921, NULL, '!', 'Rondelle Nord-Lock NL 4', 'vis', NULL, NULL),
(922, NULL, '!', 'Rondelle Nord-Lock NL 4', 'vis', NULL, NULL),
(923, NULL, '!', 'Rondelle Nord-Lock NL 4', 'vis', NULL, NULL),
(924, NULL, '!', 'Rondelle Nord-Lock NL 4', 'vis', NULL, NULL),
(925, NULL, '!', 'Rondelle moyenne M 14 Zingué', 'vis', NULL, NULL),
(926, NULL, '!', 'Vis H M14x50 Cl12-9 zingué', 'vis', NULL, NULL),
(927, NULL, '!', 'Ecrou H M14 cl10 zingué', 'vis', NULL, NULL),
(928, NULL, '!', 'Rondelle Nord-Lock NL12', 'vis', NULL, NULL),
(929, NULL, '!', 'Vis H M12x40 CL8-8 zingué', 'vis', NULL, NULL),
(930, NULL, '!', 'Vis de mise à niveau M30x1.5 lg:80', 'com', NULL, ''),
(931, NULL, '!', 'Contre-écrou de vis vérin M30x1.5', 'com', NULL, NULL),
(932, NULL, '!', 'Vis reglage tete bombé', 'com', NULL, NULL),
(933, NULL, '!', 'Poignée boule', 'com', NULL, NULL),
(934, NULL, '!', ' Tige filetée HAS-M16x125/148', 'com', NULL, NULL),
(935, NULL, '!', 'Rondelle Nord-Lock NL16sp', 'vis', NULL, NULL),
(936, NULL, '!', 'Vis H M10x30 Cl8-8 zingué', 'vis', NULL, NULL),
(937, NULL, '!', 'Vis Chc M16x40 Cl8-8 zingué', 'vis', NULL, NULL),
(938, NULL, '!', 'Vis sans tête HC M12x20 bout teton - zingué', 'vis', NULL, NULL),
(939, NULL, '!', 'Goupille cylindrique m6 Ø12x30', 'vis', NULL, NULL),
(940, NULL, '!', 'Rondelle Nord-Lock NL10', 'vis', NULL, NULL),
(941, NULL, '!', 'Vis H M10x80  Cl8-8 zingué', 'vis', NULL, NULL),
(942, NULL, '!', 'Vis Chc M10x35  Cl8-8 zingué', 'vis', NULL, NULL),
(943, NULL, '!', 'Rondelle Nord-Lock NL10sp', 'vis', NULL, NULL),
(944, NULL, '!', 'Vis Chc M10x50  Cl8-8 zingué', 'vis', NULL, NULL),
(945, NULL, '!', 'Rondelle Nord-Lock NL 4sp', 'vis', NULL, NULL),
(946, NULL, '!', 'Vis Chc M4x8  Cl8-8 zingué', 'vis', NULL, NULL),
(947, NULL, '!', 'Vis Chc M5x35  Cl8-8 zingué', 'vis', NULL, NULL),
(948, NULL, '!', 'Vis Fhc M5x20  Cl8-8 zingué', 'vis', NULL, NULL),
(949, NULL, '!', 'Vis H M14x50  Cl12-9 zingué', 'vis', NULL, NULL),
(950, NULL, '!', 'Module de guidage linéaire', 'com', NULL, NULL),
(951, NULL, '!', 'Vis épaulé', 'com', NULL, NULL),
(952, NULL, '!', 'Vis Chc M10x16  Cl8-8 zingué', 'vis', NULL, NULL),
(953, NULL, '!', 'Rondelle Nord-Lock NL 6', 'vis', NULL, NULL),
(954, NULL, '!', 'Vis Chc M6x20  Cl8-8 zingué', 'vis', NULL, NULL),
(955, NULL, '!', 'Rondelle Nord-Lock NL 6sp', 'vis', NULL, NULL),
(956, NULL, '!', 'Vis Chc M6x12  Cl8-8 zingué', 'vis', NULL, NULL),
(957, NULL, '!', 'Vis Chc M8x25  Cl8-8 zingué', 'vis', NULL, NULL),
(958, NULL, '!', 'Vis Chc M8x30  Cl8-8 zingué', 'vis', NULL, NULL),
(959, NULL, '!', 'Goupille cylindrique m6 Ø5x20', 'vis', NULL, NULL),
(960, NULL, '!', 'Vis Chc M6x16  Cl8-8 zingué', 'vis', NULL, NULL),
(961, NULL, '!', 'Vis Chc M5x16  Cl8-8 zingué', 'vis', NULL, NULL),
(962, NULL, '!', 'Vis Bhc M5x12  Cl8-8 zingué', 'vis', NULL, NULL),
(963, NULL, '!', 'Vis Fhc M4x16  Cl8-8 zingué', 'vis', NULL, NULL),
(964, NULL, '!', 'Vis Chc M5x25  Cl8-8 zingué', 'vis', NULL, NULL),
(965, NULL, '!', 'Vis Chc M5x12  Cl8-8 zingué', 'vis', NULL, NULL),
(966, NULL, '!', 'Vis Fhc M5x20  Cl8-8 zingué', 'vis', NULL, NULL),
(967, NULL, '!', 'Vis Fhc M5x16  Cl8-8 zingué', 'vis', NULL, NULL),
(968, NULL, '!', 'Vis Bhc M5x8  Cl8-8 zingué', 'vis', NULL, NULL),
(969, NULL, '!', 'Rondelle large L 6', 'vis', NULL, NULL),
(970, NULL, '!', 'Vis Chc M6x10  Cl8-8 zingué', 'vis', NULL, NULL),
(971, NULL, '!', 'Vis Fhc M3x6  Cl8-8 zingué', 'vis', NULL, NULL),
(972, NULL, '!', 'Vis Fhc M3x16  Cl8-8 zingué', 'vis', NULL, NULL),
(973, NULL, '!', 'Rondelle moyenne M 3', 'vis', NULL, NULL),
(974, NULL, '!', 'Ecrou H M 3  Cl8-8 zingué', 'vis', NULL, NULL),
(975, NULL, '!', 'Vis Fhc M3x8  Cl8-8 zingué', 'vis', NULL, NULL),
(976, NULL, '!', 'Rondelle Nord-Lock NL 5', 'vis', NULL, NULL),
(977, NULL, '!', 'Vis Chc M5x20  Cl8-8 zingué', 'vis', NULL, NULL),
(978, NULL, '!', 'Rondelle large L 4', 'vis', NULL, NULL),
(979, NULL, '!', 'Vis Bhc M4x12  Cl8-8 zingué', 'vis', NULL, NULL),
(980, NULL, '!', 'Vis Fhc M6x35  Cl8-8 zingué', 'vis', NULL, NULL),
(981, NULL, '!', 'Rondelle Nord-Lock NL 4', 'vis', NULL, NULL),
(982, NULL, '!', 'Vis Chc M4x10  Cl8-8 zingué', 'vis', NULL, NULL),
(983, NULL, '!', 'Rondelle Nord-Lock NL 5sp', 'vis', NULL, NULL),
(984, NULL, '!', 'Vis H M10x80  Cl8-8 zingué', 'vis', NULL, NULL),
(985, NULL, '!', 'Vis Chc M5x25  Cl8-8 zingué', 'vis', NULL, NULL),
(986, NULL, '!', 'Goupille cylindrique m6 Ø12x45', 'vis', NULL, NULL),
(987, NULL, '!', 'Rondelle Nord-Lock NL10', 'vis', NULL, NULL),
(988, NULL, '!', 'Rondelle Nord-Lock NL16sp', 'vis', NULL, NULL),
(989, NULL, '!', 'Vis Chc M16x50  Cl8-8 zingué', 'vis', NULL, NULL),
(990, NULL, '!', 'Vis Chc M5x35  Cl8-8 zingué', 'vis', NULL, NULL),
(991, NULL, '!', 'Vis H M10x50  Cl8-8 zingué', 'vis', NULL, NULL),
(992, NULL, '!', 'Ecrou H M10  Cl8-8 zingué', 'vis', NULL, NULL),
(993, NULL, '!', 'Poinçon de découpe Ø2', 'com', NULL, NULL),
(994, NULL, '!', 'Goupille cylindrique m6 Ø4x14', 'vis', NULL, NULL),
(995, NULL, '!', 'Rondelle Nord-Lock NL 4', 'vis', NULL, NULL),
(996, NULL, '!', 'Vis Chc M4x12  Cl8-8 zingué', 'vis', NULL, NULL),
(997, NULL, '!', 'Vis Chc M5x70  Cl8-8 zingué', 'vis', NULL, NULL),
(998, NULL, '!', 'Vis sans tête HC M10x10', 'vis', NULL, NULL),
(999, NULL, '!', 'Poinçon de découpe carré 2', 'com', NULL, NULL),
(1000, NULL, '!', 'Goupille cylindrique m6 Ø4x14', 'vis', NULL, NULL),
(1001, NULL, '!', 'Rondelle Nord-Lock NL 4', 'vis', NULL, NULL),
(1002, NULL, '!', 'Vis Chc M4x12  Cl8-8 zingué', 'vis', NULL, NULL),
(1003, NULL, '!', 'Vis Chc M5x70  Cl8-8 zingué', 'vis', NULL, NULL),
(1004, NULL, '!', 'Vis sans tête HC M10x10 bout plat - zingué', 'vis', NULL, NULL),
(1005, NULL, '!', 'Goupille cylindrique m6 Ø4x14', 'vis', NULL, NULL),
(1006, NULL, '!', 'Rondelle Nord-Lock NL 4', 'vis', NULL, NULL),
(1007, NULL, '!', 'Vis Chc M4x12   Cl8-8 zingué', 'vis', NULL, NULL),
(1008, NULL, '!', 'Vis Chc M5x70   Cl8-8 zingué', 'vis', NULL, NULL),
(1009, NULL, '!', 'Vis sans tête HC M10x10 bout plat - zingué', 'vis', NULL, NULL),
(1010, NULL, '!', 'Poinçon de decoupe Ø1.5', 'com', NULL, NULL),
(1011, NULL, '!', 'Goupille cylindrique m6 Ø4x14', 'vis', NULL, NULL),
(1012, NULL, '!', 'Rondelle Nord-Lock NL 4', 'vis', NULL, NULL),
(1013, NULL, '!', 'Vis Chc M4x12   Cl8-8 zingué', 'vis', NULL, NULL),
(1014, NULL, '!', 'Vis Chc M5x70   Cl8-8 zingué', 'vis', NULL, NULL),
(1015, NULL, '!', 'Vis sans tête HC M10x10 bout plat - zingué', 'vis', NULL, NULL),
(1016, NULL, '!', 'Rondelle moyenne M 14 Zingué', 'vis', NULL, NULL),
(1017, NULL, '!', 'Vis H M14x50 Cl12-9 zingué', 'vis', NULL, NULL),
(1018, NULL, '!', 'Ecrou H M14 cl10 zingué', 'vis', NULL, NULL),
(1019, NULL, '!', 'Rondelle Nord-Lock NL12', 'vis', NULL, NULL),
(1020, NULL, '!', 'Vis H M12x40 CL8-8 zingué', 'vis', NULL, NULL),
(1021, NULL, '!', 'Rondelle Nord-Lock NL16sp', 'vis', NULL, NULL),
(1022, NULL, '!', 'Vis H M10x30 Cl8-8 zingué', 'vis', NULL, NULL),
(1023, NULL, '!', 'Vis Chc M16x40 Cl8-8 zingué', 'vis', NULL, NULL),
(1024, NULL, '!', 'Vis sans tête HC M12x20 bout teton - zingué', 'vis', NULL, NULL),
(1025, NULL, '!', 'Goupille cylindrique m6 Ø12x30', 'vis', NULL, NULL),
(1026, NULL, '!', 'Rondelle Nord-Lock NL10', 'vis', NULL, NULL),
(1027, NULL, '!', 'Vis H M10x80  Cl8-8 zingué', 'vis', NULL, NULL),
(1028, NULL, '!', 'Vis Chc M10x35  Cl8-8 zingué', 'vis', NULL, NULL),
(1029, NULL, '!', 'Rondelle Nord-Lock NL10sp', 'vis', NULL, NULL),
(1030, NULL, '!', 'Vis Chc M10x50  Cl8-8 zingué', 'vis', NULL, NULL),
(1031, NULL, '!', 'Rondelle Nord-Lock NL 4sp', 'vis', NULL, NULL),
(1032, NULL, '!', 'Vis Chc M4x8  Cl8-8 zingué', 'vis', NULL, NULL),
(1033, NULL, '!', 'Vis Chc M5x35  Cl8-8 zingué', 'vis', NULL, NULL),
(1034, NULL, '!', 'Vis Fhc M5x20  Cl8-8 zingué', 'vis', NULL, NULL),
(1035, NULL, '!', 'Vis H M14x50  Cl12-9 zingué', 'vis', NULL, NULL),
(1036, NULL, '!', 'Vis Chc M10x16  Cl8-8 zingué', 'vis', NULL, NULL),
(1037, NULL, '!', 'Rondelle Nord-Lock NL 6', 'vis', NULL, NULL),
(1038, NULL, '!', 'Vis Chc M6x20  Cl8-8 zingué', 'vis', NULL, NULL),
(1039, NULL, '!', 'Rondelle Nord-Lock NL 6sp', 'vis', NULL, NULL),
(1040, NULL, '!', 'Vis Chc M6x12  Cl8-8 zingué', 'vis', NULL, NULL),
(1041, NULL, '!', 'Vis Chc M8x25  Cl8-8 zingué', 'vis', NULL, NULL),
(1042, NULL, '!', 'Vis Chc M8x30  Cl8-8 zingué', 'vis', NULL, NULL),
(1043, NULL, '!', 'Goupille cylindrique m6 Ø5x20', 'vis', NULL, NULL),
(1044, NULL, '!', 'Vis Chc M6x16  Cl8-8 zingué', 'vis', NULL, NULL),
(1045, NULL, '!', 'Vis Chc M5x16  Cl8-8 zingué', 'vis', NULL, NULL),
(1046, NULL, '!', 'Vis Bhc M5x12  Cl8-8 zingué', 'vis', NULL, NULL),
(1047, NULL, '!', 'Vis Fhc M4x16  Cl8-8 zingué', 'vis', NULL, NULL),
(1048, NULL, '!', 'Vis Chc M5x25  Cl8-8 zingué', 'vis', NULL, NULL),
(1049, NULL, '!', 'Vis Chc M5x12  Cl8-8 zingué', 'vis', NULL, NULL),
(1050, NULL, '!', 'Vis Fhc M5x20  Cl8-8 zingué', 'vis', NULL, NULL),
(1051, NULL, '!', 'Vis Fhc M5x16  Cl8-8 zingué', 'vis', NULL, NULL),
(1052, NULL, '!', 'Vis Bhc M5x8  Cl8-8 zingué', 'vis', NULL, NULL),
(1053, NULL, '!', 'Rondelle large L 6', 'vis', NULL, NULL),
(1054, NULL, '!', 'Vis Chc M6x10  Cl8-8 zingué', 'vis', NULL, NULL),
(1055, NULL, '!', 'Vis Fhc M3x6  Cl8-8 zingué', 'vis', NULL, NULL),
(1056, NULL, '!', 'Vis Fhc M3x16  Cl8-8 zingué', 'vis', NULL, NULL),
(1057, NULL, '!', 'Rondelle moyenne M 3', 'vis', NULL, NULL),
(1058, NULL, '!', 'Ecrou H M 3  Cl8-8 zingué', 'vis', NULL, NULL),
(1059, NULL, '!', 'Vis Fhc M3x8  Cl8-8 zingué', 'vis', NULL, NULL),
(1060, NULL, '!', 'Rondelle Nord-Lock NL 5', 'vis', NULL, NULL),
(1061, NULL, '!', 'Vis Chc M5x20  Cl8-8 zingué', 'vis', NULL, NULL),
(1062, NULL, '!', 'Rondelle large L 4', 'vis', NULL, NULL),
(1063, NULL, '!', 'Vis Bhc M4x12  Cl8-8 zingué', 'vis', NULL, NULL),
(1064, NULL, '!', 'Vis Fhc M6x35  Cl8-8 zingué', 'vis', NULL, NULL),
(1065, NULL, '!', 'Rondelle Nord-Lock NL 4', 'vis', NULL, NULL),
(1066, NULL, '!', 'Vis Chc M4x10  Cl8-8 zingué', 'vis', NULL, NULL),
(1067, NULL, '!', 'Rondelle Nord-Lock NL 5sp', 'vis', NULL, NULL),
(1068, NULL, '!', 'Vis H M10x80  Cl8-8 zingué', 'vis', NULL, NULL),
(1069, NULL, '!', 'Vis Chc M5x25  Cl8-8 zingué', 'vis', NULL, NULL),
(1070, NULL, '!', 'Goupille cylindrique m6 Ø12x45', 'vis', NULL, NULL),
(1071, NULL, '!', 'Rondelle Nord-Lock NL10', 'vis', NULL, NULL),
(1072, NULL, '!', 'Rondelle Nord-Lock NL16sp', 'vis', NULL, NULL),
(1073, NULL, '!', 'Vis Chc M16x50  Cl8-8 zingué', 'vis', NULL, NULL),
(1074, NULL, '!', 'Vis Chc M5x35  Cl8-8 zingué', 'vis', NULL, NULL),
(1075, NULL, '!', 'Vis H M10x50  Cl8-8 zingué', 'vis', NULL, NULL),
(1076, NULL, '!', 'Ecrou H M10  Cl8-8 zingué', 'vis', NULL, NULL),
(1077, NULL, '!', 'Goupille cylindrique m6 Ø4x14', 'vis', NULL, NULL),
(1078, NULL, '!', 'Rondelle Nord-Lock NL 4', 'vis', NULL, NULL),
(1079, NULL, '!', 'Vis Chc M4x12  Cl8-8 zingué', 'vis', NULL, NULL),
(1080, NULL, '!', 'Vis Chc M5x70  Cl8-8 zingué', 'vis', NULL, NULL),
(1081, NULL, '!', 'Vis sans tête HC M10x10', 'vis', NULL, NULL),
(1082, NULL, '!', 'Goupille cylindrique m6 Ø4x14', 'vis', NULL, NULL),
(1083, NULL, '!', 'Rondelle Nord-Lock NL 4', 'vis', NULL, NULL),
(1084, NULL, '!', 'Vis Chc M4x12  Cl8-8 zingué', 'vis', NULL, NULL),
(1085, NULL, '!', 'Vis Chc M5x70  Cl8-8 zingué', 'vis', NULL, NULL),
(1086, NULL, '!', 'Vis sans tête HC M10x10 bout plat - zingué', 'vis', NULL, NULL),
(1087, NULL, '!', 'Goupille cylindrique m6 Ø4x14', 'vis', NULL, NULL),
(1088, NULL, '!', 'Rondelle Nord-Lock NL 4', 'vis', NULL, NULL),
(1089, NULL, '!', 'Vis Chc M4x12   Cl8-8 zingué', 'vis', NULL, NULL),
(1090, NULL, '!', 'Vis Chc M5x70   Cl8-8 zingué', 'vis', NULL, NULL),
(1091, NULL, '!', 'Vis sans tête HC M10x10 bout plat - zingué', 'vis', NULL, NULL),
(1092, NULL, '!', 'Goupille cylindrique m6 Ø4x14', 'vis', NULL, NULL),
(1093, NULL, '!', 'Rondelle Nord-Lock NL 4', 'vis', NULL, NULL),
(1094, NULL, '!', 'Vis Chc M4x12   Cl8-8 zingué', 'vis', NULL, NULL),
(1095, NULL, '!', 'Vis Chc M5x70   Cl8-8 zingué', 'vis', NULL, NULL),
(1096, NULL, '!', 'Vis sans tête HC M10x10 bout plat - zingué', 'vis', NULL, NULL),
(1097, NULL, '!', 'Rondelle moyenne M 14 Zingué', 'vis', NULL, NULL),
(1098, NULL, '!', 'Vis H M14x50 Cl12-9 zingué', 'vis', NULL, NULL),
(1099, NULL, '!', 'Ecrou H M14 cl10 zingué', 'vis', NULL, NULL),
(1100, NULL, '!', 'Rondelle Nord-Lock NL12', 'vis', NULL, NULL),
(1101, NULL, '!', 'Vis H M12x40 CL8-8 zingué', 'vis', NULL, NULL),
(1102, NULL, '!', 'Rondelle Nord-Lock NL16sp', 'vis', NULL, NULL),
(1103, NULL, '!', 'Vis H M10x30   Cl8-8 zingué', 'vis', NULL, NULL),
(1104, NULL, '!', 'Vis Chc M16x40   Cl8-8 zingué', 'vis', NULL, NULL),
(1105, NULL, '!', 'Vis sans tête HC M12x20 bout teton - zingué', 'vis', NULL, NULL),
(1106, NULL, '!', 'Goupille cylindrique m6 Ø12x30', 'vis', NULL, NULL),
(1107, NULL, '!', 'Rondelle Nord-Lock NL10', 'vis', NULL, NULL),
(1108, NULL, '!', 'Vis H M10x80   Cl8-8 zingué', 'vis', NULL, NULL),
(1109, NULL, '!', 'Vis Chc M10x35  Cl8-8 zingué', 'vis', NULL, NULL),
(1110, NULL, '!', 'Rondelle Nord-Lock NL10sp', 'vis', NULL, NULL),
(1111, NULL, '!', 'Vis Chc M10x50  Cl8-8 zingué', 'vis', NULL, NULL),
(1112, NULL, '!', 'Rondelle Nord-Lock NL 4sp', 'vis', NULL, NULL),
(1113, NULL, '!', 'Vis Chc M4x8  Cl8-8 zingué', 'vis', NULL, NULL),
(1114, NULL, '!', 'Vis Chc M5x35  Cl8-8 zingué', 'vis', NULL, NULL),
(1115, NULL, '!', 'Vis Fhc M5x20  Cl8-8 zingué', 'vis', NULL, NULL),
(1116, NULL, '!', 'Vis H M14x50  Cl12-9 zingué', 'vis', NULL, NULL),
(1117, NULL, '!', 'Vis Chc M10x16  Cl8-8 zingué', 'vis', NULL, NULL),
(1118, NULL, '!', 'Rondelle Nord-Lock NL 6', 'vis', NULL, NULL),
(1119, NULL, '!', 'Vis Chc M6x20  Cl8-8 zingué', 'vis', NULL, NULL),
(1120, NULL, '!', 'Rondelle Nord-Lock NL 6sp', 'vis', NULL, NULL),
(1121, NULL, '!', 'Vis Chc M6x12  Cl8-8 zingué', 'vis', NULL, NULL),
(1122, NULL, '!', 'Vis Chc M8x25  Cl8-8 zingué', 'vis', NULL, NULL),
(1123, NULL, '!', 'Vis Chc M8x30  Cl8-8 zingué', 'vis', NULL, NULL),
(1124, NULL, '!', 'Goupille cylindrique m6 Ø5x20', 'vis', NULL, NULL),
(1125, NULL, '!', 'Vis Chc M6x16  Cl8-8 zingué', 'vis', NULL, NULL),
(1126, NULL, '!', 'Vis Chc M5x16  Cl8-8 zingué', 'vis', NULL, NULL),
(1127, NULL, '!', 'Vis Bhc M5x12  Cl8-8 zingué', 'vis', NULL, NULL),
(1128, NULL, '!', 'Vis Fhc M4x16  Cl8-8 zingué', 'vis', NULL, NULL),
(1129, NULL, '!', 'Vis Chc M5x25  Cl8-8 zingué', 'vis', NULL, NULL),
(1130, NULL, '!', 'Vis Chc M5x12  Cl8-8 zingué', 'vis', NULL, NULL),
(1131, NULL, '!', 'Vis Fhc M5x20  Cl8-8 zingué', 'vis', NULL, NULL),
(1132, NULL, '!', 'Vis Fhc M5x16  Cl8-8 zingué', 'vis', NULL, NULL),
(1133, NULL, '!', 'Vis Bhc M5x8  Cl8-8 zingué', 'vis', NULL, NULL),
(1134, NULL, '!', 'Rondelle large L 6', 'vis', NULL, NULL),
(1135, NULL, '!', 'Vis Chc M6x10  Cl8-8 zingué', 'vis', NULL, NULL),
(1136, NULL, '!', 'Vis Fhc M3x6  Cl8-8 zingué', 'vis', NULL, NULL),
(1137, NULL, '!', 'Vis Fhc M3x16  Cl8-8 zingué', 'vis', NULL, NULL),
(1138, NULL, '!', 'Rondelle moyenne M 3', 'vis', NULL, NULL),
(1139, NULL, '!', 'Ecrou H M 3  Cl8-8 zingué', 'vis', NULL, NULL),
(1140, NULL, '!', 'Vis Fhc M3x8  Cl8-8 zingué', 'vis', NULL, NULL),
(1141, NULL, '!', 'Rondelle Nord-Lock NL 5', 'vis', NULL, NULL),
(1142, NULL, '!', 'Vis Chc M5x20  Cl8-8 zingué', 'vis', NULL, NULL),
(1143, NULL, '!', 'Rondelle large L 4', 'vis', NULL, NULL),
(1144, NULL, '!', 'Vis Bhc M4x12  Cl8-8 zingué', 'vis', NULL, NULL),
(1145, NULL, '!', 'Vis Fhc M6x35  Cl8-8 zingué', 'vis', NULL, NULL),
(1146, NULL, '!', 'Rondelle Nord-Lock NL 4', 'vis', NULL, NULL),
(1147, NULL, '!', 'Vis Chc M4x10  Cl8-8 zingué', 'vis', NULL, NULL),
(1148, NULL, '!', 'Rondelle Nord-Lock NL 5sp', 'vis', NULL, NULL),
(1149, NULL, '!', 'Vis H M10x80  Cl8-8 zingué', 'vis', NULL, NULL),
(1150, NULL, '!', 'Vis Chc M5x25  Cl8-8 zingué', 'vis', NULL, NULL),
(1151, NULL, '!', 'Goupille cylindrique m6 Ø12x45', 'vis', NULL, NULL),
(1152, NULL, '!', 'Rondelle Nord-Lock NL10', 'vis', NULL, NULL),
(1153, NULL, '!', 'Rondelle Nord-Lock NL16sp', 'vis', NULL, NULL),
(1154, NULL, '!', 'Vis Chc M16x50  Cl8-8 zingué', 'vis', NULL, NULL),
(1155, NULL, '!', 'Vis Chc M5x35  Cl8-8 zingué', 'vis', NULL, NULL),
(1156, NULL, '!', 'Vis H M10x50  Cl8-8 zingué', 'vis', NULL, NULL),
(1157, NULL, '!', 'Ecrou H M10  Cl8-8 zingué', 'vis', NULL, NULL),
(1158, NULL, '!', 'Goupille cylindrique m6 Ø4x14', 'vis', NULL, NULL),
(1159, NULL, '!', 'Rondelle Nord-Lock NL 4', 'vis', NULL, NULL),
(1160, NULL, '!', 'Vis Chc M4x12  Cl8-8 zingué', 'vis', NULL, NULL),
(1161, NULL, '!', 'Vis Chc M5x70  Cl8-8 zingué', 'vis', NULL, NULL),
(1162, NULL, '!', 'Vis sans tête HC M10x10', 'vis', NULL, NULL),
(1163, NULL, '!', 'Goupille cylindrique m6 Ø4x14', 'vis', NULL, NULL),
(1164, NULL, '!', 'Rondelle Nord-Lock NL 4', 'vis', NULL, NULL),
(1165, NULL, '!', 'Vis Chc M4x12  Cl8-8 zingué', 'vis', NULL, NULL),
(1166, NULL, '!', 'Vis Chc M5x70  Cl8-8 zingué', 'vis', NULL, NULL),
(1167, NULL, '!', 'Vis sans tête HC M10x10 bout plat - zingué', 'vis', NULL, NULL),
(1168, NULL, '!', 'Goupille cylindrique m6 Ø4x14', 'vis', NULL, NULL),
(1169, NULL, '!', 'Rondelle Nord-Lock NL 4', 'vis', NULL, NULL),
(1170, NULL, '!', 'Vis Chc M4x12   Cl8-8 zingué', 'vis', NULL, NULL),
(1171, NULL, '!', 'Vis Chc M5x70   Cl8-8 zingué', 'vis', NULL, NULL),
(1172, NULL, '!', 'Vis sans tête HC M10x10 bout plat - zingué', 'vis', NULL, NULL),
(1173, NULL, '!', 'Goupille cylindrique m6 Ø4x14', 'vis', NULL, NULL),
(1174, NULL, '!', 'Rondelle Nord-Lock NL 4', 'vis', NULL, NULL),
(1175, NULL, '!', 'Vis Chc M4x12   Cl8-8 zingué', 'vis', NULL, NULL),
(1176, NULL, '!', 'Vis Chc M5x70   Cl8-8 zingué', 'vis', NULL, NULL),
(1177, NULL, '!', 'Vis sans tête HC M10x10 bout plat - zingué', 'vis', NULL, NULL),
(1178, NULL, '!', 'Rondelle moyenne M 14 Zingué', 'vis', NULL, NULL),
(1179, NULL, '!', 'Vis H M14x50 Cl12-9 zingué', 'vis', NULL, NULL),
(1180, NULL, '!', 'Ecrou H M14 cl10 zingué', 'vis', NULL, NULL),
(1181, NULL, '!', 'Rondelle Nord-Lock NL12', 'vis', NULL, NULL),
(1182, NULL, '!', 'Vis H M12x40 CL8-8 zingué', 'vis', NULL, NULL),
(1183, NULL, '!', 'Rondelle Nord-Lock NL16sp', 'vis', NULL, NULL),
(1184, NULL, '!', 'Vis H M10x30   Cl8-8 zingué', 'vis', NULL, NULL),
(1185, NULL, '!', 'Vis Chc M16x40   Cl8-8 zingué', 'vis', NULL, NULL),
(1186, NULL, '!', 'Vis sans tête HC M12x20 bout teton - zingué', 'vis', NULL, NULL),
(1187, NULL, '!', 'Goupille cylindrique m6 Ø12x30', 'vis', NULL, NULL),
(1188, NULL, '!', 'Rondelle Nord-Lock NL10', 'vis', NULL, NULL),
(1189, NULL, '!', 'Vis H M10x80   Cl8-8 zingué', 'vis', NULL, NULL),
(1190, NULL, '!', 'Vis Chc M10x35  Cl8-8 zingué', 'vis', NULL, NULL),
(1191, NULL, '!', 'Rondelle Nord-Lock NL10sp', 'vis', NULL, NULL),
(1192, NULL, '!', 'Vis Chc M10x50  Cl8-8 zingué', 'vis', NULL, NULL),
(1193, NULL, '!', 'Rondelle Nord-Lock NL 4sp', 'vis', NULL, NULL),
(1194, NULL, '!', 'Vis Chc M4x8  Cl8-8 zingué', 'vis', NULL, NULL),
(1195, NULL, '!', 'Vis Chc M5x35  Cl8-8 zingué', 'vis', NULL, NULL),
(1196, NULL, '!', 'Vis Fhc M5x20  Cl8-8 zingué', 'vis', NULL, NULL),
(1197, NULL, '!', 'Vis H M14x50  Cl12-9 zingué', 'vis', NULL, NULL),
(1198, NULL, '!', 'Vis Chc M10x16  Cl8-8 zingué', 'vis', NULL, NULL),
(1199, NULL, '!', 'Rondelle Nord-Lock NL 6', 'vis', NULL, NULL),
(1200, NULL, '!', 'Vis Chc M6x20  Cl8-8 zingué', 'vis', NULL, NULL),
(1201, NULL, '!', 'Rondelle Nord-Lock NL 6sp', 'vis', NULL, NULL),
(1202, NULL, '!', 'Vis Chc M6x12  Cl8-8 zingué', 'vis', NULL, NULL),
(1203, NULL, '!', 'Vis Chc M8x25  Cl8-8 zingué', 'vis', NULL, NULL),
(1204, NULL, '!', 'Vis Chc M8x30  Cl8-8 zingué', 'vis', NULL, NULL),
(1205, NULL, '!', 'Goupille cylindrique m6 Ø5x20', 'vis', NULL, NULL),
(1206, NULL, '!', 'Vis Chc M6x16  Cl8-8 zingué', 'vis', NULL, NULL),
(1207, NULL, '!', 'Vis Chc M5x16  Cl8-8 zingué', 'vis', NULL, NULL),
(1208, NULL, '!', 'Vis Bhc M5x12  Cl8-8 zingué', 'vis', NULL, NULL),
(1209, NULL, '!', 'Vis Fhc M4x16  Cl8-8 zingué', 'vis', NULL, NULL),
(1210, NULL, '!', 'Vis Chc M5x25  Cl8-8 zingué', 'vis', NULL, NULL),
(1211, NULL, '!', 'Vis Chc M5x12  Cl8-8 zingué', 'vis', NULL, NULL),
(1212, NULL, '!', 'Vis Fhc M5x20  Cl8-8 zingué', 'vis', NULL, NULL),
(1213, NULL, '!', 'Vis Fhc M5x16  Cl8-8 zingué', 'vis', NULL, NULL),
(1214, NULL, '!', 'Vis Bhc M5x8  Cl8-8 zingué', 'vis', NULL, NULL),
(1215, NULL, '!', 'Rondelle large L 6', 'vis', NULL, NULL),
(1216, NULL, '!', 'Vis Chc M6x10  Cl8-8 zingué', 'vis', NULL, NULL),
(1217, NULL, '!', 'Vis Fhc M3x6  Cl8-8 zingué', 'vis', NULL, NULL),
(1218, NULL, '!', 'Vis Fhc M3x16  Cl8-8 zingué', 'vis', NULL, NULL),
(1219, NULL, '!', 'Rondelle moyenne M 3', 'vis', NULL, NULL),
(1220, NULL, '!', 'Ecrou H M 3  Cl8-8 zingué', 'vis', NULL, NULL),
(1221, NULL, '!', 'Vis Fhc M3x8  Cl8-8 zingué', 'vis', NULL, NULL),
(1222, NULL, '!', 'Rondelle Nord-Lock NL 5', 'vis', NULL, NULL),
(1223, NULL, '!', 'Vis Chc M5x20  Cl8-8 zingué', 'vis', NULL, NULL),
(1224, NULL, '!', 'Rondelle large L 4', 'vis', NULL, NULL),
(1225, NULL, '!', 'Vis Bhc M4x12  Cl8-8 zingué', 'vis', NULL, NULL),
(1226, NULL, '!', 'Vis Fhc M6x35  Cl8-8 zingué', 'vis', NULL, NULL),
(1227, NULL, '!', 'Rondelle Nord-Lock NL 4', 'vis', NULL, NULL),
(1228, NULL, '!', 'Vis Chc M4x10  Cl8-8 zingué', 'vis', NULL, NULL),
(1229, NULL, '!', 'Rondelle Nord-Lock NL 5sp', 'vis', NULL, NULL),
(1230, NULL, '!', 'Vis H M10x80  Cl8-8 zingué', 'vis', NULL, NULL),
(1231, NULL, '!', 'Vis Chc M5x25  Cl8-8 zingué', 'vis', NULL, NULL),
(1232, NULL, '!', 'Goupille cylindrique m6 Ø12x45', 'vis', NULL, NULL),
(1233, NULL, '!', 'Rondelle Nord-Lock NL10', 'vis', NULL, NULL),
(1234, NULL, '!', 'Rondelle Nord-Lock NL16sp', 'vis', NULL, NULL),
(1235, NULL, '!', 'Vis Chc M16x50  Cl8-8 zingué', 'vis', NULL, NULL),
(1236, NULL, '!', 'Vis Chc M5x35  Cl8-8 zingué', 'vis', NULL, NULL),
(1237, NULL, '!', 'Vis H M10x50  Cl8-8 zingué', 'vis', NULL, NULL),
(1238, NULL, '!', 'Ecrou H M10  Cl8-8 zingué', 'vis', NULL, NULL),
(1239, NULL, '!', 'Goupille cylindrique m6 Ø4x14', 'vis', NULL, NULL),
(1240, NULL, '!', 'Rondelle Nord-Lock NL 4', 'vis', NULL, NULL),
(1241, NULL, '!', 'Vis Chc M4x12  Cl8-8 zingué', 'vis', NULL, NULL),
(1242, NULL, '!', 'Vis Chc M5x70  Cl8-8 zingué', 'vis', NULL, NULL),
(1243, NULL, '!', 'Vis sans tête HC M10x10', 'vis', NULL, NULL),
(1244, NULL, '!', 'Goupille cylindrique m6 Ø4x14', 'vis', NULL, NULL),
(1245, NULL, '!', 'Rondelle Nord-Lock NL 4', 'vis', NULL, NULL),
(1246, NULL, '!', 'Vis Chc M4x12  Cl8-8 zingué', 'vis', NULL, NULL),
(1247, NULL, '!', 'Vis Chc M5x70  Cl8-8 zingué', 'vis', NULL, NULL),
(1248, NULL, '!', 'Vis sans tête HC M10x10 bout plat - zingué', 'vis', NULL, NULL),
(1249, NULL, '!', 'Goupille cylindrique m6 Ø4x14', 'vis', NULL, NULL),
(1250, NULL, '!', 'Rondelle Nord-Lock NL 4', 'vis', NULL, NULL),
(1251, NULL, '!', 'Vis Chc M4x12   Cl8-8 zingué', 'vis', NULL, NULL),
(1252, NULL, '!', 'Vis Chc M5x70   Cl8-8 zingué', 'vis', NULL, NULL),
(1253, NULL, '!', 'Vis sans tête HC M10x10 bout plat - zingué', 'vis', NULL, NULL),
(1254, NULL, '!', 'Goupille cylindrique m6 Ø4x14', 'vis', NULL, NULL),
(1255, NULL, '!', 'Rondelle Nord-Lock NL 4', 'vis', NULL, NULL),
(1256, NULL, '!', 'Vis Chc M4x12   Cl8-8 zingué', 'vis', NULL, NULL),
(1257, NULL, '!', 'Vis Chc M5x70   Cl8-8 zingué', 'vis', NULL, NULL),
(1258, NULL, '!', 'Vis sans tête HC M10x10 bout plat - zingué', 'vis', NULL, NULL),
(1259, NULL, '!', 'Rondelle moyenne M 14 Zingué', 'vis', NULL, NULL),
(1260, NULL, '!', 'Vis H M14x50 Cl12-9 zingué', 'vis', NULL, NULL),
(1261, NULL, '!', 'Ecrou H M14 cl10 zingué', 'vis', NULL, NULL),
(1262, NULL, '!', 'Rondelle Nord-Lock NL12', 'vis', NULL, NULL),
(1263, NULL, '!', 'Vis H M12x40 CL8-8 zingué', 'vis', NULL, NULL),
(1264, 'DES-000082390', '-', 'MAJ BD ALPHA URG', 'ens', 'Design', NULL),
(1265, 'CMD-000000817', '-', 'HEXAGON SCREW - M 20 x 90  - 8.8 - Zn - ISO4014', NULL, 'CMD', NULL),
(1266, 'CMD-000007827', '-', 'vis hex head  - M 6 x 16 - 8.8 Zn - ISO 4017', NULL, 'CMD', NULL),
(1267, 'CMD-BMA42-24600-COM-01000-1958794', '-', 'GROWER WASHER - CURRENT SERIES W 20 - NFE 25515 STEEL - ZN', NULL, 'CMD', NULL),
(1268, 'CMD-00005-41144-DFP-01000', '-', 'ECROU HEXAGONAL - H - M27 - CLASSE 8 - Zn - ISO4032', NULL, 'CMD', NULL),
(1269, 'CMD-000008218', '-', 'Nut  hexagonal  M20  class 8', NULL, 'CMD', NULL),
(1270, 'CMD-000007737', '-', 'External tooth lockwasher  M6', NULL, 'CMD', NULL),
(1271, 'CMD-000008112', '-', 'cap screw  hex socket head   - M12 x 45 - 8.8 - ISO 4762', NULL, 'CMD', NULL),
(1272, 'CMD-000000772', '-', 'HEXAGON SCREW - M 20 x 60  - 8.8 - Zn - ISO4014', NULL, 'CMD', NULL),
(1273, 'FIC-000005633', '-', 'FICTI FOOT', 'ens', 'Design', NULL),
(1274, 'CMD-BMA42-37540-COM-01000-2534193', '-', 'Cheville zinguee a expansion M12*145', NULL, 'CMD', NULL),
(1275, 'CMD-BMA42-37540-COM-01001', '-', 'Cheville zinguée à expansion M12*145', NULL, 'CMD', NULL),
(1276, 'CMD-BMA42-37540-COM-01002', '-', 'Cheville zinguée à expansion M12*145', NULL, 'CMD', NULL),
(1277, 'CMD-BMA42-37540-COM-01003', '-', 'Cheville zinguée à expansion M12*145', NULL, 'CMD', NULL),
(1278, 'CMD-BMA42-37540-COM-01004', '-', 'Cheville zinguée à expansion M12*145', NULL, 'CMD', NULL),
(1279, 'CMD-BMA42-37540-COM-01005', '-', 'Cheville zinguée à expansion M12*145', NULL, 'CMD', NULL),
(1280, 'CMD-BMA42-37540-COM-01006', '-', 'Cheville zinguée à expansion M12*145', NULL, 'CMD', NULL),
(1281, 'CMD-BMA42-37540-COM-01007', '-', 'Cheville zinguée à expansion M12*145', NULL, 'CMD', NULL),
(1282, 'CMD-BMA42-37540-COM-01008', '-', 'Cheville zinguée à expansion M12*145', NULL, 'CMD', NULL),
(1283, 'CMD-000027238', '-', 'REDUCTEUR E3HA-05- 55kW - 1500tr/min - i:25', NULL, 'CMD', NULL),
(1284, 'CMD-000027246', '-', 'MOTEUR ASYNCHRONE 55kW 1500tr/min', NULL, 'CMD', NULL),
(1285, 'DES-000082056', '-', 'GOUJON', 'usi', 'Design', 'Black oxide'),
(1286, 'CMD-000026824', '-', 'Nut hexagonal - H - M16 - Class 8 - Zn - ISO4032', NULL, 'CMD', NULL),
(1287, 'CMD-BMA42-24601-COM-01000-1966956', '-', '71001 : RONDELLE GROWER SERIE COURANTE W NFE 25515 ACIER - ZN', NULL, 'CMD', NULL),
(1288, 'CMD-000001539', '-', 'Hexagon head screw full thread 8.8 - zinc plated - M16 x 45', NULL, 'CMD', NULL),
(1289, 'CMD-000027339', '-', 'RONDELLE d28 d50 ep:6', NULL, 'CMD', NULL),
(1290, 'DES-000082764', '-', 'CAP SCREW HEX SOCKET HEAD - M27', 'cmu', 'Design', NULL),
(1291, 'DES-000082798', '-', 'GOUJON', 'usi', 'Design', 'Black oxide'),
(1292, 'DES-000082191', '-', 'ADJUSTABLE FOOT', 'usi', 'Design', 'Painted according to the Painting list. Do not paint on machined surfaces'),
(1293, 'DES-000082189', '-', 'CHAISE MOTEUR', 'usi', 'Design', 'Painted according to the Painting list. Do not paint on machined surfaces'),
(1294, 'DES-000082057', '-', 'PLAQUE DE FERMETURE', 'usi', 'Design', 'Painted according to the Painting list. Do not paint along dotted lines'),
(1295, 'DES-000082050', '-', 'PLAQUE ENTRETOISE', 'usi', 'Design', 'Painted according to the Painting list. Do not paint along dotted lines'),
(1296, 'DES-000082051', '-', 'SUPPORT PROTECTION JT', 'usi', 'Design', 'Painted according to the Painting list. Do not paint on machined surfaces');

-- --------------------------------------------------------

--
-- Structure de la table `fabricants`
--
-- Création :  ven. 23 août 2019 à 12:24
-- Dernière modification :  lun. 21 oct. 2019 à 06:37
--

DROP TABLE IF EXISTS `fabricants`;
CREATE TABLE IF NOT EXISTS `fabricants` (
  `id` int(11) NOT NULL AUTO_INCREMENT,
  `nom` varchar(100) NOT NULL,
  `domaine` varchar(100) DEFAULT NULL,
  PRIMARY KEY (`id`),
  KEY `fabricants_domaines_fabricants_nom_fk` (`domaine`)
) ENGINE=InnoDB AUTO_INCREMENT=39 DEFAULT CHARSET=utf8;

--
-- Tronquer la table avant d'insérer `fabricants`
--

TRUNCATE TABLE `fabricants`;
--
-- Déchargement des données de la table `fabricants`
--

INSERT INTO `fabricants` (`id`, `nom`, `domaine`) VALUES
(1, 'Rose krieger', NULL),
(2, 'GOTRONIC', NULL),
(3, 'Fanuc', NULL),
(4, 'Axelent', NULL),
(5, 'Keyence', NULL),
(6, 'Manutan', NULL),
(7, 'Binder Magnetic', NULL),
(8, 'Igus', NULL),
(9, 'Binder-Magnetic', NULL),
(10, 'SKF', NULL),
(11, 'Rabourdin', NULL),
(12, 'Emile Maurin', NULL),
(13, 'Ktr', NULL),
(14, 'Vanel', NULL),
(15, 'MDP', NULL),
(16, 'Sensopart', NULL),
(17, 'Paulstra', NULL),
(18, 'Decril', NULL),
(19, 'Hpc', NULL),
(20, 'Norelem', NULL),
(21, 'Interroll', NULL),
(22, 'HILTI', NULL),
(23, 'MSET', NULL),
(24, 'Skiffy', NULL),
(25, 'Datalogic', NULL),
(26, 'Elcom', NULL),
(27, 'PAREMBAL', NULL),
(28, 'Heidenhain', NULL),
(29, 'Leroy Somer', NULL),
(30, 'Neugart', NULL),
(31, 'Misumi', NULL),
(32, 'Bosch', NULL),
(33, 'Metafram', NULL),
(34, 'Michaud & Chailly', NULL),
(35, 'Vit ressort', NULL),
(36, 'EUROPAFI', NULL),
(37, 'Fibro', NULL),
(38, 'No Manufacturer Specified', NULL);

-- --------------------------------------------------------

--
-- Structure de la table `fabricants_elements`
--
-- Création :  ven. 23 août 2019 à 12:24
-- Dernière modification :  lun. 21 oct. 2019 à 06:45
--

DROP TABLE IF EXISTS `fabricants_elements`;
CREATE TABLE IF NOT EXISTS `fabricants_elements` (
  `id_fabricant` int(11) NOT NULL,
  `id_element` int(11) NOT NULL,
  `reference` varchar(512) DEFAULT NULL,
  `prix` float DEFAULT NULL,
  `quantity` int(11) DEFAULT NULL,
  `delais` date DEFAULT NULL,
  `retenu` tinyint(1) DEFAULT NULL,
  PRIMARY KEY (`id_fabricant`,`id_element`),
  KEY `id_element` (`id_element`)
) ENGINE=InnoDB DEFAULT CHARSET=utf8;

--
-- Tronquer la table avant d'insérer `fabricants_elements`
--

TRUNCATE TABLE `fabricants_elements`;
--
-- Déchargement des données de la table `fabricants_elements`
--

INSERT INTO `fabricants_elements` (`id_fabricant`, `id_element`, `reference`, `prix`, `quantity`, `delais`, `retenu`) VALUES
(3, 2, 'Selon offre DF18112122G ', NULL, 1, NULL, NULL),
(3, 11, 'Selon offre 18112122G', NULL, 1, NULL, NULL),
(4, 6, 'Selon offre DE19053057B', NULL, 1, NULL, NULL),
(4, 166, 'Selon offre DE19053057E', NULL, 1, NULL, NULL),
(5, 7, 'Selon offre  10204058', NULL, 1, NULL, NULL),
(5, 91, 'LR-ZH500CP', NULL, 1, NULL, NULL),
(6, 9, 'A135355 _ 92042997', NULL, 3, NULL, NULL),
(6, 10, 'A135357_92042998', NULL, 1, NULL, NULL),
(7, 23, '33AT1020', NULL, 1, NULL, NULL),
(8, 53, 'ESTM_GT16_GT', NULL, 4, NULL, NULL),
(8, 54, 'PRT_01_60_TO_AT10', NULL, 1, NULL, NULL),
(8, 56, 'KBRM10', NULL, 2, NULL, NULL),
(8, 57, 'KBLM10', NULL, 2, NULL, NULL),
(8, 95, 'GFM-1820-17', NULL, 1, NULL, NULL),
(8, 133, 'GTM_0815_005', NULL, 4, NULL, NULL),
(8, 134, 'GFM_0810_03', NULL, 4, NULL, NULL),
(8, 135, 'GFM_0810_05', NULL, 6, NULL, NULL),
(8, 136, 'GFM_1214_05', NULL, 2, NULL, NULL),
(8, 288, '1680-E065-16-038', NULL, 1, NULL, NULL),
(9, 55, 'SYN 16 AT10/660', NULL, 1, NULL, NULL),
(10, 58, '6204 2RS', NULL, 2, NULL, NULL),
(11, 80, '1021_8_20', NULL, 4, NULL, NULL),
(11, 281, '1021-5x6', NULL, 2, NULL, NULL),
(12, 89, '37_133_40 ', NULL, 4, NULL, NULL),
(12, 169, '37_050_97', NULL, 2, NULL, NULL),
(12, 181, '92-867-20-M8', NULL, 1, NULL, NULL),
(12, 182, '92-827-20', NULL, 3, NULL, NULL),
(12, 184, '92-817-20', NULL, 2, NULL, NULL),
(12, 193, '92-817-20', NULL, 4, NULL, NULL),
(12, 267, '31-462-8-50', NULL, 2, NULL, NULL),
(12, 290, '35-330-15-15', NULL, 1, NULL, NULL),
(12, 295, '16-230-30-8-25', NULL, 1, NULL, NULL),
(12, 312, '35-335-20-15', NULL, 4, NULL, NULL),
(12, 933, '11-120-32', NULL, 2, NULL, NULL),
(12, 951, '31-520-8-20', NULL, 1, NULL, NULL),
(12, 1265, '2001120X90', NULL, 4, NULL, NULL),
(12, 1266, '202116X16', NULL, 4, NULL, NULL),
(12, 1267, '71001W20', NULL, 2, NULL, NULL),
(12, 1268, '2201127', NULL, 5, NULL, NULL),
(12, 1269, '2201020', NULL, 2, NULL, NULL),
(12, 1272, '2001120X60', NULL, 4, NULL, NULL),
(12, 1286, '2201116', NULL, 4, NULL, NULL),
(12, 1287, '71001W16', NULL, 12, NULL, NULL),
(12, 1288, '2021116X45', NULL, 8, NULL, NULL),
(12, 1290, '2300027X70', NULL, 1, NULL, NULL),
(13, 90, 'Rotex14_92 Sh-A 1aØ08 1aØ12', NULL, 1, NULL, NULL),
(14, 92, 'C_048_050_0200_A', NULL, 4, NULL, NULL),
(15, 93, 'LMD 23 ETHERNET TRIPLE IP65 LMDCE57 Ref 585218 PM52 3.7 563993', NULL, 1, NULL, NULL),
(15, 98, 'LMD17-3ST 12-48V IP65 ETHERNET  ref 571446 + PM42-3,7 ref 563983', NULL, 1, NULL, NULL),
(16, 99, 'a definir', NULL, 1, NULL, NULL),
(16, 100, 'LPCVxx 651-01001 + LPCVxx S1-5 651-01002', NULL, 1, NULL, NULL),
(16, 101, 'MA 45 543-11001', NULL, 1, NULL, NULL),
(16, 102, 'MK 45 543-11000', NULL, 1, NULL, NULL),
(17, 104, '511292', NULL, 4, NULL, NULL),
(18, 105, 'MIR_17M25G', NULL, 2, NULL, NULL),
(18, 106, '262531', NULL, 2, NULL, NULL),
(18, 107, 'RBT_17G Long 1100mm', NULL, 1, NULL, NULL),
(19, 120, 'PSG1.0-50H', NULL, 1, NULL, NULL),
(19, 121, 'PSG1.0-50H', NULL, 3, NULL, NULL),
(20, 129, '23403-112056', NULL, 1, NULL, NULL),
(20, 249, '03140-081', NULL, 1, NULL, NULL),
(20, 291, '21000-080110', NULL, 1, NULL, NULL),
(20, 329, '21886-00221013X3000', NULL, 1, NULL, NULL),
(21, 152, 'Selon offre 20503665 VF', NULL, 1, NULL, NULL),
(21, 163, 'Selon offre 20503665', NULL, 1, NULL, NULL),
(22, 162, '2004155', NULL, 4, NULL, NULL),
(22, 253, '256694', NULL, 4, NULL, NULL),
(22, 934, '259942', NULL, 4, NULL, NULL),
(22, 1274, '2004157', NULL, 2, NULL, NULL),
(22, 1275, '2004157', NULL, 1, NULL, NULL),
(22, 1276, '2004157', NULL, 1, NULL, NULL),
(22, 1277, '2004157', NULL, 1, NULL, NULL),
(22, 1278, '2004157', NULL, 1, NULL, NULL),
(22, 1279, '2004157', NULL, 1, NULL, NULL),
(22, 1280, '2004157', NULL, 1, NULL, NULL),
(22, 1281, '2004157', NULL, 1, NULL, NULL),
(22, 1282, '2004157', NULL, 1, NULL, NULL),
(23, 164, 'Selon offre 190434', NULL, 1, NULL, NULL),
(24, 178, '085 02 00 620 03', NULL, 6, NULL, NULL),
(25, 179, 'Bracket M300', NULL, 1, NULL, NULL),
(25, 180, 'DSD0578 - MATRIX 300', NULL, 1, NULL, NULL),
(26, 183, '0.0.026.18', NULL, 4, NULL, NULL),
(27, 208, NULL, NULL, 3, NULL, NULL),
(27, 209, NULL, NULL, 1, NULL, NULL),
(28, 230, 'ND_2104G_GAGE_CHEK', NULL, 1, NULL, NULL),
(28, 248, 'ERN 180', NULL, 1, NULL, NULL),
(28, 287, 'LS-688C-3040', NULL, 1, NULL, NULL),
(29, 245, '075U3B305BBRAA075140', NULL, 1, NULL, NULL),
(29, 283, '075U3C300BBRAA075140', NULL, 1, NULL, NULL),
(30, 246, 'TS200-125-TC-P24-P846', NULL, 1, NULL, NULL),
(30, 247, 'PLQE080-008-SSSB3AE-E11-30-60-75-B5-M5', NULL, 1, NULL, NULL),
(31, 250, 'LVBM30-50', NULL, 2, NULL, NULL),
(31, 251, 'TSBSE10-17', NULL, 2, NULL, NULL),
(31, 252, 'ANH10-45', NULL, 4, NULL, NULL),
(31, 930, 'LVBM30-80', NULL, 4, NULL, NULL),
(31, 931, 'LVNM30', NULL, 6, NULL, NULL),
(31, 932, 'STCBM10-40', NULL, 2, NULL, NULL),
(32, 282, 'R160570331-3276', NULL, 1, NULL, NULL),
(32, 284, '1622-814-20', NULL, 2, NULL, NULL),
(32, 285, 'R1175 190 24', NULL, 12, NULL, NULL),
(32, 286, '1622-814-20', NULL, 2, NULL, NULL),
(32, 289, 'R1619 842 82', NULL, 1, NULL, NULL),
(32, 323, 'R160580431-310', NULL, 2, NULL, NULL),
(32, 727, '1651-723-20', NULL, 2, NULL, NULL),
(32, 950, 'R114816010', NULL, 1, NULL, NULL),
(33, 292, 'BP25-C10-15x16', NULL, 1, NULL, NULL),
(33, 294, 'BP25-28-32x22', NULL, 2, NULL, NULL),
(34, 293, 'C1-11-15', NULL, 1, NULL, NULL),
(35, 409, 'COMP 0.55 INOX', NULL, 1, NULL, NULL),
(36, 406, 'Mousse EUROPAFI - ep 5mm', NULL, 1, NULL, NULL),
(36, 415, 'Mousse EUROPAFI - ep.5mm', NULL, 1, NULL, NULL),
(36, 421, 'Mousse EUROPAFI - ep.5mm', NULL, 1, NULL, NULL),
(37, 993, '2211.2D3.0200', NULL, 1, NULL, NULL),
(37, 999, '2221.2D3.0200B', NULL, 2, NULL, NULL),
(37, 1010, '2211.2D3.0150', NULL, 1, NULL, NULL),
(38, 1265, 'BMA4223611', NULL, 4, NULL, NULL),
(38, 1266, '0550195', NULL, 4, NULL, NULL),
(38, 1267, 'BMA4224600', NULL, 2, NULL, NULL),
(38, 1268, '0541144', NULL, 5, NULL, NULL),
(38, 1269, '0541070', NULL, 2, NULL, NULL),
(38, 1270, '0542839', NULL, 4, NULL, NULL),
(38, 1271, '0553446', NULL, 4, NULL, NULL),
(38, 1272, 'BMA4223614', NULL, 4, NULL, NULL),
(38, 1286, 'BMA4223709', NULL, 4, NULL, NULL),
(38, 1287, 'BMA4224601', NULL, 12, NULL, NULL),
(38, 1288, 'BMA4231473', NULL, 8, NULL, NULL),
(38, 1290, '9803244', NULL, 1, NULL, NULL);

-- --------------------------------------------------------

--
-- Structure de la table `fonctions`
--
-- Création :  ven. 23 août 2019 à 12:24
--

DROP TABLE IF EXISTS `fonctions`;
CREATE TABLE IF NOT EXISTS `fonctions` (
  `intitule` varchar(64) NOT NULL,
  PRIMARY KEY (`intitule`),
  UNIQUE KEY `fonctions_intitule_uindex` (`intitule`)
) ENGINE=InnoDB DEFAULT CHARSET=utf8;

--
-- Tronquer la table avant d'insérer `fonctions`
--

TRUNCATE TABLE `fonctions`;
--
-- Déchargement des données de la table `fonctions`
--

INSERT INTO `fonctions` (`intitule`) VALUES
('CHARGE D\'AFFAIRES'),
('CHEF D\'ENTREPRISE'),
('CHEF DE PROJET'),
('COMPTA RH'),
('DEVELOPPEUR COMMERCIAL'),
('DIRECTEUR DE PROJETS'),
('MAGANISIER'),
('MONTEUR'),
('PROJETEUR'),
('RESPONSABLE ACHATS'),
('RESPONSABLE ATELIER & INSTALLATIONS'),
('RESPONSABLE BE'),
('RESPONSABLE OTC-AVP'),
('RESPONSABLE QSE'),
('RESPONSABLE REALISATIONS MECANIQUES'),
('RESPONSABLE SUPPLY CHAIN'),
('STAGIAIRE'),
('TECHNICIEN BE'),
('USINEUR');

-- --------------------------------------------------------

--
-- Structure de la table `hierarchies`
--
-- Création :  ven. 23 août 2019 à 12:24
-- Dernière modification :  lun. 21 oct. 2019 à 06:45
--

DROP TABLE IF EXISTS `hierarchies`;
CREATE TABLE IF NOT EXISTS `hierarchies` (
  `id_parent` int(100) NOT NULL,
  `id_self` int(100) NOT NULL,
  `id_affaire` varchar(100) NOT NULL,
  `repere` int(11) DEFAULT NULL,
  `quantity` int(11) DEFAULT NULL,
  `statut` varchar(25) DEFAULT NULL,
  `observation` varchar(255) DEFAULT NULL,
  PRIMARY KEY (`id_parent`,`id_self`,`id_affaire`),
  KEY `id_affaire` (`id_affaire`),
  KEY `id_self` (`id_self`)
) ENGINE=InnoDB DEFAULT CHARSET=utf8;

--
-- Tronquer la table avant d'insérer `hierarchies`
--

TRUNCATE TABLE `hierarchies`;
--
-- Déchargement des données de la table `hierarchies`
--

INSERT INTO `hierarchies` (`id_parent`, `id_self`, `id_affaire`, `repere`, `quantity`, `statut`, `observation`) VALUES
(0, 1, 'P.0147767.C.11', NULL, 1, '', ''),
(0, 173, 'P.0147767.X.02', NULL, 1, '', ''),
(0, 188, 'P.0147767.X.02', NULL, 1, NULL, ''),
(0, 210, 'P.0147767.X.02', NULL, 1, NULL, ''),
(0, 214, 'P.0147767.F.09', NULL, 1, NULL, NULL),
(0, 1264, 'P.0189473.H.01', NULL, 1, NULL, NULL),
(1, 2, 'P.0147767.C.11', 1, 1, '', ''),
(1, 3, 'P.0147767.C.11', 2, 1, NULL, ''),
(1, 4, 'P.0147767.C.11', 3, 1, NULL, ''),
(1, 5, 'P.0147767.C.11', 4, 1, NULL, ''),
(1, 6, 'P.0147767.C.11', 5, 1, NULL, ''),
(1, 7, 'P.0147767.C.11', 6, 1, NULL, ''),
(1, 8, 'P.0147767.C.11', 7, 1, NULL, ''),
(1, 10, 'P.0147767.C.11', 9, 1, '', ''),
(2, 11, 'P.0147767.C.11', 3, 1, '', ''),
(3, 12, 'P.0147767.C.11', 1, 1, NULL, ''),
(3, 13, 'P.0147767.C.11', 2, 1, NULL, ''),
(3, 14, 'P.0147767.C.11', 3, 1, NULL, ''),
(3, 15, 'P.0147767.C.11', 4, 1, NULL, ''),
(3, 16, 'P.0147767.C.11', 5, 2, NULL, ''),
(3, 17, 'P.0147767.C.11', 6, 2, NULL, ''),
(3, 18, 'P.0147767.C.11', 7, 2, NULL, ''),
(3, 19, 'P.0147767.C.11', 8, 4, NULL, ''),
(3, 20, 'P.0147767.C.11', 9, 1, NULL, ''),
(3, 21, 'P.0147767.C.11', 10, 1, NULL, ''),
(3, 22, 'P.0147767.C.11', 11, 1, NULL, ''),
(3, 23, 'P.0147767.C.11', 12, 1, NULL, ''),
(3, 24, 'P.0147767.C.11', 13, 1, NULL, ''),
(3, 25, 'P.0147767.C.11', 14, 1, NULL, ''),
(3, 26, 'P.0147767.C.11', 15, 1, NULL, ''),
(3, 27, 'P.0147767.C.11', 16, 2, NULL, ''),
(3, 28, 'P.0147767.C.11', 17, 4, NULL, ''),
(3, 29, 'P.0147767.C.11', 18, 1, NULL, ''),
(3, 30, 'P.0147767.C.11', 19, 1, NULL, ''),
(3, 31, 'P.0147767.C.11', 20, 1, NULL, ''),
(3, 32, 'P.0147767.C.11', 21, 1, NULL, ''),
(3, 33, 'P.0147767.C.11', 22, 4, NULL, ''),
(3, 34, 'P.0147767.C.11', 23, 1, NULL, ''),
(3, 35, 'P.0147767.C.11', 24, 2, NULL, ''),
(3, 36, 'P.0147767.C.11', 25, 2, NULL, ''),
(3, 37, 'P.0147767.C.11', 26, 16, NULL, ''),
(3, 38, 'P.0147767.C.11', 27, 2, NULL, ''),
(3, 39, 'P.0147767.C.11', 28, 2, NULL, ''),
(3, 40, 'P.0147767.C.11', 29, 2, NULL, ''),
(3, 41, 'P.0147767.C.11', 30, 1, NULL, ''),
(3, 42, 'P.0147767.C.11', 31, 1, NULL, ''),
(3, 43, 'P.0147767.C.11', 32, 1, NULL, ''),
(3, 44, 'P.0147767.C.11', 33, 1, NULL, ''),
(3, 45, 'P.0147767.C.11', 34, 2, NULL, ''),
(3, 46, 'P.0147767.C.11', 35, 1, NULL, ''),
(3, 47, 'P.0147767.C.11', 36, 2, NULL, ''),
(3, 48, 'P.0147767.C.11', 37, 2, NULL, ''),
(3, 49, 'P.0147767.C.11', 38, 2, NULL, ''),
(3, 50, 'P.0147767.C.11', 39, 4, NULL, ''),
(3, 51, 'P.0147767.C.11', 40, 2, NULL, ''),
(3, 52, 'P.0147767.C.11', 41, 4, NULL, ''),
(3, 53, 'P.0147767.C.11', 42, 4, NULL, ''),
(3, 54, 'P.0147767.C.11', 43, 1, NULL, ''),
(3, 55, 'P.0147767.C.11', 44, 1, NULL, ''),
(3, 56, 'P.0147767.C.11', 45, 2, NULL, ''),
(3, 57, 'P.0147767.C.11', 46, 2, NULL, ''),
(3, 58, 'P.0147767.C.11', 47, 2, NULL, ''),
(3, 59, 'P.0147767.C.11', 48, 10, NULL, ''),
(3, 60, 'P.0147767.C.11', 49, 20, NULL, ''),
(3, 61, 'P.0147767.C.11', 50, 4, NULL, ''),
(3, 62, 'P.0147767.C.11', 51, 1, NULL, ''),
(3, 63, 'P.0147767.C.11', 52, 1, NULL, ''),
(3, 64, 'P.0147767.C.11', 53, 16, NULL, ''),
(3, 65, 'P.0147767.C.11', 54, 16, NULL, ''),
(3, 66, 'P.0147767.C.11', 55, 26, NULL, ''),
(3, 67, 'P.0147767.C.11', 56, 2, NULL, ''),
(3, 68, 'P.0147767.C.11', 57, 1, NULL, ''),
(3, 69, 'P.0147767.C.11', 58, 5, NULL, ''),
(3, 70, 'P.0147767.C.11', 59, 24, NULL, ''),
(3, 71, 'P.0147767.C.11', 60, 8, NULL, ''),
(3, 72, 'P.0147767.C.11', 61, 24, NULL, ''),
(3, 73, 'P.0147767.C.11', 62, 21, NULL, ''),
(3, 74, 'P.0147767.C.11', 63, 10, NULL, ''),
(3, 75, 'P.0147767.C.11', 64, 3, NULL, ''),
(3, 76, 'P.0147767.C.11', 65, 1, NULL, ''),
(3, 77, 'P.0147767.C.11', 66, 1, NULL, ''),
(3, 78, 'P.0147767.C.11', 67, 16, NULL, ''),
(3, 79, 'P.0147767.C.11', 68, 4, NULL, ''),
(3, 80, 'P.0147767.C.11', 69, 4, NULL, ''),
(3, 81, 'P.0147767.C.11', 70, 3, NULL, ''),
(3, 82, 'P.0147767.C.11', 71, 2, NULL, ''),
(3, 83, 'P.0147767.C.11', 72, 2, NULL, ''),
(3, 84, 'P.0147767.C.11', 73, 1, NULL, ''),
(3, 85, 'P.0147767.C.11', 74, 4, NULL, ''),
(3, 86, 'P.0147767.C.11', 75, 4, NULL, ''),
(3, 87, 'P.0147767.C.11', 76, 2, NULL, ''),
(3, 88, 'P.0147767.C.11', 77, 2, NULL, ''),
(3, 89, 'P.0147767.C.11', 78, 4, NULL, ''),
(3, 90, 'P.0147767.C.11', 79, 1, NULL, ''),
(3, 91, 'P.0147767.C.11', 80, 1, NULL, ''),
(3, 92, 'P.0147767.C.11', 81, 4, NULL, ''),
(3, 93, 'P.0147767.C.11', 82, 1, NULL, ''),
(3, 94, 'P.0147767.C.11', 83, 2, NULL, ''),
(3, 95, 'P.0147767.C.11', 84, 1, NULL, ''),
(3, 96, 'P.0147767.C.11', 85, 4, NULL, ''),
(3, 97, 'P.0147767.C.11', 86, 1, NULL, ''),
(3, 98, 'P.0147767.C.11', 87, 1, NULL, ''),
(3, 99, 'P.0147767.C.11', 88, 1, '', ''),
(3, 100, 'P.0147767.C.11', 89, 1, NULL, ''),
(3, 101, 'P.0147767.C.11', 90, 1, NULL, ''),
(3, 102, 'P.0147767.C.11', 91, 1, NULL, ''),
(3, 103, 'P.0147767.C.11', 92, 2, NULL, ''),
(3, 104, 'P.0147767.C.11', 93, 4, NULL, ''),
(3, 105, 'P.0147767.C.11', 94, 2, NULL, ''),
(3, 106, 'P.0147767.C.11', 95, 2, NULL, ''),
(3, 107, 'P.0147767.C.11', 96, 1, NULL, ''),
(3, 108, 'P.0147767.C.11', 97, 1, NULL, ''),
(4, 151, 'P.0147767.C.11', 1, 1, NULL, ''),
(4, 152, 'P.0147767.C.11', 2, 1, NULL, ''),
(4, 153, 'P.0147767.C.11', 3, 1, NULL, ''),
(5, 164, 'P.0147767.C.11', 1, 1, NULL, ''),
(6, 165, 'P.0147767.C.11', 1, 1, NULL, ''),
(6, 166, 'P.0147767.C.11', 2, 1, NULL, ''),
(8, 167, 'P.0147767.C.11', 1, 1, NULL, ''),
(8, 168, 'P.0147767.C.11', 2, 1, NULL, ''),
(8, 169, 'P.0147767.C.11', 3, 2, NULL, ''),
(8, 170, 'P.0147767.C.11', 4, 8, NULL, ''),
(8, 171, 'P.0147767.C.11', 5, 8, NULL, ''),
(8, 172, 'P.0147767.C.11', 6, 8, NULL, ''),
(12, 109, 'P.0147767.C.11', 1, 1, NULL, ''),
(12, 110, 'P.0147767.C.11', 2, 1, NULL, ''),
(12, 111, 'P.0147767.C.11', 3, 2, NULL, ''),
(12, 112, 'P.0147767.C.11', 4, 17, NULL, ''),
(12, 113, 'P.0147767.C.11', 5, 10, NULL, ''),
(12, 114, 'P.0147767.C.11', 6, 10, NULL, ''),
(13, 117, 'P.0147767.C.11', 3, 3, NULL, ''),
(13, 118, 'P.0147767.C.11', 4, 1, NULL, ''),
(13, 119, 'P.0147767.C.11', 5, 3, NULL, ''),
(13, 120, 'P.0147767.C.11', 7, 1, NULL, ''),
(13, 121, 'P.0147767.C.11', 6, 3, NULL, ''),
(13, 123, 'P.0147767.C.11', 9, 6, NULL, ''),
(13, 124, 'P.0147767.C.11', 10, 2, NULL, ''),
(13, 125, 'P.0147767.C.11', 11, 2, NULL, ''),
(13, 128, 'P.0147767.C.11', 14, 2, NULL, ''),
(13, 129, 'P.0147767.C.11', 15, 1, NULL, ''),
(13, 130, 'P.0147767.C.11', 16, 2, NULL, ''),
(13, 133, 'P.0147767.C.11', 18, 4, NULL, ''),
(13, 134, 'P.0147767.C.11', 17, 4, NULL, ''),
(13, 135, 'P.0147767.C.11', 20, 6, NULL, ''),
(13, 136, 'P.0147767.C.11', 21, 2, NULL, ''),
(13, 141, 'P.0147767.C.11', 1, 1, NULL, ''),
(13, 142, 'P.0147767.C.11', 2, 1, NULL, ''),
(13, 143, 'P.0147767.C.11', 8, 12, NULL, ''),
(13, 144, 'P.0147767.C.11', 12, 6, NULL, ''),
(13, 145, 'P.0147767.C.11', 13, 4, NULL, ''),
(13, 146, 'P.0147767.C.11', 19, 4, NULL, ''),
(13, 147, 'P.0147767.C.11', 22, 2, NULL, ''),
(13, 148, 'P.0147767.C.11', 23, 6, NULL, ''),
(13, 149, 'P.0147767.C.11', 24, 1, NULL, ''),
(13, 150, 'P.0147767.C.11', 25, 1, NULL, ''),
(14, 29, 'P.0147767.C.11', 18, 1, NULL, ''),
(14, 93, 'P.0147767.C.11', 26, 1, NULL, ''),
(14, 115, 'P.0147767.C.11', 1, 1, NULL, ''),
(14, 116, 'P.0147767.C.11', 2, 1, NULL, ''),
(14, 117, 'P.0147767.C.11', 3, 2, NULL, ''),
(14, 118, 'P.0147767.C.11', 4, 1, NULL, ''),
(14, 119, 'P.0147767.C.11', 5, 2, NULL, ''),
(14, 120, 'P.0147767.C.11', 6, 2, NULL, ''),
(14, 121, 'P.0147767.C.11', 7, 2, NULL, ''),
(14, 122, 'P.0147767.C.11', 8, 16, NULL, ''),
(14, 123, 'P.0147767.C.11', 9, 6, NULL, ''),
(14, 124, 'P.0147767.C.11', 10, 2, NULL, ''),
(14, 125, 'P.0147767.C.11', 11, 2, NULL, ''),
(14, 126, 'P.0147767.C.11', 12, 6, NULL, ''),
(14, 127, 'P.0147767.C.11', 13, 7, NULL, ''),
(14, 128, 'P.0147767.C.11', 14, 2, NULL, ''),
(14, 129, 'P.0147767.C.11', 15, 1, NULL, ''),
(14, 130, 'P.0147767.C.11', 16, 2, NULL, ''),
(14, 131, 'P.0147767.C.11', 17, 1, NULL, ''),
(14, 132, 'P.0147767.C.11', 19, 2, NULL, ''),
(14, 133, 'P.0147767.C.11', 20, 4, NULL, ''),
(14, 134, 'P.0147767.C.11', 21, 4, NULL, ''),
(14, 135, 'P.0147767.C.11', 23, 4, NULL, ''),
(14, 136, 'P.0147767.C.11', 24, 2, NULL, ''),
(14, 137, 'P.0147767.C.11', 25, 4, NULL, ''),
(14, 138, 'P.0147767.C.11', 27, 1, NULL, ''),
(14, 139, 'P.0147767.C.11', 28, 1, NULL, ''),
(14, 140, 'P.0147767.C.11', 29, 1, NULL, ''),
(151, 154, 'P.0147767.C.11', 1, 1, NULL, ''),
(151, 155, 'P.0147767.C.11', 2, 1, NULL, ''),
(151, 156, 'P.0147767.C.11', 3, 2, NULL, ''),
(152, 163, 'P.0147767.C.11', 1, 1, NULL, ''),
(155, 157, 'P.0147767.C.11', 1, 2, NULL, ''),
(155, 158, 'P.0147767.C.11', 2, 4, NULL, ''),
(155, 159, 'P.0147767.C.11', 3, 16, NULL, ''),
(155, 160, 'P.0147767.C.11', 4, 32, NULL, ''),
(155, 161, 'P.0147767.C.11', 5, 16, NULL, ''),
(155, 162, 'P.0147767.C.11', 6, 4, NULL, ''),
(173, 174, 'P.0147767.X.02', 1, 2, NULL, ''),
(173, 175, 'P.0147767.X.02', 2, 1, NULL, ''),
(173, 176, 'P.0147767.X.02', 3, 2, NULL, ''),
(173, 177, 'P.0147767.X.02', 4, 2, NULL, ''),
(173, 178, 'P.0147767.X.02', 5, 8, NULL, ''),
(173, 179, 'P.0147767.X.02', 6, 1, NULL, ''),
(173, 180, 'P.0147767.X.02', 7, 1, NULL, ''),
(173, 181, 'P.0147767.X.02', 8, 1, NULL, ''),
(173, 182, 'P.0147767.X.02', 9, 3, NULL, ''),
(173, 183, 'P.0147767.X.02', 10, 4, NULL, ''),
(173, 184, 'P.0147767.X.02', 11, 2, NULL, ''),
(173, 185, 'P.0147767.X.02', 12, 7, NULL, ''),
(173, 186, 'P.0147767.X.02', 13, 4, NULL, ''),
(173, 187, 'P.0147767.X.02', 14, 1, NULL, ''),
(188, 178, 'P.0147767.X.02', 13, 2, NULL, ''),
(188, 183, 'P.0147767.X.02', 14, 4, NULL, ''),
(188, 184, 'P.0147767.X.02', 12, 6, NULL, ''),
(188, 189, 'P.0147767.X.02', 1, 1, '', ''),
(188, 190, 'P.0147767.X.02', 2, 2, NULL, ''),
(188, 191, 'P.0147767.X.02', 3, 4, NULL, ''),
(188, 192, 'P.0147767.X.02', 4, 2, NULL, ''),
(188, 193, 'P.0147767.X.02', 5, 4, NULL, ''),
(188, 194, 'P.0147767.X.02', 6, 2, NULL, ''),
(188, 195, 'P.0147767.X.02', 7, 2, NULL, ''),
(188, 196, 'P.0147767.X.02', 8, 3, NULL, ''),
(188, 197, 'P.0147767.X.02', 9, 1, NULL, ''),
(188, 198, 'P.0147767.X.02', 10, 1, NULL, ''),
(188, 199, 'P.0147767.X.02', 11, 2, NULL, ''),
(188, 200, 'P.0147767.X.02', 15, 4, NULL, ''),
(188, 201, 'P.0147767.X.02', 16, 4, NULL, ''),
(188, 202, 'P.0147767.X.02', 17, 4, NULL, ''),
(188, 203, 'P.0147767.X.02', 18, 8, NULL, ''),
(188, 204, 'P.0147767.X.02', 19, 8, NULL, ''),
(188, 205, 'P.0147767.X.02', 20, 4, NULL, ''),
(188, 206, 'P.0147767.X.02', 21, 4, NULL, ''),
(188, 207, 'P.0147767.X.02', 22, 4, NULL, ''),
(188, 208, 'P.0147767.X.02', 23, 3, NULL, ''),
(188, 209, 'P.0147767.X.02', 24, 1, NULL, ''),
(210, 174, 'P.0147767.X.02', 2, 2, NULL, ''),
(210, 175, 'P.0147767.X.02', 1, 1, NULL, ''),
(210, 176, 'P.0147767.X.02', 3, 1, NULL, ''),
(210, 177, 'P.0147767.X.02', 4, 2, NULL, ''),
(210, 178, 'P.0147767.X.02', 10, 6, NULL, ''),
(210, 179, 'P.0147767.X.02', 5, 1, NULL, ''),
(210, 180, 'P.0147767.X.02', 6, 1, NULL, ''),
(210, 181, 'P.0147767.X.02', 7, 1, NULL, ''),
(210, 182, 'P.0147767.X.02', 8, 3, NULL, ''),
(210, 183, 'P.0147767.X.02', 9, 4, NULL, ''),
(210, 184, 'P.0147767.X.02', 11, 2, NULL, ''),
(210, 211, 'P.0147767.X.02', 12, 7, NULL, ''),
(210, 212, 'P.0147767.X.02', 13, 4, NULL, ''),
(210, 213, 'P.0147767.X.02', 14, 1, NULL, ''),
(214, 215, 'P.0147767.F.09', 1, 1, NULL, NULL),
(214, 216, 'P.0147767.F.09', 2, 1, NULL, NULL),
(214, 217, 'P.0147767.F.09', 3, 1, NULL, NULL),
(214, 218, 'P.0147767.F.09', 4, 1, NULL, NULL),
(214, 219, 'P.0147767.F.09', 5, 1, NULL, NULL),
(214, 220, 'P.0147767.F.09', 6, 1, NULL, NULL),
(214, 221, 'P.0147767.F.09', 7, 1, NULL, NULL),
(214, 222, 'P.0147767.F.09', 8, 1, NULL, NULL),
(214, 223, 'P.0147767.F.09', 9, 1, NULL, NULL),
(214, 224, 'P.0147767.F.09', 10, 1, NULL, NULL),
(214, 230, 'P.0147767.F.09', 16, 1, NULL, NULL),
(214, 231, 'P.0147767.F.09', 17, 1, NULL, NULL),
(214, 1178, 'P.0147767.F.09', 11, 7, NULL, NULL),
(214, 1179, 'P.0147767.F.09', 12, 7, NULL, NULL),
(214, 1180, 'P.0147767.F.09', 13, 7, NULL, NULL),
(214, 1181, 'P.0147767.F.09', 14, 2, NULL, NULL),
(214, 1182, 'P.0147767.F.09', 15, 2, NULL, NULL),
(214, 1259, 'P.0147767.F.09', 11, 7, NULL, NULL),
(214, 1260, 'P.0147767.F.09', 12, 7, NULL, NULL),
(214, 1261, 'P.0147767.F.09', 13, 7, NULL, NULL),
(214, 1262, 'P.0147767.F.09', 14, 2, NULL, NULL),
(214, 1263, 'P.0147767.F.09', 15, 2, NULL, NULL),
(216, 232, 'P.0147767.F.09', 1, 1, NULL, NULL),
(216, 233, 'P.0147767.F.09', 2, 1, NULL, NULL),
(216, 234, 'P.0147767.F.09', 3, 1, NULL, NULL),
(216, 235, 'P.0147767.F.09', 4, 1, NULL, NULL),
(216, 236, 'P.0147767.F.09', 5, 1, NULL, NULL),
(216, 237, 'P.0147767.F.09', 6, 1, NULL, NULL),
(216, 238, 'P.0147767.F.09', 7, 1, NULL, NULL),
(216, 239, 'P.0147767.F.09', 8, 4, NULL, NULL),
(216, 240, 'P.0147767.F.09', 9, 6, NULL, NULL),
(216, 241, 'P.0147767.F.09', 10, 2, NULL, NULL),
(216, 242, 'P.0147767.F.09', 11, 2, NULL, NULL),
(216, 243, 'P.0147767.F.09', 12, 1, NULL, NULL),
(216, 244, 'P.0147767.F.09', 13, 4, NULL, NULL),
(216, 245, 'P.0147767.F.09', 14, 1, NULL, NULL),
(216, 246, 'P.0147767.F.09', 15, 1, NULL, NULL),
(216, 247, 'P.0147767.F.09', 16, 1, NULL, NULL),
(216, 248, 'P.0147767.F.09', 17, 1, NULL, NULL),
(216, 249, 'P.0147767.F.09', 18, 1, NULL, NULL),
(216, 250, 'P.0147767.F.09', 19, 2, NULL, NULL),
(216, 251, 'P.0147767.F.09', 20, 2, NULL, NULL),
(216, 252, 'P.0147767.F.09', 23, 4, NULL, NULL),
(216, 253, 'P.0147767.F.09', 27, 4, NULL, NULL),
(216, 267, 'P.0147767.F.09', 43, 2, NULL, NULL),
(216, 930, 'P.0147767.F.09', 21, 4, NULL, NULL),
(216, 931, 'P.0147767.F.09', 22, 6, NULL, NULL),
(216, 932, 'P.0147767.F.09', 24, 2, NULL, NULL),
(216, 933, 'P.0147767.F.09', 25, 2, NULL, NULL),
(216, 934, 'P.0147767.F.09', 26, 4, NULL, NULL),
(216, 1183, 'P.0147767.F.09', 28, 8, NULL, NULL),
(216, 1184, 'P.0147767.F.09', 29, 9, NULL, NULL),
(216, 1185, 'P.0147767.F.09', 30, 8, NULL, NULL),
(216, 1186, 'P.0147767.F.09', 31, 1, NULL, NULL),
(216, 1187, 'P.0147767.F.09', 32, 2, NULL, NULL),
(216, 1188, 'P.0147767.F.09', 33, 27, NULL, NULL),
(216, 1189, 'P.0147767.F.09', 34, 2, NULL, NULL),
(216, 1190, 'P.0147767.F.09', 35, 16, NULL, NULL),
(216, 1191, 'P.0147767.F.09', 36, 2, NULL, NULL),
(216, 1192, 'P.0147767.F.09', 37, 2, NULL, NULL),
(216, 1193, 'P.0147767.F.09', 38, 4, NULL, NULL),
(216, 1194, 'P.0147767.F.09', 39, 4, NULL, NULL),
(216, 1195, 'P.0147767.F.09', 40, 4, NULL, NULL),
(216, 1196, 'P.0147767.F.09', 41, 1, NULL, NULL),
(216, 1197, 'P.0147767.F.09', 42, 2, NULL, NULL),
(217, 244, 'P.0147767.F.09', 15, 1, NULL, NULL),
(217, 253, 'P.0147767.F.09', 36, 1, NULL, NULL),
(217, 268, 'P.0147767.F.09', 1, 1, NULL, NULL),
(217, 269, 'P.0147767.F.09', 2, 1, NULL, NULL),
(217, 270, 'P.0147767.F.09', 3, 1, NULL, NULL),
(217, 271, 'P.0147767.F.09', 4, 1, NULL, NULL),
(217, 272, 'P.0147767.F.09', 5, 1, NULL, NULL),
(217, 273, 'P.0147767.F.09', 6, 2, NULL, NULL),
(217, 274, 'P.0147767.F.09', 7, 1, NULL, NULL),
(217, 275, 'P.0147767.F.09', 8, 1, NULL, NULL),
(217, 276, 'P.0147767.F.09', 9, 1, NULL, NULL),
(217, 277, 'P.0147767.F.09', 10, 1, NULL, NULL),
(217, 278, 'P.0147767.F.09', 11, 1, NULL, NULL),
(217, 279, 'P.0147767.F.09', 12, 1, NULL, NULL),
(217, 280, 'P.0147767.F.09', 13, 1, NULL, NULL),
(217, 281, 'P.0147767.F.09', 14, 2, NULL, NULL),
(217, 282, 'P.0147767.F.09', 16, 1, NULL, NULL),
(217, 283, 'P.0147767.F.09', 17, 1, NULL, NULL),
(217, 284, 'P.0147767.F.09', 20, 2, NULL, NULL),
(217, 285, 'P.0147767.F.09', 19, 12, NULL, NULL),
(217, 287, 'P.0147767.F.09', 21, 1, NULL, NULL),
(217, 288, 'P.0147767.F.09', 23, 1, NULL, NULL),
(217, 289, 'P.0147767.F.09', 24, 1, NULL, NULL),
(217, 290, 'P.0147767.F.09', 26, 1, NULL, NULL),
(217, 291, 'P.0147767.F.09', 27, 1, NULL, NULL),
(217, 292, 'P.0147767.F.09', 28, 1, NULL, NULL),
(217, 293, 'P.0147767.F.09', 29, 1, NULL, NULL),
(217, 294, 'P.0147767.F.09', 31, 2, NULL, NULL),
(217, 295, 'P.0147767.F.09', 32, 1, NULL, NULL),
(217, 312, 'P.0147767.F.09', 54, 4, NULL, NULL),
(217, 313, 'P.0147767.F.09', 55, 2, NULL, NULL),
(217, 323, 'P.0147767.F.09', 65, 2, NULL, NULL),
(217, 327, 'P.0147767.F.09', 69, 1, NULL, NULL),
(217, 328, 'P.0147767.F.09', 70, 2, NULL, NULL),
(217, 329, 'P.0147767.F.09', 71, 1, NULL, NULL),
(217, 330, 'P.0147767.F.09', 72, 1, NULL, NULL),
(217, 727, 'P.0147767.F.09', 18, 2, NULL, NULL),
(217, 930, 'P.0147767.F.09', 33, 1, NULL, NULL),
(217, 931, 'P.0147767.F.09', 34, 1, NULL, NULL),
(217, 933, 'P.0147767.F.09', 25, 2, NULL, NULL),
(217, 934, 'P.0147767.F.09', 35, 1, NULL, NULL),
(217, 950, 'P.0147767.F.09', 22, 1, NULL, NULL),
(217, 951, 'P.0147767.F.09', 30, 1, NULL, NULL),
(217, 1198, 'P.0147767.F.09', 37, 9, NULL, NULL),
(217, 1199, 'P.0147767.F.09', 38, 8, NULL, NULL),
(217, 1200, 'P.0147767.F.09', 39, 16, NULL, NULL),
(217, 1201, 'P.0147767.F.09', 40, 10, NULL, NULL),
(217, 1202, 'P.0147767.F.09', 41, 10, NULL, NULL),
(217, 1203, 'P.0147767.F.09', 42, 2, NULL, NULL),
(217, 1204, 'P.0147767.F.09', 43, 15, NULL, NULL),
(217, 1205, 'P.0147767.F.09', 44, 2, NULL, NULL),
(217, 1206, 'P.0147767.F.09', 45, 7, NULL, NULL),
(217, 1207, 'P.0147767.F.09', 46, 2, NULL, NULL),
(217, 1208, 'P.0147767.F.09', 47, 2, NULL, NULL),
(217, 1209, 'P.0147767.F.09', 48, 8, NULL, NULL),
(217, 1210, 'P.0147767.F.09', 49, 8, NULL, NULL),
(217, 1211, 'P.0147767.F.09', 50, 9, NULL, NULL),
(217, 1212, 'P.0147767.F.09', 51, 4, NULL, NULL),
(217, 1213, 'P.0147767.F.09', 52, 4, NULL, NULL),
(217, 1214, 'P.0147767.F.09', 53, 2, NULL, NULL),
(217, 1215, 'P.0147767.F.09', 56, 8, NULL, NULL),
(217, 1216, 'P.0147767.F.09', 57, 8, NULL, NULL),
(217, 1217, 'P.0147767.F.09', 58, 2, NULL, NULL),
(217, 1218, 'P.0147767.F.09', 59, 4, NULL, NULL),
(217, 1219, 'P.0147767.F.09', 60, 2, NULL, NULL),
(217, 1220, 'P.0147767.F.09', 61, 2, NULL, NULL),
(217, 1221, 'P.0147767.F.09', 62, 2, NULL, NULL),
(217, 1222, 'P.0147767.F.09', 63, 4, NULL, NULL),
(217, 1223, 'P.0147767.F.09', 64, 4, NULL, NULL),
(217, 1224, 'P.0147767.F.09', 66, 2, NULL, NULL),
(217, 1225, 'P.0147767.F.09', 67, 1, NULL, NULL),
(217, 1226, 'P.0147767.F.09', 68, 1, NULL, NULL),
(217, 1227, 'P.0147767.F.09', 73, 2, NULL, NULL),
(217, 1228, 'P.0147767.F.09', 74, 2, NULL, NULL),
(218, 241, 'P.0147767.F.09', 1, 2, NULL, NULL),
(218, 244, 'P.0147767.F.09', 5, 4, NULL, NULL),
(218, 250, 'P.0147767.F.09', 8, 2, NULL, NULL),
(218, 251, 'P.0147767.F.09', 7, 2, NULL, NULL),
(218, 253, 'P.0147767.F.09', 12, 4, NULL, NULL),
(218, 333, 'P.0147767.F.09', 2, 1, NULL, NULL),
(218, 334, 'P.0147767.F.09', 3, 1, NULL, NULL),
(218, 335, 'P.0147767.F.09', 4, 1, NULL, NULL),
(218, 930, 'P.0147767.F.09', 10, 4, NULL, NULL),
(218, 931, 'P.0147767.F.09', 9, 6, NULL, NULL),
(218, 932, 'P.0147767.F.09', 6, 2, NULL, NULL),
(218, 934, 'P.0147767.F.09', 11, 4, NULL, NULL),
(218, 1229, 'P.0147767.F.09', 13, 2, NULL, NULL),
(218, 1230, 'P.0147767.F.09', 14, 2, NULL, NULL),
(218, 1231, 'P.0147767.F.09', 15, 2, NULL, NULL),
(218, 1232, 'P.0147767.F.09', 16, 1, NULL, NULL),
(218, 1233, 'P.0147767.F.09', 17, 2, NULL, NULL),
(218, 1234, 'P.0147767.F.09', 18, 4, NULL, NULL),
(218, 1235, 'P.0147767.F.09', 19, 4, NULL, NULL),
(218, 1236, 'P.0147767.F.09', 20, 4, NULL, NULL),
(218, 1237, 'P.0147767.F.09', 21, 1, NULL, NULL),
(218, 1238, 'P.0147767.F.09', 22, 1, NULL, NULL),
(221, 402, 'P.0147767.F.09', 1, 2, 'BON POUR APPRO/FAB', 'URGENT : Qté 2 suite NC sur banc n°1'),
(221, 403, 'P.0147767.F.09', 2, 2, NULL, NULL),
(221, 404, 'P.0147767.F.09', 3, 1, NULL, NULL),
(221, 405, 'P.0147767.F.09', 4, 1, NULL, NULL),
(221, 406, 'P.0147767.F.09', 5, 1, NULL, NULL),
(221, 407, 'P.0147767.F.09', 6, 1, NULL, NULL),
(221, 408, 'P.0147767.F.09', 7, 1, NULL, NULL),
(221, 409, 'P.0147767.F.09', 9, 1, NULL, NULL),
(221, 993, 'P.0147767.F.09', 8, 2, NULL, NULL),
(221, 1239, 'P.0147767.F.09', 10, 1, NULL, NULL),
(221, 1240, 'P.0147767.F.09', 11, 4, NULL, NULL),
(221, 1241, 'P.0147767.F.09', 12, 4, NULL, NULL),
(221, 1242, 'P.0147767.F.09', 13, 2, NULL, NULL),
(221, 1243, 'P.0147767.F.09', 14, 1, NULL, NULL),
(222, 403, 'P.0147767.F.09', 2, 2, NULL, NULL),
(222, 405, 'P.0147767.F.09', 4, 1, NULL, NULL),
(222, 407, 'P.0147767.F.09', 6, 1, NULL, NULL),
(222, 408, 'P.0147767.F.09', 7, 1, NULL, NULL),
(222, 409, 'P.0147767.F.09', 9, 1, NULL, NULL),
(222, 413, 'P.0147767.F.09', 1, 2, 'BON POUR APPRO/FAB', 'URGENT : Qté 2 suite NC sur banc n°1'),
(222, 414, 'P.0147767.F.09', 3, 1, NULL, NULL),
(222, 415, 'P.0147767.F.09', 5, 1, NULL, NULL),
(222, 999, 'P.0147767.F.09', 8, 2, NULL, NULL),
(222, 1244, 'P.0147767.F.09', 10, 1, NULL, NULL),
(222, 1245, 'P.0147767.F.09', 11, 4, NULL, NULL),
(222, 1246, 'P.0147767.F.09', 12, 4, NULL, NULL),
(222, 1247, 'P.0147767.F.09', 13, 2, NULL, NULL),
(222, 1248, 'P.0147767.F.09', 14, 1, NULL, NULL),
(223, 403, 'P.0147767.F.09', 2, 1, NULL, NULL),
(223, 405, 'P.0147767.F.09', 4, 1, NULL, NULL),
(223, 407, 'P.0147767.F.09', 6, 1, NULL, NULL),
(223, 408, 'P.0147767.F.09', 7, 1, NULL, NULL),
(223, 409, 'P.0147767.F.09', 9, 1, NULL, NULL),
(223, 419, 'P.0147767.F.09', 1, 1, NULL, NULL),
(223, 420, 'P.0147767.F.09', 3, 1, NULL, NULL),
(223, 421, 'P.0147767.F.09', 5, 1, NULL, NULL),
(223, 993, 'P.0147767.F.09', 8, 1, NULL, NULL),
(223, 1249, 'P.0147767.F.09', 10, 1, NULL, NULL),
(223, 1250, 'P.0147767.F.09', 11, 4, NULL, NULL),
(223, 1251, 'P.0147767.F.09', 12, 4, NULL, NULL),
(223, 1252, 'P.0147767.F.09', 13, 2, NULL, NULL),
(223, 1253, 'P.0147767.F.09', 14, 1, NULL, NULL),
(224, 403, 'P.0147767.F.09', 2, 1, NULL, NULL),
(224, 405, 'P.0147767.F.09', 4, 1, NULL, NULL),
(224, 407, 'P.0147767.F.09', 6, 1, NULL, NULL),
(224, 408, 'P.0147767.F.09', 7, 1, NULL, NULL),
(224, 409, 'P.0147767.F.09', 9, 1, NULL, NULL),
(224, 419, 'P.0147767.F.09', 1, 1, NULL, NULL),
(224, 420, 'P.0147767.F.09', 3, 1, NULL, NULL),
(224, 421, 'P.0147767.F.09', 5, 1, NULL, NULL),
(224, 1010, 'P.0147767.F.09', 8, 1, NULL, NULL),
(224, 1254, 'P.0147767.F.09', 10, 1, NULL, NULL),
(224, 1255, 'P.0147767.F.09', 11, 4, NULL, NULL),
(224, 1256, 'P.0147767.F.09', 12, 4, NULL, NULL),
(224, 1257, 'P.0147767.F.09', 13, 2, NULL, NULL),
(224, 1258, 'P.0147767.F.09', 14, 1, NULL, NULL),
(1264, 0, 'P.0189473.H.01', NULL, 1, NULL, NULL),
(1264, 1265, 'P.0189473.H.01', NULL, 4, NULL, NULL),
(1264, 1266, 'P.0189473.H.01', NULL, 4, NULL, NULL),
(1264, 1267, 'P.0189473.H.01', NULL, 8, NULL, NULL),
(1264, 1268, 'P.0189473.H.01', NULL, 5, NULL, NULL),
(1264, 1269, 'P.0189473.H.01', NULL, 4, NULL, NULL),
(1264, 1270, 'P.0189473.H.01', NULL, 4, NULL, NULL),
(1264, 1271, 'P.0189473.H.01', NULL, 4, NULL, NULL),
(1264, 1272, 'P.0189473.H.01', NULL, 4, NULL, NULL),
(1264, 1273, 'P.0189473.H.01', NULL, 4, NULL, NULL),
(1264, 1283, 'P.0189473.H.01', NULL, 1, NULL, NULL),
(1264, 1284, 'P.0189473.H.01', NULL, 1, NULL, NULL),
(1264, 1285, 'P.0189473.H.01', NULL, 5, NULL, NULL),
(1264, 1286, 'P.0189473.H.01', NULL, 4, NULL, NULL),
(1264, 1287, 'P.0189473.H.01', NULL, 12, NULL, NULL),
(1264, 1288, 'P.0189473.H.01', NULL, 8, NULL, NULL),
(1264, 1289, 'P.0189473.H.01', NULL, 5, NULL, NULL),
(1264, 1290, 'P.0189473.H.01', NULL, 1, NULL, NULL),
(1264, 1291, 'P.0189473.H.01', NULL, 4, NULL, NULL),
(1264, 1293, 'P.0189473.H.01', NULL, 1, NULL, NULL),
(1264, 1294, 'P.0189473.H.01', NULL, 1, NULL, NULL),
(1264, 1295, 'P.0189473.H.01', NULL, 1, NULL, NULL),
(1264, 1296, 'P.0189473.H.01', NULL, 1, NULL, NULL),
(1273, 0, 'P.0189473.H.01', NULL, 1, NULL, NULL),
(1273, 1267, 'P.0189473.H.01', NULL, 2, NULL, NULL),
(1273, 1269, 'P.0189473.H.01', NULL, 2, NULL, NULL),
(1273, 1274, 'P.0189473.H.01', NULL, 2, NULL, NULL),
(1273, 1292, 'P.0189473.H.01', NULL, 1, NULL, NULL),
(1274, 1275, 'P.0189473.H.01', NULL, 1, NULL, NULL),
(1274, 1276, 'P.0189473.H.01', NULL, 1, NULL, NULL),
(1274, 1277, 'P.0189473.H.01', NULL, 1, NULL, NULL),
(1274, 1278, 'P.0189473.H.01', NULL, 1, NULL, NULL),
(1274, 1279, 'P.0189473.H.01', NULL, 1, NULL, NULL),
(1274, 1280, 'P.0189473.H.01', NULL, 1, NULL, NULL),
(1274, 1281, 'P.0189473.H.01', NULL, 1, NULL, NULL),
(1274, 1282, 'P.0189473.H.01', NULL, 1, NULL, NULL);

-- --------------------------------------------------------

--
-- Structure de la table `import_configuration`
--
-- Création :  ven. 23 août 2019 à 12:24
--

DROP TABLE IF EXISTS `import_configuration`;
CREATE TABLE IF NOT EXISTS `import_configuration` (
  `id` int(11) UNSIGNED NOT NULL AUTO_INCREMENT,
  `nom` varchar(255) NOT NULL,
  `import_mode` int(1) NOT NULL,
  `color` varchar(7) DEFAULT NULL,
  `first_data_line` int(11) UNSIGNED NOT NULL,
  `path_icon` varchar(1024) DEFAULT NULL,
  `quantity_col` varchar(11) DEFAULT NULL,
  `rep_col` varchar(11) DEFAULT NULL,
  `planNum_col` varchar(11) DEFAULT NULL,
  `indice_col` varchar(11) DEFAULT NULL,
  `designation_col` varchar(11) DEFAULT NULL,
  `references_col` varchar(55) DEFAULT NULL,
  `fabricants_col` varchar(55) DEFAULT NULL,
  `type_col` varchar(11) DEFAULT NULL,
  `fab_col` varchar(11) DEFAULT NULL,
  `trSur_col` varchar(11) DEFAULT NULL,
  `level_col` varchar(11) DEFAULT NULL,
  `ob_col` varchar(11) DEFAULT NULL,
  PRIMARY KEY (`id`),
  UNIQUE KEY `nom` (`nom`),
  UNIQUE KEY `path_icon` (`path_icon`)
) ENGINE=InnoDB AUTO_INCREMENT=6 DEFAULT CHARSET=utf8;

--
-- Tronquer la table avant d'insérer `import_configuration`
--

TRUNCATE TABLE `import_configuration`;
--
-- Déchargement des données de la table `import_configuration`
--

INSERT INTO `import_configuration` (`id`, `nom`, `import_mode`, `color`, `first_data_line`, `path_icon`, `quantity_col`, `rep_col`, `planNum_col`, `indice_col`, `designation_col`, `references_col`, `fabricants_col`, `type_col`, `fab_col`, `trSur_col`, `level_col`, `ob_col`) VALUES
(1, 'Fichier format MICHELIN (old)', 0, '#878790', 4, '/traitement-pivot/images/michelin.png', 'F', 'G', 'C', NULL, 'I', 'K;M;O;Q;S', 'J;L;N;P;R', 'E', NULL, 'A', NULL, NULL),
(2, 'Fichier format MICHELIN (Full BOM)', 1, '#9696dc', 3, '/traitement-pivot/images/michelin2.png', 'K', NULL, 'D', 'E', 'H', 'AG;AK;AO;AS;AW', 'AH;AL;AP;AT;AX', 'J', 'I', 'V', 'C', NULL),
(3, 'Fichier format A.C.O', 0, '#3396ff', 2, '/traitement-pivot/images/act.jpg', 'A', 'B', 'C', 'D', 'E', 'F', 'G', 'I', 'H', NULL, NULL, NULL),
(4, 'Fichier excel STANDARD', 0, '#00cc44', 8, '/traitement-pivot/images/excel.ico', 'A', 'B', 'C', 'D', 'E', 'F', 'G', 'I', 'H', NULL, NULL, 'J'),
(5, 'MBDA', 0, '#008000', 5, '../images/MBDA.png', 'K', 'F', 'H', NULL, NULL, 'J', 'L', NULL, NULL, 'N', NULL, 'O');

-- --------------------------------------------------------

--
-- Structure de la table `users`
--
-- Création :  ven. 23 août 2019 à 12:24
-- Dernière modification :  lun. 21 oct. 2019 à 06:45
--

DROP TABLE IF EXISTS `users`;
CREATE TABLE IF NOT EXISTS `users` (
  `login` varchar(255) NOT NULL,
  `password` varchar(255) DEFAULT NULL,
  `firstname` varchar(100) DEFAULT NULL,
  `lastname` varchar(100) DEFAULT NULL,
  `fonction` varchar(64) DEFAULT NULL,
  `authorizations` int(11) NOT NULL,
  `first_connection` tinyint(1) NOT NULL DEFAULT '1',
  `last_connection` datetime DEFAULT NULL,
  PRIMARY KEY (`login`),
  KEY `users_fonction_index` (`fonction`)
) ENGINE=InnoDB DEFAULT CHARSET=utf8;

--
-- Tronquer la table avant d'insérer `users`
--

TRUNCATE TABLE `users`;
--
-- Déchargement des données de la table `users`
--

INSERT INTO `users` (`login`, `password`, `firstname`, `lastname`, `fonction`, `authorizations`, `first_connection`, `last_connection`) VALUES
('aurelien.desribes@actemium.com', '$2y$10$hSLqNoTdzznLdYyoFm6cre6X7hhv3G0R0DoAzMlW8xPHpMj1RAlT6', 'Aurélien', 'Desribes', 'CHEF DE PROJET', 1, 1, NULL),
('baptiste.tifine@actemium.com', '$2y$10$k95cvlVy4oc2eBFnGOCRXuf//MFy0fo1oI.r1/b/nwUVRN4O.A3Pu', 'Baptiste', 'Tifine', 'TECHNICIEN BE', 1, 1, NULL),
('bruno.chaussidon@actemium.com', '$2y$10$87WH/MMWfbI2VyMDTfk6dOXjI7i2qcHh5VbScaQliTGQvVR5N6G8q', 'Bruno', 'Chaussidon', 'CHARGE D\'AFFAIRES', 1, 0, '2019-09-03 11:16:24'),
('bruno.seyrolles@actemium.com', '$2y$10$aT2RmcAlg6A.jWzFfC9RR.i.cI60dnUQcwf040WSsbCvSaiB9p4Am', 'Bruno', 'Seyrolles', 'RESPONSABLE SUPPLY CHAIN ', 2, 0, '2019-10-21 08:42:10'),
('christian.lewandowski@actemium.com', '$2y$10$6AhnqJtwOZbL4DZFnedsgOLMs.6HLCyTk8Qf8FaWaW8VTsKOHnbGO', 'Christian', 'Lewandowski', 'MONTEUR', 1, 1, NULL),
('dominique.pannier@actemium.com', '$2y$10$E5uBxDFdzNPfpbsaig/BQeW51HBAgpQjuaTL/P1u1EHoLO5BVLkvO', 'Dominique', 'Pannier', 'PROJETEUR', 1, 1, NULL),
('eddy.lapeyre@actemium.com', '$2y$10$ImzoXhLHoC8hjptmbc8X9u9bvO0oQgFzXfSamvCOh7Hli2GE.BLaW', 'Eddy', 'Lapeyre', 'PROJETEUR', 2, 0, '2019-08-29 14:54:06'),
('francois.grissolange@actemium.com', '$2y$10$BTsOke0WGd26BEPdlHIPX.vMAI7zpY2kG/FgJHwmo3g76feB91Jhu', 'Francois', 'Grissolange', 'CHEF DE PROJET', 1, 1, NULL),
('francois.gsell@actemium.com', '$2y$10$2N9iZNP1od6n.urKOzb7IOdizTMljSfz2Jkm1UngoV1wez0e0mSCO', 'Francois', 'Gsell', 'CHEF D\'ENTREPRISE', 1, 0, NULL),
('frederic.bruhat@actemium.com', '$2y$10$rnQJxSghkXd2sEw0ajHWz.YfhesFr8PgBU2OpKBrBHD16NDqTjMsy', 'Frederic', 'Bruhat', 'RESPONSABLE REALISATIONS MECANIQUES', 1, 0, NULL),
('geoffrey.laroudie@actemium.com', '$2y$10$WjU6jQwnlGwcLCBdEghlJ.j0XKZE9KupzVyJKRiVs43XoUcCb.lp.', 'Geoffrey', 'Laroudie', 'CHEF DE PROJET', 1, 1, NULL),
('guillaume.gazanion@actemium.com', '$2y$10$JEV1VeXNhailUyYsLzDRueT2PRonnat/B87dzPWna6MiFMkJapagq', 'Guillaume', 'Gazanion', 'DIRECTEUR DE PROJETS', 1, 0, '2019-09-03 11:16:26'),
('herve.laval@actemium.com', '$2y$10$i2ABHcDdr9kUreC3HfiDBOwB9512PtRxwD.4bIOZLG3OQ2SGqMXWO', 'Herve', 'Laval', 'USINEUR', 1, 1, NULL),
('jean-francois.mondary@actemium.com', '$2y$10$hjWmGQRgtzpuyUE2xdz9BOCmYLAuflsAbrOnoJN7P.qmsYgTstgBW', 'Jean Francois', 'Mondary', 'RESPONSABLE BE', 1, 0, NULL),
('jean-paul.bernard@actemium.com', '$2y$10$EhhJn5NlS5wa4dUx7fWl8OrTZtrKXV2CgCTiLKoa8Gr3h5qpSc1di', 'Jean Paul', 'Bernard', 'TECHNICIEN BE', 1, 1, NULL),
('joel.verny@actemium.com', '$2y$10$E/3t5VClS2mFeOf6kvi5u.a8I70QL1vHHqYif8TeBIe96uNqQT21y', 'Joel', 'Verny', 'RESPONSABLE OTC-AVP', 1, 0, '2019-09-17 15:01:40'),
('lionel.batonnet@actemium.com', '$2y$10$JktjU8qpt1u0A6uVdf3hlOoKJA/GwDT79QDATr0KaetEke951ioty', 'Lionel', 'Batonnet', 'TECHNICIEN BE', 1, 1, NULL),
('marc.sevestre@actemium.com', '$2y$10$2UxjV5vSLC4CMB9I1yqNve2.R0CYCbkDUOjBJLE1IyzVrrLdCqIQ2', 'Marc', 'Sevestre', 'TECHNICIEN BE', 1, 0, NULL),
('marie-laure.gerbe@actemium.com', '$2y$10$biO4O3AACMP3qDEZhVD0lOScAEn4TlhK/KJV.exNpAK11XbzBJieK', 'Marie Laure', 'Gerbe', 'TECHNICIEN BE', 1, 1, NULL),
('pauline.vigne@actemium.com', '$2y$10$D/SPJZ3kT/VUxsdEi.EMYui22vJuKdD3gKu5i9vT5buo3ofsRuAaK', 'Pauline', 'Vigne', 'MAGANISIER', 1, 0, '2019-09-17 10:55:14'),
('philippe.gendraud@actemium.com', '$2y$10$2mbTJZgN7UrV53nNIT2RgecimPmqE/8KvpQ1evebI735Ia7vKd0oW', 'Philippe', 'Gendraud', 'CHARGE D\'AFFAIRES', 1, 0, NULL),
('pierre.lacouve@actemium.com', '$2y$10$QCp.5lkNS1Z666C19wmvU.vothE4S5zocRPWJk/2wpz6dtRQpmyNC', 'Pierre', 'Lacouve', 'STAGIAIRE ', 1, 0, '2019-08-30 16:38:51'),
('sebastien.gagnier@actemium.com', '$2y$10$KmOKVl5a7YpAs.IoliG3Uubi7MCIsLyFjLubSXbBMOd9H47QxcRNu', 'Sébastien', 'Gagnier', 'CHEF DE PROJET', 1, 0, '2019-10-21 08:45:55'),
('serge.martins@actemium.com', '$2y$10$4WpTlZO62JsR7QidSKWJtOkgvCkYzsQ6uhu1ky0DmAORvHEoxRktq', 'Serge', 'Martins', 'RESPONSABLE QSE', 2, 0, '2019-08-29 11:06:35'),
('stephane.espinasse@actemium.com', '$2y$10$1c0/VV/1Dz7e6XmcCD96YuKzpp2RLYTqjsNGxgvK.09MqDgFbektm', 'Stephane', 'Espinasse', 'TECHNICIEN BE', 1, 1, NULL),
('stephane2.morin@actemium.com', '$2y$10$OwiHTMXH.YSeL6IHllcgPuttLjQu.ELzR/sxTkRzbW.ykDan9aTsG', 'Stephane', 'Morin', 'RESPONSABLE ACHATS', 1, 0, NULL),
('stephanie.gamot@actemium.com', '$2y$10$jy9Csrb.8yqnqcySsL2Aduov7Cajt6MqWg7uJ1meFBtJ6GKTpk33e', 'Stéphanie', 'Gamot', 'COMPTA RH', 1, 0, '2019-09-17 10:19:55'),
('sylvain.canovas@actemium.com', '$2y$10$y0AHcrhOVGPCJpd6Q5rUIOjLRisfgRFG5ET6KwaacT93UdiWWn9Ku', 'Sylvain', 'Canovas', 'RESPONSABLE ATELIER & INSTALLATIONS', 1, 0, NULL),
('tony.rochias@actemium.com', '$2y$10$WJvfky004xBBp8fb63rICuTu.A1BuguyyUzkNWU01pzWXtzWKIL32', 'Tony', 'Rochias', 'MONTEUR', 1, 0, NULL),
('xavier.huchet@actemium.com', '$2y$10$i4A1nbPUhYNRfwFsnT8N1OnLUC6gr8RHF8AiWkQ64A3EzRR1iFiNq', 'Xavier', 'Huchet', 'DEVELOPPEUR COMMERCIAL', 1, 1, NULL),
('yoran.cloarec@actemium.com', '$2y$10$dx6ZnpxlDiEZLNHY72GA1OGvRuPhUgrQp0F5HGWNAvamH21dz6mfK', 'Yoran', 'Cloarec', 'TECHNICIEN BE', 1, 1, NULL);

--
-- Contraintes pour les tables déchargées
--

--
-- Contraintes pour la table `affaires`
--
ALTER TABLE `affaires`
  ADD CONSTRAINT `affaires_ibfk_1` FOREIGN KEY (`id_client`) REFERENCES `clients` (`id`) ON DELETE SET NULL ON UPDATE CASCADE,
  ADD CONSTRAINT `fk_chef_projet` FOREIGN KEY (`login_chef_projet`) REFERENCES `users` (`login`) ON DELETE SET NULL ON UPDATE CASCADE;

--
-- Contraintes pour la table `commandes_elements`
--
ALTER TABLE `commandes_elements`
  ADD CONSTRAINT `commandes_elements_ibfk_2` FOREIGN KEY (`id_commande`) REFERENCES `commandes` (`id`) ON DELETE CASCADE ON UPDATE CASCADE,
  ADD CONSTRAINT `commandes_elements_ibfk_3` FOREIGN KEY (`id_fabricant`) REFERENCES `fabricants` (`id`) ON DELETE CASCADE ON UPDATE CASCADE,
  ADD CONSTRAINT `commandes_elements_ibfk_4` FOREIGN KEY (`id_element`) REFERENCES `elements` (`id`) ON DELETE CASCADE ON UPDATE CASCADE;

--
-- Contraintes pour la table `fabricants`
--
ALTER TABLE `fabricants`
  ADD CONSTRAINT `fabricants_domaines_fabricants_nom_fk` FOREIGN KEY (`domaine`) REFERENCES `domaines_fabricants` (`nom`) ON UPDATE CASCADE;

--
-- Contraintes pour la table `fabricants_elements`
--
ALTER TABLE `fabricants_elements`
  ADD CONSTRAINT `fabricants_elements_ibfk_1` FOREIGN KEY (`id_element`) REFERENCES `elements` (`id`),
  ADD CONSTRAINT `fabricants_elements_ibfk_2` FOREIGN KEY (`id_fabricant`) REFERENCES `fabricants` (`id`);

--
-- Contraintes pour la table `hierarchies`
--
ALTER TABLE `hierarchies`
  ADD CONSTRAINT `hierarchies_ibfk_1` FOREIGN KEY (`id_affaire`) REFERENCES `affaires` (`id`),
  ADD CONSTRAINT `hierarchies_ibfk_2` FOREIGN KEY (`id_parent`) REFERENCES `elements` (`id`),
  ADD CONSTRAINT `hierarchies_ibfk_3` FOREIGN KEY (`id_self`) REFERENCES `elements` (`id`);

--
-- Contraintes pour la table `users`
--
ALTER TABLE `users`
  ADD CONSTRAINT `users_fonctions_intitule_fk` FOREIGN KEY (`fonction`) REFERENCES `fonctions` (`intitule`) ON DELETE SET NULL ON UPDATE CASCADE;
SET FOREIGN_KEY_CHECKS=1;
COMMIT;

/*!40101 SET CHARACTER_SET_CLIENT=@OLD_CHARACTER_SET_CLIENT */;
/*!40101 SET CHARACTER_SET_RESULTS=@OLD_CHARACTER_SET_RESULTS */;
/*!40101 SET COLLATION_CONNECTION=@OLD_COLLATION_CONNECTION */;
