-- phpMyAdmin SQL Dump
-- version 3.5.7
-- http://www.phpmyadmin.net
--
-- Host: localhost
-- Generation Time: Dec 18, 2013 at 10:20 PM
-- Server version: 5.1.60
-- PHP Version: 5.2.17

SET SQL_MODE="NO_AUTO_VALUE_ON_ZERO";
SET time_zone = "+00:00";


/*!40101 SET @OLD_CHARACTER_SET_CLIENT=@@CHARACTER_SET_CLIENT */;
/*!40101 SET @OLD_CHARACTER_SET_RESULTS=@@CHARACTER_SET_RESULTS */;
/*!40101 SET @OLD_COLLATION_CONNECTION=@@COLLATION_CONNECTION */;
/*!40101 SET NAMES utf8 */;

--
-- Database: `prdappne_itechservicedb`
--

-- --------------------------------------------------------

--
-- Table structure for table `department`
--

CREATE TABLE IF NOT EXISTS `department` (
  `id` int(11) NOT NULL AUTO_INCREMENT,
  `department_code` varchar(255) NOT NULL,
  `name` varchar(255) NOT NULL,
  `description` text NOT NULL,
  `app_id` int(11) DEFAULT NULL,
  PRIMARY KEY (`id`),
  UNIQUE KEY `department_code` (`department_code`,`name`)
) ENGINE=InnoDB  DEFAULT CHARSET=utf8 AUTO_INCREMENT=5 ;

--
-- Dumping data for table `department`
--

INSERT INTO `department` (`id`, `department_code`, `name`, `description`, `app_id`) VALUES
(1, '01', 'life', '', 1),
(2, '02', 'sphq', '', 2),
(3, '03', 'housing', '', 3),
(4, '04', 'library', '', 4);

-- --------------------------------------------------------

--
-- Table structure for table `staffs_profile`
--

CREATE TABLE IF NOT EXISTS `staffs_profile` (
  `staff_id` int(11) NOT NULL AUTO_INCREMENT,
  `user_id` varchar(45) DEFAULT NULL,
  PRIMARY KEY (`staff_id`)
) ENGINE=MyISAM DEFAULT CHARSET=utf8 AUTO_INCREMENT=1 ;

-- --------------------------------------------------------

--
-- Table structure for table `status`
--

CREATE TABLE IF NOT EXISTS `status` (
  `status_code` varchar(255) NOT NULL,
  `status_group_id` varchar(255) NOT NULL,
  `name` varchar(255) NOT NULL,
  `description` text NOT NULL,
  `active` varchar(1) NOT NULL,
  PRIMARY KEY (`status_code`),
  KEY `status_group_id` (`status_group_id`)
) ENGINE=InnoDB DEFAULT CHARSET=utf8;

--
-- Dumping data for table `status`
--

INSERT INTO `status` (`status_code`, `status_group_id`, `name`, `description`, `active`) VALUES
('ACTIVE', 'USER_LOGIN_STATUS', 'Active', '', 'Y'),
('INACTIVE', 'USER_LOGIN_STATUS', 'Inactive', '', 'Y');

-- --------------------------------------------------------

--
-- Table structure for table `status_group`
--

CREATE TABLE IF NOT EXISTS `status_group` (
  `id` varchar(255) NOT NULL,
  `name` varchar(255) NOT NULL,
  `description` text NOT NULL,
  `active` varchar(1) NOT NULL,
  PRIMARY KEY (`id`)
) ENGINE=InnoDB DEFAULT CHARSET=utf8;

--
-- Dumping data for table `status_group`
--

INSERT INTO `status_group` (`id`, `name`, `description`, `active`) VALUES
('USER_LOGIN_STATUS', 'User Login Status', '3', 'Y');

-- --------------------------------------------------------

--
-- Table structure for table `tb_app`
--

CREATE TABLE IF NOT EXISTS `tb_app` (
  `id` int(11) NOT NULL AUTO_INCREMENT,
  `image` varchar(100) DEFAULT NULL,
  `name` varchar(45) DEFAULT NULL,
  `description` varchar(200) DEFAULT NULL,
  `platform` varchar(45) DEFAULT NULL,
  `version` int(11) DEFAULT NULL,
  `bundle` varchar(45) DEFAULT NULL,
  `url` varchar(45) DEFAULT NULL,
  `status` varchar(1) DEFAULT NULL,
  PRIMARY KEY (`id`)
) ENGINE=MyISAM  DEFAULT CHARSET=utf8 AUTO_INCREMENT=33 ;

--
-- Dumping data for table `tb_app`
--

INSERT INTO `tb_app` (`id`, `image`, `name`, `description`, `platform`, `version`, `bundle`, `url`, `status`) VALUES
(1, '/icon/life.png', 'life', NULL, '1', 64, 'LIFE://com.muic.life<', 'http://ed.muic.mahidol.ac.th/', 'A'),
(2, '/icon/sph.png', 'sph', NULL, '1', 48, 'SPH://com.muic.sph', 'http://ed.muic.mahidol.ac.th/', 'A'),
(3, '/icon/housing.png', 'housing', NULL, '1', 104, 'HOUSING://com.muic.housing', 'http://ed.muic.mahidol.ac.th/', 'A'),
(4, '/icon/libraly.png', 'library', NULL, '1', 86, 'LIB://com.muic.lib', 'http://ed.muic.mahidol.ac.th/', 'A'),
(5, '/icon/store.jpg', 'store', NULL, '1', 1, '-', 'http://ed.muic.mahidol.ac.th/', 'A'),
(18, '/icon/learning.png', 'LeaningZone', NULL, '1', 1, 'com.mu.muic.LearningZone', 'http://ed.muic.mahidol.ac.th/', 'A'),
(19, '/icon/ar.png', 'Edtech', NULL, '1', 1, 'com.mu.muic.edtech', 'http://ed.muic.mahidol.ac.th/', 'A'),
(20, NULL, 'Edtech', NULL, '2', 1, NULL, 'http://ed.muic.mahidol.ac.th/', 'A');

-- --------------------------------------------------------

--
-- Table structure for table `tb_book`
--

CREATE TABLE IF NOT EXISTS `tb_book` (
  `id` int(11) NOT NULL AUTO_INCREMENT,
  `book_name` varchar(200) DEFAULT NULL,
  `book_cover1` varchar(200) DEFAULT NULL,
  `book_cover2` varchar(200) NOT NULL,
  `book_title` varchar(300) DEFAULT NULL,
  `book_author` varchar(100) DEFAULT NULL,
  `callNo` varchar(100) DEFAULT NULL,
  `division` varchar(100) DEFAULT NULL,
  `program` varchar(45) DEFAULT NULL,
  `type` varchar(1) DEFAULT NULL COMMENT '1=Thesis,2=Thematic,3=Magazine',
  `status` varchar(1) DEFAULT NULL,
  `flag` varchar(1) DEFAULT NULL,
  `recommented` varchar(1) NOT NULL,
  `isChange` varchar(1) NOT NULL,
  `create_date` datetime NOT NULL,
  PRIMARY KEY (`id`)
) ENGINE=MyISAM  DEFAULT CHARSET=utf8 AUTO_INCREMENT=194 ;

--
-- Dumping data for table `tb_book`
--

INSERT INTO `tb_book` (`id`, `book_name`, `book_cover1`, `book_cover2`, `book_title`, `book_author`, `callNo`, `division`, `program`, `type`, `status`, `flag`, `recommented`, `isChange`, `create_date`) VALUES
(190, 'Environmental science', 'upload/20131217none.png', 'upload/20131217none.png', '', 'Miller, G. Tyler', 'QH541 M648e 2013 c.1', '9781133104391', '', '3', 'A', 'T', 'T', '1', '2013-12-17 00:03:27'),
(189, 'Wire', 'upload/20131216/10A_4_20131216111112125454.jpg', 'upload/20131216/10A_4_20131216111112125454.jpg', 'Bill Gates: Want you to Fix the World', '', '', '', '', '3', 'A', '', 'T', '1', '2013-12-16 23:48:54'),
(188, 'Time', 'upload/20131216/9A_4_20131216111112125454.jpg', 'upload/20131216/9A_4_20131216111112125454.jpg', 'China''s One Child Crisis', '', '', '', '', '3', 'A', '', 'T', '1', '2013-12-16 23:48:54'),
(187, 'Reader''s Digest', 'upload/20131216/8A_4_20131216111112125454.jpg', 'upload/20131216/8A_4_20131216111112125454.jpg', 'Fun and Games', '', '', '', '', '3', 'A', '', 'T', '1', '2013-12-16 23:48:54'),
(186, 'National Geographic', 'upload/20131216/7A_4_20131216111112125454.jpg', 'upload/20131216/7A_4_20131216111112125454.jpg', 'Our Greatest Journey', '', '', '', '', '3', 'A', '', 'T', '1', '2013-12-16 23:48:54'),
(185, 'BBC History', 'upload/20131216/6A_4_20131216111112125353.jpg', 'upload/20131216/6A_4_20131216111112125353.jpg', 'Burying The Princes in The Tower', '', '', '', '', '3', 'A', '', 'T', '1', '2013-12-16 23:48:53'),
(184, 'Entrepreneur', 'upload/20131216/5A_4_20131216111112125353.jpg', 'upload/20131216/5A_4_20131216111112125353.jpg', 'Trends 2014', '', '', '', '', '3', 'A', '', 'T', '1', '2013-12-16 23:48:53'),
(183, 'Elle', 'upload/20131216/4A_4_20131216111112125353.jpg', 'upload/20131216/4A_4_20131216111112125353.jpg', 'Exclusive Lea Michele', '', '', '', '', '3', 'A', '', 'T', '1', '2013-12-16 23:48:53'),
(182, 'Discover', 'upload/20131216/3A_4_20131216111112125252.jpg', 'upload/20131216/3A_4_20131216111112125252.jpg', 'Next Gen Tech', '', '', '', '', '3', 'A', '', 'T', '1', '2013-12-16 23:48:53'),
(181, 'Bloomberg Businessweek', 'upload/20131216/2A_4_20131216111112125252.jpg', 'upload/20131216/2A_4_20131216111112125252.jpg', 'The Year Ahead 2014', '', '', '', '', '3', 'A', '', 'T', '1', '2013-12-16 23:48:52'),
(191, 'Environmental science', 'upload/20131216/none.png', 'upload/20131216/none.png', '', 'Miller, G. Tyler', 'QH541 M648e 2013 c.2', '9781133104391', '', '4', 'A', '', 'T', '1', '2013-12-16 23:48:54'),
(192, 'Environmental science', 'upload/20131216/none.png', 'upload/20131216/none.png', '', 'Miller, G. Tyler', 'QH541 M648e 2013 c.3', '9781133104391', '', '4', 'A', '', 'T', '1', '2013-12-16 23:48:54'),
(193, 'thesis-test', 'upload/20131217/4_20131217121212120909.jpg', 'upload/20131217/4_20131217121212120909.jpg', '', '1', '1', '1', '1', '1', 'A', 'F', 'F', '', '2013-12-17 00:05:09');

-- --------------------------------------------------------

--
-- Table structure for table `tb_content`
--

CREATE TABLE IF NOT EXISTS `tb_content` (
  `id` int(11) NOT NULL AUTO_INCREMENT,
  `app_id` int(11) DEFAULT NULL,
  `menu_id` int(11) DEFAULT NULL,
  `topic` varchar(100) DEFAULT NULL,
  `description` text,
  `short_description` varchar(200) DEFAULT NULL,
  `image_size` varchar(200) DEFAULT NULL,
  `image_src1` varchar(200) DEFAULT NULL,
  `image_src2` varchar(200) NOT NULL,
  `status` varchar(1) DEFAULT NULL,
  `isChange` varchar(1) NOT NULL,
  `create_date` datetime NOT NULL,
  PRIMARY KEY (`id`)
) ENGINE=InnoDB  DEFAULT CHARSET=utf8 AUTO_INCREMENT=131 ;

--
-- Dumping data for table `tb_content`
--

INSERT INTO `tb_content` (`id`, `app_id`, `menu_id`, `topic`, `description`, `short_description`, `image_size`, `image_src1`, `image_src2`, `status`, `isChange`, `create_date`) VALUES
(8, 1, 5, NULL, '<h3>TUITION FEES</h3>\r\n\r\n<p>The following are approximate fees and may change without prior notice. Please contact Admission for up-to-date information.</p>\r\n\r\n<p>Graduate Center MBA and MM Programs</p>\r\n\r\n<table border="0">\r\n	<tbody>\r\n		<tr>\r\n			<td>Admission fee :</td>\r\n			<td>2,500 Baht</td>\r\n		</tr>\r\n		<tr>\r\n			<td>TOEFL Test fee :</td>\r\n			<td>1,000 Baht</td>\r\n		</tr>\r\n		<tr>\r\n			<td>Tuition fees :</td>\r\n			<td>5,000 Baht/Credit</td>\r\n		</tr>\r\n		<tr>\r\n			<td>Administration fees:</td>\r\n			<td>12,000 Baht/Trimeter</td>\r\n		</tr>\r\n		<tr>\r\n			<td>Registration fee :</td>\r\n			<td>1,000 Baht</td>\r\n		</tr>\r\n	</tbody>\r\n</table>\r\n\r\n<h3>THESE RATES ARE APPLICABLE TO CURRENT STUDENTS</h3>\r\n\r\n<p><strong>Approximate fees for current students are as follows.&nbsp;</strong><br />\r\n(ID No. 568xxxx and higher)<br />\r\n<strong>Note:</strong>&nbsp;If non-resident students have lived in Thailand for more than 5 years, they may request the resident tuition rate. Download the form by&nbsp;<a href="http://www.muic.mahidol.ac.th/eng/?page_id=2506" target="_parent">clicking here</a></p>\r\n\r\n<table cellpadding="0" cellspacing="0">\r\n	<tbody>\r\n		<tr>\r\n			<th colspan="2">\r\n			<p>Tuition Fee</p>\r\n			</th>\r\n			<th>Resident</th>\r\n			<th>Non-Resident</th>\r\n		</tr>\r\n		<tr>\r\n			<td>Lecture credit</td>\r\n			<td>\r\n			<p>(Per credit)</p>\r\n			</td>\r\n			<td>\r\n			<p>2,200</p>\r\n			</td>\r\n			<td>\r\n			<p>3,300</p>\r\n			</td>\r\n		</tr>\r\n		<tr>\r\n			<td>Science lab credit</td>\r\n			<td>\r\n			<p>(Per credit)</p>\r\n			</td>\r\n			<td>\r\n			<p>4,200</p>\r\n			</td>\r\n			<td>\r\n			<p>6,200</p>\r\n			</td>\r\n		</tr>\r\n		<tr>\r\n			<td>CDP lab credit (ICCD)</td>\r\n			<td>\r\n			<p>(Per credit)</p>\r\n			</td>\r\n			<td>\r\n			<p>5,600</p>\r\n			</td>\r\n			<td>\r\n			<p>6,600</p>\r\n			</td>\r\n		</tr>\r\n		<tr>\r\n			<td>Studio lab credit (ICEM, ICAM, ICFM, ICTV)</td>\r\n			<td>\r\n			<p>(Per credit)</p>\r\n			</td>\r\n			<td>\r\n			<p>10,300</p>\r\n			</td>\r\n			<td>\r\n			<p>12,300</p>\r\n			</td>\r\n		</tr>\r\n		<tr>\r\n			<td colspan="4"><strong>Fees</strong></td>\r\n		</tr>\r\n		<tr>\r\n			<td>Admission fee&nbsp;</td>\r\n			<td>(For 4 year)</td>\r\n			<td>\r\n			<p>10,000</p>\r\n			</td>\r\n			<td>\r\n			<p>10,000</p>\r\n			</td>\r\n		</tr>\r\n		<tr>\r\n			<td>University fee&nbsp;</td>\r\n			<td>(Per trimester)</td>\r\n			<td>\r\n			<p>20,000</p>\r\n			</td>\r\n			<td>\r\n			<p>20,000</p>\r\n			</td>\r\n		</tr>\r\n		<tr>\r\n			<td>Late registration fee&nbsp;</td>\r\n			<td>&nbsp;</td>\r\n			<td>\r\n			<p>1,000</p>\r\n			</td>\r\n			<td>\r\n			<p>1,000</p>\r\n			</td>\r\n		</tr>\r\n		<tr>\r\n			<td>Late payment fee&nbsp;</td>\r\n			<td>&nbsp;</td>\r\n			<td>\r\n			<p>100-1,000&nbsp;</p>\r\n			</td>\r\n			<td>\r\n			<p>100-1,000&nbsp;</p>\r\n			</td>\r\n		</tr>\r\n		<tr>\r\n			<td>Add/Drop processing fee (no charge for the first process)&nbsp;</td>\r\n			<td>(Per process)</td>\r\n			<td>\r\n			<p>500</p>\r\n			</td>\r\n			<td>\r\n			<p>500</p>\r\n			</td>\r\n		</tr>\r\n		<tr>\r\n			<td>Bank fee</td>\r\n			<td>(Per invoice)</td>\r\n			<td>\r\n			<p>20</p>\r\n			</td>\r\n			<td>\r\n			<p>20</p>\r\n			</td>\r\n		</tr>\r\n		<tr>\r\n			<td colspan="4"><strong>Bachelor of Arts Program: (Per 4 years)</strong></td>\r\n		</tr>\r\n		<tr>\r\n			<td>&nbsp;&nbsp; &ndash; Social Science</td>\r\n			<td>\r\n			<p>Baht</p>\r\n			</td>\r\n			<td>\r\n			<p>636,000</p>\r\n			</td>\r\n			<td>\r\n			<p>834,400</p>\r\n			</td>\r\n		</tr>\r\n		<tr>\r\n			<td>&nbsp;&nbsp; &ndash; Entertainment Media Production&nbsp;<br />\r\n			&nbsp; (Animation, Film, and Television)</td>\r\n			<td>\r\n			<p>Baht</p>\r\n			</td>\r\n			<td>\r\n			<p>1,236,800</p>\r\n			</td>\r\n			<td>\r\n			<p>1,508,400</p>\r\n			</td>\r\n		</tr>\r\n		<tr>\r\n			<td>&nbsp;&nbsp; &ndash; Communication Design</td>\r\n			<td>\r\n			<p>Baht</p>\r\n			</td>\r\n			<td>\r\n			<p>993,600</p>\r\n			</td>\r\n			<td>\r\n			<p>1,190,400</p>\r\n			</td>\r\n		</tr>\r\n		<tr>\r\n			<td colspan="4"><strong>Bachelor of Business Administration Program: (Per 4 years)</strong></td>\r\n		</tr>\r\n		<tr>\r\n			<td>&nbsp;&nbsp; &ndash; Finance&nbsp;</td>\r\n			<td>\r\n			<p>Baht</p>\r\n			</td>\r\n			<td>\r\n			<p>653,600</p>\r\n			</td>\r\n			<td>\r\n			<p>860,400</p>\r\n			</td>\r\n		</tr>\r\n		<tr>\r\n			<td>&nbsp;&nbsp; &ndash; Information Systems</td>\r\n			<td>\r\n			<p>Baht</p>\r\n			</td>\r\n			<td>\r\n			<p>653,600</p>\r\n			</td>\r\n			<td>\r\n			<p>860,400</p>\r\n			</td>\r\n		</tr>\r\n		<tr>\r\n			<td>&nbsp;&nbsp; &ndash; International Business</td>\r\n			<td>\r\n			<p>Baht</p>\r\n			</td>\r\n			<td>\r\n			<p>653,600</p>\r\n			</td>\r\n			<td>\r\n			<p>860,400</p>\r\n			</td>\r\n		</tr>\r\n		<tr>\r\n			<td>&nbsp;&nbsp; &ndash; Marketing</td>\r\n			<td>\r\n			<p>Baht</p>\r\n			</td>\r\n			<td>\r\n			<p>653,600</p>\r\n			</td>\r\n			<td>\r\n			<p>860,400</p>\r\n			</td>\r\n		</tr>\r\n		<tr>\r\n			<td>&nbsp;&nbsp; &ndash; Business Economics</td>\r\n			<td>\r\n			<p>Baht</p>\r\n			</td>\r\n			<td>\r\n			<p>653,600</p>\r\n			</td>\r\n			<td>\r\n			<p>860,400</p>\r\n			</td>\r\n		</tr>\r\n		<tr>\r\n			<td>&nbsp;&nbsp; &ndash; Touism and Hospitality Management</td>\r\n			<td>\r\n			<p>Baht</p>\r\n			</td>\r\n			<td>\r\n			<p>662,400</p>\r\n			</td>\r\n			<td>\r\n			<p>873,600</p>\r\n			</td>\r\n		</tr>\r\n		<tr>\r\n			<td colspan="4"><strong>Bachelor of Science Program: (Per 4 years)</strong></td>\r\n		</tr>\r\n		<tr>\r\n			<td>&nbsp;&nbsp; &ndash; Applied Mathematics</td>\r\n			<td>\r\n			<p>Baht</p>\r\n			</td>\r\n			<td>\r\n			<p>715,600</p>\r\n			</td>\r\n			<td>\r\n			<p>950,300</p>\r\n			</td>\r\n		</tr>\r\n		<tr>\r\n			<td>&nbsp;&nbsp; &ndash; Biological Science</td>\r\n			<td>\r\n			<p>Baht</p>\r\n			</td>\r\n			<td>\r\n			<p>715,600</p>\r\n			</td>\r\n			<td>\r\n			<p>950,300</p>\r\n			</td>\r\n		</tr>\r\n		<tr>\r\n			<td>&nbsp;&nbsp; &ndash; Chemistry</td>\r\n			<td>\r\n			<p>Baht</p>\r\n			</td>\r\n			<td>\r\n			<p>715,600</p>\r\n			</td>\r\n			<td>\r\n			<p>950,300</p>\r\n			</td>\r\n		</tr>\r\n		<tr>\r\n			<td>&nbsp;&nbsp; &ndash; Computer Science</td>\r\n			<td>\r\n			<p>Baht</p>\r\n			</td>\r\n			<td>\r\n			<p>715,600</p>\r\n			</td>\r\n			<td>\r\n			<p>950,300</p>\r\n			</td>\r\n		</tr>\r\n		<tr>\r\n			<td>&nbsp;&nbsp; &ndash; Environmental Science</td>\r\n			<td>\r\n			<p>Baht</p>\r\n			</td>\r\n			<td>\r\n			<p>715,600</p>\r\n			</td>\r\n			<td>\r\n			<p>950,300</p>\r\n			</td>\r\n		</tr>\r\n		<tr>\r\n			<td>&nbsp;&nbsp; &ndash; Food Science and Technology</td>\r\n			<td>\r\n			<p>Baht</p>\r\n			</td>\r\n			<td>\r\n			<p>715,600</p>\r\n			</td>\r\n			<td>\r\n			<p>950,300</p>\r\n			</td>\r\n		</tr>\r\n		<tr>\r\n			<td>&nbsp;&nbsp; &ndash; Physics</td>\r\n			<td>\r\n			<p>Baht</p>\r\n			</td>\r\n			<td>\r\n			<p>715,600</p>\r\n			</td>\r\n			<td>\r\n			<p>950,300</p>\r\n			</td>\r\n		</tr>\r\n		<tr>\r\n			<td colspan="4"><strong>Bachelor of Engineering Program: (Per 4 years)</strong></td>\r\n		</tr>\r\n		<tr>\r\n			<td>&nbsp;&nbsp; &ndash; Computer Engineering</td>\r\n			<td>\r\n			<p>Baht</p>\r\n			</td>\r\n			<td>\r\n			<p>715,600</p>\r\n			</td>\r\n			<td>\r\n			<p>950,300</p>\r\n			</td>\r\n		</tr>\r\n		<tr>\r\n			<td colspan="4"><strong>Note :&nbsp;</strong>The aforementioned fees may be subject to change.&nbsp;<br />\r\n			(Updated : June 11, 2013)</td>\r\n		</tr>\r\n	</tbody>\r\n</table>\r\n\r\n<h3>HESE RATES ARE APPLICABLE TO OLD STUDENTS</h3>\r\n\r\n<p><strong>Approximate fees for old students are as follows.</strong><br />\r\n(ID No. 558xxxx and lower)</p>\r\n\r\n<table cellpadding="0" cellspacing="0">\r\n	<tbody>\r\n		<tr>\r\n			<th colspan="2">\r\n			<p>TuitionFee</p>\r\n			</th>\r\n			<th>Resident</th>\r\n			<th>Non-Resident</th>\r\n		</tr>\r\n		<tr>\r\n			<td>Lecture&nbsp;credit</td>\r\n			<td>\r\n			<p>(Per credit)</p>\r\n			</td>\r\n			<td>\r\n			<p>2,000</p>\r\n			</td>\r\n			<td>\r\n			<p>3,000</p>\r\n			</td>\r\n		</tr>\r\n		<tr>\r\n			<td>Science lab credit</td>\r\n			<td>\r\n			<p>(Per credit)</p>\r\n			</td>\r\n			<td>\r\n			<p>4,000</p>\r\n			</td>\r\n			<td>\r\n			<p>5,000</p>\r\n			</td>\r\n		</tr>\r\n		<tr>\r\n			<td>CDP lab credit (ICCD)</td>\r\n			<td>\r\n			<p>(Per credit)</p>\r\n			</td>\r\n			<td>\r\n			<p>4,000</p>\r\n			</td>\r\n			<td>\r\n			<p>5,000</p>\r\n			</td>\r\n		</tr>\r\n		<tr>\r\n			<td>Studio lab credit&nbsp;<br />\r\n			(ICEM, ICAM, ICFM, ICTV)</td>\r\n			<td>\r\n			<p>(Per credit)</p>\r\n			</td>\r\n			<td>\r\n			<p>6,000</p>\r\n			</td>\r\n			<td>\r\n			<p>8,000</p>\r\n			</td>\r\n		</tr>\r\n		<tr>\r\n			<td colspan="4"><strong>Fees</strong></td>\r\n		</tr>\r\n		<tr>\r\n			<td>Admission fee&nbsp;</td>\r\n			<td>\r\n			<p>(For 4 year)</p>\r\n			</td>\r\n			<td>\r\n			<p>10,000</p>\r\n			</td>\r\n			<td>\r\n			<p>10,000</p>\r\n			</td>\r\n		</tr>\r\n		<tr>\r\n			<td>Trimester academic fee</td>\r\n			<td>\r\n			<p>(Per trimester)</p>\r\n			</td>\r\n			<td>\r\n			<p>8,400</p>\r\n			</td>\r\n			<td>\r\n			<p>8,400</p>\r\n			</td>\r\n		</tr>\r\n		<tr>\r\n			<td>Major fee for Science</td>\r\n			<td>\r\n			<p>(Per trimester)</p>\r\n			</td>\r\n			<td>\r\n			<p>12,000</p>\r\n			</td>\r\n			<td>\r\n			<p>12,000</p>\r\n			</td>\r\n		</tr>\r\n		<tr>\r\n			<td>Major fee for Non-science&nbsp;</td>\r\n			<td>\r\n			<p>(Per trimester)</p>\r\n			</td>\r\n			<td>\r\n			<p>10,000</p>\r\n			</td>\r\n			<td>\r\n			<p>10,000</p>\r\n			</td>\r\n		</tr>\r\n		<tr>\r\n			<td>Professional fee for CDP&nbsp;</td>\r\n			<td>\r\n			<p>(Per trimester)</p>\r\n			</td>\r\n			<td>\r\n			<p>25,000</p>\r\n			</td>\r\n			<td>\r\n			<p>25,000</p>\r\n			</td>\r\n		</tr>\r\n		<tr>\r\n			<td>Professional fee for EMP</td>\r\n			<td>\r\n			<p>(Per trimester)</p>\r\n			</td>\r\n			<td>\r\n			<p>38,000</p>\r\n			</td>\r\n			<td>\r\n			<p>38,000</p>\r\n			</td>\r\n		</tr>\r\n		<tr>\r\n			<td>Late registration fee&nbsp;</td>\r\n			<td>&nbsp;</td>\r\n			<td>\r\n			<p>1,000</p>\r\n			</td>\r\n			<td>\r\n			<p>1,000</p>\r\n			</td>\r\n		</tr>\r\n		<tr>\r\n			<td>Late payment fee&nbsp;</td>\r\n			<td>&nbsp;</td>\r\n			<td>\r\n			<p>100-1,000&nbsp;</p>\r\n			</td>\r\n			<td>\r\n			<p>100-1,000&nbsp;</p>\r\n			</td>\r\n		</tr>\r\n		<tr>\r\n			<td>Add/Drop processing fee (no charge for the first process)&nbsp;</td>\r\n			<td>\r\n			<p>(Per process)</p>\r\n			</td>\r\n			<td>\r\n			<p>500</p>\r\n			</td>\r\n			<td>\r\n			<p>500</p>\r\n			</td>\r\n		</tr>\r\n		<tr>\r\n			<td>Bank fee</td>\r\n			<td>\r\n			<p>(Per invoice)</p>\r\n			</td>\r\n			<td>\r\n			<p>20</p>\r\n			</td>\r\n			<td>\r\n			<p>20</p>\r\n			</td>\r\n		</tr>\r\n		<tr>\r\n			<td colspan="4"><strong>Bachelor of Arts Program: (Per 4 years)</strong></td>\r\n		</tr>\r\n		<tr>\r\n			<td>&nbsp;&nbsp; &ndash; Social Science</td>\r\n			<td>\r\n			<p>Baht</p>\r\n			</td>\r\n			<td>\r\n			<p>580,800</p>\r\n			</td>\r\n			<td>\r\n			<p>760,800</p>\r\n			</td>\r\n		</tr>\r\n		<tr>\r\n			<td>&nbsp;&nbsp; &ndash; Entertainment Media Production&nbsp;</td>\r\n			<td>\r\n			<p>Baht</p>\r\n			</td>\r\n			<td>\r\n			<p>1,236,800</p>\r\n			</td>\r\n			<td>\r\n			<p>1,496,800</p>\r\n			</td>\r\n		</tr>\r\n		<tr>\r\n			<td colspan="4">&nbsp; (Animation, Film, and Television)</td>\r\n		</tr>\r\n		<tr>\r\n			<td>&nbsp;&nbsp; &ndash; Communication Design</td>\r\n			<td>\r\n			<p>Baht</p>\r\n			</td>\r\n			<td>\r\n			<p>992,800</p>\r\n			</td>\r\n			<td>\r\n			<p>1,180,800</p>\r\n			</td>\r\n		</tr>\r\n		<tr>\r\n			<td colspan="4"><strong>Bachelor of Business Administration Program: (Per 4 years)</strong></td>\r\n		</tr>\r\n		<tr>\r\n			<td>&nbsp;&nbsp; &ndash; Finance&nbsp;</td>\r\n			<td>\r\n			<p>Baht</p>\r\n			</td>\r\n			<td>\r\n			<p>594,800</p>\r\n			</td>\r\n			<td>\r\n			<p>781,800</p>\r\n			</td>\r\n		</tr>\r\n		<tr>\r\n			<td>&nbsp;&nbsp; &ndash; Information Systems</td>\r\n			<td>\r\n			<p>Baht</p>\r\n			</td>\r\n			<td>\r\n			<p>594,800</p>\r\n			</td>\r\n			<td>\r\n			<p>781,800</p>\r\n			</td>\r\n		</tr>\r\n		<tr>\r\n			<td>&nbsp;&nbsp; &ndash; International Business</td>\r\n			<td>\r\n			<p>Baht</p>\r\n			</td>\r\n			<td>\r\n			<p>594,800</p>\r\n			</td>\r\n			<td>\r\n			<p>781,800</p>\r\n			</td>\r\n		</tr>\r\n		<tr>\r\n			<td>&nbsp;&nbsp; &ndash; Marketing</td>\r\n			<td>\r\n			<p>Baht</p>\r\n			</td>\r\n			<td>\r\n			<p>594,800</p>\r\n			</td>\r\n			<td>\r\n			<p>781,800</p>\r\n			</td>\r\n		</tr>\r\n		<tr>\r\n			<td>&nbsp;&nbsp; &ndash; Business Economics</td>\r\n			<td>\r\n			<p>Baht</p>\r\n			</td>\r\n			<td>\r\n			<p>594,800</p>\r\n			</td>\r\n			<td>\r\n			<p>781,800</p>\r\n			</td>\r\n		</tr>\r\n		<tr>\r\n			<td>&nbsp;&nbsp; &ndash; Touism and Hospitality Management</td>\r\n			<td>\r\n			<p>Baht</p>\r\n			</td>\r\n			<td>\r\n			<p>588,800</p>\r\n			</td>\r\n			<td>\r\n			<p>772,800</p>\r\n			</td>\r\n		</tr>\r\n		<tr>\r\n			<td colspan="4"><strong>Bachelor of Science Program: (Per 4 years)</strong></td>\r\n		</tr>\r\n		<tr>\r\n			<td>&nbsp;&nbsp; &ndash; Applied Mathematics</td>\r\n			<td>\r\n			<p>Baht</p>\r\n			</td>\r\n			<td>\r\n			<p>680,800</p>\r\n			</td>\r\n			<td>\r\n			<p>867,800</p>\r\n			</td>\r\n		</tr>\r\n		<tr>\r\n			<td>&nbsp;&nbsp; &ndash; Biological Science</td>\r\n			<td>\r\n			<p>Baht</p>\r\n			</td>\r\n			<td>\r\n			<p>680,800</p>\r\n			</td>\r\n			<td>\r\n			<p>867,800</p>\r\n			</td>\r\n		</tr>\r\n		<tr>\r\n			<td>&nbsp;&nbsp; &ndash; Chemistry</td>\r\n			<td>\r\n			<p>Baht</p>\r\n			</td>\r\n			<td>\r\n			<p>680,800</p>\r\n			</td>\r\n			<td>\r\n			<p>867,800</p>\r\n			</td>\r\n		</tr>\r\n		<tr>\r\n			<td>&nbsp;&nbsp; &ndash; Computer Science</td>\r\n			<td>\r\n			<p>Baht</p>\r\n			</td>\r\n			<td>\r\n			<p>680,800</p>\r\n			</td>\r\n			<td>\r\n			<p>867,800</p>\r\n			</td>\r\n		</tr>\r\n		<tr>\r\n			<td>&nbsp;&nbsp; &ndash; Environmental Science</td>\r\n			<td>\r\n			<p>Baht</p>\r\n			</td>\r\n			<td>\r\n			<p>680,800</p>\r\n			</td>\r\n			<td>\r\n			<p>867,800</p>\r\n			</td>\r\n		</tr>\r\n		<tr>\r\n			<td>&nbsp;&nbsp; &ndash; Food Science and Technology</td>\r\n			<td>\r\n			<p>Baht</p>\r\n			</td>\r\n			<td>\r\n			<p>680,800</p>\r\n			</td>\r\n			<td>\r\n			<p>867,800</p>\r\n			</td>\r\n		</tr>\r\n		<tr>\r\n			<td>&nbsp;&nbsp; &ndash; Physics</td>\r\n			<td>\r\n			<p>Baht</p>\r\n			</td>\r\n			<td>\r\n			<p>680,800</p>\r\n			</td>\r\n			<td>\r\n			<p>867,800</p>\r\n			</td>\r\n		</tr>\r\n		<tr>\r\n			<td colspan="4"><strong>Bachelor of Engineering Program: (Per 4 years)</strong></td>\r\n		</tr>\r\n		<tr>\r\n			<td>&nbsp;&nbsp; &ndash; Computer Engineering</td>\r\n			<td>\r\n			<p>Baht</p>\r\n			</td>\r\n			<td>\r\n			<p>680,800</p>\r\n			</td>\r\n			<td>\r\n			<p>867,800</p>\r\n			</td>\r\n		</tr>\r\n		<tr>\r\n			<td colspan="4"><strong>Note :&nbsp;</strong>The aforementioned fees may be subject to change.</td>\r\n		</tr>\r\n	</tbody>\r\n</table>\r\n\r\n<p>&nbsp;</p>\r\n', '', '128x128', NULL, '', 'A', '1', '0000-00-00 00:00:00'),
(9, 3, 164, 'Contact', '<p>Ms. Supamas Yongchaitrakool Supamas.yon@mahidol.ac.th +662- 441- 5090 Ext.1107</p>\r\n\r\n<p>test address</p>\r\n\r\n<p>10.12232332 11.423443234 Mr.Supat Chanpen supat.chn@mahidol.ac.th +662- 441- 5090 Ext 1234</p>\r\n\r\n<p>test address</p>\r\n\r\n<p>10.12232332 11.423443234</p>\r\n\r\n<p>Ms. Supamas Yongchaitrakool Supamas.yon@mahidol.ac.th +662- 441- 5090 Ext.1107</p>\r\n\r\n<p>test address</p>\r\n\r\n<p>10.12232332 11.423443234 Mr.Supat Chanpen supat.chn@mahidol.ac.th +662- 441- 5090 Ext 1234</p>\r\n\r\n<p>test address</p>\r\n\r\n<p>10.12232332 11.423443234</p>\r\n', '', '128X128', 'upload/20131201/3_20131201101012124747.png', '', 'A', '1', '0000-00-00 00:00:00'),
(10, 3, 161, 'Faciliites', '<p>Air-conditioner</p>\r\n\r\n<p>Telephone service</p>\r\n\r\n<p>Computers &amp; free access to the Internet</p>\r\n\r\n<p>Kitchen and dining area</p>\r\n\r\n<p>Laundry room with coin-operated washing machine and dryer</p>\r\n\r\n<p>Study room</p>\r\n\r\n<p>Common room</p>\r\n\r\n<p>Cable TV</p>\r\n\r\n<p>Day &nbsp;Night security guard</p>\r\n\r\n<p>Cleaning service</p>\r\n\r\n<p>Free Shuttle bus</p>\r\n', '', '128x128', '', '', 'A', '1', '0000-00-00 00:00:00'),
(12, 3, 160, 'Infomation', '<p><strong>test</strong></p>\r\n', '', '128x128', '', '', 'A', '1', '0000-00-00 00:00:00'),
(13, 3, 163, 'Price', '<table border="1">\r\n	<tbody>\r\n		<tr>\r\n			<td>Room number</td>\r\n			<td>Room type</td>\r\n			<td>Rate / room (Baht)</td>\r\n		</tr>\r\n		<tr>\r\n			<td>101</td>\r\n			<td>Single Room</td>\r\n			<td>12,000</td>\r\n		</tr>\r\n		<tr>\r\n			<td>208</td>\r\n			<td>Single Room</td>\r\n			<td>7,800</td>\r\n		</tr>\r\n		<tr>\r\n			<td>205 - 206</td>\r\n			<td>Shared Room</td>\r\n			<td>7,500</td>\r\n		</tr>\r\n		<tr>\r\n			<td>201</td>\r\n			<td>Shared Room</td>\r\n			<td>5,750/student</td>\r\n		</tr>\r\n		<tr>\r\n			<td>102 -104</td>\r\n			<td>Shared Room</td>\r\n			<td>5,100/student</td>\r\n		</tr>\r\n		<tr>\r\n			<td>202 -204</td>\r\n			<td>Shared Room</td>\r\n			<td>5,100/student</td>\r\n		</tr>\r\n		<tr>\r\n			<td>207</td>\r\n			<td>Shared Room</td>\r\n			<td>5,100/student</td>\r\n		</tr>\r\n		<tr>\r\n			<td>209 - 211</td>\r\n			<td>Shared Room</td>\r\n			<td>5,100/student</td>\r\n		</tr>\r\n		<tr>\r\n			<td>210</td>\r\n			<td>Shared Room</td>\r\n			<td>5,100/student</td>\r\n		</tr>\r\n	</tbody>\r\n</table>\r\n\r\n<table border="1">\r\n	<tbody>\r\n		<tr>\r\n			<td colspan="2">Other expenses: (Baht)</td>\r\n		</tr>\r\n		<tr>\r\n			<td>Walk in</td>\r\n			<td>500/person/day</td>\r\n		</tr>\r\n		<tr>\r\n			<td>Electricity</td>\r\n			<td>6/Unit</td>\r\n		</tr>\r\n		<tr>\r\n			<td>Water</td>\r\n			<td>12/unit</td>\r\n		</tr>\r\n		<tr>\r\n			<td>Telephone</td>\r\n			<td>Depend</td>\r\n		</tr>\r\n		<tr>\r\n			<td>Cleaning</td>\r\n			<td>400/person/month</td>\r\n		</tr>\r\n		<tr>\r\n			<td>key</td>\r\n			<td>100</td>\r\n		</tr>\r\n		<tr>\r\n			<td>Other</td>\r\n			<td>-</td>\r\n		</tr>\r\n	</tbody>\r\n</table>\r\n', '', '128x128', '', '', 'A', '1', '0000-00-00 00:00:00'),
(15, 1, 122, NULL, '<h3>ANIMATION PRODUCTION</h3>\r\n\r\n<p>The Entertainment Media Program offers a strong liberal arts education in modern media creation and visual literacy. The coursesare taught within the context of aesthetics, history, theory and personal expression and require intensive hands-on participation in each of the specific majors of entertainment media.</p>\r\n\r\n<p>The Animation Production Major builds a solid foundation of visual and animation theory and practice in the development of traditional and digital animation production skills. Students are encouraged to become original media creators with an emphasis on storytelling and conceptualization. The major offers an international cultural and industry outlook through guest lectures, international professional and academic collaborations and an opportunity to participate in an international field study.</p>\r\n\r\n<p>The completion of the courses gives graduates a broad overview of the creative and technical aspects of the animation industry, including drawing, color theory, traditional and digital painting, storyboarding, character and layout design, 3D animation technology and animation management.</p>\r\n\r\n<h1>CAREER OPPORTUNITIES</h1>\r\n\r\n<p>&bull; Animators, storyboard artists, character designers, concept artists, illustrators, colorists, compositors, visual effects artists, 3D technical directors and CG artists.<br />\r\n&bull; Entertainment media entrepreneurs and producers.<br />\r\n&bull; Media research, media policy development and creative management.<br />\r\n&bull; Graduate Studies in Animation, Media and Communication Studies, Technology and New Media, Computer Graphic Design,<br />\r\nTechnology Education, etc. (within Thailand and internationally).<br />\r\n&bull; MBA, MA in Sociology, Humanities, International Marketing, Advertising, the Creative Industry, etc. (in Thailand and internationally)</p>\r\n', '', '128x128', NULL, '', 'A', '1', '0000-00-00 00:00:00'),
(16, 1, 121, '', '<h3><strong>COMMUNICATION DESIGN</strong></h3>\r\n\r\n<p>Communication Design is a studio art program that provides a strong foundation in general design principles, theories and skills. Its majors are visual thinkers who not only engage in critical analysis and innovation but also have access to the latest state-of-the art computer software in order to communicate their ideas, images and messages to targeted audiences. In addition, they gain practical experience by being actively involved in a community of professionals whose practice keeps pace with contemporary society, technology and culture.</p>\r\n\r\n<h1>CAREER OPPORTUNITIES</h1>\r\n\r\n<p>Communication Design graduates will have developed a professional portfolio of personally directed design work in preparation for either graduate studies or a career in advertising agencies, publication or graphic design, exhibitions, interior design or architecture, in-house art and design or interactive, multimedia and web production.</p>\r\n\r\n<p>&nbsp;</p>\r\n', '', '128x128', '', '', 'A', '1', '0000-00-00 00:00:00'),
(17, 1, 123, NULL, '<h3>FILM PRODUCTION</h3>\r\n                 <p>The Entertainment Media Program offers a strong liberal arts education in modern media creation and visual literacy. The courses are taught within the context of aesthetics, history, theory and personal expression and require intensive hands-on participation in each of the specific majors of entertainment media.</p>\r\n                 <p>The Film Production Major builds a solid foundation in both film theory and production practice in intensive hands-on courses that build and develop studentโ€�s creative and analytical skills. The skills fostered in courses such as Media Production, Introduction to Film, Film Analysis and Screenwriting for Film are put into practice in practical courses such as Film Directing and Advanced Film Production, where students make both group and individual short films under the guidance of experienced film professionals and university lecturers. The major offers both an international cultural industry outlook through guest lecturers, international professional and academic collaborations and participation in international field studies and, with direct links to the Thai film Industry, a domestic foothold, opening doors for studentsโ€� professional film careers.</p>\r\n                 <h1>CAREER OPPORTUNITIES</h1>\r\n                 <p>โ€ข Storyboard artists, character designers, concept artists, illustrators, colorists, compositors, visual effects artists, 3D technical directors and CG artists.<br />\r\n                 โ€ข Entertainment media entrepreneurs, writers, directors, editors, producers.<br />\r\n                 โ€ข Media research, media policy development and creative management.<br />\r\n                 โ€ข Graduate Studies in Animation, Media and Communication Studies, Technology and New Media, Computer Graphic Design, Technology Education, etc. (within Thailand and internationally).<br />\r\n                 โ€ข MBA, MA in Sociology, Humanities, International Marketing, Advertising, the Creative Industry, etc. (in Thailand and internationally)</p>', '', '128x128', NULL, '', 'A', '1', '0000-00-00 00:00:00'),
(18, 1, 85, NULL, '<h3>SOCIAL SCIENCE</h3>\r\n                 <p>All students in the Social Science major take a set of common core courses designed to introduce them to the key elements of theory and methodology in the Social Sciences as well as various issues and aspects of the modern world. They are also required to conduct some independent research and write a dissertation in their chosen subject area. Critical and original thinking is encouraged. Students also have the opportunity to attend and help organize MUIC Social Science conferences and to participate in seminar discussions. The whole program is subject to regular review so that course materials and content can be improved. A consultative relationship between faculty and students is fostered.</p>\r\n                 <p><strong>International Studies:</strong><br />\r\n                 The International Studies concentration offers students an introduction to selected aspects of contemporary world affairs. Students can choose from a range of courses dealing with international relations, the global society and economy and selected area studies. In addition, all International Studies students are given an extensive introduction to modern world history, study various global issues and are able to take intensive courses on various world regions.</p>\r\n                 <p><strong>Modern World History:</strong><br />\r\n                 The Modern World History concentration provides students with an introduction to world history in the modern period (c. 1450 to the present). Students can choose from a range of courses in comparative history, Asian studies, European and Russian studies and studies of the Americas (Latin America and North America). Some courses on other world regions are also available.</p>\r\n                 <p><strong>Southeast Asian Studies:</strong><br />\r\n                 The Southeast Asian Studies concentration provides students with a comprehensive introduction to modern Southeast Asia, with required courses on the geography, history, religions, political systems, economics and gender relations of the region, and electives in a wide range of specific topics relating to the societies, culture and arts of Southeast Asia, some with a particular reference to Thailand.</p>\r\n                 <h1>CAREER OPPORTUNITIES</h1>\r\n                 <p>Studying for a degree in Social Science (International Studies/Modern World History/ Southeast Asian Studies) should accomplish two objectives: (1) to give students a good knowledge of a particular subject area and (2) to train students in the critical analysis of systems of ideas, enabling them to analyze, evaluate and correlate new information and apply theory to practice. Both of these objectives are relevant in pursuing a career. Thus, the analytical skills which the students acquire in the process of studying their subject areas can be used in entirely different types of careers. Careers which may be of particular interest to Social Science graduates include: international business, work in international and non-governmental organizations, journalism and the media, and higher education both in teaching and administration. A Social Science undergraduate degree also provides an excellent basis for many higher degrees, including International Relations.</p>', '', '128x128', NULL, '', 'A', '1', '0000-00-00 00:00:00'),
(19, 1, 124, NULL, '<h3>TELEVISION PRODUCTION</h3>\r\n\r\n<p>The Entertainment Media Program offers a strong liberal arts education in modern media creation and visual literacy. The courses are taught within the context of aesthetics, history, theory and personal expression and require intensive hands-on participation in each of the specific majors of entertainment media.</p>\r\n\r\n<p>The Television Production Major provides a core education in the creation of television productions and the mastery of television related professions. In addition to hands-on class experience, students learn the history and theory of television studies as well as take classes that employ a critical look at television programming. As they proceed through the program, students learn the principles of storyboarding, pre-production, directing, producing, editing and camerawork. Additional classes deal with principles of news gathering, documentary and public affairs programming, performing before the camera and sound editing. Both required and elective classes within the major also give students an opportunity to study television programming, marketing and sales, theories of production and audience response, and critical studies of television. The faculty includes full-time scholars in the field as well as part-time and visiting faculty, all of whom are specialists in the creation of television production and aesthetics.</p>\r\n\r\n<h1>CAREER OPPORTUNITIES</h1>\r\n\r\n<p>- Producers, production managers, directors of photography and scriptwriters in regional and global media companies.<br />\r\n- Television entrepreneurs<br />\r\n- Producers of news, travel, and cultural documentary programming<br />\r\n- Associates involved in the production of television advertising and commercials<br />\r\n- Graduate Studies in Television and Media as well as Mass Communication, Television Management, Television Technology and New Media, both in Thailand and internationally<br />\r\n- MBA or MA in Sociology, Humanities, International Marketing, Advertising and Communications, both in Thailand and internationally</p>\r\n', '', '128x128', NULL, '', 'A', '1', '0000-00-00 00:00:00'),
(20, 1, 134, NULL, '<h3>BUSINESS ECONOMICS</h3>\r\n\r\n<p>The Business Economics Major is based on the economic foundations and developments that have occurred in this subject area over the last several decades. Business Economics majors will be well-equipped in both the micro and the macro aspects of economics and their analytical applications to the operational aspects of any business in any particular industry. The curriculum not only provides students with a solid foundation in economics but also prepares them with the tools to better understand the business environment, its market structures and the strategies necessary to compete in a global business world.</p>\r\n\r\n<h1>CAREER OPPORTUNITIES</h1>\r\n\r\n<p>Career choices for Business Economic majors include analysts and researchers for the Stock Exchange of Thailand, researchers at the Bank of Thailand, positions in the Ministries of Commerce and Finance, in addition to a variety of opportunities in private banks and financial institutions.</p>\r\n', '', '128x128', NULL, '', 'A', '1', '0000-00-00 00:00:00'),
(21, 1, 135, NULL, '<h3>FINANCE</h3>\r\n\r\n<p>The Finance Major strongly emphasizes corporate finance and financial investment that facilitates the development of financial markets, improvement in corporate governance and financial strategies in emerging economies. The curriculum furnishes Finance majors with the necessary knowledge in econometrics, accounting, financial analysis, risk management, banking operations and corporate governance. The courses are further tailored to provide students with practical skills and an in-depth understanding of the application of financial theories in both the monetary and corporate investment systems, which are further developed through internships and research.</p>\r\n\r\n<h1>CAREER OPPORTUNITIES</h1>\r\n\r\n<p>Finance majors are prepared for careers as financial executives, investment managers, financial analystsl as well as economic researchers in all types of corporate, banking and financial institutions.</p>\r\n', '', '128x128', NULL, '', 'A', '1', '0000-00-00 00:00:00'),
(22, 1, 136, NULL, '<h3>INFORMATION SYSTEMS</h3>\r\n\r\n<p>In response to the unprecedented transformation of communication technology, the Information Systems Major provides its students with essential skills in managing the effective use of modern technology for both organizations and individuals. A well-designed curriculum that explores networking, programming, hardware and software applications and their implementation enables students to gain an in-depth understanding of the relevance of technology for organizational operations and social trends. The expectation is that Information Systems majors will be equipped with the expertise to succeed in their chosen field of information technology.</p>\r\n\r\n<h1>CAREER OPPORTUNITIES</h1>\r\n\r\n<p>Information Systems majors can look forward to careers in a variety of companies, particularly multi-national firms such as Google, Exxon Mobil, Reuters Software, Chevron and Accenture. Their expertise will enable them to secure positions as systems, data and network analysts, consultants, IT and database specialists, application developers, information security managers and web/e-commerce system developers.</p>\r\n', '', '128x128', NULL, '', 'A', '1', '0000-00-00 00:00:00'),
(23, 1, 137, NULL, '<h3>INTERNATIONAL BUSINESS</h3>\r\n\r\n<p>Given the rapid and ever-increasing developments in globalization, the International Business Major has become one of the most popular academic programs at MUIC, particularly since it explores all facets of operating a business internationally. The curriculum offers a wide range of business issues and concerns in the areas of economics, trade, finance, marketing, human resources, operations, legal issues, ethics, import and export, the impact on foreign direct investment (FDI) as well as global business competition and co-operation. Business negotiations and international business management are emphasized in such a way as to provide students with a greater insight into global leadership development and identifying alternative approaches for entering various markets worldwide.</p>\r\n\r\n<h1>CAREER OPPORTUNITIES</h1>\r\n\r\n<p>Apart from pursuing graduate studies in their designated field, International Business majors can readily secure managerial positions in multinational corporations in such areas as import/exports, operations and sales, logistics and business development. Opportunities also exist in international business and strategic management as well as entrepreneurial endeavors.</p>\r\n', '', '128x128', NULL, '', 'A', '1', '0000-00-00 00:00:00'),
(24, 1, 138, NULL, '<h3>MARKETING</h3>\r\n\r\n<p>The Marketing Major provides students with relevant marketing skills, a crucial component of any business which includes conducting research to learn about the needs of customers, developing new products or refining existing ones, setting prices, determining where products should be sold and promoting the product to the final users. The curriculum furnishes Marketing majors with a sound foundation in the basics of marketing, consumer behavior and marketing research before advancing to the higher level modules of different marketing strategy courses. Students learn how to analyze situations and implement strategies under different market environments through lectures, class discussions, case studies and projects.</p>\r\n\r\n<h1>CAREER OPPORTUNITIES</h1>\r\n\r\n<p>Marketing majors are well qualified to meet the challenges of working in the business sector. Career opportunities in local and multinational companies include positions as marketing, brand and product managers, trade marketers in retail operations and research analysts, in addition to account executives in advertising agencies, marketing jobs in non-governmental organizations and entrepreneurial ventures. Many of our majors go on to pursue their graduate studies in Business Administration or Marketing Research, Communication and Logistics.</p>\r\n', '', '128x128', NULL, '', 'A', '1', '0000-00-00 00:00:00'),
(25, 1, 86, NULL, '<h3>INTERNATIONAL HOSPITALITY MANAGEMENT</h3>\r\n\r\n<p>The tourism and hospitality industry is one of the fastest growing and most dynamic industries in the world. This is especially true in Thailand where this industry has enormous importance for both the public and private sectors.</p>\r\n\r\n<p>In line with industry needs, the focus of the International Hospitality Management (IHM) Major is the critical interface between theory and practice. This is clearly demonstrated by the curriculum&rsquo;s strong vocational nature, its analytical approach to this global industry and its commitment to sustainable development.</p>\r\n\r\n<p>As part of its commitment to both students and industry, MUIC operates its own fully functional hotel and training center, the Salaya Pavilion, where students can gain genuine insight into the running and management of a live hotel and experience real-life situations, guests, functions and events.</p>\r\n\r\n<p>At MUIC, the integration of faculty expertise, industry connections and state-of-the-art facilities provides the most comprehensive learning and training environment in Asia.</p>\r\n\r\n<p>To provide students with a greater range of career options, the IHM major provides three specialized modules from which students can choose: 1) Hotel and Restaurant Management, 2) Event and MICE Management and 3) Tourism Management.</p>\r\n\r\n<h1>CAREER OPPORTUNITIES</h1>\r\n\r\n<p>Aording to leading authorities, including the World Tourism Organization (WTO), the Thai Hotels Association (THA) and the Tourism Authority of Thailand (TAT), the tourism and hospitality industry in Thailand has continued to expand in both scope and scale. Therefore, the industry provides unique opportunities for career advancement and professional development. There are significantly increasing demands for graduates in tourism and hospitality programs, who are outstanding in international skills and experiences. Due to the up-to-date knowledge and skills from our tourism and hospitality management curriculum, our graduates are well-equipped with the necessary tools for their work lives, including a high level of English proficiency and practical experience from the national and international internship programs. For more than 20 years, our graduates have become more widely accepted byorganizations in the tourism and hospitality industry, not only in Thailand but also in other countries around the world.</p>\r\n\r\n<p>MUIC&rsquo;s Tourism and Hospitality Management (THM) Division is now one of the most respected educational institutions in Thailand, aiming to provide training and knowledge for middle and senior management professionals of the future. The THM Division has established excellent links with the tourism and hospitality industry in various sectors (e.g. hotels, airlines, food &amp; beverages, event organizers and tourism organizations) and has a growing national and international reputation for quality in tourism and hospitality education.</p>\r\n', '', '128x128', NULL, '', 'A', '1', '0000-00-00 00:00:00'),
(26, 1, 133, NULL, '<h3>COMPUTER ENGINEERING</h3>\r\n\r\n<p>Computer Engineering is defined as the discipline that embodies the science and technology of design, construction, implementation&nbsp;and maintenance of software and hardware components of modern computing systems and computer controlled equipment.&nbsp;Computer engineering has traditionally been viewed as a combination of both computer science and electrical engineering. It has&nbsp;evolved over the past three decades as a separate, although intimately related, discipline. Computer engineering is solidly grounded&nbsp;in the theories and principles of computing, mathematics, science and engineering; it applies these theories and principles to&nbsp;solve technical problems through the design of computing hardware, software, networks and processes. Technological advances and innovation continue to drive computer engineering. There is now a convergence of several established&nbsp;technologies (such as television, computer and networking technologies) resulting in widespread and ready access to information&nbsp;on an enormous scale. This has created many opportunities and challenges for computer engineers. This convergence of&nbsp;technologies and the associated innovation lie at the heart of economic development and the future of many organizations. The&nbsp;situation bodes well for a successful career in computer engineering.</p>\r\n\r\n<h1>CAREER OPPORTUNITIES</h1>\r\n\r\n<p>Increasingly, computer engineers are involved in the design of computer-based systems to address highly specialized and specific&nbsp;application needs. Computer engineers work in most industries, including the computer, aerospace, telecommunications, power&nbsp;production, manufacturing, defense and electronics industries. They design high-tech devices ranging from tiny microelectronic&nbsp;integrated-circuit chips to powerful systems that utilize those chips and efficient telecommunication systems that interconnect&nbsp;those systems. A wide array of complex technological systems, such as power generation and distribution systems and modern&nbsp;processing and manufacturing plants, rely on computer systems developed and designed by computer engineers.</p>\r\n', '', '128x128', NULL, '', 'A', '1', '0000-00-00 00:00:00'),
(27, 1, 126, '', '<h3>APPLIED MATHEMATICS</h3>\r\n\r\n<p>Mathematics is one of the oldest human disciplines dating back to the earliest civilizations. Since its origins, it has proved to be an indispensable tool for understanding the world around us. Mathematics is the language of modern science and basic training in the discipline. It is essential for those who want to understand the important scientific developments of our time.</p>\r\n\r\n<p>MUIC offers a mathematics major that combines the benefits of a well-rounded general education in science and humanities with applied mathematics to produce high caliber graduates capable of undertaking graduate studies, secondary school teaching and careers in IT related professions, finance, banking and actuarial science.</p>\r\n\r\n<p>Mathematics is the study of and search for patterns and permeates almost every aspect of life. It plays a fundamental role both in the sciences and in the world of commerce and finance. It also provides the tools and skills we need for dealing with the most abstract concepts. An understanding of mathematics is also extremely useful for students in the social sciences and valuable for anyone interested in the full range of human culture and the development of abstract thought.</p>\r\n\r\n<h1>CAREER OPPORUNITIES</h1>\r\n\r\n<p>Excellent career opportunities for bilingual and multi-lingual applied mathematics graduates exist. Even in areas where the application of mathematics may not be obvious, a mathematical education provides training in logical and analytical skills, which are invaluable in many industries. Apart from the obvious careers in teaching and science, opportunities exist in insurance companies, industry and commerce, economics, genetics, meteorology and forestry.</p>\r\n', '', '128x128', '', '', 'A', '1', '0000-00-00 00:00:00'),
(28, 1, 127, NULL, '<h3>BIOLOGICAL SCIENCES</h3>\r\n\r\n<p>The Biological Science Program of MUIC offers quality education which allows students entry into a wide variety of occupations, professional degree programs and advanced research degree programs. The courses offered are surprisingly diverse for a college as small as MUIC, and are both interesting and challenging. Required courses emphasize the basic principles required for all advanced programs. These principles cover every field from environmental science, population biology and regulatory biology to cell and molecular biology. The program offers three modules: Biology, Biomedical Science, and Biotechnology.</p>\r\n\r\n<p>Biology is the science of life. The vast scope of its subject matter makes biology an extremely diverse field of study. This diversity stems not only from the tremendous variety of life forms with which we share our planet but also from the multiple levels of organization available for biological investigation. Given an organism, a biologist might choose to investigate how it behaves, how it fits into its ecosystem, the mechanisms by which its genes shape its appearance, what its ancestors were like, how its cells divide, how it grows and develops or how it derives energy from nourishment. Biological inquiry encompasses perspectives from the planetary to the sub- microscopic.</p>\r\n\r\n<p>Biomedical science provides an understanding of the human body and the way it works. Graduates are prepared to pursue professions allied with medical research. These include areas such as human anatomy and physiology, pharmacology and toxicology, pathobiology, neurobiology, epidemiology and tropical medicine.</p>\r\n\r\n<p>Biotechnology is a discipline in which technology is applied in the production or modification of molecules, or manipulation of living organisms, to develop useful products, processes or services. Biotechnology encompasses a wide range of fields, including biological science, biochemistry, medicine, agriculture, environmental science and many more. It also includes various technologies, for example, recombinant DNA technology, gene transfer, embryo manipulation and transfer, monoclonal antibody production and fermentation process for the production of various microbial cells and metabolites.</p>\r\n\r\n<h1>CAREER OPPORTUNITIES</h1>\r\n\r\n<p>For many biology majors, undergraduate studies is the preliminary step in pursuing an advanced degree that will lead to a career as a medical doctor, dentist, veterinarian, academic or scientist. A graduate degree is not required; however, it is encouraged in pursuing a career related to biology. A bachelor&rsquo;s degree in biology can also lead to employment in the large and growing biotechnology, health care or pharmaceutical industries. Many openings in the dynamic, high-tech fields require a degree in the life sciences.</p>\r\n\r\n<p>Biology majors are likewise well prepared for careers as secondary-school science teachers and in certain government agencies, including the departments of natural resources and health, state or national parks and environmental regulatory offices. Businesses and industries also hire biologists to conduct technical research to sell scientific equipment and supplies and to work as lab technicians. Many students interested in medical careers major in biology as undergraduates. Teaching biology in high school or middle school is another career choice of biology majors.</p>\r\n\r\n<p>The aim of the biomedical science concentration is to provide graduates with the scientific, technical, communication and teamwork skills suitable for direct entry into a wide range of biomedical careers. Graduates are able to work in industry, hospitals, medical schools or graduate programs in all fields of biological sciences and medical sciences (anatomy, physiology, microbiology, pathobiology, pharmacology). Biomedical researchers apply their scientific knowledge to a range of problems in medicine and the health sciences. Depending on their area of interest, they investigate aspects of the structure and function of the human body, disease and disease prevention.</p>\r\n\r\n<p>Biotechnology graduates can pursue their careers in a number of ways, i.e., research science positions in laboratories applying biotechnology to problems in food and pharmaceutical industry and agricultural products; management positions in the biotechnology industry; positions at companies that are investing in biotechnology; and working for law firms in biotechnology</p>\r\n', '', '128x128', NULL, '', 'A', '1', '0000-00-00 00:00:00'),
(29, 1, 128, 'CHEMISTRY', '<h3>CHEMISTRY</h3>\r\n\r\n<p>Chemistry plays an important role in the shaping of our everyday lives. The applications of its concepts are the genesis of many modern-day objects and useful materials. It is chemistry that forms the foundations of other scientific disciplines, such as pharmaceuticals, petroleum, petrochemical, biological sciences, polymer sciences and even automotive-catalysts. Modern-day chemistry has developed to such an extent that physics, particularly quantum mechanics, has become interwoven and indispensable towards the understanding of chemical reactions and molecular structural characterizations. In modern-day chemical research, the notion of interdisciplinary disciplines, such as the crossovers into the realm of biological and physical problems which include nano phenomenon, is now the norm.</p>\r\n\r\n<p>The Chemistry Program at Mahidol University International College reflects and is built upon the changes that have occurred in the discipline over the last few decades. Chemistry majors are taught with full rigor the essential and key subjects such as General Chemistry, Organic Chemistry, Inorganic Chemistry, Analytical Chemistry and Physical Chemistry. One trimester is allotted for mandatory Quantum Mechanics. Reflecting the modern trends of chemistry, the students, by means of selecting appropriate elective courses, can choose physical chemistry, biochemistry or biological chemistry, industrial chemistry or advanced organic chemistry elective courses. The elective courses in the Chemistry Program offer the Chemistry students the opportunity to shape their own track of preferred courses after completing the core and required chemistry courses. In the elective courses, we offer 4 different modules, equivalent to concentrations, which are biochemistry, chemistry, industrial chemistry and organic chemistry.</p>\r\n\r\n<h1>CAREER OPPORTUNITIES</h1>\r\n\r\n<p>Career opportunities include lucrative positions with pharmaceutical companies and other related industries. There are many opportunities for chemists in governmental positions. In addition, chemists are engaged in a large number of related and sometime diverse fields that include medicine, dentistry, law, international secondary school education, administration, technical sales, scientific journalism, the illustrative arts and even banking. Chemists are also desirable in research positions in all fields of sciences.</p>\r\n', '', '2592X1936', 'upload/20131201/1_20131201090912125656.JPG', '', 'A', '1', '0000-00-00 00:00:00');
INSERT INTO `tb_content` (`id`, `app_id`, `menu_id`, `topic`, `description`, `short_description`, `image_size`, `image_src1`, `image_src2`, `status`, `isChange`, `create_date`) VALUES
(30, 1, 129, NULL, '<h3>COMPUTER SCIENCE</h3>\r\n\r\n<p>Computer Science is one of the promising disciplines for career opportunities. It emphasizes a wide range of computing fields from theoretical foundations to state-of-the-art technology development in large-scale system development, database, mobile and internet programming, computer networks, intelligent systems and more. Students majoring in Computer Science will receive solid foundations in the areas of theoretical computing, programming, systems analysis, design and development, information management, database and computer security.</p>\r\n\r\n<p>The Computer Science Program at MUIC offers students the opportunity to become qualified professionals in many areas of interest in terms of theory, software, applications and hardware. This includes programming languages, software engineering, system analysis and design, database, operating systems, computer architecture, computer graphics, distributed systems, computer networks, numerical analysis, artificial intelligence, data warehousing and mining, and information technology management.</p>\r\n\r\n<h1>CAREER OPPORTUNITIES</h1>\r\n\r\n<p>The Computer Science major is designed to prepare students for the following career paths:<br />\r\n&bull; System development: Jobs in this category includes system analysis and design, web development, interface design, security issues and mobile computing. Career opportunities are available in a wide variety of software companies, computer services companies and organizations (industry, government, banking, healthcare, etc.).<br />\r\n&bull; Innovation of computer technology application: Career opportunities in this area can involve a position at a research university or industrial research and development laboratory, entrepreneurial activity or a combination of the two.<br />\r\n&bull; Computing solution development: This involves applying and developing computer science theory algorithms for the best possible solutions for computationally intensive problems. Career opportunities typically require graduate work on a Ph.D. level, followed by a position at a research university or an industrial research and development laboratory.<br />\r\n&bull; Organizational technology infrastructure planning and management: This also offers the type of work aimed at those<br />\r\nwho study information technology (IT).</p>\r\n', '', '128x128', NULL, '', 'A', '1', '0000-00-00 00:00:00'),
(31, 1, 130, NULL, '<h3>ENVIRONMENTAL SCIENCE</h3>\r\n\r\n<p>Contemporary society is being challenged by a diverse array of extremely complex environmental problems driven by rapid increases in population and the demands on our life-support systems. Increased environmental pollution from the physical, chemical, and biological contaminants generated by industrial activities, agriculture and food production, and poor natural resource management continue to threaten the ecological and economic stability of our planet. Environmental studies have become necessary to meet the needs of the present age.</p>\r\n\r\n<p>The Environmental Science Program provides educational and technical services in the fields of environment and natural resource management. The program trains students to explore environmental issues in Thailand and to conduct research projects with an aim towards sustainable development. Environment students learn how to follow a rigorous interdisciplinary approach to measure, quantify, predict and resolve serious environmental threats by integrating knowledge from appropriate disciplines. Students are expected to respond to issues such as natural resources conservation, ecosystem restoration, global warming, waste management, ground and surface water contamination, chemical toxicity, pollution prevention and control, and environmental planning and decision making.</p>\r\n\r\n<h1>CAREER OPPORTUNITIES</h1>\r\n\r\n<p>The B.Sc. degree in Environmental Science leads to a variety of career opportunities in private industry and governmental agencies concerned with environmental quality assessment, community environment programs and interagency coordination in environmental quality maintenance. Graduates can work as scholars, researchers, experts on the national and international levels, as well as in the public sector in the supervision of the environment and its resources in addition to private and business sectors in the production of goods and services, which require secured technology to the environment, monitoring environment and reducing pollution in the environmental organization for competition and sustenance.</p>\r\n\r\n<p>Graduates are well prepared for their further studies in postgraduate levels in environmental and resources management, environmental biology, applied biology, conservation biology, environmental toxicology and environmental technology.</p>\r\n', '', '128x128', NULL, '', 'A', '1', '0000-00-00 00:00:00'),
(32, 1, 131, NULL, '<h3>FOOD SCIENCE AND TECHNOLOGY</h3>\r\n\r\n<p>Food Science and Technology involves the application of a variety of scientific disciplines to food manufacturing. Food Science and Technology students learn the chemistry, microbiology, structure, engineering, safety and nutrition of food as it is processed, packed, distributed, stored and used.</p>\r\n\r\n<p>Food manufacturing is the mass production of food products from raw animal and plant materials, utilizing principles of food technology. It is one of the largest industries in Thailand and involves the selection, preservation, processing, packaging, distribution and use of safe, nutritious, and wholesome food. Modern consumers generally take for granted the vast array of foods available in their modern diet and do not know about the extensive research and development that has been done in order to deliver tasty, nutritious, safe and convenient foods.</p>\r\n\r\n<p>A Food Scientist studies the physical, microbiological and chemical makeup of food and compiles information about foods and their components. Depending on their area of specialization, Food Scientists may develop ways to process, preserve, package or store food according to industry and government specifications and regulations, either domestically or internationally.</p>\r\n\r\n<h1>CAREER OPPORTUNITIES</h1>\r\n\r\n<p>In Thailand, the food manufacturing industry caters to both the local market and export-oriented opportunities. Our international clients include neighboring ASEAN countries as well as the larger export markets of Europe, North America and Japan. Thus there is often a need for highly trained technical personnel who are able to communicate well in English because in these countries most people concerned with food imports use English as a second language. In the Food Science and Technology Program at MUIC, students receive rigorous theoretical and practical training in the basic sciences as well as in applied food technology, similar to what is found in most food technology programs.</p>\r\n\r\n<p>The difference at MUIC is that all lectures, written materials, special lectures and trips are in English. International graduate studies programs, either in Thailand or abroad, typically require a strong command of English, as demonstrated in standard English exams such as TOEFL or IELTS. This gives the MUIC Food Science and Technology graduates a huge competitive advantage upon completion of their degrees. Because of their broad scientific and technical background, graduates are well prepared to work in the food manufacturing industry or to continue their studies toward a master&rsquo;s or doctorate degree in either Food Science or other related subjects.</p>\r\n', '', '128x128', NULL, '', 'A', '1', '0000-00-00 00:00:00'),
(33, 1, 132, NULL, '<h3>PHYSICS</h3>\r\n\r\n<p>Physics, one of the major basic sciences, essentially focuses on the elements of matter, their interaction, energy and applications. Physics plays a fundamental role both in the sciences and in the world of technology. It also provides the skills for dealing with all of the scientific concepts. An understanding of physics is also useful for students in social sciences and valuable for anyone interested in the full range of human culture. MUIC offers a Physics Major to produce graduates who are knowledgeable and highly qualified in this scientific discipline. There is a great demand for graduates in physics who can contribute to both national development in science and technology and international scientific advancement.</p>\r\n\r\n<h1>CAREER OPPORTUNITIES</h1>\r\n\r\n<p>Excellent career opportunities for Physics and Applied Physics graduates exist. Graduates in physics can work as researchers or laboratory assistants in industrial R&amp;D and government agencies, including the departments of science and technology. Graduates are able to work in hospitals, medical schools or graduate programs in all fields of medical physics and physical science. For many Physics majors, undergraduate studies are only a preliminary to the pursuit of an advanced degree that will lead to a career as an academic, scientist or researcher.</p>\r\n', '', '128x128', NULL, '', 'A', '1', '0000-00-00 00:00:00'),
(34, 1, 4, NULL, '<h3>CREDIT TRANSFER</h3>\r\n\r\n<p>Students who have studied at the college or university level may wish to transfer credits to MUIC. The following criteria must be met in order to transfer credits from previous courses:</p>\r\n\r\n<ol>\r\n	<li>The student holds the status of MUIC student.</li>\r\n	<li>The courses must have been taken no more than 5 years prior to the date of admission to MUIC.</li>\r\n	<li>The courses will be eligible for transfer credits if the content matches three-fourths or more of the content of the equivalent MUIC course.</li>\r\n	<li>The course of credit transferred must be from an international program of higher education institutions.</li>\r\n	<li>Transfer credits should not exceed half of the total credits required for graduation.</li>\r\n	<li>The maximum number of credits transferred from a university within Thailand is 20 credit hours unless MUIC has an academic articulation agreement with that institution.</li>\r\n	<li>The student must have a minimum grade of C or its equivalent for courses requested for transfer of credit.</li>\r\n</ol>\r\n\r\n<p>The course titles, grades and credits of the transferred courses will be shown on the MUIC transcript but the grades for these courses will not be included in the cumulative GPA.</p>\r\n\r\n<p>Students will be required to compare and match course descriptions for courses for which they are requesting transfer credits and may request assistance from an Academic Services Officer. The Office of Academic Services will route the transfer request form for necessary approval. Once the transfer request form is completed, the Office of Academic Services will submit the request form to the Registrar and the Associate Dean for Academic Affairs for final approval.</p>\r\n\r\n<p><strong>Documents to be attached:</strong></p>\r\n\r\n<ol>\r\n	<li>Official Transcript</li>\r\n	<li>Course Descriptions or Course Syllabi</li>\r\n</ol>\r\n\r\n<p><strong>Note:</strong></p>\r\n\r\n<ol>\r\n	<li>The office will need about one-month to process the credit transfer approval.</li>\r\n	<li>English and Mathematics are not transferable. You will be requested to take a placement test in order to be assigned to the appropriate level in those disciplines.</li>\r\n	<li>Once approved, you will need to pay the credit transfer fees at the Finance and Accounting Office on the 2nd floor of Building I.</li>\r\n	<li>The fee is 10% of the actual tuition fee, depending on how many credits are transferred.</li>\r\n	<li>Payment must be made within the trimester in which your credit transfer is approved; otherwise your enrollment in the next trimester will be blocked.</li>\r\n</ol>\r\n\r\n<p>Students who transfer credits from another university may be eligible for honors on condition that they achieved an equivalent score of &ldquo;B&rdquo; or above in those designated courses.</p>\r\n', '', '128x128', NULL, '', 'A', '1', '0000-00-00 00:00:00'),
(35, 1, 1, NULL, '<h3>ADMISSIONS PROCESS AND FEES</h3>\r\n\r\n<ul>\r\n	<li>For Regular Applicants</li>\r\n	<li>For International Applicants</li>\r\n</ul>\r\n\r\n<p>For Regular Applicants</p>\r\n\r\n<p><strong>Application Process</strong></p>\r\n\r\n<ol>\r\n	<li>Fill out the&nbsp;<a href="http://splashurl.com/mymdhru target="> </a>\r\n\r\n	<ul>\r\n		<li><a href="http://splashurl.com/mymdhru target="><strong>Online Application Form</strong></a>&rdquo;</li>\r\n		<li>Submit all the required documents as follows:\r\n		<ol>\r\n			<li>3 photos with school uniform or official dress (1 inch)</li>\r\n			<li>Certified copy of high school diploma or its equivalent (with English translation)</li>\r\n			<li>Official transcript (with English translation)</li>\r\n			<li>Official report of TOEFL or IELTS or SAT1 scores (non-native English speakers must submit one of these English tests)</li>\r\n			<li>A photocopy of passport</li>\r\n			<li>Two letters of recommendation</li>\r\n			<li>Application fee</li>\r\n		</ol>\r\n		</li>\r\n		<li>Submit the documents and application fees by:\r\n		<ol>\r\n			<li>Going to MUIC in person and paying the fee by cash at the MUIC&rsquo;s admissions office OR</li>\r\n			<li>Mailing all the documents and fee* before the end of application date to:<br />\r\n			&ldquo;<strong>Admissions Office</strong>&rdquo;<br />\r\n			Mahidol University International College<br />\r\n			999 Bhudhamonthon 4 Road<br />\r\n			Salaya Nakornpathom 73170<br />\r\n			Thailand</li>\r\n		</ol>\r\n		</li>\r\n	</ul>\r\n	</li>\r\n</ol>\r\n\r\n<p>*Siam Commercial Bank (Mahidol University Branch)</p>\r\n', '', '128x128', NULL, '', 'A', '1', '0000-00-00 00:00:00'),
(36, 1, 2, NULL, '<h3>ADMISSIONS REQUIREMENTS</h3>\r\n\r\n<p>For Regular Applicants</p>\r\n\r\n<p>Applicants must complete high school (M.6) with a certificate or its equivalent as issued by the Ministry of Education, Thailand.</p>\r\n\r\n<p>Applicants must demonstrate English competence: a&nbsp;<strong>TOEFL&nbsp;</strong>(IBT) score of 79 or above, an&nbsp;<strong>IELTS&nbsp;</strong>(academic band) score of 6.0 or above or a&nbsp;<strong>SAT1&nbsp;</strong>score (Critical Reading and Writing) of 1100 or above.</p>\r\n\r\n<p>Applicants are required to sit for a written examination including English (ITP TOEFL and Writing), Mathematics and a test for Entertainment Media Production and Communication Design Program. If they are successful with the written exam, they will be invited for an interview.</p>\r\n\r\n<p>All applicants must possess a clear record of good conduct and must be in good health.<br />\r\nDisabled applicants are encouraged to apply and are ensured equal opportunities.</p>\r\n\r\n<p>Note: Applicants whose English language skills are not sufficient for immediate acceptance may be advised to study in the Preparation Center for Languages and Mathematics (PC). Applicants who successfully complete the PC requirements will be eligible for acceptance to the regular MUIC study program in the following trimester. MUIC also offers an &ldquo;Intensive English Program&rdquo; course for students preparing to take the college&rsquo;s English entrance examination.</p>\r\n\r\n<hr />\r\n<p>For International Applicants</p>\r\n\r\n<p>Interested international candidates may apply 3 times a year through the Admissions Offfice. Applicants must have already completed their high school education or its equivalent as issued by the Ministry of Education, Thailand.</p>\r\n\r\n<p>If the school certificate/diploma is not in the English language, a certified English translation of the document must be arranged and forwarded to the Ministry of Education in Thailand to see if it is acceptable.</p>\r\n\r\n<p>Candidates who are non-native English speakers have to submit a&nbsp;<strong>TOEFL&nbsp;</strong>score (IBT score of at least 79 with a score of at least 25 in writing) or&nbsp;<strong>IELTS&nbsp;</strong>score (6.0 or above with writing 6.0) or a<strong>&nbsp;SAT1</strong>&nbsp;score (Critical Reading and Writing) of 1100 or above.</p>\r\n\r\n<p>Once candidates are officially accepted as full-time students, they are required to sit for English writing and Math placement tests in order to see which level they can register for.</p>\r\n\r\n<p><strong>Remark:</strong><br />\r\n1. IGCSE: Grade C at least 5 subjects.<br />\r\n2. GED: Must pass 5 subjects (minimum score of 410 in each subject) with minimum score of 2800</p>\r\n', '', '128x128', NULL, '', 'A', '1', '0000-00-00 00:00:00'),
(37, 1, 57, NULL, '<h1>PARTNER UNIVERSITIES</h1>\r\n\r\n<p>MUIC&rsquo;s international character is enriched by foreign national students from Europe, North and Latin America, Asia and Oceania who not only immerse themselves in the college&rsquo;s academic environment but also enjoy the cultural life of Thailand. In addition, the college&rsquo;s regular students gain invaluable academic and cultural experiences from studying in reputable partner universities abroad.</p>\r\n', '', '128x128', NULL, '', 'A', '1', '0000-00-00 00:00:00'),
(39, 1, 58, NULL, '<h1>STUDY ABROAD PROGRAM</h1>\r\n\r\n<p>Mindful of its international character, MUIC operates a vibrant Study Abroad Program for its inbound international students and outbound candidates. The college currently enjoys active exchange agreements with over 70 universities from North America, South America, Europe, Oceania and Asia, in addition to informal agreements with over 100 universities and educational agencies from around the world.</p>\r\n\r\n<p>MUIC has further elevated its regional and international profile through its Special Projects program. Every year over 200 visiting students participate in short-term exchange experiences such as formal instruction, conferences, workshops, field trips and internships, all in an effort to promote cross-cultural sensibilities.</p>\r\n\r\n<p>In December of 2010, MUIC received the Best Practice award for its exchange programs from the Commission on Higher Education, Ministry of Education, Thailand, a further validation of its continuing efforts to maintain a thriving Study Abroad Program for both inbound and outbound students.</p>\r\n\r\n<h3>INBOUND INTERNATIONAL STUDENTS</h3>\r\n\r\n<p>Mahidol University International College (MUIC) accepts three kinds of inbound international students and greatly values their participation and contributions in promoting the international profile of the College.</p>\r\n\r\n<p>Inbound&nbsp;<strong>full-time students</strong>&nbsp;are high school graduates or college/university students who wish to earn a four-year Bachelor Degree at MUIC in the Arts, Sciences or Management. They are required to spend their first two years taking General Education courses before focusing on their chosen major. Overseas applicants are also required to take placement tests in English and/or Mathematics.</p>\r\n\r\n<p>Inbound&nbsp;<strong>exchange students</strong>&nbsp;engage in studies at MUIC for a fixed period of time, from one trimester up to one academic year, as part of the study abroad programs at their home universities. They have a choice of approximately 400 courses each trimester in the Arts, Sciences and Management. Moreover, exchange students are encouraged to take the Thai Language and Culture course to broaden their understanding of Thailand and its people.</p>\r\n\r\n<p>Students whose home university is not one of MUIC&rsquo;s partner institutions can study at the College as&nbsp;<strong>visiting students</strong>&nbsp;for one trimester or up to one academic year. Credits earned can be transferred to an ongoing degree program at another institution. Apart from their selected courses in the MUIC academic schedule, visiting students are also encouraged to take the Thai Language and Culture course.</p>\r\n\r\n<h3>OUTBOUND STUDENTS</h3>\r\n\r\n<p>&nbsp;</p>\r\n\r\n<p>Mahidol University International College enjoys exchange agreements with over 70 partner universities, representing more than 20 countries throughout the world. Participating in an exchange program is an excellent opportunity for MUIC students not only to expand their educational experiences through having an integrated, international curricular experience but also to engage in cultural exchange which will further develop their cross-cultural sensibilities.</p>\r\n\r\n<p>Students can choose to study abroad for either one semester or one academic year at our partner universities and receive credit towards their degree at MUIC.</p>\r\n\r\n<p>&nbsp;</p>\r\n\r\n<p>&nbsp;</p>\r\n', '', '128x128', NULL, '', 'A', '1', '0000-00-00 00:00:00'),
(40, 1, 6, NULL, '<h3>SCHOLARSHIPS</h3>\r\n\r\n<p>In accordance with Mahidol University&rsquo;s core values, MUIC rewards excellence in academics and contributions to society. Scholarships recipients are expected to be outstanding students who comply with the regulations stipulated in the University Code of Conduct.</p>\r\n\r\n<p>(1). Scholarships for high school potential students</p>\r\n\r\n<p><a id="j" name="j">ASEAN Students Scholarship</a><br />\r\n<strong>Name</strong><br />\r\nScholarship for ASEAN Students</p>\r\n\r\n<p><strong>Detail</strong><br />\r\nMUIC offers a scholarship for ASEAN nationals (except Thais) who want to pursue their Bachelor Degree at MUIC.</p>\r\n\r\n<p><strong>Qualifications</strong></p>\r\n\r\n<ul>\r\n	<li>Must be Southeast Asian nationals</li>\r\n	<li>High school graduates</li>\r\n	<li>Cum. GPA 3.00 or above</li>\r\n	<li>Cum. GPA 3.00 or above while studying at MUIC</li>\r\n</ul>\r\n\r\n<p><strong>Number of scholarship</strong></p>\r\n\r\n<ul>\r\n	<li>8 scholarships a year</li>\r\n</ul>\r\n\r\n<p><strong>Duration</strong></p>\r\n\r\n<ul>\r\n	<li>4 years</li>\r\n</ul>\r\n\r\n<p><strong>Scholarship details</strong></p>\r\n\r\n<ol>\r\n	<li>Waiver of full tuition fees for 4 scholarship recipients</li>\r\n	<li>Waiver of 50% of tuition fees for 4 scholarship recipients</li>\r\n</ol>\r\n\r\n<p><strong>Process</strong><br />\r\nAn MUIC Committee, consisting of the Associate Dean for Academic Affairs, the Assistant to the Associate Dean for Academic Affairs and the Associate Dean for International Affairs, will review the English competency scores (TOEFL or IELTS or SAT1) and high schools records before selecting the most qualified candidates.</p>\r\n\r\n<p><a id="a" name="a">MUIC Scholarship</a><br />\r\nThis scholarship is awarded to potential students (Thai nationals) with limited finances resources who have completed high school in Thailand and have achieved a cumulative 3.0 GPA or above for 5 terms in high school. The scholarship covers a tuition-fee waiver for 5 years, from PC to graduation. Four scholarships will be awarded every year for each of the four entrance examinations.<br />\r\n<strong>Criteria:</strong></p>\r\n\r\n<ul>\r\n	<li>Students who apply for any major</li>\r\n	<li>They must pass MUIC&rsquo;s entrance examination</li>\r\n	<li>Students must maintain a cumulative GPA of 2.50 or above in each trimester during the scholarship period</li>\r\n	<li>Parent&rsquo;s combined income should not exceed 200,000 Baht/year</li>\r\n	<li>Scholarship recipients are required to participate in MUIC activities</li>\r\n</ul>\r\n\r\n<p><a id="b" name="b">MUIC Scholarship for Science Majors</a><br />\r\nThis scholarship is awarded to potential students (Thai nationals) who have completed high school in Thailand and have achieved a cumulative 3.5 GPA or above for 5 terms in high school. The scholarship covers a tuition-fee waiver for 5 years, from PC to graduation. Four scholarships will be awarded every year for each of the four entrance examinations.<br />\r\n<strong>Criteria:</strong></p>\r\n\r\n<ul>\r\n	<li>Students must apply for a Science Major</li>\r\n	<li>They must pass MUIC&rsquo;s entrance examination in both mathematics and science with a score of 75% or above</li>\r\n	<li>Students must maintain a cumulative GPA of 3.00 or above in each trimester during the scholarship period</li>\r\n	<li>Scholarship recipients cannot change their major, unless it is within the Science Program</li>\r\n</ul>\r\n\r\n<hr />\r\n<p><a id="bb" name="bb"></a></p>\r\n\r\n<p>(2).MUIC Scholarships</p>\r\n\r\n<p><a id="c" name="c">Foreign Language Ambassador Scholarship</a><br />\r\nStudents who register for a minor language program and have a cumulative GPA of 3.00 can apply for this scholarship at the Humanities and Language Division.</p>\r\n\r\n<p><a id="d" name="d">Scholarships for students with disabilities</a><br />\r\nFunding is available for students with disabilities; however, they have to apply for this scholarship prior to the admissions process.</p>\r\n\r\n<p><a id="e" name="e">MUIC Student Activities Scholarships</a><br />\r\nStudents are selected by virtue of their Student Association positions; they must meet the requirements of the Student Association regulations and strictly follow the University Code of Conduct.</p>\r\n\r\n<ul>\r\n	<li>24,000 baht per year for the President</li>\r\n	<li>18,000 baht per year for the Vice President</li>\r\n	<li>12,000 baht for each committee member</li>\r\n</ul>\r\n\r\n<p>by waiving tuition fees<br />\r\nStudents who are selected as Mahidol University Outstanding Sportspersons are eligible to receive a scholarship. The college awards 24,000 baht by waiving the tuition fee.</p>\r\n\r\n<p>Students who win a medal in the Mahidol University Games will receive a scholarship in the form of a tuition waiver:</p>\r\n\r\n<ul>\r\n	<li>Gold medal: 12 credits waiver</li>\r\n	<li>Silver medal: 8 credits waiver</li>\r\n	<li>Bronze medal: 4 credits waiver</li>\r\n</ul>\r\n\r\n<p><a id="f" name="f">MUIC Young Leaders Scholarship</a><br />\r\nOutbound MUIC students are eligible for the Young Ambassador Scholarships, which are divided into two categories:</p>\r\n\r\n<ol>\r\n	<li><strong>Academics and Research</strong><br />\r\n	Fifty (50) scholarships are available each year for&nbsp;<strong>undergraduate students</strong>&nbsp;&mdash; 50,000 Baht per scholarship\r\n\r\n	<p>Two (2) scholarships are available each year for&nbsp;<strong>graduate students</strong>&nbsp;&mdash; 50,000 Baht per scholarship</p>\r\n	</li>\r\n	<li><strong>Internships</strong>&nbsp;Twenty (20) scholarships are available for outbound students who engage in internships in any of the ASEAN+3 countries &mdash; 20,000 Baht per scholarship\r\n	<p>Ten (10) scholarships are available for outbound students who engage in internships in any non- ASEAN+3 countries &mdash; 40,000 Baht per scholarship.</p>\r\n	</li>\r\n</ol>\r\n\r\n<p><strong>Criteria:</strong></p>\r\n\r\n<ul>\r\n	<li>2nd, 3rd or 4th year students</li>\r\n	<li>Achieve a minimum GPA of 2.85 for Category 1 (Academics and Research) and 2.50 for Category 2 (Internships)</li>\r\n	<li>Completed English Communication 4</li>\r\n	<li>Be fluent and articulate in English</li>\r\n	<li>Have a good extra-curricular activities record</li>\r\n	<li>Be capable of representing MUIC</li>\r\n	<li>Exhibit a good personality</li>\r\n	<li>Be knowledgeable about Thai culture</li>\r\n</ul>\r\n\r\n<p><a id="g" name="g">MUIC Young Ambassadors Scholarshi</a><br />\r\nThe college awards this scholarship to outbound MUIC students for conferences, internships and research activities. As many as 35 scholarships are awarded each year at 50,000 baht per scholarship. Credits from abroad can be transferred.</p>\r\n\r\n<p><a id="h" name="h">AIMS Scholarship</a><br />\r\nThai-national students, who have a cumulative GPA of 3.00 or above, a comprehensive knowledge of Thai culture and have participated in social activities, are eligible for this scholarship. The college awards 10 sccholarships a year to Business Administration students, particularly International Business majors, who participate in the ASEAN International Mobility for Students Project. The Thai Commission of Higher Education will cover the expenses for the round-trip fare and a monthly stipend of 800 USD/month while this scholarship will cover tuition and other fees.</p>\r\n\r\n<hr />\r\n<p>(3).Student Loans</p>\r\n\r\n<p><a id="i" name="i">Financial Aid and Student Loans</a><br />\r\nIn addition to the aforementioned scholarships, the college provides financial aid to students who have been registered for at least one year, have a cumulative GPA of 2.5 and intend to register for at least 12 credits in the trimester. In addition, the candidates must have a record of participating in MUIC activities and complying with the University Code of Conduct. The scholarship amount depends on students&rsquo; financial needs and will not exceed 50,000 Baht per scholarship, which will be used as a tuition fee waiver in the next trimester.</p>\r\n\r\n<p>Students who wish to apply for Thai government loans must be Thai nationals and full-time students; their parents&rsquo; annual income should not exceed 200,000 Baht. The maximum amount that can be borrowed is 60,000-70,000 Baht a year. The loan has to be paid with interest after graduation two years.</p>\r\n\r\n<p>&nbsp;</p>\r\n\r\n<p>&nbsp;</p>\r\n', '', '128x128', NULL, '', 'A', '1', '0000-00-00 00:00:00'),
(41, 1, 78, NULL, '<h3>CODE OF STUDENT CONDUCT</h3>\r\n\r\n<p>The MUIC Code of Student Conduct contains MUIC&rsquo;s policy regarding the discipline of its students. It is meant to protect and preserve the educational environment on campus. The college reserves the right to take any necessary action to protect the safety and well-being of the campus community.</p>\r\n\r\n<p>Violation of Laws and of this Code</p>\r\n\r\n<p>Students may be accountable to both civil authorities and to the college for any illegal activity, such as assault, theft, possession of illegal substances, disorderly conduct and so forth. The college will refer matters to the proper civil authorities.</p>\r\n\r\n<p>Prohibited Conduct</p>\r\n\r\n<p>Students must regularly and strictly observe the regulations of the Code of Conduct. Any non-ethical conduct which is considered a disciplinary offense is subject to the actions stipulated in these regulations.</p>\r\n\r\n<ol>\r\n	<li>Students are expected to maintain the unity, peace, reputation and honor of the university.</li>\r\n	<li>Students must conduct themselves in a manner which does not cause disrepute or damage to oneself, other persons or the university.</li>\r\n	<li>Students must dress appropriately, in accordance with the regulations and notifications of the university. In classrooms or examination rooms or in contact with any departments inside the university, students must wear the Student ID Card at all times.</li>\r\n	<li>Students shall not drink alcohol or intoxicants on the university campuses or anywhere while they are wearing the student uniform.</li>\r\n	<li>Students must not smoke on the university campus except in the designated smoking area.</li>\r\n	<li>Students must not park in the prohibited parking areas on campus.</li>\r\n	<li>Students must not cause controversy or engage in the physical assault on others.</li>\r\n	<li>Students must not destroy the property of the college and university.</li>\r\n	<li>Students who engage in the following behavior will be subject to serious disciplinary action:\r\n	<blockquote>\r\n	<p>9.1 Gambling or engaging in any activity that promotes gambling.<br />\r\n	9.2 Consuming or having in one&rsquo;s possession narcotics or illegal drugs for either personal use or distribution.<br />\r\n	9.3 Theft, fraud, embezzlement or exerting undue coercion in financial transactions.<br />\r\n	9.4 Possessing or carrying firearms or other dangerous materials on campus which may cause danger to the lives and property of others.<br />\r\n	9.5 Sexual activity that violates public sensibilities or sexual assault.<br />\r\n	9.6 Physical assault on others that may result in serious injury or death.<br />\r\n	9.7 Committing any criminal offence that may result in imprisonment.<br />\r\n	9.8 Intentionally cheating on examinations or attempting to do so.<br />\r\n	9.9 Producing, publicizing or having on one&rsquo;s person any unwarranted material which may cause damage to the reputation of the university or to others<br />\r\n	9.10 Forging the signatures of others and forging documents or amending any content and using the same as evidence, all of which may cause damage to the college, university and others.<br />\r\n	9.11 Purposely destroying the property of the university or of others which may cause serious damage.<br />\r\n	9.12 Conducting any other actions deemed as a serious breach of discipline.</p>\r\n	</blockquote>\r\n	</li>\r\n	<li>Any student who violates these regulations shall be subject to disciplinary action.\r\n	<blockquote>\r\n	<p>10.1 In the case of minor disciplinary infractions</p>\r\n\r\n	<blockquote>\r\n	<p>10.1.1 Verbal warning and written record<br />\r\n	10.1.2 Written warning and formal notification to the student<br />\r\n	10.1.3 Written warning and formal notification to the guardian/parents<br />\r\n	10.1.4 Written warning to parents who are invited to sign the warning and acknowledge the student&rsquo;s breach of discipline. If the student repeats the offense, he/she will be subject to serious disciplinary action.</p>\r\n	</blockquote>\r\n\r\n	<p>10.2 In the case of serious disciplinary infractions</p>\r\n\r\n	<blockquote>\r\n	<p>10.2.1 Disqualification from examinations<br />\r\n	10.2.2 Suspending or delaying the approval of one&rsquo;s degree or diploma<br />\r\n	10.2.3 Academic suspension for not more than one academic year<br />\r\n	10.2.4 Dismissal</p>\r\n	</blockquote>\r\n	</blockquote>\r\n	</li>\r\n	<li>Any cases not mentioned in these regulations will be submitted for consideration by the Student Disciplinary Committee.</li>\r\n</ol>\r\n\r\n<p>Disciplinary Procedures</p>\r\n\r\n<ol>\r\n	<li>Disciplinary action against any student who has committed an offense cannot proceed without the university investigating the details of the case.</li>\r\n	<li>If any student is accused with sufficient evidence, the Dean shall immediately appoint a committee to investigate and verify the matter unless the following scenarios have occurred:\r\n	<blockquote>\r\n	<p>2.1 The student has committed a criminal offense, which is the responsibility of the courts and legal system.<br />\r\n	2.2 The student has committed a disciplinary offense and confessed as much in a written statement or a verbal statement to the Dean or to the Investigating Committee.</p>\r\n	</blockquote>\r\n	</li>\r\n	<li>The Investigating Committee consists of the university president, members and a secretary, totaling no fewer than three persons who are required to complete any investigation within 60 days, commencing from the acknowledged date of the appointed order.</li>\r\n</ol>\r\n\r\n<p>Requests for Review of Decisions (Appeals)</p>\r\n\r\n<p>Any such decision shall be regarded as final and the Committee shall transmit its written decision to the appellant.</p>\r\n\r\n<ol>\r\n	<li>Any student who is punished under these regulations and disagrees with such punishment is entitled to an appeal according to the rules stipulated in these regulations. During the appeal period, the student remains liable for the punishment.</li>\r\n	<li>The appellant must submit a written and signed appeal which can be submitted personally; it is prohibited to assign another person to appeal on one&rsquo;s behalf.</li>\r\n	<li>The student wishing to appeal is entitled to see the investigative report. However, the inclusion of witness statements may be withheld, depending on the discretion of the Head of the Investigating Committee.</li>\r\n	<li>The Appeals Committee must consist of at least five persons and not more than seven who are holding positions as legal officers or are graduates of law; at least one person is appointed by the President and a rotation system is supervised by the President.</li>\r\n	<li>The Appeals Committee has the following powers and duties:\r\n	<blockquote>\r\n	<p>5.1 Consider and make judgments on all appeal matters.<br />\r\n	5.2 Issue written orders summoning any person to give statements or deliver documents or materials to support any appeal.<br />\r\n	5.3 Appoint members or groups of members to consider appeals or take action within the scope of the Committee&rsquo;s powers.<br />\r\n	5.4 Other duties as assigned by Mahidol University.</p>\r\n	</blockquote>\r\n	</li>\r\n	<li>An appeal against any order for punishment shall be submitted to the Committee within 15 days from the acknowledged date of the punishment.</li>\r\n	<li>The written appeal letter must be directly submitted to the Committee which will make a judgment within 30 days from the date on which the appeal was received. An extension of time may be granted, provided it is recorded as evidence, and shall not exceed 60 days.</li>\r\n	<li>If the Committee decides that the punishment order is appropriate to the offense or that the punishment is unsuitable and unfair, the Committee, with the President&rsquo;s approval, will either dismiss the appeal or move for acquittal, whatever the case may be.</li>\r\n	<li>Regarding the time periods stipulated in these regulations, should any deadline fall on a university holiday, the following work day shall be counted as the last day of the prescribed period of time.</li>\r\n	<li>The President is responsible for the implementation of these regulations. If there is any problem regarding compliance with these regulations, the President is empowered to finalize any orders.</li>\r\n</ol>\r\n', '', '128x128', NULL, '', 'A', '1', '0000-00-00 00:00:00'),
(42, 1, 72, NULL, '<h3>COUNSELING SERVICES</h3>\r\n\r\n<p>Mahidol University International College cooperate with the Galaya Rajanakarindra Institute will be providing psychiatrist counseling services to MUIC students.</p>\r\n\r\n<p>Service information as follows :</p>\r\n\r\n<ol>\r\n	<li>Students can contact the Office of Student Affairs, MUIC to make an appointment with the Galaya Rajanakarindra</li>\r\n	<li>Students who need to contact the Galaya Rajanakarindra directly could call to Khun Boonnam Laosopapirom for making appointment with the psychiatrist\r\n	<blockquote>\r\n	<p>Tel : 0-2441-6100 ext. 58204 or<br />\r\n	Fax : 0-2441-6101<br />\r\n	(students will be required to pay for the services)</p>\r\n	</blockquote>\r\n	</li>\r\n</ol>\r\n\r\n<p><strong>Galaya Rajanakarindra Institute<br />\r\n23 Moo 8, Buddhamonthon 4 Road,<br />\r\nTaweewattana, Bangkok 10170</strong></p>\r\n\r\n<hr />\r\n<p>Students seeking counseling services, can first contact the following for consultations:</p>\r\n\r\n<p><img src="http://splashurl.com/n83gzkc width=" style="height:78px" /></p>\r\n\r\n<p>Ajarn Douglas Rhein</p>\r\n\r\n<p><a href="mailto:douglas.rhe@mahdiol.ac.th">douglas.rhe@mahdiol.ac.th</a></p>\r\n\r\n<p><strong>Office hours:</strong>&nbsp;Monday, Wednesday<br />\r\n9:00 &ndash; 10:00, 18:00 &ndash; 20:00 Room no. 2120<br />\r\nor make the appointment at tel. 0-2441-5090 ext. 1755</p>\r\n', '', '128x128', NULL, '', 'A', '1', '0000-00-00 00:00:00'),
(43, 1, 73, NULL, '<h3>HEALTH SERVICES</h3>\r\n\r\n<p>While attending MUIC, Thai students can receive health care service by applying for the University Health Insurance plan to the National Health Security Office. Students whose parents are currently working for Thai government sectors or enterprises can receive reimbursement from the parents&rsquo; workplaces until the age of 20.</p>\r\n\r\n<p>Students who have minor health problems can report to the&nbsp;<strong>MUIC First Aid Center</strong>&nbsp;in Room 2106 on the first floor of Building 2.</p>\r\n\r\n<blockquote>\r\n<p>A&nbsp;<strong>nurse</strong>&nbsp;is available Monday to Friday, from 10:00 a.m. to 5:00 p.m.<br />\r\nA&nbsp;<strong>doctor</strong>&nbsp;is available every Wednesday, from 3:00 to 6:00 p.m.</p>\r\n</blockquote>\r\n\r\n<p>Those who need to see the doctor should make an appointment in advance.</p>\r\n\r\n<p>Students can also visit the&nbsp;<strong>Mahidol University Health Clinic</strong>, located on the 1st floor of the MU Learning Center, tel: 02-849-4529-30. Service hours are 8:30 a.m. to 4:30 p.m. from Monday to Friday.</p>\r\n\r\n<p>In serious cases of illness, the MUIC First Aid Center or the MU Health Clinic will refer students to&nbsp;<strong>Siriraj Hospital</strong>&nbsp;or&nbsp;<strong>Golden Jubilee Medical Center</strong>. In case of emergencies, students can also go to&nbsp;<strong>Ramathibodi Hospital</strong>&nbsp;or the&nbsp;<strong>Hospital for Tropical Medicine</strong>. Prior to receiving services, students must present their identification card and student identification card. If a student is admitted and chooses to stay in a private room, he/she will be responsible for that additional expense.</p>\r\n\r\n<p>In the case of accidents, students can receive treatment at any hospital, whether government or private, since they will be covered for personal accident by the AIA Company.</p>\r\n\r\n<p>However, full-time international students will be required to pay 4,500 Baht, or 1,500 Baht per trimester, under an MUIC Insurance Plan that will provide coverage at any hospital.</p>\r\n\r\n<p>&nbsp;</p>\r\n\r\n<p>&nbsp;</p>\r\n', '', '128x128', NULL, '', 'A', '1', '0000-00-00 00:00:00'),
(44, 1, 71, NULL, '<h3>HOUSING ACCOMMODATIONS</h3>\r\n\r\n<p>Given the proximity of the Salaya campus to the greater Bangkok metropolitan area, many students prefer to commute. Others, however, have chosen to live either on or close to the campus, a decision which the college strongly supports because it enables students to participate in extra-curricular activities and enjoy the full benefits of university life.</p>\r\n\r\n<p><strong>Mahidol University and MUIC provides a number of on and off-campus housing accommodations:</strong></p>\r\n\r\n<p>Green Park Home Village</p>\r\n\r\n<p>Green Park Home Village, which is managed by MUIC, is a comfortable three-storey complex, consisting of 39 rooms (singles and shared) with shared bathroom facilities. The rooms are fully furnished and include air conditioning. Students have access to a lounge and kitchen area, the Internet, cable TV as well as laundry and cleaning services.</p>\r\n\r\n<p>While priority is given to exchange and visiting students, regular students can rent as well. The rent for Thai nationals is 5,300-5,500 Baht per month for singles and 2,550 Baht per month/person for shared, excluding electricity and water. A short-term stay is 300 Baht/day. For international students, the rent is 6,300-6,500 Baht per month for singles and 3,050 Baht per month/person for shared, excluding electricity and water.</p>\r\n\r\n<p>Chaiyapruk Village</p>\r\n\r\n<p>Chaiyapruk Village, also managed by MUIC, is a modern and luxurious accommodation consisting of 15 rooms (singles and shared). The rooms are fully furnished, each with an air conditioning unit and a bathroom. Tenants have spacious public areas such as a living room with cable TV, study room, kitchen and laundry room as well as Internet connection and cleaning service.</p>\r\n\r\n<p>While priority is given to exchange and visiting students, interested regular students are also welcome. The rent for Thai nationals is 6,500 &ndash; 11,000 Baht per month for singles and 4,600-5,250 Baht per month/person for shared, excluding electricity and water. A short-term stay is 500 Baht/day. For international students, the rent is 7,500 &ndash; 12,000 Baht per month for singles and 5,100 &ndash; 5,750 Baht per month/person for shared, excluding electricity and water.</p>\r\n\r\n<hr />\r\n<p>Condominiums</p>\r\n\r\n<p>Three 14-storey condominiums are located near the back gate of the Salaya campus. The units consist of three types, one person, two people and four people, with rents at 5,000, 7,000 and 10,000 Baht per month, respectively, not including electricity and water. Each unit has a living room, two bedrooms, two bathrooms and air conditioning and includes a television set, beds, refrigerators, telephone and other furnishings.</p>\r\n\r\n<p>Interested students can call 02-441-9205, 02-441-9194 or contact the condominium manager in Condominium A.</p>\r\n\r\n<p>University Dormitories</p>\r\n\r\n<p>Mahidol University provides low-cost dormitories for students who may have financial difficulties. Although preference is usually given to other MU faculties, MUIC students can apply as well.</p>\r\n\r\n<p>There are three men&rsquo;s and four women&rsquo;s dormitories, located near the Central Facilities of the Salaya campus. Each room can accommodate four people at a cost of 3,600-9,250 Baht per person per semester. MU semesters run from June to October and November to March. The dormitories are closed during the university&rsquo;s summer break.</p>\r\n\r\n<p>Interested students can fill our an application form at the University Dormitory Office (Baan Sritrang) at 02-441-9725 or contact the MUIC Office of Student Affairs.</p>\r\n\r\n<p>Other Options</p>\r\n\r\n<p>There are a variety of other housing accommodations in the immediate vicinity, including individual rooms, apartments and even houses, which are usually shared by groups of students. Prices range from 3,500 to 8,000 Baht per month. For further information regarding these options, visit the MUIC Office of Student Affairs.</p>\r\n', '', '128x128', NULL, '', 'A', '1', '0000-00-00 00:00:00'),
(45, 1, 75, NULL, '<h3>RESERVE OFFICER TRAINING</h3>\r\n\r\n<p>All male students of Thai nationality are required to register with the Thai military when they reach the age of 20. A citizen can register for training at an earlier age; training courses taken in high school or at university may count toward meeting national military requirements.</p>\r\n\r\n<p>MUIC Students who need to apply for the Reserve Officer Training Course (ROTC) must report to the MUIC Office of Student Affairs by the first week of their entry and must participate in training activities every Wednesday afternoon. Students who have not reported to the Office of Student Affairs within the mentioned period will no longer have the right to join the Reserve Officer Training Course (ROTC).</p>\r\n\r\n<p>Students who request postponement of their Military Recruitment must submit the appropriate legal documents to the Office of Student Affairs from July 1 to October 31 of every year.</p>\r\n\r\n<p>It is the responsibility of the students to notify lecturers in a timely fashion about military obligations. Failure to do so may affect a student&rsquo;s academic standing.</p>\r\n', '', '128x128', NULL, '', 'A', '1', '0000-00-00 00:00:00');
INSERT INTO `tb_content` (`id`, `app_id`, `menu_id`, `topic`, `description`, `short_description`, `image_size`, `image_src1`, `image_src2`, `status`, `isChange`, `create_date`) VALUES
(46, 1, 77, NULL, '<h3>STUDENT ACTIVITIES</h3>\r\n\r\n<p>One of the major responsibilities of the MUIC Student Association is supervising its satellite of student clubs. By participating in extra-curricular activities, students not only cultivate their personal communication, team-building and leadership skills but also contribute to the development of the college and the greater community.</p>\r\n\r\n<p>Students who participate in club activities, conferences and competitions have their accomplishments recorded on their transcripts and become an important part of their resumes, particularly since multinational companies and organizations value employees with such experiences.</p>\r\n\r\n<ul>\r\n	<li>\r\n	<p>Art Club</p>\r\n\r\n	<p><img src="http://www.muic.mahidol.ac.th/eng/wp-content/themes/muic2012/images/page/club/club_art.png" style="height:78px; width:78px" /></p>\r\n	</li>\r\n	<li>\r\n	<p>The MUIC Art Club provides training and support for students interested in a variety of art forms through regular classes and workshops. Members also engage in an annual field trip and display their work at exhibitions.</p>\r\n	</li>\r\n	<li>\r\n	<p>Cheer and Dance Club</p>\r\n\r\n	<p><img src="http://www.muic.mahidol.ac.th/eng/wp-content/themes/muic2012/images/page/club/club_cheer_dance.png" style="height:78px; width:78px" /></p>\r\n	</li>\r\n	<li>\r\n	<p>Cheer and Dance Club members engage in weekly practice sessions and perform publicly for major events and competitions. The club focuses on three genres: American dance, Thai cheerleading, and Capoeira</p>\r\n	</li>\r\n	<li>\r\n	<p>Choir Club</p>\r\n\r\n	<p><img src="http://www.muic.mahidol.ac.th/eng/wp-content/themes/muic2012/images/page/club/club_choir.png" style="height:78px; width:78px" /></p>\r\n	</li>\r\n	<li>\r\n	<p>The Choir Club was established for lovers of music who are interested in developing their vocal skills and aesthetic sensibilities; their practice sessions are available for MUIC students, teachers and staff members.</p>\r\n	</li>\r\n	<li>\r\n	<p>Cycling Club</p>\r\n\r\n	<p><img src="http://www.muic.mahidol.ac.th/eng/wp-content/themes/muic2012/images/page/club/club_cycling.png" style="height:78px; width:78px" /></p>\r\n	</li>\r\n	<li>\r\n	<p>The Cycling Club provides an opportunity for students to improve their physical fitness and enjoy the scenic venues on their cycling excursions. The club also successfully participates in local and national competitions.</p>\r\n	</li>\r\n	<li>\r\n	<p>Drama Club</p>\r\n\r\n	<p><img src="http://www.muic.mahidol.ac.th/eng/wp-content/themes/muic2012/images/page/club/club_drama.png" style="height:78px; width:78px" />The MUIC Drama Club stages performances throughout the college year. The scope of productions varies from small mini-musicals to full-scale classical Greek plays. The performance group has over 50 members. Several performing and staging workshops are held each year.</p>\r\n	</li>\r\n	<li>\r\n	<p>Debate Club</p>\r\n\r\n	<p><img src="http://www.muic.mahidol.ac.th/eng/wp-content/themes/muic2012/images/page/club/club_debate.png" style="height:78px; width:78px" /></p>\r\n	</li>\r\n	<li>\r\n	<p>The Debate Club is one of the most respected debate teams in Southeast Asia. The team regularly participates in national, regional and international competitions. In 2002, the Club hosted over 100 teams at the All-Asian Debate Competition at MUIC, the largest All-Asian Debate ever held in the region. The MUIC debating teams have won 5 national tournaments, were designated as the top debating enterprise in Asia by the United Asian Debating Championship and are ranked 65 in the world.</p>\r\n	</li>\r\n	<li>\r\n	<p>Diving Club</p>\r\n\r\n	<p><img src="http://www.muic.mahidol.ac.th/eng/wp-content/themes/muic2012/images/page/club/club_diving.png" style="height:78px; width:78px" /></p>\r\n	</li>\r\n	<li>\r\n	<p>The Diving Club enables members to explore Thailand&rsquo;s marine environment and makes diving lessons more affordable for students. Club members and other students alike become more environmentally aware of the importance of beaches and coral reefs. The club activities focus on diving safety and ocean conservation.</p>\r\n	</li>\r\n	<li>\r\n	<p>Entrepreneurial Action Us (Enactus)</p>\r\n\r\n	<p><img src="http://www.muic.mahidol.ac.th/eng/wp-content/themes/muic2012/images/page/club/club_SIFE.png" style="height:78px; width:78px" />The MUIC Enactus Club is a chapter of an international network of student leaders representing more than 1,400 universities in 48 countries that mobilizes students to create economic opportunities for others. Despite the diversity of their backgrounds, these students are brought together by a common desire to lead, inspire and make a difference. The club has undertaken several projects that have made a difference to the local community. Its projects, such as the Parachute Rice Plantation, have been internationally recognized for their success.</p>\r\n	</li>\r\n	<li>\r\n	<p>Inner Peace Club</p>\r\n\r\n	<p><img src="http://www.muic.mahidol.ac.th/eng/wp-content/themes/muic2012/images/page/club/club_inner_peace.png" style="height:78px; width:78px" /></p>\r\n	</li>\r\n	<li>\r\n	<p>The Inner Peace Club, one of the newest clubs at MUIC, promotes the benefits of Buddhist meditation to all MUIC students by engaging in meditation exercises on a weekly basis. The club encourages everyone to join, particularly foreign national students.</p>\r\n	</li>\r\n	<li>\r\n	<p>Karate-Do Club</p>\r\n\r\n	<p><img src="http://www.muic.mahidol.ac.th/eng/wp-content/themes/muic2012/images/page/club/club_karate.png" style="height:78px; width:78px" /></p>\r\n	</li>\r\n	<li>\r\n	<p>Members of the MUIC Karate-Do Club practice several times each week, compete in a number of different tournaments and participate in training camps during the year. The club has done well in competitions but focuses more on experience and personal growth.</p>\r\n	</li>\r\n	<li>\r\n	<p>Kendo Club</p>\r\n\r\n	<p><img src="http://www.muic.mahidol.ac.th/eng/wp-content/themes/muic2012/images/page/club/club_kendo.png" style="height:78px; width:78px" /></p>\r\n	</li>\r\n	<li>\r\n	<p>Kendo is the Japanese martial art of sword fighting and means &ldquo;ways of the sword.&rdquo; The Kendo Club is one of the newer clubs at MUIC and provides training for interested students. Members are currently preparing to join Kendo tournaments and compete with other universities.</p>\r\n	</li>\r\n	<li>\r\n	<p>Muay Thai Club</p>\r\n\r\n	<p><img src="http://www.muic.mahidol.ac.th/eng/wp-content/themes/muic2012/images/page/club/club_muaythai.png" style="height:78px; width:78px" /></p>\r\n	</li>\r\n	<li>\r\n	<p>The Muay Thai Club teaches participants about traditional Thai boxing. In addition to teaching martial art skills, the club&rsquo;s activities focus on teaching students the cultural significance of the sport.</p>\r\n	</li>\r\n	<li>\r\n	<p>Multicultural Club</p>\r\n\r\n	<p><img src="http://www.muic.mahidol.ac.th/eng/wp-content/themes/muic2012/images/page/club/club_multicultural.png" style="height:78px; width:78px" /></p>\r\n	</li>\r\n	<li>\r\n	<p>The Multicultural Club provides students with an exposure to different cultures and promotes multiculturalism which is beneficial for students who live in a diverse community. One of its priorities is to create a strong relationship between Thai and foreign-national students.</p>\r\n	</li>\r\n	<li>\r\n	<p>Music Club</p>\r\n\r\n	<p><img src="http://www.muic.mahidol.ac.th/eng/wp-content/themes/muic2012/images/page/club/club_music.png" style="height:78px; width:78px" /></p>\r\n	</li>\r\n	<li>\r\n	<p>The Music Club allows students to get together for practice sessions and performances. It also invites professional groups to perform on-campus. Every year the club organizes concerts and encourages students to participate in competitions.</p>\r\n	</li>\r\n	<li>\r\n	<p>Nature Lovers Club</p>\r\n\r\n	<p><img src="http://www.muic.mahidol.ac.th/eng/wp-content/themes/muic2012/images/page/club/club_nature_lovers.png" style="height:78px; width:78px" /></p>\r\n	</li>\r\n	<li>\r\n	<p>The Nature Lovers Club, formerly known as the Apple Tree Club, was inaugurated to educate students about environmental issues and their impact on their daily lives as well as to create a passion for a sustainable environment.</p>\r\n	</li>\r\n	<li>\r\n	<p>Photography and Multi-media Club</p>\r\n\r\n	<p><img src="http://www.muic.mahidol.ac.th/eng/wp-content/themes/muic2012/images/page/club/club_photography.png" style="height:78px; width:78px" /></p>\r\n	</li>\r\n	<li>\r\n	<p>The Photography and Multi-media Club gives members an opportunity to learn more about photography and multi-media technology. Activities also include the application of multi-media computer technology for multi-media presentation. Instruction on film photography is available for those who are interested.</p>\r\n	</li>\r\n	<li>\r\n	<p>Science Society</p>\r\n\r\n	<p><img src="http://www.muic.mahidol.ac.th/eng/wp-content/themes/muic2012/images/page/club/club_science.png" style="height:78px; width:78px" /></p>\r\n	</li>\r\n	<li>\r\n	<p>The Science Society Club is represented by students majoring in science (AP, BI, CH, etc.). The members are responsible for disseminating academic information and organizing events specific to their majors.</p>\r\n	</li>\r\n	<li>\r\n	<p>Social Dance Club</p>\r\n\r\n	<p><img src="http://www.muic.mahidol.ac.th/eng/wp-content/themes/muic2012/images/page/club/club_social_dance.png" style="height:78px; width:78px" /></p>\r\n	</li>\r\n	<li>\r\n	<p>Social Dance Club members have performed at dinners and events at both MUIC and MU. The club also offers members the opportunity to participate in field trips to watch local, national and international competitions and to compete in them as well.</p>\r\n	</li>\r\n	<li>\r\n	<p>Sports Club</p>\r\n\r\n	<p><img src="http://www.muic.mahidol.ac.th/eng/wp-content/themes/muic2012/images/page/club/club_sport.png" style="height:78px; width:78px" /></p>\r\n	</li>\r\n	<li>\r\n	<p>The Sports Club is part of the MUIC Health Education Program. Competitions are organized between different leagues during the academic year. Normally, a team will practice two to three times a week. There are three different sports activities at MUIC: soccer, basketball and volleyball. Tryouts for newcomers are held every trimester. In the second trimester several league matches are held while the third trimester features the International Sports Competition and the Freshy Games.</p>\r\n	</li>\r\n	<li>\r\n	<p>Thai Music Club</p>\r\n\r\n	<p><img src="http://www.muic.mahidol.ac.th/eng/wp-content/themes/muic2012/images/page/club/club_thai_music.png" style="height:78px; width:78px" /></p>\r\n	</li>\r\n	<li>\r\n	<p>Thai music is one of the essential mechanisms in Thai culture. It represents wisdom, creativity and conceptuality of our ancestors. This aesthetic is passed on from generation to generation, and should be preserved as a symbolic art of the country. Unfortunately, the intervention of western cultures has caused the downward trend in Thai music.<br />\r\n	As being a part of Mahidol university International College, the land of wisdom that provides education internationally. Our determinations are to establish Thai music club within the campus and to be able to inherit what our ancestors had provided for us.</p>\r\n	</li>\r\n	<li>\r\n	<p>Volunteer Club</p>\r\n\r\n	<p><img src="http://www.muic.mahidol.ac.th/eng/wp-content/themes/muic2012/images/page/club/club_volunteer.png" style="height:78px; width:78px" /></p>\r\n	</li>\r\n	<li>\r\n	<p>Members of the Volunteer Club are committed to helping others. Each year the club sets up a volunteer camp for ten days in a different part of rural Thailand. Participants at the camp teach children English and general hygiene, build new classrooms as well as repair libraries and other facilities. The volunteers also raise funds for their projects.</p>\r\n	</li>\r\n	<li>\r\n	<p>Value Investment Club</p>\r\n\r\n	<p><img src="http://www.muic.mahidol.ac.th/eng/wp-content/themes/muic2012/images/page/club/club_value_investment.png" style="height:78px; width:78px" /></p>\r\n	</li>\r\n	<li>\r\n	<p>The Value Investment Club provides its members opportunities to learn about and make investments, particularly in the stock market in Thailand. By using a variety of value investment tools in different markets around the world, members are able to explore the value of stocks from each country. Moreover, members evaluate valued stocks through fundamental and technical analyses.</p>\r\n	</li>\r\n	<li>\r\n	<p>Young Professionals Club</p>\r\n\r\n	<p><img src="http://www.muic.mahidol.ac.th/eng/wp-content/themes/muic2012/images/page/club/club_young.png" style="height:78px; width:78px" /></p>\r\n	</li>\r\n	<li>\r\n	<p>The Young Professionals Club aims to offer general knowledge and professional understanding of business case analyses. The club provides different kinds of training for club members in order to enhance their presentation skills. Throughout the term, the club engages in several national business competitions with the intention of gaining first-hand experience and making a name for MUIC</p>\r\n	</li>\r\n	<li>\r\n	<p>THM Club</p>\r\n\r\n	<p><img src="http://www.muic.mahidol.ac.th/eng/wp-content/themes/muic2012/images/page/club/club_THM.png" style="height:78px; width:78px" /></p>\r\n	</li>\r\n	<li>\r\n	<p>The THM Club was established by tourism and hospitality management students with the aim of developing a mastery in the fields of tourism and hospitality management through invited guest speakers and alumni. The club also organizes activities which generate more knowledge in terms of focusing on career paths, strengthening bonds and creating networks among THM students.</p>\r\n	</li>\r\n	<li>\r\n	<p>Math Club</p>\r\n\r\n	<p><img src="http://www.muic.mahidol.ac.th/eng/wp-content/themes/muic2012/images/page/club/club_math.png" style="height:78px; width:78px" /></p>\r\n	</li>\r\n	<li>\r\n	<p>The Math Club emphasizes student perceptions in mathematics by solving variables and engaging in algebraic operations. The club also introduces the abstract concepts behind mathematics, ranging from game theory to fractal geometry. Pre-testing is a major activity that will be organized before midterm and final examinations and will serve as a simulation of the real exams.</p>\r\n	</li>\r\n</ul>\r\n', '', '128x128', NULL, '', 'A', '1', '0000-00-00 00:00:00'),
(47, 1, 76, NULL, '<h3>MUIC STUDENT ASSOCIATION</h3>\r\n\r\n<p>The MUIC Student Association (MUICSA), the college&rsquo;s student government, consists of 23 members, in addition to the four class presidents. They meet weekly in order to oversee the schedule of student activities, supervise the funding of student clubs and address a wide range of student needs.</p>\r\n\r\n<p>The MUICSA agenda entails three primary objectives:</p>\r\n\r\n<ul>\r\n	<li>To make MUIC a place where students can excel and enjoy themselves, both academically and socially</li>\r\n	<li>To encourage as many students as possible to become involved in extra-curricular activities</li>\r\n	<li>To provide a voice for students and contribute to finding creative solutions for student concerns</li>\r\n</ul>\r\n\r\n<p>The MUIC Student Association also collaborates with the elected representatives from each of the four classes which are responsible for special annual events. The freshmen class organizes the Thank P&rsquo; Party and Loy Krathong Festival, the sophomore class is responsible for the Environmental Camp and the junior class sponsors the MUIC graduation celebration party.</p>\r\n\r\n<p>Elections for the MUICSA leadership team are held each year at the end of Trimester 3. The MUICSA office is located on the second floor of Building 2, Room 2212.</p>\r\n\r\n<p><strong>Student Association Leadership Team</strong><br />\r\nLeft to right : Mr. Nontapat Rushtasomboon (Treasurer) , Ms. Nanaphat Apipongrattanasuk (Secretary), Ms. Sarita Kovatana (<strong>President</strong>), Ms. Suphisara Chinakkarapong (External Vice President) and Mr. Narongpol Sathorn (Internal Vice President).</p>\r\n', '', '128x128', NULL, '', 'A', '1', '0000-00-00 00:00:00'),
(48, 1, 74, NULL, '<h3>STUDENT UNIFORM POLICY</h3>\r\n\r\n<p>Students must wear the regular uniform in class and anywhere else on campus.</p>\r\n\r\n<p>Regular Uniform</p>\r\n\r\n<table align="center">\r\n	<tbody>\r\n		<tr>\r\n			<td><img src="http://splashurl.com/lagwqwr alt=" /></td>\r\n		</tr>\r\n	</tbody>\r\n</table>\r\n\r\n<p><strong>Male Students</strong></p>\r\n\r\n<ul>\r\n	<li>ID card with neck cord</li>\r\n	<li>Tucked-in plain white long-sleeved shirt</li>\r\n	<li>Navy blue necktie with the Mahidol University logo</li>\r\n	<li>Leather or suede belt with the Mahidol University buckle</li>\r\n	<li>Dark blue or navy blue dress pants (No Jeans)</li>\r\n	<li>Plain black shoes</li>\r\n	<li>Black socks</li>\r\n</ul>\r\n\r\n<p><strong>Female Students</strong></p>\r\n\r\n<ul>\r\n	<li>ID card with neck cord</li>\r\n	<li>Plain and not-too-sheer white blouse\r\n	<blockquote>\r\n	<p>- Length should be enough to be completely tucked in the skirt<br />\r\n	- Must not be tight<br />\r\n	- Length of the sleeves is above the elbow</p>\r\n	</blockquote>\r\n	</li>\r\n	<li>A navy blue Mahidol University logo bowtie</li>\r\n	<li>The Mahidol University brooch is pinned on the right side of the blouse</li>\r\n	<li>Leather or suede belt with the Mahidol University buckle</li>\r\n	<li>Straight knee-length, plain dark blue or navy blue skirt</li>\r\n	<li>Plain black shoes</li>\r\n</ul>\r\n\r\n<p>You will be required to wear your ID card with the MUIC neck cord at all times when you are in MUIC buildings and on the MU campus.</p>\r\n', '', '128x128', NULL, '', 'A', '1', '0000-00-00 00:00:00'),
(49, 2, 156, 'Bake n Bite', '<h1>Bake n Bite</h1>\r\n\r\n<h3>Our Bakery Corner &ndash; Bake n Bite</h3>\r\n\r\n<p>Our bakery is the all-time favorite bite for our customers within the Mahidol University International College&rsquo;s building and around.<br />\r\nOur bakeries are produced by our professional pastry team. We are proud to say that the outlet Bake and n Bite is the only professional bakery here at Salaya and Nakhonpathom province you can get not only some good and authentic western bakery and pastry items, but also some take-away fresh quality salad, quick spaghetti and pasta dishes, sandwiches as well as choices of high quality herbal drinks.<br />\r\nAnd, our pastry chef and his team are also enjoy creating new items for our customers to try including any tailor made order that the customers may order. Also, at Bake and Bite, you will find another world of very proactive service from our staff who loves to service the customers at all time. Come and visit our Bake n Bite corner and you will love it all.</p>\r\n\r\n<p>&nbsp;</p>\r\n\r\n<h3>Best selling items:</h3>\r\n\r\n<p>Apple Crumble.<br />\r\nBacon Twist.<br />\r\nFruit Danish.<br />\r\nSausage Cream Bun.<br />\r\nEgg Tart.\r\n', '', '128x128', '', '', 'A', '1', '0000-00-00 00:00:00'),
(50, 1, 157, NULL, '<h2>Herb Garden</h2>\r\n\r\n<h3>The name &ldquo;Herb Garden&rdquo; says it all!</h3>\r\n\r\n<p>At this restaurant we focus as good as we can on a very healthy choice of simple food and beverages. &ldquo;Herb Garden Restaurant&rdquo; is known to be the perfect destination for some of the finest organic salads and healthy a la carte dishes. We also offer some of the most famous Thai herbal drinks not commonly available at other hotels.<br />\r\n<br />\r\nOur cozy restaurant is built with contemporary Thai decorations complimented by solid wooden furniture and framed posters of medical herbs and cookery.<br />\r\n<br />\r\nFrom Mondays to Thursdays, you will find a very delicious healthy buffet salad and the excellent choices of Western a la carte menu. And, Fridays, you will find different a la carte cuisine for example German, French, Japanese, Thai etc. So, come and excite your appetite with our meals that are specially prepared by our experienced Executive Chef and his team. Also, you will be pampered by our service team members who are always very happy to service you at all time.<br />\r\n<br />\r\nRestaurant Facts:<br />\r\n1. Opening Time: 11:00 to 14:00.<br />\r\n1. Mondays to Thursdays: Buffet and a la carte menu.<br />\r\n2. Fridays: Various types of a la carte menu.<br />\r\n3. Seats: 90 guests.<br />\r\n4. VIP Room: 20 guests (for private arrangements and lunch meetings)</p>\r\n', '', '128x128', NULL, '', 'A', '1', '0000-00-00 00:00:00'),
(51, 1, 158, NULL, '<h2>Little Mango Bar</h2>\r\n\r\n<p>Experience the romance of Salaya at elegant &ldquo;Little Mango Bar&rdquo; restaurant. The only restaurant you can see the beautiful sun set, and the national flag pole within Mahidol is up and down every morning and evening daily. We are pleased and happy to serve you with Italian menu and its decoration cared by our Executive chef and selected chef. We specially design a delicious simple menu whereby everyone can enjoy a real good Italian dishes as it could be a challenge to find true Italian menu in Salaya area together with an excellent freshly made drink or cocktail, more is the sun rises and sun set, beautiful scenery on every morning and evening meals. Moreover, if anyone loves some quick dishes over lunch, we also have many items for your selection from a simple fried-rice to fish and chips if you like with the update news via different TV channels provided at the restaurant. Only at little mango bar restaurant, you can enjoy your meals just like you can design at home from morning, lunch and evening. We do receive a very good constant feedback on not only the menu but also our drink. Our very experienced and professional bartender is waiting to mix you your favorite cocktail and drink to ensure you will chill-out and relax after having a busy day of work, sightseeing or even after an extensive shopping trip. Restaurant Facts: 1. Opening Time: Daily from 06.30 to 09.30 for breakfast (some days) and 11.00 to 20.00. 2. Seats: 35 guests.</p>\r\n', '', '128x128', NULL, '', 'A', '1', '0000-00-00 00:00:00'),
(52, 2, 148, 'ภาษาไทย', '<p>ภาษาไทย</p>\r\n', '', '160X160', 'upload/20131215/A_1_20131215020212123939.png', 'upload/20131215/A_2_20131215020212123939.png', 'A', '1', '0000-00-00 00:00:00'),
(57, 2, 149, 'About Us', '<h2>About Us(edit)</h2>\r\n\r\n<p>Situated on the top floor of Mahidol University International College, Salaya Campus, Nakornpathom, Thailand, the most academically challenging International College in Thailand, Salaya Pavilion Hotel and Training Center was founded in 1999 with the purpose of giving the students enrolled in the Travel Industry Management and the Business Administration Program diversity exposure of the emphasis on a unique combination between theory and practice.</p>\r\n', '', '128x128', '', '', 'A', '1', '0000-00-00 00:00:00'),
(58, 2, 151, 'Is there a true employee loyalty (edit)', '<p>Whenever I talk to hotel owners or managers, they like to ask me how to make their staff become more loyal to the organization or how to make good ones stay longer and in a way how to make not-so-good-ones leave. First off, normally, loyalty towards anything in this world arises from certain or special reason(s). At least, it is easy to say that there is no loyalty towards bad boss, bad product, bad service, bad benefit or anything that is not good.</p>\r\n', '', '128X128', 'upload/20131215/A_1_20131215020212125151.png', 'upload/20131215/A_1_20131215020212125151.png', 'A', '1', '0000-00-00 00:00:00'),
(59, 2, 151, 'Managing people is managing oneself', '<p>The reason I said managing others is managing oneself because this happens to me, in my various experiences as a manager. In the book, we will find many theories of how to manage employees and some good books also talk about art of managing people as well. I see all the values of those teaching. And, what I find out throughout my experiences is โ&euro;�managing people is truly managing myselfโ&euro;�.</p>\r\n', '', '128X128', 'upload/20131215/A_1_20131215020212125757.png', 'upload/20131215/A_1_20131215020212125757.png', 'A', '1', '0000-00-00 00:00:00'),
(60, 2, 151, 'Happiness through Earth Hour Activity, March 26, 2011 from', '<p>Many hotels worldwide have been supporting the Earth Hour campaign organized by WWF, World Wildlife Fund for Nature, Australia. Salaya Pavilion Hotel and Training Center thus cannot skip this.</p>\r\n', '', '128X128', 'upload/20131215/A_1_20131215020212120202.png', 'upload/20131215/A_1_20131215020212120202.png', 'A', '1', '0000-00-00 00:00:00'),
(61, 2, 151, 'Can I, as a Thai, be a GM in Thailand', '<p>I am asked by my Thai students in Human resource management class that why there are a great numbers of foreign GMs, in another way, why there are not many Thai GMs in Thailand, especially in many decent hotels or chained hotels. I confirm with my students whether they wish to hear the reasons from me, they replied solidly โ&euro;�yesโ&euro;�. I explain that if we refer to a proper recruitment and selection, I view there are 3 main reasons why Thais are not even a top listed GM candidate. But there are actually more reasons from my observations, I am only afraid that my students could not take them.</p>\r\n', '', '128X128', 'upload/20131215/A_1_20131215020212120808.png', 'upload/20131215/A_1_20131215020212120808.png', 'A', '1', '0000-00-00 00:00:00'),
(62, 2, 151, 'I Wanna be a Good Role Model -1-: What about the model on an', '<p>In many of my training sessions, particularly managerial classes, I am normally asked by the participants how to be a โ&euro;�good role modelโ&euro;�. I like to begin talking about being a good model by saying that</p>\r\n', '', '128X128', 'upload/20131215/A_1_20131215020212121313.png', 'upload/20131215/A_1_20131215020212121313.png', 'A', '1', '0000-00-00 00:00:00'),
(71, 3, 182, 'Facilities', '<p>Computers with high speed wireless Internet LAN</p>\r\n\r\n<p>Cable TV</p>\r\n\r\n<p>Common room and Kitchen</p>\r\n\r\n<p>Coin-operated washing machines and dryer</p>\r\n\r\n<p>Cleaning service</p>\r\n\r\n<p>24 hours security system</p>\r\n\r\n<p>Free shuttle bus</p>\r\n', '', '128x128', '', '', 'A', '1', '0000-00-00 00:00:00'),
(72, 3, 181, 'Price', '<table border="1">\r\n	<tbody>\r\n		<tr>\r\n			<td colspan="3">Male Housing</td>\r\n		</tr>\r\n		<tr>\r\n			<td>Room number</td>\r\n			<td>Room type</td>\r\n			<td>Rate / room (Baht)</td>\r\n		</tr>\r\n		<tr>\r\n			<td>122</td>\r\n			<td>Single</td>\r\n			<td>6,500</td>\r\n		</tr>\r\n		<tr>\r\n			<td>124</td>\r\n			<td>Single</td>\r\n			<td>6,500</td>\r\n		</tr>\r\n		<tr>\r\n			<td>227 - 228</td>\r\n			<td>Single</td>\r\n			<td>6,300</td>\r\n		</tr>\r\n		<tr>\r\n			<td>327 -328</td>\r\n			<td>Single</td>\r\n			<td>6,300</td>\r\n		</tr>\r\n		<tr>\r\n			<td>121</td>\r\n			<td>Shared</td>\r\n			<td>3,050/student</td>\r\n		</tr>\r\n		<tr>\r\n			<td>121</td>\r\n			<td>Shared</td>\r\n			<td>3,050/student</td>\r\n		</tr>\r\n		<tr>\r\n			<td>221 - 226</td>\r\n			<td>Shared</td>\r\n			<td>3,050/student</td>\r\n		</tr>\r\n		<tr>\r\n			<td>321 - 326</td>\r\n			<td>Shared</td>\r\n			<td>3,050/student</td>\r\n		</tr>\r\n	</tbody>\r\n</table>\r\n\r\n<table border="1">\r\n	<tbody>\r\n		<tr>\r\n			<td colspan="3">Female Housing</td>\r\n		</tr>\r\n		<tr>\r\n			<td>Room number</td>\r\n			<td>Room type</td>\r\n			<td>Rate / room (Baht)</td>\r\n		</tr>\r\n		<tr>\r\n			<td>111 - 112</td>\r\n			<td>Single</td>\r\n			<td>6,500</td>\r\n		</tr>\r\n		<tr>\r\n			<td>211 - 212</td>\r\n			<td>Single</td>\r\n			<td>6,300</td>\r\n		</tr>\r\n		<tr>\r\n			<td>311 - 312</td>\r\n			<td>Single</td>\r\n			<td>6,300</td>\r\n		</tr>\r\n		<tr>\r\n			<td>113</td>\r\n			<td>Shared</td>\r\n			<td>3,050/student</td>\r\n		</tr>\r\n		<tr>\r\n			<td>213 - 218</td>\r\n			<td>Shared</td>\r\n			<td>3,050/student</td>\r\n		</tr>\r\n		<tr>\r\n			<td>313 - 318</td>\r\n			<td>Shared</td>\r\n			<td>3,050/student</td>\r\n		</tr>\r\n	</tbody>\r\n</table>\r\n\r\n<table border="1">\r\n	<tbody>\r\n		<tr>\r\n			<td colspan="2">Other expenses: (Baht)</td>\r\n		</tr>\r\n		<tr>\r\n			<td>Walk in</td>\r\n			<td>300/person/day</td>\r\n		</tr>\r\n		<tr>\r\n			<td>Electricity</td>\r\n			<td>6/Unit</td>\r\n		</tr>\r\n		<tr>\r\n			<td>Water</td>\r\n			<td>-</td>\r\n		</tr>\r\n		<tr>\r\n			<td>Telephone</td>\r\n			<td>Depend</td>\r\n		</tr>\r\n		<tr>\r\n			<td>Cleaning</td>\r\n			<td>200/person/month</td>\r\n		</tr>\r\n		<tr>\r\n			<td>key</td>\r\n			<td>100</td>\r\n		</tr>\r\n		<tr>\r\n			<td>Bed sheet</td>\r\n			<td>500</td>\r\n		</tr>\r\n		<tr>\r\n			<td>Other</td>\r\n			<td>-</td>\r\n		</tr>\r\n	</tbody>\r\n</table>\r\n', '', '128x128', '', '', 'A', '1', '0000-00-00 00:00:00'),
(73, 1, 125, NULL, '<h3>SOCIAL SCIENCE</h3><p>All students in the Social Science major take a set of common core courses designed to introduce them to the key elements of theory and methodology in the Social Sciences as well as various issues and aspects of the modern world. They are also required to conduct some independent research and write a dissertation in their chosen subject area. Critical and original thinking is encouraged. Students also have the opportunity to attend and help organize MUIC Social Science conferences and to participate in seminar discussions. The whole program is subject to regular review so that course materials and content can be improved. A consultative relationship between faculty and students is fostered.</p>', NULL, '128x128', NULL, '', 'A', '1', '0000-00-00 00:00:00'),
(74, 1, 139, NULL, '<h3>INTERNATIONAL HOSPITALITY MANAGEMENT</h3><p>The tourism and hospitality industry is one of the fastest growing and most dynamic industries in the world. This is especially true in Thailand where this industry has enormous importance for both the public and private sectors.</p><p>In line with industry needs, the focus of the International Hospitality Management (IHM) Major is the critical interface between theory and practice. This is clearly demonstrated by the curriculumโ€�s strong vocational nature, its analytical approach to this global industry and its commitment to sustainable development.</p><p>As part of its commitment to both students and industry, MUIC operates its own fully functional hotel and training center, the Salaya Pavilion, where students can gain genuine insight into the running and management of a live hotel and experience real-life situations, guests, functions and events.</p><p>At MUIC, the integration of faculty expertise, industry connections and state-of-the-art facilities provides the most comprehensive learning and training environment in Asia.</p><p>To provide students with a greater range of career options, the IHM major provides three specialized modules from which students can choose: 1) Hotel and Restaurant Management, 2) Event and MICE Management and 3) Tourism Management.</p><h1>CAREER OPPORTUNITIES</h1><p>Aording to leading authorities, including the World Tourism Organization (WTO), the Thai Hotels Association (THA) and the Tourism Authority of Thailand (TAT), the tourism and hospitality industry in Thailand has continued to expand in both scope and scale. Therefore, the industry provides unique opportunities for career advancement and professional development. There are significantly increasing demands for graduates in tourism and hospitality programs, who are outstanding in international skills and experiences. Due to the up-to-date knowledge and skills from our tourism and hospitality management curriculum, our graduates are well-equipped with the necessary tools for their work lives, including a high level of English proficiency and practical experience from the national and international internship programs. For more than 20 years, our graduates have become more widely accepted byorganizations in the tourism and hospitality industry, not only in Thailand but also in other countries around the world.</p><p>MUICโ€�s Tourism and Hospitality Management (THM) Division is now one of the most respected educational institutions in Thailand, aiming to provide training and knowledge for middle and senior management professionals of the future. The THM Division has established excellent links with the tourism and hospitality industry in various sectors (e.g. hotels, airlines, food &amp; beverages, event organizers and tourism organizations) and has a growing national and international reputation for quality in tourism and hospitality education.</p>', NULL, NULL, NULL, '', 'A', '1', '0000-00-00 00:00:00'),
(75, 1, 20, 'The Preparation Center for Languages and Mathematics', '<h3>THE PREPARATION CENTER FOR LANGUAGES AND MATHEMATICS</h3><p>The Pre-College Program (PC) was established in April of 1998 to provide a foundation for those students who needed to improve their English skills to the level required to study in an English-medium degree program.</p><p>In the first year of PC (1998-1999), two levels were offered: PC1 (Intermediate) and PC2 (Upper-Intermediate), with two classes in each level. The center was immediately successful, reflected by the number of students who were able to pass the MUIC entrance examination during that first year. Each year the enrollment increased, and more levels were added to accommodate the growing popularity and continued success of the program.</p><p>In October, 2010, the Pre-College Program was designated as the Preparation Center for Languages and Mathematics which currently provides five levels of instruction: the Bridging Program, BP (Elementary), PC1 (Upper-Elementary), PC2 (Pre-Intermediate), PC3 (Intermediate) and PC4 (Upper-Intermediate).</p><p>Each quarter the enrollment reaches an average of 350-400 students in 15-18 classes. The students represent nations such as Thailand, China, Japan, Vietnam, Bangladesh, Myanmar and Korea.</p>', NULL, NULL, NULL, '', 'A', '1', '0000-00-00 00:00:00'),
(76, 1, 70, NULL, ' <h3>OFFICE OF STUDENT AFFAIRS</h3> <p>The MUIC Office of Students Affairs, located in Room 1110, Building 1, provides a wide range of support for students during their term of studies and consists of the Student Affairs and Alumni Affairs and Career Development Sections.</p> <p>The Student Affairs Section promotes student involvement in the Student Association, extracurricular activities through student clubs and participation in national, regional and international conferences and community outreach reach efforts, in addition to addressing student welfare, including housing accommodations, access to healthcare and personal counseling, scholarship opportunities and facilitating military requirements.</p> <p>The Alumni Career Development Unit maintains contact with MUIC alumni through the Alumni Association network, organizes reunions, offers advice on career placement and provides essential resources on job searches as well as information on various industries and institutes of higher learning.</p> <p>In accordance with Mahidol Universityโ€�s core values and MUICโ€�s mission to produce well-rounded students through its emphasis on a liberal arts education, the Office of Student Affairs is firmly committed to the proposition that learning cannot be confined to the classroom but requires engagement through a multiplicity of activities whereby students can develop their life skills and exercise their social responsibilities.</p> <h1>STUDENT AFFAIRS STAFF</h1> <div id="profile"><img width="78" height="78" src="http://www.muic.mahidol.ac.th/eng/wp-content/themes/muic2012/images/personal/chotechuang_p.jpg" /> <div>Asst. Prof. Chotechuang Panasoponkul, Ph.D.</div> <div><strong>Associate Dean for Student Affairs</strong></div> <div>Ext. 1318</div> </div> <div id="profile"><img src="http://www.muic.mahidol.ac.th/eng/wp-content/themes/muic2012/images/personal/michael_n.jpg" width="78" height="78" /> <div>Ajarn Michael Naglis</div> <div><strong>Assistant Dean for Student Affairs</strong></div> <div><a href="mailto:michael.nag@mahidol.ac.th">michael.nag@mahidol.ac.th,</a>ย Ext. 1212</div> </div> <div id="profile"><img src="http://www.muic.mahidol.ac.th/eng/wp-content/themes/muic2012/images/personal/jutharat_t.jpg" width="78" height="78" /> <div>Ms. Jutharat Thipboonsup</div> <div><strong>Chief of Student Affairs Section</strong></div> <div><a href="mailto:jutharat.thi@mahidol.ac.th">jutharat.thi@mahidol.ac.th,</a>ย Ext. 1242</div> </div> <div id="profile"><img src="http://www.muic.mahidol.ac.th/eng/wp-content/themes/muic2012/images/personal/sasithorn_r.jpg" width="78" height="78" /> <div>Ms. Sasithron Rojsongkram</div> <div><strong>Head of Student Development Unit</strong></div> <div><a href="mailto:sasithorn.roj@mahidol.ac.th">sasithorn.roj@mahidol.ac.th,</a>ย Ext. 1120</div> </div> <div id="profile"><img src="http://www.muic.mahidol.ac.th/eng/wp-content/themes/muic2012/images/personal/praewthip_w.jpg" width="78" height="78" /> <div>Ms. Praewthip Wongpaiboon</div> <div><strong>Interim Head of Student Services and Welfare Unit</strong></div> <div><a href="mailto:praewthip.won@mahidol.ac.th">praewthip.won@mahidol.ac.th,</a>ย Ext. 1115</div> </div> <div id="profile"><img src="http://www.muic.mahidol.ac.th/eng/wp-content/themes/muic2012/images/personal/katiphot_k.jpg" width="78" height="78" /> <div>Mr. Katiphot Kanoknorrasade</div> <div><strong>Student Affairs Officer</strong></div> <div><a href="mailto:katiphot.kan@mahidol.ac.th">katiphot.kan@mahidol.ac.th,</a>ย Ext. 1707</div> </div> <div id="profile"><img src="http://www.muic.mahidol.ac.th/eng/wp-content/themes/muic2012/images/personal/ubonwan_s.jpg" width="78" height="78" /> <div>Ms. Ubonwan Songkrantanon</div> <div>Student Affairs Officer</div> <div><a href="mailto:ubonwan.son@mahidol.ac.th">ubonwan.son@mahidol.ac.th,</a>ย Ext. 1328</div> </div> <div id="profile"><img src="http://www.muic.mahidol.ac.th/eng/wp-content/themes/muic2012/images/personal/sutisara_k.jpg" width="78" height="78" /> <div>Ms. Sutisara Komonjinda</div> <div>Student Affairs Officer</div> <div><a href="mailto:sutisara.kom@mahidol.ac.th">sutisara.kom@mahidol.ac.th,ย </a>Ext. 1328</div> </div> <div id="profile"><img src="http://www.muic.mahidol.ac.th/eng/wp-content/themes/muic2012/images/personal/akaratch_c.jpg" width="78" height="78" /> <div>Mr. Akaratch Chanbangmuang</div> <div>Student Affairs Staff</div> <div><a href="mailto:akaratch.cha@mahidol.ac.th">akaratch.cha@mahidol.ac.th,</a>ย Ext. 1210</div> </div> <div id="profile"><img src="http://www.muic.mahidol.ac.th/eng/wp-content/themes/muic2012/images/personal/khwanthida_c.jpg" width="78" height="78" /> <div>Ms. Khwanthida Chanthong</div> <div>Student Affairs Staff</div> <div><a href="mailto:khwanthida.cha@mahidol.ac.th">khwanthida.cha@mahidol.ac.th,</a>ย Ext. 1210</div> </div> <div id="profile"><img src="http://www.muic.mahidol.ac.th/eng/wp-content/themes/muic2012/images/personal/panicha_v.jpg" width="78" height="78" /> <div>Ms. Panicha Vornpien</div> <div>Student Affairs Staff</div> <div><a href="mailto:panicha.vor@mahidol.ac.th">panicha.vor@mahidol.ac.th,</a>ย Ext. 1707</div> </div>  ', NULL, NULL, NULL, '', 'A', '1', '0000-00-00 00:00:00'),
(85, 1, 97, 'Message from the Dean', '<p><strong>Message from the Dean</strong></p>\r\n\r\n<p><img alt="" src="http://www.muic.mahidol.ac.th/eng/wp-content/themes/muic2012/images/page/executive/mk.png" /></p>\r\n\r\n<p>&nbsp;</p>\r\n', NULL, NULL, '', '', 'A', '1', '0000-00-00 00:00:00'),
(86, 1, 98, 'A MULTILINGUAL OVERVIEW', ' <h3 style="color:#C3C">A MULTILINGUAL OVERVIEW </h3> <p style="color:#666"> Established in 1986, Mahidol University International College (MUIC) was Thailandโ€�s first international bachelor degree program at a public university, with its mission to produce well-rounded graduates who are not only knowledgeable in their chosen fields but also able to use that knowledge for the benefit of humankind.  MUIC maintains a strong liberal arts focus and promotes a learning culture that prepares its students to meet the challenges of living and working in a diverse and globalized world. Over 3,200 students are taught by a professional full and part-time faculty, 60 percent of whom are foreign nationals, with a student-teacher ratio of 28:1.  The academic calendar is based on a system of three trimesters, with each running for 12 weeks, and a brief summer session, during which the college offers 19 undergraduate degree programs in the arts, sciences and administration, in addition to 22 minors, including Chinese, Japanese, French, German, Spanish and Thai.  MUIC also offers two graduate programs, a Master of Business Administration in Business Modeling and Development and a Master of Management in International Hospitality Management, at its Graduate Center, conveniently located in the heart of Bangkokโ€�s business district.  In 2010 MUIC received the Best Practice Award for its exchange programs from Thailandโ€�s Ministry of Education in recognition of its thriving Study Abroad Program for inbound international students and outbound candidates. The college enjoys exchange agreements with over 75 partner universities from North America, South America, Europe, Asia and Oceania, in addition to informal agreements with over 100 universities and educational agencies around the world. International students from over 45 countries constitute 15 percent of the collegeโ€�s student body.  MUIC has further elevated its regional and international profile through its Special Projects Program. Every year over 200 visiting student participate in short-term exchange agreements, such as formal instruction, conferences, workshops, field trips and internships.  Given the challenges of our new world order, a well-rounded education can no longer be confined to the classroom setting. The MUIC Student Association and its satellite of clubs offer a variety of activities in which students can pursue their personal interests in sports, the martial arts, cycling, debate, music, art, volunteerism and business case studies, among others, all of which enhance their inter-personal communication, team-building and leadership skills. MUIC students also participate in national, regional and international conferences, seminars and competitions whereby they can develop their cross-cultural sensibilities.  The Thai Ministry of Commerce recently awarded MUIC the Thailand Trust Mark inasmuch as it exemplifies the highest international standards in education. This award is a validation of MUICโ€�s commitment to academic excellence and internationalism. </p> ', NULL, NULL, NULL, '', 'A', '1', '0000-00-00 00:00:00'),
(87, 1, 99, 'A LIBERAL ARTS EDUCATION IN AN ASIAN SETTING', ' <p style="color:#C0C">A LIBERAL ARTS EDUCATION IN AN ASIAN SETTING </p> <h3> Vision  </h3> <p style="color:#666">MUIC will be recognized internationally as a leader in providing quality liberal arts education.  </p> <h3>Mission Statement  </h3> <p style="color:#666">MUIC excels in multidisciplinary education in the liberal arts and selected professional fields in order to prepare global citizens for the 21st century and transform knowledge into action and contribute to society.</p> <p style="color:#666"> A distinctive feature of the MUIC curriculum is its strong focus on liberal arts and the promotion of a learning culture that prepares its students to meet the challenges of living and working in the 21st century.  MUIC offers a broad spectrum of undergraduate and graduate degree programs In the sciences, arts and management, designed to instill not only analytic and critical thinking skills but also creativity, problem-solving and research skills.  While MUIC students are expected to be proficient in the English skills of speaking, listening, reading and writing, they are also given an opportunity to learn other languages, namely, Chinese, Japanese, Spanish, French, German and Thai.  MUICโ€�s international profile, in conjunction with its partner universities, attracts inbound international visiting, exchange and full-time students from around the world, creating a setting in which all students are able to develop cross-cultural sensibilities.  Through its community outreach efforts and student volunteer projects, MUIC encourages its students to serve the greater community, enabling them to exercise their social responsibilities and civic duty.  The MUIC Student Association and its satellite of student clubs provide multiple opportunities for students to pursue their personal interest in sports, the martial arts, cycling, debate, music, art, photography and business case studies, among others, and through this process enhance their interpersonal communication, team-building and leaderships skills.  Over the years MUIC graduates have launched successful careers in the arts,communication, the entertainment industry, business enterprises, technology, tourism and hospitality, academia, medicine, research, the sciences, as well as government and non-government organizations.  Finally, MUIC strongly promotes the issue of life-long learning, given the complexities and demands of an ever-changing and inter-connected global community. </p> ', NULL, NULL, NULL, '', 'A', '1', '0000-00-00 00:00:00'),
(88, 1, 100, 'HISTORY', ' <p style="color:#93C">HISTORY  </p> <p style="color:#666">In March of 1986 the Mahidol University Council officially endorsed the formation of a new international bachelor degree program, the first of its kind at a public university, designated at that time as the International Students Degree Program (ISDP). Six months later, in September of l986, the program welcomed its first class of students.  The beginning was a modest one โ€“ as most beginnings usually are. The facilities were situated on the second floor of the MU Social Science and Humanities Building, with 45 students, two full-time and 20 part-time instructors, a four-member support staff, seven major offerings in the Sciences and Travel Industry Management โ€“ and an abundance of hope and determination. During its initial years ISDP grew and flourished, so much so that it eventually required its own separate facilities. In 1992 ISDP officially dedicated its new building, which accommodated 486 students, and introduced two additional majors in Business Administration and Food Science and Technology.  The year 1996 constituted an important milestone. With approval from the Mahidol University Council, ISDP was officially designated Mahidol University International College (MUIC), giving it the full weight and stature of a faculty. Two years later, a six-storey complex was completed in order to accommodate over 1,000 students. A new managerial style was introduced, in addition to an expansion of academic offerings, additional internships, including the Salaya Pavilion Hotel and Training Center, a pre-college program and the formation of offices that addressed both student and alumni needs. Over the ensuing years, there were additional developments in the collegeโ€�s academic, physical and social landscapes: an ever-increasing student enrollment, new major programs, the promotion of a vibrant student exchange program and a further expansion of its physical facilities, including an eight-storey extension.  After 26 years, MUIC currently offers 19 undergraduate majors and 22 minors in the Arts, Sciences and Management, along with two master degree programs, for approximately 3,200 students. Furthermore, the college is anticipating even greater student enrollments in the future. It has recently commissioned the construction of a new building, to be completed in 2015. With this new addition MUIC will be able to accommodate up to 4,000 students.  Meeting the challenges of our new world order will require continued resilience and innovation. The journey that began over two decades ago is far from over as Mahidol University International College continues to commit its full resources and energies to the pursuit of academic excellence. </p>  ', NULL, NULL, NULL, '', 'A', '1', '0000-00-00 00:00:00'),
(89, 1, 101, 'THAILAND TRUST MARK', '<h3>THAILAND TRUST MARK</h3>\r\n\r\n<p><img alt="" src="http://www.muic.mahidol.ac.th/eng/wp-content/themes/muic2012/images/page/TT_logo.png" /></p>\r\n\r\n<p>The Thailand Trust Mark logo displayed on the MUIC Home Page is yet another tribute to the college, validating its commitment to internationalism and academic excellence.</p>\r\n\r\n<p>The Thai Ministry of Commerce recently launched the Thailand Trust Mark to promote the high quality of Thai goods and services not only in the domestic market but also in the international arena. Apart from a product category that includes the food, lifestyle, fashion and other industries, theย&nbsp;<strong>service category</strong>ย&nbsp;covers medical, health andย&nbsp;<strong>international education services</strong>.</p>\r\n\r\n<p>According to the Ministry, this logo opens up greater marketing opportunities for the manufacturer/service providers as well as builds trust among consumers because every single product/service bearing this mark needs to pass reliable production standards and international standards of quality. (edit)</p>\r\n', NULL, NULL, '', '', 'A', '1', '0000-00-00 00:00:00');
INSERT INTO `tb_content` (`id`, `app_id`, `menu_id`, `topic`, `description`, `short_description`, `image_size`, `image_src1`, `image_src2`, `status`, `isChange`, `create_date`) VALUES
(90, 4, 170, 'Information', '<h3>Borrowing Info:</h3>\r\n\r\n<ul>\r\n	<li>1. Full-time lecturer: you can check out a maximum of 20 books for 20 days.</li>\r\n	<li>2. Part-time lecturer: you can check out a maximum of 10 books for 10 days.</li>\r\n	<li>3. Undergraduate : you can check out a maximum of 10 books for 10 days.</li>\r\n	<li>4. Graduate : you can check out a maximum of 15 books for 15 days.</li>\r\n	<li>5. Staff : you can check out a maximum of 20 books for 20 days.</li>\r\n	<li>6. Fine 10 Baht per Day edit</li>\r\n</ul>\r\n', NULL, NULL, '', '', 'A', '1', '0000-00-00 00:00:00'),
(91, 4, 183, 'THE MUSE OF MEMORY', '<p>When you first meet Lonni Sue Johnson, it takes a few moments to realize that something isn&#39;t quite right. Leave the room for a moment and come back, however, and things become clear. &quot;Hello!&quot; she says brightly, as though she&#39;s never seen you before. &quot;Would you like to see my drawings?&quot; And if you leave again and return once more, she&#39;ll greet you the same way. Because as far as she knows, she never has seen you before.</p>\r\n', NULL, '128X128', 'upload/20131215/A_1_20131215020212125757.png', 'upload/20131215/A_2_20131215020212125757.png', 'A', '1', '0000-00-00 00:00:00'),
(97, 1, 146, 'test ab', '<p>test ab</p>\r\n', NULL, NULL, '', '', 'A', '1', '0000-00-00 00:00:00'),
(98, 2, NULL, 'ttt', '<p>tt</p>\r\n', NULL, NULL, '', '', 'A', '1', '0000-00-00 00:00:00'),
(99, 2, NULL, 'fasdfas', '<p>fasdfa</p>\r\n', NULL, NULL, '', '', 'A', '1', '0000-00-00 00:00:00'),
(105, 4, 218, 'Contact', '<p>Email to: <a href="mailto:iclibrary@mahidol.ac.th">iclibrary@mahidol.ac.th</a></p>\r\n\r\n<p>Link to MUIC library Facebook 1: <a href="https://www.facebook.com/muiclibrary">http://facebook.com/muiclibrary</a></p>\r\n', NULL, NULL, '', '', 'A', '1', '0000-00-00 00:00:00'),
(107, 2, 203, 'TestContact', '<p>Test</p>\r\n', NULL, '232X217', 'upload/20131210/2_20131210101012125050.jpg', '', 'A', '1', '0000-00-00 00:00:00'),
(108, 1, 223, 'test', '<p><img alt="" src="http://www.muic.mahidol.ac.th/eng/wp-content/uploads/2013/02/150_named_MU.jpg" style="height:150px; width:150px" /></p>\r\n\r\n<p>test</p>\r\n', NULL, NULL, '', '', 'A', '1', '0000-00-00 00:00:00'),
(113, 3, 177, 'บ้านพักชัยพฤกษ์ (Chaiyapruk)', '<p>บ้านพักชัยพฤกษ์ เป็นบ้านพักที่กว้างขวาง ประกอบไปด้วยห้องพัก 15 ห้อง ให้บริการทั้งห้องเดี่ยวและห้องคู่ แต่ละห้องประกอบด้วยเฟอร์นิเจอร์ เครื่องปรับอากาศ และห้องน้ำในตัว นอกจากนี้ยังมีพื้นที่ส่วนกลางที่กว้างขวาง ได้แก่ ห้องนั่งเล่น พร้อมเคเบิ้ลทีวี อินเตอร์เน็ต ห้องอ่านหนังสือ และห้องครัว ไว้ให้บริการสำหรับนักศึกษา โดยราคาสำหรับนักศึกษาไทย คือ 6,500 &ndash; 11,000 บาทต่อเดือนสำหรับห้องเดี่ยว และห้องคู่ ราคา 4,600 &ndash; 5,250 บาท ต่อเดือน (ไม่รวมค่าน้ำ ค่าไฟ)</p>\r\n', NULL, '160X160', 'upload/20131216/A_1_20131216090912122626.png', 'upload/20131216/A_1_20131216090912122626.png', 'A', '1', '0000-00-00 00:00:00'),
(114, 3, 178, 'กรีนพาร์คโฮมวิลเลจ (Green Park Home Village)', '<p>กรีนพาร์คโฮมวิลเลจ เป็นบ้านพัก 3 ชั้น มีทั้งหมด 39 ห้อง ให้บริการทั้งห้องเดี่ยวและห้องคู่ โดยแบ่งเป็นหอชาย และหอหญิง แต่ละห้องประกอบด้วยเฟอร์นิเจอร์และเครื่องปรับอากาศ นอกจากนี้ยังมีพื้นที่ส่วนกลาง ได้แก่ห้องนั่งเล่น พร้อมเคเบิ้ลทีวี อินเตอร์เน็ต และห้องครัว ไว้ให้บริการสำหรับนักศึกษา โดยราคาสำหรับนักศึกษาไทย คือ 5,300 &ndash; 5,500 บาท ต่อเดือนสำหรับห้องเดี่ยว และ 2,550 บาท ต่อเดือนสำหรับห้องคู่ (ไม่รวมค่าน้ำ ค่าไฟ)</p>\r\n', NULL, '160X160', 'upload/20131216/A_1_20131216090912124747.png', 'upload/20131216/A_1_20131216090912124747.png', 'A', '1', '0000-00-00 00:00:00'),
(115, 3, 159, 'd', '<p>d</p>\r\n', NULL, '600X305', 'upload/20131215/A_1_20131215020212125454.png', 'upload/20131215/A_2_20131215020212125454.png', 'A', '1', '0000-00-00 00:00:00'),
(116, 2, 219, '', '<p><img alt="" src="http://www.salayapavilion.com/websph/images/stories/contact-sphlogo.jpg" style="height:130px; width:136px" /></p>\r\n\r\n<p>Address<br />\r\nSalaya Pavilion Hotel and Training Center<br />\r\nTel: (66) 2441 0568-9<br />\r\nE-Mail:&nbsp;<a href="mailto:rsvn@salayapavilion.com">rsvn@salayapavilion.com</a>&nbsp;<br />\r\nMahidol University International College<br />\r\n999 Buddhamonthon 4 Road<br />\r\nSalaya Nakhonphathom 73170 THAILAND</p>\r\n', NULL, NULL, NULL, '', 'A', '1', '0000-00-00 00:00:00'),
(117, 1, 176, 'Final Exam Schedule and Trimester 2 Updates', '              		                                        <div id="post-8664" class="post-8664 post type-post status-publish format-standard hentry category-muic-announcements category-muic-news">                  <h1><a href="http://www.muic.mahidol.ac.th/eng/?p=8664" rel="bookmark" title="Permanent Link to Final Exam Schedule and Trimester 2 Updates">Final Exam Schedule and Trimester 2 Updates</a></h1>                    <div class="post-meta">                                         		          		         				                     </div><!-- end of .post-meta -->                                                    <div class="post-entry">                                                                                     <p>Dear Students,</p> <p>Due to the current and projected situation regarding protests in Thailand, MUIC would like to announce the following:</p> <p>1. MUIC has asked some lecturers to adjust the format of the last assessment depending on the nature of the course and the weight of the final examination, so that the final examination may not be required for those courses. <span id="more-8664"></span> In this case, the lecturers will contact their respective students through the OASIS or e-mail; or the students could also contact the lecturers to confirm the revised course assessment.  However, for many other courses, final examinations are still required. </p> <p>2. For classes that require a final examination, the final examination will be held from January 6 to 9, 2014.  The schedule of the final examination will be announced to all students on December 9, 2013. </p> <p>3.  The start of Trimester 2 of academic year 2013-2014 has been postponed to January 20, 2014.  The schedules for Trimesters 2 and 3 will be pushed back by one week; please see the attachment for more details.  As such, the registration period for Trimester 2 will be from January 14 to 17, 2014.</p> <p>4. For exchange and visiting students who need to finish Trimester 1 with MUIC, the MUIC faculty will exert all efforts to adjust the assessment to meet the special needs for these students. For more details, please refer to the e-mail sent by the Office of International Affairs.</p> <p>The safety of our students, staff and teaching faculty is our main concern, but we are also committed to your academic success.</p> <p>Sincerely,</p> <p>Professor Maleeya  Kruatrachue<br /> Dean<br /> Mahidol University International College</p> <div id="infobox"> <ul> <li><a href="./wp-content/downloads/2013_updated 03_12_13.pdf" target="_blank">Download Academic Calendar </a>â€ƒ</li> </ul> </div>                                                            <div class="post-data">  				       					Category: <a href="http://www.muic.mahidol.ac.th/eng/?cat=4" title="View all posts in MUIC Announcements" rel="category">MUIC Announcements</a>, <a href="http://www.muic.mahidol.ac.th/eng/?cat=3" title="View all posts in MUIC news" rel="category">MUIC news</a>                </div><!-- end of .post-data -->                                                                </div><!-- end of .post-entry -->                                                 <div class="post-edit"></div>                           </div><!-- end of #post-8664 -->                			                                               	               Total Views: 2397         ', NULL, NULL, 'upload/20131215/A_1_20131215010112125050.jpg', 'upload/20131215/A_1_20131215010112125050.jpg', 'A', '1', '0000-00-00 00:00:00'),
(118, 1, 176, 'MUIC Closed Dec. 9', '              		                                        <div id="post-8685" class="post-8685 post type-post status-publish format-standard hentry category-muic-news">                  <h1><a href="http://www.muic.mahidol.ac.th/eng/?p=8685" rel="bookmark" title="Permanent Link to MUIC Closed Dec. 9">MUIC Closed Dec. 9</a></h1>                    <div class="post-meta">                                         		          		         				                     </div><!-- end of .post-meta -->                                                    <div class="post-entry">                                                                                     <p>Due to the unstable political situation, Mahidol University announced the closure of the university on Monday, December 9, 2013.<br /> Consequently, Prof. Dr. Maleeya Kruatrachue, MUIC Dean, also declared that the College will be closed on the same day.</p>                                                            <div class="post-data">  				       					Category: <a href="http://www.muic.mahidol.ac.th/eng/?cat=3" title="View all posts in MUIC news" rel="category">MUIC news</a>                </div><!-- end of .post-data -->                                                                </div><!-- end of .post-entry -->                                                 <div class="post-edit"></div>                           </div><!-- end of #post-8685 -->                			                                               	               Total Views: 283         ', NULL, NULL, 'upload/20131215/A_1_20131215010112124848.jpg', 'upload/20131215/A_1_20131215010112124848.jpg', 'A', '1', '0000-00-00 00:00:00'),
(119, 1, 176, 'University Closed Till December 4', '              		                                        <div id="post-8629" class="post-8629 post type-post status-publish format-standard hentry category-muic-news">                  <h1><a href="http://www.muic.mahidol.ac.th/eng/?p=8629" rel="bookmark" title="Permanent Link to University Closed Till December 4">University Closed Till December 4</a></h1>                    <div class="post-meta">                                         		          		         				                     </div><!-- end of .post-meta -->                                                    <div class="post-entry">                                                                                     <p>Due to the escalating political unrest in Bangkok and the potential risks it poses to students and staff of the university, Mahidol University has decided to stop operations of the university (covering all 6 campuses), on December 3 and 4, 2013. However, all hospitals under Mahidol University system will continue to provide regular service throughout this period.<span id="more-8629"></span></p> <p>Prof. Rajata Rajatanavin, M.D.<br /> President of Mahidol University<br /> December 2, 2013</p> <hr /> <p><a href="http://www.muic.mahidol.ac.th/eng/?p=8664"><br /> Final Exam Sechedule And Trimester 2 Updates <br /></a>(updated on Dec, 3 2013)</p>                                                            <div class="post-data">  				       					Category: <a href="http://www.muic.mahidol.ac.th/eng/?cat=3" title="View all posts in MUIC news" rel="category">MUIC news</a>                </div><!-- end of .post-data -->                                                                </div><!-- end of .post-entry -->                                                 <div class="post-edit"></div>                           </div><!-- end of #post-8629 -->                			                                               	               Total Views: 2202         ', NULL, NULL, 'upload/20131215/A_1_20131215010112122424.png', 'upload/20131215/A_1_20131215010112122424.png', 'A', '1', '0000-00-00 00:00:00'),
(120, 2, 154, '  			Japanese', '  			Japanese', NULL, NULL, 'upload/20131215/A_2_20131215030312123434.jpg', 'upload/20131215/A_2_20131215030312123434.jpg', 'A', '1', '0000-00-00 00:00:00'),
(121, 2, 154, '  			Wed Premium', '  			Wed Premium', NULL, NULL, 'upload/20131215/1A_2_20131215030312123636.jpg', 'upload/20131215/1A_2_20131215030312123636.jpg', 'A', '1', '0000-00-00 00:00:00'),
(122, 2, 154, '  			Butterfly pea', '  			Butterfly pea', NULL, NULL, 'upload/20131215/2A_2_20131215030312123636.jpg', 'upload/20131215/2A_2_20131215030312123636.jpg', 'A', '1', '0000-00-00 00:00:00'),
(123, 2, 154, '  			Trumble', '  			Trumble', NULL, NULL, 'upload/20131215/3A_2_20131215030312123636.jpg', 'upload/20131215/3A_2_20131215030312123636.jpg', 'A', '1', '0000-00-00 00:00:00'),
(124, 2, 154, '  			mango', '  			mango', NULL, NULL, 'upload/20131215/4A_2_20131215030312123737.jpg', 'upload/20131215/4A_2_20131215030312123737.jpg', 'A', '1', '0000-00-00 00:00:00'),
(125, 2, 154, '  			Herb Garden', '  			Herb Garden', NULL, NULL, 'upload/20131215/5A_2_20131215030312123939.jpg', 'upload/20131215/5A_2_20131215030312123939.jpg', 'A', '1', '0000-00-00 00:00:00'),
(126, 1, 226, 'p1', '<p>sss</p>\r\n', NULL, '600X200', 'upload/20131216/A_1_20131216090912124444.png', 'upload/20131216/A_1_20131216090912124444.png', 'A', '1', '0000-00-00 00:00:00'),
(127, 2, 227, 'ar1', '<p>111</p>\r\n', NULL, '160X160', 'upload/20131216/A_1_20131216090912122727.png', 'upload/20131216/A_2_20131216090912122727.png', 'A', '1', '0000-00-00 00:00:00'),
(128, 3, 228, 'ar1', '<p>ar1</p>\r\n', NULL, '160X160', 'upload/20131216/A_1_20131216090912124040.png', 'upload/20131216/A_1_20131216090912124040.png', 'A', '1', '0000-00-00 00:00:00'),
(129, 4, 183, 'ooo', '<p>oo</p>\r\n', NULL, '640X960', 'upload/20131217/A_1_20131217090912122727.PNG', 'upload/20131217/A_2_20131217090912122727.PNG', 'A', '1', '0000-00-00 00:00:00'),
(130, 1, 176, 'Fund Drive for Typhoon Survivors', '              		                                        <div id="post-8700" class="post-8700 post type-post status-publish format-standard hentry category-muic-news">                  <h1><a href="http://www.muic.mahidol.ac.th/eng/?p=8700" rel="bookmark" title="Permanent Link to Fund Drive for Typhoon Survivors">Fund Drive for Typhoon Survivors</a></h1>                    <div class="post-meta">                                         		          		         				                     </div><!-- end of .post-meta -->                                                    <div class="post-entry">                                                                                     <p>The Student Association, with support from MUIC executives, faculty and staff, held a fund-raising drive in November for survivors of super typhoon Haiyan in the Philippines. They were able to collect 95,879.90 Baht which was donated to the Philippine Red Cross.</p> <p>An exhibition, featuring photographs, information and video footage of the devastation caused by the super typhoon, <span id="more-8700"></span>along with a message board, was set up on the ground floor of Building 1. </p> <p><img class="imgl" src="http://www.muic.mahidol.ac.th/eng/wp-content/themes/muic2012/images/news/500_fund_typhoon.jpg" alt="Fund Drive for Typhoon Survivors" /></p>                                                            <div class="post-data">  				       					Category: <a href="http://www.muic.mahidol.ac.th/eng/?cat=3" title="View all posts in MUIC news" rel="category">MUIC news</a>                </div><!-- end of .post-data -->                                                                </div><!-- end of .post-entry -->                                                 <div class="post-edit"></div>                           </div><!-- end of #post-8700 -->                			                                               	               Total Views: 35         ', NULL, NULL, 'upload/20131218/A_1_20131218020212121111.jpg', 'upload/20131218/A_1_20131218020212121111.jpg', 'A', '1', '0000-00-00 00:00:00');

-- --------------------------------------------------------

--
-- Table structure for table `tb_content_image`
--

CREATE TABLE IF NOT EXISTS `tb_content_image` (
  `id` int(11) NOT NULL AUTO_INCREMENT,
  `menu_id` int(11) DEFAULT NULL,
  `image_path1` varchar(200) DEFAULT NULL,
  `image_size` varchar(45) DEFAULT NULL,
  `image_path2` varchar(200) NOT NULL,
  `device` int(11) DEFAULT NULL,
  `app_id` int(11) DEFAULT NULL,
  `status` varchar(1) DEFAULT NULL,
  `isChange` varchar(1) NOT NULL,
  PRIMARY KEY (`id`)
) ENGINE=MyISAM  DEFAULT CHARSET=utf8 AUTO_INCREMENT=30 ;

--
-- Dumping data for table `tb_content_image`
--

INSERT INTO `tb_content_image` (`id`, `menu_id`, `image_path1`, `image_size`, `image_path2`, `device`, `app_id`, `status`, `isChange`) VALUES
(1, 176, 'upload/20131215/A_1_20131215020212121616.png', '640X220', 'upload/20131215/A_2_20131215020212124444.png', 1, 1, 'A', '1'),
(2, 176, 'upload/20131215/A_1_20131215020212122020.png', '640X220', 'upload/20131215/A_2_20131215020212123030.png', 1, 1, 'A', '1'),
(4, 148, 'upload/20131215/A_1_20131215030312125959.png', '640X220', 'upload/20131215/A_1_20131215030312125959.png', 1, 2, 'A', '1'),
(5, 148, 'upload/20131215/A_1_20131215030312121919.png', '640X220', 'upload/20131215/A_1_20131215030312121919.png', 1, 2, 'A', '1'),
(8, 159, 'upload/20131215/A_1_20131215020212120101.png', '600X305', 'upload/20131215/A_2_20131215020212120101.png', 1, 3, 'A', '1'),
(10, 183, 'upload/20131214/A_1_20131214101012125050.png', '640X220', 'upload/20131214/A_2_20131214101012125050.png', 1, 4, 'A', '1'),
(29, 183, 'upload/20131215/A_1_20131215020212124242.png', '160X160', 'upload/20131215/A_2_20131215020212124242.png', NULL, 4, 'A', '1');

-- --------------------------------------------------------

--
-- Table structure for table `tb_gallery`
--

CREATE TABLE IF NOT EXISTS `tb_gallery` (
  `id` int(11) NOT NULL AUTO_INCREMENT,
  `app_id` int(11) DEFAULT NULL,
  `menu_id` int(11) DEFAULT NULL,
  `thumnail_size` varchar(100) DEFAULT NULL,
  `thumnail_src1` varchar(100) DEFAULT NULL,
  `thumnail_src2` varchar(100) NOT NULL,
  `image_size` varchar(100) DEFAULT NULL,
  `image_src1` varchar(100) DEFAULT NULL,
  `image_src2` varchar(100) NOT NULL,
  `status` varchar(1) DEFAULT NULL,
  `isChange` varchar(1) NOT NULL,
  PRIMARY KEY (`id`)
) ENGINE=MyISAM  DEFAULT CHARSET=utf8 AUTO_INCREMENT=64 ;

--
-- Dumping data for table `tb_gallery`
--

INSERT INTO `tb_gallery` (`id`, `app_id`, `menu_id`, `thumnail_size`, `thumnail_src1`, `thumnail_src2`, `image_size`, `image_src1`, `image_src2`, `status`, `isChange`) VALUES
(1, 2, 155, '160X160', 'upload/20131215/A_1_20131215020212123939.png', 'upload/20131215/A_2_20131215020212123939.png', '160X160', 'upload/20131215/A_1_20131215020212123939.png', 'upload/20131215/A_2_20131215020212123939.png', 'A', '1'),
(2, 2, 155, '128X128', 'upload/20131215/A_1_20131215020212124444.png', 'upload/20131215/A_2_20131215020212124444.png', '128X128', 'upload/20131215/A_1_20131215020212124444.png', 'upload/20131215/A_2_20131215020212124444.png', 'A', '1'),
(62, 1, 225, '150X150', 'upload/20131216/A_1_20131216090912125050.jpg', 'upload/20131216/A_2_20131216090912125050.png', '150X150', 'upload/20131216/A_1_20131216090912125050.jpg', 'upload/20131216/A_2_20131216090912125050.png', 'A', '1'),
(11, 3, 162, '600X402', 'upload/20131215/A_1_20131215020212121616.jpg', 'upload/20131215/A_2_20131215020212121616.jpg', '600X402', 'upload/20131215/A_1_20131215020212121616.jpg', 'upload/20131215/A_2_20131215020212121616.jpg', 'A', '1'),
(14, 3, 162, '640X480', 'upload/20131215/A_1_20131215020212122424.jpg', 'upload/20131215/A_2_20131215020212122525.jpg', '640X480', 'upload/20131215/A_1_20131215020212122424.jpg', 'upload/20131215/A_2_20131215020212122525.jpg', 'A', '1'),
(15, 3, 162, '600X400', 'upload/20131215/A_1_20131215020212123131.jpg', 'upload/20131215/A_2_20131215020212123131.jpg', '600X400', 'upload/20131215/A_1_20131215020212123131.jpg', 'upload/20131215/A_2_20131215020212123131.jpg', 'A', '1'),
(63, 2, 151, '600X305', 'upload/20131216/A_1_20131216090912124949.png', 'upload/20131216/A_2_20131216090912124949.png', '600X305', 'upload/20131216/A_1_20131216090912124949.png', 'upload/20131216/A_2_20131216090912124949.png', 'A', '1');

-- --------------------------------------------------------

--
-- Table structure for table `tb_menu`
--

CREATE TABLE IF NOT EXISTS `tb_menu` (
  `id` int(11) NOT NULL AUTO_INCREMENT,
  `app_id` int(11) DEFAULT NULL,
  `parent` int(11) DEFAULT NULL,
  `menu_icon` varchar(100) DEFAULT NULL COMMENT '1=List,2=webview',
  `menu_type` varchar(2) DEFAULT NULL,
  `menu_item` varchar(200) DEFAULT NULL,
  `menu_item_src` varchar(200) DEFAULT NULL,
  `menu_order` int(11) DEFAULT NULL,
  `menu_version` float DEFAULT NULL,
  `menu_status` varchar(45) DEFAULT NULL,
  `isChange` varchar(1) NOT NULL,
  PRIMARY KEY (`id`)
) ENGINE=MyISAM  DEFAULT CHARSET=utf8 AUTO_INCREMENT=230 ;

--
-- Dumping data for table `tb_menu`
--

INSERT INTO `tb_menu` (`id`, `app_id`, `parent`, `menu_icon`, `menu_type`, `menu_item`, `menu_item_src`, `menu_order`, `menu_version`, `menu_status`, `isChange`) VALUES
(1, 1, 140, 'images/icon_app_menu/about.png', '2', 'Process &Fees', 'ProcessFees', 1, 1, 'A', '1'),
(2, 1, 140, 'images/icon_app_menu/about.png', '2', 'Requirements', 'Requirements', 2, 1, 'A', '1'),
(4, 1, 140, 'images/icon_app_menu/about.png', '2', 'Credit Transfer', 'CreditTransfer', 3, 1, 'A', '1'),
(5, 1, 140, 'images/icon_app_menu/about.png', '2', 'Tuition and Fees', 'TuitionandFees', 4, 1, 'A', '1'),
(8, 1, 6, 'images/icon_app_menu/about.png', '2', 'ASEAN Students Scholarship', 'ASEANStudentsScholarship', 1, 1, 'A', '1'),
(9, 1, 6, 'images/icon_app_menu/about.png', '2', 'Scholarship', 'Scholarship', 2, 1, 'A', '1'),
(10, 1, 6, 'images/icon_app_menu/about.png', '2', 'Scholarship for Science Majors', 'ScholarshipforScienceMajors', 3, 1, 'A', '1'),
(21, 1, 18, 'images/icon_app_menu/about.png', '2', 'Master of Management in International Hospitality Management (M.M.)', 'MasterofManagementinInternationalHospitalityManagementMM', 1, 1, 'A', '1'),
(18, 1, 141, 'images/icon_app_menu/about.png', '2', 'Graduate Programs', 'GraduatePrograms', 1, 1, 'A', '1'),
(19, 1, 141, 'images/icon_app_menu/about.png', '2', 'Undergraduate Programs', 'UndergraduatePrograms', 2, 1, 'A', '1'),
(20, 1, 141, 'images/icon_app_menu/about.png', '2', 'The Preparation Center for Languages and Mathematics', 'ThePreparationCenterforLanguagesandMathematics', 3, 1, 'A', '1'),
(11, 1, 6, 'images/icon_app_menu/about.png', '2', 'Foreign Language Ambassador Scholarship', 'ForeignLanguageAmbassadorScholarship', 4, 1, 'A', '1'),
(12, 1, 6, 'images/icon_app_menu/about.png', '2', 'Scholarships for students with disabilities', 'Scholarshipsforstudentswithdisabilities', 5, 1, 'A', '1'),
(13, 1, 6, 'images/icon_app_menu/about.png', '2', 'MUIC Student Activities Scholarships', 'MUICStudentActivitiesScholarships', 6, 1, 'A', '1'),
(14, 1, 6, 'images/icon_app_menu/about.png', '2', 'MUIC Young Leaders Scholarship', 'MUICYoungLeadersScholarship', 7, 1, 'A', '1'),
(15, 1, 6, 'images/icon_app_menu/about.png', '2', 'MUIC Young Ambassadors Scholarship', 'MUICYoungAmbassadorsScholarship', 8, 1, 'A', '1'),
(16, 1, 6, 'images/icon_app_menu/about.png', '2', 'AIMS Scholarship', 'AIMSScholarship', 9, 1, 'A', '1'),
(17, 1, 6, 'images/icon_app_menu/about.png', '2', 'Financial Aid and Student Loans', 'FinancialAidandStudentLoans', 10, 1, 'A', '1'),
(22, 1, 18, 'images/icon_app_menu/about.png', '2', 'Master of Business Administration in Business Modeling and Development (M.B.A.)', 'MasterofBusinessAdministrationinBusinessModelingandDevelopmentMBA', 2, 1, 'A', '1'),
(23, 1, 4, 'images/icon_app_menu/about.png', '2', 'Academic Calendar', 'AcademicCalendar', 1, 1, 'A', '1'),
(24, 1, 4, 'images/icon_app_menu/about.png', '2', 'Objectives/Curriculum Structure', 'ObjectivesCurriculumStructure', 2, 1, 'A', '1'),
(25, 1, 4, 'images/icon_app_menu/about.png', '2', 'Course Requirements', 'CourseRequirements', 3, 1, 'A', '1'),
(26, 1, 4, 'images/icon_app_menu/about.png', '2', 'Course Descriptions', 'CourseDescriptions', 4, 1, 'A', '1'),
(27, 1, 4, 'images/icon_app_menu/about.png', '2', 'Class Schedule', 'ClassSchedule', 5, 1, 'A', '1'),
(28, 1, 4, 'images/icon_app_menu/about.png', '2', 'Student Info', 'StudentInfo', 6, 1, 'A', '1'),
(29, 1, 4, 'images/icon_app_menu/about.png', '2', 'Faculty', 'Faculty', 7, 1, 'A', '1'),
(30, 1, 4, 'images/icon_app_menu/about.png', '2', 'Contact & Location', 'ContactLocation', 8, 1, 'A', '1'),
(31, 1, 5, 'images/icon_app_menu/about.png', '2', 'Academic Calendar', 'AcademicCalendar', 1, 1, 'A', '1'),
(32, 1, 5, 'images/icon_app_menu/about.png', '2', 'Objectives/Curriculum Structure', 'ObjectivesCurriculumStructure', 2, 1, 'A', '1'),
(33, 1, 5, 'images/icon_app_menu/about.png', '2', 'Course Requirements', 'CourseRequirements', 3, 1, 'A', '1'),
(34, 1, 5, 'images/icon_app_menu/about.png', '2', 'Course Descriptions', 'CourseDescriptions', 4, 1, 'A', '1'),
(35, 1, 5, 'images/icon_app_menu/about.png', '2', 'Class Schedule', 'ClassSchedule', 5, 1, 'A', '1'),
(36, 1, 5, 'images/icon_app_menu/about.png', '2', 'Student Info', 'StudentInfo', 6, 1, 'A', '1'),
(37, 1, 5, 'images/icon_app_menu/about.png', '2', 'MBA Internships', 'MBAInternships', 7, 1, 'A', '1'),
(38, 1, 5, 'images/icon_app_menu/about.png', '2', 'Faculty', 'Faculty', 8, 1, 'A', '1'),
(39, 1, 5, 'images/icon_app_menu/about.png', '2', 'Contact & Location', 'ContactLocation', 9, 1, 'A', '1'),
(219, 2, -1, 'images/icon_app_menu/about.png', '2', 'Contact', 'Contact', 8, 1, 'A', '1'),
(205, 3, 204, 'images/icon_app_menu/acomodation.png', '5', 'ttt', 'ttt', 1, 1, 'I', '1'),
(57, 1, 142, 'images/icon_app_menu/about.png', '2', 'Partner Universities', 'PartnerUniversities', 1, 1, 'A', '1'),
(58, 1, 142, 'images/icon_app_menu/about.png', '2', 'Study Abroad Program', 'StudyAbroadProgram', 2, 1, 'A', '1'),
(59, 1, 144, 'images/icon_app_menu/about.png', '2', 'Special Projects', 'SpecialProjects', 3, 1, 'A', '1'),
(60, 1, 59, 'images/icon_app_menu/about.png', '2', 'Student Exchange', 'StudentExchange', 1, 1, 'A', '1'),
(61, 1, 59, 'images/icon_app_menu/about.png', '2', 'Southeast Asian Studies', 'SoutheastAsianStudies', 2, 1, 'A', '1'),
(62, 1, 59, 'images/icon_app_menu/about.png', '2', 'Sustainable Tourism', 'SustainableTourism', 3, 1, 'A', '1'),
(63, 1, 59, 'images/icon_app_menu/about.png', '2', 'Bioethics ', 'Bioethics', 4, 1, 'A', '1'),
(64, 1, 59, 'images/icon_app_menu/about.png', '2', 'Language & Culture', 'LanguageCulture', 5, 1, 'A', '1'),
(65, 1, 59, 'images/icon_app_menu/about.png', '2', 'Thai Language & Culture', 'ThaiLanguageCulture', 6, 1, 'A', '1'),
(66, 1, 59, 'images/icon_app_menu/about.png', '2', 'Religion and Society', 'ReligionandSociety', 7, 1, 'A', '1'),
(67, 1, 59, 'images/icon_app_menu/about.png', '2', 'General Education Program', 'GeneralEducationProgram', 8, 1, 'A', '1'),
(68, 1, 59, 'images/icon_app_menu/about.png', '2', 'Study Tour', 'StudyTour', 9, 1, 'A', '1'),
(69, 1, 59, 'images/icon_app_menu/about.png', '2', 'Contact and Location', 'ContactandLocation', 10, 1, 'A', '1'),
(70, 1, 143, 'images/icon_app_menu/about.png', '2', 'Office of Student Affairs', 'OfficeofStudentAffairs', 1, 1, 'A', '1'),
(71, 1, 143, 'images/icon_app_menu/about.png', '2', 'Housing Accommodations', 'HousingAccommodations', 2, 1, 'A', '1'),
(72, 1, 143, 'images/icon_app_menu/about.png', '2', 'Counseling Services', 'CounselingServices', 3, 1, 'A', '1'),
(73, 1, 143, 'images/icon_app_menu/about.png', '2', 'Health Services', 'HealthServices', 4, 1, 'A', '1'),
(74, 1, 143, 'images/icon_app_menu/about.png', '2', 'Uniform Policy', 'UniformPolicy', 5, 1, 'A', '1'),
(75, 1, 143, 'images/icon_app_menu/about.png', '2', 'Reserve Officer Training', 'ReserveOfficerTraining', 6, 1, 'A', '1'),
(76, 1, 143, 'images/icon_app_menu/about.png', '2', 'Student Association', 'StudentAssociation', 7, 1, 'A', '1'),
(77, 1, 143, 'images/icon_app_menu/about.png', '2', 'Student Activities', 'StudentActivities', 8, 1, 'A', '1'),
(78, 1, 143, 'images/icon_app_menu/about.png', '2', 'Code of Conduct', 'CodeofConduct', 9, 1, 'A', '1'),
(79, 1, 144, 'images/icon_app_menu/about.png', '2', 'Executives', 'Executives', 1, 1, 'A', '1'),
(80, 1, 144, 'images/icon_app_menu/about.png', '2', 'Organization Chart', 'OrganizationChart', 2, 1, 'A', '1'),
(81, 1, 144, 'images/icon_app_menu/about.png', '2', 'Business Administration', 'BusinessAdministration', 3, 1, 'A', '1'),
(82, 1, 144, 'images/icon_app_menu/about.png', '2', 'Fine and Applied Arts', 'FineandAppliedArts', 4, 1, 'A', '1'),
(83, 1, 144, 'images/icon_app_menu/about.png', '2', 'Humanities & Language', 'HumanitiesLanguage', 5, 1, 'A', '1'),
(84, 1, 144, 'images/icon_app_menu/about.png', '2', 'Science', 'Science', 6, 1, 'A', '1'),
(85, 1, 144, 'images/icon_app_menu/about.png', '2', 'Social Science', 'SocialScience', 7, 1, 'A', '1'),
(86, 1, 144, 'images/icon_app_menu/about.png', '2', 'Tourism & Hospitality Mgmt', 'TourismHospitalityMgmt', 8, 1, 'A', '1'),
(87, 1, 145, 'images/icon_app_menu/about.png', '2', 'ASEAN Student Scholarship', 'ASEANStudentScholarship', 1, 1, 'A', '1'),
(88, 1, 145, 'images/icon_app_menu/about.png', '2', 'MUIC Scholarship', 'MUICScholarship', 2, 1, 'A', '1'),
(89, 1, 145, 'images/icon_app_menu/about.png', '2', 'MUIC Scholarship for Science Majors', 'MUICScholarshipforScienceMajors', 3, 1, 'A', '1'),
(90, 1, 145, 'images/icon_app_menu/about.png', '2', 'Foreign Language Ambassador Scholarship', 'ForeignLanguageAmbassadorScholarship', 4, 1, 'A', '1'),
(91, 1, 145, 'images/icon_app_menu/about.png', '2', 'Scholarships for students with disabilities', 'Scholarshipsforstudentswithdisabilities', 5, 1, 'A', '1'),
(92, 1, 145, 'images/icon_app_menu/about.png', '2', 'MUIC Student Activities Scholarships', 'MUICStudentActivitiesScholarships', 6, 1, 'A', '1'),
(93, 1, 145, 'images/icon_app_menu/about.png', '2', 'MUIC Young Leaders Scholarship', 'MUICYoungLeadersScholarship', 7, 1, 'A', '1'),
(94, 1, 145, 'images/icon_app_menu/about.png', '2', 'MUIC Young Ambassadors Scholarship', 'MUICYoungAmbassadorsScholarship', 8, 1, 'A', '1'),
(95, 1, 145, 'images/icon_app_menu/about.png', '2', 'AIMS Scholarship', 'AIMSScholarship', 9, 1, 'A', '1'),
(96, 1, 145, 'images/icon_app_menu/about.png', '2', 'Financial Aid and Student Loans', 'FinancialAidandStudentLoans', 10, 1, 'A', '1'),
(97, 1, 146, 'images/icon_app_menu/about.png', '2', 'Message from the Dean', 'MessagefromtheDean', 1, 1, 'A', '1'),
(98, 1, 146, 'images/icon_app_menu/about.png', '2', 'A Multilingual Overview', 'AMultilingualOverview', 2, 1, 'A', '1'),
(99, 1, 146, 'images/icon_app_menu/about.png', '2', 'A Liberal Arts Education in an Asian Setting', 'ALiberalArtsEducationinanAsianSetting', 3, 1, 'A', '1'),
(100, 1, 146, 'images/icon_app_menu/about.png', '2', 'History', 'History', 4, 1, 'A', '1'),
(101, 1, 146, 'images/icon_app_menu/about.png', '2', 'Thailand Trust Mark', 'ThailandTrustMark', 5, 1, 'A', '1'),
(116, 1, 19, 'images/icon_app_menu/about.png', '2', 'BACHELOR OF ARTS (B.A.)', 'BACHELOROFARTSBA', 1, 1, 'A', '1'),
(117, 1, 19, 'images/icon_app_menu/about.png', '2', 'BACHELOR OF SCIENCE (B.Sc.)', 'BACHELOROFSCIENCEBSc', 2, 1, 'A', '1'),
(118, 1, 19, 'images/icon_app_menu/about.png', '2', 'BACHELOR OF BUSINESS ADMINISTRATION (B.B.A.)', 'BACHELOROFBUSINESSADMINISTRATIONBBA', 3, 1, 'A', '1'),
(119, 1, 19, 'images/icon_app_menu/about.png', '2', 'BACHELOR OF ENGINEERING (B.Eng.)', 'BACHELOROFENGINEERINGBEng', 4, 1, 'A', '1'),
(121, 1, 116, 'images/icon_app_menu/about.png', '2', 'Communication Design', 'CommunicationDesign', 1, 1, 'A', '1'),
(122, 1, 116, 'images/icon_app_menu/about.png', '2', 'Animation Production', 'AnimationProduction', 2, 1, 'A', '1'),
(123, 1, 116, 'images/icon_app_menu/about.png', '2', 'Film Production', 'FilmProduction', 3, 1, 'A', '1'),
(124, 1, 116, 'images/icon_app_menu/about.png', '2', 'Television Production', 'TelevisionProduction', 4, 1, 'A', '1'),
(125, 1, 116, 'images/icon_app_menu/about.png', '2', 'Social Science', 'SocialScience', 5, 1, 'A', '1'),
(126, 1, 117, 'images/icon_app_menu/about.png', '2', 'Applied Mathematics', 'AppliedMathematics', 1, 1, 'A', '1'),
(127, 1, 117, 'images/icon_app_menu/about.png', '2', 'Biological Sciences', 'BiologicalSciences', 2, 1, 'A', '1'),
(128, 1, 117, 'images/icon_app_menu/about.png', '2', 'Chemistry', 'Chemistry', 3, 1, 'A', '1'),
(129, 1, 117, 'images/icon_app_menu/about.png', '2', 'Computer Science', 'ComputerScience', 4, 1, 'A', '1'),
(130, 1, 117, 'images/icon_app_menu/about.png', '2', 'Environmental Science', 'EnvironmentalScience', 5, 1, 'A', '1'),
(131, 1, 117, 'images/icon_app_menu/about.png', '2', 'Food Science and Technology', 'FoodScienceandTechnology', 6, 1, 'A', '1'),
(132, 1, 117, 'images/icon_app_menu/about.png', '2', 'Physics', 'Physics', 7, 1, 'A', '1'),
(133, 1, 119, 'images/icon_app_menu/about.png', '2', 'Computer Engineering', 'ComputerEngineering', 1, 1, 'A', '1'),
(134, 1, 118, 'images/icon_app_menu/about.png', '2', 'Business Economics', 'BusinessEconomics', 1, 1, 'A', '1'),
(135, 1, 118, 'images/icon_app_menu/about.png', '2', 'Finance', 'Finance', 2, 1, 'A', '1'),
(136, 1, 118, 'images/icon_app_menu/about.png', '2', 'Information Systems', 'InformationSystems', 3, 1, 'A', '1'),
(137, 1, 118, 'images/icon_app_menu/about.png', '2', 'International Business', 'InternationalBusiness', 4, 1, 'A', '1'),
(138, 1, 118, 'images/icon_app_menu/about.png', '2', 'Marketing', 'Marketing', 5, 1, 'A', '1'),
(139, 1, 118, 'images/icon_app_menu/about.png', '2', 'International Hospitality Management', 'InternationalHospitalityManagement', 6, 1, 'A', '1'),
(140, 1, -1, 'images/icon_app_menu/about.png', '2', 'Admissions', 'Admissions', 3, 1, 'A', '1'),
(141, 1, -1, 'images/icon_app_menu/article.png', '2', 'Academics', 'Academics', 4, 1, 'A', '1'),
(142, 1, -1, 'images/icon_app_menu/thesis.png', '2', 'International', 'International', 5, 1, 'A', '1'),
(143, 1, -1, 'images/icon_app_menu/thesis.png', '2', 'Student Life', 'StudentLife', 6, 1, 'A', '1'),
(144, 1, -1, 'images/icon_app_menu/thesis.png', '2', 'Administration', 'Administration', 7, 1, 'A', '1'),
(145, 1, -1, 'images/icon_app_menu/info.png', '2', 'Scholarships', 'Scholarships', 8, 1, 'A', '1'),
(146, 1, -1, 'images/icon_app_menu/about.png', '2', 'About', 'About', 2, 1, 'A', '1'),
(148, 2, -1, 'images/icon_app_menu/home.png', '0', 'Home', 'Home', 1, 1, 'A', '1'),
(149, 2, -1, 'images/icon_app_menu/about.png', '2', 'About', 'About', 2, 1, 'A', '1'),
(150, 2, -1, 'images/icon_app_menu/about.png', '2', 'Activities', 'Activities', 3, 1, 'I', '1'),
(151, 2, -1, 'images/icon_app_menu/article.png', '1', 'Article', 'Article', 4, 1, 'A', '1'),
(153, 2, -1, 'images/icon_app_menu/shop.png', '2', 'Food And Beverage', 'FoodAndBeverage', 5, 1, 'A', '1'),
(154, 2, -1, 'images/icon_app_menu/promotion.png', '1', 'Promotion', 'Promotion', 6, 1, 'A', '1'),
(155, 2, -1, 'images/icon_app_menu/gallery.png', '3', 'Gallery', 'Gallery', 7, 1, 'A', '1'),
(156, 2, 153, 'images/icon_app_menu/shop.png', '2', 'Bake n Bite', 'BakenBite', 1, 1, 'A', '1'),
(157, 2, 153, 'images/icon_app_menu/shop.png', '2', 'Herb Garden', 'HerbGarden', 2, 1, 'A', '1'),
(158, 2, 153, 'images/icon_app_menu/shop.png', '2', 'Little Mango Bar Restaurant', 'LittleMangoBarRestaurant', 3, 1, 'A', '1'),
(159, 3, -1, 'images/icon_app_menu/home.png', '0', 'Home', 'Home', 1, 1, 'A', '1'),
(161, 3, 177, 'images/icon_app_menu/news_event.png', '2', 'Facilities', 'Facilities', 1, 1, 'A', '1'),
(162, 3, -1, 'images/icon_app_menu/gallery.png', '3', 'Gallery', 'Gallery', 3, 1, 'A', '1'),
(163, 3, 177, 'images/icon_app_menu/new_arrivals.png', '2', 'Price', 'Price', 2, 1, 'A', '1'),
(164, 3, -1, 'images/icon_app_menu/about.png', '2', 'Contact', 'Contact', 6, 1, 'A', '1'),
(170, 4, -1, 'images/icon_app_menu/info.png', '2', 'Information', 'Information', 2, 1, 'A', '1'),
(171, 4, -1, 'images/icon_app_menu/new_arrivals.png', '41', 'New Arrivals', 'NewArrivals', 3, 1, 'A', '1'),
(172, 4, -1, 'images/icon_app_menu/reccomend.png', '42', 'Recommend Resources', 'RecommendResources', 4, 1, 'A', '1'),
(174, 4, -1, 'images/icon_app_menu/thesis.png', '43', 'Thesis / Thematic Paper', 'ThesisThematicPaper', 5, 1, 'A', '1'),
(175, 4, -1, 'images/icon_app_menu/ask.png', '5', 'Ask', 'Ask', 6, 1, 'A', '1'),
(176, 1, -1, 'images/icon_app_menu/home.png', '0', 'Home', 'Home', 1, 1, 'A', '1'),
(183, 4, -1, 'images/icon_app_menu/home.png', '0', 'Home', 'Home', 1, 1, 'A', '1'),
(177, 3, -1, 'images/icon_app_menu/info.png', '0', 'Chaiyapruk', 'Chaiyapruk', 4, 1, 'A', '1'),
(178, 3, -1, 'images/icon_app_menu/info.png', '0', 'Green Park Home', 'GreenParkHome', 5, 1, 'A', '1'),
(182, 3, 178, 'images/icon_app_menu/news_event.png', '2', 'Facilities', 'Facilities', 1, 1, 'A', '1'),
(181, 3, 178, 'images/icon_app_menu/new_arrivals.png', '2', 'Price', 'Price', 2, 1, 'A', '1'),
(218, 4, -1, 'images/icon_app_menu/contact.png', '2', 'Contact', 'Contact', 7, 1, 'I', '1');

-- --------------------------------------------------------

--
-- Table structure for table `tb_popup_url`
--

CREATE TABLE IF NOT EXISTS `tb_popup_url` (
  `id` int(11) NOT NULL AUTO_INCREMENT,
  `url` varchar(200) DEFAULT NULL,
  `message` varchar(200) DEFAULT NULL,
  `create_date` datetime DEFAULT NULL,
  PRIMARY KEY (`id`)
) ENGINE=MyISAM  DEFAULT CHARSET=utf8 AUTO_INCREMENT=52 ;

--
-- Dumping data for table `tb_popup_url`
--

INSERT INTO `tb_popup_url` (`id`, `url`, `message`, `create_date`) VALUES
(10, '', 'test', '2013-12-06 14:47:14'),
(11, 'http://www.muic.mahidol.ac.th/eng/?p=8664', 'à¸‚à¹ˆà¸²à¸§à¹ƒà¸«à¸¡à¹ˆ', '2013-12-07 10:12:29'),
(12, '', 'Test', '2013-12-07 17:24:24'),
(13, '', 'house push', '2013-12-07 18:25:09'),
(14, '', 'lib push', '2013-12-07 18:25:31'),
(15, '', 'sph push', '2013-12-07 18:25:53'),
(16, 'http://www.muic.mahidol.ac.th/eng/?page_id=258', 'popup push', '2013-12-07 18:26:11'),
(17, 'http://www.muic.mahidol.ac.th/eng/?page_id=258', 'à¸—à¸”à¸ªà¸­à¸š push popup', '2013-12-07 18:26:52'),
(18, 'http://www.muic.mahidol.ac.th/eng/?page_id=258', 'à¸—à¸”à¸ªà¸­à¸šà¹€à¸›à¸´à¸”à¸£à¸­à¸š 2', '2013-12-07 18:30:18'),
(19, 'http://www.muic.mahidol.ac.th/eng/?page_id=258', 'à¸—à¸”à¸ªà¸­à¸šà¹€à¸›à¸´à¸”à¸£à¸­à¸š 2', '2013-12-07 18:30:23'),
(20, 'http://www.muic.mahidol.ac.th/eng/?page_id=258', 'test', '2013-12-08 18:08:03'),
(21, '', 'test', '2013-12-08 18:13:36'),
(22, '', 'sph test', '2013-12-08 18:13:52'),
(23, '', 'house test', '2013-12-08 18:14:22'),
(24, '', 'lib test', '2013-12-08 18:14:44'),
(25, '', 'test life normal message', '2013-12-08 18:15:36'),
(26, 'http://www.muic.mahidol.ac.th/eng/?page_id=258', 'test specail popup', '2013-12-08 18:28:34'),
(27, 'http://www.muic.mahidol.ac.th/eng/?page_id=258', 'test', '2013-12-08 20:45:56'),
(28, 'www.kapook.com', 'test special', '2013-12-09 07:39:43'),
(29, 'www.kapook.com', 'test special', '2013-12-09 07:39:47'),
(30, 'http://www.muic.mahidol.ac.th/eng/?p=8664', 'uuu', '2013-12-09 07:49:16'),
(31, 'http://www.muic.mahidol.ac.th/eng/?p=8685', 'test', '2013-12-09 09:42:23'),
(32, 'http://www.muic.mahidol.ac.th/eng/?p=8685', 'open popup', '2013-12-09 09:43:17'),
(33, 'http://hilight.kapook.com/view/94565', 'test à¸£à¸°à¸šà¸š', '2013-12-09 21:32:08'),
(34, 'http://www.muic.mahidol.ac.th/eng/?p=8685', 'à¹à¸ˆà¹‰à¸‡à¸‚à¹ˆà¸²à¸§à¸žà¸´à¹€à¸¨à¸©', '2013-12-11 08:38:49'),
(35, 'http://www.muic.mahidol.ac.th/eng/?p=8685', 'à¹à¸ˆà¹‰à¸‡à¸‚à¹ˆà¸²à¸§à¸žà¸´à¹€à¸¨à¸©', '2013-12-11 08:39:04'),
(36, 'http://www.muic.mahidol.ac.th/eng/?page_id=258', 'test 2', '2013-12-11 08:40:24'),
(37, 'http://www.muic.mahidol.ac.th/eng/?page_id=258', 'test3', '2013-12-11 08:41:19'),
(38, 'http://www.muic.mahidol.ac.th/eng/?page_id=258', 'test4', '2013-12-11 08:41:45'),
(39, 'http://www.muic.mahidol.ac.th/eng/?page_id=258', 'pp', '2013-12-11 08:43:13'),
(40, 'http://www.muic.mahidol.ac.th/eng/?p=8685', 'pp', '2013-12-11 08:44:13'),
(41, 'http://www.muic.mahidol.ac.th/eng/?page_id=258', 'à¸‚à¹ˆà¸²à¸§à¸ªà¸²à¸£', '2013-12-11 09:01:00'),
(42, 'http://www.muic.mahidol.ac.th/eng/?p=8685', 'MUIC CLOSED DEC. 9', '2013-12-11 09:22:48'),
(43, 'http://www.muic.mahidol.ac.th/eng/?p=8685', 'MUIC CLOSED DEC. 9', '2013-12-11 09:23:34'),
(44, 'http://www.muic.mahidol.ac.th/eng/?p=8685', 'Due to the unstable political situation, Mahidol University announced the closure of the university on Monday, December 9, 2013.\r\nConsequently, Prof. Dr. Maleeya Kruatrachue, MUIC Dean, also declared ', '2013-12-11 10:37:24'),
(45, 'http://www.muic.mahidol.ac.th/eng/?page_id=258', 'test', '2013-12-11 14:17:19'),
(46, 'http://www.muic.mahidol.ac.th/eng/?page_id=258', 'p', '2013-12-12 23:39:50'),
(47, 'http://www.muic.mahidol.ac.th/eng/?p=8685', 'tets', '2013-12-12 23:41:57'),
(48, 'http://www.muic.mahidol.ac.th/eng/?page_id=258', 'pp', '2013-12-12 23:43:24'),
(49, 'http://www.muic.mahidol.ac.th/eng/?page_id=258', 'test', '2013-12-15 02:22:43'),
(50, 'http://www.muic.mahidol.ac.th/eng/wp-content/themes/muic2012/images/announcements/banner_udated_final_exam.jpg', 'test', '2013-12-15 09:32:43'),
(51, 'http://www.muic.mahidol.ac.th/eng/wp-content/themes/muic2012/images/announcements/banner_udated_final_exam.jpg', 'test', '2013-12-15 09:33:32');

-- --------------------------------------------------------

--
-- Table structure for table `tb_question`
--

CREATE TABLE IF NOT EXISTS `tb_question` (
  `id` int(11) NOT NULL AUTO_INCREMENT,
  `app_id` int(11) DEFAULT NULL,
  `device_udid` varchar(300) DEFAULT NULL,
  `question` varchar(200) DEFAULT NULL,
  `status` varchar(1) DEFAULT NULL,
  `create_date` datetime DEFAULT NULL,
  `isRead` varchar(1) NOT NULL,
  PRIMARY KEY (`id`)
) ENGINE=InnoDB  DEFAULT CHARSET=utf8 AUTO_INCREMENT=49 ;

--
-- Dumping data for table `tb_question`
--

INSERT INTO `tb_question` (`id`, `app_id`, `device_udid`, `question`, `status`, `create_date`, `isRead`) VALUES
(16, 4, '939293280ds23i', 'Test', 'A', '2013-12-07 15:52:10', ''),
(39, 4, '939293280ds23i', 'อ่านหนังสืออย่างไรดี', 'A', '2013-12-10 00:48:10', ''),
(41, 4, '939293280ds23i', 'ผมจะไปห้องสมุดได้อย่างไรครับ', 'A', '2013-12-11 09:13:28', ''),
(42, 4, '939293280ds23i', 'Test', 'A', '2013-12-11 09:13:46', ''),
(43, 4, '939293280ds23i', 'yjyjyjyjym', 'A', '2013-12-17 10:01:21', ''),
(44, 4, '939293280ds23i', 'Test', 'A', '2013-12-18 19:31:49', ''),
(45, 4, '939293280ds23i', 'Hi', 'A', '2013-12-18 21:36:16', '0'),
(46, 4, '939293280ds23i', 'Tree', 'A', '2013-12-18 21:40:51', '0'),
(47, 4, '939293280ds23i', 'Ty', 'A', '2013-12-18 21:41:08', '0'),
(48, 4, '939293280ds23i', 'Hi', 'A', '2013-12-18 22:01:33', '0');

-- --------------------------------------------------------

--
-- Table structure for table `tb_question_answer`
--

CREATE TABLE IF NOT EXISTS `tb_question_answer` (
  `id` int(11) NOT NULL AUTO_INCREMENT,
  `question_id` int(11) DEFAULT NULL,
  `device_udid` varchar(100) DEFAULT NULL,
  `answer` varchar(200) DEFAULT NULL,
  `status` varchar(45) DEFAULT NULL,
  `create_date` datetime DEFAULT NULL,
  PRIMARY KEY (`id`)
) ENGINE=MyISAM  DEFAULT CHARSET=utf8 AUTO_INCREMENT=13 ;

--
-- Dumping data for table `tb_question_answer`
--

INSERT INTO `tb_question_answer` (`id`, `question_id`, `device_udid`, `answer`, `status`, `create_date`) VALUES
(10, 39, NULL, 'อ่านแบบตั้งใจ', 'A', NULL),
(9, 16, NULL, 'Good', 'A', NULL),
(11, 43, NULL, 'tttttttttttttttt', 'A', NULL),
(12, 48, NULL, '<p>yes</p>\r\n', 'A', NULL);

-- --------------------------------------------------------

--
-- Table structure for table `test`
--

CREATE TABLE IF NOT EXISTS `test` (
  `id` int(11) NOT NULL,
  `name` varchar(45) DEFAULT NULL,
  PRIMARY KEY (`id`)
) ENGINE=InnoDB DEFAULT CHARSET=utf8;

-- --------------------------------------------------------

--
-- Table structure for table `users`
--

CREATE TABLE IF NOT EXISTS `users` (
  `id` int(11) NOT NULL AUTO_INCREMENT COMMENT 'เน€เธ�โ�ฌเน€เธ�ย�เน€เธ�ย�เน€เธ�โ�ฌเน€เธ�ย�เน€เธ�ย�เน€เธ�โ�ฌเน€เธ�ย�เน€เธ�โ€�เน€เธ�โ�ฌเน€เธ�ย�เน€เธ�ย�',
  `role_id` int(11) NOT NULL,
  `username` varchar(200) NOT NULL,
  `password` varchar(100) NOT NULL COMMENT 'เน€เธ�โ�ฌเน€เธ�ย�เน€เธ�ย�เน€เธ�โ�ฌเน€เธ�ย�เน€เธ�ย�เน€เธ�โ�ฌเน€เธ�ย�เน€เธ�โ€�เน€เธ�โ�ฌเน€เธ�ย�เน€เธ�ย�เน€เธ�โ�ฌเน€เธ�ย�เธขย�เน€เธ�โ�ฌเน€เธ�ย�เธขย�เน€เธ�โ�ฌเน€เธ�ย�เน€เธ�โ€�เน€เธ�โ�ฌเน€เธ�ย�เธขย�',
  `status` varchar(255) NOT NULL COMMENT 'เน€เธ�โ�ฌเน€เธ�ย�เน€เธ�ย�เน€เธ�โ�ฌเน€เธ�ย�เน�โ�ฌโ€�เน€เธ�โ�ฌเน€เธ�ย�เน€เธ�โ€�เน€เธ�โ�ฌเน€เธ�ย�เธขย�เน€เธ�โ�ฌเน€เธ�ย�เน€เธ�ย�',
  `create_by` int(11) DEFAULT NULL COMMENT 'เน€เธ�โ�ฌเน€เธ�ย�เน€เธ�ย�เน€เธ�โ�ฌเน€เธ�ย�เน€เธ�ย�เน€เธ�โ�ฌเน€เธ�ย�เธขย�เน€เธ�โ�ฌเน€เธ�ย�เน€เธ�โ€�เน€เธ�โ�ฌเน€เธ�ย�เธขย�เน€เธ�โ�ฌเน€เธ�ย�เธขย�เน€เธ�โ�ฌเน€เธ�ย�เน�โ�ฌย�เน€เธ�โ�ฌเน€เธ�ย�เน€เธ�ย�',
  `latest_login` datetime NOT NULL COMMENT 'เน€เธ�โ�ฌเน€เธ�ย�เน�ย�เธ�เน€เธ�โ�ฌเน€เธ�ย�เธขย�เน€เธ�โ�ฌเน€เธ�ย�เธขย�เน€เธ�โ�ฌเน€เธ�ย�เน€เธ�โ€�เน€เธ�โ�ฌเน€เธ�ย�เน€เธ�ย�เน€เธ�โ�ฌเน€เธ�ย�เน€เธ�ย�เน€เธ�โ�ฌเน€เธ�ย�เธขย�เน€เธ�โ�ฌเน€เธ�ย�เน€เธ�ย�เน€เธ�โ�ฌเน€เธ�ย�เน€เธ�ย�เน€เธ�โ�ฌเน€เธ�ย�เธขย�เน€เธ�โ�ฌเน€เธ�ย',
  `department_id` int(11) DEFAULT NULL,
  `email` varchar(255) DEFAULT NULL,
  `token_id` varchar(100) DEFAULT NULL,
  `phone_type` varchar(1) DEFAULT NULL COMMENT '''1=IOS,2=ANDRIOD''',
  `user_type` varchar(1) DEFAULT NULL COMMENT '''1=Staff,2=Mobile''',
  `create_date` datetime DEFAULT NULL,
  `app_id` int(11) NOT NULL,
  PRIMARY KEY (`id`,`username`,`app_id`),
  KEY `role_id` (`role_id`),
  KEY `department_id` (`department_id`),
  KEY `status` (`status`)
) ENGINE=InnoDB  DEFAULT CHARSET=utf8 AUTO_INCREMENT=55 ;

--
-- Dumping data for table `users`
--

INSERT INTO `users` (`id`, `role_id`, `username`, `password`, `status`, `create_by`, `latest_login`, `department_id`, `email`, `token_id`, `phone_type`, `user_type`, `create_date`, `app_id`) VALUES
(25, -1, '03d1ce399fe2f6185c76880f2748026e50d151d6f4c50bbfd18ffce5f97b1124', '', 'ACTIVE', NULL, '0000-00-00 00:00:00', NULL, NULL, '03d1ce399fe2f6185c76880f2748026e50d151d6f4c50bbfd18ffce5f97b1124', '1', '1', '2013-11-27 10:17:41', 1),
(26, -1, '54c037d277f0f29e43fb7bde995f94b8d3bb82cf7349bfdfdc5ec930510c3a37', '', 'ACTIVE', NULL, '0000-00-00 00:00:00', NULL, NULL, '54c037d277f0f29e43fb7bde995f94b8d3bb82cf7349bfdfdc5ec930510c3a37', '1', '1', '2013-11-27 10:25:02', 4),
(27, -1, 'c8f91084cace1d00f8845bf43c3b94e8f8865f035fc1b0b99ae6e6d4ece92290', '', 'ACTIVE', NULL, '0000-00-00 00:00:00', NULL, NULL, 'c8f91084cace1d00f8845bf43c3b94e8f8865f035fc1b0b99ae6e6d4ece92290', '1', '1', '2013-11-27 15:33:17', 3),
(28, -1, 'f28b467e97d25aaed64f1e0de0c92c5aaa4adb0678f3c8a1e43c36c0e56e6368', '', 'ACTIVE', NULL, '0000-00-00 00:00:00', NULL, NULL, 'f28b467e97d25aaed64f1e0de0c92c5aaa4adb0678f3c8a1e43c36c0e56e6368', '1', '1', '2013-11-27 16:39:29', 2),
(29, -1, 'be1e58157bc4f5e134a44bf62fc01787cd81b245bf25c1891a1bd68cc4422d84', '', 'ACTIVE', NULL, '0000-00-00 00:00:00', NULL, NULL, 'be1e58157bc4f5e134a44bf62fc01787cd81b245bf25c1891a1bd68cc4422d84', '1', '1', '2013-11-28 17:49:28', 1),
(30, -1, 'a23b904e28ea7872218e1dd76fa5725ba0715b68cf9d439f470f07011d83964e', '', 'ACTIVE', NULL, '0000-00-00 00:00:00', NULL, NULL, 'a23b904e28ea7872218e1dd76fa5725ba0715b68cf9d439f470f07011d83964e', '1', '1', '2013-11-28 17:53:09', 4),
(31, -1, 'dc3fa9be2ceec31a5100ae3e5d405c89e3cbea91456479749066fe6df412d088', '', 'ACTIVE', NULL, '0000-00-00 00:00:00', NULL, NULL, 'dc3fa9be2ceec31a5100ae3e5d405c89e3cbea91456479749066fe6df412d088', '1', '1', '2013-11-28 22:28:23', 2),
(32, -1, 'e64d2c71002d460021bc677d37e629ff6323210558279aba3936fa1c44d60d3b', '', 'ACTIVE', NULL, '0000-00-00 00:00:00', NULL, NULL, 'e64d2c71002d460021bc677d37e629ff6323210558279aba3936fa1c44d60d3b', '1', '1', '2013-11-28 22:45:26', 3),
(33, 1, 'admin', '5f4dcc3b5aa765d61d8327deb882cf99', 'ACTIVE', 0, '2013-12-11 20:08:46', 1, 'pawit1357@hotmail.com', NULL, NULL, '1', NULL, 0),
(34, 2, 'life', '5f4dcc3b5aa765d61d8327deb882cf99', 'ACTIVE', 0, '2013-12-18 21:32:55', 1, 'pawit1357@hotmail.com', NULL, NULL, '1', NULL, 1),
(35, 2, 'sph', '5f4dcc3b5aa765d61d8327deb882cf99', 'ACTIVE', 0, '2013-12-18 22:13:12', 2, 'pawit1357@hotmail.com', NULL, NULL, '1', NULL, 2),
(36, 2, 'house', '5f4dcc3b5aa765d61d8327deb882cf99', 'ACTIVE', 0, '2013-12-18 22:09:43', 3, 'pawit1357@hotmail.com', NULL, NULL, '1', NULL, 3),
(37, 2, 'lib', '5f4dcc3b5aa765d61d8327deb882cf99', 'ACTIVE', 0, '2013-12-18 21:33:47', 4, 'pawit1357@hotmail.com', NULL, NULL, '1', NULL, 4),
(38, -1, '9b67b97c5461cd5cccc43342bbf4ce88cf0c73b16305ff1338446f38d818adf8', '', 'ACTIVE', NULL, '0000-00-00 00:00:00', NULL, NULL, '9b67b97c5461cd5cccc43342bbf4ce88cf0c73b16305ff1338446f38d818adf8', '1', '1', '2013-12-07 15:17:28', 2),
(39, -1, 'd87f11a544b21b97cc30f2344fc7b637f29f8bb4d931c70d6c5eb69c8d1f0f16', '', 'ACTIVE', NULL, '0000-00-00 00:00:00', NULL, NULL, 'd87f11a544b21b97cc30f2344fc7b637f29f8bb4d931c70d6c5eb69c8d1f0f16', '1', '1', '2013-12-07 18:46:01', 4),
(40, -1, '61e65fb357ce44477ffcf948f8c299446dae71e62fcabbd110da0f45f7e17920', '', 'ACTIVE', NULL, '0000-00-00 00:00:00', NULL, NULL, '61e65fb357ce44477ffcf948f8c299446dae71e62fcabbd110da0f45f7e17920', '1', '1', '2013-12-08 06:42:45', 1),
(41, -1, '61e65fb357ce44477ffcf948f8c299446dae71e62fcabbd110da0f45f7e17920', '', 'ACTIVE', NULL, '0000-00-00 00:00:00', NULL, NULL, '61e65fb357ce44477ffcf948f8c299446dae71e62fcabbd110da0f45f7e17920', '1', '1', '2013-12-08 07:30:22', 4),
(42, -1, '61e65fb357ce44477ffcf948f8c299446dae71e62fcabbd110da0f45f7e17920', '', 'ACTIVE', NULL, '0000-00-00 00:00:00', NULL, NULL, '61e65fb357ce44477ffcf948f8c299446dae71e62fcabbd110da0f45f7e17920', '1', '1', '2013-12-08 08:03:37', 3),
(43, -1, '61e65fb357ce44477ffcf948f8c299446dae71e62fcabbd110da0f45f7e17920', '', 'ACTIVE', NULL, '0000-00-00 00:00:00', NULL, NULL, '61e65fb357ce44477ffcf948f8c299446dae71e62fcabbd110da0f45f7e17920', '1', '1', '2013-12-08 10:33:30', 2),
(44, -1, '7e0301a7551d9045a4c33e39fafd0d6252e728e3126d3469e043197570675e71', '', 'ACTIVE', NULL, '0000-00-00 00:00:00', NULL, NULL, '7e0301a7551d9045a4c33e39fafd0d6252e728e3126d3469e043197570675e71', '1', '1', '2013-12-10 11:07:32', 1),
(45, -1, '63619871ec5a7b08a4599c494eaaf1e3b8b1cc0346828eba0a4df2834e8fdd5c', '', 'ACTIVE', NULL, '0000-00-00 00:00:00', NULL, NULL, '63619871ec5a7b08a4599c494eaaf1e3b8b1cc0346828eba0a4df2834e8fdd5c', '1', '1', '2013-12-10 11:08:25', 2),
(46, -1, 'fb9ba86ce6cf85d0c793060da70e9b5e062eb0747f1582a1660ee6c31e8d81b9', '', 'ACTIVE', NULL, '0000-00-00 00:00:00', NULL, NULL, 'fb9ba86ce6cf85d0c793060da70e9b5e062eb0747f1582a1660ee6c31e8d81b9', '1', '1', '2013-12-10 11:09:51', 3),
(47, -1, '1d40018374849fe550876e3e27d696d6ecf57447be5762aa0e7e4dfea8fc0f92', '', 'ACTIVE', NULL, '0000-00-00 00:00:00', NULL, NULL, '1d40018374849fe550876e3e27d696d6ecf57447be5762aa0e7e4dfea8fc0f92', '1', '1', '2013-12-10 11:10:34', 4),
(48, -1, '8bbf63e4c484960620e3048cc21d6ad22fcd05b7f962b491395c465adc882e88', '', 'ACTIVE', NULL, '0000-00-00 00:00:00', NULL, NULL, '8bbf63e4c484960620e3048cc21d6ad22fcd05b7f962b491395c465adc882e88', '1', '1', '2013-12-11 08:19:19', 3),
(49, -1, '36a02bacb12d510db5f705b270c7bc8b8bce314f1927268332420f6ad49e02c0', '', 'ACTIVE', NULL, '0000-00-00 00:00:00', NULL, NULL, '36a02bacb12d510db5f705b270c7bc8b8bce314f1927268332420f6ad49e02c0', '1', '1', '2013-12-11 08:30:39', 1),
(50, -1, '463b41b52495b241fc75d9941ce9d34bbfd8cce930c13d3779b0da1b29230ad8', '', 'ACTIVE', NULL, '0000-00-00 00:00:00', NULL, NULL, '463b41b52495b241fc75d9941ce9d34bbfd8cce930c13d3779b0da1b29230ad8', '1', '1', '2013-12-11 09:33:59', 3),
(51, -1, '82b7e9ce370fdd8cfaf58f87bda2b123222b317c3a11af829b16a468950269e2', '', 'ACTIVE', NULL, '0000-00-00 00:00:00', NULL, NULL, '82b7e9ce370fdd8cfaf58f87bda2b123222b317c3a11af829b16a468950269e2', '1', '1', '2013-12-16 12:30:16', 1),
(52, -1, '82b7e9ce370fdd8cfaf58f87bda2b123222b317c3a11af829b16a468950269e2', '', 'ACTIVE', NULL, '0000-00-00 00:00:00', NULL, NULL, '82b7e9ce370fdd8cfaf58f87bda2b123222b317c3a11af829b16a468950269e2', '1', '1', '2013-12-17 13:42:07', 3),
(53, -1, '6d6a43defa520cbf601e4f7f23c3008ca5451e8f1baad312b3701cf022a052a9', '', 'ACTIVE', NULL, '0000-00-00 00:00:00', NULL, NULL, '6d6a43defa520cbf601e4f7f23c3008ca5451e8f1baad312b3701cf022a052a9', '1', '1', '2013-12-17 13:45:36', 2),
(54, -1, '5a393a8c751f69086c7ea7c864fc42530fd069cc84726a48a3839cb82fb7b96f', '', 'ACTIVE', NULL, '0000-00-00 00:00:00', NULL, NULL, '5a393a8c751f69086c7ea7c864fc42530fd069cc84726a48a3839cb82fb7b96f', '1', '1', '2013-12-18 09:00:07', 4);

-- --------------------------------------------------------

--
-- Table structure for table `users_role`
--

CREATE TABLE IF NOT EXISTS `users_role` (
  `id` int(11) NOT NULL AUTO_INCREMENT,
  `name` varchar(255) NOT NULL,
  `description` text NOT NULL,
  `status` varchar(20) NOT NULL,
  PRIMARY KEY (`id`),
  UNIQUE KEY `name` (`name`)
) ENGINE=InnoDB  DEFAULT CHARSET=utf8 AUTO_INCREMENT=4 ;

--
-- Dumping data for table `users_role`
--

INSERT INTO `users_role` (`id`, `name`, `description`, `status`) VALUES
(-1, 'Mobile', '', ''),
(1, 'Admin', '3', 'HIDDEN'),
(2, 'Staff', '', ''),
(3, 'User', '', '');

--
-- Constraints for dumped tables
--

--
-- Constraints for table `status`
--
ALTER TABLE `status`
  ADD CONSTRAINT `status_ibfk_1` FOREIGN KEY (`status_group_id`) REFERENCES `status_group` (`id`);

--
-- Constraints for table `users`
--
ALTER TABLE `users`
  ADD CONSTRAINT `users_ibfk_3` FOREIGN KEY (`role_id`) REFERENCES `users_role` (`id`),
  ADD CONSTRAINT `users_ibfk_4` FOREIGN KEY (`status`) REFERENCES `status` (`status_code`),
  ADD CONSTRAINT `users_ibfk_5` FOREIGN KEY (`department_id`) REFERENCES `department` (`id`);

/*!40101 SET CHARACTER_SET_CLIENT=@OLD_CHARACTER_SET_CLIENT */;
/*!40101 SET CHARACTER_SET_RESULTS=@OLD_CHARACTER_SET_RESULTS */;
/*!40101 SET COLLATION_CONNECTION=@OLD_COLLATION_CONNECTION */;
