insert into city (id, name)
values (1, 'Харків'),
       (2, 'Київ'),
       (3, 'Львів'),
       (4, 'Полтава'),
       (5, 'Івано-Франківськ');

insert into street_type (id, name)
values (1, 'проспект'),
       (2, 'вулиця');

insert into street (id, name, type_id, city_id)
values (1, 'Харківський', 1, 1),
       (2, 'Харківська', 2, 1),
       (3, 'Київський', 1, 2),
       (4, 'Київська', 2, 2),
       (5, 'Львівський', 1, 3),
       (6, 'Львівська', 2, 3),
       (7, 'Полтавський', 1, 4),
       (8, 'Полтавська', 2, 4),
       (9, 'Івано-Франківський', 1, 5),
       (10, 'Івано-Франківська', 2, 5);

insert into address (id, number, street_id)
values (1, 1, 1),
       (2, 2, 1),
       (3, 3, 2),
       (4, 4, 2),
       (5, 5, 3),
       (6, 6, 3),
       (7, 7, 4),
       (8, 8, 4),
       (9, 9, 5),
       (10, 10, 5),
       (11, 11, 6),
       (12, 12, 6),
       (13, 13, 7),
       (14, 14, 7),
       (15, 15, 8),
       (16, 16, 8),
       (17, 17, 9),
       (18, 18, 9),
       (19, 19, 10),
       (20, 20, 10);

insert into store (name, address_id)
values ('Магазин 1', 1),
       ('Магазин 2', 2),
       ('Магазин 3', 3),
       ('Магазин 4', 4),
       ('Магазин 1', 5),
       ('Магазин 2', 6),
       ('Магазин 3', 7),
       ('Магазин 4', 8),
       ('Магазин 1', 9),
       ('Магазин 2', 10),
       ('Магазин 3', 11),
       ('Магазин 4', 12),
       ('Магазин 1', 13),
       ('Магазин 2', 14),
       ('Магазин 3', 15),
       ('Магазин 4', 16),
       ('Магазин 1', 17),
       ('Магазин 2', 18),
       ('Магазин 3', 19),
       ('Магазин 4', 20);

-- insert into product_category (id, name)
-- values (1, 'сантехніка'),
--        (2, 'меблі'),
--        (3, 'електроніка'),
--        (4, 'продукти'),
--        (5, 'одяг');
--
-- insert into product (name, category_id)
-- values ('унітаз', 1),
--        ('ванна', 1),
--        ('душ', 1),
--        ('мийка', 1),
--        ('водопровід', 1),
--        ('стіл', 2),
--        ('ліжко', 2),
--        ('шафа', 2),
--        ('стілець', 2),
--        ('комод', 2),
--        ('ноутбук', 3),
--        ('телевізор', 3),
--        ('мобільний телефон', 3),
--        ('колонка', 3),
--        ('комп''ютер', 3),
--        ('цукерки', 4),
--        ('риба', 4),
--        ('овочі', 4),
--        ('фрукти', 4),
--        ('м''ясо', 4),
--        ('кросівки', 5),
--        ('шапка', 5),
--        ('штани', 5),
--        ('рукавички', 5),
--        ('джемпер', 5);

