﻿--
-- Script was generated by Devart dbForge Studio for MySQL, Version 8.0.40.0
-- Product home page: http://www.devart.com/dbforge/mysql/studio
-- Script date 17/02/2022 11:50:31
-- Server version: 5.5.5-10.1.40-MariaDB
-- Client version: 4.1
--

-- 
-- Disable foreign keys
-- 
/*!40014 SET @OLD_FOREIGN_KEY_CHECKS=@@FOREIGN_KEY_CHECKS, FOREIGN_KEY_CHECKS=0 */;

-- 
-- Set SQL mode
-- 
/*!40101 SET @OLD_SQL_MODE=@@SQL_MODE, SQL_MODE='NO_AUTO_VALUE_ON_ZERO' */;

-- 
-- Set character set the client will use to send SQL statements to the server
--
SET NAMES 'utf8';

--
-- Set default database
--
USE alumnos_empresas;

--
-- Drop table `acuden`
--
DROP TABLE IF EXISTS acuden;

--
-- Drop table `cursan`
--
DROP TABLE IF EXISTS cursan;

--
-- Drop table `alumnos`
--
DROP TABLE IF EXISTS alumnos;

--
-- Drop table `empresas`
--
DROP TABLE IF EXISTS empresas;

--
-- Drop table `cursos`
--
DROP TABLE IF EXISTS cursos;

--
-- Set default database
--
USE alumnos_empresas;

--
-- Create table `cursos`
--
CREATE TABLE cursos (
  codigo varchar(6) NOT NULL,
  nombre varchar(45) DEFAULT NULL,
  duracion time DEFAULT NULL,
  PRIMARY KEY (codigo)
)
ENGINE = INNODB,
AVG_ROW_LENGTH = 546,
CHARACTER SET latin1,
COLLATE latin1_swedish_ci;

--
-- Create table `empresas`
--
CREATE TABLE empresas (
  cif varchar(10) NOT NULL,
  nombre varchar(50) DEFAULT NULL,
  direccion varchar(120) DEFAULT NULL,
  telefono int(9) DEFAULT NULL,
  tutor varchar(60) DEFAULT NULL,
  PRIMARY KEY (cif)
)
ENGINE = INNODB,
AVG_ROW_LENGTH = 546,
CHARACTER SET latin1,
COLLATE latin1_swedish_ci;

--
-- Create table `alumnos`
--
CREATE TABLE alumnos (
  dni varchar(9) NOT NULL,
  nombre varchar(55) DEFAULT NULL,
  telefono int(9) DEFAULT NULL,
  fecha_nacimiento date DEFAULT NULL,
  PRIMARY KEY (dni)
)
ENGINE = INNODB,
AVG_ROW_LENGTH = 546,
CHARACTER SET latin1,
COLLATE latin1_swedish_ci;

--
-- Create table `cursan`
--
CREATE TABLE cursan (
  id_cursan int(11) NOT NULL AUTO_INCREMENT,
  dni_alumnos varchar(9) DEFAULT NULL,
  codigo_cursos varchar(6) DEFAULT NULL,
  fecha_inicio date DEFAULT NULL,
  fecha_fin date DEFAULT NULL,
  PRIMARY KEY (id_cursan)
)
ENGINE = INNODB,
AUTO_INCREMENT = 31,
AVG_ROW_LENGTH = 546,
CHARACTER SET latin1,
COLLATE latin1_swedish_ci;

--
-- Create index `uk_alumnos_cursos` on table `cursan`
--
ALTER TABLE cursan
ADD UNIQUE INDEX uk_alumnos_cursos (dni_alumnos, codigo_cursos);

--
-- Create foreign key
--
ALTER TABLE cursan
ADD CONSTRAINT fk_cursan_alumnos FOREIGN KEY (dni_alumnos)
REFERENCES alumnos (dni);

--
-- Create foreign key
--
ALTER TABLE cursan
ADD CONSTRAINT fk_cursan_cursos FOREIGN KEY (codigo_cursos)
REFERENCES cursos (codigo);

--
-- Create table `acuden`
--
CREATE TABLE acuden (
  id_acuden int(11) NOT NULL AUTO_INCREMENT,
  cif_empresa varchar(10) DEFAULT NULL,
  dni_alumnos varchar(9) DEFAULT NULL,
  fecha_inicio date DEFAULT NULL,
  fecha_final date DEFAULT NULL,
  PRIMARY KEY (id_acuden)
)
ENGINE = INNODB,
AUTO_INCREMENT = 31,
AVG_ROW_LENGTH = 546,
CHARACTER SET latin1,
COLLATE latin1_swedish_ci;

--
-- Create index `uk_empresas_alumnos` on table `acuden`
--
ALTER TABLE acuden
ADD UNIQUE INDEX uk_empresas_alumnos (cif_empresa, dni_alumnos);

--
-- Create foreign key
--
ALTER TABLE acuden
ADD CONSTRAINT fk_acuden_alumnos FOREIGN KEY (dni_alumnos)
REFERENCES alumnos (dni);

--
-- Create foreign key
--
ALTER TABLE acuden
ADD CONSTRAINT fk_acuden_empresas FOREIGN KEY (cif_empresa)
REFERENCES empresas (cif);

-- 
-- Dumping data for table cursos
--
INSERT INTO cursos VALUES
('ID000', 'Marketing', '20:33:07'),
('ID001', 'Sales', '20:37:07'),
('ID002', 'Information Technology', '21:08:43'),
('ID003', 'Facilities', '20:01:08'),
('ID004', 'Information Technology', '21:18:44'),
('ID005', 'Research and Development', '21:48:57'),
('ID006', 'Executive', '23:25:04'),
('ID007', 'Executive', '22:15:05'),
('ID008', 'Sales', '23:38:04'),
('ID009', 'Research and Development', '21:26:25'),
('ID010', 'Executive', '23:16:55'),
('ID011', 'Executive', '20:10:13'),
('ID012', 'Customer Support', '23:43:27'),
('ID013', 'Information Technology', '22:56:04'),
('ID014', 'Operations', '23:23:39'),
('ID015', 'Facilities', '20:00:01'),
('ID016', 'Customer Support', '21:39:23'),
('ID017', 'Consulting', '23:08:46'),
('ID018', 'Executive', '21:06:15'),
('ID019', 'Sales', '22:49:05'),
('ID020', 'Executive', '20:00:07'),
('ID021', 'Information Technology', '22:07:31'),
('ID022', 'Operations', '20:00:09'),
('ID023', 'Customer Support', '23:36:34'),
('ID024', 'Customer Support', '22:50:18'),
('ID025', 'Executive', '23:48:28'),
('ID026', 'Information Technology', '20:01:05'),
('ID027', 'Information Technology', '20:00:03'),
('ID028', 'Sales', '21:45:10'),
('ID029', 'Marketing', '20:20:00');

-- 
-- Dumping data for table empresas
--
INSERT INTO empresas VALUES
('A41423815', 'Global Software Inc.', '85 White Mount Pkwy', 626941941, 'Gunde Danziger'),
('A61173668', 'North Products Corp.', '2467 S Market Street', 616775021, 'Birkheid Bering'),
('B01455807', 'General Mobile Inc.', '865 New Hazelwood Road', 675223796, 'Anneliese umpf'),
('B09276979', 'Western Entertainment Inc.', '3179 Parkwood Pkwy', 624128018, 'Dareen Kauer'),
('B11019573', 'National Space Research Group', '3940 South Cedar Tree Ct', 647659804, 'Fortunatus Blücher'),
('B22178490', 'American A-Mobile Group', '2631 White Lake Lane', 650869322, 'Barthel  Hielscher'),
('B74616728', 'Union High-Technologies Group', '26 North Buttonwood Pkwy', 625847346, 'Sakias Zinger'),
('B81480331', 'Pacific F-Mobile Corporation', '3017 Pine Tree Parkway', 616151058, 'Hadewin Konradi'),
('C12484833', 'Professional High-Technologies Inc.', '2150 SW Riverview Avenue', 619608974, 'Godric Döring'),
('C18913731', 'American Wave Energy Corp.', '491 White Prospect Hill Parkway', 605800947, 'Ejs Hildenbrand'),
('C42883892', 'American I-Mobile Inc.', '3656 Stonewood Parkway', 617928312, 'Juni Berens'),
('C71338742', 'General Entertainment Group', '1614 Mountain Court', 636121029, 'Bartholomäus  Adler'),
('C86554691', 'General Nuclear Energy Group', '20 Waterview Loop', 646084836, 'Olf Mering'),
('C95928083', 'Creative Laboratories Co.', '2381 Front Blvd', 655036055, 'Bithja Göring'),
('C98015343', 'Western Space Research Group', '611 Prospect Hill Drive', 616168812, 'Dietmut öller'),
('D03669109', 'East Space Research Corp.', '85 Waterview Lane', 672601496, 'Dismas Angst'),
('D47537961', 'Special Space Explore Corp.', '1808 Market Hwy', 624413682, 'Baldur  Dorn'),
('D59387320', 'Canadian Financial Corporation', '3433 Fox Hill Ln', 688764324, 'Baldrun Kaufmann'),
('D70070882', 'American Partners Inc.', '217 South Pine Tree Ave', 661279753, 'Bringfred Högl'),
('D71356612', 'West Coast High-Technologies Corporation', '46 Cedar Tree Hwy', 649460500, 'Fredi Högl'),
('F25819873', 'Federal U-Mobile Corporation', '1917 Parkwood Court', 632513551, 'Baldur  Franke'),
('F59722141', 'General Oil Co.', '774 Ironwood Avenue', 644257999, 'Cyriac Altmann'),
('F77759633', 'Federal Consulting Inc.', '2020 Town Ct', 654872812, 'Rebana Bartels'),
('F79281006', 'Special Space Explore Inc.', '303 SW Hunting Hill Loop', 660946849, 'Aleka  Grasse'),
('F87447160', 'Global Investment Inc.', '1537 N Fox Hill Pkwy', 688127678, 'Falk Guggenberger'),
('F93687023', 'Domestic 3G Wireless Inc.', '81 Rushwood Blvd', 671889359, 'Felino Stuchenberg'),
('J49163460', 'International Space Explore Co.', '144 North Ashwood Cir', 602414849, 'Kolumban Lenz'),
('J94345174', 'East Financial Corporation', '27 West Fox Hill Ct', 643470995, 'Siw Berend'),
('S07361235', 'Australian Space Research Group', '499 Hazelwood Ct', 644949527, 'Herwald Mager'),
('S81938382', 'Smart High-Technologies Group', '2478 New Oak Street', 658502057, 'Minette Wirt');

-- 
-- Dumping data for table alumnos
--
INSERT INTO alumnos VALUES
('04739033G', 'Kennith Carswell', 613902039, '1998-01-17'),
('06294481Z', 'Freeda Brinkley', 657448263, '1998-08-02'),
('16388614Y', 'Vanita Edmonds', 617428434, '2002-02-15'),
('16627645G', 'Christian Abernathy', 687121554, '2001-02-07'),
('21014254Z', 'Jeffry Pease', 665049745, '1999-11-09'),
('25799734C', 'Addie Tyner', 612455335, '1999-04-20'),
('30690143G', 'Cora Pacheco', 623003283, '2001-07-20'),
('35512252G', 'Marco Horn', 645707546, '1998-10-07'),
('40784958Y', 'Tory Olson', 631253886, '2002-01-02'),
('44818897B', 'Bennie Broussard', 677828188, '1998-04-08'),
('44949649S', 'Nerissa Word', 619504856, '1998-01-31'),
('45505373S', 'Alfonzo Bohn', 634361266, '2002-02-01'),
('46577303C', 'Carline Mccall', 601112561, '1998-04-27'),
('49415639C', 'Cassi Atkinson', 607767453, '2002-04-11'),
('49729296Z', 'Cary Benitez', 666066147, '2001-08-14'),
('52323831Y', 'Stevie Durham', 659258232, '2001-08-09'),
('53005228A', 'Tanner Butler', 612128725, '1998-09-15'),
('57618044S', 'Kathyrn Beatty', 628552097, '2001-10-25'),
('60100200B', 'Federico Lujan', 666935819, '2001-08-05'),
('61408936C', 'Glynis Battle', 665080178, '1999-03-04'),
('68663360Z', 'Cleotilde Gorman', 612401523, '1999-06-23'),
('69655329B', 'Erasmo Joe', 656450496, '1998-04-14'),
('70068061Y', 'Joshua Villasenor', 670766119, '2000-07-06'),
('73619469Z', 'Gus Sawyer', 635847064, '1998-08-09'),
('82205721A', 'Emmett Musgrove', 671861938, '1999-04-11'),
('82379250Z', 'Joeann Garcia', 665768107, '2000-05-23'),
('83395081S', 'Rodrick Paulsen', 682927749, '2000-04-15'),
('86661092Y', 'Amiee Pond', 607820318, '2002-02-12'),
('87575200Y', 'Kevin Kim', 673283624, '1998-02-27'),
('96172036Z', 'Akiko Lester', 672822179, '1999-11-20');

-- 
-- Dumping data for table cursan
--
INSERT INTO cursan VALUES
(1, '87575200Y', 'ID028', '2021-09-29', '2022-06-27'),
(2, '21014254Z', 'ID019', '2021-09-29', '2022-06-27'),
(3, '45505373S', 'ID012', '2021-09-29', '2022-06-27'),
(4, '86661092Y', 'ID016', '2021-09-29', '2022-06-27'),
(5, '30690143G', 'ID009', '2021-09-29', '2022-06-27'),
(6, '25799734C', 'ID013', '2021-09-29', '2022-06-27'),
(7, '49729296Z', 'ID002', '2021-09-29', '2022-06-27'),
(8, '35512252G', 'ID006', '2021-09-29', '2022-06-27'),
(9, '57618044S', 'ID003', '2021-09-29', '2022-06-27'),
(10, '68663360Z', 'ID010', '2021-09-29', '2022-06-27'),
(11, '16388614Y', 'ID000', '2021-09-29', '2022-06-27'),
(12, '53005228A', 'ID007', '2021-09-29', '2022-06-27'),
(13, '44818897B', 'ID029', '2021-09-29', '2022-06-27'),
(14, '82205721A', 'ID025', '2021-09-29', '2022-06-27'),
(15, '52323831Y', 'ID022', '2021-09-29', '2022-06-27'),
(16, '96172036Z', 'ID026', '2021-09-29', '2022-06-27'),
(17, '73619469Z', 'ID011', '2021-09-29', '2022-06-27'),
(18, '46577303C', 'ID008', '2021-09-29', '2022-06-27'),
(19, '69655329B', 'ID004', '2021-09-29', '2022-06-27'),
(20, '44949649S', 'ID020', '2021-09-29', '2022-06-27'),
(21, '04739033G', 'ID001', '2021-09-29', '2022-06-27'),
(22, '70068061Y', 'ID023', '2021-09-29', '2022-06-27'),
(23, '83395081S', 'ID005', '2021-09-29', '2022-06-27'),
(24, '49415639C', 'ID027', '2021-09-29', '2022-06-27'),
(25, '61408936C', 'ID017', '2021-09-29', '2022-06-27'),
(26, '60100200B', 'ID024', '2021-09-29', '2022-06-27'),
(27, '16627645G', 'ID014', '2021-09-29', '2022-06-27'),
(28, '82379250Z', 'ID018', '2021-09-29', '2022-06-27'),
(29, '06294481Z', 'ID021', '2021-09-29', '2022-06-27'),
(30, '40784958Y', 'ID015', '2021-09-29', '2022-06-27');

-- 
-- Dumping data for table acuden
--
INSERT INTO acuden VALUES
(1, 'C98015343', '87575200Y', '2022-03-21', '2022-06-21'),
(2, 'C42883892', '21014254Z', '2022-03-21', '2022-06-21'),
(3, 'F59722141', '45505373S', '2022-03-21', '2022-06-23'),
(4, 'J49163460', '86661092Y', '2022-03-21', '2022-06-23'),
(5, 'C71338742', '30690143G', '2022-03-21', '2022-06-22'),
(6, 'F77759633', '25799734C', '2022-03-21', '2022-06-22'),
(7, 'S81938382', '49729296Z', '2022-03-21', '2022-06-22'),
(8, 'S07361235', '35512252G', '2022-03-21', '2022-06-22'),
(9, 'A61173668', '57618044S', '2022-03-21', '2022-06-22'),
(10, 'D71356612', '68663360Z', '2022-03-21', '2022-06-23'),
(11, 'B11019573', '16388614Y', '2022-03-21', '2022-06-22'),
(12, 'D47537961', '53005228A', '2022-03-21', '2022-06-22'),
(13, 'F87447160', '44818897B', '2022-03-21', '2022-06-21'),
(14, 'B22178490', '82205721A', '2022-03-21', '2022-06-21'),
(15, 'D03669109', '52323831Y', '2022-03-21', '2022-06-22'),
(16, 'A41423815', '96172036Z', '2022-03-21', '2022-06-22'),
(17, 'D70070882', '73619469Z', '2022-03-21', '2022-06-21'),
(18, 'J94345174', '46577303C', '2022-03-21', '2022-06-23'),
(19, 'C95928083', '69655329B', '2022-03-21', '2022-06-21'),
(20, 'C86554691', '44949649S', '2022-03-21', '2022-06-21'),
(21, 'B81480331', '04739033G', '2022-03-21', '2022-06-22'),
(22, 'B74616728', '70068061Y', '2022-03-21', '2022-06-21'),
(23, 'C18913731', '83395081S', '2022-03-21', '2022-06-23'),
(24, 'F79281006', '49415639C', '2022-03-21', '2022-06-22'),
(25, 'C12484833', '61408936C', '2022-03-21', '2022-06-23'),
(26, 'F93687023', '60100200B', '2022-03-21', '2022-06-22'),
(27, 'D59387320', '16627645G', '2022-03-21', '2022-06-22'),
(28, 'B09276979', '82379250Z', '2022-03-21', '2022-06-22'),
(29, 'F25819873', '06294481Z', '2022-03-21', '2022-06-22'),
(30, 'B01455807', '40784958Y', '2022-03-21', '2022-06-22');

-- 
-- Restore previous SQL mode
-- 
/*!40101 SET SQL_MODE=@OLD_SQL_MODE */;

-- 
-- Enable foreign keys
-- 
/*!40014 SET FOREIGN_KEY_CHECKS = @OLD_FOREIGN_KEY_CHECKS */;