﻿--
-- Script was generated by Devart dbForge Studio for MySQL, Version 8.0.40.0
-- Product home page: http://www.devart.com/dbforge/mysql/studio
-- Script date 17/02/2022 10:29:08
-- Server version: 5.5.5-10.1.40-MariaDB
-- Client version: 4.1
--

-- 
-- Disable foreign keys
-- 
/*!40014 SET @OLD_FOREIGN_KEY_CHECKS=@@FOREIGN_KEY_CHECKS, FOREIGN_KEY_CHECKS=0 */;

-- 
-- Set SQL mode
-- 
/*!40101 SET @OLD_SQL_MODE=@@SQL_MODE, SQL_MODE='NO_AUTO_VALUE_ON_ZERO' */;

-- 
-- Set character set the client will use to send SQL statements to the server
--
SET NAMES 'utf8';

--
-- Set default database
--
USE exitos;

--
-- Drop table `forman`
--
DROP TABLE IF EXISTS forman;

--
-- Drop table `albumes`
--
DROP TABLE IF EXISTS albumes;

--
-- Drop table `lanzamientos`
--
DROP TABLE IF EXISTS lanzamientos;

--
-- Drop table `canciones`
--
DROP TABLE IF EXISTS canciones;

--
-- Drop table `artistas`
--
DROP TABLE IF EXISTS artistas;

--
-- Drop table `grupos`
--
DROP TABLE IF EXISTS grupos;

--
-- Set default database
--
USE exitos;

--
-- Create table `grupos`
--
CREATE TABLE grupos (
  idgrupo int(11) NOT NULL AUTO_INCREMENT,
  nombre varchar(80) DEFAULT NULL,
  PRIMARY KEY (idgrupo)
)
ENGINE = INNODB,
AUTO_INCREMENT = 28,
AVG_ROW_LENGTH = 606,
CHARACTER SET latin1,
COLLATE latin1_swedish_ci;

--
-- Create table `artistas`
--
CREATE TABLE artistas (
  idartista int(11) NOT NULL AUTO_INCREMENT,
  nombre varchar(80) DEFAULT NULL,
  idgrupo int(11) DEFAULT NULL,
  PRIMARY KEY (idartista)
)
ENGINE = INNODB,
AUTO_INCREMENT = 28,
AVG_ROW_LENGTH = 606,
CHARACTER SET latin1,
COLLATE latin1_swedish_ci;

--
-- Create foreign key
--
ALTER TABLE artistas
ADD CONSTRAINT fk_artistas_grupos FOREIGN KEY (idgrupo)
REFERENCES grupos (idgrupo);

--
-- Create table `canciones`
--
CREATE TABLE canciones (
  idcancion int(11) NOT NULL AUTO_INCREMENT,
  nombre varchar(80) DEFAULT NULL,
  duracion time DEFAULT NULL,
  lanzamiento date DEFAULT NULL,
  reproducciones bigint(20) DEFAULT NULL,
  PRIMARY KEY (idcancion)
)
ENGINE = INNODB,
AUTO_INCREMENT = 28,
AVG_ROW_LENGTH = 606,
CHARACTER SET latin1,
COLLATE latin1_swedish_ci;

--
-- Create table `lanzamientos`
--
CREATE TABLE lanzamientos (
  idlanzamiento int(11) NOT NULL AUTO_INCREMENT,
  idartista int(11) NOT NULL,
  idcancion int(11) NOT NULL,
  PRIMARY KEY (idlanzamiento)
)
ENGINE = INNODB,
AUTO_INCREMENT = 28,
AVG_ROW_LENGTH = 606,
CHARACTER SET latin1,
COLLATE latin1_swedish_ci;

--
-- Create index `uk_artista_cancion` on table `lanzamientos`
--
ALTER TABLE lanzamientos
ADD UNIQUE INDEX uk_artista_cancion (idartista, idcancion);

--
-- Create foreign key
--
ALTER TABLE lanzamientos
ADD CONSTRAINT fk_lanzamientos_artistas FOREIGN KEY (idartista)
REFERENCES artistas (idartista);

--
-- Create foreign key
--
ALTER TABLE lanzamientos
ADD CONSTRAINT fk_lanzamientos_canciones FOREIGN KEY (idcancion)
REFERENCES canciones (idcancion);

--
-- Create table `albumes`
--
CREATE TABLE albumes (
  idalbum int(11) NOT NULL AUTO_INCREMENT,
  titulo varchar(80) DEFAULT NULL,
  genero varchar(80) DEFAULT NULL,
  PRIMARY KEY (idalbum)
)
ENGINE = INNODB,
AUTO_INCREMENT = 28,
AVG_ROW_LENGTH = 606,
CHARACTER SET latin1,
COLLATE latin1_swedish_ci;

--
-- Create table `forman`
--
CREATE TABLE forman (
  idforma int(11) NOT NULL AUTO_INCREMENT,
  idcancion int(11) NOT NULL,
  idalbum int(11) NOT NULL,
  PRIMARY KEY (idforma)
)
ENGINE = INNODB,
AUTO_INCREMENT = 28,
AVG_ROW_LENGTH = 606,
CHARACTER SET latin1,
COLLATE latin1_swedish_ci;

--
-- Create index `uk_album_cancion` on table `forman`
--
ALTER TABLE forman
ADD UNIQUE INDEX uk_album_cancion (idalbum, idcancion);

--
-- Create foreign key
--
ALTER TABLE forman
ADD CONSTRAINT fk_forman_albumes FOREIGN KEY (idalbum)
REFERENCES albumes (idalbum);

--
-- Create foreign key
--
ALTER TABLE forman
ADD CONSTRAINT fk_forman_canciones FOREIGN KEY (idcancion)
REFERENCES canciones (idcancion);

-- 
-- Dumping data for table grupos
--
INSERT INTO grupos VALUES
(1, 'Waterford'),
(2, 'Dzaoudzi Pamandzi'),
(3, 'Vaernes'),
(4, 'Principe'),
(5, 'Brochet Airport'),
(6, 'Maitland Airport'),
(7, 'Nairobi Wilson'),
(8, 'Courchevel Airport'),
(9, 'Cap Haitien Intl'),
(10, 'Port Columbus Intl'),
(11, 'Ankeny Regl Airport'),
(12, 'Mekoryuk Airport'),
(13, 'Dong Tac'),
(14, 'Akunnaaq Heliport'),
(15, 'Saga Airport'),
(16, 'Abaiang Atoll Airport'),
(17, 'Waimea Kohala'),
(18, 'Maitland Airport'),
(19, 'Pohnpei Intl'),
(20, 'Barinas'),
(21, 'Offutt Afb'),
(22, 'Eareckson As'),
(23, 'Ilheus'),
(24, 'Reggio Calabria'),
(25, 'Igor I Sikorsky Mem'),
(26, 'Kongiganak Airport'),
(27, 'Mount Pleasant');

-- 
-- Dumping data for table artistas
--
INSERT INTO artistas VALUES
(1, 'Stevie Frizzell', 26),
(2, 'Jackeline Acker', 6),
(3, 'Twila Bock', 26),
(4, 'Reina Adkins', 1),
(5, 'Lavonia Whiteside', 4),
(6, 'Kendrick Naranjo', 7),
(7, 'Kim Desantis', 27),
(8, 'Raul Palma', 7),
(9, 'Lorette Ortiz', 5),
(10, 'Jewel Plummer', 24),
(11, 'Carter Matlock', 2),
(12, 'Clemente Craddock', 3),
(13, 'Rolland Watson', 8),
(14, 'Kayleen Hogg', 18),
(15, 'Loise Mayers', 2),
(16, 'Marine Turley', 8),
(17, 'Debby Concepcion', 23),
(18, 'Kent Staton', 24),
(19, 'Emmett Moulton', 23),
(20, 'Clarinda Acker', 12),
(21, 'Darrick Cardoza', 10),
(22, 'Kecia Adcock', 9),
(23, 'Maurice Mireles', 17),
(24, 'Ruben Simpson', 21),
(25, 'Britt Malley', 7),
(26, 'Jamie Creech', 24),
(27, 'Luis Cruse', 20);

-- 
-- Dumping data for table canciones
--
INSERT INTO canciones VALUES
(1, 'Monofindoller', '00:03:38', '1978-04-19', 502452617776592499),
(2, 'Cleantopefon', '00:01:41', '1971-03-12', 3527601386599103028),
(3, 'Transceivscope', '00:00:01', '2012-06-07', 7963563850495310148),
(4, 'Readculor', '00:04:42', '2020-12-24', 3441041934208030865),
(5, 'Contopedgor', '00:04:57', '2021-10-22', 819277765753354687),
(6, 'Readtinaquer', '00:02:01', '2000-02-17', 5311859819480916246),
(7, 'Monlescope', '00:01:46', '2006-10-25', 4794976257867110928),
(8, 'Stereolifiridge', '00:04:26', '1970-12-25', 9184929846707433118),
(9, 'Cartnierentor', '00:00:45', '1971-06-17', 532),
(10, 'Micnientor', '00:00:08', '1970-10-21', 293),
(11, 'Rejectlet', '00:04:40', '2005-12-11', 5135529413285292510),
(12, 'Miclifiedgor', '00:02:55', '2005-07-04', 3698300174670418616),
(13, 'Transceiver', '00:01:15', '1970-10-18', 5559775162587457544),
(14, 'Readtaerer', '00:01:40', '1970-01-06', 5),
(15, 'Subwoofgaer', '00:02:26', '2005-03-28', 5836739729033151411),
(16, 'Conceivphone', '00:04:42', '1976-10-06', 8947272083157766048),
(17, 'Mictopepor', '00:00:34', '1971-05-27', 511),
(18, 'Montaphone', '00:03:23', '1990-08-01', 7517),
(19, 'Armcycllet', '00:03:20', '2010-11-01', 5993116134772306705),
(20, 'Tweetleefra', '00:00:41', '2010-11-23', 1197183708551309663),
(21, 'Supwoofewry', '00:03:43', '2000-03-17', 626941661218563962),
(22, 'Monjectplridge', '00:03:00', '1992-12-13', 2229317852262385734),
(23, 'Micplottor', '00:02:54', '1973-12-27', 4910413429733900683),
(24, 'Comniedgscope', '00:00:02', '2018-01-15', 6846770860132396445),
(25, 'Speaktaoller', '00:00:01', '1991-08-09', 3721719790519307430),
(26, 'Charlictry', '00:00:21', '1990-04-23', 7417),
(27, 'Readpickor', '00:00:04', '2019-05-16', 3763798291099855559);

-- 
-- Dumping data for table albumes
--
INSERT INTO albumes VALUES
(1, 'Conlifiedgor', 'Acifazon'),
(2, 'Projectry', 'Mykohydrosine'),
(3, 'Charcessridge', 'Exopalat'),
(4, 'Ancyclfiphone', 'Basdipivir'),
(5, 'Transcessletor', 'Vomazomuc'),
(6, 'Confinder', 'Robispoxin'),
(7, 'Speakcessfiry', 'Furoperide'),
(8, 'Transbanderator', 'Arithromynide'),
(9, 'Transculgaentor', 'Robizoxol'),
(10, 'Armputplry', 'Renadrodine'),
(11, 'Amptecticlet', 'Clopurivase'),
(12, 'Speakholdor', 'Lastepapin'),
(13, 'Ampmutator', 'Actiperifen'),
(14, 'Concordridge', 'Basperanal'),
(15, 'Bitecteror', 'Paratamdine'),
(16, 'Chartinar', 'Ecocurdene'),
(17, 'Suplictry', 'Cefamavex'),
(18, 'Cleantinupon', 'Acytazol'),
(19, 'Biplottra', 'Indaconsol'),
(20, 'Tweetceiventor', 'Epitamdar'),
(21, 'Rewoofridge', 'Captoperifen'),
(22, 'Tablescope', 'Azigodene'),
(23, 'Biwoofewer', 'Ebimavir'),
(24, 'Conwoofor', 'Furoxasol'),
(25, 'Comfindar', 'Aripadex'),
(26, 'Readleer', 'Acychlorideban'),
(27, 'Speaklictollor', 'Alficlotec');

-- 
-- Dumping data for table lanzamientos
--
INSERT INTO lanzamientos VALUES
(12, 1, 1),
(20, 2, 2),
(7, 3, 3),
(10, 4, 4),
(19, 5, 5),
(21, 6, 6),
(8, 7, 7),
(11, 8, 8),
(18, 9, 9),
(3, 10, 10),
(6, 11, 11),
(13, 12, 12),
(2, 13, 13),
(5, 14, 14),
(25, 15, 15),
(27, 16, 16),
(22, 17, 17),
(24, 18, 18),
(26, 19, 19),
(4, 20, 20),
(23, 21, 21),
(1, 22, 22),
(15, 23, 23),
(17, 24, 24),
(9, 25, 25),
(16, 26, 26),
(14, 27, 27);

-- 
-- Dumping data for table forman
--
INSERT INTO forman VALUES
(12, 1, 1),
(20, 2, 2),
(7, 3, 3),
(10, 4, 4),
(19, 5, 5),
(21, 6, 6),
(8, 7, 7),
(11, 8, 8),
(18, 9, 9),
(3, 10, 10),
(6, 11, 11),
(13, 12, 12),
(2, 13, 13),
(5, 14, 14),
(25, 15, 15),
(27, 16, 16),
(22, 17, 17),
(24, 18, 18),
(26, 19, 19),
(4, 20, 20),
(23, 21, 21),
(1, 22, 22),
(15, 23, 23),
(17, 24, 24),
(9, 25, 25),
(16, 26, 26),
(14, 27, 27);

-- 
-- Restore previous SQL mode
-- 
/*!40101 SET SQL_MODE=@OLD_SQL_MODE */;

-- 
-- Enable foreign keys
-- 
/*!40014 SET FOREIGN_KEY_CHECKS = @OLD_FOREIGN_KEY_CHECKS */;