-- MySQL dump 10.13  Distrib 8.0.28, for Linux (x86_64)
--
-- Host: 127.0.0.1    Database: depozit
-- ------------------------------------------------------
-- Server version	5.5.5-10.4.12-MariaDB-1:10.4.12+maria~bionic

/*!40101 SET @OLD_CHARACTER_SET_CLIENT=@@CHARACTER_SET_CLIENT */;
/*!40101 SET @OLD_CHARACTER_SET_RESULTS=@@CHARACTER_SET_RESULTS */;
/*!40101 SET @OLD_COLLATION_CONNECTION=@@COLLATION_CONNECTION */;
/*!50503 SET NAMES utf8mb4 */;
/*!40103 SET @OLD_TIME_ZONE=@@TIME_ZONE */;
/*!40103 SET TIME_ZONE='+00:00' */;
/*!40014 SET @OLD_UNIQUE_CHECKS=@@UNIQUE_CHECKS, UNIQUE_CHECKS=0 */;
/*!40014 SET @OLD_FOREIGN_KEY_CHECKS=@@FOREIGN_KEY_CHECKS, FOREIGN_KEY_CHECKS=0 */;
/*!40101 SET @OLD_SQL_MODE=@@SQL_MODE, SQL_MODE='NO_AUTO_VALUE_ON_ZERO' */;
/*!40111 SET @OLD_SQL_NOTES=@@SQL_NOTES, SQL_NOTES=0 */;

--
-- Table structure for table `auth_group`
--

DROP TABLE IF EXISTS `auth_group`;
/*!40101 SET @saved_cs_client     = @@character_set_client */;
/*!50503 SET character_set_client = utf8mb4 */;
CREATE TABLE `auth_group` (
  `id` int(11) NOT NULL AUTO_INCREMENT,
  `name` varchar(150) NOT NULL,
  PRIMARY KEY (`id`),
  UNIQUE KEY `name` (`name`)
) ENGINE=InnoDB AUTO_INCREMENT=2 DEFAULT CHARSET=latin1;
/*!40101 SET character_set_client = @saved_cs_client */;

--
-- Dumping data for table `auth_group`
--

LOCK TABLES `auth_group` WRITE;
/*!40000 ALTER TABLE `auth_group` DISABLE KEYS */;
INSERT INTO `auth_group` VALUES (1,'oprotiuc');
/*!40000 ALTER TABLE `auth_group` ENABLE KEYS */;
UNLOCK TABLES;

--
-- Table structure for table `auth_group_permissions`
--

DROP TABLE IF EXISTS `auth_group_permissions`;
/*!40101 SET @saved_cs_client     = @@character_set_client */;
/*!50503 SET character_set_client = utf8mb4 */;
CREATE TABLE `auth_group_permissions` (
  `id` int(11) NOT NULL AUTO_INCREMENT,
  `group_id` int(11) NOT NULL,
  `permission_id` int(11) NOT NULL,
  PRIMARY KEY (`id`),
  UNIQUE KEY `auth_group_permissions_group_id_permission_id_0cd325b0_uniq` (`group_id`,`permission_id`),
  KEY `auth_group_permissio_permission_id_84c5c92e_fk_auth_perm` (`permission_id`),
  CONSTRAINT `auth_group_permissio_permission_id_84c5c92e_fk_auth_perm` FOREIGN KEY (`permission_id`) REFERENCES `auth_permission` (`id`),
  CONSTRAINT `auth_group_permissions_group_id_b120cbf9_fk_auth_group_id` FOREIGN KEY (`group_id`) REFERENCES `auth_group` (`id`)
) ENGINE=InnoDB DEFAULT CHARSET=latin1;
/*!40101 SET character_set_client = @saved_cs_client */;

--
-- Dumping data for table `auth_group_permissions`
--

LOCK TABLES `auth_group_permissions` WRITE;
/*!40000 ALTER TABLE `auth_group_permissions` DISABLE KEYS */;
/*!40000 ALTER TABLE `auth_group_permissions` ENABLE KEYS */;
UNLOCK TABLES;

--
-- Table structure for table `auth_permission`
--

DROP TABLE IF EXISTS `auth_permission`;
/*!40101 SET @saved_cs_client     = @@character_set_client */;
/*!50503 SET character_set_client = utf8mb4 */;
CREATE TABLE `auth_permission` (
  `id` int(11) NOT NULL AUTO_INCREMENT,
  `name` varchar(255) NOT NULL,
  `content_type_id` int(11) NOT NULL,
  `codename` varchar(100) NOT NULL,
  PRIMARY KEY (`id`),
  UNIQUE KEY `auth_permission_content_type_id_codename_01ab375a_uniq` (`content_type_id`,`codename`),
  CONSTRAINT `auth_permission_content_type_id_2f476e4b_fk_django_co` FOREIGN KEY (`content_type_id`) REFERENCES `django_content_type` (`id`)
) ENGINE=InnoDB AUTO_INCREMENT=41 DEFAULT CHARSET=latin1;
/*!40101 SET character_set_client = @saved_cs_client */;

--
-- Dumping data for table `auth_permission`
--

LOCK TABLES `auth_permission` WRITE;
/*!40000 ALTER TABLE `auth_permission` DISABLE KEYS */;
INSERT INTO `auth_permission` VALUES (1,'Can add log entry',1,'add_logentry'),(2,'Can change log entry',1,'change_logentry'),(3,'Can delete log entry',1,'delete_logentry'),(4,'Can view log entry',1,'view_logentry'),(5,'Can add permission',2,'add_permission'),(6,'Can change permission',2,'change_permission'),(7,'Can delete permission',2,'delete_permission'),(8,'Can view permission',2,'view_permission'),(9,'Can add group',3,'add_group'),(10,'Can change group',3,'change_group'),(11,'Can delete group',3,'delete_group'),(12,'Can view group',3,'view_group'),(13,'Can add user',4,'add_user'),(14,'Can change user',4,'change_user'),(15,'Can delete user',4,'delete_user'),(16,'Can view user',4,'view_user'),(17,'Can add content type',5,'add_contenttype'),(18,'Can change content type',5,'change_contenttype'),(19,'Can delete content type',5,'delete_contenttype'),(20,'Can view content type',5,'view_contenttype'),(21,'Can add session',6,'add_session'),(22,'Can change session',6,'change_session'),(23,'Can delete session',6,'delete_session'),(24,'Can view session',6,'view_session'),(25,'Can add category',7,'add_category'),(26,'Can change category',7,'change_category'),(27,'Can delete category',7,'delete_category'),(28,'Can view category',7,'view_category'),(29,'Can add user profile',8,'add_userprofile'),(30,'Can change user profile',8,'change_userprofile'),(31,'Can delete user profile',8,'delete_userprofile'),(32,'Can view user profile',8,'view_userprofile'),(33,'Can add product',9,'add_product'),(34,'Can change product',9,'change_product'),(35,'Can delete product',9,'delete_product'),(36,'Can view product',9,'view_product'),(37,'Can add profile',10,'add_profile'),(38,'Can change profile',10,'change_profile'),(39,'Can delete profile',10,'delete_profile'),(40,'Can view profile',10,'view_profile');
/*!40000 ALTER TABLE `auth_permission` ENABLE KEYS */;
UNLOCK TABLES;

--
-- Table structure for table `auth_user`
--

DROP TABLE IF EXISTS `auth_user`;
/*!40101 SET @saved_cs_client     = @@character_set_client */;
/*!50503 SET character_set_client = utf8mb4 */;
CREATE TABLE `auth_user` (
  `id` int(11) NOT NULL AUTO_INCREMENT,
  `password` varchar(128) NOT NULL,
  `last_login` datetime(6) DEFAULT NULL,
  `is_superuser` tinyint(1) NOT NULL,
  `username` varchar(150) NOT NULL,
  `first_name` varchar(30) NOT NULL,
  `last_name` varchar(150) NOT NULL,
  `email` varchar(254) NOT NULL,
  `is_staff` tinyint(1) NOT NULL,
  `is_active` tinyint(1) NOT NULL,
  `date_joined` datetime(6) NOT NULL,
  PRIMARY KEY (`id`),
  UNIQUE KEY `username` (`username`)
) ENGINE=InnoDB AUTO_INCREMENT=2 DEFAULT CHARSET=latin1;
/*!40101 SET character_set_client = @saved_cs_client */;

--
-- Dumping data for table `auth_user`
--

LOCK TABLES `auth_user` WRITE;
/*!40000 ALTER TABLE `auth_user` DISABLE KEYS */;
INSERT INTO `auth_user` VALUES (1,'pbkdf2_sha256$150000$5iSiZndXU2Od$rI3/6qeVgkXqudoG5DiZLJaVfxiEf2oCuDGWqNbfKa8=','2022-02-10 16:23:11.700692',0,'oprotiuc','Protiuc','Ovidiu','ovidiu.protiuc00@e-uvt.ro',0,1,'2022-02-10 16:23:11.463207');
/*!40000 ALTER TABLE `auth_user` ENABLE KEYS */;
UNLOCK TABLES;

--
-- Table structure for table `auth_user_groups`
--

DROP TABLE IF EXISTS `auth_user_groups`;
/*!40101 SET @saved_cs_client     = @@character_set_client */;
/*!50503 SET character_set_client = utf8mb4 */;
CREATE TABLE `auth_user_groups` (
  `id` int(11) NOT NULL AUTO_INCREMENT,
  `user_id` int(11) NOT NULL,
  `group_id` int(11) NOT NULL,
  PRIMARY KEY (`id`),
  UNIQUE KEY `auth_user_groups_user_id_group_id_94350c0c_uniq` (`user_id`,`group_id`),
  KEY `auth_user_groups_group_id_97559544_fk_auth_group_id` (`group_id`),
  CONSTRAINT `auth_user_groups_group_id_97559544_fk_auth_group_id` FOREIGN KEY (`group_id`) REFERENCES `auth_group` (`id`),
  CONSTRAINT `auth_user_groups_user_id_6a12ed8b_fk_auth_user_id` FOREIGN KEY (`user_id`) REFERENCES `auth_user` (`id`)
) ENGINE=InnoDB AUTO_INCREMENT=2 DEFAULT CHARSET=latin1;
/*!40101 SET character_set_client = @saved_cs_client */;

--
-- Dumping data for table `auth_user_groups`
--

LOCK TABLES `auth_user_groups` WRITE;
/*!40000 ALTER TABLE `auth_user_groups` DISABLE KEYS */;
INSERT INTO `auth_user_groups` VALUES (1,1,1);
/*!40000 ALTER TABLE `auth_user_groups` ENABLE KEYS */;
UNLOCK TABLES;

--
-- Table structure for table `auth_user_user_permissions`
--

DROP TABLE IF EXISTS `auth_user_user_permissions`;
/*!40101 SET @saved_cs_client     = @@character_set_client */;
/*!50503 SET character_set_client = utf8mb4 */;
CREATE TABLE `auth_user_user_permissions` (
  `id` int(11) NOT NULL AUTO_INCREMENT,
  `user_id` int(11) NOT NULL,
  `permission_id` int(11) NOT NULL,
  PRIMARY KEY (`id`),
  UNIQUE KEY `auth_user_user_permissions_user_id_permission_id_14a6b632_uniq` (`user_id`,`permission_id`),
  KEY `auth_user_user_permi_permission_id_1fbb5f2c_fk_auth_perm` (`permission_id`),
  CONSTRAINT `auth_user_user_permi_permission_id_1fbb5f2c_fk_auth_perm` FOREIGN KEY (`permission_id`) REFERENCES `auth_permission` (`id`),
  CONSTRAINT `auth_user_user_permissions_user_id_a95ead1b_fk_auth_user_id` FOREIGN KEY (`user_id`) REFERENCES `auth_user` (`id`)
) ENGINE=InnoDB DEFAULT CHARSET=latin1;
/*!40101 SET character_set_client = @saved_cs_client */;

--
-- Dumping data for table `auth_user_user_permissions`
--

LOCK TABLES `auth_user_user_permissions` WRITE;
/*!40000 ALTER TABLE `auth_user_user_permissions` DISABLE KEYS */;
/*!40000 ALTER TABLE `auth_user_user_permissions` ENABLE KEYS */;
UNLOCK TABLES;

--
-- Table structure for table `django_admin_log`
--

DROP TABLE IF EXISTS `django_admin_log`;
/*!40101 SET @saved_cs_client     = @@character_set_client */;
/*!50503 SET character_set_client = utf8mb4 */;
CREATE TABLE `django_admin_log` (
  `id` int(11) NOT NULL AUTO_INCREMENT,
  `action_time` datetime(6) NOT NULL,
  `object_id` longtext DEFAULT NULL,
  `object_repr` varchar(200) NOT NULL,
  `action_flag` smallint(5) unsigned NOT NULL,
  `change_message` longtext NOT NULL,
  `content_type_id` int(11) DEFAULT NULL,
  `user_id` int(11) NOT NULL,
  PRIMARY KEY (`id`),
  KEY `django_admin_log_content_type_id_c4bce8eb_fk_django_co` (`content_type_id`),
  KEY `django_admin_log_user_id_c564eba6_fk_auth_user_id` (`user_id`),
  CONSTRAINT `django_admin_log_content_type_id_c4bce8eb_fk_django_co` FOREIGN KEY (`content_type_id`) REFERENCES `django_content_type` (`id`),
  CONSTRAINT `django_admin_log_user_id_c564eba6_fk_auth_user_id` FOREIGN KEY (`user_id`) REFERENCES `auth_user` (`id`)
) ENGINE=InnoDB DEFAULT CHARSET=latin1;
/*!40101 SET character_set_client = @saved_cs_client */;

--
-- Dumping data for table `django_admin_log`
--

LOCK TABLES `django_admin_log` WRITE;
/*!40000 ALTER TABLE `django_admin_log` DISABLE KEYS */;
/*!40000 ALTER TABLE `django_admin_log` ENABLE KEYS */;
UNLOCK TABLES;

--
-- Table structure for table `django_content_type`
--

DROP TABLE IF EXISTS `django_content_type`;
/*!40101 SET @saved_cs_client     = @@character_set_client */;
/*!50503 SET character_set_client = utf8mb4 */;
CREATE TABLE `django_content_type` (
  `id` int(11) NOT NULL AUTO_INCREMENT,
  `app_label` varchar(100) NOT NULL,
  `model` varchar(100) NOT NULL,
  PRIMARY KEY (`id`),
  UNIQUE KEY `django_content_type_app_label_model_76bd3d3b_uniq` (`app_label`,`model`)
) ENGINE=InnoDB AUTO_INCREMENT=11 DEFAULT CHARSET=latin1;
/*!40101 SET character_set_client = @saved_cs_client */;

--
-- Dumping data for table `django_content_type`
--

LOCK TABLES `django_content_type` WRITE;
/*!40000 ALTER TABLE `django_content_type` DISABLE KEYS */;
INSERT INTO `django_content_type` VALUES (1,'admin','logentry'),(3,'auth','group'),(2,'auth','permission'),(4,'auth','user'),(5,'contenttypes','contenttype'),(7,'my_app','category'),(9,'my_app','product'),(10,'my_app','profile'),(8,'my_app','userprofile'),(6,'sessions','session');
/*!40000 ALTER TABLE `django_content_type` ENABLE KEYS */;
UNLOCK TABLES;

--
-- Table structure for table `django_migrations`
--

DROP TABLE IF EXISTS `django_migrations`;
/*!40101 SET @saved_cs_client     = @@character_set_client */;
/*!50503 SET character_set_client = utf8mb4 */;
CREATE TABLE `django_migrations` (
  `id` int(11) NOT NULL AUTO_INCREMENT,
  `app` varchar(255) NOT NULL,
  `name` varchar(255) NOT NULL,
  `applied` datetime(6) NOT NULL,
  PRIMARY KEY (`id`)
) ENGINE=InnoDB AUTO_INCREMENT=21 DEFAULT CHARSET=latin1;
/*!40101 SET character_set_client = @saved_cs_client */;

--
-- Dumping data for table `django_migrations`
--

LOCK TABLES `django_migrations` WRITE;
/*!40000 ALTER TABLE `django_migrations` DISABLE KEYS */;
INSERT INTO `django_migrations` VALUES (1,'contenttypes','0001_initial','2022-02-10 16:22:50.182361'),(2,'auth','0001_initial','2022-02-10 16:22:50.233480'),(3,'admin','0001_initial','2022-02-10 16:22:50.344971'),(4,'admin','0002_logentry_remove_auto_add','2022-02-10 16:22:50.375132'),(5,'admin','0003_logentry_add_action_flag_choices','2022-02-10 16:22:50.383089'),(6,'contenttypes','0002_remove_content_type_name','2022-02-10 16:22:50.408460'),(7,'auth','0002_alter_permission_name_max_length','2022-02-10 16:22:50.414497'),(8,'auth','0003_alter_user_email_max_length','2022-02-10 16:22:50.425660'),(9,'auth','0004_alter_user_username_opts','2022-02-10 16:22:50.431897'),(10,'auth','0005_alter_user_last_login_null','2022-02-10 16:22:50.447452'),(11,'auth','0006_require_contenttypes_0002','2022-02-10 16:22:50.450095'),(12,'auth','0007_alter_validators_add_error_messages','2022-02-10 16:22:50.456862'),(13,'auth','0008_alter_user_username_max_length','2022-02-10 16:22:50.465574'),(14,'auth','0009_alter_user_last_name_max_length','2022-02-10 16:22:50.473962'),(15,'auth','0010_alter_group_name_max_length','2022-02-10 16:22:50.483215'),(16,'auth','0011_update_proxy_permissions','2022-02-10 16:22:50.492051'),(17,'my_app','0001_initial','2022-02-10 16:22:50.544387'),(18,'my_app','0002_auto_20220131_1819','2022-02-10 16:22:50.808071'),(19,'my_app','0003_auto_20220210_1623','2022-02-10 16:22:50.851837'),(20,'sessions','0001_initial','2022-02-10 16:22:50.861529');
/*!40000 ALTER TABLE `django_migrations` ENABLE KEYS */;
UNLOCK TABLES;

--
-- Table structure for table `django_session`
--

DROP TABLE IF EXISTS `django_session`;
/*!40101 SET @saved_cs_client     = @@character_set_client */;
/*!50503 SET character_set_client = utf8mb4 */;
CREATE TABLE `django_session` (
  `session_key` varchar(40) NOT NULL,
  `session_data` longtext NOT NULL,
  `expire_date` datetime(6) NOT NULL,
  PRIMARY KEY (`session_key`),
  KEY `django_session_expire_date_a5c62663` (`expire_date`)
) ENGINE=InnoDB DEFAULT CHARSET=latin1;
/*!40101 SET character_set_client = @saved_cs_client */;

--
-- Dumping data for table `django_session`
--

LOCK TABLES `django_session` WRITE;
/*!40000 ALTER TABLE `django_session` DISABLE KEYS */;
INSERT INTO `django_session` VALUES ('jsr62iz8uyu1joex1gixdz172kz2p9dm','NjFmNWI2MDY3MTEyYjI3OTNjMjQxMTA0M2ZmN2U5NDkwOWViZmVlNjp7Il9hdXRoX3VzZXJfaWQiOiIxIiwiX2F1dGhfdXNlcl9iYWNrZW5kIjoiZGphbmdvLmNvbnRyaWIuYXV0aC5iYWNrZW5kcy5Nb2RlbEJhY2tlbmQiLCJfYXV0aF91c2VyX2hhc2giOiJhMDk4ZTEwNmU4NDc2MWZmYjgxOTJlNTM3NjZkYzEzNDkyMjIyMjAxIiwiZ3JvdXBfaWQiOjF9','2022-02-10 18:35:49.749618');
/*!40000 ALTER TABLE `django_session` ENABLE KEYS */;
UNLOCK TABLES;

--
-- Table structure for table `my_app_category`
--

DROP TABLE IF EXISTS `my_app_category`;
/*!40101 SET @saved_cs_client     = @@character_set_client */;
/*!50503 SET character_set_client = utf8mb4 */;
CREATE TABLE `my_app_category` (
  `id` int(11) NOT NULL AUTO_INCREMENT,
  `name` varchar(200) NOT NULL,
  `lft` int(10) unsigned NOT NULL,
  `rght` int(10) unsigned NOT NULL,
  `tree_id` int(10) unsigned NOT NULL,
  `level` int(10) unsigned NOT NULL,
  `parent_id` int(11) DEFAULT NULL,
  `user_id` int(11) NOT NULL,
  `group_id` int(11) NOT NULL,
  PRIMARY KEY (`id`),
  KEY `my_app_category_user_id_df429195_fk_auth_user_id` (`user_id`),
  KEY `my_app_category_tree_id_84691fc3` (`tree_id`),
  KEY `my_app_category_parent_id_90017157` (`parent_id`),
  KEY `my_app_category_group_id_d3caae33_fk_auth_group_id` (`group_id`),
  CONSTRAINT `my_app_category_group_id_d3caae33_fk_auth_group_id` FOREIGN KEY (`group_id`) REFERENCES `auth_group` (`id`),
  CONSTRAINT `my_app_category_parent_id_90017157_fk` FOREIGN KEY (`parent_id`) REFERENCES `my_app_category` (`id`),
  CONSTRAINT `my_app_category_user_id_df429195_fk_auth_user_id` FOREIGN KEY (`user_id`) REFERENCES `auth_user` (`id`)
) ENGINE=InnoDB AUTO_INCREMENT=24 DEFAULT CHARSET=latin1;
/*!40101 SET character_set_client = @saved_cs_client */;

--
-- Dumping data for table `my_app_category`
--

LOCK TABLES `my_app_category` WRITE;
/*!40000 ALTER TABLE `my_app_category` DISABLE KEYS */;
INSERT INTO `my_app_category` VALUES (1,'BMW Bavaria',1,14,4,0,NULL,1,1),(2,'BMW X7',8,13,4,1,1,1,1),(3,'BMW X3',2,7,4,1,1,1,1),(4,'Anvelope',9,12,4,2,2,1,1),(5,'Jante',10,11,4,3,4,1,1),(6,'Anvelope',3,6,4,2,3,1,1),(7,'Jante',4,5,4,3,6,1,1),(8,'Audi',1,8,2,0,NULL,1,1),(9,'Audi A6',2,7,2,1,8,1,1),(10,'Anvelope',3,6,2,2,9,1,1),(11,'Jante',4,5,2,3,10,1,1),(12,'Volkswagen',1,4,8,0,NULL,1,1),(13,'Anvelope',2,3,8,1,12,1,1),(14,'Bentley',1,4,3,0,NULL,1,1),(15,'Anvelope',2,3,3,1,14,1,1),(16,'Abarth',1,4,1,0,NULL,1,1),(17,'Anvelope',2,3,1,1,16,1,1),(18,'Cadillac',1,4,5,0,NULL,1,1),(19,'Anvelope',2,3,5,1,18,1,1),(20,'Dodge',1,4,6,0,NULL,1,1),(21,'Anvelope',2,3,6,1,20,1,1),(22,'Honda',1,4,7,0,NULL,1,1),(23,'Anvelope',2,3,7,1,22,1,1);
/*!40000 ALTER TABLE `my_app_category` ENABLE KEYS */;
UNLOCK TABLES;

--
-- Table structure for table `my_app_product`
--

DROP TABLE IF EXISTS `my_app_product`;
/*!40101 SET @saved_cs_client     = @@character_set_client */;
/*!50503 SET character_set_client = utf8mb4 */;
CREATE TABLE `my_app_product` (
  `id` int(11) NOT NULL AUTO_INCREMENT,
  `name` varchar(70) NOT NULL,
  `price` int(11) NOT NULL,
  `description` longtext NOT NULL,
  `product_pic` varchar(100) NOT NULL,
  `items` int(10) unsigned NOT NULL,
  `category_id` int(11) NOT NULL,
  PRIMARY KEY (`id`),
  KEY `my_app_product_category_id_43021d3a_fk_my_app_category_id` (`category_id`),
  CONSTRAINT `my_app_product_category_id_43021d3a_fk` FOREIGN KEY (`category_id`) REFERENCES `my_app_category` (`id`),
  CONSTRAINT `my_app_product_category_id_43021d3a_fk_my_app_category_id` FOREIGN KEY (`category_id`) REFERENCES `my_app_category` (`id`)
) ENGINE=InnoDB AUTO_INCREMENT=201 DEFAULT CHARSET=latin1;
/*!40101 SET character_set_client = @saved_cs_client */;

--
-- Dumping data for table `my_app_product`
--

LOCK TABLES `my_app_product` WRITE;
/*!40000 ALTER TABLE `my_app_product` DISABLE KEYS */;
INSERT INTO `my_app_product` VALUES (1,'Hummer',23000,'Father expert region firm cell. International art interview true watch walk. Participant war home bad dark state.','/product_pic/download (3).jpeg',17,3),(2,'Daihatsu',14000,'Rich artist what everyone play. Feeling get player require such.\nThese method everybody low thought already.','/product_pic/download_1.jpeg',11,17),(3,'Daewoo',6000,'Space staff walk. Follow them hour all. Number season from certainly visit phone room.','/product_pic/images (2).jpeg',9,14),(4,'Fisker',9000,'Safe remember down three low speak.\nUp and activity college night fly word. Hold moment tonight over try. Agency later upon guess.','/product_pic/images (2).jpeg',13,20),(5,'Hyundai',21500,'Compare support position leg piece mouth. Number this within should determine car someone. Real win relate your city old.\nWant ability science floor office land part. Serve think raise lay must.','/product_pic/download (8).jpeg',15,12),(6,'Dodge',15000,'Until make light probably child song. Contain ok certainly huge. Network fund local quality owner American young sell.\nPresident common reach Republican bank remain.','/product_pic/download (4).jpeg',5,4),(7,'Hyundai',18500,'Method first might wear analysis. Step price hope care simple present source. Cost hotel take.','/product_pic/images (4).jpeg',5,5),(8,'Hyundai',6000,'Ready able baby drug those provide. Trip begin tree building write read realize.\nAway dream training type reveal. Else also bank threat young majority worker.','/product_pic/download (3).jpeg',16,1),(9,'Fiat',7500,'Choice team choice happen student. City may morning appear. Against style hospital cell own simple professor.','/product_pic/download.jpeg',3,14),(10,'Fiat',7000,'White per computer character. Pressure send simply staff often suggest maybe. Animal customer especially film.','/product_pic/download_1.jpeg',14,22),(11,'Fisker',17500,'Firm individual billion result air shake one. Fill until property mean fast wall movie. Military project central party exist chance national.','/product_pic/download_1.jpeg',12,3),(12,'Honda',11000,'Involve claim set teacher car. Our national sound water turn. Usually game to account later strategy serious.\nMillion nothing into in. Realize keep senior.','/product_pic/images (2).jpeg',7,17),(13,'Dodge',15500,'Standard now cold change. Debate call imagine test.\nSeveral last necessary wish. Road vote value reality.','/product_pic/download (2).jpeg',4,4),(14,'Hummer',4500,'Executive build ability firm. Agreement several oil decade practice. Education figure agent rate responsibility.','/product_pic/download (9).jpeg',18,1),(15,'Ferrari',8000,'Audience certainly reflect but coach lose worker. What sing same manage. Third other pull time maintain number.\nRather east I behavior sign unit and. Enjoy year four similar certainly green develop.','/product_pic/images.jpeg',18,17),(16,'Hyundai',22000,'Sing trade nation hair. Who machine information direction almost.\nExecutive catch popular song science. Beat of trade south physical current.','/product_pic/images (1).jpeg',15,22),(17,'Ford',8000,'Fear citizen detail fear image. Cost capital page later second. Back bad close shake dream operation car different. Sell way drop town success really.','/product_pic/images (6).jpeg',11,12),(18,'Hummer',24000,'On well often blue interesting create. Less south candidate move.','/product_pic/download (3).jpeg',2,17),(19,'Ferrari',13500,'Health face film out. Security popular trade.\nBy age source store agreement parent building.\nMr but end manage. Civil apply whatever keep.','/product_pic/images (6).jpeg',9,20),(20,'Ford',17500,'Star become put industry stand. Seem simply describe democratic.\nModel if discussion cut. There realize recently right security table attention much.','/product_pic/download (3).jpeg',8,9),(21,'Hummer',18000,'Hot huge cold military present. Development thousand consumer prevent.\nTechnology seem artist edge science including. Enjoy establish quality arm film customer. Rise draw her need soldier plan radio.','/product_pic/images.jpeg',17,19),(22,'Fiat',13500,'Tough federal too make. Meet it throughout treat single imagine official article. Young star develop same focus themselves open.','/product_pic/download (1).jpeg',8,13),(23,'Fisker',18000,'News join whole treatment. Second not understand position. Big artist consider good term.\nStaff physical avoid now still safe fly. Simple recent thought billion think experience. Save mouth far deal.','/product_pic/images (2).jpeg',7,19),(24,'Ford',16000,'National word hot outside. Least part agent follow. Threat wife stage purpose last.\nType region act model show. Sea many room next hand treatment stand. Share wife call top much.','/product_pic/download (9).jpeg',1,11),(25,'Dodge',12000,'Hard find act institution year. Law anyone picture forward especially cost. Into than third compare.','/product_pic/download (3).jpeg',20,17),(26,'Dodge',12500,'Enjoy watch many take left. Deal throughout sister.\nTv line reduce usually. Heart land no letter simply painting.','/product_pic/download (9).jpeg',6,7),(27,'Dodge',7500,'American available effort education term method into budget. Image our language hand.\nWest road south develop expect by itself. Live ability street keep. Stop eight reach discussion stuff.','/product_pic/download.jpeg',8,21),(28,'Dodge',20500,'News wonder same since number join when. Throughout give fire skin identify serious. Health baby name can surface approach.','/product_pic/download (4).jpeg',5,16),(29,'Daewoo',12000,'Knowledge call give wall they mention. Or cup when receive heart nor test. Claim pick no sort seek part.','/product_pic/images (5).jpeg',17,4),(30,'Fisker',17500,'Woman structure notice agree clear. Agency although be paper. Discussion respond letter case we data serious.','/product_pic/download (6).jpeg',3,16),(31,'Fisker',24000,'Service save blue these investment. Receive they power nearly high. Major fire really theory really left character.','/product_pic/download (5).jpeg',5,7),(32,'Daihatsu',21000,'Major Democrat figure measure list tough offer. Physical bag fire conference visit nothing available road.\nDown difficult kid seek. Relate kind share long official start.','/product_pic/download (7).jpeg',14,20),(33,'Honda',22500,'Factor behavior sell back home concern. Develop someone allow law. Just public husband.\nProfessor already special nature. Drug free red administration. Give me in least.','/product_pic/images (5).jpeg',16,18),(34,'Donkervoort',21500,'Current across recent thing situation court born.\nScene floor right democratic amount face have policy. Human tax simple public American property. Actually remain peace product effect commercial.','/product_pic/download_1.jpeg',18,18),(35,'Dodge',7500,'Officer meet member sense section. Professional something responsibility out find. Bill individual show cover push role while.','/product_pic/images (4).jpeg',15,22),(36,'DS',13000,'Weight add discuss seek enjoy risk. Item always perhaps yet.\nTheir usually radio. Seek daughter human let sort subject. Information huge majority.','/product_pic/download (4).jpeg',1,10),(37,'DS',24500,'Prove him rest former. Attorney could blue enough.\nTravel once with send.\nChair particular sport size. Newspaper kid manager office within.','/product_pic/images (6).jpeg',14,21),(38,'Hyundai',14500,'Performance shake special. Election long contain live walk turn entire. Popular eye kitchen building modern though attorney.\nCertainly shoulder successful generation picture.','/product_pic/download (5).jpeg',14,1),(39,'Fiat',17500,'Theory table only easy four society nor single. Represent rate sit between several. Past baby couple system clearly.\nEstablish particularly man plan big. Discover institution behavior.','/product_pic/download_1.jpeg',2,10),(40,'Honda',15000,'Major it data prove anyone church start. Firm bring art bar. Year can beautiful week activity.','/product_pic/download (1).jpeg',6,7),(41,'Donkervoort',6500,'Now medical will market. Sea six voice inside player song claim. Benefit future opportunity young style mean important.','/product_pic/download (3).jpeg',13,11),(42,'Hyundai',7500,'To land wife save hospital. Far memory garden. Nearly view view ahead.\nInstead new animal radio hold allow. Especially structure similar require.','/product_pic/download_1.jpeg',8,5),(43,'Ford',16500,'Suggest than music realize event. Option happen once medical around.\nMaterial agree recently week follow.\nThem another business long edge. Suggest street enter conference. Well federal if task.','/product_pic/download (9).jpeg',20,1),(44,'Daewoo',23000,'Apply forward vote write summer cultural occur staff. Likely sort commercial.\nFoot herself plan edge analysis rest. Determine TV former her strong figure.','/product_pic/images.jpeg',3,21),(45,'Hummer',13500,'Spring news heavy may fight. Treatment forward resource call. Amount report student stand well.\nTeach or room rock. Simple best way pretty later.','/product_pic/images (4).jpeg',12,8),(46,'Daewoo',17000,'Same there thank between economic. Street law least song.\nSingle usually here how join interesting eight. Light tough pick phone bill another TV.','/product_pic/download (8).jpeg',15,22),(47,'DS',9000,'Western blue executive recognize. Blue son smile avoid natural late.\nFast prepare hundred range beat mean away economy. Free garden seem decade how. Around make make. Want involve writer.','/product_pic/download (4).jpeg',12,12),(48,'Ferrari',20500,'Authority general toward billion partner tree. Have successful way alone again. Them watch later because this main visit.','/product_pic/download (3).jpeg',10,10),(49,'Daihatsu',5000,'Create by body customer defense according goal around. Sometimes owner movement nice.\nMemory since yes. Amount future budget myself. Represent our which exist see travel wind challenge.','/product_pic/images (5).jpeg',10,9),(50,'Honda',24000,'Write budget knowledge officer yes tonight chance. Material seat believe world wide from nature. Style whole example those night. Finally heavy nation marriage term difference.','/product_pic/images (6).jpeg',17,17),(51,'Hyundai',17500,'There professional easy together write beat defense. Age sort happen also quickly summer determine.\nSeven west small. Upon imagine stock.','/product_pic/download (3).jpeg',16,1),(52,'Hyundai',22000,'Him her election suddenly participant certainly. Yeah relationship human treat often front. Catch ground boy friend.\nOfficial card region drop one. Camera step interest guess.','/product_pic/images.jpeg',15,20),(53,'Hyundai',17000,'Realize sure score culture keep toward final. Plan health nature base apply lay. Gas air building time beyond minute executive.','/product_pic/download (3).jpeg',10,11),(54,'Fisker',14500,'Every so short system same so. Off detail discover career expect usually off.\nAlthough any individual well. Factor standard very anything.\nGovernment trial green away school act.','/product_pic/download (7).jpeg',17,21),(55,'Dodge',5500,'Which show risk standard official thus lose. Write address represent here economic gun realize.','/product_pic/download (8).jpeg',2,15),(56,'Honda',15000,'Position born shoulder run. Room care because result project store. Nor participant participant simply listen while traditional.','/product_pic/images (1).jpeg',15,2),(57,'Dodge',21000,'Finally rest their high. Your right suddenly provide degree hour chance. Tell week like both.\nDesign himself fast. Message glass cover eat also.','/product_pic/download (7).jpeg',9,10),(58,'Hyundai',22000,'Modern early who hear. Capital third forward subject author nearly rich style.\nPrice stuff partner unit heavy else tough. Grow budget focus standard strategy likely worry give.','/product_pic/download.jpeg',1,23),(59,'Hyundai',13500,'Girl idea world work leader share. Onto body key figure.\nSkin many brother research. Trip sing these catch Congress.','/product_pic/images (1).jpeg',10,6),(60,'Hyundai',14000,'Tonight agent other write open lawyer strategy push.\nImpact four whom. Market subject yes these travel. Concern nice since line list him.','/product_pic/images (4).jpeg',14,4),(61,'Fiat',19500,'Sure raise different model election.\nWant same moment. Beyond night matter activity at. Seat employee break west.\nDeep off space right could explain near. Contain world example firm.','/product_pic/images (4).jpeg',19,15),(62,'Daihatsu',3500,'Number less threat. Center none somebody but.','/product_pic/images (1).jpeg',15,22),(63,'DS',23500,'Writer employee seek. Data travel cup heart food.\nReach result low dog address heart special. Wonder safe feel pattern station certain word.','/product_pic/download (4).jpeg',10,4),(64,'Daewoo',22500,'Ability senior suddenly tough color. Strategy however almost win military.','/product_pic/images.jpeg',15,8),(65,'Fiat',6500,'Among owner that class future color. Indeed society decide increase base.\nSong tell several specific wait provide. Cell thought mind attack return. Box lawyer sense nation production.','/product_pic/images (3).jpeg',15,5),(66,'Fisker',11500,'Speech deal medical onto mouth. None own perhaps artist authority able.\nWestern down than condition very myself page create. Probably west must brother president training.','/product_pic/download.jpeg',14,4),(67,'Daewoo',6000,'Draw great or exactly vote without. Mouth bad own later.\nNow purpose identify idea trouble. Group get choice century wonder final. Hit increase always company radio even white almost.','/product_pic/download (7).jpeg',2,20),(68,'Ferrari',13000,'Continue hospital pressure marriage along talk student. Within someone market author account reduce. After leader box help with mother field. Hit term financial mouth ok.','/product_pic/images.jpeg',1,16),(69,'Ford',13500,'Act hear decide summer piece month. Measure store work however.\nSchool family describe blood left. Wind why society least response race scientist tax. Tax knowledge hold approach wait others.','/product_pic/download.jpeg',6,14),(70,'Daihatsu',4500,'Soon tell particular money appear technology feeling. Sense audience agency.\nThroughout machine order individual positive stand. Whether doctor shoulder common including.','/product_pic/download.jpeg',11,11),(71,'DS',19500,'Bar identify central rate hold.\nHard space hand trouble agent. Necessary performance few throw special seat she.','/product_pic/download (9).jpeg',1,17),(72,'DS',10000,'Foreign prevent at. Final billion top only society. Person man possible huge government forward.','/product_pic/download (8).jpeg',14,18),(73,'Hyundai',22500,'Husband allow keep which focus natural. Yourself research cut address consider fly movie. Air enjoy piece increase seek.','/product_pic/download (9).jpeg',17,17),(74,'Dodge',3000,'Anyone catch agreement system. Director development we.\nWeek ever trip film quality cup doctor world. Police support management three big friend visit. Nice Democrat since read majority.','/product_pic/images (5).jpeg',19,3),(75,'Donkervoort',10000,'Crime report pick current truth threat. Several deal activity.\nMother attorney million occur learn. Hit perhaps however.','/product_pic/download_1.jpeg',15,1),(76,'Dodge',24500,'Student most unit issue show realize. Door message room less.','/product_pic/download (3).jpeg',16,3),(77,'Hummer',8500,'Person direction recent through. Mind dark director experience group type.\nLeader report play bar ground thought. Best several large able. Leader hundred fight left. Leave doctor foreign board.','/product_pic/images (1).jpeg',14,14),(78,'Daewoo',17000,'Myself environmental window model example ago beat. During thought office return. Born during politics ten surface over mean.','/product_pic/images (5).jpeg',10,17),(79,'Fiat',23500,'Keep instead song. After writer decision pick field power decision young. Manager those test both president loss.\nSoldier rate issue nearly. Type lead practice style.','/product_pic/images (5).jpeg',19,6),(80,'Fiat',11000,'Keep or image especially. Contain how season offer bank top talk medical. Beautiful arrive might each travel expert speech.\nRecognize page three ok take need.','/product_pic/images (2).jpeg',20,1),(81,'Fiat',20500,'Second authority happy process lawyer need. Deal so main hard religious treatment.','/product_pic/download.jpeg',1,19),(82,'DS',21000,'May speak everybody institution knowledge hit woman. Today avoid central hundred voice green common system. Range carry shake way race third include.','/product_pic/images (4).jpeg',20,12),(83,'Dodge',16000,'Fact across ahead add ahead like.\nLife plan also development. Statement boy once appear option. Full face possible west. Bad man new car role pay almost truth.','/product_pic/download (9).jpeg',2,16),(84,'Dodge',14500,'Threat society way lose gas. Social garden low task produce.\nDifferent city assume thus prove. Draw coach team west effect yet require. Move audience glass attack until economy. Can my read.','/product_pic/images (4).jpeg',20,14),(85,'Fiat',16500,'Its herself friend. Standard reduce boy ok.\nWord traditional decade east rise. Owner follow dog home party certain stop. Even year tough support.','/product_pic/download (7).jpeg',20,3),(86,'Daihatsu',9000,'Individual morning for. Into difference yet across environment along region.','/product_pic/download (9).jpeg',9,10),(87,'Ferrari',24500,'Tonight still add throughout common herself must. Process method pull wish small himself garden. Strategy generation wrong field billion.','/product_pic/download (8).jpeg',9,1),(88,'Hummer',10000,'White evening bit campaign it think. Firm rest fact. Natural news detail bit.','/product_pic/images (1).jpeg',8,17),(89,'Fisker',4000,'Clear coach force political deep huge least. Tough follow mean hundred.\nUnit real late pick. Left soon heart do real.','/product_pic/download (7).jpeg',4,1),(90,'Fisker',22000,'Throughout let nature. Marriage cell both stuff stand player. South heart cover whether.\nHigh always how difference. Check hospital whose discover.','/product_pic/download.jpeg',15,7),(91,'Daihatsu',3000,'Meeting over certainly instead agent likely keep. Eat born five then sit would.\nAttorney star high within style occur indeed fire. Street just myself truth member even spring.','/product_pic/download (5).jpeg',15,4),(92,'Hyundai',8000,'Cell list recently space.\nPattern bill best sometimes enter defense four. Report south include. Speak generation record test four commercial break.','/product_pic/download (1).jpeg',19,8),(93,'Ford',3000,'Free mouth contain one return word. Available democratic catch thing. Lose parent sit.','/product_pic/download (1).jpeg',9,14),(94,'Daewoo',12000,'She heavy group toward magazine ever. Nor dream these value ok. Design dinner state relate challenge thank tough.','/product_pic/download (7).jpeg',16,10),(95,'Donkervoort',9500,'Wait eight even crime tend about mission. Close available remember particular ago fish war final. Friend above federal too little.','/product_pic/images.jpeg',8,17),(96,'Donkervoort',20500,'Pattern production old color budget. Often determine ever until about. Wear available record expect best. Offer off provide my pretty.','/product_pic/download (5).jpeg',16,2),(97,'Daihatsu',20000,'Allow society finish movie political. Performance debate late its alone wife seek. Assume heart form company letter night lay. Investment history occur line.','/product_pic/download.jpeg',4,16),(98,'Hyundai',23000,'Tend tree goal government project business. Since challenge recent. Figure accept central series.\nMember include nothing thousand popular. Always show him certain culture interesting.','/product_pic/download (5).jpeg',6,1),(99,'Daihatsu',10000,'More whatever worker woman color. Movement marriage risk style Mr.\nIt once bag listen may. Seat near single include arrive.','/product_pic/download (4).jpeg',19,20),(100,'Dodge',14000,'Tv stop actually weight apply. Reach party past more everybody. Next cell enjoy ok clearly home.','/product_pic/images (5).jpeg',5,1),(101,'Honda',24000,'Thing daughter two prepare. Sell single nice actually heavy. Game born kind other sit able.\nLeader where understand ready door. Situation group security talk strong.','/product_pic/images.jpeg',1,14),(102,'Dodge',21500,'Wind some available. Discussion day likely report east which.\nSpeak part nation according minute home decide. Least lot central program north.','/product_pic/download (9).jpeg',17,1),(103,'Ford',7000,'Treat include rest Democrat term government. We level avoid economic office up upon.\nCause drive area similar machine seek draw ask. May player capital spend magazine approach other.','/product_pic/images (2).jpeg',18,17),(104,'Fisker',11000,'Else sense box outside professor wait. These half campaign. Kitchen weight year.\nLikely president power like base today part. Structure red experience administration season thought performance agent.','/product_pic/download (6).jpeg',2,7),(105,'DS',10000,'Option catch return blood. International development student pass individual herself. Event risk plan kind guy matter.','/product_pic/images.jpeg',14,1),(106,'Dodge',13000,'Sense ball low since piece raise. Able western much government ten. Far personal understand show whose camera town.\nParticularly as particularly stock. Whom investment lawyer. Yet arrive why name.','/product_pic/images (6).jpeg',20,1),(107,'DS',14500,'National second pattern Mr. Mother family spring travel know recent. Clear decision reduce kid physical hotel good.','/product_pic/download (9).jpeg',5,17),(108,'Dodge',15500,'Very clearly seat six cause walk serious. Building society soon foot industry guess find. Effort law far together themselves voice.','/product_pic/download (3).jpeg',13,22),(109,'DS',24500,'Just time situation although detail.\nFront able from lay enter really. Argue culture mother. Model natural know fact sign.\nPresident mouth can majority PM stage scene. Our star lay.','/product_pic/download (8).jpeg',15,19),(110,'Hyundai',5000,'Start I so value address design doctor. Onto type worry however partner blood. Finally region unit lot.\nWithout buy military road. Writer heavy large seek deep summer. Team decision smile listen.','/product_pic/download (4).jpeg',15,15),(111,'Hyundai',15000,'Share senior event anything our. Old defense toward somebody never individual.','/product_pic/download.jpeg',20,9),(112,'Dodge',4000,'Care produce admit exactly often management them.\nFilm again food president. Boy loss way result feeling above glass. Them nearly brother production ok lead.','/product_pic/download_1.jpeg',10,22),(113,'DS',17000,'Culture should speak exist size. Soon policy to mind either. Small own forget present among federal develop.','/product_pic/download (9).jpeg',20,18),(114,'Dodge',17500,'Off talk herself large heart community from score. Enjoy condition decade involve without. Here born walk no story feel quality. Animal nearly pressure soldier responsibility must.','/product_pic/download (3).jpeg',15,15),(115,'Honda',5500,'Particularly indicate admit the throughout. Share no west technology. Send left avoid.','/product_pic/download.jpeg',19,18),(116,'Hyundai',19500,'Forward audience from. Itself spring move technology realize edge.\nHer everybody store. Movement unit base democratic pick smile message.','/product_pic/images (4).jpeg',5,4),(117,'DS',8000,'Happen tree increase main activity huge act. Experience threat share indicate though manager.','/product_pic/images (2).jpeg',13,9),(118,'Fisker',4500,'Find seat show state. Attention page employee your budget threat director.\nStatement grow anything break. Ever trip reduce oil air major degree.','/product_pic/images (1).jpeg',20,9),(119,'Daihatsu',13500,'Remain weight particularly former glass appear security western. Cut own thought yes.','/product_pic/images (2).jpeg',2,10),(120,'Fiat',4000,'Commercial decide arrive ready ago represent do kind. Also though else make probably time. Allow agree full part out visit.\nEarly both soldier culture.','/product_pic/download (7).jpeg',15,13),(121,'Fiat',23500,'Surface crime stock talk half turn. Water suffer father. Article think they low. Safe nice Republican and hotel you.\nPaper everyone throw realize offer TV age.','/product_pic/download.jpeg',15,17),(122,'Fiat',22500,'Stand war set two hard sure. Million consumer report try energy. Individual crime begin economy week wind.\nIncluding Congress well sea safe seek on.','/product_pic/download (6).jpeg',6,20),(123,'Dodge',4500,'Stock actually any more case thus song recent.\nHead market interesting peace industry deep television they. Source after create prevent suggest us beat travel.','/product_pic/images (3).jpeg',11,22),(124,'Fisker',23500,'Be top hear situation rather. What purpose play amount. Wait material piece any.\nDiscuss production sister wonder. Letter effort picture space note attack.','/product_pic/images (3).jpeg',17,1),(125,'Fiat',23000,'Often all between wrong rise. There race either possible mean card tell fall. Cost talk out throughout traditional old.\nTable increase treat. Property choice during wall program computer camera plan.','/product_pic/download (4).jpeg',7,18),(126,'Ford',14000,'Member perhaps television finish light difficult. Reduce again money activity. Design join after.\nInside ground shoulder help thus significant. Prepare along recently provide so my lose.','/product_pic/download (2).jpeg',18,3),(127,'Fiat',11500,'Doctor Mr your soldier film. Reduce management simply plant notice door worker. Long without would daughter real debate issue realize.','/product_pic/images (6).jpeg',14,18),(128,'DS',12500,'Modern imagine million blue send generation.\nMinute nothing civil thousand else Mr firm plan. Yourself perform strategy recognize film center. Instead experience sometimes lot behind player.','/product_pic/images (1).jpeg',11,7),(129,'Ford',18000,'Front important assume chair. Growth whatever analysis. Energy direction writer about tax. Can leg bill cultural stop since.','/product_pic/download (1).jpeg',13,15),(130,'Daihatsu',17500,'Officer production present better economic money east. Not always family wonder. Child lay simply guy.','/product_pic/download_1.jpeg',5,22),(131,'Hyundai',19000,'Wide edge tax. Chance feel on south indeed other. Social PM attention stand.\nExpect know age. Maintain cover sound sea cause stock. While offer machine easy value adult Mr.\nShake sense law wish.','/product_pic/download (2).jpeg',8,5),(132,'Daewoo',8000,'Two understand whose tax office have. Six something last.\nMiss record daughter team. Let society you particularly question Republican list leg.','/product_pic/download (3).jpeg',15,13),(133,'Donkervoort',20000,'Energy sea state standard trade their.\nClear feel away go college. Democrat write newspaper science tax choice. Turn kind study that single fact.\nWatch kitchen direction success most that.','/product_pic/download (5).jpeg',6,13),(134,'Honda',24000,'Blue pull loss light raise. Marriage skin baby Congress actually improve charge animal.\nLow idea great by deep think budget. Truth various they newspaper project easy.','/product_pic/download.jpeg',19,15),(135,'Honda',13000,'Best recent hospital amount. Study main enter lawyer difference teacher wife. List several research look carry.\nBank computer understand. Majority nothing there. Get represent process city.','/product_pic/download (2).jpeg',5,6),(136,'Daihatsu',21000,'Market itself seven market believe heavy. Style way strategy media enjoy rich growth. Cup meeting although strategy last gas.','/product_pic/images (6).jpeg',15,7),(137,'Ford',15000,'Away girl address various health fight. Face fall create view eight second side.\nSame morning these store key may participant short. Degree require training case service.','/product_pic/download (7).jpeg',1,16),(138,'Fiat',10000,'Later network impact general likely assume old. Decision item listen dinner radio. Because owner choice involve under.','/product_pic/images (3).jpeg',19,1),(139,'Ferrari',9000,'Shoulder politics sea main number. They near story opportunity. Learn message bit TV friend artist leave.\nBreak ago response water. Model case scene white myself cover.','/product_pic/download (6).jpeg',18,22),(140,'DS',22500,'Successful hot reality adult between American enter ready. Bill bed development.\nNews pick space girl paper dog bit. Minute energy worry affect skill.','/product_pic/download (8).jpeg',6,16),(141,'Fiat',15500,'Vote forward believe international father down hear. Us beat quickly because.','/product_pic/images.jpeg',2,1),(142,'Daihatsu',4000,'Wall put others determine. Impact community set pattern might threat black day.\nBenefit his type such. Event western modern next. Senior little collection ok everyone.','/product_pic/download.jpeg',14,2),(143,'Ford',18000,'Claim down low industry billion do example. Try himself see public scene direction. Enter enjoy standard first low piece.\nDetail daughter character president fear field thus.','/product_pic/download (4).jpeg',18,1),(144,'Fisker',15000,'East respond idea speak two main rich without. More thousand difference down raise. Hold involve young hard until sell.\nExpert when join person population.','/product_pic/download (1).jpeg',5,4),(145,'Hyundai',16000,'Sister drop blood dream project majority ground structure.\nWhat indicate ask need. Bank finally meet soldier become. General executive Democrat throw radio media claim.','/product_pic/images (3).jpeg',14,23),(146,'Ferrari',23000,'Someone remember though both. Sound organization certain.\nNearly organization eye nor hand.','/product_pic/download (2).jpeg',8,12),(147,'Daihatsu',17000,'Radio ask perform quality fine whom debate else. Two try conference this member only employee.\nVery hold well. Old hand enough.\nThough than at college only should. Provide body current these end.','/product_pic/images (6).jpeg',16,2),(148,'Donkervoort',13000,'Production ball travel great allow above blue. Learn art attorney above. Throughout at majority sign their four.\nRelate early current along capital. Prepare Mr follow type.','/product_pic/images.jpeg',18,1),(149,'Donkervoort',3500,'Artist run once blue tonight seat. Research itself special stand short five.\nInstitution peace later grow less fight. Movement action consumer shake.','/product_pic/download (8).jpeg',11,4),(150,'Daewoo',11500,'Tonight identify me. Film interesting run almost agent.\nCover benefit edge ability president total.\nItem voice born. South compare who medical.','/product_pic/images (6).jpeg',4,23),(151,'Daewoo',19500,'Relate establish important too step performance require. Cultural tax next her manager American. Range these election share another.','/product_pic/images (1).jpeg',9,23),(152,'Daihatsu',12500,'Pressure name name property. As opportunity large sure.\nSenior spend answer shoulder. Authority husband baby purpose none.','/product_pic/download (3).jpeg',7,19),(153,'Donkervoort',22000,'Financial owner range drive standard. Defense car practice their among everyone investment air. Board plan determine get world her product.\nThought data need idea feeling. Congress together center.','/product_pic/download_1.jpeg',18,16),(154,'DS',16500,'Parent whatever important inside give.\nRepresent way above research half peace.\nMr feeling box partner true art. Recently opportunity certainly Democrat thought item attack.','/product_pic/images (1).jpeg',9,10),(155,'Daihatsu',12000,'Fine city police concern. Young race newspaper choose single offer life.\nSmall particularly give current. Best risk whose shake recently clearly.','/product_pic/images (3).jpeg',9,7),(156,'Daewoo',24500,'Opportunity over beyond mention number nothing open story. Eight forward pass behavior. Husband least painting.','/product_pic/images.jpeg',19,15),(157,'Daihatsu',6000,'Sure interest fund red prove. Century official discover fish compare forget. Wrong person responsibility what.\nGas why political cup. Land pass color generation knowledge star recent.','/product_pic/download (2).jpeg',13,8),(158,'Fiat',20000,'Hear grow listen today health media inside. Hold month young newspaper area.\nMonth better moment collection give teacher. So manager despite our benefit.','/product_pic/images (6).jpeg',19,11),(159,'Honda',19500,'Try fund ahead debate operation support visit. Ability not media hear. Including daughter worker sea camera.','/product_pic/images (3).jpeg',4,22),(160,'Hyundai',8500,'Everybody account even blue threat. Run trade executive baby security cost.\nSkill size four gun various compare.\nDetermine something better response. Action treatment another word.','/product_pic/images (3).jpeg',6,17),(161,'Hummer',13000,'White whether painting very important us statement. Probably worker amount study involve without dark.','/product_pic/download (4).jpeg',3,21),(162,'Hummer',22500,'Collection foot gas feel quality country issue. Wear bag address you character just guess.','/product_pic/download_1.jpeg',11,12),(163,'Fiat',7000,'Dog law fish song. Hundred number this PM shoulder mother have. Company rise movement court upon discuss tend.\nConsider within write no. For these traditional back.','/product_pic/images (3).jpeg',20,16),(164,'DS',18000,'Wonder degree simply party drop service with. Themselves personal buy eye want.','/product_pic/download (9).jpeg',16,13),(165,'Hummer',22500,'Ready space collection sort be true hotel. Your mean fly skin black free mission.','/product_pic/download (1).jpeg',6,14),(166,'Dodge',12000,'Always ok minute agree answer cup building. Hotel nearly same season against already. Until her four fine. Book much subject move animal black school.','/product_pic/images (4).jpeg',5,5),(167,'Dodge',19500,'Daughter sing radio guy value maybe term fund. Blue feel generation those perform compare.\nScientist pay do born prepare assume. Security this risk sister. Feel nothing region again since.','/product_pic/images (5).jpeg',19,14),(168,'Donkervoort',4500,'Evidence collection who gas dark. Over loss produce trouble why something join machine. College goal us oil type size.\nOffer structure when drug upon. Analysis address allow some.','/product_pic/images (3).jpeg',10,18),(169,'Honda',10500,'Report newspaper realize present tree bed. History may score forward book.','/product_pic/download (5).jpeg',13,12),(170,'Daewoo',17000,'Fish personal fish early. Say address quite star senior project Congress. Less employee soldier my.\nBest effect treat project move increase. Information enough share experience other.','/product_pic/download (3).jpeg',18,18),(171,'Honda',18000,'Step manager finally international past. Nothing short she move family all trial. Politics shoulder pay red.\nOperation buy professional the tend gun common.','/product_pic/images (3).jpeg',13,9),(172,'Daewoo',17500,'Perhaps candidate realize war attack history. Three wrong minute minute Mr doctor maybe. Sure report serious agency.','/product_pic/download_1.jpeg',3,1),(173,'Hummer',4000,'Onto raise happen example save half song. Assume unit decide light. Many when final free.\nAttack anyone owner still audience. Range why leader least.','/product_pic/download (2).jpeg',8,20),(174,'DS',11000,'These spend behind buy. Manage side reduce foot most value water.\nDinner nice business box late. Contain still seat.','/product_pic/images (3).jpeg',7,16),(175,'Daewoo',10500,'Fact plant her six. Young whom house create chance participant choice.\nWithin senior letter strong myself between. Central bring herself.','/product_pic/images.jpeg',11,1),(176,'Ferrari',6500,'Case defense where doctor recent loss moment. Easy lose provide and way idea still.\nThrough theory visit themselves. Away probably mention free live far full into.','/product_pic/download (5).jpeg',1,16),(177,'Daewoo',15000,'Decision popular really take. Statement task star likely show focus.\nOthers instead practice politics staff idea create father. Wide meeting individual north just. Rate hospital sport medical pretty.','/product_pic/download (9).jpeg',3,1),(178,'Daihatsu',20000,'Event government set. Either sometimes camera seat painting. Company these above many foreign bed.','/product_pic/download (6).jpeg',6,23),(179,'Hyundai',17500,'Another must will agree do range.\nMiss church affect four lot since someone. Yard hear clearly stock public since on.','/product_pic/download (6).jpeg',3,2),(180,'Honda',16500,'Stock final style plant various. You character close hand challenge lot ball.\nBit within their. Add consumer usually actually listen she. Nature require lot unit mind whether possible.','/product_pic/images (5).jpeg',11,7),(181,'DS',10000,'Candidate trouble image. Source country ever few.\nLead gun place son. Bank month one. Believe keep per teach follow.','/product_pic/images (3).jpeg',1,19),(182,'Ferrari',23000,'Explain daughter feel mission economic chair. Huge share start not wife what.\nChange commercial evening his according food upon. Teacher reflect money store.','/product_pic/download (1).jpeg',20,4),(183,'Fisker',18500,'Share probably room morning less office. Role save affect doctor mouth position him. Up long leave total.\nAhead amount billion development state. Your ask left. Approach think both.','/product_pic/download (7).jpeg',20,3),(184,'Hummer',5500,'Program support billion enjoy for only forget. Pay method talk program since. Thought behavior off ground know science education.','/product_pic/download (7).jpeg',5,22),(185,'Fiat',15000,'Myself appear character dream quite kind fish anyone. Return child keep college sister then strong.','/product_pic/download.jpeg',17,19),(186,'Ferrari',19500,'Time property family science conference area amount arrive. Side wrong manage upon per like. Street such example despite. Dog detail raise floor and line try type.','/product_pic/download (5).jpeg',5,18),(187,'Dodge',22000,'Glass management end back behavior huge. One international near.\nHuman resource business town term realize. Meeting debate give city more report car. Your beyond policy together form trade president.','/product_pic/images.jpeg',8,17),(188,'Honda',12500,'Stay crime group material democratic.\nFigure raise everybody weight may. Leave relate quickly voice list later yourself.','/product_pic/images (3).jpeg',12,21),(189,'Dodge',23500,'All east worker different certain if choose.\nBar investment may player.\nSpeech capital skill we long law reach little. Seek exist let industry always. Hear nothing meet camera never.','/product_pic/download (7).jpeg',1,23),(190,'Ferrari',21500,'Sort spend child lead. Television success their world college of whose design. Wife language leave bring left rise.','/product_pic/download (8).jpeg',15,4),(191,'Honda',20500,'Decision people paper while official dark. Technology event serious expert attorney official food. Program policy place question college area.','/product_pic/download (8).jpeg',15,2),(192,'Daihatsu',19500,'Quickly happy vote before our opportunity read. Although television arm know development direction exactly.','/product_pic/download_1.jpeg',11,16),(193,'Daihatsu',18000,'Wrong seem forget far idea poor major. Charge expect now water send fast environmental. Effort data along surface that account issue.\nBig television if property down. Development more trial.','/product_pic/images (3).jpeg',8,7),(194,'Fiat',22000,'Much leg some suggest reason full test. Low increase loss above among.\nLot material up action.\nBy top soldier. Board avoid his say international. Every treatment network fight.','/product_pic/download (2).jpeg',2,5),(195,'DS',21500,'Glass a while set. Reveal but shoulder night threat report show. Media test beyond management my. Require lawyer news these.','/product_pic/images.jpeg',6,14),(196,'Dodge',14000,'Fund treatment find magazine. Minute enter husband long what personal most.\nRole person parent night star. Really plan lot.','/product_pic/images (4).jpeg',19,22),(197,'Ford',15000,'Without turn son admit feeling television perhaps. Through lose week decade party save participant media. Data enough wife turn employee teach garden.','/product_pic/images.jpeg',14,12),(198,'Fiat',24000,'Mean relationship soon learn team record. New national water matter. Blue sign almost vote.\nCatch boy very fire almost hospital especially. Produce side need wind require.','/product_pic/images (5).jpeg',12,20),(199,'Ford',12000,'Direction among condition care. Around film skin subject.\nPrepare them through tough. Factor recently final measure good.\nMain bank them for produce dog event.','/product_pic/images (1).jpeg',13,6),(200,'Ford',18000,'Member woman unit card. A explain read even. Operation pass by relate positive team.\nShoulder movie car stop difficult onto. Camera sister address. Expert gas commercial base full month.','/product_pic/download (3).jpeg',15,23);
/*!40000 ALTER TABLE `my_app_product` ENABLE KEYS */;
UNLOCK TABLES;

--
-- Table structure for table `my_app_profile`
--

DROP TABLE IF EXISTS `my_app_profile`;
/*!40101 SET @saved_cs_client     = @@character_set_client */;
/*!50503 SET character_set_client = utf8mb4 */;
CREATE TABLE `my_app_profile` (
  `id` int(11) NOT NULL AUTO_INCREMENT,
  `first_name` varchar(100) NOT NULL,
  `last_name` varchar(100) NOT NULL,
  `email` varchar(150) NOT NULL,
  `avatar` varchar(100) NOT NULL,
  `user_id` int(11) NOT NULL,
  PRIMARY KEY (`id`),
  UNIQUE KEY `user_id` (`user_id`),
  CONSTRAINT `my_app_profile_user_id_10b7a121_fk_auth_user_id` FOREIGN KEY (`user_id`) REFERENCES `auth_user` (`id`)
) ENGINE=InnoDB AUTO_INCREMENT=2 DEFAULT CHARSET=latin1;
/*!40101 SET character_set_client = @saved_cs_client */;

--
-- Dumping data for table `my_app_profile`
--

LOCK TABLES `my_app_profile` WRITE;
/*!40000 ALTER TABLE `my_app_profile` DISABLE KEYS */;
INSERT INTO `my_app_profile` VALUES (1,'Protiuc','Ovidiu','ovidiu.protiuc00@e-uvt.ro','default.png',1);
/*!40000 ALTER TABLE `my_app_profile` ENABLE KEYS */;
UNLOCK TABLES;

--
-- Table structure for table `my_app_userprofile`
--

DROP TABLE IF EXISTS `my_app_userprofile`;
/*!40101 SET @saved_cs_client     = @@character_set_client */;
/*!50503 SET character_set_client = utf8mb4 */;
CREATE TABLE `my_app_userprofile` (
  `id` int(11) NOT NULL AUTO_INCREMENT,
  `avatar` varchar(100) NOT NULL,
  `user_id` int(11) NOT NULL,
  PRIMARY KEY (`id`),
  KEY `my_app_userprofile_user_id_d2b01791_fk_auth_user_id` (`user_id`),
  CONSTRAINT `my_app_userprofile_user_id_d2b01791_fk_auth_user_id` FOREIGN KEY (`user_id`) REFERENCES `auth_user` (`id`)
) ENGINE=InnoDB DEFAULT CHARSET=latin1;
/*!40101 SET character_set_client = @saved_cs_client */;

--
-- Dumping data for table `my_app_userprofile`
--

LOCK TABLES `my_app_userprofile` WRITE;
/*!40000 ALTER TABLE `my_app_userprofile` DISABLE KEYS */;
/*!40000 ALTER TABLE `my_app_userprofile` ENABLE KEYS */;
UNLOCK TABLES;
/*!40103 SET TIME_ZONE=@OLD_TIME_ZONE */;

/*!40101 SET SQL_MODE=@OLD_SQL_MODE */;
/*!40014 SET FOREIGN_KEY_CHECKS=@OLD_FOREIGN_KEY_CHECKS */;
/*!40014 SET UNIQUE_CHECKS=@OLD_UNIQUE_CHECKS */;
/*!40101 SET CHARACTER_SET_CLIENT=@OLD_CHARACTER_SET_CLIENT */;
/*!40101 SET CHARACTER_SET_RESULTS=@OLD_CHARACTER_SET_RESULTS */;
/*!40101 SET COLLATION_CONNECTION=@OLD_COLLATION_CONNECTION */;
/*!40111 SET SQL_NOTES=@OLD_SQL_NOTES */;

-- Dump completed on 2022-02-10 18:38:55
