INSERT INTO ksnko_stations (id, number, name, access, location, has_sensor, changed, city_district_name, city_district_slug, coordinate_lat, coordinate_lon, geom, active, create_batch_id, created_at, created_by, update_batch_id, updated_at, updated_by, form_hash, valid_from) VALUES
(1, '0022/ 001', 'Přátelství 356/61', 'volně', 'outdoor', false, '2019-11-01 13:52:41+00', 'Praha 22', 'praha-22', -731175.14, -1050805.71, '0101000020E61000009269E9F206302D406A7320C1AB044940', true, NULL, '2022-07-20 14:54:48.309+00', NULL, NULL, '2022-07-19 15:03:56.029+00', NULL,'4e2e9d8d-4485-72ac-91e4-23f62575a018','2022-07-20 16:54:48.309+02'),
(19, '0022/ 019', 'V Bytovkách 783', 'volně', 'outdoor', false, '2019-11-01 13:52:41+00', 'Praha 22', 'praha-22', -731335.500031, -1050300.17852, '0101000020E61000009269E9F206302D406A7320C1AB044940', true, NULL, '2022-07-20 14:54:48.309+00', NULL, NULL, '2022-07-19 15:03:56.029+00', NULL,'1c84fd84-44e7-5aed-e6e8-2c55eea58620','2022-07-20 16:54:48.309+02'),
(25, '0022/ 025', 'Nové náměstí 1257/9', 'volně', 'outdoor', true, '2022-07-14 10:20:27+00', 'Praha 22', 'praha-22', -730951.671895, -1050922.53939, '0101000020E6100000ED13817657332D40085BDD3205044940', false, NULL, '2022-07-20 14:54:48.309+00', NULL, NULL, '2022-07-19 15:03:56.029+00', NULL,'3009ca2e-53d2-b6eb-95e1-dd8d0f10ba6e','2022-07-20 16:54:48.309+02'),
(9999, '9999/ 025', 'test', 'obyvatelům domu', 'outdoor', false, '2022-07-14 10:20:27+00', 'Praha 22', 'praha-22', -730951.671895, -1050922.53939, '0101000020E6100000ED13817657332D40085BDD3205044940', false, NULL, '2022-07-20 14:54:48.309+00', NULL, NULL, '2022-07-19 15:03:56.029+00', NULL,'bb3009b9-acd1-7f55-213a-f8ec767578ff','2022-07-20 16:54:48.309+02'),
(2074, '0007/ 022', 'Řezáčovo náměstí 1256/3', 'neznámá dostupnost', 'underground', true, '2022-03-17 12:12:52+01', 'Praha 7', 'praha-7', -741580.769887, -1041671.49585, '0101000020E61000002FB6371C16DF2C4015207CE5EA0C4940', true, NULL, '2022-07-20 14:54:48.309+00', NULL, NULL, '2022-07-19 15:03:56.029+00', NULL,'9a5c2eeb-a0b8-db35-1da2-e9c02e13ac59','2022-07-20 16:54:48.309+02');

INSERT INTO ksnko_containers (id, code, volume_ratio, trash_type, container_volume, container_brand, container_dump, cleaning_frequency_code, station_id, active, create_batch_id, created_at, created_by, update_batch_id, updated_at, updated_by, form_hash) VALUES
(101, 'S0022019TSCV3350SV101', 0.3, 'sc', 3350, 'Atomium Reflex', 'SV', '61', 19, true, NULL, NULL, NULL, NULL, '2022-07-19 15:03:56.029+00', NULL,'e8fdacda-e4e7-d116-baa9-8428cc99605e'),
(102, 'S0022019TNKV240HV102', 1, 'nk', 240, 'normální', 'HV', '11', 19, true, NULL, NULL, NULL, NULL, '2022-07-19 15:03:56.029+00', NULL,'03110e7e-21f7-c193-bd1c-effd953c180d'),
(103, 'S0022019TPV1100HV103', 1, 'p', 1100, 'normální', 'HV', '13', 19, true, NULL, NULL, NULL, NULL, '2022-07-19 15:03:56.029+00', NULL,'015c7d6f-fbf0-97af-7c0e-791a904d9193'),
(104, 'S0022019TSBV3350SV104', 0.7, 'sb', 3350, 'Atomium Reflex', 'SV', '61', 19, true, NULL, NULL, NULL, NULL, '2022-07-19 15:03:56.029+00', NULL,'42947809-ab07-b134-a304-aad5badff3b4'),
(105, 'S0022019TUV1100HV105', 1, 'u', 1100, 'normální', 'HV', '13', 19, true, NULL, NULL, NULL, NULL, '2022-07-19 15:03:56.029+00', NULL,'80f0f479-ba69-eeea-db4b-bfa7bd2839dc'),
(132, 'S0022025TSCV3350SV132', 0.3, 'sc', 3350, 'Atomium Reflex', 'SV', '61', 25, true, NULL, NULL, NULL, NULL, '2022-07-19 15:03:56.029+00', NULL,'a71a1741-aed9-bd83-e1b7-2d9f5c7ad0f9'),
(133, 'S0022025TNKV240HV133', 1, 'nk', 240, 'normální', 'HV', '11', 25, true, NULL, NULL, NULL, NULL, '2022-07-19 15:03:56.029+00', NULL,'95fc3e5e-61d6-24f5-82c8-07ad97ee7377'),
(134, 'S0022025TPV1100HV134', 1, 'p', 1100, 'normální', 'HV', '13', 25, true, NULL, NULL, NULL, NULL, '2022-07-19 15:03:56.029+00', NULL,'d40465fe-3555-9063-3364-be29f38834cb'),
(135, 'S0022025TSBV3350SV135', 0.7, 'sb', 3350, 'Atomium Reflex', 'SV', '61', 25, true, NULL, NULL, NULL, NULL, '2022-07-19 15:03:56.029+00', NULL,'c8aa151a-5f87-4f85-abf5-26b9d8c24d74'),
(136, 'S0022025TUV1100HV136', 1, 'u', 1100, 'normální', 'HV', '13', 25, true, NULL, NULL, NULL, NULL, '2022-07-19 15:03:56.029+00', NULL,'60f505a9-394b-dad4-ad5f-8696b0d11157'),
(21128, 'S0022025TKOV1100SV21128', 1, 'ko', 1100, 'mini H', 'SV', '61', 25, true, NULL, NULL, NULL, NULL, '2022-07-19 15:03:56.029+00', NULL,'212430c9-e207-fba7-c2e8-80635d7b5f35'),
(30414, 'S0022025TSCV3350SV30414', 1.19209e-08, 'sc', 3350, 'Atomium Reflex', 'SV', '61', 25, false, NULL, NULL, NULL, NULL, '2022-07-19 15:03:56.029+00', NULL,'43445bc5-a20b-44d1-45c6-cecb9500bd9d'),
(30415, 'S0022025TJTV240HV30415', 1, 'jt', 240, 'normální', 'HV', '41', 25, true, NULL, NULL, NULL, NULL, '2022-07-19 15:03:56.029+00', NULL,'70814141-50a3-b32c-6e30-82fddf1884b2'),
(30416, 'S0022025TSCV3350SV30416', 2.38419e-08, 'sc', 3350, 'Atomium Reflex', 'SV', '61', 25, false, NULL, NULL, NULL, NULL, '2022-07-19 15:03:56.029+00', NULL,'2d312534-5ade-4baf-d2de-0c118ca27430'),
(9552, 'S0007022TPV3000SV9552', 1, 'p', 3000, 'Podzemní', 'SV', '13', 2074, true, NULL, NULL, NULL, NULL, '2022-07-19 15:03:56.029+00', NULL,'32a20407-7865-1d2c-6109-fbd98a79719b'),
(9553, 'S0007022TSBV3000SV9553', 1, 'sb', 3000, 'Podzemní', 'SV', '11', 2074, true, NULL, NULL, NULL, NULL, '2022-07-19 15:03:56.029+00', NULL,'8eb40977-860c-a7e3-8e31-43689695b04c'),
(9554, 'S0007022TUV3000SV9554', 1, 'u', 3000, 'Podzemní', 'SV', '13', 9999, true, NULL, NULL, NULL, NULL, '2022-07-19 15:03:56.029+00', NULL,'8e88ff7d-578a-ebad-8212-fabf318fc364'),
(23361, 'S0022001TJTV240HV28175', 1.0, 'jt', 240, 'normální', 'HV', '41', 1, true, NULL, '2022-08-25 07:25:13.478', NULL, NULL, '2023-11-24 07:25:36.358', NULL,'3c69a1fb-0942-68c5-10de-248ec13802db'),
(99999998, 'test2', 0.0, 'p', 0, NULL, NULL, NULL, NULL, true, NULL, NULL, NULL, NULL, '2022-07-19 15:03:56.029+00', NULL,'de5b5603-20f6-0dff-fc1a-92b872c2ace1');

INSERT INTO container_vendor_data (vendor_id, ksnko_container_id, sensor_id, vendor, prediction, installed_at, installed_by, network, bin_depth, has_anti_noise, anti_noise_depth, algorithm, schedule, sensor_version, is_sensitive_to_pickups, pickup_sensor_type, decrease_threshold, pick_min_fill_level, active, bin_brand, create_batch_id, created_at, created_by, update_batch_id, updated_at, updated_by, form_hash, valid_from) VALUES
('Sensoneo_C01381', 23361, '70b3d50070007A58', 'Sensoneo', NULL, '2019-01-13 01:00:00.000', '-', 'Lora', 150, false, NULL, 'Standard', '-', 'SSV3 Lite', true, 'event_and_data_driven', 20, 55, true, 'Bammens Memphis', NULL, '2022-08-24 14:05:09.086', NULL, NULL, '2023-11-27 09:05:04.154', NULL,'06eb9ae2-49fb-0637-bbf4-6740aba6700f','2023-11-27 09:05:04.154'),
('Sensoneo_C00412', 9553, '206524', 'Sensoneo', '2022-12-01 02:06:12+01', '2018-12-05 01:00:00+01', '-', 'SIGFOX', 88, false, NULL, 'Standard', '-', 'v2', true, 'data', 20, 50, true, 'Schäfer/Europa-OR/GB', NULL, '2022-08-24 14:05:09.071+01', NULL, NULL, '2022-11-29 14:05:02.648+01', NULL,'764ef327-2b77-7cdc-80fe-58fbb75736bc','2022-11-29 14:05:02.648+01'),
('Sensoneo_C00413', 9552, 'C7AFA0', 'Sensoneo', NULL, '2018-12-05 01:00:00+01', '-', 'SIGFOX', 180, false, NULL, 'Standard', '-', 'v3lite', true, 'data + accelerometer', 20, 55, true, 'Schäfer/Europa-OR/GB', NULL, '2022-08-24 14:05:09.071+01', NULL, NULL, '2022-11-29 14:05:02.648+01', NULL,'ab5eff4b-8453-bf12-4604-32357fc04927','2022-11-29 14:05:02.648+01'),
('Sensoneo_C00414', 9554, '20676B', 'Sensoneo', NULL, '2018-12-05 01:00:00+01', '-', 'SIGFOX', 180, false, NULL, 'Standard', '-', 'v2', true, 'data', 20, 55, true, 'Schäfer/Europa-OR/GB', NULL, '2022-08-24 14:05:09.071+01', NULL, NULL, '2022-11-29 14:05:02.648+01', NULL,'568da33b-d32a-2beb-6189-77f7440c76aa','2022-11-29 14:05:02.648+01');

INSERT INTO measurements (vendor_id, ksnko_container_id, percent_smoothed, percent_raw, is_blocked, temperature, battery_status, measured_at, saved_at, vendor_updated_at, prediction_bin_full, firealarm, create_batch_id, created_at, created_by, update_batch_id, updated_at, updated_by) VALUES
('Sensoneo_C01381', 23361, 81, 81, false, 4, 3.63, '2023-11-24 08:48:16.000', '2023-11-24 08:48:16.000', '2023-11-24 08:48:16.000', NULL, false, NULL, '2023-11-24 09:05:14.821', NULL, NULL, '2023-11-24 09:05:14.821',NULL),
('Sensoneo_C01381', 23361, 81, 81, false, 4, 3.56, '2023-11-24 08:45:02.000', '2023-11-24 08:45:02.000', '2023-11-24 08:45:02.000', NULL, false, NULL, '2023-11-24 09:05:14.834', NULL, NULL, '2023-11-24 09:05:14.834',NULL),
('Sensoneo_C01381', 23361, 81, 81, false, 4, 3.63, '2023-11-24 08:40:55.000', '2023-11-24 08:40:55.000', '2023-11-24 08:40:55.000', NULL, false, NULL, '2023-11-24 09:05:14.834', NULL, NULL, '2023-11-24 09:05:14.834',NULL),
('Sensoneo_C00412', 9553, 54, 54, false, 7, 3.5, '2022-11-29 01:26:55+01', '2022-11-29 01:26:55+01', '2022-11-29 01:26:55+01', '2022-12-01 08:15:15+01', false, NULL, '2022-11-29 02:05:21.897+01', NULL, NULL, '2022-11-29 05:36:50.596+01', NULL),
('Sensoneo_C00412', 9553, 53, 53, false, 7, 3.5, '2022-11-29 05:27:33+01', '2022-11-29 05:27:33+01', '2022-11-29 05:27:33+01', '2022-12-01 08:15:15+01', false, NULL, '2022-11-29 05:36:50.557+01', NULL, NULL, '2022-11-29 07:05:54.46+01', NULL),
('Sensoneo_C00412', 9553, 56, 56, false, 7, 3.5, '2022-11-29 09:28:12+01', '2022-11-29 09:28:12+01', '2022-11-29 09:28:12+01', '2022-12-01 02:06:12+01', false, NULL, '2022-11-29 10:05:46.212+01', NULL, NULL, '2022-11-29 11:05:39.708+01', NULL),
('Sensoneo_C00412', 9553, 69, 69, false, 7, 3.5, '2022-11-29 21:30:01+01', '2022-11-29 21:30:01+01', '2022-11-29 21:30:01+01', '2022-11-30 09:36:21+01', false, NULL, '2022-11-29 22:05:28.973+01', NULL, NULL, '2022-11-29 23:05:24.55+01', NULL),
('Sensoneo_C00412', 9553, 72, 72, false, 7, 3.5, '2022-11-29 23:30:21+01', '2022-11-29 23:30:21+01', '2022-11-29 23:30:21+01', '2022-11-30 05:04:04+01', false, NULL, '2022-11-30 00:05:35.063+01', NULL, NULL, '2022-11-30 00:05:35.063+01', NULL),
('Sensoneo_C00413', 9552, 59, 59, false, 3, 3.58, '2022-11-29 00:46:33+01', '2022-11-29 00:46:33+01', '2022-11-29 00:46:33+01', '2022-11-30 00:26:58+01', false, NULL, '2022-11-29 01:05:36.694+01', NULL, NULL, '2022-11-29 05:36:50.597+01', NULL),
('Sensoneo_C00413', 9552, 53, 53, false, 3, 3.59, '2022-11-29 02:46:28+01', '2022-11-29 02:46:28+01', '2022-11-29 02:46:28+01', '2022-11-30 00:26:58+01', false, NULL, '2022-11-29 03:05:35.53+01', NULL, NULL, '2022-11-29 05:36:50.562+01', NULL),
('Sensoneo_C00413', 9552, 53, 53, false, 2, 3.59, '2022-11-29 04:46:29+01', '2022-11-29 04:46:29+01', '2022-11-29 04:46:29+01', '2022-11-30 00:26:58+01', false, NULL, '2022-11-29 05:05:38.407+01', NULL, NULL, '2022-11-29 06:05:27.255+01', NULL),
('Sensoneo_C00413', 9552, 50, 50, false, 3, 3.59, '2022-11-29 06:46:31+01', '2022-11-29 06:46:31+01', '2022-11-29 06:46:31+01', '2022-11-30 04:37:16+01', false, NULL, '2022-11-29 07:05:54.457+01', NULL, NULL, '2022-11-29 08:05:35.728+01', NULL),
('Sensoneo_C00413', 9552, 96, 96, false, 4, 3.59, '2022-11-29 08:46:32+01', '2022-11-29 08:46:32+01', '2022-11-29 08:46:32+01', NULL, false, NULL, '2022-11-29 09:05:43.796+01', NULL, NULL, '2022-11-29 10:05:46.214+01', NULL),
('Sensoneo_C00413', 9552, 96, 96, false, 4, 3.59, '2022-11-29 10:46:36+01', '2022-11-29 10:46:36+01', '2022-11-29 10:46:36+01', NULL, false, NULL, '2022-11-29 11:05:39.705+01', NULL, NULL, '2022-11-29 12:05:25.905+01', NULL),
('Sensoneo_C00413', 9552, 86, 86, false, 4, 3.59, '2022-11-29 14:46:16+01', '2022-11-29 14:46:16+01', '2022-11-29 14:46:16+01', NULL, false, NULL, '2022-11-29 15:05:52.505+01', NULL, NULL, '2022-11-29 16:05:27.059+01', NULL),
('Sensoneo_C00413', 9552, 100, 100, false, 5, 3.59, '2022-11-29 16:46:17+01', '2022-11-29 16:46:17+01', '2022-11-29 16:46:17+01', NULL, false, NULL, '2022-11-29 17:05:53.637+01', NULL, NULL, '2022-11-29 18:05:56.848+01', NULL),
('Sensoneo_C00413', 9552, 100, 100, false, 4, 3.57, '2022-11-29 17:57:42+01', '2022-11-29 17:57:42+01', '2022-11-29 17:57:42+01', NULL, false, NULL, '2022-11-29 18:05:56.843+01', NULL, NULL, '2022-11-29 19:05:27.871+01', NULL),
('Sensoneo_C00413', 9552, 100, 100, false, 4, 3.57, '2022-11-29 18:00:51+01', '2022-11-29 18:00:51+01', '2022-11-29 18:00:51+01', NULL, false, NULL, '2022-11-29 18:05:56.842+01', NULL, NULL, '2022-11-29 19:05:27.871+01', NULL),
('Sensoneo_C00413', 9552, 93, 93, false, 5, 3.58, '2022-11-29 20:46:20+01', '2022-11-29 20:46:20+01', '2022-11-29 20:46:20+01', NULL, false, NULL, '2022-11-29 21:05:22.095+01', NULL, NULL, '2022-11-29 22:05:28.995+01', NULL),
('Sensoneo_C00413', 9552, 100, 100, false, 4, 3.58, '2022-11-29 22:46:24+01', '2022-11-29 22:46:24+01', '2022-11-29 22:46:24+01', NULL, false, NULL, '2022-11-29 23:05:24.549+01', NULL, NULL, '2022-11-30 00:05:35.064+01', NULL),
('Sensoneo_C00414', 9554, 73, 79, false, 3, 3.6, '2022-11-29 01:29:33+01', '2022-11-29 01:29:33+01', '2022-11-29 01:29:33+01', '2022-11-29 06:09:23+01', false, NULL, '2022-11-29 02:05:21.897+01', NULL, NULL, '2022-11-29 05:36:50.596+01', NULL),
('Sensoneo_C00414', 9554, 74, 74, false, 3, 3.6, '2022-11-29 05:30:11+01', '2022-11-29 05:30:11+01', '2022-11-29 05:30:11+01', '2022-11-29 06:09:23+01', false, NULL, '2022-11-29 05:36:50.557+01', NULL, NULL, '2022-11-29 07:05:54.46+01', NULL),
('Sensoneo_C00414', 9554, 91, 91, false, 4, 3.6, '2022-11-29 13:31:31+01', '2022-11-29 13:31:31+01', '2022-11-29 13:31:31+01', NULL, false, NULL, '2022-11-29 14:05:33.821+01', NULL, NULL, '2022-11-29 15:05:52.507+01', NULL),
('Sensoneo_C00414', 9554, 99, 99, false, 3, 3.6, '2022-11-29 21:32:40+01', '2022-11-29 21:32:40+01', '2022-11-29 21:32:40+01', NULL, false, NULL, '2022-11-29 22:05:28.973+01', NULL, NULL, '2022-11-29 23:05:24.55+01', NULL),
('Sensoneo_C00414', 9554, 100, 100, false, 2, 3.6, '2022-11-29 23:33:01+01', '2022-11-29 23:33:01+01', '2022-11-29 23:33:01+01', NULL, false, NULL, '2022-11-30 00:05:35.063+01', NULL, NULL, '2022-11-30 00:05:35.063+01', NULL);

INSERT INTO picks (vendor_id, ksnko_container_id, pick_at, percent_before, percent_now, event_driven, create_batch_id, created_at, created_by, update_batch_id, updated_at, updated_by) VALUES
('Sensoneo_C01381', 23361, '2022-11-24 09:09:26+01', 63, 9, false, NULL, '2022-11-25 01:05:36.155+01', NULL, NULL, '2022-11-29 05:35:06.911+01', NULL),
('Sensoneo_C00412', 9553, '2022-11-24 09:09:26+01', 63, 9, false, NULL, '2022-11-25 01:05:36.155+01', NULL, NULL, '2022-11-29 05:35:06.911+01', NULL),
('Sensoneo_C00412', 9553, '2022-11-25 23:15:20+01', 30, 0, false, NULL, '2022-11-26 01:05:37.715+01', NULL, NULL, '2022-11-26 01:05:37.715+01', NULL),
('Sensoneo_C00412', 9553, '2022-11-26 23:19:04+01', 34, 0, false, NULL, '2022-11-27 02:05:27.747+01', NULL, NULL, '2022-11-29 05:35:07.788+01', NULL),
('Sensoneo_C00413', 9552, '2022-11-23 06:30:48+01', 100, 13, false, NULL, '2022-11-24 01:05:36.723+01', NULL, NULL, '2022-11-29 05:35:06.912+01', NULL),
('Sensoneo_C00413', 9552, '2022-11-25 06:22:14+01', 100, 11, false, NULL, '2022-11-26 01:05:37.716+01', NULL, NULL, '2022-11-29 05:35:06.91+01', NULL),
('Sensoneo_C00413', 9552, '2022-11-28 08:25:57+01', 100, 13, false, NULL, '2022-11-29 01:05:36.815+01', NULL, NULL, '2022-11-29 05:35:07.788+01', NULL),
('Sensoneo_C00414', 9554, '2022-11-23 09:08:19+01', 97, 11, false, NULL, '2022-11-24 01:05:36.723+01', NULL, NULL, '2022-11-29 05:35:06.912+01', NULL),
('Sensoneo_C00414', 9554, '2022-11-25 09:15:50+01', 100, 32, false, NULL, '2022-11-26 01:05:37.716+01', NULL, NULL, '2022-11-29 05:35:06.91+01', NULL),
('Sensoneo_C00414', 9554, '2022-11-27 23:25:33+01', 100, 0, false, NULL, '2022-11-28 01:05:35.214+01', NULL, NULL, '2022-11-29 05:35:07.788+01', NULL),
('Sensoneo_C00414', 9554, '2022-11-28 09:27:05+01', 64, 26, false, NULL, '2022-11-29 01:05:36.815+01', NULL, NULL, '2022-11-29 05:35:07.788+01', NULL);

REFRESH MATERIALIZED VIEW v_last_measurements;
REFRESH MATERIALIZED VIEW v_last_picks;
