INSERT INTO counters_directions (id,vendor_id,locations_id,"name",create_batch_id,created_at,created_by,update_batch_id,updated_at,updated_by) VALUES
	 ('ecoCounter-104061215','104061215','ecoCounter-100061215','Pyrobox OICT Pěší Z viaduktu (směr Výstaviště)',NULL,'2020-08-24 14:08:26.597+02',NULL,NULL,'2020-11-11 06:15:02.549+01',NULL),
	 ('ecoCounter-101065230','101065230','ecoCounter-100065230','Stromovka IN - směr viadukt',NULL,'2020-11-12 06:15:02.2+01',NULL,NULL,'2021-04-21 06:15:03.111+02',NULL),
	 ('ecoCounter-353231242','353231242','ecoCounter-100065230','Stromovka [Pedestrian IN]',NULL,'2020-11-17 06:15:02.22+01',NULL,NULL,'2020-11-21 06:15:05.918+01',NULL),
	 ('ecoCounter-353240727','353240727','ecoCounter-100065230','Stromovka [Pedestrian IN]',NULL,'2020-11-27 06:15:03.143+01',NULL,NULL,'2020-12-04 06:15:04.67+01',NULL),
	 ('ecoCounter-353231243','353231243','ecoCounter-100065230','Stromovka [Pedestrian OUT]',NULL,'2020-11-17 06:15:02.22+01',NULL,NULL,'2020-11-21 06:15:05.918+01',NULL),
	 ('ecoCounter-102065230','102065230','ecoCounter-100065230','Stromovka OUT - směr stromovka',NULL,'2020-11-12 06:15:02.2+01',NULL,NULL,'2021-04-21 06:15:03.111+02',NULL),
	 ('ecoCounter-353245239','353245239','ecoCounter-100065230','Stromovka [Pedestrian IN]',NULL,'2020-12-05 06:15:04.879+01',NULL,NULL,'2021-04-21 06:15:03.111+02',NULL),
	 ('ecoCounter-353245241','353245241','ecoCounter-100065230','Stromovka [Pedestrian OUT]',NULL,'2020-12-05 06:15:04.879+01',NULL,NULL,'2021-04-21 06:15:03.111+02',NULL),
	 ('ecoCounter-101061215','101061215','ecoCounter-100061215','Pyrobox OICT Pěší Pod viadukt (směr Dukelských hrdinů)',NULL,'2020-08-24 14:08:26.597+02',NULL,NULL,'2020-11-11 06:15:02.549+01',NULL),
	 ('ecoCounter-102061215','102061215','ecoCounter-100061215','Pyrobox OICT Pěší Z viaduktu (směr Výstaviště)',NULL,'2020-08-24 14:08:26.597+02',NULL,NULL,'2020-11-11 06:15:02.549+01',NULL);
INSERT INTO counters_directions (id,vendor_id,locations_id,"name",create_batch_id,created_at,created_by,update_batch_id,updated_at,updated_by) VALUES
	 ('ecoCounter-101047647','101047647','ecoCounter-100047647','Praha Pěší do centra',NULL,'2020-08-20 16:30:00.472+02',NULL,NULL,'2020-08-24 14:00:00.541+02',NULL),
	 ('ecoCounter-103061215','103061215','ecoCounter-100061215','Pyrobox OICT Pěší Pod viadukt (směr Dukelských hrdinů)',NULL,'2020-08-24 14:08:26.597+02',NULL,NULL,'2020-11-11 06:15:02.549+01',NULL),
	 ('ecoCounter-102047647','102047647','ecoCounter-100047647','Praha Pěší z centra',NULL,'2020-08-20 16:30:00.472+02',NULL,NULL,'2020-08-24 14:00:00.541+02',NULL),
	 ('ecoCounter-353240728','353240728','ecoCounter-100065230','Stromovka [Pedestrian OUT]',NULL,'2020-11-27 06:15:03.143+01',NULL,NULL,'2020-12-04 06:15:04.67+01',NULL),
	 ('ecoCounter-353235721','353235721','ecoCounter-100065230','Stromovka [Pedestrian IN]',NULL,'2020-11-22 06:15:00.458+01',NULL,NULL,'2020-11-26 06:15:02.917+01',NULL),
	 ('ecoCounter-353235722','353235722','ecoCounter-100065230','Stromovka [Pedestrian OUT]',NULL,'2020-11-22 06:15:00.458+01',NULL,NULL,'2020-11-26 06:15:02.917+01',NULL);

INSERT INTO counters_locations (id,vendor_id,vendor,lat,lng,"name",route,create_batch_id,created_at,created_by,update_batch_id,updated_at,updated_by) VALUES
	 ('ecoCounter-100047647','100047647','ecoCounter',50.05949686563836,14.419192187464143,'Praha - Podolí',NULL,NULL,'2020-08-20 16:30:00.464+02',NULL,NULL,'2020-08-24 14:00:00.474+02',NULL),
	 ('ecoCounter-100065230','100065230','ecoCounter',50.10462,14.43019,'Stromovka',NULL,NULL,'2020-11-12 06:15:02.172+01',NULL,NULL,'2021-04-21 06:15:03.101+02',NULL),
	 ('ecoCounter-100061215','100061215','ecoCounter',50.104059678004795,14.43173860586101,'Viadukt u Výstaviště',NULL,NULL,'2020-08-24 14:08:26.564+02',NULL,NULL,'2020-11-11 06:15:02.53+01',NULL);

INSERT INTO counters_detections (locations_id, directions_id, measured_from, measured_to, category, value, create_batch_id, created_at, created_by, update_batch_id, updated_at, updated_by) VALUES('ecoCounter-100061215', 'ecoCounter-104061215', to_timestamp(1595469600000 / 1000), to_timestamp(1595470500000 / 1000), 'pedestrian', 2, -1, '2021-03-18 18:00:00.000', 'pp', -1, '2021-03-18 18:00:00.000', 'pp');
INSERT INTO counters_detections (locations_id, directions_id, measured_from, measured_to, category, value, create_batch_id, created_at, created_by, update_batch_id, updated_at, updated_by) VALUES('ecoCounter-100061215', 'ecoCounter-104061215', to_timestamp(1595470500000 / 1000), to_timestamp(1595471400000 / 1000), 'pedestrian', 0, -1, '2021-03-18 18:00:00.000', 'pp', -1, '2021-03-18 18:00:00.000', 'pp');
INSERT INTO counters_detections (locations_id, directions_id, measured_from, measured_to, category, value, create_batch_id, created_at, created_by, update_batch_id, updated_at, updated_by) VALUES('ecoCounter-100061215', 'ecoCounter-104061215', to_timestamp(1595471400000 / 1000), to_timestamp(1595472300000 / 1000), 'pedestrian', 0, -1, '2021-03-18 18:00:00.000', 'pp', -1, '2021-03-18 18:00:00.000', 'pp');
INSERT INTO counters_detections (locations_id, directions_id, measured_from, measured_to, category, value, create_batch_id, created_at, created_by, update_batch_id, updated_at, updated_by) VALUES('ecoCounter-100061215', 'ecoCounter-104061215', to_timestamp(1595472300000 / 1000), to_timestamp(1595473200000 / 1000), 'pedestrian', 0, -1, '2021-03-18 18:00:00.000', 'pp', -1, '2021-03-18 18:00:00.000', 'pp');
INSERT INTO counters_detections (locations_id, directions_id, measured_from, measured_to, category, value, create_batch_id, created_at, created_by, update_batch_id, updated_at, updated_by) VALUES('ecoCounter-100061215', 'ecoCounter-104061215', to_timestamp(1595473200000 / 1000), to_timestamp(1595474100000 / 1000), 'pedestrian', 3, -1, '2021-03-18 18:00:00.000', 'pp', -1, '2021-03-18 18:00:00.000', 'pp');
INSERT INTO counters_detections (locations_id, directions_id, measured_from, measured_to, category, value, create_batch_id, created_at, created_by, update_batch_id, updated_at, updated_by) VALUES('ecoCounter-100061215', 'ecoCounter-104061215', to_timestamp(1595474100000 / 1000), to_timestamp(1595475000000 / 1000), 'pedestrian', 3, -1, '2021-03-18 18:00:00.000', 'pp', -1, '2021-03-18 18:00:00.000', 'pp');
INSERT INTO counters_detections (locations_id, directions_id, measured_from, measured_to, category, value, create_batch_id, created_at, created_by, update_batch_id, updated_at, updated_by) VALUES('ecoCounter-100061215', 'ecoCounter-104061215', to_timestamp(1595475000000 / 1000), to_timestamp(1595475900000 / 1000), 'pedestrian', 3, -1, '2021-03-18 18:00:00.000', 'pp', -1, '2021-03-18 18:00:00.000', 'pp');
INSERT INTO counters_detections (locations_id, directions_id, measured_from, measured_to, category, value, create_batch_id, created_at, created_by, update_batch_id, updated_at, updated_by) VALUES('ecoCounter-100061215', 'ecoCounter-104061215', to_timestamp(1595475900000 / 1000), to_timestamp(1595476800000 / 1000), 'pedestrian', 13, -1, '2021-03-18 18:00:00.000', 'pp', -1, '2021-03-18 18:00:00.000', 'pp');
INSERT INTO counters_detections (locations_id, directions_id, measured_from, measured_to, category, value, create_batch_id, created_at, created_by, update_batch_id, updated_at, updated_by) VALUES('ecoCounter-100061215', 'ecoCounter-104061215', to_timestamp(1595476800000 / 1000), to_timestamp(1595477700000 / 1000), 'pedestrian', 10, -1, '2021-03-18 18:00:00.000', 'pp', -1, '2021-03-18 18:00:00.000', 'pp');
INSERT INTO counters_detections (locations_id, directions_id, measured_from, measured_to, category, value, create_batch_id, created_at, created_by, update_batch_id, updated_at, updated_by) VALUES('ecoCounter-100061215', 'ecoCounter-104061215', to_timestamp(1595477700000 / 1000), to_timestamp(1595478600000 / 1000), 'pedestrian', 13, -1, '2021-03-18 18:00:00.000', 'pp', -1, '2021-03-18 18:00:00.000', 'pp');
INSERT INTO counters_detections (locations_id, directions_id, measured_from, measured_to, category, value, create_batch_id, created_at, created_by, update_batch_id, updated_at, updated_by) VALUES('ecoCounter-100061215', 'ecoCounter-104061215', to_timestamp(1595478600000 / 1000), to_timestamp(1595479500000 / 1000), 'pedestrian', 19, -1, '2021-03-18 18:00:00.000', 'pp', -1, '2021-03-18 18:00:00.000', 'pp');
INSERT INTO counters_detections (locations_id, directions_id, measured_from, measured_to, category, value, create_batch_id, created_at, created_by, update_batch_id, updated_at, updated_by) VALUES('ecoCounter-100061215', 'ecoCounter-104061215', to_timestamp(1595479500000 / 1000), to_timestamp(1595480400000 / 1000), 'pedestrian', 8, -1, '2021-03-18 18:00:00.000', 'pp', -1, '2021-03-18 18:00:00.000', 'pp');
INSERT INTO counters_detections (locations_id, directions_id, measured_from, measured_to, category, value, create_batch_id, created_at, created_by, update_batch_id, updated_at, updated_by) VALUES('ecoCounter-100061215', 'ecoCounter-104061215', to_timestamp(1595480400000 / 1000), to_timestamp(1595481300000 / 1000), 'pedestrian', 20, -1, '2021-03-18 18:00:00.000', 'pp', -1, '2021-03-18 18:00:00.000', 'pp');
INSERT INTO counters_detections (locations_id, directions_id, measured_from, measured_to, category, value, create_batch_id, created_at, created_by, update_batch_id, updated_at, updated_by) VALUES('ecoCounter-100061215', 'ecoCounter-104061215', to_timestamp(1595481300000 / 1000), to_timestamp(1595482200000 / 1000), 'pedestrian', 35, -1, '2021-03-18 18:00:00.000', 'pp', -1, '2021-03-18 18:00:00.000', 'pp');
INSERT INTO counters_detections (locations_id, directions_id, measured_from, measured_to, category, value, create_batch_id, created_at, created_by, update_batch_id, updated_at, updated_by) VALUES('ecoCounter-100061215', 'ecoCounter-104061215', to_timestamp(1595482200000 / 1000), to_timestamp(1595483100000 / 1000), 'pedestrian', 21, -1, '2021-03-18 18:00:00.000', 'pp', -1, '2021-03-18 18:00:00.000', 'pp');
INSERT INTO counters_detections (locations_id, directions_id, measured_from, measured_to, category, value, create_batch_id, created_at, created_by, update_batch_id, updated_at, updated_by) VALUES('ecoCounter-100061215', 'ecoCounter-104061215', to_timestamp(1595483100000 / 1000), to_timestamp(1595484000000 / 1000), 'pedestrian', 46, -1, '2021-03-18 18:00:00.000', 'pp', -1, '2021-03-18 18:00:00.000', 'pp');
INSERT INTO counters_detections (locations_id, directions_id, measured_from, measured_to, category, value, create_batch_id, created_at, created_by, update_batch_id, updated_at, updated_by) VALUES('ecoCounter-100061215', 'ecoCounter-104061215', to_timestamp(1595484000000 / 1000), to_timestamp(1595484900000 / 1000), 'pedestrian', 31, -1, '2021-03-18 18:00:00.000', 'pp', -1, '2021-03-18 18:00:00.000', 'pp');
INSERT INTO counters_detections (locations_id, directions_id, measured_from, measured_to, category, value, create_batch_id, created_at, created_by, update_batch_id, updated_at, updated_by) VALUES('ecoCounter-100061215', 'ecoCounter-104061215', to_timestamp(1595484900000 / 1000), to_timestamp(1595485800000 / 1000), 'pedestrian', 33, -1, '2021-03-18 18:00:00.000', 'pp', -1, '2021-03-18 18:00:00.000', 'pp');
INSERT INTO counters_detections (locations_id, directions_id, measured_from, measured_to, category, value, create_batch_id, created_at, created_by, update_batch_id, updated_at, updated_by) VALUES('ecoCounter-100061215', 'ecoCounter-104061215', to_timestamp(1595485800000 / 1000), to_timestamp(1595486700000 / 1000), 'pedestrian', 25, -1, '2021-03-18 18:00:00.000', 'pp', -1, '2021-03-18 18:00:00.000', 'pp');
INSERT INTO counters_detections (locations_id, directions_id, measured_from, measured_to, category, value, create_batch_id, created_at, created_by, update_batch_id, updated_at, updated_by) VALUES('ecoCounter-100061215', 'ecoCounter-104061215', to_timestamp(1595486700000 / 1000), to_timestamp(1595487600000 / 1000), 'pedestrian', 31, -1, '2021-03-18 18:00:00.000', 'pp', -1, '2021-03-18 18:00:00.000', 'pp');
INSERT INTO counters_detections (locations_id, directions_id, measured_from, measured_to, category, value, create_batch_id, created_at, created_by, update_batch_id, updated_at, updated_by) VALUES('ecoCounter-100061215', 'ecoCounter-104061215', to_timestamp(1595487600000 / 1000), to_timestamp(1595488500000 / 1000), 'pedestrian', 42, -1, '2021-03-18 18:00:00.000', 'pp', -1, '2021-03-18 18:00:00.000', 'pp');
INSERT INTO counters_detections (locations_id, directions_id, measured_from, measured_to, category, value, create_batch_id, created_at, created_by, update_batch_id, updated_at, updated_by) VALUES('ecoCounter-100061215', 'ecoCounter-104061215', to_timestamp(1595488500000 / 1000), to_timestamp(1595489400000 / 1000), 'pedestrian', 34, -1, '2021-03-18 18:00:00.000', 'pp', -1, '2021-03-18 18:00:00.000', 'pp');
INSERT INTO counters_detections (locations_id, directions_id, measured_from, measured_to, category, value, create_batch_id, created_at, created_by, update_batch_id, updated_at, updated_by) VALUES('ecoCounter-100061215', 'ecoCounter-104061215', to_timestamp(1595489400000 / 1000), to_timestamp(1595490300000 / 1000), 'pedestrian', 22, -1, '2021-03-18 18:00:00.000', 'pp', -1, '2021-03-18 18:00:00.000', 'pp');
INSERT INTO counters_detections (locations_id, directions_id, measured_from, measured_to, category, value, create_batch_id, created_at, created_by, update_batch_id, updated_at, updated_by) VALUES('ecoCounter-100061215', 'ecoCounter-104061215', to_timestamp(1595490300000 / 1000), to_timestamp(1595491200000 / 1000), 'pedestrian', 39, -1, '2021-03-18 18:00:00.000', 'pp', -1, '2021-03-18 18:00:00.000', 'pp');
INSERT INTO counters_detections (locations_id, directions_id, measured_from, measured_to, category, value, create_batch_id, created_at, created_by, update_batch_id, updated_at, updated_by) VALUES('ecoCounter-100061215', 'ecoCounter-104061215', to_timestamp(1595491200000 / 1000), to_timestamp(1595492100000 / 1000), 'pedestrian', 32, -1, '2021-03-18 18:00:00.000', 'pp', -1, '2021-03-18 18:00:00.000', 'pp');
INSERT INTO counters_detections (locations_id, directions_id, measured_from, measured_to, category, value, create_batch_id, created_at, created_by, update_batch_id, updated_at, updated_by) VALUES('ecoCounter-100061215', 'ecoCounter-104061215', to_timestamp(1595492100000 / 1000), to_timestamp(1595493000000 / 1000), 'pedestrian', 23, -1, '2021-03-18 18:00:00.000', 'pp', -1, '2021-03-18 18:00:00.000', 'pp');
INSERT INTO counters_detections (locations_id, directions_id, measured_from, measured_to, category, value, create_batch_id, created_at, created_by, update_batch_id, updated_at, updated_by) VALUES('ecoCounter-100061215', 'ecoCounter-104061215', to_timestamp(1595493000000 / 1000), to_timestamp(1595493900000 / 1000), 'pedestrian', 40, -1, '2021-03-18 18:00:00.000', 'pp', -1, '2021-03-18 18:00:00.000', 'pp');
INSERT INTO counters_detections (locations_id, directions_id, measured_from, measured_to, category, value, create_batch_id, created_at, created_by, update_batch_id, updated_at, updated_by) VALUES('ecoCounter-100061215', 'ecoCounter-104061215', to_timestamp(1595493900000 / 1000), to_timestamp(1595494800000 / 1000), 'pedestrian', 27, -1, '2021-03-18 18:00:00.000', 'pp', -1, '2021-03-18 18:00:00.000', 'pp');
INSERT INTO counters_detections (locations_id, directions_id, measured_from, measured_to, category, value, create_batch_id, created_at, created_by, update_batch_id, updated_at, updated_by) VALUES('ecoCounter-100061215', 'ecoCounter-104061215', to_timestamp(1595494800000 / 1000), to_timestamp(1595495700000 / 1000), 'pedestrian', 30, -1, '2021-03-18 18:00:00.000', 'pp', -1, '2021-03-18 18:00:00.000', 'pp');
INSERT INTO counters_detections (locations_id, directions_id, measured_from, measured_to, category, value, create_batch_id, created_at, created_by, update_batch_id, updated_at, updated_by) VALUES('ecoCounter-100061215', 'ecoCounter-104061215', to_timestamp(1595495700000 / 1000), to_timestamp(1595496600000 / 1000), 'pedestrian', 33, -1, '2021-03-18 18:00:00.000', 'pp', -1, '2021-03-18 18:00:00.000', 'pp');
INSERT INTO counters_detections (locations_id, directions_id, measured_from, measured_to, category, value, create_batch_id, created_at, created_by, update_batch_id, updated_at, updated_by) VALUES('ecoCounter-100061215', 'ecoCounter-104061215', to_timestamp(1595496600000 / 1000), to_timestamp(1595497500000 / 1000), 'pedestrian', 46, -1, '2021-03-18 18:00:00.000', 'pp', -1, '2021-03-18 18:00:00.000', 'pp');
INSERT INTO counters_detections (locations_id, directions_id, measured_from, measured_to, category, value, create_batch_id, created_at, created_by, update_batch_id, updated_at, updated_by) VALUES('ecoCounter-100061215', 'ecoCounter-104061215', to_timestamp(1595497500000 / 1000), to_timestamp(1595498400000 / 1000), 'pedestrian', 26, -1, '2021-03-18 18:00:00.000', 'pp', -1, '2021-03-18 18:00:00.000', 'pp');
INSERT INTO counters_detections (locations_id, directions_id, measured_from, measured_to, category, value, create_batch_id, created_at, created_by, update_batch_id, updated_at, updated_by) VALUES('ecoCounter-100061215', 'ecoCounter-104061215', to_timestamp(1595498400000 / 1000), to_timestamp(1595499300000 / 1000), 'pedestrian', 38, -1, '2021-03-18 18:00:00.000', 'pp', -1, '2021-03-18 18:00:00.000', 'pp');
INSERT INTO counters_detections (locations_id, directions_id, measured_from, measured_to, category, value, create_batch_id, created_at, created_by, update_batch_id, updated_at, updated_by) VALUES('ecoCounter-100061215', 'ecoCounter-104061215', to_timestamp(1595499300000 / 1000), to_timestamp(1595500200000 / 1000), 'pedestrian', 43, -1, '2021-03-18 18:00:00.000', 'pp', -1, '2021-03-18 18:00:00.000', 'pp');
INSERT INTO counters_detections (locations_id, directions_id, measured_from, measured_to, category, value, create_batch_id, created_at, created_by, update_batch_id, updated_at, updated_by) VALUES('ecoCounter-100061215', 'ecoCounter-104061215', to_timestamp(1595500200000 / 1000), to_timestamp(1595501100000 / 1000), 'pedestrian', 37, -1, '2021-03-18 18:00:00.000', 'pp', -1, '2021-03-18 18:00:00.000', 'pp');
INSERT INTO counters_detections (locations_id, directions_id, measured_from, measured_to, category, value, create_batch_id, created_at, created_by, update_batch_id, updated_at, updated_by) VALUES('ecoCounter-100061215', 'ecoCounter-104061215', to_timestamp(1595501100000 / 1000), to_timestamp(1595502000000 / 1000), 'pedestrian', 38, -1, '2021-03-18 18:00:00.000', 'pp', -1, '2021-03-18 18:00:00.000', 'pp');
INSERT INTO counters_detections (locations_id, directions_id, measured_from, measured_to, category, value, create_batch_id, created_at, created_by, update_batch_id, updated_at, updated_by) VALUES('ecoCounter-100061215', 'ecoCounter-104061215', to_timestamp(1595502000000 / 1000), to_timestamp(1595502900000 / 1000), 'pedestrian', 28, -1, '2021-03-18 18:00:00.000', 'pp', -1, '2021-03-18 18:00:00.000', 'pp');
INSERT INTO counters_detections (locations_id, directions_id, measured_from, measured_to, category, value, create_batch_id, created_at, created_by, update_batch_id, updated_at, updated_by) VALUES('ecoCounter-100061215', 'ecoCounter-104061215', to_timestamp(1595502900000 / 1000), to_timestamp(1595503800000 / 1000), 'pedestrian', 52, -1, '2021-03-18 18:00:00.000', 'pp', -1, '2021-03-18 18:00:00.000', 'pp');
INSERT INTO counters_detections (locations_id, directions_id, measured_from, measured_to, category, value, create_batch_id, created_at, created_by, update_batch_id, updated_at, updated_by) VALUES('ecoCounter-100061215', 'ecoCounter-104061215', to_timestamp(1595503800000 / 1000), to_timestamp(1595504700000 / 1000), 'pedestrian', 25, -1, '2021-03-18 18:00:00.000', 'pp', -1, '2021-03-18 18:00:00.000', 'pp');
INSERT INTO counters_detections (locations_id, directions_id, measured_from, measured_to, category, value, create_batch_id, created_at, created_by, update_batch_id, updated_at, updated_by) VALUES('ecoCounter-100061215', 'ecoCounter-104061215', to_timestamp(1595504700000 / 1000), to_timestamp(1595505600000 / 1000), 'pedestrian', 33, -1, '2021-03-18 18:00:00.000', 'pp', -1, '2021-03-18 18:00:00.000', 'pp');
INSERT INTO counters_detections (locations_id, directions_id, measured_from, measured_to, category, value, create_batch_id, created_at, created_by, update_batch_id, updated_at, updated_by) VALUES('ecoCounter-100061215', 'ecoCounter-104061215', to_timestamp(1595505600000 / 1000), to_timestamp(1595506500000 / 1000), 'pedestrian', 43, -1, '2021-03-18 18:00:00.000', 'pp', -1, '2021-03-18 18:00:00.000', 'pp');
INSERT INTO counters_detections (locations_id, directions_id, measured_from, measured_to, category, value, create_batch_id, created_at, created_by, update_batch_id, updated_at, updated_by) VALUES('ecoCounter-100061215', 'ecoCounter-104061215', to_timestamp(1595506500000 / 1000), to_timestamp(1595507400000 / 1000), 'pedestrian', 55, -1, '2021-03-18 18:00:00.000', 'pp', -1, '2021-03-18 18:00:00.000', 'pp');
INSERT INTO counters_detections (locations_id, directions_id, measured_from, measured_to, category, value, create_batch_id, created_at, created_by, update_batch_id, updated_at, updated_by) VALUES('ecoCounter-100061215', 'ecoCounter-104061215', to_timestamp(1595507400000 / 1000), to_timestamp(1595508300000 / 1000), 'pedestrian', 45, -1, '2021-03-18 18:00:00.000', 'pp', -1, '2021-03-18 18:00:00.000', 'pp');
INSERT INTO counters_detections (locations_id, directions_id, measured_from, measured_to, category, value, create_batch_id, created_at, created_by, update_batch_id, updated_at, updated_by) VALUES('ecoCounter-100061215', 'ecoCounter-104061215', to_timestamp(1595508300000 / 1000), to_timestamp(1595509200000 / 1000), 'pedestrian', 39, -1, '2021-03-18 18:00:00.000', 'pp', -1, '2021-03-18 18:00:00.000', 'pp');
INSERT INTO counters_detections (locations_id, directions_id, measured_from, measured_to, category, value, create_batch_id, created_at, created_by, update_batch_id, updated_at, updated_by) VALUES('ecoCounter-100061215', 'ecoCounter-104061215', to_timestamp(1595509200000 / 1000), to_timestamp(1595510100000 / 1000), 'pedestrian', 44, -1, '2021-03-18 18:00:00.000', 'pp', -1, '2021-03-18 18:00:00.000', 'pp');
INSERT INTO counters_detections (locations_id, directions_id, measured_from, measured_to, category, value, create_batch_id, created_at, created_by, update_batch_id, updated_at, updated_by) VALUES('ecoCounter-100061215', 'ecoCounter-104061215', to_timestamp(1595510100000 / 1000), to_timestamp(1595511000000 / 1000), 'pedestrian', 48, -1, '2021-03-18 18:00:00.000', 'pp', -1, '2021-03-18 18:00:00.000', 'pp');
INSERT INTO counters_detections (locations_id, directions_id, measured_from, measured_to, category, value, create_batch_id, created_at, created_by, update_batch_id, updated_at, updated_by) VALUES('ecoCounter-100061215', 'ecoCounter-104061215', to_timestamp(1595511000000 / 1000), to_timestamp(1595511900000 / 1000), 'pedestrian', 51, -1, '2021-03-18 18:00:00.000', 'pp', -1, '2021-03-18 18:00:00.000', 'pp');
INSERT INTO counters_detections (locations_id, directions_id, measured_from, measured_to, category, value, create_batch_id, created_at, created_by, update_batch_id, updated_at, updated_by) VALUES('ecoCounter-100061215', 'ecoCounter-104061215', to_timestamp(1595511900000 / 1000), to_timestamp(1595512800000 / 1000), 'pedestrian', 70, -1, '2021-03-18 18:00:00.000', 'pp', -1, '2021-03-18 18:00:00.000', 'pp');
INSERT INTO counters_detections (locations_id, directions_id, measured_from, measured_to, category, value, create_batch_id, created_at, created_by, update_batch_id, updated_at, updated_by) VALUES('ecoCounter-100061215', 'ecoCounter-104061215', to_timestamp(1595512800000 / 1000), to_timestamp(1595513700000 / 1000), 'pedestrian', 57, -1, '2021-03-18 18:00:00.000', 'pp', -1, '2021-03-18 18:00:00.000', 'pp');
INSERT INTO counters_detections (locations_id, directions_id, measured_from, measured_to, category, value, create_batch_id, created_at, created_by, update_batch_id, updated_at, updated_by) VALUES('ecoCounter-100061215', 'ecoCounter-104061215', to_timestamp(1595513700000 / 1000), to_timestamp(1595514600000 / 1000), 'pedestrian', 48, -1, '2021-03-18 18:00:00.000', 'pp', -1, '2021-03-18 18:00:00.000', 'pp');
INSERT INTO counters_detections (locations_id, directions_id, measured_from, measured_to, category, value, create_batch_id, created_at, created_by, update_batch_id, updated_at, updated_by) VALUES('ecoCounter-100061215', 'ecoCounter-104061215', to_timestamp(1595514600000 / 1000), to_timestamp(1595515500000 / 1000), 'pedestrian', 54, -1, '2021-03-18 18:00:00.000', 'pp', -1, '2021-03-18 18:00:00.000', 'pp');
INSERT INTO counters_detections (locations_id, directions_id, measured_from, measured_to, category, value, create_batch_id, created_at, created_by, update_batch_id, updated_at, updated_by) VALUES('ecoCounter-100061215', 'ecoCounter-104061215', to_timestamp(1595515500000 / 1000), to_timestamp(1595516400000 / 1000), 'pedestrian', 59, -1, '2021-03-18 18:00:00.000', 'pp', -1, '2021-03-18 18:00:00.000', 'pp');
INSERT INTO counters_detections (locations_id, directions_id, measured_from, measured_to, category, value, create_batch_id, created_at, created_by, update_batch_id, updated_at, updated_by) VALUES('ecoCounter-100061215', 'ecoCounter-104061215', to_timestamp(1595516400000 / 1000), to_timestamp(1595517300000 / 1000), 'pedestrian', 61, -1, '2021-03-18 18:00:00.000', 'pp', -1, '2021-03-18 18:00:00.000', 'pp');
INSERT INTO counters_detections (locations_id, directions_id, measured_from, measured_to, category, value, create_batch_id, created_at, created_by, update_batch_id, updated_at, updated_by) VALUES('ecoCounter-100061215', 'ecoCounter-104061215', to_timestamp(1595517300000 / 1000), to_timestamp(1595518200000 / 1000), 'pedestrian', 83, -1, '2021-03-18 18:00:00.000', 'pp', -1, '2021-03-18 18:00:00.000', 'pp');
INSERT INTO counters_detections (locations_id, directions_id, measured_from, measured_to, category, value, create_batch_id, created_at, created_by, update_batch_id, updated_at, updated_by) VALUES('ecoCounter-100061215', 'ecoCounter-104061215', to_timestamp(1595518200000 / 1000), to_timestamp(1595519100000 / 1000), 'pedestrian', 80, -1, '2021-03-18 18:00:00.000', 'pp', -1, '2021-03-18 18:00:00.000', 'pp');
INSERT INTO counters_detections (locations_id, directions_id, measured_from, measured_to, category, value, create_batch_id, created_at, created_by, update_batch_id, updated_at, updated_by) VALUES('ecoCounter-100061215', 'ecoCounter-104061215', to_timestamp(1595519100000 / 1000), to_timestamp(1595520000000 / 1000), 'pedestrian', 54, -1, '2021-03-18 18:00:00.000', 'pp', -1, '2021-03-18 18:00:00.000', 'pp');
INSERT INTO counters_detections (locations_id, directions_id, measured_from, measured_to, category, value, create_batch_id, created_at, created_by, update_batch_id, updated_at, updated_by) VALUES('ecoCounter-100061215', 'ecoCounter-104061215', to_timestamp(1595520000000 / 1000), to_timestamp(1595520900000 / 1000), 'pedestrian', 73, -1, '2021-03-18 18:00:00.000', 'pp', -1, '2021-03-18 18:00:00.000', 'pp');
INSERT INTO counters_detections (locations_id, directions_id, measured_from, measured_to, category, value, create_batch_id, created_at, created_by, update_batch_id, updated_at, updated_by) VALUES('ecoCounter-100061215', 'ecoCounter-104061215', to_timestamp(1595520900000 / 1000), to_timestamp(1595521800000 / 1000), 'pedestrian', 61, -1, '2021-03-18 18:00:00.000', 'pp', -1, '2021-03-18 18:00:00.000', 'pp');
INSERT INTO counters_detections (locations_id, directions_id, measured_from, measured_to, category, value, create_batch_id, created_at, created_by, update_batch_id, updated_at, updated_by) VALUES('ecoCounter-100061215', 'ecoCounter-104061215', to_timestamp(1595521800000 / 1000), to_timestamp(1595522700000 / 1000), 'pedestrian', 56, -1, '2021-03-18 18:00:00.000', 'pp', -1, '2021-03-18 18:00:00.000', 'pp');
INSERT INTO counters_detections (locations_id, directions_id, measured_from, measured_to, category, value, create_batch_id, created_at, created_by, update_batch_id, updated_at, updated_by) VALUES('ecoCounter-100061215', 'ecoCounter-104061215', to_timestamp(1595522700000 / 1000), to_timestamp(1595523600000 / 1000), 'pedestrian', 51, -1, '2021-03-18 18:00:00.000', 'pp', -1, '2021-03-18 18:00:00.000', 'pp');
INSERT INTO counters_detections (locations_id, directions_id, measured_from, measured_to, category, value, create_batch_id, created_at, created_by, update_batch_id, updated_at, updated_by) VALUES('ecoCounter-100061215', 'ecoCounter-104061215', to_timestamp(1595523600000 / 1000), to_timestamp(1595524500000 / 1000), 'pedestrian', 84, -1, '2021-03-18 18:00:00.000', 'pp', -1, '2021-03-18 18:00:00.000', 'pp');
INSERT INTO counters_detections (locations_id, directions_id, measured_from, measured_to, category, value, create_batch_id, created_at, created_by, update_batch_id, updated_at, updated_by) VALUES('ecoCounter-100061215', 'ecoCounter-104061215', to_timestamp(1595524500000 / 1000), to_timestamp(1595525400000 / 1000), 'pedestrian', 73, -1, '2021-03-18 18:00:00.000', 'pp', -1, '2021-03-18 18:00:00.000', 'pp');
INSERT INTO counters_detections (locations_id, directions_id, measured_from, measured_to, category, value, create_batch_id, created_at, created_by, update_batch_id, updated_at, updated_by) VALUES('ecoCounter-100061215', 'ecoCounter-104061215', to_timestamp(1595525400000 / 1000), to_timestamp(1595526300000 / 1000), 'pedestrian', 69, -1, '2021-03-18 18:00:00.000', 'pp', -1, '2021-03-18 18:00:00.000', 'pp');
INSERT INTO counters_detections (locations_id, directions_id, measured_from, measured_to, category, value, create_batch_id, created_at, created_by, update_batch_id, updated_at, updated_by) VALUES('ecoCounter-100061215', 'ecoCounter-104061215', to_timestamp(1595526300000 / 1000), to_timestamp(1595527200000 / 1000), 'pedestrian', 43, -1, '2021-03-18 18:00:00.000', 'pp', -1, '2021-03-18 18:00:00.000', 'pp');
INSERT INTO counters_detections (locations_id, directions_id, measured_from, measured_to, category, value, create_batch_id, created_at, created_by, update_batch_id, updated_at, updated_by) VALUES('ecoCounter-100061215', 'ecoCounter-104061215', to_timestamp(1595527200000 / 1000), to_timestamp(1595528100000 / 1000), 'pedestrian', 38, -1, '2021-03-18 18:00:00.000', 'pp', -1, '2021-03-18 18:00:00.000', 'pp');
INSERT INTO counters_detections (locations_id, directions_id, measured_from, measured_to, category, value, create_batch_id, created_at, created_by, update_batch_id, updated_at, updated_by) VALUES('ecoCounter-100061215', 'ecoCounter-104061215', to_timestamp(1595528100000 / 1000), to_timestamp(1595529000000 / 1000), 'pedestrian', 41, -1, '2021-03-18 18:00:00.000', 'pp', -1, '2021-03-18 18:00:00.000', 'pp');
INSERT INTO counters_detections (locations_id, directions_id, measured_from, measured_to, category, value, create_batch_id, created_at, created_by, update_batch_id, updated_at, updated_by) VALUES('ecoCounter-100061215', 'ecoCounter-104061215', to_timestamp(1595529000000 / 1000), to_timestamp(1595529900000 / 1000), 'pedestrian', 50, -1, '2021-03-18 18:00:00.000', 'pp', -1, '2021-03-18 18:00:00.000', 'pp');
INSERT INTO counters_detections (locations_id, directions_id, measured_from, measured_to, category, value, create_batch_id, created_at, created_by, update_batch_id, updated_at, updated_by) VALUES('ecoCounter-100061215', 'ecoCounter-104061215', to_timestamp(1595529900000 / 1000), to_timestamp(1595530800000 / 1000), 'pedestrian', 35, -1, '2021-03-18 18:00:00.000', 'pp', -1, '2021-03-18 18:00:00.000', 'pp');
INSERT INTO counters_detections (locations_id, directions_id, measured_from, measured_to, category, value, create_batch_id, created_at, created_by, update_batch_id, updated_at, updated_by) VALUES('ecoCounter-100061215', 'ecoCounter-104061215', to_timestamp(1595530800000 / 1000), to_timestamp(1595531700000 / 1000), 'pedestrian', 30, -1, '2021-03-18 18:00:00.000', 'pp', -1, '2021-03-18 18:00:00.000', 'pp');
INSERT INTO counters_detections (locations_id, directions_id, measured_from, measured_to, category, value, create_batch_id, created_at, created_by, update_batch_id, updated_at, updated_by) VALUES('ecoCounter-100061215', 'ecoCounter-104061215', to_timestamp(1595531700000 / 1000), to_timestamp(1595532600000 / 1000), 'pedestrian', 26, -1, '2021-03-18 18:00:00.000', 'pp', -1, '2021-03-18 18:00:00.000', 'pp');
INSERT INTO counters_detections (locations_id, directions_id, measured_from, measured_to, category, value, create_batch_id, created_at, created_by, update_batch_id, updated_at, updated_by) VALUES('ecoCounter-100061215', 'ecoCounter-104061215', to_timestamp(1595532600000 / 1000), to_timestamp(1595533500000 / 1000), 'pedestrian', 18, -1, '2021-03-18 18:00:00.000', 'pp', -1, '2021-03-18 18:00:00.000', 'pp');
INSERT INTO counters_detections (locations_id, directions_id, measured_from, measured_to, category, value, create_batch_id, created_at, created_by, update_batch_id, updated_at, updated_by) VALUES('ecoCounter-100061215', 'ecoCounter-104061215', to_timestamp(1595533500000 / 1000), to_timestamp(1595534400000 / 1000), 'pedestrian', 31, -1, '2021-03-18 18:00:00.000', 'pp', -1, '2021-03-18 18:00:00.000', 'pp');
INSERT INTO counters_detections (locations_id, directions_id, measured_from, measured_to, category, value, create_batch_id, created_at, created_by, update_batch_id, updated_at, updated_by) VALUES('ecoCounter-100061215', 'ecoCounter-104061215', to_timestamp(1595534400000 / 1000), to_timestamp(1595535300000 / 1000), 'pedestrian', 19, -1, '2021-03-18 18:00:00.000', 'pp', -1, '2021-03-18 18:00:00.000', 'pp');
INSERT INTO counters_detections (locations_id, directions_id, measured_from, measured_to, category, value, create_batch_id, created_at, created_by, update_batch_id, updated_at, updated_by) VALUES('ecoCounter-100061215', 'ecoCounter-104061215', to_timestamp(1595535300000 / 1000), to_timestamp(1595536200000 / 1000), 'pedestrian', 34, -1, '2021-03-18 18:00:00.000', 'pp', -1, '2021-03-18 18:00:00.000', 'pp');
INSERT INTO counters_detections (locations_id, directions_id, measured_from, measured_to, category, value, create_batch_id, created_at, created_by, update_batch_id, updated_at, updated_by) VALUES('ecoCounter-100061215', 'ecoCounter-104061215', to_timestamp(1595536200000 / 1000), to_timestamp(1595537100000 / 1000), 'pedestrian', 13, -1, '2021-03-18 18:00:00.000', 'pp', -1, '2021-03-18 18:00:00.000', 'pp');
