-- EXAMPLE DATA - for testing purposes

INSERT INTO "bicyclecounters_locations" ("id", "vendor_id", "lat", "lng", "name", "route", "create_batch_id", "created_at", "created_by", "update_batch_id", "updated_at", "updated_by") VALUES
('camea-BC_VK-HRUP',	'BC_VK-HRUP',	50.089491724101,	14.460735619068,	'Drážní stezka - Vítkov',	'A 25',	NULL,	'2020-01-17 12:25:08.322+00',	NULL,	NULL,	'2020-03-22 14:50:01.167+00',	NULL),
('camea-BC_VS-CE',	'BC_VS-CE',	50.0704264,	14.3857008,	'Košíře',	'A 14',	NULL,	'2020-01-17 12:25:08.322+00',	NULL,	NULL,	'2020-03-22 14:50:01.167+00',	NULL),
('camea-BC_ZA-KLBO',	'BC_ZA-KLBO',	50.1433144,	14.3993322,	'V Zámcích',	'A2',	NULL,	'2020-01-17 12:25:08.322+00',	NULL,	NULL,	'2020-03-22 14:50:01.167+00',	NULL);

INSERT INTO "bicyclecounters_directions" ("id", "vendor_id", "locations_id", "name", "create_batch_id", "created_at", "created_by", "update_batch_id", "updated_at", "updated_by") VALUES
('camea-BC_VK-HR',	'BC_VK-HR',	'camea-BC_VK-HRUP',	'Hrdlořezy',	NULL,	'2020-01-17 12:25:09.767+00',	NULL,	NULL,	'2020-03-22 14:50:01.398+00',	NULL),
('camea-BC_VK-UP',	'BC_VK-UP',	'camea-BC_VK-HRUP',	'U památníku',	NULL,	'2020-01-17 12:25:09.767+00',	NULL,	NULL,	'2020-03-22 14:50:01.398+00',	NULL),
('camea-BC_VS-CE',	'BC_VS-CE',	'camea-BC_VS-CE',	'centrum',	NULL,	'2020-01-17 12:25:09.767+00',	NULL,	NULL,	'2020-03-22 14:50:01.399+00',	NULL),
('camea-BC_ZA-KL',	'BC_ZA-KL',	'camea-BC_ZA-KLBO',	'Klecany',	NULL,	'2020-01-17 12:25:09.767+00',	NULL,	NULL,	'2020-03-22 14:50:01.399+00',	NULL),
('camea-BC_ZA-BO',	'BC_ZA-BO',	'camea-BC_ZA-KLBO',	'Bohnice',	NULL,	'2020-01-17 12:25:09.767+00',	NULL,	NULL,	'2020-03-22 14:50:01.399+00',	NULL);

INSERT INTO "bicyclecounters_detections" ("locations_id", "directions_id", "measured_from", "measured_to", "value", "create_batch_id", "created_at", "created_by", "update_batch_id", "updated_at", "updated_by", "value_pedestrians") VALUES
	 ('camea-BC_VK-HRUP','camea-BC_VK-HR','2020-03-14 11:55:00+01','2020-03-14 12:00:00+01',4,-1,'2020-03-14 12:05:06.852411+01','integration-engine',-1,'2020-03-15 05:00:20.646195+01','integration-engine',2),
	 ('camea-BC_ZA-KLBO','camea-BC_ZA-KL','2020-03-14 11:50:00+01','2020-03-14 11:55:00+01',3,-1,'2020-03-14 12:00:27.856626+01','integration-engine',-1,'2020-03-15 05:00:21.650912+01','integration-engine',3),
	 ('camea-BC_VK-HRUP','camea-BC_VK-UP','2020-03-14 11:50:00+01','2020-03-14 11:55:00+01',4,-1,'2020-03-14 12:00:26.857761+01','integration-engine',-1,'2020-03-15 05:00:20.646195+01','integration-engine',1),
	 ('camea-BC_ZA-KLBO','camea-BC_ZA-BO','2020-03-14 11:45:00+01','2020-03-14 11:50:00+01',5,-1,'2020-03-14 11:55:07.65846+01','integration-engine',-1,'2020-03-15 05:00:21.650912+01','integration-engine',NULL),
	 ('camea-BC_ZA-KLBO','camea-BC_ZA-KL','2020-03-14 11:45:00+01','2020-03-14 11:50:00+01',10,-1,'2020-03-14 11:55:07.65846+01','integration-engine',-1,'2020-03-15 05:00:21.650912+01','integration-engine',2),
	 ('camea-BC_ZA-KLBO','camea-BC_ZA-KL','2020-03-14 11:40:00+01','2020-03-14 11:45:00+01',3,-1,'2020-03-14 11:50:07.448117+01','integration-engine',-1,'2020-03-15 05:00:21.650912+01','integration-engine',1),
	 ('camea-BC_ZA-KLBO','camea-BC_ZA-KL','2020-03-14 11:35:00+01','2020-03-14 11:40:00+01',11,-1,'2020-03-14 11:45:07.338274+01','integration-engine',-1,'2020-03-15 05:00:21.650912+01','integration-engine',2),
	 ('camea-BC_ZA-KLBO','camea-BC_ZA-KL','2020-03-14 11:30:00+01','2020-03-14 11:35:00+01',6,-1,'2020-03-14 11:40:06.557032+01','integration-engine',-1,'2020-03-15 05:00:21.650912+01','integration-engine',7),
	 ('camea-BC_VK-HRUP','camea-BC_VK-UP','2020-03-14 11:30:00+01','2020-03-14 11:35:00+01',5,-1,'2020-03-14 11:40:05.777015+01','integration-engine',-1,'2020-03-15 05:00:20.646195+01','integration-engine',8),
	 ('camea-BC_ZA-KLBO','camea-BC_ZA-KL','2020-03-14 11:20:00+01','2020-03-14 11:25:00+01',4,-1,'2020-03-14 11:30:08.810805+01','integration-engine',-1,'2020-03-15 05:00:21.650912+01','integration-engine',1), 
	 ('camea-BC_VK-HRUP','camea-BC_VK-UP','2020-03-14 11:20:00+01','2020-03-14 11:25:00+01',6,-1,'2020-03-14 11:30:07.938707+01','integration-engine',-1,'2020-03-15 05:00:20.646195+01','integration-engine',0),
	 ('camea-BC_ZA-KLBO','camea-BC_ZA-KL','2020-03-14 11:15:00+01','2020-03-14 11:20:00+01',4,-1,'2020-03-14 11:25:06.850141+01','integration-engine',-1,'2020-03-15 05:00:21.650912+01','integration-engine',2),
	 ('camea-BC_ZA-KLBO','camea-BC_ZA-KL','2020-03-14 11:10:00+01','2020-03-14 11:15:00+01',4,-1,'2020-03-14 11:20:06.842241+01','integration-engine',-1,'2020-03-15 05:00:21.650912+01','integration-engine',1),
	 ('camea-BC_ZA-KLBO','camea-BC_ZA-BO','2020-03-14 11:05:00+01','2020-03-14 11:10:00+01',4,-1,'2020-03-14 11:15:07.775845+01','integration-engine',-1,'2020-03-15 05:00:21.650912+01','integration-engine',1),
	 ('camea-BC_ZA-KLBO','camea-BC_ZA-KL','2020-03-14 11:05:00+01','2020-03-14 11:10:00+01',6,-1,'2020-03-14 11:15:07.775845+01','integration-engine',-1,'2020-03-15 05:00:21.650912+01','integration-engine',4),
	 ('camea-BC_ZA-KLBO','camea-BC_ZA-KL','2020-03-14 11:00:00+01','2020-03-14 11:05:00+01',4,-1,'2020-03-14 11:10:07.418647+01','integration-engine',-1,'2020-03-15 05:00:21.650912+01','integration-engine',1),
	 ('camea-BC_VK-HRUP','camea-BC_VK-UP','2020-03-14 11:00:00+01','2020-03-14 11:05:00+01',3,-1,'2020-03-14 11:10:06.659036+01','integration-engine',-1,'2020-03-15 05:00:20.646195+01','integration-engine',7),
	 ('camea-BC_ZA-KLBO','camea-BC_ZA-KL','2020-03-14 10:55:00+01','2020-03-14 11:00:00+01',5,-1,'2020-03-14 11:05:07.293445+01','integration-engine',-1,'2020-03-15 05:00:21.650912+01','integration-engine',2),
	 ('camea-BC_ZA-KLBO','camea-BC_ZA-KL','2020-03-14 10:50:00+01','2020-03-14 10:55:00+01',4,-1,'2020-03-14 11:00:09.034003+01','integration-engine',-1,'2020-03-15 05:00:21.650912+01','integration-engine',2),
	 ('camea-BC_ZA-KLBO','camea-BC_ZA-KL','2020-03-14 10:45:00+01','2020-03-14 10:50:00+01',5,-1,'2020-03-14 10:55:06.595799+01','integration-engine',-1,'2020-03-15 05:00:21.650912+01','integration-engine',1),
	 ('camea-BC_ZA-KLBO','camea-BC_ZA-KL','2020-03-14 10:40:00+01','2020-03-14 10:45:00+01',6,-1,'2020-03-14 10:50:08.878222+01','integration-engine',-1,'2020-03-15 05:00:21.650912+01','integration-engine',0),
	 ('camea-BC_VK-HRUP','camea-BC_VK-HR','2020-03-14 10:40:00+01','2020-03-14 10:45:00+01',3,-1,'2020-03-14 10:50:08.235704+01','integration-engine',-1,'2020-03-15 05:00:20.646195+01','integration-engine',2),
	 ('camea-BC_VK-HRUP','camea-BC_VK-UP','2020-03-14 10:40:00+01','2020-03-14 10:45:00+01',3,-1,'2020-03-14 10:50:08.235704+01','integration-engine',-1,'2020-03-15 05:00:20.646195+01','integration-engine',0),
	 ('camea-BC_ZA-KLBO','camea-BC_ZA-KL','2020-03-14 10:35:00+01','2020-03-14 10:40:00+01',3,-1,'2020-03-14 10:45:07.985855+01','integration-engine',-1,'2020-03-15 05:00:21.650912+01','integration-engine',1),
	 ('camea-BC_ZA-KLBO','camea-BC_ZA-BO','2020-03-14 10:35:00+01','2020-03-14 10:40:00+01',4,-1,'2020-03-14 10:45:07.985855+01','integration-engine',-1,'2020-03-15 05:00:21.650912+01','integration-engine',NULL),
	 ('camea-BC_VK-HRUP','camea-BC_VK-UP','2020-03-14 10:35:00+01','2020-03-14 10:40:00+01',3,-1,'2020-03-14 10:45:06.935666+01','integration-engine',-1,'2020-03-15 05:00:20.646195+01','integration-engine',1),
	 ('camea-BC_ZA-KLBO','camea-BC_ZA-KL','2020-03-14 10:30:00+01','2020-03-14 10:35:00+01',4,-1,'2020-03-14 10:40:07.268232+01','integration-engine',-1,'2020-03-15 05:00:21.650912+01','integration-engine',2),
	 ('camea-BC_ZA-KLBO','camea-BC_ZA-KL','2020-03-14 10:25:00+01','2020-03-14 10:30:00+01',3,-1,'2020-03-14 10:35:07.008885+01','integration-engine',-1,'2020-03-15 05:00:21.650912+01','integration-engine',0),
	 ('camea-BC_VK-HRUP','camea-BC_VK-HR','2020-03-14 10:25:00+01','2020-03-14 10:30:00+01',3,-1,'2020-03-14 10:35:06.531007+01','integration-engine',-1,'2020-03-15 05:00:20.646195+01','integration-engine',3);

INSERT INTO "bicyclecounters_temperatures" ("locations_id", "measured_from", "measured_to", "value", "create_batch_id", "created_at", "created_by", "update_batch_id", "updated_at", "updated_by") VALUES
	 ('camea-BC_VK-HRUP','2020-03-14 10:20:00+01','2020-03-14 10:25:00+01',10,-1,'2020-03-14 10:30:09.629185+01','integration-engine',-1,'2020-03-15 05:00:20.835272+01','integration-engine'),
	 ('camea-BC_VK-HRUP','2020-03-14 10:25:00+01','2020-03-14 10:30:00+01',10,-1,'2020-03-14 10:35:06.555745+01','integration-engine',-1,'2020-03-15 05:00:20.835272+01','integration-engine'),
	 ('camea-BC_VK-HRUP','2020-03-14 10:30:00+01','2020-03-14 10:35:00+01',10,-1,'2020-03-14 10:40:06.616807+01','integration-engine',-1,'2020-03-15 05:00:20.835272+01','integration-engine'),
	 ('camea-BC_VK-HRUP','2020-03-14 10:35:00+01','2020-03-14 10:40:00+01',10,-1,'2020-03-14 10:45:06.961899+01','integration-engine',-1,'2020-03-15 05:00:20.835272+01','integration-engine'),
	 ('camea-BC_VK-HRUP','2020-03-14 10:40:00+01','2020-03-14 10:45:00+01',10,-1,'2020-03-14 10:50:08.255987+01','integration-engine',-1,'2020-03-15 05:00:20.835272+01','integration-engine'),
	 ('camea-BC_VK-HRUP','2020-03-14 10:45:00+01','2020-03-14 10:50:00+01',10,-1,'2020-03-14 10:55:06.0094+01','integration-engine',-1,'2020-03-15 05:00:20.835272+01','integration-engine'),
	 ('camea-BC_VK-HRUP','2020-03-14 10:50:00+01','2020-03-14 10:55:00+01',10,-1,'2020-03-14 11:00:08.42887+01','integration-engine',-1,'2020-03-15 05:00:20.835272+01','integration-engine'),
	 ('camea-BC_VK-HRUP','2020-03-14 10:55:00+01','2020-03-14 11:00:00+01',10,-1,'2020-03-14 11:05:06.687607+01','integration-engine',-1,'2020-03-15 05:00:20.835272+01','integration-engine'),
	 ('camea-BC_VK-HRUP','2020-03-14 11:00:00+01','2020-03-14 11:05:00+01',10,-1,'2020-03-14 11:10:06.682393+01','integration-engine',-1,'2020-03-15 05:00:20.835272+01','integration-engine'),
	 ('camea-BC_VK-HRUP','2020-03-14 11:05:00+01','2020-03-14 11:10:00+01',11,-1,'2020-03-14 11:15:07.093541+01','integration-engine',-1,'2020-03-15 05:00:20.835272+01','integration-engine'),
	 ('camea-BC_VK-HRUP','2020-03-14 11:10:00+01','2020-03-14 11:15:00+01',11,-1,'2020-03-14 11:20:06.062893+01','integration-engine',-1,'2020-03-15 05:00:20.835272+01','integration-engine'),
	 ('camea-BC_VK-HRUP','2020-03-14 11:15:00+01','2020-03-14 11:20:00+01',11,-1,'2020-03-14 11:25:06.149189+01','integration-engine',-1,'2020-03-15 05:00:20.835272+01','integration-engine'),
	 ('camea-BC_VK-HRUP','2020-03-14 11:20:00+01','2020-03-14 11:25:00+01',10,-1,'2020-03-14 11:30:07.980846+01','integration-engine',-1,'2020-03-15 05:00:20.835272+01','integration-engine'),
	 ('camea-BC_VK-HRUP','2020-03-14 11:25:00+01','2020-03-14 11:30:00+01',10,-1,'2020-03-14 11:35:07.920386+01','integration-engine',-1,'2020-03-15 05:00:20.835272+01','integration-engine'),
	 ('camea-BC_VK-HRUP','2020-03-14 11:30:00+01','2020-03-14 11:35:00+01',10,-1,'2020-03-14 11:40:05.805547+01','integration-engine',-1,'2020-03-15 05:00:20.835272+01','integration-engine'),
	 ('camea-BC_VK-HRUP','2020-03-14 11:35:00+01','2020-03-14 11:40:00+01',10,-1,'2020-03-14 11:45:06.742474+01','integration-engine',-1,'2020-03-15 05:00:20.835272+01','integration-engine'),
	 ('camea-BC_VK-HRUP','2020-03-14 11:40:00+01','2020-03-14 11:45:00+01',10,-1,'2020-03-14 11:50:06.341474+01','integration-engine',-1,'2020-03-15 05:00:20.835272+01','integration-engine'),
	 ('camea-BC_VK-HRUP','2020-03-14 11:45:00+01','2020-03-14 11:50:00+01',11,-1,'2020-03-14 11:55:06.858758+01','integration-engine',-1,'2020-03-15 05:00:20.835272+01','integration-engine'),
	 ('camea-BC_VK-HRUP','2020-03-14 11:50:00+01','2020-03-14 11:55:00+01',10,-1,'2020-03-14 12:00:26.877299+01','integration-engine',-1,'2020-03-15 05:00:20.835272+01','integration-engine'),
	 ('camea-BC_VK-HRUP','2020-03-14 11:55:00+01','2020-03-14 12:00:00+01',11,-1,'2020-03-14 12:05:06.872869+01','integration-engine',-1,'2020-03-15 05:00:20.835272+01','integration-engine'),
	 ('camea-BC_ZA-KLBO','2020-03-14 10:30:00+01','2020-03-14 10:35:00+01',10,-1,'2020-03-14 10:40:07.290585+01','integration-engine',-1,'2020-03-15 05:00:21.740315+01','integration-engine'),
	 ('camea-BC_ZA-KLBO','2020-03-14 10:35:00+01','2020-03-14 10:40:00+01',10,-1,'2020-03-14 10:45:08.015288+01','integration-engine',-1,'2020-03-15 05:00:21.740315+01','integration-engine'),
	 ('camea-BC_ZA-KLBO','2020-03-14 10:50:00+01','2020-03-14 10:55:00+01',10,-1,'2020-03-14 11:00:09.070265+01','integration-engine',-1,'2020-03-15 05:00:21.740315+01','integration-engine'),
	 ('camea-BC_ZA-KLBO','2020-03-14 10:55:00+01','2020-03-14 11:00:00+01',10,-1,'2020-03-14 11:05:07.319131+01','integration-engine',-1,'2020-03-15 05:00:21.740315+01','integration-engine'),
	 ('camea-BC_ZA-KLBO','2020-03-14 11:00:00+01','2020-03-14 11:05:00+01',10,-1,'2020-03-14 11:10:07.440586+01','integration-engine',-1,'2020-03-15 05:00:21.740315+01','integration-engine'),
	 ('camea-BC_ZA-KLBO','2020-03-14 11:05:00+01','2020-03-14 11:10:00+01',10,-1,'2020-03-14 11:15:07.797602+01','integration-engine',-1,'2020-03-15 05:00:21.740315+01','integration-engine'),
	 ('camea-BC_ZA-KLBO','2020-03-14 11:10:00+01','2020-03-14 11:15:00+01',10,-1,'2020-03-14 11:20:06.882923+01','integration-engine',-1,'2020-03-15 05:00:21.740315+01','integration-engine'),
	 ('camea-BC_ZA-KLBO','2020-03-14 11:15:00+01','2020-03-14 11:20:00+01',10,-1,'2020-03-14 11:25:07.099943+01','integration-engine',-1,'2020-03-15 05:00:21.740315+01','integration-engine'),
	 ('camea-BC_ZA-KLBO','2020-03-14 11:20:00+01','2020-03-14 11:25:00+01',11,-1,'2020-03-14 11:30:08.835391+01','integration-engine',-1,'2020-03-15 05:00:21.740315+01','integration-engine'),
	 ('camea-BC_ZA-KLBO','2020-03-14 11:25:00+01','2020-03-14 11:30:00+01',11,-1,'2020-03-14 11:35:08.573236+01','integration-engine',-1,'2020-03-15 05:00:21.740315+01','integration-engine'),
	 ('camea-BC_ZA-KLBO','2020-03-14 11:30:00+01','2020-03-14 11:35:00+01',11,-1,'2020-03-14 11:40:06.581227+01','integration-engine',-1,'2020-03-15 05:00:21.740315+01','integration-engine'),
	 ('camea-BC_ZA-KLBO','2020-03-14 11:35:00+01','2020-03-14 11:40:00+01',11,-1,'2020-03-14 11:45:07.361461+01','integration-engine',-1,'2020-03-15 05:00:21.740315+01','integration-engine'),
	 ('camea-BC_ZA-KLBO','2020-03-14 11:40:00+01','2020-03-14 11:45:00+01',11,-1,'2020-03-14 11:50:07.481585+01','integration-engine',-1,'2020-03-15 05:00:21.740315+01','integration-engine'),
	 ('camea-BC_ZA-KLBO','2020-03-14 11:45:00+01','2020-03-14 11:50:00+01',10,-1,'2020-03-14 11:55:07.679932+01','integration-engine',-1,'2020-03-15 05:00:21.740315+01','integration-engine'),
	 ('camea-BC_ZA-KLBO','2020-03-14 11:50:00+01','2020-03-14 11:55:00+01',11,-1,'2020-03-14 12:00:27.87918+01','integration-engine',-1,'2020-03-15 05:00:21.740315+01','integration-engine'),
	 ('camea-BC_ZA-KLBO','2020-03-14 11:55:00+01','2020-03-14 12:00:00+01',11,-1,'2020-03-14 12:05:07.83522+01','integration-engine',-1,'2020-03-15 05:00:21.740315+01','integration-engine');
