INSERT INTO "REF_NOTIFICATION_STATUS" ( "ID", "NAME" ) VALUES ( 1, 'Offen' );
INSERT INTO "REF_NOTIFICATION_STATUS" ( "ID", "NAME" ) VALUES ( 2, 'In arbeit' );
INSERT INTO "REF_NOTIFICATION_STATUS" ( "ID", "NAME" ) VALUES ( 3, 'Erledigt' );
INSERT INTO "REF_NOTIFICATION_STATUS" ( "ID", "NAME" ) VALUES ( 4, 'Geschlossen' );

INSERT INTO "REF_BRANCH" ("ID", "NAME", "DESCRIPTION" ) VALUES ( 1, 'S', 'Strom' );
INSERT INTO "REF_BRANCH" ("ID", "NAME", "DESCRIPTION" ) VALUES ( 2, 'G', 'Gas' );
INSERT INTO "REF_BRANCH" ("ID", "NAME", "DESCRIPTION" ) VALUES ( 3, 'F', 'Fernwärme' );
INSERT INTO "REF_BRANCH" ("ID", "NAME", "DESCRIPTION" ) VALUES ( 4, 'W', 'Wasser' );

INSERT INTO "REF_GRID_TERRITORY" ("ID", "NAME", "DESCRIPTION", "FK_REF_MASTER") VALUES ( 1, 'MA', 'Mannheim', 1);
INSERT INTO "REF_GRID_TERRITORY" ("ID", "NAME", "DESCRIPTION", "FK_REF_MASTER") VALUES ( 2, 'OF', 'Offenbach', 2);

INSERT INTO "TBL_RESPONSIBILITY" ("FK_REF_GRID_TERRITORY", "FK_REF_BRANCH", "RESPONSIBLE_USER", "CREATE_USER", "CREATE_DATE") VALUES (1, 1, 'Admin','Admin', CURRENT_TIMESTAMP);
INSERT INTO "TBL_RESPONSIBILITY" ("FK_REF_GRID_TERRITORY", "FK_REF_BRANCH", "RESPONSIBLE_USER", "CREATE_USER", "CREATE_DATE") VALUES (1, 2, 'Admin','Admin', CURRENT_TIMESTAMP);
INSERT INTO "TBL_RESPONSIBILITY" ("FK_REF_GRID_TERRITORY", "FK_REF_BRANCH", "RESPONSIBLE_USER", "CREATE_USER", "CREATE_DATE") VALUES (1, 3, 'Admin','Admin', CURRENT_TIMESTAMP);
INSERT INTO "TBL_RESPONSIBILITY" ("FK_REF_GRID_TERRITORY", "FK_REF_BRANCH", "RESPONSIBLE_USER", "CREATE_USER", "CREATE_DATE") VALUES (1, 4, 'Admin','Admin', CURRENT_TIMESTAMP);
INSERT INTO "TBL_RESPONSIBILITY" ("FK_REF_GRID_TERRITORY", "FK_REF_BRANCH", "RESPONSIBLE_USER", "CREATE_USER", "CREATE_DATE") VALUES (2, 1, 'Admin','Admin', CURRENT_TIMESTAMP);
INSERT INTO "TBL_RESPONSIBILITY" ("FK_REF_GRID_TERRITORY", "FK_REF_BRANCH", "RESPONSIBLE_USER", "CREATE_USER", "CREATE_DATE") VALUES (2, 2, 'Admin','Admin', CURRENT_TIMESTAMP);
INSERT INTO "TBL_RESPONSIBILITY" ("FK_REF_GRID_TERRITORY", "FK_REF_BRANCH", "RESPONSIBLE_USER", "CREATE_USER", "CREATE_DATE") VALUES (2, 3, 'Admin','Admin', CURRENT_TIMESTAMP);
INSERT INTO "TBL_RESPONSIBILITY" ("FK_REF_GRID_TERRITORY", "FK_REF_BRANCH", "RESPONSIBLE_USER", "CREATE_USER", "CREATE_DATE") VALUES (2, 4, 'Admin','Admin', CURRENT_TIMESTAMP);