-- MySQL dump 10.13  Distrib 8.0.18, for osx10.13 (x86_64)
--
-- Host: localhost    Database: sspo2_ontology
-- ------------------------------------------------------
-- Server version	8.0.18

/*!40101 SET @OLD_CHARACTER_SET_CLIENT=@@CHARACTER_SET_CLIENT */;
/*!40101 SET @OLD_CHARACTER_SET_RESULTS=@@CHARACTER_SET_RESULTS */;
/*!40101 SET @OLD_COLLATION_CONNECTION=@@COLLATION_CONNECTION */;
/*!50503 SET NAMES utf8mb4 */;
/*!40103 SET @OLD_TIME_ZONE=@@TIME_ZONE */;
/*!40103 SET TIME_ZONE='+00:00' */;
/*!40014 SET @OLD_UNIQUE_CHECKS=@@UNIQUE_CHECKS, UNIQUE_CHECKS=0 */;
/*!40014 SET @OLD_FOREIGN_KEY_CHECKS=@@FOREIGN_KEY_CHECKS, FOREIGN_KEY_CHECKS=0 */;
/*!40101 SET @OLD_SQL_MODE=@@SQL_MODE, SQL_MODE='NO_AUTO_VALUE_ON_ZERO' */;
/*!40111 SET @OLD_SQL_NOTES=@@SQL_NOTES, SQL_NOTES=0 */;

--
-- Table structure for table `acceptance_criterion`
--

DROP TABLE IF EXISTS `acceptance_criterion`;
/*!40101 SET @saved_cs_client     = @@character_set_client */;
/*!50503 SET character_set_client = utf8mb4 */;
CREATE TABLE `acceptance_criterion` (
  `id` int(11) NOT NULL AUTO_INCREMENT,
  `uuid` char(32) COLLATE utf8mb4_general_ci NOT NULL,
  `date_created` datetime DEFAULT NULL,
  `date_modified` datetime DEFAULT NULL,
  `name` varchar(200) COLLATE utf8mb4_general_ci DEFAULT NULL,
  `description` text COLLATE utf8mb4_general_ci,
  `user_story` int(11) DEFAULT NULL,
  `type` varchar(50) COLLATE utf8mb4_general_ci DEFAULT NULL,
  PRIMARY KEY (`id`),
  UNIQUE KEY `uuid` (`uuid`),
  KEY `user_story` (`user_story`),
  CONSTRAINT `acceptance_criterion_ibfk_1` FOREIGN KEY (`user_story`) REFERENCES `user_story` (`id`)
) ENGINE=InnoDB DEFAULT CHARSET=utf8mb4 COLLATE=utf8mb4_general_ci;
/*!40101 SET character_set_client = @saved_cs_client */;

--
-- Dumping data for table `acceptance_criterion`
--

LOCK TABLES `acceptance_criterion` WRITE;
/*!40000 ALTER TABLE `acceptance_criterion` DISABLE KEYS */;
/*!40000 ALTER TABLE `acceptance_criterion` ENABLE KEYS */;
UNLOCK TABLES;

--
-- Table structure for table `application`
--

DROP TABLE IF EXISTS `application`;
/*!40101 SET @saved_cs_client     = @@character_set_client */;
/*!50503 SET character_set_client = utf8mb4 */;
CREATE TABLE `application` (
  `id` int(11) NOT NULL AUTO_INCREMENT,
  `uuid` char(32) COLLATE utf8mb4_general_ci NOT NULL,
  `date_created` datetime DEFAULT NULL,
  `date_modified` datetime DEFAULT NULL,
  `name` varchar(200) COLLATE utf8mb4_general_ci DEFAULT NULL,
  `description` text COLLATE utf8mb4_general_ci,
  `application_type_id` int(11) DEFAULT NULL,
  PRIMARY KEY (`id`),
  UNIQUE KEY `uuid` (`uuid`),
  KEY `application_type_id` (`application_type_id`),
  CONSTRAINT `application_ibfk_1` FOREIGN KEY (`application_type_id`) REFERENCES `application_type` (`id`)
) ENGINE=InnoDB AUTO_INCREMENT=3 DEFAULT CHARSET=utf8mb4 COLLATE=utf8mb4_general_ci;
/*!40101 SET character_set_client = @saved_cs_client */;

--
-- Dumping data for table `application`
--

LOCK TABLES `application` WRITE;
/*!40000 ALTER TABLE `application` DISABLE KEYS */;
INSERT INTO `application` VALUES (1,'92ef3a85827a490b90f6e0e6a33c0165','2020-02-11 19:40:37','2020-02-11 19:40:37','tfs','tfs',1),(2,'91c00c34f97e4e26aad0b633234c263b','2020-02-11 19:40:37','2020-02-11 19:40:37','clockify','clockify',2);
/*!40000 ALTER TABLE `application` ENABLE KEYS */;
UNLOCK TABLES;

--
-- Table structure for table `application_reference`
--

DROP TABLE IF EXISTS `application_reference`;
/*!40101 SET @saved_cs_client     = @@character_set_client */;
/*!50503 SET character_set_client = utf8mb4 */;
CREATE TABLE `application_reference` (
  `id` int(11) NOT NULL AUTO_INCREMENT,
  `uuid` char(32) COLLATE utf8mb4_general_ci NOT NULL,
  `date_created` datetime DEFAULT NULL,
  `date_modified` datetime DEFAULT NULL,
  `name` varchar(200) COLLATE utf8mb4_general_ci DEFAULT NULL,
  `description` text COLLATE utf8mb4_general_ci,
  `application` int(11) DEFAULT NULL,
  `external_id` varchar(200) COLLATE utf8mb4_general_ci NOT NULL,
  `external_url` text COLLATE utf8mb4_general_ci,
  `external_type_entity` varchar(200) COLLATE utf8mb4_general_ci NOT NULL,
  `internal_uuid` char(32) COLLATE utf8mb4_general_ci DEFAULT NULL,
  `entity_name` varchar(200) COLLATE utf8mb4_general_ci NOT NULL,
  PRIMARY KEY (`id`),
  UNIQUE KEY `uuid` (`uuid`),
  KEY `application` (`application`),
  CONSTRAINT `application_reference_ibfk_1` FOREIGN KEY (`application`) REFERENCES `application` (`id`)
) ENGINE=InnoDB AUTO_INCREMENT=474 DEFAULT CHARSET=utf8mb4 COLLATE=utf8mb4_general_ci;
/*!40101 SET character_set_client = @saved_cs_client */;

--
-- Dumping data for table `application_reference`
--

LOCK TABLES `application_reference` WRITE;
/*!40000 ALTER TABLE `application_reference` DISABLE KEYS */;
INSERT INTO `application_reference` VALUES (1,'2b0982c98d4f481cb5d6b261f3cac9a6','2020-02-11 19:44:42','2020-02-11 19:44:42','prodest-espm','Projeto ES na Palma da Mão',1,'f7c0ad32-7d99-40de-baa8-c69ab831cd0e','https://tfs.es.gov.br/tfs/DefaultCollection/_apis/projects/f7c0ad32-7d99-40de-baa8-c69ab831cd0e','project','b433ed53afd24778937871ec3b2f5fbb','scrum_complex_project'),(2,'9ec31324f6114d96943fccb2826e518e','2020-02-11 19:44:43','2020-02-11 19:44:43','Detran','',1,'ceb38646-e35b-4914-99c3-094b3eb50ea5','https://tfs.es.gov.br/tfs/DefaultCollection/_apis/projects/f7c0ad32-7d99-40de-baa8-c69ab831cd0e/teams/ceb38646-e35b-4914-99c3-094b3eb50ea5','team','cd1826b3b36b4acc96a828a744475f2f','scrum_atomic_project'),(3,'0b6e6bdf915047bebf2c577b372d9995','2020-02-11 19:44:43','2020-02-11 19:44:43','Detran','',1,'ceb38646-e35b-4914-99c3-094b3eb50ea5','https://tfs.es.gov.br/tfs/DefaultCollection/_apis/projects/f7c0ad32-7d99-40de-baa8-c69ab831cd0e/teams/ceb38646-e35b-4914-99c3-094b3eb50ea5','team','66f7243ef79a445a80e67dbca86e559e','scrum_team'),(4,'da7d01c3570347c8b268657afeb53b64','2020-02-11 19:44:43','2020-02-11 19:44:43','Empregabilidade','',1,'9d64edbe-2495-4a66-81f2-b9bf4c20a611','https://tfs.es.gov.br/tfs/DefaultCollection/_apis/projects/f7c0ad32-7d99-40de-baa8-c69ab831cd0e/teams/9d64edbe-2495-4a66-81f2-b9bf4c20a611','team','5d46ca0eafdb45c8b444b6c4e582ffb8','scrum_atomic_project'),(5,'79887c0a30854b078ef693b6cfcfcafa','2020-02-11 19:44:43','2020-02-11 19:44:43','Empregabilidade','',1,'9d64edbe-2495-4a66-81f2-b9bf4c20a611','https://tfs.es.gov.br/tfs/DefaultCollection/_apis/projects/f7c0ad32-7d99-40de-baa8-c69ab831cd0e/teams/9d64edbe-2495-4a66-81f2-b9bf4c20a611','team','daa04a7d3bae4b91b61a3c2c74a64850','scrum_team'),(6,'a9b4324832514cd6be5531ddd6a771d9','2020-02-11 19:44:43','2020-02-11 19:44:43','prodest-espm Team','The default project team.',1,'8b65fae0-4577-41cb-89e9-4fae2b1c4ad1','https://tfs.es.gov.br/tfs/DefaultCollection/_apis/projects/f7c0ad32-7d99-40de-baa8-c69ab831cd0e/teams/8b65fae0-4577-41cb-89e9-4fae2b1c4ad1','team','f36cf169618a41d0abe9854f5345956a','scrum_atomic_project'),(7,'cbb19f32c0a44230ba0298836e8a390c','2020-02-11 19:44:43','2020-02-11 19:44:43','prodest-espm Team','The default project team.',1,'8b65fae0-4577-41cb-89e9-4fae2b1c4ad1','https://tfs.es.gov.br/tfs/DefaultCollection/_apis/projects/f7c0ad32-7d99-40de-baa8-c69ab831cd0e/teams/8b65fae0-4577-41cb-89e9-4fae2b1c4ad1','team','8b4a8065e5ba4ac68c627cf4162a2049','scrum_team'),(8,'1f1e1b7b33b14735a42b74a7b1763c32','2020-02-11 19:44:43','2020-02-11 19:44:43','disque_denuncia','Equipe do Doacao de Sangue',1,'3cd91f49-06c6-439e-b242-fa3773c6c878','https://tfs.es.gov.br/tfs/DefaultCollection/_apis/projects/f7c0ad32-7d99-40de-baa8-c69ab831cd0e/teams/3cd91f49-06c6-439e-b242-fa3773c6c878','team','944b74b98ca1427caf6fbb583c8c79ba','scrum_atomic_project'),(9,'dc243750773b4956bb16272a077ab58e','2020-02-11 19:44:44','2020-02-11 19:44:44','disque_denuncia','Equipe do Doacao de Sangue',1,'3cd91f49-06c6-439e-b242-fa3773c6c878','https://tfs.es.gov.br/tfs/DefaultCollection/_apis/projects/f7c0ad32-7d99-40de-baa8-c69ab831cd0e/teams/3cd91f49-06c6-439e-b242-fa3773c6c878','team','1d29308215e64c4b86a0dad68b67d8b4','scrum_team'),(10,'e31e2325f6014d54a5a6b896989f0c65','2020-02-11 19:44:44','2020-02-11 19:44:44','chabot','Equipe do Chatbot',1,'679a1774-aea9-486c-90e8-a3e11923757a','https://tfs.es.gov.br/tfs/DefaultCollection/_apis/projects/f7c0ad32-7d99-40de-baa8-c69ab831cd0e/teams/679a1774-aea9-486c-90e8-a3e11923757a','team','b0bf2d53488d492bbc3edcfa0656639e','scrum_atomic_project'),(11,'d529fc15739a4d7bb9ac5623d28b72d3','2020-02-11 19:44:44','2020-02-11 19:44:44','chabot','Equipe do Chatbot',1,'679a1774-aea9-486c-90e8-a3e11923757a','https://tfs.es.gov.br/tfs/DefaultCollection/_apis/projects/f7c0ad32-7d99-40de-baa8-c69ab831cd0e/teams/679a1774-aea9-486c-90e8-a3e11923757a','team','2faf7f5b90454e46814ec5124bb53e4c','scrum_team'),(12,'adcb6900d9ca4d809508e92b28ee4304','2020-02-11 19:44:44','2020-02-11 19:44:44','Google Transit','Equipe do Mobilidade Urbana',1,'2b797f94-e92a-4557-8e89-95583229b299','https://tfs.es.gov.br/tfs/DefaultCollection/_apis/projects/f7c0ad32-7d99-40de-baa8-c69ab831cd0e/teams/2b797f94-e92a-4557-8e89-95583229b299','team','b8b46dec551b4e84b4d58a8d48861524','scrum_atomic_project'),(13,'715cd83e07fd47018c90c39677f64c70','2020-02-11 19:44:44','2020-02-11 19:44:44','Google Transit','Equipe do Mobilidade Urbana',1,'2b797f94-e92a-4557-8e89-95583229b299','https://tfs.es.gov.br/tfs/DefaultCollection/_apis/projects/f7c0ad32-7d99-40de-baa8-c69ab831cd0e/teams/2b797f94-e92a-4557-8e89-95583229b299','team','cc9f20a2e1b84144ac3aae9c052b5bcf','scrum_team'),(14,'19e9769667a34be8bac5e55baac99544','2020-02-11 19:44:44','2020-02-11 19:44:44','contra-cheque','',1,'e9c90cfb-da20-4e31-826f-d9fdbaa79fb4','https://tfs.es.gov.br/tfs/DefaultCollection/_apis/projects/f7c0ad32-7d99-40de-baa8-c69ab831cd0e/teams/e9c90cfb-da20-4e31-826f-d9fdbaa79fb4','team','5e0425dbc0fa4214ad23ed71b6281451','scrum_atomic_project'),(15,'4588207f70a34b07ace88a773c938c93','2020-02-11 19:44:44','2020-02-11 19:44:44','contra-cheque','',1,'e9c90cfb-da20-4e31-826f-d9fdbaa79fb4','https://tfs.es.gov.br/tfs/DefaultCollection/_apis/projects/f7c0ad32-7d99-40de-baa8-c69ab831cd0e/teams/e9c90cfb-da20-4e31-826f-d9fdbaa79fb4','team','3c43eea3dd2046739ec0664896029307','scrum_team'),(16,'e713e876f09b4393bec7868a0f19bb17','2020-02-11 19:44:44','2020-02-11 19:44:44','PC - BIKE','Projeto voltado a controle de Bikes',1,'4a18e360-6cc4-4587-8530-648f428caa87','https://tfs.es.gov.br/tfs/DefaultCollection/_apis/projects/f7c0ad32-7d99-40de-baa8-c69ab831cd0e/teams/4a18e360-6cc4-4587-8530-648f428caa87','team','ea34cb9733a84f0cb08af34f41f5ad34','scrum_atomic_project'),(17,'5777f88f52a5433987f81aa07d177c47','2020-02-11 19:44:45','2020-02-11 19:44:45','PC - BIKE','Projeto voltado a controle de Bikes',1,'4a18e360-6cc4-4587-8530-648f428caa87','https://tfs.es.gov.br/tfs/DefaultCollection/_apis/projects/f7c0ad32-7d99-40de-baa8-c69ab831cd0e/teams/4a18e360-6cc4-4587-8530-648f428caa87','team','31610220cfac45b9bd5451e1e41d23fc','scrum_team'),(18,'b6ad876e61cd47d8aa1f72fce269ebd4','2020-02-11 19:44:45','2020-02-11 19:44:45','Edocs','Equipe do Edocs',1,'a361be86-f6ba-421a-9ed6-2329349babd7','https://tfs.es.gov.br/tfs/DefaultCollection/_apis/projects/f7c0ad32-7d99-40de-baa8-c69ab831cd0e/teams/a361be86-f6ba-421a-9ed6-2329349babd7','team','3b13a069b45d4787a503caea563d50d5','scrum_atomic_project'),(19,'b8c6fade7d5e4f9e91a8d77499dcb148','2020-02-11 19:44:45','2020-02-11 19:44:45','Edocs','Equipe do Edocs',1,'a361be86-f6ba-421a-9ed6-2329349babd7','https://tfs.es.gov.br/tfs/DefaultCollection/_apis/projects/f7c0ad32-7d99-40de-baa8-c69ab831cd0e/teams/a361be86-f6ba-421a-9ed6-2329349babd7','team','46fb9c9fafe748b297ccfa993104ebea','scrum_team'),(20,'2606b4d6f40f4105821eff0bf7e49bf8','2020-02-11 19:44:45','2020-02-11 19:44:45','Gestao','Equipe da Gestao',1,'a22ae820-9ed4-4b81-932e-3ef927ec5be8','https://tfs.es.gov.br/tfs/DefaultCollection/_apis/projects/f7c0ad32-7d99-40de-baa8-c69ab831cd0e/teams/a22ae820-9ed4-4b81-932e-3ef927ec5be8','team','fdcd486b9b5046bb8fd86197b52362f8','scrum_atomic_project'),(21,'7596ea5306fa43be924c2af292310c71','2020-02-11 19:44:45','2020-02-11 19:44:45','Gestao','Equipe da Gestao',1,'a22ae820-9ed4-4b81-932e-3ef927ec5be8','https://tfs.es.gov.br/tfs/DefaultCollection/_apis/projects/f7c0ad32-7d99-40de-baa8-c69ab831cd0e/teams/a22ae820-9ed4-4b81-932e-3ef927ec5be8','team','f7c591d3603e4cbc8c6ed0b253dd7432','scrum_team'),(22,'822c658e041e4ace8f0d0baf6c10c500','2020-02-11 19:44:46','2020-02-11 19:44:46','Mobile','Equipe do Mobile',1,'9d698e75-5f3f-4371-bc29-e3a76b88aaa9','https://tfs.es.gov.br/tfs/DefaultCollection/_apis/projects/f7c0ad32-7d99-40de-baa8-c69ab831cd0e/teams/9d698e75-5f3f-4371-bc29-e3a76b88aaa9','team','34b2ceb3308947e29b265aa144e4559a','scrum_atomic_project'),(23,'176463c5a20b40548056cd66d297715a','2020-02-11 19:44:46','2020-02-11 19:44:46','Mobile','Equipe do Mobile',1,'9d698e75-5f3f-4371-bc29-e3a76b88aaa9','https://tfs.es.gov.br/tfs/DefaultCollection/_apis/projects/f7c0ad32-7d99-40de-baa8-c69ab831cd0e/teams/9d698e75-5f3f-4371-bc29-e3a76b88aaa9','team','dba3a69c942445ed93bd410a2b71bc97','scrum_team'),(24,'4b4c37ff7e7145019cc58e25dd238270','2020-02-11 19:44:46','2020-02-11 19:44:46','SEDU - Reclamações','Projeto voltado para resolver o problema do controle de reclamações da SEDU dos setores de transporte e alimentação',1,'29d0cd98-f3db-481b-8b06-0fbad5f1662f','https://tfs.es.gov.br/tfs/DefaultCollection/_apis/projects/f7c0ad32-7d99-40de-baa8-c69ab831cd0e/teams/29d0cd98-f3db-481b-8b06-0fbad5f1662f','team','6a496a3834bc40cea50e84a72bfc1c7c','scrum_atomic_project'),(25,'5d6530f87fd74a05aad6ff60c3c68c3a','2020-02-11 19:44:46','2020-02-11 19:44:46','SEDU - Reclamações','Projeto voltado para resolver o problema do controle de reclamações da SEDU dos setores de transporte e alimentação',1,'29d0cd98-f3db-481b-8b06-0fbad5f1662f','https://tfs.es.gov.br/tfs/DefaultCollection/_apis/projects/f7c0ad32-7d99-40de-baa8-c69ab831cd0e/teams/29d0cd98-f3db-481b-8b06-0fbad5f1662f','team','7ba07924747549d5962930eb121e96e8','scrum_team'),(26,'09cab2038b544efbaec5184c406e741a','2020-02-11 19:44:46','2020-02-11 19:44:46','Data Science','Equipe do Data Science',1,'67dfc31d-5df0-44ca-afd6-920b02c2de82','https://tfs.es.gov.br/tfs/DefaultCollection/_apis/projects/f7c0ad32-7d99-40de-baa8-c69ab831cd0e/teams/67dfc31d-5df0-44ca-afd6-920b02c2de82','team','01a740cf638f4a4ab60736ae7efe0d86','scrum_atomic_project'),(27,'e94f842bb06f436b9b06d2029b4d4b11','2020-02-11 19:44:46','2020-02-11 19:44:46','Data Science','Equipe do Data Science',1,'67dfc31d-5df0-44ca-afd6-920b02c2de82','https://tfs.es.gov.br/tfs/DefaultCollection/_apis/projects/f7c0ad32-7d99-40de-baa8-c69ab831cd0e/teams/67dfc31d-5df0-44ca-afd6-920b02c2de82','team','92aa08ea2ff04fea9f3de452b6369784','scrum_team'),(28,'df2353856bd94ca79bd283d6a696e1ca','2020-02-11 19:44:46','2020-02-11 19:44:46','Gateway','Gateway de Serviços',1,'0cebeb19-8a0b-4a25-a1dc-26b68f8d763d','https://tfs.es.gov.br/tfs/DefaultCollection/_apis/projects/f7c0ad32-7d99-40de-baa8-c69ab831cd0e/teams/0cebeb19-8a0b-4a25-a1dc-26b68f8d763d','team','3bc02c4cd28e422a995342e4d9ff24f0','scrum_atomic_project'),(29,'26ec469d2b0c43a18490aec88a9816ad','2020-02-11 19:44:46','2020-02-11 19:44:46','Gateway','Gateway de Serviços',1,'0cebeb19-8a0b-4a25-a1dc-26b68f8d763d','https://tfs.es.gov.br/tfs/DefaultCollection/_apis/projects/f7c0ad32-7d99-40de-baa8-c69ab831cd0e/teams/0cebeb19-8a0b-4a25-a1dc-26b68f8d763d','team','e6f2cd57d4dd4e8a82fcb17ea8f2b7fd','scrum_team'),(30,'cb8c859d2fd44159a35ba819d5ca6ccf','2020-02-11 19:44:46','2020-02-11 19:44:46','Site ESPM','',1,'2824301c-534c-496c-8b66-aa95839dd922','https://tfs.es.gov.br/tfs/DefaultCollection/_apis/projects/f7c0ad32-7d99-40de-baa8-c69ab831cd0e/teams/2824301c-534c-496c-8b66-aa95839dd922','team','8f682616968a4664a6f5abc76f766b9b','scrum_atomic_project'),(31,'27e140d59f91492b80449787dde3c846','2020-02-11 19:44:47','2020-02-11 19:44:47','Site ESPM','',1,'2824301c-534c-496c-8b66-aa95839dd922','https://tfs.es.gov.br/tfs/DefaultCollection/_apis/projects/f7c0ad32-7d99-40de-baa8-c69ab831cd0e/teams/2824301c-534c-496c-8b66-aa95839dd922','team','6f40241395cc4507bf7b1b5201c6c1e2','scrum_team'),(32,'b8c8a3be7eba4b5aa1b8e13e5add40ab','2020-02-11 19:44:47','2020-02-11 19:44:47','Icaro Duarte Gavazza Lima',NULL,1,'4329425b-bb01-4c0e-96d9-ce19f07e2080','https://tfs.es.gov.br/tfs/DefaultCollection/_apis/Identities/4329425b-bb01-4c0e-96d9-ce19f07e2080','individual','424228e19c9640d9877679bb8f9fe4a9','person'),(33,'d7858ad6cc7347a4ac81d0ccdc70f1b3','2020-02-11 19:44:47','2020-02-11 19:44:47','Maria Luiza Guimaraes Silva Mantovanelli',NULL,1,'9bb0b6c3-bd5c-4c33-af80-6e0b9b18e83b','https://tfs.es.gov.br/tfs/DefaultCollection/_apis/Identities/9bb0b6c3-bd5c-4c33-af80-6e0b9b18e83b','individual','27e1fe8409794e09bdc275946689d191','person'),(34,'7ba84682ec1f4c5e9f9f0af5f03f5860','2020-02-11 19:44:47','2020-02-11 19:44:47','Marcos Antonio Carneiro de Paula',NULL,1,'d81f19ab-2c35-4362-95f9-98a956db4519','https://tfs.es.gov.br/tfs/DefaultCollection/_apis/Identities/d81f19ab-2c35-4362-95f9-98a956db4519','individual','ab6990ed49de4f339be3b89d05f85b3e','person'),(35,'fa776a67c9eb4e6688b8d36a7d165d40','2020-02-11 19:44:48','2020-02-11 19:44:48','Dérick Hogan Pimenta',NULL,1,'4c8af8bd-dfa2-436a-88da-c6ca60f39f65','https://tfs.es.gov.br/tfs/DefaultCollection/_apis/Identities/4c8af8bd-dfa2-436a-88da-c6ca60f39f65','individual','769340b3111646309554660aa3941100','person'),(36,'2aefb1abec334255953b171ea3370c18','2020-02-11 19:44:48','2020-02-11 19:44:48','Paulo Sérgio Santos Júnior',NULL,1,'abd64455-b320-4f92-9d01-323220b5185b','https://tfs.es.gov.br/tfs/DefaultCollection/_apis/Identities/abd64455-b320-4f92-9d01-323220b5185b','individual','a9c1560b20b54a3283b150871e995220','person'),(37,'390ba29dec8f4ded990c671301c93039','2020-02-11 19:44:48','2020-02-11 19:44:48','Vinicius Gazzoli',NULL,1,'4872d3bd-9ae1-4202-803d-4466b825e196','https://tfs.es.gov.br/tfs/DefaultCollection/_apis/Identities/4872d3bd-9ae1-4202-803d-4466b825e196','individual','d4f713b570124865870ededc782a90b9','person'),(38,'f13a6a077f544a7980a5c615e1d349b4','2020-02-11 19:44:48','2020-02-11 19:44:48','David de Moura Marques',NULL,1,'6912dd0c-c982-435b-a06a-ba8e8dba1ca0','https://tfs.es.gov.br/tfs/DefaultCollection/_apis/Identities/6912dd0c-c982-435b-a06a-ba8e8dba1ca0','individual','cdaa6a9add4f43a9849b65b2389200dd','person'),(39,'e28427f71bff448a969943975c3b34d6','2020-02-11 19:44:48','2020-02-11 19:44:48','David Vilaca',NULL,1,'4d83e225-e33d-492c-ba6d-a32f9b0840be','https://tfs.es.gov.br/tfs/DefaultCollection/_apis/Identities/4d83e225-e33d-492c-ba6d-a32f9b0840be','individual','1d51335b144f4f8abb3ceeb6ddb3665f','person'),(40,'5759f29bd3d14611b991eb6e0b47ac20','2020-02-11 19:44:48','2020-02-11 19:44:48','Moises Savedra Omena',NULL,1,'62272333-ee5d-49b3-b5b7-039e358de887','https://tfs.es.gov.br/tfs/DefaultCollection/_apis/Identities/62272333-ee5d-49b3-b5b7-039e358de887','individual','80a3eb8715bd4fd5b60cf85f86f33d36','person'),(41,'b294ae7d08684cb7beb6ead881886dac','2020-02-11 19:44:48','2020-02-11 19:44:48','GAT - Marcelo Antolini Junior',NULL,1,'e0241af6-ce62-43fc-a65b-d6bd906f7584','https://tfs.es.gov.br/tfs/DefaultCollection/_apis/Identities/e0241af6-ce62-43fc-a65b-d6bd906f7584','individual','63fa87297a634495b0b4bc73c9860857','person'),(42,'a163da70f16f42f4a212e95aedc80a86','2020-02-11 19:44:49','2020-02-11 19:44:49','Magno Macedo De Oliveira',NULL,1,'ceb9f014-0bae-4a9a-8810-57f2e505c07e','https://tfs.es.gov.br/tfs/DefaultCollection/_apis/Identities/ceb9f014-0bae-4a9a-8810-57f2e505c07e','individual','0511133007b84598acdbf51b1b7a1d08','person'),(43,'503c4b0425784a5196cbf028b136b9c1','2020-02-11 19:44:49','2020-02-11 19:44:49','Mateus Garcia',NULL,1,'6a296278-f9fd-41df-be82-4191f86f0f90','https://tfs.es.gov.br/tfs/DefaultCollection/_apis/Identities/6a296278-f9fd-41df-be82-4191f86f0f90','individual','bcff547b1b6045c591d3f145062c316f','person'),(44,'2892a1a8d5504ae5ac38858aaac298a2','2020-02-11 19:44:49','2020-02-11 19:44:49','Gary Moura Da Silva',NULL,1,'6446127f-a7da-4ed9-80f5-2cb3936685de','https://tfs.es.gov.br/tfs/DefaultCollection/_apis/Identities/6446127f-a7da-4ed9-80f5-2cb3936685de','individual','2e55c7207ced4d8085eace9030ce0199','person'),(45,'822e8ebffc994cc8b98657e8402066fe','2020-02-11 19:44:49','2020-02-11 19:44:49','Caio Barbosa',NULL,1,'b8404d9e-3e65-442f-9245-6426c21b0a71','https://tfs.es.gov.br/tfs/DefaultCollection/_apis/Identities/b8404d9e-3e65-442f-9245-6426c21b0a71','individual','da9cf9fd18274dab839016f5828e647c','person'),(46,'cc5a9dac5e814070b53af841ff1d3ab7','2020-02-11 19:44:49','2020-02-11 19:44:49','marcos.torres',NULL,1,'c8630ec4-3ca0-4267-9e52-a5cb9c4224b7','https://tfs.es.gov.br/tfs/DefaultCollection/_apis/Identities/c8630ec4-3ca0-4267-9e52-a5cb9c4224b7','individual','8163d9bcbb93425893f74c7e83d5a19a','person'),(47,'cbc9326160be4062ade5b591a80242b4','2020-02-11 19:44:50','2020-02-11 19:44:50','Tarcisio Bruni Rangel',NULL,1,'acd68dd4-8796-49f0-861a-98d23299773a','https://tfs.es.gov.br/tfs/DefaultCollection/_apis/Identities/acd68dd4-8796-49f0-861a-98d23299773a','individual','a3c2966dbb03445a9f92a6475808e765','person'),(48,'27f1285e6379493d995b32e3eded60f3','2020-02-11 19:44:50','2020-02-11 19:44:50','Matheus Kleber Rodrigues Barbosa',NULL,1,'6f133095-233b-492e-8264-a9b5eea1bff6','https://tfs.es.gov.br/tfs/DefaultCollection/_apis/Identities/6f133095-233b-492e-8264-a9b5eea1bff6','individual','cfeb4c3dfe1e42be917e309fc94e1184','person'),(49,'745f7e001f1e4881833b798836ad53a9','2020-02-11 19:44:50','2020-02-11 19:44:50','paulo.junior',NULL,1,'d078e244-396b-4b19-b535-675f55bc6c5e','https://tfs.es.gov.br/tfs/DefaultCollection/_apis/Identities/d078e244-396b-4b19-b535-675f55bc6c5e','individual','b61960248fa54383bc895dc825fa25d4','person'),(50,'a36800a58c4c46ec8a46d3f2337304df','2020-02-11 19:44:51','2020-02-11 19:44:51','Paulo Sérgio dos Santos',NULL,1,'e0ad83ea-443e-4867-902b-b2b0f7f83806','https://tfs.es.gov.br/tfs/DefaultCollection/_apis/Identities/e0ad83ea-443e-4867-902b-b2b0f7f83806','individual','03895151011e4969af24cc664d11476c','person'),(51,'07aa526985494cad80ea9070ca51b20d','2020-02-11 19:44:51','2020-02-11 19:44:51','Ivonildo Bispo dos Santos',NULL,1,'d08cbf28-f3e4-4ac6-9f67-929f1f48b854','https://tfs.es.gov.br/tfs/DefaultCollection/_apis/Identities/d08cbf28-f3e4-4ac6-9f67-929f1f48b854','individual','c706e35faa584574b8a871fefd5d3004','person'),(52,'9bd4f0e2dee145898ada458720d2fa17','2020-02-11 19:44:52','2020-02-11 19:44:52','Helen França Medeiros',NULL,1,'1e649d1a-adcb-4a1a-942d-e05e2aa854b1','https://tfs.es.gov.br/tfs/DefaultCollection/_apis/Identities/1e649d1a-adcb-4a1a-942d-e05e2aa854b1','individual','9e1e9b088cd2455783dcce422c210d95','person'),(53,'dc1b30153d7c4233bf78313394b61205','2020-02-11 19:44:52','2020-02-11 19:44:52','Lucas Gomes Flegler',NULL,1,'c31feab8-cb3b-4137-8db9-6b5d95bf144a','https://tfs.es.gov.br/tfs/DefaultCollection/_apis/Identities/c31feab8-cb3b-4137-8db9-6b5d95bf144a','individual','5c23372fe6544e2d871ca30e99499ee0','person'),(54,'344e5e836ee84d67936d1cdaf4a17fd1','2020-02-11 19:44:52','2020-02-11 19:44:52','Matheus Bastos Teixeira',NULL,1,'e8ae0585-8f1b-4229-abfc-8bc2df242737','https://tfs.es.gov.br/tfs/DefaultCollection/_apis/Identities/e8ae0585-8f1b-4229-abfc-8bc2df242737','individual','58f016d4a67248569920fe611a1b7d21','person'),(55,'2949b39e924f4f2e802694a0a3782260','2020-02-11 19:44:54','2020-02-11 19:44:54','Sprint 14','Sprint 14',1,'3958180e-b3b4-4236-9494-de05ec769a1d',NULL,'interaction','70fd9ad64722406f96b72a9189ee650d','sprint'),(56,'b8b4f43104514c53a2fbf3645cc5853f','2020-02-11 19:44:54','2020-02-11 19:44:54','Sprint 15','Sprint 15',1,'251d608e-5bb6-45e3-ae64-279df74dad91',NULL,'interaction','b397eca4482b444f88528279988d2e86','sprint'),(57,'36ecfce8ac0b40bfbebbe25804d3ee70','2020-02-11 19:44:54','2020-02-11 19:44:54','Sprint 16','Sprint 16',1,'4fbf42aa-c1d5-469f-92cf-88878d183b64',NULL,'interaction','bd6ccbc14e1d4bb5907c91da9fa230f7','sprint'),(58,'cf044e41bbdf4346b058c055af86f90c','2020-02-11 19:44:54','2020-02-11 19:44:54','Sprint 17','Sprint 17',1,'dc48d51f-e470-489e-b4dd-02ca10fc2826',NULL,'interaction','8b00707bcbe0438e9e77ed645d41a9aa','sprint'),(59,'f72b90dd352349a8affdf5faeedcebd8','2020-02-11 19:44:54','2020-02-11 19:44:54','Sprint 18','Sprint 18',1,'c909f174-ffd3-4aae-9ae1-8d1a68f7ec86',NULL,'interaction','4070680f77d44da293b252ab3003967f','sprint'),(60,'07f11c47d5624782a1afd2f79606db67','2020-02-11 19:44:54','2020-02-11 19:44:54','Sprint 19','Sprint 19',1,'c15684c1-bf0c-4d4d-978e-09dc2855cbe0',NULL,'interaction','add2672a20b64884b65f92cd0988bbf0','sprint'),(61,'467aa35de3714f87aeb8634ec2af678f','2020-02-11 19:44:54','2020-02-11 19:44:54','Sprint 20','Sprint 20',1,'e9972228-a11a-4884-9778-4b25a0e67d4e',NULL,'interaction','3925b6cf2e2c4b3486d090d2eca73532','sprint'),(62,'fee7e808b6484ca8ae4dfac2fa7ce94b','2020-02-11 19:44:54','2020-02-11 19:44:54','Sprint 21','Sprint 21',1,'c8dc871d-5ed6-42ed-97b0-e7c54f61c17d',NULL,'interaction','ade8acc4dd664cf88c7f2e4c5e846a33','sprint'),(63,'4d08a72b20654eabb2f754877e4772b4','2020-02-11 19:44:55','2020-02-11 19:44:55','Sprint 22','Sprint 22',1,'43ada1cc-7b0f-4818-ba7d-1828ebf1d543',NULL,'interaction','1fca7aa94e7a4766b17c6ecdc015c452','sprint'),(64,'6ad89f290bcc4d1d960d4f4642b59e1a','2020-02-11 19:44:55','2020-02-11 19:44:55','Sprint 23','Sprint 23',1,'e72e29bc-1f10-4f96-9d4b-075a4d57d564',NULL,'interaction','710cf7465cd347c1823c172b00bd1931','sprint'),(65,'c5a414ab59794f58ba98a3b496daff3d','2020-02-11 19:44:55','2020-02-11 19:44:55','Sprint 24','Sprint 24',1,'3fa13c02-9fac-451f-b5b8-2598e9e058ef',NULL,'interaction','9c744dc2a4724a7a9ab21fc9d2ac98fc','sprint'),(66,'120770fd38fb4d4f8160f7b6eed30a10','2020-02-11 19:44:55','2020-02-11 19:44:55','Sprint 25','Sprint 25',1,'44e5425e-98d3-41fc-a3d3-f9019bc63360',NULL,'interaction','cc0682b71158437998643fbe80537655','sprint'),(67,'09c558384c2243fc83db2d52f4fe9387','2020-02-11 19:44:55','2020-02-11 19:44:55','Sprint 26','Sprint 26',1,'a98d337f-18b2-47df-826d-1276f82edaae',NULL,'interaction','729c54c79ccc422d9a472274f2aeb9f7','sprint'),(68,'29d715432aa842f69805893d8c74aa23','2020-02-11 19:44:55','2020-02-11 19:44:55','Sprint 27','Sprint 27',1,'8c22775e-ffcd-4f4e-8f96-3e0afb35549d',NULL,'interaction','df33f63b9c2e4b87a4632655e16feda9','sprint'),(69,'64f682ef77dc42ca9cf6a26f8d3596b7','2020-02-11 19:44:55','2020-02-11 19:44:55','Sprint 28','Sprint 28',1,'cedf172c-b870-4c92-860a-3145d12ba5bc',NULL,'interaction','bb5d61ac94f54745880bea54396f1424','sprint'),(70,'3c3458b9d35f49eb8bdb9c781bda1b3f','2020-02-11 19:44:55','2020-02-11 19:44:55','Sprint 29','Sprint 29',1,'d37db73f-4c51-4649-a2fc-0a8445cc0e25',NULL,'interaction','081835867ac94fd5b372edb4edbcb55c','sprint'),(71,'e9a005b0082047ffa618262800d5910e','2020-02-11 19:44:55','2020-02-11 19:44:55','Sprint 30','Sprint 30',1,'f8eb7815-44c2-4bbb-a2d8-ba3470191c47',NULL,'interaction','5b54860d71fd41f1806a1f84ac9bd48d','sprint'),(72,'bb7bf4ccc9764435bc719b5bf074be83','2020-02-11 19:44:55','2020-02-11 19:44:55','Sprint 31','Sprint 31',1,'7e6ce8a9-b495-4661-be36-d98f68eedb04',NULL,'interaction','c24830d13a9d44aeb11651f1e6e5b7ff','sprint'),(73,'1baca783df08498abd49ef4b67f07265','2020-02-11 19:44:55','2020-02-11 19:44:55','Sprint 32','Sprint 32',1,'8d5a1812-2f36-4953-8749-9bc1c66bd2ca',NULL,'interaction','420236b09b9341668d8af08d8d103f28','sprint'),(74,'e5c0df137de342d690c45c6b8b47de93','2020-02-11 19:44:55','2020-02-11 19:44:55','Sprint 33','Sprint 33',1,'c016cf38-55e4-4a5b-9bc2-cad3f14df74a',NULL,'interaction','9e2d4ea2bc5d43e49bd6bfef44810928','sprint'),(75,'5aa7c5a8fd994713bdb7f8635af0cfed','2020-02-11 19:44:55','2020-02-11 19:44:55','Sprint 34','Sprint 34',1,'fd77d342-f311-4dfc-9373-e289dd1ae2f9',NULL,'interaction','ee682d65b92b4800ac4d1007ff88a473','sprint'),(76,'8257ff0387bd4a3c86a5c3946fd533eb','2020-02-11 19:44:55','2020-02-11 19:44:55','Sprint 35','Sprint 35',1,'011301ef-00c7-4afe-b57a-b498a4f8da0b',NULL,'interaction','6b8388341e7f49098f45118080903b31','sprint'),(77,'fa4c24e8b95a4fb289ddb3a638386921','2020-02-11 19:44:56','2020-02-11 19:44:56','Sprint 36','Sprint 36',1,'9ad8cf1f-95ea-45cd-b499-eb162dddb85c',NULL,'interaction','cf74258f488a417f89ad4eeea6ba5b48','sprint'),(78,'aa1cb1e243ba4939bf411f16df156beb','2020-02-11 19:44:56','2020-02-11 19:44:56','Sprint 37','Sprint 37',1,'ecd33815-6a2a-4851-944c-39843a44f258',NULL,'interaction','8987518c25bd43b6ad834d64e2c9862b','sprint'),(79,'e275409234004cd18b2e883d17c00eca','2020-02-11 19:44:56','2020-02-11 19:44:56','Sprint 38','Sprint 38',1,'589159ea-4baf-4626-936b-5a833b8db0ec',NULL,'interaction','b6d8af1f36324e619e249d7401f8e550','sprint'),(80,'6c1ad16b226f4f99ada8def379e0fd72','2020-02-11 19:44:56','2020-02-11 19:44:56','Sprint 39','Sprint 39',1,'13f24161-a614-41a3-85ad-2f7613b30ed9',NULL,'interaction','aa0272324bac4bf187c7165d9040e8b7','sprint'),(81,'845f9ce0bcc243edb86b675fdbd33207','2020-02-11 19:44:56','2020-02-11 19:44:56','Sprint 40','Sprint 40',1,'8fea0332-c089-4763-a753-ce129cd43a3c',NULL,'interaction','ecfcf980ad7d4e01978cd81724503385','sprint'),(82,'ffb9a067087d4293b4a9352573a1684f','2020-02-11 19:44:56','2020-02-11 19:44:56','Sprint 41','Sprint 41',1,'4b0cb131-6133-494e-8e1d-eb4583cd58a6',NULL,'interaction','7060779625de42cf9ca9062adef6d3bf','sprint'),(83,'c856a3e06bcc4557bd3a77cac6c4e44e','2020-02-11 19:44:56','2020-02-11 19:44:56','Sprint 42','Sprint 42',1,'8fe8b7c8-7bf4-49c5-9e22-ac8121250b93',NULL,'interaction','251dbc2581884b8fa569f52f89b7400b','sprint'),(84,'a4c497d8fb38449682a80ef4a3e701cd','2020-02-11 19:44:56','2020-02-11 19:44:56','Sprint 43','Sprint 43',1,'53109752-cf2d-4c99-acbc-a2eaa8c342ab',NULL,'interaction','d41666707dc54859b7ded5ca35787d3b','sprint'),(85,'037b4bab401548e1b559549ec10ae8f4','2020-02-11 19:44:56','2020-02-11 19:44:56','Sprint 14','Sprint 14',1,'3958180e-b3b4-4236-9494-de05ec769a1d',NULL,'interaction','cffa977c971843fbaa0a59ad48695b13','sprint'),(86,'5cdb0f71efa14d069e21a65b547511aa','2020-02-11 19:44:56','2020-02-11 19:44:56','Sprint 15','Sprint 15',1,'251d608e-5bb6-45e3-ae64-279df74dad91',NULL,'interaction','9093598b79e04d57acc2b1bbcad8595a','sprint'),(87,'ab7a061994d8485c94011300212f39de','2020-02-11 19:44:56','2020-02-11 19:44:56','Sprint 16','Sprint 16',1,'4fbf42aa-c1d5-469f-92cf-88878d183b64',NULL,'interaction','baef15406aef45eca3eafdd241f7b61f','sprint'),(88,'739365123d78473db5118f46d85706c6','2020-02-11 19:44:56','2020-02-11 19:44:56','Sprint 17','Sprint 17',1,'dc48d51f-e470-489e-b4dd-02ca10fc2826',NULL,'interaction','6040bd9056bc472fb6350e48b11aa03e','sprint'),(89,'ecb56c0eda8a4ecea41c335491772fe0','2020-02-11 19:44:57','2020-02-11 19:44:57','Sprint 18','Sprint 18',1,'c909f174-ffd3-4aae-9ae1-8d1a68f7ec86',NULL,'interaction','8b2c305e478c46b38ef3b776803dfbd4','sprint'),(90,'68d83c0ee5874f2883dc2b82898c9542','2020-02-11 19:44:57','2020-02-11 19:44:57','Sprint 19','Sprint 19',1,'c15684c1-bf0c-4d4d-978e-09dc2855cbe0',NULL,'interaction','55fa8de75e92434fb87b2a6c0f4246bb','sprint'),(91,'91e1848a77cf43d1a64a838fcccee4ca','2020-02-11 19:44:57','2020-02-11 19:44:57','Sprint 20','Sprint 20',1,'e9972228-a11a-4884-9778-4b25a0e67d4e',NULL,'interaction','d368528d42bf44bdb523202213a268c8','sprint'),(92,'a0221dec691b4cecaad219173a1f800a','2020-02-11 19:44:57','2020-02-11 19:44:57','Sprint 21','Sprint 21',1,'c8dc871d-5ed6-42ed-97b0-e7c54f61c17d',NULL,'interaction','5b4e436cbdd448de8eaf8bcc4b131a29','sprint'),(93,'d309981c6051469ebd2a0d78f08ed8cc','2020-02-11 19:44:57','2020-02-11 19:44:57','Sprint 22','Sprint 22',1,'43ada1cc-7b0f-4818-ba7d-1828ebf1d543',NULL,'interaction','d18e228d30dc49189d5f8aafed18dd87','sprint'),(94,'4761fa67f2c44aa79cf663e0dc467e21','2020-02-11 19:44:57','2020-02-11 19:44:57','Sprint 23','Sprint 23',1,'e72e29bc-1f10-4f96-9d4b-075a4d57d564',NULL,'interaction','9c5c99bf950f4bc795f66430120ac6cb','sprint'),(95,'a2164a98cc7549a183ea4c6d80f6d452','2020-02-11 19:44:57','2020-02-11 19:44:57','Sprint 24','Sprint 24',1,'3fa13c02-9fac-451f-b5b8-2598e9e058ef',NULL,'interaction','aea00885a7c948e7a03940111e1eccd7','sprint'),(96,'d9a3ee600d194d38883871c24bfcf338','2020-02-11 19:44:57','2020-02-11 19:44:57','Sprint 25','Sprint 25',1,'44e5425e-98d3-41fc-a3d3-f9019bc63360',NULL,'interaction','5be6bcbdd98348a7a5835e52c029df47','sprint'),(97,'b384ffc9613b4234a982219bbd9e8186','2020-02-11 19:44:57','2020-02-11 19:44:57','Sprint 26','Sprint 26',1,'a98d337f-18b2-47df-826d-1276f82edaae',NULL,'interaction','523c90ab6202412ea67cbdab305e693f','sprint'),(98,'bede9398888240e7860ae9fae28c80c4','2020-02-11 19:44:57','2020-02-11 19:44:57','Sprint 27','Sprint 27',1,'8c22775e-ffcd-4f4e-8f96-3e0afb35549d',NULL,'interaction','6ddadfb8f38f4f09838d8c275b5430e3','sprint'),(99,'1da5335940374fa7a0189ca0b26206f4','2020-02-11 19:44:57','2020-02-11 19:44:57','Sprint 28','Sprint 28',1,'cedf172c-b870-4c92-860a-3145d12ba5bc',NULL,'interaction','eedab2501d7b4d399d73d10559e94a7a','sprint'),(100,'d36e6791cc3045cb885a0b6bb70dd015','2020-02-11 19:44:57','2020-02-11 19:44:57','Sprint 29','Sprint 29',1,'d37db73f-4c51-4649-a2fc-0a8445cc0e25',NULL,'interaction','1602a173d01c4eb7b46b59d43e225f84','sprint'),(101,'1d879b324e0f4231bee9b6da82ade99b','2020-02-11 19:44:57','2020-02-11 19:44:57','Sprint 30','Sprint 30',1,'f8eb7815-44c2-4bbb-a2d8-ba3470191c47',NULL,'interaction','d62b1aded3ba401a9716ac2f7d354b55','sprint'),(102,'cd38c5b9382d4f0faf79769fb98af6d1','2020-02-11 19:44:57','2020-02-11 19:44:57','Sprint 31','Sprint 31',1,'7e6ce8a9-b495-4661-be36-d98f68eedb04',NULL,'interaction','1cff9ffdd60049c0b70468127e9bebf2','sprint'),(103,'80f4fe5e133b481598290a9a2195a85c','2020-02-11 19:44:57','2020-02-11 19:44:57','Sprint 32','Sprint 32',1,'8d5a1812-2f36-4953-8749-9bc1c66bd2ca',NULL,'interaction','25b0eb6c4e5e4b42bd41d0858f0ba9f4','sprint'),(104,'6701bddc86294b6db0f0c109a446d168','2020-02-11 19:44:58','2020-02-11 19:44:58','Sprint 33','Sprint 33',1,'c016cf38-55e4-4a5b-9bc2-cad3f14df74a',NULL,'interaction','e882a5560e2e4f57bb4fd505bc7a042a','sprint'),(105,'571b61c643374efbbadfab76c3f567cc','2020-02-11 19:44:58','2020-02-11 19:44:58','Sprint 34','Sprint 34',1,'fd77d342-f311-4dfc-9373-e289dd1ae2f9',NULL,'interaction','756f6f012ace498f8cdfca4fad82bd66','sprint'),(106,'cbde0649d8c44dc08f47725e18283ab8','2020-02-11 19:44:58','2020-02-11 19:44:58','Sprint 35','Sprint 35',1,'011301ef-00c7-4afe-b57a-b498a4f8da0b',NULL,'interaction','9009adbaf32d482e9fe95b6dbe4f4d0b','sprint'),(107,'2cd8d359e1554f8584c9101638f6d045','2020-02-11 19:44:58','2020-02-11 19:44:58','Sprint 36','Sprint 36',1,'9ad8cf1f-95ea-45cd-b499-eb162dddb85c',NULL,'interaction','1677374b6acf463ebca494918ddf2629','sprint'),(108,'7dfe9a24e652432aab443af729f772b4','2020-02-11 19:44:58','2020-02-11 19:44:58','Sprint 37','Sprint 37',1,'ecd33815-6a2a-4851-944c-39843a44f258',NULL,'interaction','ad322de1bb0146cc9aa6056a315b2057','sprint'),(109,'1c886d054fa04652b294aa5feb208420','2020-02-11 19:44:58','2020-02-11 19:44:58','Sprint 38','Sprint 38',1,'589159ea-4baf-4626-936b-5a833b8db0ec',NULL,'interaction','3af219e2a3494084b08611ee930f4d58','sprint'),(110,'577fd1ecc95d4ad188db9ff723201db8','2020-02-11 19:44:58','2020-02-11 19:44:58','Sprint 39','Sprint 39',1,'13f24161-a614-41a3-85ad-2f7613b30ed9',NULL,'interaction','0e89697936284a53ad8b4e07f0cbee14','sprint'),(111,'fc4d829018ab4dc48fb8e7aac16481a2','2020-02-11 19:44:58','2020-02-11 19:44:58','Sprint 40','Sprint 40',1,'8fea0332-c089-4763-a753-ce129cd43a3c',NULL,'interaction','ede7d65b964945b7b522dcc76d9ee135','sprint'),(112,'ca56550b4f3b4c6794a2a99e19575994','2020-02-11 19:44:58','2020-02-11 19:44:58','Sprint 41','Sprint 41',1,'4b0cb131-6133-494e-8e1d-eb4583cd58a6',NULL,'interaction','2e263f801db94ce598a7cb6fa92b7fef','sprint'),(113,'d225bcd5b0ef4dbb94752dbdd7be8e3d','2020-02-11 19:44:58','2020-02-11 19:44:58','Sprint 42','Sprint 42',1,'8fe8b7c8-7bf4-49c5-9e22-ac8121250b93',NULL,'interaction','5321d271a9944f1c855b830dd787e82a','sprint'),(114,'a10b8089d5aa43d2af14cde95099395f','2020-02-11 19:44:58','2020-02-11 19:44:58','Sprint 43','Sprint 43',1,'53109752-cf2d-4c99-acbc-a2eaa8c342ab',NULL,'interaction','9202a9605f4049e98d6417f9a025cefa','sprint'),(115,'2d3048f462c74d4bbb347ba611a51b05','2020-02-11 19:44:58','2020-02-11 19:44:58','Sprint 44','Sprint 44',1,'3c7c0e3d-a028-419b-b979-2b0a5e5d4498',NULL,'interaction','fbe0e501c81a46e194201b91ed78d8f0','sprint'),(116,'922775db949342dfbcaf0683c30b4a3a','2020-02-11 19:44:58','2020-02-11 19:44:58','Sprint 14','Sprint 14',1,'3958180e-b3b4-4236-9494-de05ec769a1d',NULL,'interaction','b4e0a220808b457cbd8f95d42fb44bbf','sprint'),(117,'306238caeced410f88e31425ea9ec430','2020-02-11 19:44:58','2020-02-11 19:44:58','Sprint 15','Sprint 15',1,'251d608e-5bb6-45e3-ae64-279df74dad91',NULL,'interaction','aa1f2e68dcbb4bd28ad1b0852ce63d77','sprint'),(118,'9c8d109db69f4168a995b223721c1ca3','2020-02-11 19:44:58','2020-02-11 19:44:58','Sprint 16','Sprint 16',1,'4fbf42aa-c1d5-469f-92cf-88878d183b64',NULL,'interaction','a19ff1e62e1b4ef2ab9acf5741a90c3b','sprint'),(119,'15236555da5047adb7ea6c23c58119e6','2020-02-11 19:44:58','2020-02-11 19:44:58','Sprint 17','Sprint 17',1,'dc48d51f-e470-489e-b4dd-02ca10fc2826',NULL,'interaction','eb91429ffd424918af160212a78f015b','sprint'),(120,'0d625fc39d9647d997b259e2fe673f21','2020-02-11 19:44:59','2020-02-11 19:44:59','Sprint 18','Sprint 18',1,'c909f174-ffd3-4aae-9ae1-8d1a68f7ec86',NULL,'interaction','ee62a81ca50a4b60afa3058d8727ec8c','sprint'),(121,'4f01eff3c9184d20abbb64f011a63c16','2020-02-11 19:44:59','2020-02-11 19:44:59','Sprint 29','Sprint 29',1,'d37db73f-4c51-4649-a2fc-0a8445cc0e25',NULL,'interaction','dc1707f19c0546ceb603f16e91065132','sprint'),(122,'9074fe6e5aed420eb932fc8d60ea8a7f','2020-02-11 19:44:59','2020-02-11 19:44:59','Sprint 30','Sprint 30',1,'f8eb7815-44c2-4bbb-a2d8-ba3470191c47',NULL,'interaction','137c03b0d8bf414cb969d55e073956f6','sprint'),(123,'52a9f3e0c1224797b7f4032bc58d20f5','2020-02-11 19:44:59','2020-02-11 19:44:59','Sprint 31','Sprint 31',1,'7e6ce8a9-b495-4661-be36-d98f68eedb04',NULL,'interaction','9f4f6076a2ef41dda45f53d3fd00df9e','sprint'),(124,'b35f605eba23456599440b10776f3a48','2020-02-11 19:44:59','2020-02-11 19:44:59','Sprint 32','Sprint 32',1,'8d5a1812-2f36-4953-8749-9bc1c66bd2ca',NULL,'interaction','27b4c98848414a5ca0b0465e3c169d66','sprint'),(125,'717377083cee4bc9afe8b2c434614497','2020-02-11 19:44:59','2020-02-11 19:44:59','Sprint 33','Sprint 33',1,'c016cf38-55e4-4a5b-9bc2-cad3f14df74a',NULL,'interaction','0a2804c17d2e4ab2ad59a0ed4a3c22a7','sprint'),(126,'a439fc5514f045f8bea01fb76b82aab1','2020-02-11 19:44:59','2020-02-11 19:44:59','Sprint 34','Sprint 34',1,'fd77d342-f311-4dfc-9373-e289dd1ae2f9',NULL,'interaction','c57f51df5ddd48c7b826116bd776049a','sprint'),(127,'1900ca73d9c5410ca602d21392c51005','2020-02-11 19:44:59','2020-02-11 19:44:59','Sprint 35','Sprint 35',1,'011301ef-00c7-4afe-b57a-b498a4f8da0b',NULL,'interaction','da020a5903d548a9972feee2607f0298','sprint'),(128,'9e6ce8a14b144795b6a8efeb98bdef29','2020-02-11 19:44:59','2020-02-11 19:44:59','Sprint 28','Sprint 28',1,'cedf172c-b870-4c92-860a-3145d12ba5bc',NULL,'interaction','9423ae41f0b64200b7add96c06b569bb','sprint'),(129,'7a8be01855314ae997f0f4e7b4c5cbcf','2020-02-11 19:45:00','2020-02-11 19:45:00','Sprint 29','Sprint 29',1,'d37db73f-4c51-4649-a2fc-0a8445cc0e25',NULL,'interaction','c4a4553c1c5c462dbcf502a5e7fff28f','sprint'),(130,'f13797ff39cb4308971bcba067b2eb8e','2020-02-11 19:45:00','2020-02-11 19:45:00','Sprint 30','Sprint 30',1,'f8eb7815-44c2-4bbb-a2d8-ba3470191c47',NULL,'interaction','a8332240d89f4247beb7312d51a798b2','sprint'),(131,'03fc842b48ab465eaa81d3216ba823d9','2020-02-11 19:45:00','2020-02-11 19:45:00','Sprint 31','Sprint 31',1,'7e6ce8a9-b495-4661-be36-d98f68eedb04',NULL,'interaction','f7d1d1fecb5346d49e9ec8e7dd16d53c','sprint'),(132,'6caca4b2adf64a12a1e09b4a08f9d2d7','2020-02-11 19:45:00','2020-02-11 19:45:00','Sprint 32','Sprint 32',1,'8d5a1812-2f36-4953-8749-9bc1c66bd2ca',NULL,'interaction','40a4d9ec652d406e9d2205492e053b76','sprint'),(133,'658c1fb03eb64fee9e4d935282b24faf','2020-02-11 19:45:00','2020-02-11 19:45:00','Sprint 33','Sprint 33',1,'c016cf38-55e4-4a5b-9bc2-cad3f14df74a',NULL,'interaction','b15046bca6d64a9c831b48d0d2a6ad73','sprint'),(134,'07aedf6f8a494cce8dda1de92ada9a9b','2020-02-11 19:45:00','2020-02-11 19:45:00','Sprint 34','Sprint 34',1,'fd77d342-f311-4dfc-9373-e289dd1ae2f9',NULL,'interaction','b3b49d8c838944a2a8d9d0319a299f1c','sprint'),(135,'8b0f3e9413fa48d1878906d382133c1f','2020-02-11 19:45:00','2020-02-11 19:45:00','Sprint 35','Sprint 35',1,'011301ef-00c7-4afe-b57a-b498a4f8da0b',NULL,'interaction','cb8c316adc2b4a8b9c5af47d4c6fc5df','sprint'),(136,'29ce666b2476441689d6a43c56c5a6d8','2020-02-11 19:45:00','2020-02-11 19:45:00','Sprint 36','Sprint 36',1,'9ad8cf1f-95ea-45cd-b499-eb162dddb85c',NULL,'interaction','9edc9f2faf914bda964ef48f052ab4c6','sprint'),(137,'74fe93cf28274143912e6ebc87a3fd57','2020-02-11 19:45:00','2020-02-11 19:45:00','Sprint 37','Sprint 37',1,'ecd33815-6a2a-4851-944c-39843a44f258',NULL,'interaction','2e9f5ee71d604834a15587dc6bf329ac','sprint'),(138,'c1115730804842b3bd5fa22e30e264a1','2020-02-11 19:45:00','2020-02-11 19:45:00','Sprint 38','Sprint 38',1,'589159ea-4baf-4626-936b-5a833b8db0ec',NULL,'interaction','f802c0d574544b08a90e563cd86e95ba','sprint'),(139,'3b7ebf08459a410bace91639a412a597','2020-02-11 19:45:00','2020-02-11 19:45:00','Sprint 39','Sprint 39',1,'13f24161-a614-41a3-85ad-2f7613b30ed9',NULL,'interaction','b4925bbd10774450b60e1ed9d32ffc69','sprint'),(140,'1b31ab6421644b84976f114435a8e491','2020-02-11 19:45:00','2020-02-11 19:45:00','Sprint 40','Sprint 40',1,'8fea0332-c089-4763-a753-ce129cd43a3c',NULL,'interaction','db75b226d5d049358be3cfdad0cf2b28','sprint'),(141,'c92e745d3bf94671a3aae11df81a91c6','2020-02-11 19:45:00','2020-02-11 19:45:00','Sprint 41','Sprint 41',1,'4b0cb131-6133-494e-8e1d-eb4583cd58a6',NULL,'interaction','f71b4ad1e2d94f27bf2b92df6ff326d3','sprint'),(142,'ffb13ba1cdd948bf997e5acb3328cbc0','2020-02-11 19:45:00','2020-02-11 19:45:00','Sprint 42','Sprint 42',1,'8fe8b7c8-7bf4-49c5-9e22-ac8121250b93',NULL,'interaction','7141e87fd2bd4a25baa57d2fb57523ca','sprint'),(143,'c50991b6a6db41da9f5ca65d765cb800','2020-02-11 19:45:01','2020-02-11 19:45:01','Sprint 14','Sprint 14',1,'3958180e-b3b4-4236-9494-de05ec769a1d',NULL,'interaction','68da97f5f9f64d3fb87ac543ada771cd','sprint'),(144,'d0a555e9d41f401791333ea8a8dbb1f0','2020-02-11 19:45:01','2020-02-11 19:45:01','Sprint 15','Sprint 15',1,'251d608e-5bb6-45e3-ae64-279df74dad91',NULL,'interaction','8562e15fdcb24b05ae8304cbb763a8cd','sprint'),(145,'85664fe828db41ac94125bf54f3b8dc0','2020-02-11 19:45:01','2020-02-11 19:45:01','Sprint 16','Sprint 16',1,'4fbf42aa-c1d5-469f-92cf-88878d183b64',NULL,'interaction','0b56f83e4a984b94ae7a7732eb611593','sprint'),(146,'c749090d6042485690b2d4f2f807bb76','2020-02-11 19:45:01','2020-02-11 19:45:01','Sprint 17','Sprint 17',1,'dc48d51f-e470-489e-b4dd-02ca10fc2826',NULL,'interaction','345ea8e1d5b446e09545cbb6f299a694','sprint'),(147,'ae01e9dfe4e04a90bdd20fe1c7220aeb','2020-02-11 19:45:01','2020-02-11 19:45:01','Sprint 18','Sprint 18',1,'c909f174-ffd3-4aae-9ae1-8d1a68f7ec86',NULL,'interaction','2e31eacc556744f9bf4e4bea141d97cd','sprint'),(148,'1a23bd2cf8144647b37952dd8ac814e6','2020-02-11 19:45:01','2020-02-11 19:45:01','Sprint 19','Sprint 19',1,'c15684c1-bf0c-4d4d-978e-09dc2855cbe0',NULL,'interaction','9e888d1c7070492f98795d492d7c9c37','sprint'),(149,'df32e5bd4fcd40428f6bf69a0eff6354','2020-02-11 19:45:01','2020-02-11 19:45:01','Sprint 20','Sprint 20',1,'e9972228-a11a-4884-9778-4b25a0e67d4e',NULL,'interaction','9c083b894fdc4611a076e56845f4b061','sprint'),(150,'cb3576aa30d8417a8da504dfbfdae2cb','2020-02-11 19:45:01','2020-02-11 19:45:01','Sprint 21','Sprint 21',1,'c8dc871d-5ed6-42ed-97b0-e7c54f61c17d',NULL,'interaction','35382041a23a4f679a27f721679abc9c','sprint'),(151,'df7e90cd6a5c416b91e8434bdc949c31','2020-02-11 19:45:01','2020-02-11 19:45:01','Sprint 22','Sprint 22',1,'43ada1cc-7b0f-4818-ba7d-1828ebf1d543',NULL,'interaction','9bc8a3d9f3ef48ce9204248ded869c69','sprint'),(152,'03f5bfc73b1b46cd907294c1e331508a','2020-02-11 19:45:01','2020-02-11 19:45:01','Sprint 23','Sprint 23',1,'e72e29bc-1f10-4f96-9d4b-075a4d57d564',NULL,'interaction','a02022c3a62a40519039d7373bbe0b91','sprint'),(153,'94232533492349da919c8f8990032579','2020-02-11 19:45:01','2020-02-11 19:45:01','Sprint 24','Sprint 24',1,'3fa13c02-9fac-451f-b5b8-2598e9e058ef',NULL,'interaction','19bb74a386e744e9befe4eddeef60ae4','sprint'),(154,'707b238f87a448b1ba89d0beea65ecad','2020-02-11 19:45:01','2020-02-11 19:45:01','Sprint 25','Sprint 25',1,'44e5425e-98d3-41fc-a3d3-f9019bc63360',NULL,'interaction','0a714c8f0b4549ccb7cbbd9cdaf642b3','sprint'),(155,'fb592a78a5b84c93b75ed804ec22f4c7','2020-02-11 19:45:01','2020-02-11 19:45:01','Sprint 26','Sprint 26',1,'a98d337f-18b2-47df-826d-1276f82edaae',NULL,'interaction','bfdc7ffa6bd240f4a18d54b0c813e3da','sprint'),(156,'9b25c2c51465415c8245b0c893a81dc1','2020-02-11 19:45:01','2020-02-11 19:45:01','Sprint 27','Sprint 27',1,'8c22775e-ffcd-4f4e-8f96-3e0afb35549d',NULL,'interaction','75cdd3ea3d82455cb52444b5500f55c5','sprint'),(157,'e32c052ec12a4057a4a59e5695ae0233','2020-02-11 19:45:02','2020-02-11 19:45:02','Sprint 28','Sprint 28',1,'cedf172c-b870-4c92-860a-3145d12ba5bc',NULL,'interaction','09f60627896d440ea86ae098991c67fa','sprint'),(158,'211fa3721f734f4a941bbf6cfdf23537','2020-02-11 19:45:02','2020-02-11 19:45:02','Sprint 29','Sprint 29',1,'d37db73f-4c51-4649-a2fc-0a8445cc0e25',NULL,'interaction','06ef18af351e4620b81ed55d987c7123','sprint'),(159,'fe6f85c7490749cfadc1e184e94ed9de','2020-02-11 19:45:02','2020-02-11 19:45:02','Sprint 30','Sprint 30',1,'f8eb7815-44c2-4bbb-a2d8-ba3470191c47',NULL,'interaction','9aaa33bd816d40219ded669195fad677','sprint'),(160,'f25e63dbae4a4070b2d9c0eaec6dd603','2020-02-11 19:45:02','2020-02-11 19:45:02','Sprint 31','Sprint 31',1,'7e6ce8a9-b495-4661-be36-d98f68eedb04',NULL,'interaction','cbef1bb436c740d48fe7ad96def83214','sprint'),(161,'434eef1b41714fd28ae3f254829a9ab0','2020-02-11 19:45:02','2020-02-11 19:45:02','Sprint 32','Sprint 32',1,'8d5a1812-2f36-4953-8749-9bc1c66bd2ca',NULL,'interaction','aca71b433d14433faebdecf5f6e40047','sprint'),(162,'6fbc9ee51fe24a9aab67ce2426afbc5f','2020-02-11 19:45:02','2020-02-11 19:45:02','Sprint 33','Sprint 33',1,'c016cf38-55e4-4a5b-9bc2-cad3f14df74a',NULL,'interaction','7889f9bd5f2544bea2b17839e46d984f','sprint'),(163,'5dfd33561d4943c09fa5204f3ddf80d8','2020-02-11 19:45:02','2020-02-11 19:45:02','Sprint 34','Sprint 34',1,'fd77d342-f311-4dfc-9373-e289dd1ae2f9',NULL,'interaction','d70a6fbd092543d8b028888c090ff2a2','sprint'),(164,'840377b661ca484489e34e4be9791500','2020-02-11 19:45:02','2020-02-11 19:45:02','Sprint 35','Sprint 35',1,'011301ef-00c7-4afe-b57a-b498a4f8da0b',NULL,'interaction','9868e9feee244cafb8b6e6f68f59c218','sprint'),(165,'58cd1d4130ed44bcbd5a6db47f6f1754','2020-02-11 19:45:02','2020-02-11 19:45:02','Sprint 37','Sprint 37',1,'ecd33815-6a2a-4851-944c-39843a44f258',NULL,'interaction','144414df766a4d6ca6e11ca5e87d5bea','sprint'),(166,'9a354d69488441f1a7a0e96522e9086a','2020-02-11 19:45:02','2020-02-11 19:45:02','Sprint 38','Sprint 38',1,'589159ea-4baf-4626-936b-5a833b8db0ec',NULL,'interaction','1b21157012b3451bbd672debd8dab5c9','sprint'),(167,'5d4dfd9e11e846e898893066d5300726','2020-02-11 19:45:02','2020-02-11 19:45:02','Sprint 39','Sprint 39',1,'13f24161-a614-41a3-85ad-2f7613b30ed9',NULL,'interaction','2f2dbbbe4a75475dab652946e6614862','sprint'),(168,'bc0ed1741f344394a7f1fcebb350fabc','2020-02-11 19:45:02','2020-02-11 19:45:02','Sprint 40','Sprint 40',1,'8fea0332-c089-4763-a753-ce129cd43a3c',NULL,'interaction','636139de0cd64ce6bdb01cbe1e809b50','sprint'),(169,'dc0eea42028e4f1295fcf3595979b970','2020-02-11 19:45:02','2020-02-11 19:45:02','Sprint 41','Sprint 41',1,'4b0cb131-6133-494e-8e1d-eb4583cd58a6',NULL,'interaction','d5c3f21e887c491f98b299c02482fa11','sprint'),(170,'c1a5f7e1daf44ee8bceb7207a8be5f65','2020-02-11 19:45:02','2020-02-11 19:45:02','Sprint 42','Sprint 42',1,'8fe8b7c8-7bf4-49c5-9e22-ac8121250b93',NULL,'interaction','072c3e2be3034b6392078e52422dafc6','sprint'),(171,'ae0d0e44affb4c2a958dd96c8c80cbed','2020-02-11 19:45:02','2020-02-11 19:45:02','Sprint 43','Sprint 43',1,'53109752-cf2d-4c99-acbc-a2eaa8c342ab',NULL,'interaction','344ddd7fa0c24653a14f4a863da1309d','sprint'),(172,'2e1375038dfe41fc889f59c6f40cc00a','2020-02-11 19:45:03','2020-02-11 19:45:03','Sprint 44','Sprint 44',1,'3c7c0e3d-a028-419b-b979-2b0a5e5d4498',NULL,'interaction','b838f8b404634db19d7ad26da06d2115','sprint'),(173,'ca97d6c53fe74835b5f4251c4e8a2ac1','2020-02-11 19:45:03','2020-02-11 19:45:03','Sprint 39','Sprint 39',1,'13f24161-a614-41a3-85ad-2f7613b30ed9',NULL,'interaction','cccc449796854ae883eb7d82120364a0','sprint'),(174,'452d08e86ec844a28f42582d12c9e5a0','2020-02-11 19:45:03','2020-02-11 19:45:03','Sprint 40','Sprint 40',1,'8fea0332-c089-4763-a753-ce129cd43a3c',NULL,'interaction','6f67b54fe4aa40f7a9b484816c385e41','sprint'),(175,'1c2e2e1459844ec8afaf80134f998728','2020-02-11 19:45:03','2020-02-11 19:45:03','Sprint 41','Sprint 41',1,'4b0cb131-6133-494e-8e1d-eb4583cd58a6',NULL,'interaction','27691a8dd3704ce686cc018d29a2402c','sprint'),(176,'4eb70eab61214dad85fa7aa6967014f3','2020-02-11 19:45:03','2020-02-11 19:45:03','Sprint 42','Sprint 42',1,'8fe8b7c8-7bf4-49c5-9e22-ac8121250b93',NULL,'interaction','9bd6bfa1d92c4facad46c8589fb8c7a0','sprint'),(177,'86ea46edc79c49599593879723babd63','2020-02-11 19:45:03','2020-02-11 19:45:03','Sprint 43','Sprint 43',1,'53109752-cf2d-4c99-acbc-a2eaa8c342ab',NULL,'interaction','f4d2d986425e4b88ac014cb16e2ad8ed','sprint'),(178,'91067faa027346e0b6376974d87c4b1f','2020-02-11 19:45:03','2020-02-11 19:45:03','Sprint 44','Sprint 44',1,'3c7c0e3d-a028-419b-b979-2b0a5e5d4498',NULL,'interaction','c03b4c0524c4474c8cbb60cacca51a4a','sprint'),(179,'13e5a029bb2743a28711719edaabdd70','2020-02-11 19:45:03','2020-02-11 19:45:03','Sprint 29','Sprint 29',1,'d37db73f-4c51-4649-a2fc-0a8445cc0e25',NULL,'interaction','2f4773d43086434b885f532c1e36269b','sprint'),(180,'6c17ad017a9f480c9e7fe93a8c6cbaf0','2020-02-11 19:45:03','2020-02-11 19:45:03','Sprint 30','Sprint 30',1,'f8eb7815-44c2-4bbb-a2d8-ba3470191c47',NULL,'interaction','ad0756c87bd14ea59a2e712b7a2f084e','sprint'),(181,'5b1a4f20d7b14155a4053a9239f0fd54','2020-02-11 19:45:03','2020-02-11 19:45:03','Sprint 31','Sprint 31',1,'7e6ce8a9-b495-4661-be36-d98f68eedb04',NULL,'interaction','bb6413abf5014c83b57a3e52df1455fe','sprint'),(182,'75adcd3d1ca74339b8a9d92da24468a1','2020-02-11 19:45:03','2020-02-11 19:45:03','Sprint 32','Sprint 32',1,'8d5a1812-2f36-4953-8749-9bc1c66bd2ca',NULL,'interaction','4b2e70f58c2d4de999b651fc230a8f2f','sprint'),(183,'84cc1db1f5cb41e2b493a858cb2b8626','2020-02-11 19:45:04','2020-02-11 19:45:04','Sprint 33','Sprint 33',1,'c016cf38-55e4-4a5b-9bc2-cad3f14df74a',NULL,'interaction','fe9e6b226f374c3bb280f79052fb794c','sprint'),(184,'05e0423e28cc48588af44b500bb73fc4','2020-02-11 19:45:04','2020-02-11 19:45:04','Sprint 34','Sprint 34',1,'fd77d342-f311-4dfc-9373-e289dd1ae2f9',NULL,'interaction','b6841eed6c304c4a838e9d986d36623c','sprint'),(185,'979f2001f59a46d5a55f1e7d7003ff6a','2020-02-11 19:45:04','2020-02-11 19:45:04','Sprint 35','Sprint 35',1,'011301ef-00c7-4afe-b57a-b498a4f8da0b',NULL,'interaction','86c7ce8b4ddd4612a8870e36041aef1e','sprint'),(186,'14e0694805ed49bf93c3bf414d22685f','2020-02-11 19:45:04','2020-02-11 19:45:04','Sprint 36','Sprint 36',1,'9ad8cf1f-95ea-45cd-b499-eb162dddb85c',NULL,'interaction','9d46a42bf88c47a6892d7a71fb291fc9','sprint'),(187,'8c8dd41f975640b5ad6c4298daf08447','2020-02-11 19:45:04','2020-02-11 19:45:04','Sprint 37','Sprint 37',1,'ecd33815-6a2a-4851-944c-39843a44f258',NULL,'interaction','0a495b6b773b46a6a71a074fbc35c928','sprint'),(188,'236fb86d182c44a68f93154b8f16b747','2020-02-11 19:45:04','2020-02-11 19:45:04','Sprint 38','Sprint 38',1,'589159ea-4baf-4626-936b-5a833b8db0ec',NULL,'interaction','fef94ee742d54c288af221c5cabaf9cb','sprint'),(189,'679bd866b92f4b30826a9435963ad32e','2020-02-11 19:45:04','2020-02-11 19:45:04','Sprint 39','Sprint 39',1,'13f24161-a614-41a3-85ad-2f7613b30ed9',NULL,'interaction','19fbdd3ecdab4cef9fcb934d9abcbb63','sprint'),(190,'a363ccc072f9410b9654d33095f7c2a6','2020-02-11 19:45:04','2020-02-11 19:45:04','Sprint 40','Sprint 40',1,'8fea0332-c089-4763-a753-ce129cd43a3c',NULL,'interaction','73aba42029a04ee1a7425a004986035c','sprint'),(191,'ecf4571e735d4a8e806e9ed4da58d565','2020-02-11 19:45:04','2020-02-11 19:45:04','Sprint 14','Sprint 14',1,'3958180e-b3b4-4236-9494-de05ec769a1d',NULL,'interaction','28c1603ed27643e388550de102458779','sprint'),(192,'ba97818aca72467ab2ad80a2775cfec7','2020-02-11 19:45:04','2020-02-11 19:45:04','Sprint 15','Sprint 15',1,'251d608e-5bb6-45e3-ae64-279df74dad91',NULL,'interaction','37d0a9ab33394a9099b98510d44971dd','sprint'),(193,'73654b92d0db4527833ab9f0ef164bca','2020-02-11 19:45:04','2020-02-11 19:45:04','Sprint 16','Sprint 16',1,'4fbf42aa-c1d5-469f-92cf-88878d183b64',NULL,'interaction','2fc8893b2cbb404abb08e12d438ecfc0','sprint'),(194,'bc365fdba2d343cb8c0f7ab0c3363b08','2020-02-11 19:45:04','2020-02-11 19:45:04','Sprint 17','Sprint 17',1,'dc48d51f-e470-489e-b4dd-02ca10fc2826',NULL,'interaction','9d919d43a62f4c869d306f0427b8d0b8','sprint'),(195,'21788003fd3a404db59c2359a9859193','2020-02-11 19:45:04','2020-02-11 19:45:04','Sprint 18','Sprint 18',1,'c909f174-ffd3-4aae-9ae1-8d1a68f7ec86',NULL,'interaction','fb47e2a56011498196cca3598e3aac1d','sprint'),(196,'c5f6f37a03144e3dbecf5b53f7cda6b8','2020-02-11 19:45:05','2020-02-11 19:45:05','Sprint 19','Sprint 19',1,'c15684c1-bf0c-4d4d-978e-09dc2855cbe0',NULL,'interaction','40dae107820a47bc842faa55fb09cc9e','sprint'),(197,'332a29d602ce4ad7940bef50aeab9001','2020-02-11 19:45:05','2020-02-11 19:45:05','Sprint 20','Sprint 20',1,'e9972228-a11a-4884-9778-4b25a0e67d4e',NULL,'interaction','892e3600a453486ba90ce2b43ec4f2c8','sprint'),(198,'97862d6adb6d468ea5f82132968856bc','2020-02-11 19:45:05','2020-02-11 19:45:05','Sprint 21','Sprint 21',1,'c8dc871d-5ed6-42ed-97b0-e7c54f61c17d',NULL,'interaction','1e52ba54ef57413bad9e31acc5a3a77f','sprint'),(199,'f20d4ed39db0489fa4e69274ee7919a3','2020-02-11 19:45:05','2020-02-11 19:45:05','Sprint 22','Sprint 22',1,'43ada1cc-7b0f-4818-ba7d-1828ebf1d543',NULL,'interaction','02871e894d9946478d8f87ae47e926dc','sprint'),(200,'7c894ab6b0434d049a6e8827615c650c','2020-02-11 19:45:05','2020-02-11 19:45:05','Sprint 23','Sprint 23',1,'e72e29bc-1f10-4f96-9d4b-075a4d57d564',NULL,'interaction','b6e2990f1a244768a2f7205205d155fa','sprint'),(201,'d0c090aeb260434ab9014328c188b01b','2020-02-11 19:45:05','2020-02-11 19:45:05','Sprint 25','Sprint 25',1,'44e5425e-98d3-41fc-a3d3-f9019bc63360',NULL,'interaction','85da5acb3d3f45b2bb046b13c215b898','sprint'),(202,'30f90ad573e64beca278b7ef2fcb26e2','2020-02-11 19:45:05','2020-02-11 19:45:05','Sprint 26','Sprint 26',1,'a98d337f-18b2-47df-826d-1276f82edaae',NULL,'interaction','96e23a7d310547a39b85faefc45e64f7','sprint'),(203,'599b894991a74cb0adae20c1c5499f77','2020-02-11 19:45:05','2020-02-11 19:45:05','Sprint 29','Sprint 29',1,'d37db73f-4c51-4649-a2fc-0a8445cc0e25',NULL,'interaction','eae262ef45b247749bf72f20094f7e21','sprint'),(204,'2807cc75b6a34be8a0c0717345179845','2020-02-11 19:45:05','2020-02-11 19:45:05','Sprint 30','Sprint 30',1,'f8eb7815-44c2-4bbb-a2d8-ba3470191c47',NULL,'interaction','e52866aa6f544db28e668864ece40c9c','sprint'),(205,'5dbeb80b6fd347f4988d4b899fc7a3b7','2020-02-11 19:45:05','2020-02-11 19:45:05','Sprint 31','Sprint 31',1,'7e6ce8a9-b495-4661-be36-d98f68eedb04',NULL,'interaction','dfa1110c1aff4e559f2d7b9c25ab3966','sprint'),(206,'54fce3955d114ea895c48d784ea3b4fd','2020-02-11 19:45:05','2020-02-11 19:45:05','Sprint 32','Sprint 32',1,'8d5a1812-2f36-4953-8749-9bc1c66bd2ca',NULL,'interaction','9d8dc625de284c9b8a079a10309542c5','sprint'),(207,'f33443800093412398c4d298a36b5ebf','2020-02-11 19:45:05','2020-02-11 19:45:05','Sprint 33','Sprint 33',1,'c016cf38-55e4-4a5b-9bc2-cad3f14df74a',NULL,'interaction','bac9cfc4b13e421b99e483ea955722ae','sprint'),(208,'09c7b0ca9e4a42bdaaaee37eba0022e3','2020-02-11 19:45:05','2020-02-11 19:45:05','Sprint 34','Sprint 34',1,'fd77d342-f311-4dfc-9373-e289dd1ae2f9',NULL,'interaction','81875ce508894afe8601e029d00f2bca','sprint'),(209,'778f9bbb013945fb8a80e0f276e33cb6','2020-02-11 19:45:06','2020-02-11 19:45:06','Sprint 35','Sprint 35',1,'011301ef-00c7-4afe-b57a-b498a4f8da0b',NULL,'interaction','117555ba0ad843ba9ccdcc1e8ae17821','sprint'),(210,'2a7e99a718594e30830d6133de4ccf80','2020-02-11 19:45:06','2020-02-11 19:45:06','Sprint 36','Sprint 36',1,'9ad8cf1f-95ea-45cd-b499-eb162dddb85c',NULL,'interaction','a9362071ddb944e0aa1a6476441f9ec1','sprint'),(211,'acef5cef68db488799a2ef25d8dfb1e2','2020-02-11 19:45:06','2020-02-11 19:45:06','Sprint 37','Sprint 37',1,'ecd33815-6a2a-4851-944c-39843a44f258',NULL,'interaction','dcda3a05b4414b108bfe5187ae23f8c0','sprint'),(212,'2b64c9181f444bd9a3d369a049698036','2020-02-11 19:45:06','2020-02-11 19:45:06','Sprint 38','Sprint 38',1,'589159ea-4baf-4626-936b-5a833b8db0ec',NULL,'interaction','acc49ab512184ffa88daae98b963a381','sprint'),(213,'a201e942b9574ffc95417c3b17d24e7e','2020-02-11 19:45:06','2020-02-11 19:45:06','Sprint 39','Sprint 39',1,'13f24161-a614-41a3-85ad-2f7613b30ed9',NULL,'interaction','56188f8e9df241c38b912bfe34458b7b','sprint'),(214,'97c9ba498cf742fa8b692d39de6ece87','2020-02-11 19:45:06','2020-02-11 19:45:06','Sprint 36','Sprint 36',1,'9ad8cf1f-95ea-45cd-b499-eb162dddb85c',NULL,'interaction','340c15700a8c48f3acd1337374f633b7','sprint'),(215,'06baa670d02b47fd8f5829d507c58c61','2020-02-11 19:45:06','2020-02-11 19:45:06','Sprint 37','Sprint 37',1,'ecd33815-6a2a-4851-944c-39843a44f258',NULL,'interaction','df6480c26b8742b99b68fe388e77e5e5','sprint'),(216,'abff067211a84aa39b267a8fbdfc3602','2020-02-11 19:45:06','2020-02-11 19:45:06','Sprint 38','Sprint 38',1,'589159ea-4baf-4626-936b-5a833b8db0ec',NULL,'interaction','6aecb7431df04ecb9a4bafd694e72a85','sprint'),(217,'d8dd3922942b465a8c393ea71afd5b28','2020-02-11 19:45:06','2020-02-11 19:45:06','Sprint 39','Sprint 39',1,'13f24161-a614-41a3-85ad-2f7613b30ed9',NULL,'interaction','01ffdef003bb45e78bf683dc55f313f7','sprint'),(218,'88ec5624c2cf436c8c7869d62c2918c0','2020-02-11 19:45:06','2020-02-11 19:45:06','Sprint 40','Sprint 40',1,'8fea0332-c089-4763-a753-ce129cd43a3c',NULL,'interaction','586d1c782bf8498cb3bcaab00cdfad79','sprint'),(219,'1377e0ad78174c1498cdf2e1ee37577b','2020-02-11 19:45:06','2020-02-11 19:45:06','Sprint 41','Sprint 41',1,'4b0cb131-6133-494e-8e1d-eb4583cd58a6',NULL,'interaction','c708dab722e9440899ec6928a1852343','sprint'),(220,'e4af22f70c0a4d588a43afa3f1e86f89','2020-02-11 19:45:06','2020-02-11 19:45:06','Sprint 42','Sprint 42',1,'8fe8b7c8-7bf4-49c5-9e22-ac8121250b93',NULL,'interaction','be271438a9714459855a558b4998586d','sprint'),(221,'5cbdd596301446879516bf2e9958a85d','2020-02-11 19:45:06','2020-02-11 19:45:06','Sprint 43','Sprint 43',1,'53109752-cf2d-4c99-acbc-a2eaa8c342ab',NULL,'interaction','7d824af5ae8d4595914ee9babd7e2c08','sprint'),(222,'2df4ab2e8d4d4cbab4db79a4de9f290d','2020-02-11 19:45:06','2020-02-11 19:45:06','Sprint 14','Sprint 14',1,'3958180e-b3b4-4236-9494-de05ec769a1d',NULL,'interaction','4a3714fd2cb54cd0977d3a3fafed08da','sprint'),(223,'159e6ea7fd39440c819d9359d96d84c5','2020-02-11 19:45:07','2020-02-11 19:45:07','Sprint 15','Sprint 15',1,'251d608e-5bb6-45e3-ae64-279df74dad91',NULL,'interaction','f8dfe2b6d9264af9af382562102d50e0','sprint'),(224,'81b720e6aa954412981ee67ff737e3d7','2020-02-11 19:45:07','2020-02-11 19:45:07','Sprint 16','Sprint 16',1,'4fbf42aa-c1d5-469f-92cf-88878d183b64',NULL,'interaction','0904ac31b1f1454f8c86273b63c27c53','sprint'),(225,'5b5497cfd7be4ccfaa596f0c5bb9ea0d','2020-02-11 19:45:07','2020-02-11 19:45:07','Sprint 17','Sprint 17',1,'dc48d51f-e470-489e-b4dd-02ca10fc2826',NULL,'interaction','b5c68dfbddc741f49c47046699194a33','sprint'),(226,'da4e913ca6004066b0ee7b458384b45a','2020-02-11 19:45:07','2020-02-11 19:45:07','Sprint 18','Sprint 18',1,'c909f174-ffd3-4aae-9ae1-8d1a68f7ec86',NULL,'interaction','077aef1bb57e4646ae6c5205c1a85f68','sprint'),(227,'8d00570b772c42b59092f71fc6c9435a','2020-02-11 19:45:07','2020-02-11 19:45:07','Sprint 19','Sprint 19',1,'c15684c1-bf0c-4d4d-978e-09dc2855cbe0',NULL,'interaction','5a04bf4819f44c089c5087c5690a422c','sprint'),(228,'62ea6a88324f4fbca4d74770d8a7b5d2','2020-02-11 19:45:07','2020-02-11 19:45:07','Sprint 20','Sprint 20',1,'e9972228-a11a-4884-9778-4b25a0e67d4e',NULL,'interaction','27ced304402e45c9ac0c04613372ec44','sprint'),(229,'56a7a5d23b6f466ab5d2493e9a2a2e17','2020-02-11 19:45:07','2020-02-11 19:45:07','Sprint 21','Sprint 21',1,'c8dc871d-5ed6-42ed-97b0-e7c54f61c17d',NULL,'interaction','1e20010a90c84a21bd569a6d77d4bece','sprint'),(230,'8bbc7fb37dac41bfa8bc163cecf270f9','2020-02-11 19:45:07','2020-02-11 19:45:07','Sprint 22','Sprint 22',1,'43ada1cc-7b0f-4818-ba7d-1828ebf1d543',NULL,'interaction','7801ed7b3aba4da89e1e3f32a147f761','sprint'),(231,'36654864a57c4aa99fe94f7ec42bdadb','2020-02-11 19:45:07','2020-02-11 19:45:07','Sprint 23','Sprint 23',1,'e72e29bc-1f10-4f96-9d4b-075a4d57d564',NULL,'interaction','861d26ec33cb4215b53765227c0837ae','sprint'),(232,'1664a1fb81584075b35a688c6efefc9e','2020-02-11 19:45:07','2020-02-11 19:45:07','Sprint 24','Sprint 24',1,'3fa13c02-9fac-451f-b5b8-2598e9e058ef',NULL,'interaction','332fb1b9124c47de8963281b61f2df06','sprint'),(233,'8d59e6c13ddd40e4b839e63faf0132e1','2020-02-11 19:45:07','2020-02-11 19:45:07','Sprint 25','Sprint 25',1,'44e5425e-98d3-41fc-a3d3-f9019bc63360',NULL,'interaction','6745c38c7e3a4eb5946f9af56bdc6126','sprint'),(234,'21331988547249fcab21b81879df4ad4','2020-02-11 19:45:07','2020-02-11 19:45:07','Sprint 26','Sprint 26',1,'a98d337f-18b2-47df-826d-1276f82edaae',NULL,'interaction','b94ba93ec9cc4b7a9a03aea75270e845','sprint'),(235,'f10ae07e79dc4bea8301fab9aa398c91','2020-02-11 19:45:07','2020-02-11 19:45:07','Sprint 27','Sprint 27',1,'8c22775e-ffcd-4f4e-8f96-3e0afb35549d',NULL,'interaction','f02955c356164862a77ab04a1c47dd06','sprint'),(236,'a9f9672a4b8045ebbcd14b01e17470b1','2020-02-11 19:45:08','2020-02-11 19:45:08','Sprint 28','Sprint 28',1,'cedf172c-b870-4c92-860a-3145d12ba5bc',NULL,'interaction','27a31681a6114d9eac89b0990b404ace','sprint'),(237,'109004f48ed649f49e74d4a33d2d46e1','2020-02-11 19:45:08','2020-02-11 19:45:08','Sprint 29','Sprint 29',1,'d37db73f-4c51-4649-a2fc-0a8445cc0e25',NULL,'interaction','14bb1573f71e4986b32bf24c8983242e','sprint'),(238,'ae9018650a8846cab3daf77b76f2da16','2020-02-11 19:45:08','2020-02-11 19:45:08','Sprint 30','Sprint 30',1,'f8eb7815-44c2-4bbb-a2d8-ba3470191c47',NULL,'interaction','a696e77ef9c44fad8678bdda637d8670','sprint'),(239,'225f423125dc4d94885a55ecc4d36069','2020-02-11 19:45:08','2020-02-11 19:45:08','Sprint 31','Sprint 31',1,'7e6ce8a9-b495-4661-be36-d98f68eedb04',NULL,'interaction','d2431a7282fd45c3abc559e9548a2ff0','sprint'),(240,'130f228a150142ba8edf875a9f7e97de','2020-02-11 19:45:08','2020-02-11 19:45:08','Sprint 32','Sprint 32',1,'8d5a1812-2f36-4953-8749-9bc1c66bd2ca',NULL,'interaction','5491fbe1ff054bc39b11b58b6cbaa14f','sprint'),(241,'b796c94b3d2d43088ed5d4a512656dbf','2020-02-11 19:45:08','2020-02-11 19:45:08','Sprint 33','Sprint 33',1,'c016cf38-55e4-4a5b-9bc2-cad3f14df74a',NULL,'interaction','e6a586ebab26493f93a2092df3f94680','sprint'),(242,'940a033f45a64f80847423d61acb0c7e','2020-02-11 19:45:08','2020-02-11 19:45:08','Sprint 34','Sprint 34',1,'fd77d342-f311-4dfc-9373-e289dd1ae2f9',NULL,'interaction','5084f59bf43948eb93b7ae7eb02277f5','sprint'),(243,'6ce43e71278046f998d373a76b431ffc','2020-02-11 19:45:08','2020-02-11 19:45:08','Sprint 35','Sprint 35',1,'011301ef-00c7-4afe-b57a-b498a4f8da0b',NULL,'interaction','6fd564c68b504bf89eceba0640388672','sprint'),(244,'badd1ef5788b45deb5cd646c9774de7b','2020-02-11 19:45:08','2020-02-11 19:45:08','Sprint 36','Sprint 36',1,'9ad8cf1f-95ea-45cd-b499-eb162dddb85c',NULL,'interaction','5f45206d8ece409baa7fc7126a31250a','sprint'),(245,'6b10b8fab640451eaac85d16c6e0da2e','2020-02-11 19:45:08','2020-02-11 19:45:08','Sprint 37','Sprint 37',1,'ecd33815-6a2a-4851-944c-39843a44f258',NULL,'interaction','2e0365afc623424ab633f04f719ee9fc','sprint'),(246,'aca7d55968e54249b5affc453736a2d6','2020-02-11 19:45:08','2020-02-11 19:45:08','Sprint 38','Sprint 38',1,'589159ea-4baf-4626-936b-5a833b8db0ec',NULL,'interaction','bbbb3bc84e5149e29a0e9bbc1d1572fa','sprint'),(247,'6ed3fdb4ae7f4af8bc292243c4b2e4db','2020-02-11 19:45:08','2020-02-11 19:45:08','Sprint 39','Sprint 39',1,'13f24161-a614-41a3-85ad-2f7613b30ed9',NULL,'interaction','98b85c09e2ed4c99b20a45a202dc2c11','sprint'),(248,'cc5e7099a249467bbde4df447b25945a','2020-02-11 19:45:08','2020-02-11 19:45:08','Sprint 40','Sprint 40',1,'8fea0332-c089-4763-a753-ce129cd43a3c',NULL,'interaction','fe0a8c741a6741568f2c3007c1dfb4eb','sprint'),(249,'7aaba8c10ea943f0ba5a2d6a7a16729b','2020-02-11 19:45:08','2020-02-11 19:45:08','Sprint 41','Sprint 41',1,'4b0cb131-6133-494e-8e1d-eb4583cd58a6',NULL,'interaction','4bac5afd28414502b2a1e0e054fcff15','sprint'),(250,'e20e19faca734d7485ed2b9c44585906','2020-02-11 19:45:08','2020-02-11 19:45:08','Sprint 42','Sprint 42',1,'8fe8b7c8-7bf4-49c5-9e22-ac8121250b93',NULL,'interaction','7a18483ae4ae465489c3474f8f006de6','sprint'),(251,'3ccb56a2fe5a494f8d2ab1bc76b01cc6','2020-02-11 19:45:08','2020-02-11 19:45:08','Sprint 43','Sprint 43',1,'53109752-cf2d-4c99-acbc-a2eaa8c342ab',NULL,'interaction','9414a77e31904df9b042654af6048064','sprint'),(252,'c82664805f744bcf9ce91de44e735ab8','2020-02-11 19:45:08','2020-02-11 19:45:08','Sprint 44','Sprint 44',1,'3c7c0e3d-a028-419b-b979-2b0a5e5d4498',NULL,'interaction','9814de69844247f593c43c6c43cadaf5','sprint'),(253,'da49bd275a3f4315aa73b75b8f2d8759','2020-02-11 19:45:09','2020-02-11 19:45:09','Sprint 14','Sprint 14',1,'3958180e-b3b4-4236-9494-de05ec769a1d',NULL,'interaction','83f3c556d8d14204a7837961589a6388','sprint'),(254,'c77eae006d0a449d8062c60a6bbc6db6','2020-02-11 19:45:09','2020-02-11 19:45:09','Sprint 15','Sprint 15',1,'251d608e-5bb6-45e3-ae64-279df74dad91',NULL,'interaction','38f95e40388642e89c87babf0a717b2e','sprint'),(255,'15b609d5e6194e06a711dcad893bdc74','2020-02-11 19:45:09','2020-02-11 19:45:09','Sprint 16','Sprint 16',1,'4fbf42aa-c1d5-469f-92cf-88878d183b64',NULL,'interaction','d1b52b2dc9ef4f7ea11f094a7c75b09a','sprint'),(256,'1de9af4c93944094902d93d3cd2c2613','2020-02-11 19:45:09','2020-02-11 19:45:09','Sprint 17','Sprint 17',1,'dc48d51f-e470-489e-b4dd-02ca10fc2826',NULL,'interaction','9fbcc299d29e43989bc1b473b399dc28','sprint'),(257,'5257ff1bc102408081bc279516563c77','2020-02-11 19:45:09','2020-02-11 19:45:09','Sprint 18','Sprint 18',1,'c909f174-ffd3-4aae-9ae1-8d1a68f7ec86',NULL,'interaction','65fe885c8ae04a45b69ca1d230c1d2c4','sprint'),(258,'e74e8fd329e74beca909902df968fdfc','2020-02-11 19:45:09','2020-02-11 19:45:09','Sprint 19','Sprint 19',1,'c15684c1-bf0c-4d4d-978e-09dc2855cbe0',NULL,'interaction','77ab8516c9654dbeb55707a5c9f8c367','sprint'),(259,'e95d9a2d032044a4b014b5f0c3765d98','2020-02-11 19:45:09','2020-02-11 19:45:09','Sprint 20','Sprint 20',1,'e9972228-a11a-4884-9778-4b25a0e67d4e',NULL,'interaction','d9d23552c67042c8a19159f9886bd700','sprint'),(260,'ae147c5d4545444aae5f2830a0a296d5','2020-02-11 19:45:09','2020-02-11 19:45:09','Sprint 21','Sprint 21',1,'c8dc871d-5ed6-42ed-97b0-e7c54f61c17d',NULL,'interaction','ddfebc87da0c4783bf2c4f1ef50f8b52','sprint'),(261,'0d6532cb4a574163a72695072eb77833','2020-02-11 19:45:09','2020-02-11 19:45:09','Sprint 22','Sprint 22',1,'43ada1cc-7b0f-4818-ba7d-1828ebf1d543',NULL,'interaction','682f15fbd28a470199afce8d66d3bd53','sprint'),(262,'da3609139c7341b488716433bfdac68c','2020-02-11 19:45:09','2020-02-11 19:45:09','Sprint 23','Sprint 23',1,'e72e29bc-1f10-4f96-9d4b-075a4d57d564',NULL,'interaction','469a6c361f664637ad72880985201d56','sprint'),(263,'375544e3a3c044218f897952ee03f9ca','2020-02-11 19:45:09','2020-02-11 19:45:09','Sprint 24','Sprint 24',1,'3fa13c02-9fac-451f-b5b8-2598e9e058ef',NULL,'interaction','691f0fbce892468bbff00a2164f6a24a','sprint'),(264,'70a102566f724a74b37074a8f7f4f3cc','2020-02-11 19:45:09','2020-02-11 19:45:09','Sprint 25','Sprint 25',1,'44e5425e-98d3-41fc-a3d3-f9019bc63360',NULL,'interaction','afb7dde62cdb41239f3e7e1083e398ff','sprint'),(265,'fbfa21419e0d4437b863f09caba9977c','2020-02-11 19:45:09','2020-02-11 19:45:09','Sprint 26','Sprint 26',1,'a98d337f-18b2-47df-826d-1276f82edaae',NULL,'interaction','baa8996a74b44e25a0c98265e77fb446','sprint'),(266,'6286149a8d5f49ca9bec29376d99fad9','2020-02-11 19:45:10','2020-02-11 19:45:10','Sprint 27','Sprint 27',1,'8c22775e-ffcd-4f4e-8f96-3e0afb35549d',NULL,'interaction','44e2d771edad4589abfdab157e01e6a4','sprint'),(267,'f80fa3619ef9488daaa9ed0087f0b774','2020-02-11 19:45:10','2020-02-11 19:45:10','Sprint 28','Sprint 28',1,'cedf172c-b870-4c92-860a-3145d12ba5bc',NULL,'interaction','f3efe8cb7f9842cba0cf190be113017f','sprint'),(268,'faa535c2aaa24cf7917613a29f75f048','2020-02-11 19:45:10','2020-02-11 19:45:10','Sprint 29','Sprint 29',1,'d37db73f-4c51-4649-a2fc-0a8445cc0e25',NULL,'interaction','5940a06ac810414b922f6e03e5ce67e5','sprint'),(269,'ed71b217ae874a889221d33368c8be35','2020-02-11 19:45:10','2020-02-11 19:45:10','Sprint 30','Sprint 30',1,'f8eb7815-44c2-4bbb-a2d8-ba3470191c47',NULL,'interaction','3c418b340f0c4aed814c42b22943e7e2','sprint'),(270,'591a4238f06e4071acd2be2fe9d20674','2020-02-11 19:45:10','2020-02-11 19:45:10','Sprint 31','Sprint 31',1,'7e6ce8a9-b495-4661-be36-d98f68eedb04',NULL,'interaction','f0fac9d51de94dad94a741734ac2c34a','sprint'),(271,'125959f26b214072bf44cfcf954d2998','2020-02-11 19:45:10','2020-02-11 19:45:10','Sprint 32','Sprint 32',1,'8d5a1812-2f36-4953-8749-9bc1c66bd2ca',NULL,'interaction','f0bcac7734894c70a8ee51a0b571cbb1','sprint'),(272,'78bda3d7ba9048be92e95cbc494e182e','2020-02-11 19:45:10','2020-02-11 19:45:10','Sprint 33','Sprint 33',1,'c016cf38-55e4-4a5b-9bc2-cad3f14df74a',NULL,'interaction','bcc5d35f165349a69bf6c65f3d95259a','sprint'),(273,'77d23d51b41b4e5cb616c40e29d7c527','2020-02-11 19:45:10','2020-02-11 19:45:10','Sprint 34','Sprint 34',1,'fd77d342-f311-4dfc-9373-e289dd1ae2f9',NULL,'interaction','31aa4146b3d645cb9f1993e063d03a7f','sprint'),(274,'97aa2daea5554d72b081fadc3178fb4f','2020-02-11 19:45:10','2020-02-11 19:45:10','Sprint 35','Sprint 35',1,'011301ef-00c7-4afe-b57a-b498a4f8da0b',NULL,'interaction','16bcc6eb837144b9a7051931b1963a96','sprint'),(275,'ce2ec36428d443479fe622befaaec149','2020-02-11 19:45:10','2020-02-11 19:45:10','Sprint 36','Sprint 36',1,'9ad8cf1f-95ea-45cd-b499-eb162dddb85c',NULL,'interaction','be05328c80d34653aeb2698b8fbc4194','sprint'),(276,'7f6dad1807e34cd697ac88922d9f1928','2020-02-11 19:45:10','2020-02-11 19:45:10','Sprint 37','Sprint 37',1,'ecd33815-6a2a-4851-944c-39843a44f258',NULL,'interaction','32fe6295488a4eb38dd7f87d7d4683d5','sprint'),(277,'06253649c1344bee920d71daf41e05b4','2020-02-11 19:45:10','2020-02-11 19:45:10','Sprint 38','Sprint 38',1,'589159ea-4baf-4626-936b-5a833b8db0ec',NULL,'interaction','4cbefa0c2f144d2f843ffeac62adb84c','sprint'),(278,'d3ea309d6b294e55baffbecedbebddb1','2020-02-11 19:45:11','2020-02-11 19:45:11','Sprint 39','Sprint 39',1,'13f24161-a614-41a3-85ad-2f7613b30ed9',NULL,'interaction','8d3bedd99b14417c8e75517acfeb4ba1','sprint'),(279,'d1bb35aeac444dd5bde8833f34167d35','2020-02-11 19:45:11','2020-02-11 19:45:11','Sprint 40','Sprint 40',1,'8fea0332-c089-4763-a753-ce129cd43a3c',NULL,'interaction','0cfb9570b1294b86a47be814b7469d70','sprint'),(280,'2b91c0cd3c7e411aa77887bf32b78c52','2020-02-11 19:45:11','2020-02-11 19:45:11','Sprint 41','Sprint 41',1,'4b0cb131-6133-494e-8e1d-eb4583cd58a6',NULL,'interaction','2f58b5c4ec174587869e3a7c73f64ea4','sprint'),(281,'b9d255aebdda4d59aca916b819e4ea11','2020-02-11 19:45:11','2020-02-11 19:45:11','Sprint 42','Sprint 42',1,'8fe8b7c8-7bf4-49c5-9e22-ac8121250b93',NULL,'interaction','66dc1a7702da4bef88993c4ab899e1d7','sprint'),(282,'48fa05e4bf1046cea14d996047e1a382','2020-02-11 19:45:11','2020-02-11 19:45:11','Sprint 43','Sprint 43',1,'53109752-cf2d-4c99-acbc-a2eaa8c342ab',NULL,'interaction','3cdf089858584c9487820de5483fe72e','sprint'),(283,'0c982d4293ef4309bb796d5f06e73b23','2020-02-11 19:45:11','2020-02-11 19:45:11','Sprint 14','Sprint 14',1,'3958180e-b3b4-4236-9494-de05ec769a1d',NULL,'interaction','f4f6868811d3418ea858e0246941dc13','sprint'),(284,'d11250a2f48e42ec9057ff2a00f230a4','2020-02-11 19:45:11','2020-02-11 19:45:11','Sprint 15','Sprint 15',1,'251d608e-5bb6-45e3-ae64-279df74dad91',NULL,'interaction','a64f37ba861d45998bdcaf91b0f404fd','sprint'),(285,'dc047fcfe0a04c719dd549b46f37d208','2020-02-11 19:45:11','2020-02-11 19:45:11','Sprint 16','Sprint 16',1,'4fbf42aa-c1d5-469f-92cf-88878d183b64',NULL,'interaction','0048362bba3f4788aa11b5c9abfed63e','sprint'),(286,'9ae37d97aee14b82aaecc45e4fed4d1c','2020-02-11 19:45:11','2020-02-11 19:45:11','Sprint 17','Sprint 17',1,'dc48d51f-e470-489e-b4dd-02ca10fc2826',NULL,'interaction','0739e01547284ebe859c56082292d9e0','sprint'),(287,'2d5476f479b04e85aad37170020dad71','2020-02-11 19:45:11','2020-02-11 19:45:11','Sprint 25','Sprint 25',1,'44e5425e-98d3-41fc-a3d3-f9019bc63360',NULL,'interaction','59c869d4b9394aa7a380957c28e13492','sprint'),(288,'58a65ea75f004e64b3cf150dcb458b9c','2020-02-11 19:45:11','2020-02-11 19:45:11','Sprint 26','Sprint 26',1,'a98d337f-18b2-47df-826d-1276f82edaae',NULL,'interaction','96c20dfc38eb4194bf29d5f1db6bef17','sprint'),(289,'329431236ac446afb297a778700017c0','2020-02-11 19:45:13','2020-02-11 19:45:13','Eu, como professor quero registrar a chamada do dia no registro acadêmico para diminuir o tempo de chamada em até 5 min','None',1,'1629','https://tfs.es.gov.br/tfs/DefaultCollection/f7c0ad32-7d99-40de-baa8-c69ab831cd0e/_apis/wit/workItems/1629','work_item','12bd9b5d6709444f818447a5498c0753','atomic_user_story'),(290,'e6b4730ca25343bbb8cae3cc2394b352','2020-02-11 19:45:14','2020-02-11 19:45:14','Eu, como servidor, quero escolher o mes da folha do contracheque.','None',1,'1469','https://tfs.es.gov.br/tfs/DefaultCollection/f7c0ad32-7d99-40de-baa8-c69ab831cd0e/_apis/wit/workItems/1469','work_item','25b6aeb5a29b4372a5ff37c1b724f285','atomic_user_story'),(291,'646314e6b6314a1783d525348d083f48','2020-02-11 19:45:15','2020-02-11 19:45:15','Eu, como servidor, quero escolher o meu perfil.','None',1,'1466','https://tfs.es.gov.br/tfs/DefaultCollection/f7c0ad32-7d99-40de-baa8-c69ab831cd0e/_apis/wit/workItems/1466','work_item','82989a010d1a4cf9aa6249664e371142','atomic_user_story'),(292,'ffa5cb4a5a3a4942a89878a4c7d6d625','2020-02-11 19:45:15','2020-02-11 19:45:15','Eu, como servidor, quero escolher o meu vinculo.','None',1,'1467','https://tfs.es.gov.br/tfs/DefaultCollection/f7c0ad32-7d99-40de-baa8-c69ab831cd0e/_apis/wit/workItems/1467','work_item','aac9a9fb2d534cf68aaea8569855bc8c','atomic_user_story'),(293,'87b9de98d0f34c3491140fc40b3657c6','2020-02-11 19:45:15','2020-02-11 19:45:15','Eu, como servidor, quero escolher o ano da folha do contracheque.','None',1,'1468','https://tfs.es.gov.br/tfs/DefaultCollection/f7c0ad32-7d99-40de-baa8-c69ab831cd0e/_apis/wit/workItems/1468','work_item','64a19a05e76d42ab817bdda8dc3bb97e','atomic_user_story'),(294,'d6d57561d3244c3bae4f2fa70e891135','2020-02-11 19:45:16','2020-02-11 19:45:16','Eu, como servidor, quero escolher a folha do contracheque.','None',1,'1470','https://tfs.es.gov.br/tfs/DefaultCollection/f7c0ad32-7d99-40de-baa8-c69ab831cd0e/_apis/wit/workItems/1470','work_item','df64e723d322465b9dca82d9b1ca4df4','atomic_user_story'),(295,'60dc567590cd42cab2644b7fafdf9136','2020-02-11 19:45:16','2020-02-11 19:45:16','Eu, como servidor, quero baixar o contracheque.','None',1,'1471','https://tfs.es.gov.br/tfs/DefaultCollection/f7c0ad32-7d99-40de-baa8-c69ab831cd0e/_apis/wit/workItems/1471','work_item','ebee38df94534ed09248a8b1a5b6b249','atomic_user_story'),(296,'0666774bd5b54a81b389096f14ddc7c1','2020-02-11 19:45:17','2020-02-11 19:45:17','Eu, SRE, quero criar usuários a nível de SRE e Escola, para controlar o acesso dos envolvidos','None',1,'1393','https://tfs.es.gov.br/tfs/DefaultCollection/f7c0ad32-7d99-40de-baa8-c69ab831cd0e/_apis/wit/workItems/1393','work_item','7308d457492242ff97d852d5cdc16a30','atomic_user_story'),(297,'cb051711d4ff40c8aa823fb873435b84','2020-02-11 19:45:17','2020-02-11 19:45:17','Eu, Sedu (SUAE), quero criar usuários a nível de Sedu e SRE, para controlar o acesso dos envolvidos','None',1,'1392','https://tfs.es.gov.br/tfs/DefaultCollection/f7c0ad32-7d99-40de-baa8-c69ab831cd0e/_apis/wit/workItems/1392','work_item','631be5b5589c4ef180b9d715ef70c11a','atomic_user_story'),(298,'94c40c3ab5d94e32b9a93b31d75f3273','2020-02-11 19:45:18','2020-02-11 19:45:18','Eu. Sedu (SUAE), quero configurar os municípios e SREs','None',1,'1391','https://tfs.es.gov.br/tfs/DefaultCollection/f7c0ad32-7d99-40de-baa8-c69ab831cd0e/_apis/wit/workItems/1391','work_item','eee29f0bad134cb3b3658869e339d928','atomic_user_story'),(299,'3c3b12f291ba4cf08a5123ab04898f43','2020-02-11 19:45:18','2020-02-11 19:45:18','Eu, como usuario gostaria de usar o espm na plataforma IOS.','None',1,'1576','https://tfs.es.gov.br/tfs/DefaultCollection/f7c0ad32-7d99-40de-baa8-c69ab831cd0e/_apis/wit/workItems/1576','work_item','a285ec8829f44a659bc140a03a21b62a','atomic_user_story'),(300,'cc66203a13e549c7aeac7bec691c90f1','2020-02-11 19:45:18','2020-02-11 19:45:18','Eu, como desenvolvedor, quero ter uma documentação para os componentes do projeto','None',1,'1206','https://tfs.es.gov.br/tfs/DefaultCollection/f7c0ad32-7d99-40de-baa8-c69ab831cd0e/_apis/wit/workItems/1206','work_item','c067bce545744d3d8da3c6bd74a39acb','atomic_user_story'),(301,'9584cfb9da3342ad96b93db33b011ca1','2020-02-11 19:45:19','2020-02-11 19:45:19','Eu, como desenvolvedor quero  obter feedbacks na versão teste e melhora-los e concluir as guidelines dos componentes.','None',1,'1189','https://tfs.es.gov.br/tfs/DefaultCollection/f7c0ad32-7d99-40de-baa8-c69ab831cd0e/_apis/wit/workItems/1189','work_item','ef270de709704ded90e4329f432b2f17','atomic_user_story'),(302,'6c77ebe137c94db091761be2001930c8','2020-02-11 19:45:19','2020-02-11 19:45:19','Eu, como desenvolvedor, quero aplicar os componentes nos módulos do ESPM','None',1,'1170','https://tfs.es.gov.br/tfs/DefaultCollection/f7c0ad32-7d99-40de-baa8-c69ab831cd0e/_apis/wit/workItems/1170','work_item','255e03aff613470e91177569a8c39030','atomic_user_story'),(303,'8a2a618b8a9e4586a4d4520f0fbbb476','2020-02-11 19:45:19','2020-02-11 19:45:19','Eu, como desenvolvedor, quero ter componentes para otimizar e padronizar o desenvolvimento das telas','None',1,'1136','https://tfs.es.gov.br/tfs/DefaultCollection/f7c0ad32-7d99-40de-baa8-c69ab831cd0e/_apis/wit/workItems/1136','work_item','410815d03c024cb594588af1c815fa3a','atomic_user_story'),(304,'6f00a51a0e9d49869a7c8a897230f0c6','2020-02-11 19:45:20','2020-02-11 19:45:20','Eu, como desenvolvedor gostaria de aplicar guidelines em todos os módulos do app.','None',1,'1116','https://tfs.es.gov.br/tfs/DefaultCollection/f7c0ad32-7d99-40de-baa8-c69ab831cd0e/_apis/wit/workItems/1116','work_item','fd42f5ed39264b2a823950c4ccde3f2c','atomic_user_story'),(305,'e3f9f8782d9a487ab285b32ae4dbb17c','2020-02-11 19:45:21','2020-02-11 19:45:21','Eu, como cidadão, quero um novo design no módulo do detran','None',1,'940','https://tfs.es.gov.br/tfs/DefaultCollection/f7c0ad32-7d99-40de-baa8-c69ab831cd0e/_apis/wit/workItems/940','work_item','4efa5399e5c64fa290c2ee77011032a8','atomic_user_story'),(306,'677928e04dde4ef4aac58df5a870adf3','2020-02-11 19:45:21','2020-02-11 19:45:21','Eu, como usuario do app espm quero saber a distancia dos cursos ','None',1,'1530','https://tfs.es.gov.br/tfs/DefaultCollection/f7c0ad32-7d99-40de-baa8-c69ab831cd0e/_apis/wit/workItems/1530','work_item','71b098625fe241fab1f9ea8263d879e1','atomic_user_story'),(307,'abb9c2472a634723acec6cc87b05f827','2020-02-11 19:45:22','2020-02-11 19:45:22','Eu, como usuário do app espm quero saber minha afinidade com os concursos','None',1,'1490','https://tfs.es.gov.br/tfs/DefaultCollection/f7c0ad32-7d99-40de-baa8-c69ab831cd0e/_apis/wit/workItems/1490','work_item','ff6559216350463980a32b12ec43d644','atomic_user_story'),(308,'f9ec85f8baf749b48ef1c1aa18913004','2020-02-11 19:45:22','2020-02-11 19:45:22','Eu, como cidadão, quero uma interface de navegação mais intuitiva','None',1,'929','https://tfs.es.gov.br/tfs/DefaultCollection/f7c0ad32-7d99-40de-baa8-c69ab831cd0e/_apis/wit/workItems/929','work_item','ec6d1751f515490bb27b6086552e2a82','atomic_user_story'),(309,'5ff723bbefd0452282e65d6f6d2b118a','2020-02-11 19:45:23','2020-02-11 19:45:23','Eu, no papel de desenvolvedor, desejo colocar o serviço de sugestão de cursos e concursos online no aplicativo ESPM','None',1,'1538','https://tfs.es.gov.br/tfs/DefaultCollection/f7c0ad32-7d99-40de-baa8-c69ab831cd0e/_apis/wit/workItems/1538','work_item','592ba01bd7484353877939ee0084ed4c','atomic_user_story'),(310,'21a522adaee24f2db4e63e1f3ccb6cd4','2020-02-11 19:45:23','2020-02-11 19:45:23','Eu, no papel de desenvolvedor, desejo colocar o serviço de sugestão de cursos online no aplicativo ESPM','None',1,'1517','https://tfs.es.gov.br/tfs/DefaultCollection/f7c0ad32-7d99-40de-baa8-c69ab831cd0e/_apis/wit/workItems/1517','work_item','1cdb659cefcd42cd93813c1f19b8dac1','atomic_user_story'),(311,'e906264ff47444d6aa4a118258e9e454','2020-02-11 19:45:23','2020-02-11 19:45:23','Eu, no papel de aluno, desejo saber receber informações de quando há um novo curso na minha região','None',1,'1481','https://tfs.es.gov.br/tfs/DefaultCollection/f7c0ad32-7d99-40de-baa8-c69ab831cd0e/_apis/wit/workItems/1481','work_item','2d4c2c1530924d92976194eb980c0371','atomic_user_story'),(312,'0861c66d67d9475e9b0c9d862952f3b4','2020-02-11 19:45:24','2020-02-11 19:45:24','Eu, no papel de analista de dados, desejo realizar os últimos ajustes do Identidade Cidadã com o intuito de realizar a sua entrega.','Realizar os últimos acertos no banco e nos algoritmos de sugestão para fazer a entrega do projeto.',1,'1274','https://tfs.es.gov.br/tfs/DefaultCollection/f7c0ad32-7d99-40de-baa8-c69ab831cd0e/_apis/wit/workItems/1274','work_item','7701983e96284f5fbced26d4cba92ee4','atomic_user_story'),(313,'c8f3ebbe75114772afdd3d17f329e8ec','2020-02-11 19:45:24','2020-02-11 19:45:24','Colocar o algoritmo em produção','None',1,'1235','https://tfs.es.gov.br/tfs/DefaultCollection/f7c0ad32-7d99-40de-baa8-c69ab831cd0e/_apis/wit/workItems/1235','work_item','1522edf2cf014fdea569dda252d8b4c4','atomic_user_story'),(314,'b1f5c85cbe87408ebae04e14770ed7f2','2020-02-11 19:45:25','2020-02-11 19:45:25','Finalizar a parte referente ao abastecimento do banco','Fechar o job e as transformações para fazer abastecimento do banco identidade_cidadã.<br>Criar documentação com o funcionamento do job e das transformações.<div>Criar modelo do banco Identidade_Cidadã em SQLServer.</div>',1,'1123','https://tfs.es.gov.br/tfs/DefaultCollection/f7c0ad32-7d99-40de-baa8-c69ab831cd0e/_apis/wit/workItems/1123','work_item','ecfbc9048e664f7abb692e1e058d895d','atomic_user_story'),(315,'fb3a56226e8846e8b321efc2e5708b39','2020-02-11 19:45:25','2020-02-11 19:45:25','Eu, no papel de analista de dados, desejo melhorar o banco do identidade cidadã, exportando mais informações do banco selecaoDT, a fim de melhorar as análises.','Exportar os dados de experiencia profissional e melhorar os dados extraídos da tabela Área',1,'1026','https://tfs.es.gov.br/tfs/DefaultCollection/f7c0ad32-7d99-40de-baa8-c69ab831cd0e/_apis/wit/workItems/1026','work_item','37e19c7574744c0c80cc4ec15f401a5e','atomic_user_story'),(316,'00da652f1d284e83b27e8778c90faf45','2020-02-11 19:45:26','2020-02-11 19:45:26','Começar a montar as transformações para o Seleção Aluno','None',1,'1126','https://tfs.es.gov.br/tfs/DefaultCollection/f7c0ad32-7d99-40de-baa8-c69ab831cd0e/_apis/wit/workItems/1126','work_item','e5e97fd2730a4f58be6a3df65cd47a90','atomic_user_story'),(317,'80d5b8c4ea714fe6909f105164318904','2020-02-11 19:45:26','2020-02-11 19:45:26','Finalizar as analises focando em localização e entender o problema dos outlier.','None',1,'1134','https://tfs.es.gov.br/tfs/DefaultCollection/f7c0ad32-7d99-40de-baa8-c69ab831cd0e/_apis/wit/workItems/1134','work_item','b4f13287342b490a9871489ca2b529d7','atomic_user_story'),(318,'81e9f4d95f3145c1b10ea31604c8a4ce','2020-02-11 19:45:27','2020-02-11 19:45:27','Eu, no papel de desenvolvedor, quero saber o que será possivel extrair de informações a partir do primeiro modelo do banco para começar a desenvolver novas analises.','None',1,'604','https://tfs.es.gov.br/tfs/DefaultCollection/f7c0ad32-7d99-40de-baa8-c69ab831cd0e/_apis/wit/workItems/604','work_item','6ad79963c2bd4ba8868072c1cd67937f','atomic_user_story'),(319,'42b5ecaa7bd348289cab23d4604e3e8f','2020-02-11 19:45:27','2020-02-11 19:45:27','Criação do webservice que retorna o endereço dado o CEP e vice-versa','None',1,'663','https://tfs.es.gov.br/tfs/DefaultCollection/f7c0ad32-7d99-40de-baa8-c69ab831cd0e/_apis/wit/workItems/663','work_item','4b89ac9e44df425b87ae729a28a8565e','atomic_user_story'),(320,'28533b7150ac4fa88f153493d35ed395','2020-02-11 19:45:27','2020-02-11 19:45:27','Eu, no papel de gestor, desejo obter informações das inscrições visando compreender o perfil dos candidatos em termos de escolaridade, localização e ano de inscrição nos concursos.','None',1,'625','https://tfs.es.gov.br/tfs/DefaultCollection/f7c0ad32-7d99-40de-baa8-c69ab831cd0e/_apis/wit/workItems/625','work_item','63d1510217804b2fab055255b7c2191c','atomic_user_story'),(321,'7d10d4cf12424f9e9b10a12c95c88484','2020-02-11 19:45:27','2020-02-11 19:45:27','Eu, no papel de desenvolvedor, quero implementar o schema de como será  a primeira versão do banco OLAP a fim de facilitar a criação do mesmo.','None',1,'603','https://tfs.es.gov.br/tfs/DefaultCollection/f7c0ad32-7d99-40de-baa8-c69ab831cd0e/_apis/wit/workItems/603','work_item','f39c79ce928d48a384e46ca1d6ef8515','atomic_user_story'),(322,'38a0a54739bf426cbaecb673156375be','2020-02-11 19:45:28','2020-02-11 19:45:28','Modificação do banco para adicionar informações extras de cargo e títulos','None',1,'665','https://tfs.es.gov.br/tfs/DefaultCollection/f7c0ad32-7d99-40de-baa8-c69ab831cd0e/_apis/wit/workItems/665','work_item','85ac9f9126ad457ba1efe098dcedd371','atomic_user_story'),(323,'b23c7701a171445f8e62655246dd99a2','2020-02-11 19:45:28','2020-02-11 19:45:28','Correção dos endereços baseado na base CEP ES ','None',1,'745','https://tfs.es.gov.br/tfs/DefaultCollection/f7c0ad32-7d99-40de-baa8-c69ab831cd0e/_apis/wit/workItems/745','work_item','f9163c2455de4bed80e851ca25284be7','atomic_user_story'),(324,'cc2a14ca7df649b1a33c25281d936303','2020-02-11 19:45:28','2020-02-11 19:45:28','Eu, no papel de analista de dados desejo estudar classificação hierárquico e não-hierárquico.','-&gt; estudo sobre o k-means<div>-&gt; estudo dobre classificação hierarquica</div><div>-&gt; estudo sobre a tecnica do cotovelo</div>',1,'1025','https://tfs.es.gov.br/tfs/DefaultCollection/f7c0ad32-7d99-40de-baa8-c69ab831cd0e/_apis/wit/workItems/1025','work_item','5826861609e44683a990b7f9da6177e5','atomic_user_story'),(325,'0eb707452d204a5bb3372625d532854f','2020-02-11 19:45:29','2020-02-11 19:45:29','Eu, como candidato, quero receber uma notificação de concursos abertos para ter ciência dos concursos ','Essa história tem com objetivo enviar um email para os candidatos já cadastrados quando um novo concurso for aberto. <br>',1,'335','https://tfs.es.gov.br/tfs/DefaultCollection/f7c0ad32-7d99-40de-baa8-c69ab831cd0e/_apis/wit/workItems/335','work_item','0bac1789f1b64b9e81a85bdf396c9216','atomic_user_story'),(326,'bf99f8c675a14ce996a47a6f97728a82','2020-02-11 19:45:29','2020-02-11 19:45:29','Eu, como equipe de Data Sciencie, quero carregar os dados entre os banco','None',1,'337','https://tfs.es.gov.br/tfs/DefaultCollection/f7c0ad32-7d99-40de-baa8-c69ab831cd0e/_apis/wit/workItems/337','work_item','9b05bcdce3544fd0b7aa9cea3ee50440','atomic_user_story'),(327,'38fd7f25e66f47878e356037917abd8f','2020-02-11 19:45:30','2020-02-11 19:45:30','Eu, no papel de analista desejo saber mais a fundo sobre regras de associação','Realizar um estudo sobre regras de associação, usando de exemplos para melhor explicitar a aplicação da técnica.&nbsp;',1,'1040','https://tfs.es.gov.br/tfs/DefaultCollection/f7c0ad32-7d99-40de-baa8-c69ab831cd0e/_apis/wit/workItems/1040','work_item','aaa0e22daf754cd38ce759b996012573','atomic_user_story'),(328,'bd0ccf8c82aa43fca9f35a35828ab88d','2020-02-11 19:45:30','2020-02-11 19:45:30','Eu, no papel de analista de dados, desejo \'clusterizar\' - agrupar por padrão - habilidades e títulos.','None',1,'805','https://tfs.es.gov.br/tfs/DefaultCollection/f7c0ad32-7d99-40de-baa8-c69ab831cd0e/_apis/wit/workItems/805','work_item','de8663282fe54e80831ae180d8c8b5d7','atomic_user_story'),(329,'64cf411d990841d6bb72134cf1d5ebfe','2020-02-11 19:45:30','2020-02-11 19:45:30','Eu, candidato, desejo receber novidades sobre cursos que serão ofertados na minha cidade.','None',1,'1427','https://tfs.es.gov.br/tfs/DefaultCollection/f7c0ad32-7d99-40de-baa8-c69ab831cd0e/_apis/wit/workItems/1427','work_item','96aa3a7a6b0140a994840181adfc69db','atomic_user_story'),(330,'6c8e6a6f8f434128a4aa08377fe38066','2020-02-11 19:45:31','2020-02-11 19:45:31','Eu, no papel de analista de dados, desejo melhorar o banco do identidade cidadã importando os dados da tabela \'Área\' do banco Seleção DT a fim de melhorar as análises.','None',1,'925','https://tfs.es.gov.br/tfs/DefaultCollection/f7c0ad32-7d99-40de-baa8-c69ab831cd0e/_apis/wit/workItems/925','work_item','bdc5a07e33f649bea2c9ea578cf39276','atomic_user_story'),(331,'77893772f61648f496d05dd68bf8953f','2020-02-11 19:45:31','2020-02-11 19:45:31','Eu, no papel de analista de dados, desejo fazer um levantamento de perguntas sobre profissionais da área de educação com o intuito de compreende-lo melhor.','Fazer um levantamento sobre questões envolvendo as informações de profissionais da área de educação com o intuito de compreender melhor o comportamento dos candidatos para as vagas específicas desse setor.',1,'926','https://tfs.es.gov.br/tfs/DefaultCollection/f7c0ad32-7d99-40de-baa8-c69ab831cd0e/_apis/wit/workItems/926','work_item','0ccc88afc2b149b38f9e220f97c6ae5e','atomic_user_story'),(332,'ace97ed2c76e4d55bd74e633220fa5dc','2020-02-11 19:45:31','2020-02-11 19:45:31','Eu, como equipe Data Science, quero analisar os dados carregado no banco OLAP, para começar a gerar estatisticas sobre candidatos','None',1,'781','https://tfs.es.gov.br/tfs/DefaultCollection/f7c0ad32-7d99-40de-baa8-c69ab831cd0e/_apis/wit/workItems/781','work_item','4870fc6514f042d3919e10ce3eb8e9f3','atomic_user_story'),(333,'19bfc9b2945140ed9aa85d745ee34362','2020-02-11 19:45:32','2020-02-11 19:45:32','Eu, como analista de dados, desejo categorizar as habilidades afim de facilitar um mapeamento futuro.','None',1,'801','https://tfs.es.gov.br/tfs/DefaultCollection/f7c0ad32-7d99-40de-baa8-c69ab831cd0e/_apis/wit/workItems/801','work_item','d321d39a8e6e40d0a8a21613170c5ef0','atomic_user_story'),(334,'0acedabfa12a455dacb08b8bda878433','2020-02-11 19:45:32','2020-02-11 19:45:32','Eu, como Escola/Superintendência/Sedu, quero consultar as reclamações de minha responsabilidade, para resolvê-las','None',1,'1388','https://tfs.es.gov.br/tfs/DefaultCollection/f7c0ad32-7d99-40de-baa8-c69ab831cd0e/_apis/wit/workItems/1388','work_item','e3e6c10f2126438aaaf4ba7ede9982af','atomic_user_story'),(335,'d29deedb18814e30ba00745f3dd2384d','2020-02-11 19:45:32','2020-02-11 19:45:32','Eu, como cidadão, quero enviar uma reclamação à secretaria de educação, para resolver um problema com o transporte escolar','None',1,'1386','https://tfs.es.gov.br/tfs/DefaultCollection/f7c0ad32-7d99-40de-baa8-c69ab831cd0e/_apis/wit/workItems/1386','work_item','8ec568267cb843ce8253f71351e61ab5','atomic_user_story'),(336,'92e3600e2b734a20afc97d22ecd1f48a','2020-02-11 19:45:32','2020-02-11 19:45:32','Eu, como escola/Superintendência, quero encaminhar uma reclamação ao órgão superior, para ela ser resolvida','None',1,'1390','https://tfs.es.gov.br/tfs/DefaultCollection/f7c0ad32-7d99-40de-baa8-c69ab831cd0e/_apis/wit/workItems/1390','work_item','959d4c9db42c492cacd3535aea03d99a','atomic_user_story'),(337,'eaebe7655fe64882b7bac282e1006127','2020-02-11 19:45:33','2020-02-11 19:45:33','Eu, como órgão de educação, quero adicionar uma anotação/atualização sobre uma reclamação, para informar ao remetente sobre seu andamento','None',1,'1389','https://tfs.es.gov.br/tfs/DefaultCollection/f7c0ad32-7d99-40de-baa8-c69ab831cd0e/_apis/wit/workItems/1389','work_item','0d97def7924a4273b91351dfb90878c8','atomic_user_story'),(338,'8263e5c41ad64973b62f08e5b3a74c7e','2020-02-11 19:45:33','2020-02-11 19:45:33','Eu, como Escola, quero registrar uma reclamação de um cidadão, para que seja avaliada e resolvida','None',1,'1387','https://tfs.es.gov.br/tfs/DefaultCollection/f7c0ad32-7d99-40de-baa8-c69ab831cd0e/_apis/wit/workItems/1387','work_item','5323b8ae85e64ae7916a4185e6a96600','atomic_user_story'),(339,'b2e61a92dc1f478f8cee7ac10616677e','2020-02-11 19:45:33','2020-02-11 19:45:33','Eu, como servidor, quero encaminhar uma foto para um órgão.','None',1,'1320','https://tfs.es.gov.br/tfs/DefaultCollection/f7c0ad32-7d99-40de-baa8-c69ab831cd0e/_apis/wit/workItems/1320','work_item','1cab3c1d8c85426c8dfb314a60cb548e','atomic_user_story'),(340,'5c104d7758824b89b5a72e6cfbd165ca','2020-02-11 19:45:33','2020-02-11 19:45:33','Eu, como desenvolvedor, quero chegar a uma solução para resolver o problema','None',1,'1362','https://tfs.es.gov.br/tfs/DefaultCollection/f7c0ad32-7d99-40de-baa8-c69ab831cd0e/_apis/wit/workItems/1362','work_item','00c5d17066534c588c76ce2af28bbcf7','atomic_user_story'),(341,'7339dbd630634d0e99894fb55c055140','2020-02-11 19:45:34','2020-02-11 19:45:34','Eu, como desenvolvedor, quero imergir no contexto do projeto, para entender com clareza o problema','None',1,'1315','https://tfs.es.gov.br/tfs/DefaultCollection/f7c0ad32-7d99-40de-baa8-c69ab831cd0e/_apis/wit/workItems/1315','work_item','ef06d8dbc029426ea7a6f431c2032947','atomic_user_story'),(342,'ba27d922e55a45f4adbc80502389ab31','2020-02-11 19:45:34','2020-02-11 19:45:34','Eu, como cidadão/servidor, quero adicionar órgãos como destinatários.','None',1,'1069','https://tfs.es.gov.br/tfs/DefaultCollection/f7c0ad32-7d99-40de-baa8-c69ab831cd0e/_apis/wit/workItems/1069','work_item','2a2e585aa6834d5ea614b5d39a9ccfd2','atomic_user_story'),(343,'36182e8aba6646f082e312c27dad6491','2020-02-11 19:45:34','2020-02-11 19:45:34','Eu como, desenvolvedor, quero que minhas entidades sejam geradas com validados dos campos','None',1,'1381','https://tfs.es.gov.br/tfs/DefaultCollection/f7c0ad32-7d99-40de-baa8-c69ab831cd0e/_apis/wit/workItems/1381','work_item','69d3f6e3fcef470a8f16d1c9b40d117f','atomic_user_story'),(344,'e6f76758b27b428b958b215682db158d','2020-02-11 19:45:35','2020-02-11 19:45:35','Eu, como servidor, quero encaminhar uma foto para um setor.','None',1,'1324','https://tfs.es.gov.br/tfs/DefaultCollection/f7c0ad32-7d99-40de-baa8-c69ab831cd0e/_apis/wit/workItems/1324','work_item','61561f4563564e5b92d4b9b9f428953c','atomic_user_story'),(345,'a66eaa778f7a4caa9d99752adb4cf234','2020-02-11 19:45:35','2020-02-11 19:45:35','Eu, como servidor, quero encaminhar uma foto para um grupo trabalho.','None',1,'1326','https://tfs.es.gov.br/tfs/DefaultCollection/f7c0ad32-7d99-40de-baa8-c69ab831cd0e/_apis/wit/workItems/1326','work_item','38b63e34404741c98928b53eb846b57a','atomic_user_story'),(346,'00b00fdd38374206b02f5fb36f2d5249','2020-02-11 19:45:36','2020-02-11 19:45:36','Eu, como servidor, quero adicionar setor como destinatários.','None',1,'1261','https://tfs.es.gov.br/tfs/DefaultCollection/f7c0ad32-7d99-40de-baa8-c69ab831cd0e/_apis/wit/workItems/1261','work_item','a3d6887ca9cf4beeaa00e882ab8b94e7','atomic_user_story'),(347,'81d761ef0f2b44c3a52dc568b899d294','2020-02-11 19:45:36','2020-02-11 19:45:36','Eu, como servidor, quero encaminhar um documento para um setor','None',1,'1268','https://tfs.es.gov.br/tfs/DefaultCollection/f7c0ad32-7d99-40de-baa8-c69ab831cd0e/_apis/wit/workItems/1268','work_item','c22099b1ec184ec2a084903c582d04e3','atomic_user_story'),(348,'d56d4edcf3824e0dba5f65d992511e75','2020-02-11 19:45:36','2020-02-11 19:45:36','Eu, como servidor, quero adicionar grupos de trabalho como destinatários.','None',1,'1262','https://tfs.es.gov.br/tfs/DefaultCollection/f7c0ad32-7d99-40de-baa8-c69ab831cd0e/_apis/wit/workItems/1262','work_item','badf7cef7ca442beb238b09c9028ef1f','atomic_user_story'),(349,'f35eca9f7e5a467781541cb2df3b5f20','2020-02-11 19:45:37','2020-02-11 19:45:37','Eu, como servidor, quero encaminhar um documento para um grupo de trabalho','None',1,'1269','https://tfs.es.gov.br/tfs/DefaultCollection/f7c0ad32-7d99-40de-baa8-c69ab831cd0e/_apis/wit/workItems/1269','work_item','9c12a0c30c404b7cb63cc9b9a8c45f6c','atomic_user_story'),(350,'da390258494645898c79be583c717afb','2020-02-11 19:45:37','2020-02-11 19:45:37','Eu, como desenvolvedor, quero meu diagrama de projeto seja gerado automaticamente','None',1,'1182','https://tfs.es.gov.br/tfs/DefaultCollection/f7c0ad32-7d99-40de-baa8-c69ab831cd0e/_apis/wit/workItems/1182','work_item','fbff78cc5b8646adb7f7e036d89b0bd2','atomic_user_story'),(351,'cbfe6ea9215d4d32b9fbe0a89033226d','2020-02-11 19:45:37','2020-02-11 19:45:37','Eu, como desenvolvedor, quero que meus testes e2e sejam gerados automaticamente','None',1,'1180','https://tfs.es.gov.br/tfs/DefaultCollection/f7c0ad32-7d99-40de-baa8-c69ab831cd0e/_apis/wit/workItems/1180','work_item','1f5a08af718e41c68db31cf4c1716b2b','atomic_user_story'),(352,'3cc0951775d24b9f941325f5c78b1c22','2020-02-11 19:45:38','2020-02-11 19:45:38','Eu, como desenvolvedor, quero que o diagrama de classe seja gerado automaticamente','None',1,'1181','https://tfs.es.gov.br/tfs/DefaultCollection/f7c0ad32-7d99-40de-baa8-c69ab831cd0e/_apis/wit/workItems/1181','work_item','271d23af5dcb44e7bb618b0ee10022e1','atomic_user_story'),(353,'d89b4bf1bd77428eb07544964de5340f','2020-02-11 19:45:38','2020-02-11 19:45:38','Eu, como desenvolvedor independente, quero obter dados de tempo real dos ônibus do Transcol','None',1,'730','https://tfs.es.gov.br/tfs/DefaultCollection/f7c0ad32-7d99-40de-baa8-c69ab831cd0e/_apis/wit/workItems/730','work_item','f4ea37eb3af24019b2bdcad3a5b35c13','atomic_user_story'),(354,'df43d0855107454789be4b0aad527794','2020-02-11 19:45:38','2020-02-11 19:45:38','teste','None',1,'123','https://tfs.es.gov.br/tfs/DefaultCollection/f7c0ad32-7d99-40de-baa8-c69ab831cd0e/_apis/wit/workItems/123','work_item','45acd981bd414df9abbbd3bb1b5b1a4d','epic'),(355,'38b1f81e64db487eb39ea614fe166071','2020-02-11 19:45:39','2020-02-11 19:45:39','Eu, como cidadão/servidor, quero encaminhar um documento para um órgão.','None',1,'1061','https://tfs.es.gov.br/tfs/DefaultCollection/f7c0ad32-7d99-40de-baa8-c69ab831cd0e/_apis/wit/workItems/1061','work_item','4ebbf2fd3c974068a9d8faf1ce7e8de4','atomic_user_story'),(356,'31adf8e7031c4fada57521522f7cb123','2020-02-11 19:45:39','2020-02-11 19:45:39','Eu, como servidor, quero enviar o pdf.','None',1,'1089','https://tfs.es.gov.br/tfs/DefaultCollection/f7c0ad32-7d99-40de-baa8-c69ab831cd0e/_apis/wit/workItems/1089','work_item','f549c46707d140b58c97942bc5f059be','atomic_user_story'),(357,'df7b04c43ebe424c842d18c6dd06d746','2020-02-11 19:45:40','2020-02-11 19:45:40','Eu, como cidadão/servidor, quero ser adicionado como remetente do encaminhamento; ','None',1,'1059','https://tfs.es.gov.br/tfs/DefaultCollection/f7c0ad32-7d99-40de-baa8-c69ab831cd0e/_apis/wit/workItems/1059','work_item','232e63937eb04980bdf4d15eb829ac82','atomic_user_story'),(358,'d9cabd5dfc3d43cc9e6862f56e6a06ad','2020-02-11 19:45:40','2020-02-11 19:45:40','Eu, como servidor, quero selecionar o cargo/função em que vou enviar o documento.','None',1,'1060','https://tfs.es.gov.br/tfs/DefaultCollection/f7c0ad32-7d99-40de-baa8-c69ab831cd0e/_apis/wit/workItems/1060','work_item','6bf0a8a8a436420a8b55ba0f14e1ec3b','atomic_user_story'),(359,'6e01ca7520de4d4ba287ae925b164f27','2020-02-11 19:45:40','2020-02-11 19:45:40','Eu, como cidadão/servidor, quero visualizar os destinatários do encaminhamento.','None',1,'1062','https://tfs.es.gov.br/tfs/DefaultCollection/f7c0ad32-7d99-40de-baa8-c69ab831cd0e/_apis/wit/workItems/1062','work_item','e13b7315ff5546d991c6b3064a6136fa','atomic_user_story'),(360,'1f932abe2f9d48cdb46e3e9b751b7021','2020-02-11 19:45:41','2020-02-11 19:45:41','Eu, como cidadão, quero favoritar módulos do ESPM','None',1,'937','https://tfs.es.gov.br/tfs/DefaultCollection/f7c0ad32-7d99-40de-baa8-c69ab831cd0e/_apis/wit/workItems/937','work_item','0ceef729373643a5ad0a08c4d76cfd43','atomic_user_story'),(361,'a683f1c3502b4642b8543bfa4b95d3d3','2020-02-11 19:45:41','2020-02-11 19:45:41','Eu, como servidor, quero adicionar um título a um encaminhamento','None',1,'1016','https://tfs.es.gov.br/tfs/DefaultCollection/f7c0ad32-7d99-40de-baa8-c69ab831cd0e/_apis/wit/workItems/1016','work_item','903ecce0cd5444e186fbee91c9567b75','atomic_user_story'),(362,'cd59f02a69e245129826157ba4cec4d1','2020-02-11 19:45:41','2020-02-11 19:45:41','Eu, como cidadão/servidor, quero informar o nome do documento.','None',1,'1017','https://tfs.es.gov.br/tfs/DefaultCollection/f7c0ad32-7d99-40de-baa8-c69ab831cd0e/_apis/wit/workItems/1017','work_item','e1aacd42777343d48aa307b0155b16d1','atomic_user_story'),(363,'02b406e9668e4feeb51dd0a48e2ceb15','2020-02-11 19:45:42','2020-02-11 19:45:42','Eu, como cidadão/servidor, quero selecionar o tipo de documento para conferencia.','None',1,'1018','https://tfs.es.gov.br/tfs/DefaultCollection/f7c0ad32-7d99-40de-baa8-c69ab831cd0e/_apis/wit/workItems/1018','work_item','f2f6c6301d1748eb9b50bf01e941f25d','atomic_user_story'),(364,'7c579664383547849448a4c72627b5dd','2020-02-11 19:45:42','2020-02-11 19:45:42','Eu, como cidadão/servidor, quero adicionar uma mensagem ao encaminhar um documento.','None',1,'1019','https://tfs.es.gov.br/tfs/DefaultCollection/f7c0ad32-7d99-40de-baa8-c69ab831cd0e/_apis/wit/workItems/1019','work_item','e48080a7949a494abae7494760abf2b5','atomic_user_story'),(365,'25b566ace1dc45168bd14a6093c03c6e','2020-02-11 19:45:42','2020-02-11 19:45:42','Criação do webservice que retorna as pessoas dado determinado cargo','None',1,'664','https://tfs.es.gov.br/tfs/DefaultCollection/f7c0ad32-7d99-40de-baa8-c69ab831cd0e/_apis/wit/workItems/664','work_item','8eb0fe9a90864fb39304034510868c9d','atomic_user_story'),(366,'493fb4be84df4630944188a2f41c66b8','2020-02-11 19:45:43','2020-02-11 19:45:43','Eu, como cidadão, quero fazer uma busca, para encontrar um serviço','None',1,'932','https://tfs.es.gov.br/tfs/DefaultCollection/f7c0ad32-7d99-40de-baa8-c69ab831cd0e/_apis/wit/workItems/932','work_item','43b37432d7344c38bec6567e831464bd','atomic_user_story'),(367,'9a36eb308a7644b5805783c058510727','2020-02-11 19:45:43','2020-02-11 19:45:43','Conseguir tirar sangue do braço do David','None',1,'916','https://tfs.es.gov.br/tfs/DefaultCollection/f7c0ad32-7d99-40de-baa8-c69ab831cd0e/_apis/wit/workItems/916','work_item','05a31f2218314009815b3ebfb012c815','atomic_user_story'),(368,'c1efdd22cd5047ada3fc2f8a3ffd363c','2020-02-11 19:45:43','2020-02-11 19:45:43','Prototipas as telas','None',1,'911','https://tfs.es.gov.br/tfs/DefaultCollection/f7c0ad32-7d99-40de-baa8-c69ab831cd0e/_apis/wit/workItems/911','work_item','eb2de7ca05524b98a3a9251f38a10771','atomic_user_story'),(369,'b0458eb8fa97486dae5ddb020a952ea0','2020-02-11 19:45:44','2020-02-11 19:45:44','Eu, como desenvolvedor, quero idealizar o E-Docs','None',1,'913','https://tfs.es.gov.br/tfs/DefaultCollection/f7c0ad32-7d99-40de-baa8-c69ab831cd0e/_apis/wit/workItems/913','work_item','9a625346c80e4f8eadff0200b9f355d8','atomic_user_story'),(370,'3da4b46eb33e477aa1f7207e6a788e79','2020-02-11 19:45:44','2020-02-11 19:45:44','Eu, como usuário, gostaria de ter um design atraente no app ESPM','None',1,'748','https://tfs.es.gov.br/tfs/DefaultCollection/f7c0ad32-7d99-40de-baa8-c69ab831cd0e/_apis/wit/workItems/748','work_item','5db33057ef2e4735910e28c04ce16037','atomic_user_story'),(371,'2ef1e14467814159a8af3b9111115a7a','2020-02-11 19:45:45','2020-02-11 19:45:45','Eu, como usuário quero usar todas as funcionalidades do app.','None',1,'897','https://tfs.es.gov.br/tfs/DefaultCollection/f7c0ad32-7d99-40de-baa8-c69ab831cd0e/_apis/wit/workItems/897','work_item','491f461bc2424786b98b81a9f45117cc','atomic_user_story'),(372,'be2863e843f1414d99598cb6607618b0','2020-02-11 19:45:45','2020-02-11 19:45:45','Eu, como desenvolvedor gostaria de aplicar melhorias no app','None',1,'790','https://tfs.es.gov.br/tfs/DefaultCollection/f7c0ad32-7d99-40de-baa8-c69ab831cd0e/_apis/wit/workItems/790','work_item','1b07501dba204d838185861e468c46e5','atomic_user_story'),(373,'118e70bc28634cc681f152926bfa3523','2020-02-11 19:45:45','2020-02-11 19:45:45','Eu, como desenvolvedor, quero imergir no E-DOCS','None',1,'889','https://tfs.es.gov.br/tfs/DefaultCollection/f7c0ad32-7d99-40de-baa8-c69ab831cd0e/_apis/wit/workItems/889','work_item','5449fd8340944060b9ecaff58c733417','atomic_user_story'),(374,'bb5ae5d00f3349d780dbe8df37c1e1e8','2020-02-11 19:45:46','2020-02-11 19:45:46','Eu, como desenvolvedor, desejo ter acesso a documentação da api de push notification.','Adicionar swagger na api de push notification',1,'865','https://tfs.es.gov.br/tfs/DefaultCollection/f7c0ad32-7d99-40de-baa8-c69ab831cd0e/_apis/wit/workItems/865','work_item','af22950ebb5b43b8a59ab486e411ce92','atomic_user_story'),(375,'e7bd159a9aa04deabfe6462b474358cd','2020-02-11 19:45:46','2020-02-11 19:45:46','Eu, como desenvolvedor, quero melhorar o sonar.','None',1,'837','https://tfs.es.gov.br/tfs/DefaultCollection/f7c0ad32-7d99-40de-baa8-c69ab831cd0e/_apis/wit/workItems/837','work_item','55287fb1df5b4a2682dd4adb36e1a1f1','atomic_user_story'),(376,'57316639aeb64e178daeae2f7412d659','2020-02-11 19:45:46','2020-02-11 19:45:46','Eu, como aluno, desejo visualizar anexos de um processo seletivo','Visualizar anexos dos processos seletivos',1,'799','https://tfs.es.gov.br/tfs/DefaultCollection/f7c0ad32-7d99-40de-baa8-c69ab831cd0e/_apis/wit/workItems/799','work_item','fabe27286a46413bb56656ae87d1ae60','atomic_user_story'),(377,'e1797187ebcf48a392a1b2f84209cefc','2020-02-11 19:45:47','2020-02-11 19:45:47','Eu, como aluno desejo saber o cronograma de um processo seletivo','Exibir as datas de eventos relacionados a um processo seletivo',1,'798','https://tfs.es.gov.br/tfs/DefaultCollection/f7c0ad32-7d99-40de-baa8-c69ab831cd0e/_apis/wit/workItems/798','work_item','5c4937cbef5140e0835daa7a611f3f52','atomic_user_story'),(378,'1a5a209f698346059df0e60c65f36785','2020-02-11 19:45:47','2020-02-11 19:45:47','Eu, como desenvolvedor, desejo tornar minhas apis independentes do banco de dados do prodest para manter a integridade e disponibilidade da aplicação','None',1,'864','https://tfs.es.gov.br/tfs/DefaultCollection/f7c0ad32-7d99-40de-baa8-c69ab831cd0e/_apis/wit/workItems/864','work_item','a40f23fd94714f5cb0cc8538e4d306a4','atomic_user_story'),(379,'bbb6f3c5e1094b4aa014d4f9e11467a6','2020-02-11 19:45:47','2020-02-11 19:45:47','Eu, como estudante, desejo ser informado sobre novas oportunidades ','Envio de notificações para alunos que favoritaram o curso ou processo seletivo;<div>Envio de notificações para alunos que possam ter interesse em novos cursos;</div>',1,'797','https://tfs.es.gov.br/tfs/DefaultCollection/f7c0ad32-7d99-40de-baa8-c69ab831cd0e/_apis/wit/workItems/797','work_item','2bbd0242b2dd4c79b31ebb4de23c93f0','atomic_user_story'),(380,'837c745044e948ebb5bd84135f1e9047','2020-02-11 19:45:47','2020-02-11 19:45:47','Eu, como aluno, quero favoritar um processo seletivo','Criar opção de adicionar nos favoritos',1,'800','https://tfs.es.gov.br/tfs/DefaultCollection/f7c0ad32-7d99-40de-baa8-c69ab831cd0e/_apis/wit/workItems/800','work_item','59046bfe914942bc97f3d69c4aeb573e','atomic_user_story'),(381,'9993d4dc30a741b590c3b1f2e8599641','2020-02-11 19:45:47','2020-02-11 19:45:47','Eu, como cidadão, quero escolher receber (ou não) notificações de novos concursos','None',1,'654','https://tfs.es.gov.br/tfs/DefaultCollection/f7c0ad32-7d99-40de-baa8-c69ab831cd0e/_apis/wit/workItems/654','work_item','d1d7ee67154044fe954b733041ec9029','atomic_user_story'),(382,'e30243dcbaa04f978d8222e52e45b720','2020-02-11 19:45:48','2020-02-11 19:45:48','Eu, como candidato, quero ser notificado quando surgirem novidades sobre um concurso ao qual favoritei para me manter atualizado ','None',1,'592','https://tfs.es.gov.br/tfs/DefaultCollection/f7c0ad32-7d99-40de-baa8-c69ab831cd0e/_apis/wit/workItems/592','work_item','990ac9c11bcb440e8c33410ef3b35d53','atomic_user_story'),(383,'059595987c104c9c8d4cfc00de9c6254','2020-02-11 19:45:48','2020-02-11 19:45:48','Eu, como candidato, quero receber notificações sobre os concursos.','None',1,'632','https://tfs.es.gov.br/tfs/DefaultCollection/f7c0ad32-7d99-40de-baa8-c69ab831cd0e/_apis/wit/workItems/632','work_item','dbc6e85a94584e0fa427d94df505068b','atomic_user_story'),(384,'2af6ce7b831146d7be7bb3c61345a77c','2020-02-11 19:45:48','2020-02-11 19:45:48','Eu, como candidato, quero ver todos os concursos que participei ','None',1,'391','https://tfs.es.gov.br/tfs/DefaultCollection/f7c0ad32-7d99-40de-baa8-c69ab831cd0e/_apis/wit/workItems/391','work_item','c9c9c3a9bb0a442782763d1154a27b1d','atomic_user_story'),(385,'bc4938a8c9f24d3e94f9e6a0b078831c','2020-02-11 19:45:49','2020-02-11 19:45:49','Eu, como candidato, quero favoritar um concurso para acompanha-lo rapidamente','None',1,'590','https://tfs.es.gov.br/tfs/DefaultCollection/f7c0ad32-7d99-40de-baa8-c69ab831cd0e/_apis/wit/workItems/590','work_item','224bb13740b54108bb356307181f1c79','atomic_user_story'),(386,'fddc299c2ff246a0916f1eb41f4b0232','2020-02-11 19:45:49','2020-02-11 19:45:49','Eu, como candidato, quero saber se me classifiquei em um concurso.','None',1,'571','https://tfs.es.gov.br/tfs/DefaultCollection/f7c0ad32-7d99-40de-baa8-c69ab831cd0e/_apis/wit/workItems/571','work_item','1041e3e0af034178ab3d700fa9207bcf','atomic_user_story'),(387,'4d6fc5267d0a453f80cd4f222df37d08','2020-02-11 19:45:49','2020-02-11 19:45:49','Eu como Bolsista quero entrar de férias dia 21.','None',1,'467','https://tfs.es.gov.br/tfs/DefaultCollection/f7c0ad32-7d99-40de-baa8-c69ab831cd0e/_apis/wit/workItems/467','work_item','682d6ea55c9749c6a511d1d668f1594b','atomic_user_story'),(388,'fcb5e596b517429fa1281d8f49ac28d7','2020-02-11 19:45:50','2020-02-11 19:45:50','Eu, como candidato, quero visualizar detalhes de um concurso (Dados importante, vagas, salario, valor inscri...)','None',1,'390','https://tfs.es.gov.br/tfs/DefaultCollection/f7c0ad32-7d99-40de-baa8-c69ab831cd0e/_apis/wit/workItems/390','work_item','8fac978d12ce441cadeaf334129eebc3','atomic_user_story'),(389,'0a1970daffdd4a2b981cb49f58198d11','2020-02-11 19:45:50','2020-02-11 19:45:50','Eu, como candidato, quero visualizar o resultado do concurso','None',1,'64','https://tfs.es.gov.br/tfs/DefaultCollection/f7c0ad32-7d99-40de-baa8-c69ab831cd0e/_apis/wit/workItems/64','work_item','c020bdf0cdf94c79880f54709aefc461','atomic_user_story'),(390,'e0462bf8c959447cb747b472dc447352','2020-02-11 19:45:50','2020-02-11 19:45:50','Eu, como candidato, quero saber a minha classificação','None',1,'66','https://tfs.es.gov.br/tfs/DefaultCollection/f7c0ad32-7d99-40de-baa8-c69ab831cd0e/_apis/wit/workItems/66','work_item','3ab8e80070f94e1fb0f938cb4c6a0eb4','atomic_user_story'),(391,'648bab74ad48470fb6c3b9e14370bd58','2020-02-11 19:45:51','2020-02-11 19:45:51','Eu, como candidato, quero ter acesso ao edital de um concurso','None',1,'67','https://tfs.es.gov.br/tfs/DefaultCollection/f7c0ad32-7d99-40de-baa8-c69ab831cd0e/_apis/wit/workItems/67','work_item','65a28408ceb046abad7a67b7b376ffe1','atomic_user_story'),(392,'fcc9b8be302f4de8b437dbe6041ac42e','2020-02-11 19:45:51','2020-02-11 19:45:51','Eu, como candidato, quero visualizar detalhes de um concurso (Dados importante, vagas, salario, valor inscri...)','None',1,'68','https://tfs.es.gov.br/tfs/DefaultCollection/f7c0ad32-7d99-40de-baa8-c69ab831cd0e/_apis/wit/workItems/68','work_item','63114aa3c0d941f8bebf9571dc4a2c25','atomic_user_story'),(393,'35c7149cc2204a788609b8a3a5576714','2020-02-11 19:45:51','2020-02-11 19:45:51','Eu, como candidato, quero saber se houve alguma errata','None',1,'69','https://tfs.es.gov.br/tfs/DefaultCollection/f7c0ad32-7d99-40de-baa8-c69ab831cd0e/_apis/wit/workItems/69','work_item','1aabe3a3bbce4fd1ace1c372e9d78695','atomic_user_story'),(394,'bd4b14454b694f54a4748aa615eb9fbd','2020-02-11 19:45:51','2020-02-11 19:45:51','Eu, como candidato, quero ver todos os concursos que participei ','None',1,'74','https://tfs.es.gov.br/tfs/DefaultCollection/f7c0ad32-7d99-40de-baa8-c69ab831cd0e/_apis/wit/workItems/74','work_item','e76559e0300b42338f954df6473621a5','atomic_user_story'),(395,'97a5f74e4eb94500ba9e336399487501','2020-02-11 19:45:52','2020-02-11 19:45:52','Eu, como candidato, quero favoritar um concurso','None',1,'75','https://tfs.es.gov.br/tfs/DefaultCollection/f7c0ad32-7d99-40de-baa8-c69ab831cd0e/_apis/wit/workItems/75','work_item','98b3299d37184301b11e73094d4ab610','atomic_user_story'),(396,'6b1b6833bbf94ce59af4ac3d29e05201','2020-02-11 19:45:52','2020-02-11 19:45:52','Eu, como candidato, quero visualizar os concursos ','Deve retornar os dados do concurso e seus status.',1,'58','https://tfs.es.gov.br/tfs/DefaultCollection/f7c0ad32-7d99-40de-baa8-c69ab831cd0e/_apis/wit/workItems/58','work_item','a3c668b1dfa8495d895b2a72ee9cc2b7','atomic_user_story'),(397,'f82f082d368c40239320525e5750569b','2020-02-11 19:45:52','2020-02-11 19:45:52','Eu, como candidato, quero visualizar os concursos','None',1,'355','https://tfs.es.gov.br/tfs/DefaultCollection/f7c0ad32-7d99-40de-baa8-c69ab831cd0e/_apis/wit/workItems/355','work_item','17ddd3710d4e45948088ef57051f521e','atomic_user_story'),(398,'f9685d5acc9a4ecdab6f4d96737d4065','2020-02-11 19:45:53','2020-02-11 19:45:53','Eu, como cidadão, quero ver as informações do Transcol no Google Maps.','None',1,'725','https://tfs.es.gov.br/tfs/DefaultCollection/f7c0ad32-7d99-40de-baa8-c69ab831cd0e/_apis/wit/workItems/725','work_item','cd320dcf56c44ba19ed9c44de379f05c','atomic_user_story'),(399,'b861fa8fed694532b28b6e8af0a4e0d2','2020-02-11 19:45:53','2020-02-11 19:45:53','Eu como webdesign quero aplicar o guideline nas paginas Oportunidades','None',1,'621','https://tfs.es.gov.br/tfs/DefaultCollection/f7c0ad32-7d99-40de-baa8-c69ab831cd0e/_apis/wit/workItems/621','work_item','f689f1bfc7ad4998842ab5ac71065884','atomic_user_story'),(400,'3cc15de1ba44475bb74ff43bd3ef4b75','2020-02-11 19:45:54','2020-02-11 19:45:54','Eu, como desenvolvedor, quero gerar o horário que o ônibus passa em cada ponto para gerar o GTFS corretamente','None',1,'588','https://tfs.es.gov.br/tfs/DefaultCollection/f7c0ad32-7d99-40de-baa8-c69ab831cd0e/_apis/wit/workItems/588','work_item','336b61bc8d774a60b1ce3cf39cb592ae','atomic_user_story'),(401,'b4e01cc7ef5d42e196d869ab50e3259e','2020-02-11 19:45:54','2020-02-11 19:45:54','Eu, como equipe de desenvolvimento, quero configurar a arquitetura do projeto','None',1,'122','https://tfs.es.gov.br/tfs/DefaultCollection/f7c0ad32-7d99-40de-baa8-c69ab831cd0e/_apis/wit/workItems/122','work_item','1ca27362c14141a88fe49c759e22f283','atomic_user_story'),(402,'ddb761876f95481999ae321cec46e483','2020-02-11 19:45:54','2020-02-11 19:45:54','Eu, como dono de um veículo, quero gerar GRU com alguns débitos no aplicativo ESPM.','None',1,'597','https://tfs.es.gov.br/tfs/DefaultCollection/f7c0ad32-7d99-40de-baa8-c69ab831cd0e/_apis/wit/workItems/597','work_item','32feb3537e754f02b83bd1da623c823b','atomic_user_story'),(403,'fb5f4ac3c5bd4927a4b3ab1ed0533d49','2020-02-11 19:45:55','2020-02-11 19:45:55','Eu, como dono de um veículo, quero gerar GRU com alguns débitos.','None',1,'48','https://tfs.es.gov.br/tfs/DefaultCollection/f7c0ad32-7d99-40de-baa8-c69ab831cd0e/_apis/wit/workItems/48','work_item','f274ca73c09c452582824cec20ec0a02','atomic_user_story'),(404,'3ba1b9f0052041a2a81c81112a004bd9','2020-02-11 19:45:55','2020-02-11 19:45:55','Eu, como cidadão, quero saber o horário que o ônibus passa em cada ponto no google transit ','None',1,'641','https://tfs.es.gov.br/tfs/DefaultCollection/f7c0ad32-7d99-40de-baa8-c69ab831cd0e/_apis/wit/workItems/641','work_item','d1061c440a3b47cba5663d3d2f1ae16a','atomic_user_story'),(405,'f39333e3a8e14b2a9dd605fd581869f1','2020-02-11 19:45:55','2020-02-11 19:45:55','Eu, como cidadão, quero saber a porcentagem da frota em circulação','None',1,'649','https://tfs.es.gov.br/tfs/DefaultCollection/f7c0ad32-7d99-40de-baa8-c69ab831cd0e/_apis/wit/workItems/649','work_item','7eb65319df31441fb56210d8670c1429','atomic_user_story'),(406,'8e3fab888308403cb771895117051f72','2020-02-11 19:45:56','2020-02-11 19:45:56','Eu, como desenvolvedor, quero aumentar a estabilidade da infra do real-time','None',1,'660','https://tfs.es.gov.br/tfs/DefaultCollection/f7c0ad32-7d99-40de-baa8-c69ab831cd0e/_apis/wit/workItems/660','work_item','652e98dd8b7248078bd266fb263c6ff3','atomic_user_story'),(407,'da46727ccedf4f1fa727bbd140ec6623','2020-02-11 19:45:56','2020-02-11 19:45:56','Eu, como cidadão, quero fazer consulta dos onibus em tempo real sem nenhuma demora na resposta','None',1,'680','https://tfs.es.gov.br/tfs/DefaultCollection/f7c0ad32-7d99-40de-baa8-c69ab831cd0e/_apis/wit/workItems/680','work_item','9274e9542385417e911ffea3a626accd','atomic_user_story'),(408,'a504f47557734af29128dd4a7d66c2c9','2020-02-11 19:45:56','2020-02-11 19:45:56','Eu, como cidadão, quero saber o preço da passagem para gerenciar a minha viagem','None',1,'11','https://tfs.es.gov.br/tfs/DefaultCollection/f7c0ad32-7d99-40de-baa8-c69ab831cd0e/_apis/wit/workItems/11','work_item','e06603a755bd456fb9d3a234d32fd7bf','atomic_user_story'),(409,'1f3ca08c314248519051ddca5ac4178c','2020-02-11 19:45:57','2020-02-11 19:45:57','Eu, como equipe de desenvolvimento, quero colocar o sistema em Produção','None',1,'12','https://tfs.es.gov.br/tfs/DefaultCollection/f7c0ad32-7d99-40de-baa8-c69ab831cd0e/_apis/wit/workItems/12','work_item','9fcc4bfb63b1475bb88e51918d64d981','atomic_user_story'),(410,'40c1d9c922d34e5cb09717188da71173','2020-02-11 19:45:57','2020-02-11 19:45:57','Eu, como equipe de desenvolvimento, quero estudar a transmissão de notificações aos usuários','None',1,'17','https://tfs.es.gov.br/tfs/DefaultCollection/f7c0ad32-7d99-40de-baa8-c69ab831cd0e/_apis/wit/workItems/17','work_item','6a9a475bd0a44edf9f4d28ca46681c64','atomic_user_story'),(411,'e86fdd5b723c412e943129b51e294580','2020-02-11 19:45:57','2020-02-11 19:45:57','Eu, como funcionario da ceturb, quero informar os feriados para o cidadão saber as alterações na programação','None',1,'224','https://tfs.es.gov.br/tfs/DefaultCollection/f7c0ad32-7d99-40de-baa8-c69ab831cd0e/_apis/wit/workItems/224','work_item','4872ba5b9beb404aa104c2c4366f20c4','atomic_user_story'),(412,'ba2cc949e52642799026052cab7f6d58','2020-02-11 19:45:58','2020-02-11 19:45:58','Eu, como funcionário da ceturb, quero informar os valores da passagem','None',1,'225','https://tfs.es.gov.br/tfs/DefaultCollection/f7c0ad32-7d99-40de-baa8-c69ab831cd0e/_apis/wit/workItems/225','work_item','4e0d2986d9cb4d09af7d18ef5d953a8a','atomic_user_story'),(413,'6da9e459f1e9425e88391956d7f939a0','2020-02-11 19:45:58','2020-02-11 19:45:58','Eu, como funcionário da ceturb, quero informar os mapas dos itinerarios','None',1,'226','https://tfs.es.gov.br/tfs/DefaultCollection/f7c0ad32-7d99-40de-baa8-c69ab831cd0e/_apis/wit/workItems/226','work_item','aa3e5b1f73994bd1971fa56946fca467','atomic_user_story'),(414,'f1d04fc8ad2b41be84d911db003b594a','2020-02-11 19:45:58','2020-02-11 19:45:58','Eu, como funcionário da ceturb, quero informar que há um problema na programação. ','None',1,'227','https://tfs.es.gov.br/tfs/DefaultCollection/f7c0ad32-7d99-40de-baa8-c69ab831cd0e/_apis/wit/workItems/227','work_item','8661565465d749b8b5c76f0cd2ba68ad','atomic_user_story'),(415,'1574732a767846928dd362985a94d87d','2020-02-11 19:45:59','2020-02-11 19:45:59','Eu, como cidadão, quero saber a posição do ônibus que estou esperando no ponto','None',1,'228','https://tfs.es.gov.br/tfs/DefaultCollection/f7c0ad32-7d99-40de-baa8-c69ab831cd0e/_apis/wit/workItems/228','work_item','e6136fc228b146d38c57caf127c1a00e','atomic_user_story'),(416,'67ae17a76bc84c6f94e707307893325a','2020-02-11 19:45:59','2020-02-11 19:45:59','Eu, como equipe de TI, quero salvar os dados da posição do ônibus na base de dados','None',1,'229','https://tfs.es.gov.br/tfs/DefaultCollection/f7c0ad32-7d99-40de-baa8-c69ab831cd0e/_apis/wit/workItems/229','work_item','a43d7615b89d4ed18e856db46fb761f8','atomic_user_story'),(417,'8f6d8b2aee3f447fa68373ce82d46864','2020-02-11 19:45:59','2020-02-11 19:45:59','Eu, como desenvolvedor, quero ter acesso a base real-time da posição dos ônibus','None',1,'230','https://tfs.es.gov.br/tfs/DefaultCollection/f7c0ad32-7d99-40de-baa8-c69ab831cd0e/_apis/wit/workItems/230','work_item','922eaeba05914d6da716895fce448ace','atomic_user_story'),(418,'e935889446b243d39126e8b553ad9ba3','2020-02-11 19:46:00','2020-02-11 19:46:00','Eu, como deficiente visual, quero saber os próximos ônibus que chegarão ao meu ponto','None',1,'338','https://tfs.es.gov.br/tfs/DefaultCollection/f7c0ad32-7d99-40de-baa8-c69ab831cd0e/_apis/wit/workItems/338','work_item','b0c29306d53a4c40accc55f1166fa067','atomic_user_story'),(419,'f8f6c61e43c64edcb2320c3ffa645bdc','2020-02-11 19:46:00','2020-02-11 19:46:00','Eu, como desenvolvedor, quero acessar o swagger.json da api-ceturb para criar aplicativos cliente','None',1,'339','https://tfs.es.gov.br/tfs/DefaultCollection/f7c0ad32-7d99-40de-baa8-c69ab831cd0e/_apis/wit/workItems/339','work_item','0510275203c1415ca5baf5b035273fad','atomic_user_story'),(420,'7b68e8d8c96141e9a404c023be5a59c8','2020-02-11 19:46:00','2020-02-11 19:46:00','Eu, como equipe de desenvolvimento, quero atualizar as transformações do PDI','None',1,'350','https://tfs.es.gov.br/tfs/DefaultCollection/f7c0ad32-7d99-40de-baa8-c69ab831cd0e/_apis/wit/workItems/350','work_item','a5072e0a421b48488290521024c6dbe4','atomic_user_story'),(421,'1c7907fad1a74f66a42c7ac3e7b4b8be','2020-02-11 19:46:01','2020-02-11 19:46:01','Eu, como desenvolvedor, quero atualizar a api-ceturb','None',1,'354','https://tfs.es.gov.br/tfs/DefaultCollection/f7c0ad32-7d99-40de-baa8-c69ab831cd0e/_apis/wit/workItems/354','work_item','22c10703b1664c6897847bfcc1200034','atomic_user_story'),(422,'8680c20193344cf7be0b89ba9853a863','2020-02-11 19:46:01','2020-02-11 19:46:01','Eu, como equipe do Google Tansit, quero deixar um planejamento prévio preparado ','None',1,'499','https://tfs.es.gov.br/tfs/DefaultCollection/f7c0ad32-7d99-40de-baa8-c69ab831cd0e/_apis/wit/workItems/499','work_item','56d3a48e6d284132820b27caa3e6c8bc','atomic_user_story'),(423,'9e825f3d31964658a1dfa5b8c4aa6689','2020-02-11 19:46:01','2020-02-11 19:46:01','Eu, como Membro do Time, quero saber a velocidade do meu time para me ajudar no planejamento','None',1,'95','https://tfs.es.gov.br/tfs/DefaultCollection/f7c0ad32-7d99-40de-baa8-c69ab831cd0e/_apis/wit/workItems/95','work_item','182145cdba5243c58115c998120f4d99','atomic_user_story'),(424,'c2031fcd17c641f3a83dc7399ea45cdf','2020-02-11 19:46:02','2020-02-11 19:46:02','Eu, como Membro do Time, quero saber o WIP do meu time para ajudar no planejamento','None',1,'96','https://tfs.es.gov.br/tfs/DefaultCollection/f7c0ad32-7d99-40de-baa8-c69ab831cd0e/_apis/wit/workItems/96','work_item','87aad891d26b47c2ad5beea8500fba76','atomic_user_story'),(425,'60c0daf6276046e38db3531b53aa2d35','2020-02-11 19:46:02','2020-02-11 19:46:02','Eu, como gestora, gostaria de melhorar o processo de notificação do time acerca das reuniões e relatórios','None',1,'213','https://tfs.es.gov.br/tfs/DefaultCollection/f7c0ad32-7d99-40de-baa8-c69ab831cd0e/_apis/wit/workItems/213','work_item','29f5f6d777c1463cb128733441aa563c','atomic_user_story'),(426,'79584bf7f59a4cf0a094ec86c455118a','2020-02-11 19:46:02','2020-02-11 19:46:02','Eu, como gestor, devo gerar um web service para receber os dados do tfs','None',1,'443','https://tfs.es.gov.br/tfs/DefaultCollection/f7c0ad32-7d99-40de-baa8-c69ab831cd0e/_apis/wit/workItems/443','work_item','a083f21c832344ab882e7a684c823812','atomic_user_story'),(427,'4a8b5c0de0b4410494b3f0faa046bcc2','2020-02-11 19:46:03','2020-02-11 19:46:03','Eu, como gestor de projeto, quero saber a velocidade do time, para entregar no prazo','None',1,'520','https://tfs.es.gov.br/tfs/DefaultCollection/f7c0ad32-7d99-40de-baa8-c69ab831cd0e/_apis/wit/workItems/520','work_item','ae88b13cabed41268e433fe059a1497c','atomic_user_story'),(428,'654f259476bf45e3b718f3d49390b3e4','2020-02-11 19:46:03','2020-02-11 19:46:03','Eu, como gestor de projetos, quero calcular o WIP do time, para entregar no prazo.','None',1,'521','https://tfs.es.gov.br/tfs/DefaultCollection/f7c0ad32-7d99-40de-baa8-c69ab831cd0e/_apis/wit/workItems/521','work_item','0e95e1908ea74a939cbdd0856b88da78','atomic_user_story'),(429,'dcc87f7906d44e21af0af7b22bb00da4','2020-02-11 19:46:03','2020-02-11 19:46:03','Eu, como gestor, quero saber o cycle time do time, para melhorar a entrega no prazo.','None',1,'522','https://tfs.es.gov.br/tfs/DefaultCollection/f7c0ad32-7d99-40de-baa8-c69ab831cd0e/_apis/wit/workItems/522','work_item','ed145850199142b1969c41141c7ec63a','atomic_user_story'),(430,'a283ea1b119544b183d7b7407f1eee40','2020-02-11 19:46:03','2020-02-11 19:46:03','Eu, como desenvolvedor, quero modificar o background do Gravitee','None',1,'104','https://tfs.es.gov.br/tfs/DefaultCollection/f7c0ad32-7d99-40de-baa8-c69ab831cd0e/_apis/wit/workItems/104','work_item','4c9448f876a74f268d39326630786d0c','atomic_user_story'),(431,'cf9108d7a0e64bf991a2a1fbf2dae678','2020-02-11 19:46:04','2020-02-11 19:46:04','Eu, como consumidor de api, quero saber como usar as apis do gravitee','None',1,'158','https://tfs.es.gov.br/tfs/DefaultCollection/f7c0ad32-7d99-40de-baa8-c69ab831cd0e/_apis/wit/workItems/158','work_item','7f29abc8025843d0b962fee378d0c00b','atomic_user_story'),(432,'575272bc05984a65868ab417bfecf794','2020-02-11 19:46:04','2020-02-11 19:46:04','Eu, como produtor de api, quero saber como cadastrar uma api no gravitee','None',1,'159','https://tfs.es.gov.br/tfs/DefaultCollection/f7c0ad32-7d99-40de-baa8-c69ab831cd0e/_apis/wit/workItems/159','work_item','9098648f9d554f13aafd3df4622b0716','atomic_user_story'),(433,'4cf41a3c73f748f3b2d353397d82873e','2020-02-11 19:46:04','2020-02-11 19:46:04','Eu, como consumidor,  quero notificar um problema no portal','None',1,'162','https://tfs.es.gov.br/tfs/DefaultCollection/f7c0ad32-7d99-40de-baa8-c69ab831cd0e/_apis/wit/workItems/162','work_item','652be648511a4d91bd1c979e212f7cc0','atomic_user_story'),(434,'4ae699b22e7244bcab0b5c604492e8e6','2020-02-11 19:46:05','2020-02-11 19:46:05','Eu, como gestor, quero cadastrar as apis da prodest no Gravitee','None',1,'167','https://tfs.es.gov.br/tfs/DefaultCollection/f7c0ad32-7d99-40de-baa8-c69ab831cd0e/_apis/wit/workItems/167','work_item','4388c8bd44634aa781ed845f005118f1','atomic_user_story'),(435,'1a9bc1389bdf463a9eb349bd4f225317','2020-02-11 19:46:05','2020-02-11 19:46:05','Eu, como desenvolvedor, quero automatizar o processo de atualização do gravitee','None',1,'170','https://tfs.es.gov.br/tfs/DefaultCollection/f7c0ad32-7d99-40de-baa8-c69ab831cd0e/_apis/wit/workItems/170','work_item','88180266fd024579a38908020c256951','atomic_user_story'),(436,'d1c012204f8c4b01b5fa56ebe641bfaa','2020-02-11 19:46:05','2020-02-11 19:46:05','Eu, como desenvolvedor, gostaria de ter um gateway de homologação, para fazer testes de stress das minhas API\'s','None',1,'308','https://tfs.es.gov.br/tfs/DefaultCollection/f7c0ad32-7d99-40de-baa8-c69ab831cd0e/_apis/wit/workItems/308','work_item','b9c89f5052d0484a90fabf993fc24677','atomic_user_story'),(437,'f991c9289d6d42878a73942bd2077a0c','2020-02-11 19:46:06','2020-02-11 19:46:06','Eu, como candidato, quero pesquisar os concursos com uma palavra chave.','História de usuário que permite realizar busca de concurso por palavra chave.<br>',1,'40','https://tfs.es.gov.br/tfs/DefaultCollection/f7c0ad32-7d99-40de-baa8-c69ab831cd0e/_apis/wit/workItems/40','work_item','8f11447b972e4a169cfc413136c27eb7','atomic_user_story'),(438,'e129210d1ceb449f89a305cb73586a85','2020-02-11 19:46:06','2020-02-11 19:46:06','Eu, como programador, quero que meus projetos sejam automaticamente testados no gitlab','None',1,'356','https://tfs.es.gov.br/tfs/DefaultCollection/f7c0ad32-7d99-40de-baa8-c69ab831cd0e/_apis/wit/workItems/356','work_item','65cc4140c1154061badffd6e54b0a348','atomic_user_story'),(439,'1e46d4f2c41b4aabbaa1b8bd800f0f9f','2020-02-11 19:46:06','2020-02-11 19:46:06','Eu, como equipe de desenvolvimento, quero listar no aplicativo todos os débitos em aberto','None',1,'281','https://tfs.es.gov.br/tfs/DefaultCollection/f7c0ad32-7d99-40de-baa8-c69ab831cd0e/_apis/wit/workItems/281','work_item','2300798266a44499817a4855a2f27f31','atomic_user_story'),(440,'8d9d847d43cc408b8f9ad3d24f869ac7','2020-02-11 19:46:06','2020-02-11 19:46:06','Criar endpoint falso','None',1,'381','https://tfs.es.gov.br/tfs/DefaultCollection/f7c0ad32-7d99-40de-baa8-c69ab831cd0e/_apis/wit/workItems/381','work_item','308821c4030046edb1ae734a52736e53','atomic_user_story'),(441,'2f75891d4697430982b139f654bbfd3c','2020-02-11 19:46:07','2020-02-11 19:46:07','Criar botão \"Gerar Guia\"','None',1,'389','https://tfs.es.gov.br/tfs/DefaultCollection/f7c0ad32-7d99-40de-baa8-c69ab831cd0e/_apis/wit/workItems/389','work_item','fab9d7e2940c485196f4c3e528999c72','atomic_user_story'),(442,'1ecbd48a4e014e3d962825193b028347','2020-02-11 19:46:07','2020-02-11 19:46:07','Eu, como equipe do detran-debitos, quero deixar um planejamento prévio preparado','None',1,'503','https://tfs.es.gov.br/tfs/DefaultCollection/f7c0ad32-7d99-40de-baa8-c69ab831cd0e/_apis/wit/workItems/503','work_item','507b0c08186946e3bb758f06354dceb6','atomic_user_story'),(443,'f04d257095b2473dbe4e27493dfc741a','2020-02-11 19:46:07','2020-02-11 19:46:07','Eu, como dono de um veiculo, quero pagar a cota unica do ipva.','None',1,'537','https://tfs.es.gov.br/tfs/DefaultCollection/f7c0ad32-7d99-40de-baa8-c69ab831cd0e/_apis/wit/workItems/537','work_item','03578e612fbc4b6aa98876b6e04146ef','atomic_user_story'),(444,'40cdd8da7b6f45b99aaff1640da1ecff','2020-02-11 19:46:08','2020-02-11 19:46:08','Eu, como dono de um veículo, quero listar somente um tipo de débito.','None',1,'52','https://tfs.es.gov.br/tfs/DefaultCollection/f7c0ad32-7d99-40de-baa8-c69ab831cd0e/_apis/wit/workItems/52','work_item','7bb7ea6799d54992beb3a9d5f199fd7e','atomic_user_story'),(445,'4a5882ceba3f4d54be9e8d78fd367519','2020-02-11 19:46:08','2020-02-11 19:46:08','Eu, como dono de um veículo, quero listar todos os tipos de débitos em aberto.','None',1,'53','https://tfs.es.gov.br/tfs/DefaultCollection/f7c0ad32-7d99-40de-baa8-c69ab831cd0e/_apis/wit/workItems/53','work_item','b2b6e320b0bf48a882864d7534a8f170','atomic_user_story'),(446,'514cd123133b4c3cafed79c529f982bc','2020-02-11 19:46:09','2020-02-11 19:46:09','Eu, como dono de um veículo, quero ter acesso a todos os dados do meu veículo.','None',1,'36','https://tfs.es.gov.br/tfs/DefaultCollection/f7c0ad32-7d99-40de-baa8-c69ab831cd0e/_apis/wit/workItems/36','work_item','039f5cd22c1d428da7a941bfed54062e','atomic_user_story'),(447,'170731fd3ca043be83015a2dbf22b196','2020-02-11 19:46:09','2020-02-11 19:46:09','Eu, como dono de um veículo, quero listar todos os débitos em aberto.','None',1,'38','https://tfs.es.gov.br/tfs/DefaultCollection/f7c0ad32-7d99-40de-baa8-c69ab831cd0e/_apis/wit/workItems/38','work_item','d75138ddf8144c51aa1897cf8cb68c79','atomic_user_story'),(448,'ee74551a1fa14d20b5bc93283050563f','2020-02-11 19:46:09','2020-02-11 19:46:09','Eu, como dono de um veículo, quero gerar GRU com todos os débitos. ','None',1,'45','https://tfs.es.gov.br/tfs/DefaultCollection/f7c0ad32-7d99-40de-baa8-c69ab831cd0e/_apis/wit/workItems/45','work_item','d86bbe61a1914bbc922620e22f1dbf3d','atomic_user_story'),(449,'966161e53b0442bc9fb98011ed77287a','2020-02-11 19:46:10','2020-02-11 19:46:10','Fazer reunião com os Coordenadores','None',1,'15','https://tfs.es.gov.br/tfs/DefaultCollection/f7c0ad32-7d99-40de-baa8-c69ab831cd0e/_apis/wit/workItems/15','work_item','1f1d05c1ee9a4d52860438f85e67494d','atomic_user_story'),(450,'2d5b8fcbdca940c4b338eb3b1d85f0fd','2020-02-11 19:46:10','2020-02-11 19:46:10','Utilizar o Power BI','None',1,'16','https://tfs.es.gov.br/tfs/DefaultCollection/f7c0ad32-7d99-40de-baa8-c69ab831cd0e/_apis/wit/workItems/16','work_item','50752bd7f310455ba547931b4ef1fb20','atomic_user_story'),(451,'5e30e9a35b434defa050a16098638afa','2020-02-11 19:46:10','2020-02-11 19:46:10','Gerar informações a partir de analise feita ao Banco Seleção DT','None',1,'18','https://tfs.es.gov.br/tfs/DefaultCollection/f7c0ad32-7d99-40de-baa8-c69ab831cd0e/_apis/wit/workItems/18','work_item','fd2ac197c11948b7bdcd3ba57dc934e5','atomic_user_story'),(452,'34a3d291ad3148b6abc1321dd04889ed','2020-02-11 19:46:11','2020-02-11 19:46:11','Configurar os computadores para instalar o Power BI e outras ferramentas','None',1,'173','https://tfs.es.gov.br/tfs/DefaultCollection/f7c0ad32-7d99-40de-baa8-c69ab831cd0e/_apis/wit/workItems/173','work_item','3ea2b290feab4934a45f96eaf44a6e64','atomic_user_story'),(453,'4f7ff87529494924980ee152fd4bf783','2020-02-11 19:46:11','2020-02-11 19:46:11','Fazer reunião com a Prodest para tirar duvidas sobre o banco selecao DT','None',1,'275','https://tfs.es.gov.br/tfs/DefaultCollection/f7c0ad32-7d99-40de-baa8-c69ab831cd0e/_apis/wit/workItems/275','work_item','ec97b24f1c874747bf6edc0af026c74a','atomic_user_story'),(454,'b0d68e62529a4ef58fb9f801cd79dea0','2020-02-11 19:46:11','2020-02-11 19:46:11','Criar versão do banco para as equipes de Data Science e Empregabilidade ','None',1,'276','https://tfs.es.gov.br/tfs/DefaultCollection/f7c0ad32-7d99-40de-baa8-c69ab831cd0e/_apis/wit/workItems/276','work_item','03d7fa4569274395b61d65df4c150ca3','atomic_user_story'),(455,'ed4d6d65e265416c8d9b1fb4580d7e59','2020-02-11 19:46:12','2020-02-11 19:46:12','Eu, como usuario , quero saber as funcionalidades das APIs','None',1,'465','https://tfs.es.gov.br/tfs/DefaultCollection/f7c0ad32-7d99-40de-baa8-c69ab831cd0e/_apis/wit/workItems/465','work_item','3690b06b817648d9a235be74905aa845','atomic_user_story'),(456,'a4dea48104d2410797d4f981cf74639a','2020-02-11 19:46:12','2020-02-11 19:46:12','Eu, como gestor, quero que o time entregue valor no prazo','None',1,'513','https://tfs.es.gov.br/tfs/DefaultCollection/f7c0ad32-7d99-40de-baa8-c69ab831cd0e/_apis/wit/workItems/513','work_item','114779ac212c4ab69d530b9b55795fb1','epic'),(457,'c4e9b900648a4e0db0812e4578147b49','2020-02-11 19:46:12','2020-02-11 19:46:12','Eu, como gestor,  quero saber a velocidade de cada time','None',1,'516','https://tfs.es.gov.br/tfs/DefaultCollection/f7c0ad32-7d99-40de-baa8-c69ab831cd0e/_apis/wit/workItems/516','work_item','c21787fd8d114957b0a3fb202c3991d6','epic'),(458,'a8b8dee3ac8b445fb3a2812fb8eb1828','2020-02-11 19:46:12','2020-02-11 19:46:12','Eu, como gestor,  quero que os times sejam autônomos (saber negociar prazo, negar novas histórias, focar em valor)','None',1,'515','https://tfs.es.gov.br/tfs/DefaultCollection/f7c0ad32-7d99-40de-baa8-c69ab831cd0e/_apis/wit/workItems/515','work_item','a4a32a75f1204de5942001adcfb13d81','epic'),(459,'85e5a43f94f749a4b8f640e9b9d8b9af','2020-02-11 19:46:12','2020-02-11 19:46:12','Eu, como gestor, quero que os times tenham critérios de qualidade','None',1,'514','https://tfs.es.gov.br/tfs/DefaultCollection/f7c0ad32-7d99-40de-baa8-c69ab831cd0e/_apis/wit/workItems/514','work_item','d00ff42344d4433caf4747c3c9fa2983','epic'),(460,'14c66801ba6c4f92ad8cbfcda24600df','2020-02-11 19:46:13','2020-02-11 19:46:13','Eu, como gestor, gostaria de organizar a equipe de forma que otimize a gestão do conhecimento','None',1,'512','https://tfs.es.gov.br/tfs/DefaultCollection/f7c0ad32-7d99-40de-baa8-c69ab831cd0e/_apis/wit/workItems/512','work_item','0b3046b4039945e7bef8d06a9a695d18','epic'),(461,'19e193916def476fb2fad65530c71f58','2020-02-11 19:46:13','2020-02-11 19:46:13','Eu, como usuário, quero saber como usar o Gateway de API','None',1,'145','https://tfs.es.gov.br/tfs/DefaultCollection/f7c0ad32-7d99-40de-baa8-c69ab831cd0e/_apis/wit/workItems/145','work_item','eb2e75d8e7bc4d6683061e618dac8e32','atomic_user_story'),(462,'738cd098c463496a97fd09410f7ecaf1','2020-02-11 19:46:14','2020-02-11 19:46:14','Eu, como usuário, quero saber como contribuir com o ESPM','None',1,'139','https://tfs.es.gov.br/tfs/DefaultCollection/f7c0ad32-7d99-40de-baa8-c69ab831cd0e/_apis/wit/workItems/139','work_item','76a3059071fd4029a80188c2ca808737','atomic_user_story'),(463,'9c3f21da832a438fa6b48dd644353a3d','2020-02-11 19:46:14','2020-02-11 19:46:14','Eu, como usuário, quero acessar o site no celular','None',1,'156','https://tfs.es.gov.br/tfs/DefaultCollection/f7c0ad32-7d99-40de-baa8-c69ab831cd0e/_apis/wit/workItems/156','work_item','edcdbdf0a32c4cc49e085aa550c16482','atomic_user_story'),(464,'c3ebbcabdba44ce486d6815ed0ab9b03','2020-02-11 19:46:14','2020-02-11 19:46:14','Eu, como usuário, quero acessar o site no tablet','None',1,'157','https://tfs.es.gov.br/tfs/DefaultCollection/f7c0ad32-7d99-40de-baa8-c69ab831cd0e/_apis/wit/workItems/157','work_item','42c54cb0b72c43268459cd36e16905d8','atomic_user_story'),(465,'8c6fb76643604104ae6d62b849f45614','2020-02-11 19:46:15','2020-02-11 19:46:15','Eu, como usuaŕio do ESPM, quero saber o que é o ESPM','None',1,'137','https://tfs.es.gov.br/tfs/DefaultCollection/f7c0ad32-7d99-40de-baa8-c69ab831cd0e/_apis/wit/workItems/137','work_item','a29687b8c3514c578b7719440c73d46e','atomic_user_story'),(466,'6f115fa70f3c478bb2326a987ef7967d','2020-02-11 19:46:15','2020-02-11 19:46:15','Eu, como concurseiro, quero saber os concursos aberto, para me candidatar','O passageiro deseja saber o valor da passagem.',1,'1','https://tfs.es.gov.br/tfs/DefaultCollection/f7c0ad32-7d99-40de-baa8-c69ab831cd0e/_apis/wit/workItems/1','work_item','d69e625caa41464fb215526a23bb38b6','epic'),(467,'067d5d5e1b594644900deb84f0534d18','2020-02-11 19:46:15','2020-02-11 19:46:15','Eu, como usuário, quero saber as funcionalidades do ESPM APP','None',1,'141','https://tfs.es.gov.br/tfs/DefaultCollection/f7c0ad32-7d99-40de-baa8-c69ab831cd0e/_apis/wit/workItems/141','work_item','200caaf3aaef40b0a6d65d7788776bbe','atomic_user_story'),(468,'9fb282297e944d2c8b6ea16f0871b2a8','2020-02-11 19:46:16','2020-02-11 19:46:16','Eu, como usuário, quero entrar em contato com a equipe do ESPM','None',1,'144','https://tfs.es.gov.br/tfs/DefaultCollection/f7c0ad32-7d99-40de-baa8-c69ab831cd0e/_apis/wit/workItems/144','work_item','ebdf8f7dda4843d7afdd7c82ecff4309','atomic_user_story'),(469,'30c78e39ec1c466da6eabce2d418a858','2020-02-11 19:46:16','2020-02-11 19:46:16','Eu, como usuário, quero saber as previsões de novas funcionaldidades','None',1,'142','https://tfs.es.gov.br/tfs/DefaultCollection/f7c0ad32-7d99-40de-baa8-c69ab831cd0e/_apis/wit/workItems/142','work_item','3ce91d88560a40e980ce361fd8c3f866','atomic_user_story'),(470,'cfb089d117504809ad151fb1c41beb4d','2020-02-11 19:46:16','2020-02-11 19:46:16','Eu, como usuário, quero saber como contribuir com o ESPM','None',1,'143','https://tfs.es.gov.br/tfs/DefaultCollection/f7c0ad32-7d99-40de-baa8-c69ab831cd0e/_apis/wit/workItems/143','work_item','fb50e3879b51495eaedf9506f13d7b1c','atomic_user_story'),(471,'026dab9e6f7d4a26aade84c731d267b7','2020-02-11 19:46:17','2020-02-11 19:46:17','Eu, como usuário, quero saber as noticias do ESPM','None',1,'138','https://tfs.es.gov.br/tfs/DefaultCollection/f7c0ad32-7d99-40de-baa8-c69ab831cd0e/_apis/wit/workItems/138','work_item','c19ec74e352345318e039866c5978fab','atomic_user_story'),(472,'70f5a29e383a49709543bd905b498213','2020-02-11 19:46:17','2020-02-11 19:46:17','Eu, como usuário, quero realizar download do ESPM APP','None',1,'140','https://tfs.es.gov.br/tfs/DefaultCollection/f7c0ad32-7d99-40de-baa8-c69ab831cd0e/_apis/wit/workItems/140','work_item','40c9da071d6d4121b62b56965c5d98a0','atomic_user_story'),(473,'c1df99b89e124a0c8531956db90bde77','2020-02-11 19:46:17','2020-02-11 19:46:17','Configurar acesso ao banco de dados local','None',1,'212','https://tfs.es.gov.br/tfs/DefaultCollection/f7c0ad32-7d99-40de-baa8-c69ab831cd0e/_apis/wit/workItems/212','work_item','5272b003c7004a22972e0f3891558472','atomic_user_story');
/*!40000 ALTER TABLE `application_reference` ENABLE KEYS */;
UNLOCK TABLES;

--
-- Table structure for table `application_type`
--

DROP TABLE IF EXISTS `application_type`;
/*!40101 SET @saved_cs_client     = @@character_set_client */;
/*!50503 SET character_set_client = utf8mb4 */;
CREATE TABLE `application_type` (
  `id` int(11) NOT NULL AUTO_INCREMENT,
  `uuid` char(32) COLLATE utf8mb4_general_ci NOT NULL,
  `date_created` datetime DEFAULT NULL,
  `date_modified` datetime DEFAULT NULL,
  `name` varchar(200) COLLATE utf8mb4_general_ci DEFAULT NULL,
  `description` text COLLATE utf8mb4_general_ci,
  PRIMARY KEY (`id`),
  UNIQUE KEY `uuid` (`uuid`)
) ENGINE=InnoDB AUTO_INCREMENT=3 DEFAULT CHARSET=utf8mb4 COLLATE=utf8mb4_general_ci;
/*!40101 SET character_set_client = @saved_cs_client */;

--
-- Dumping data for table `application_type`
--

LOCK TABLES `application_type` WRITE;
/*!40000 ALTER TABLE `application_type` DISABLE KEYS */;
INSERT INTO `application_type` VALUES (1,'bc5e8129af9e407294eaac4aa277f7e8','2020-02-11 19:40:37','2020-02-11 19:40:37','Project Management','Project Management'),(2,'1d80a5577a094a6c859a870807159e17','2020-02-11 19:40:37','2020-02-11 19:40:37','Time Tracking Management','Time Tracking Management');
/*!40000 ALTER TABLE `application_type` ENABLE KEYS */;
UNLOCK TABLES;

--
-- Table structure for table `atomic_user_story`
--

DROP TABLE IF EXISTS `atomic_user_story`;
/*!40101 SET @saved_cs_client     = @@character_set_client */;
/*!50503 SET character_set_client = utf8mb4 */;
CREATE TABLE `atomic_user_story` (
  `id` int(11) NOT NULL,
  `epic` int(11) DEFAULT NULL,
  PRIMARY KEY (`id`),
  KEY `epic` (`epic`),
  CONSTRAINT `atomic_user_story_ibfk_1` FOREIGN KEY (`id`) REFERENCES `user_story` (`id`),
  CONSTRAINT `atomic_user_story_ibfk_2` FOREIGN KEY (`epic`) REFERENCES `epic` (`id`)
) ENGINE=InnoDB DEFAULT CHARSET=utf8mb4 COLLATE=utf8mb4_general_ci;
/*!40101 SET character_set_client = @saved_cs_client */;

--
-- Dumping data for table `atomic_user_story`
--

LOCK TABLES `atomic_user_story` WRITE;
/*!40000 ALTER TABLE `atomic_user_story` DISABLE KEYS */;
INSERT INTO `atomic_user_story` VALUES (1,NULL),(2,NULL),(3,NULL),(4,NULL),(5,NULL),(6,NULL),(7,NULL),(8,NULL),(9,NULL),(10,NULL),(11,NULL),(12,NULL),(13,NULL),(14,NULL),(15,NULL),(16,NULL),(17,NULL),(18,NULL),(19,NULL),(20,NULL),(21,NULL),(22,NULL),(23,NULL),(24,NULL),(25,NULL),(26,NULL),(27,NULL),(28,NULL),(29,NULL),(30,NULL),(31,NULL),(32,NULL),(33,NULL),(34,NULL),(35,NULL),(36,NULL),(37,NULL),(38,NULL),(39,NULL),(40,NULL),(41,NULL),(42,NULL),(43,NULL),(44,NULL),(45,NULL),(46,NULL),(47,NULL),(48,NULL),(49,NULL),(50,NULL),(51,NULL),(52,NULL),(53,NULL),(54,NULL),(55,NULL),(56,NULL),(57,NULL),(58,NULL),(59,NULL),(60,NULL),(61,NULL),(62,NULL),(63,NULL),(64,NULL),(65,NULL),(67,NULL),(68,NULL),(69,NULL),(70,NULL),(71,NULL),(72,NULL),(73,NULL),(74,NULL),(75,NULL),(76,NULL),(77,NULL),(78,NULL),(79,NULL),(80,NULL),(81,NULL),(82,NULL),(83,NULL),(84,NULL),(85,NULL),(86,NULL),(87,NULL),(88,NULL),(89,NULL),(90,NULL),(91,NULL),(92,NULL),(93,NULL),(94,NULL),(95,NULL),(96,NULL),(97,NULL),(98,NULL),(99,NULL),(100,NULL),(101,NULL),(102,NULL),(103,NULL),(104,NULL),(105,NULL),(106,NULL),(107,NULL),(108,NULL),(109,NULL),(110,NULL),(111,NULL),(112,NULL),(113,NULL),(114,NULL),(115,NULL),(116,NULL),(117,NULL),(118,NULL),(119,NULL),(120,NULL),(121,NULL),(122,NULL),(123,NULL),(124,NULL),(125,NULL),(126,NULL),(127,NULL),(128,NULL),(129,NULL),(130,NULL),(131,NULL),(132,NULL),(133,NULL),(134,NULL),(135,NULL),(136,NULL),(137,NULL),(138,NULL),(139,NULL),(140,NULL),(141,NULL),(142,NULL),(143,NULL),(144,NULL),(145,NULL),(146,NULL),(147,NULL),(148,NULL),(149,NULL),(150,NULL),(151,NULL),(152,NULL),(153,NULL),(154,NULL),(155,NULL),(156,NULL),(157,NULL),(158,NULL),(159,NULL),(160,NULL),(161,NULL),(162,NULL),(163,NULL),(164,NULL),(165,NULL),(166,NULL),(167,NULL),(173,NULL),(174,NULL),(175,NULL),(176,NULL),(177,NULL),(179,NULL),(180,NULL),(181,NULL),(182,NULL),(183,NULL),(184,NULL),(185,NULL);
/*!40000 ALTER TABLE `atomic_user_story` ENABLE KEYS */;
UNLOCK TABLES;

--
-- Table structure for table `atomic_user_story_sprint_backlog`
--

DROP TABLE IF EXISTS `atomic_user_story_sprint_backlog`;
/*!40101 SET @saved_cs_client     = @@character_set_client */;
/*!50503 SET character_set_client = utf8mb4 */;
CREATE TABLE `atomic_user_story_sprint_backlog` (
  `atomic_user_story_id` int(11) DEFAULT NULL,
  `sprint_backlog_id` int(11) DEFAULT NULL,
  KEY `atomic_user_story_id` (`atomic_user_story_id`),
  KEY `sprint_backlog_id` (`sprint_backlog_id`),
  CONSTRAINT `atomic_user_story_sprint_backlog_ibfk_1` FOREIGN KEY (`atomic_user_story_id`) REFERENCES `atomic_user_story` (`id`),
  CONSTRAINT `atomic_user_story_sprint_backlog_ibfk_2` FOREIGN KEY (`sprint_backlog_id`) REFERENCES `sprint_backlog` (`id`)
) ENGINE=InnoDB DEFAULT CHARSET=utf8mb4 COLLATE=utf8mb4_general_ci;
/*!40101 SET character_set_client = @saved_cs_client */;

--
-- Dumping data for table `atomic_user_story_sprint_backlog`
--

LOCK TABLES `atomic_user_story_sprint_backlog` WRITE;
/*!40000 ALTER TABLE `atomic_user_story_sprint_backlog` DISABLE KEYS */;
/*!40000 ALTER TABLE `atomic_user_story_sprint_backlog` ENABLE KEYS */;
UNLOCK TABLES;

--
-- Table structure for table `cerimony`
--

DROP TABLE IF EXISTS `cerimony`;
/*!40101 SET @saved_cs_client     = @@character_set_client */;
/*!50503 SET character_set_client = utf8mb4 */;
CREATE TABLE `cerimony` (
  `id` int(11) NOT NULL AUTO_INCREMENT,
  `uuid` char(32) COLLATE utf8mb4_general_ci NOT NULL,
  `date_created` datetime DEFAULT NULL,
  `date_modified` datetime DEFAULT NULL,
  `name` varchar(200) COLLATE utf8mb4_general_ci DEFAULT NULL,
  `description` text COLLATE utf8mb4_general_ci,
  `startDate` datetime DEFAULT NULL,
  `endDate` datetime DEFAULT NULL,
  `sprint_id` int(11) DEFAULT NULL,
  `type` varchar(50) COLLATE utf8mb4_general_ci DEFAULT NULL,
  PRIMARY KEY (`id`),
  UNIQUE KEY `uuid` (`uuid`),
  KEY `sprint_id` (`sprint_id`),
  CONSTRAINT `cerimony_ibfk_1` FOREIGN KEY (`sprint_id`) REFERENCES `sprint` (`id`)
) ENGINE=InnoDB DEFAULT CHARSET=utf8mb4 COLLATE=utf8mb4_general_ci;
/*!40101 SET character_set_client = @saved_cs_client */;

--
-- Dumping data for table `cerimony`
--

LOCK TABLES `cerimony` WRITE;
/*!40000 ALTER TABLE `cerimony` DISABLE KEYS */;
/*!40000 ALTER TABLE `cerimony` ENABLE KEYS */;
UNLOCK TABLES;

--
-- Table structure for table `client`
--

DROP TABLE IF EXISTS `client`;
/*!40101 SET @saved_cs_client     = @@character_set_client */;
/*!50503 SET character_set_client = utf8mb4 */;
CREATE TABLE `client` (
  `id` int(11) NOT NULL,
  PRIMARY KEY (`id`),
  CONSTRAINT `client_ibfk_1` FOREIGN KEY (`id`) REFERENCES `team_member` (`id`)
) ENGINE=InnoDB DEFAULT CHARSET=utf8mb4 COLLATE=utf8mb4_general_ci;
/*!40101 SET character_set_client = @saved_cs_client */;

--
-- Dumping data for table `client`
--

LOCK TABLES `client` WRITE;
/*!40000 ALTER TABLE `client` DISABLE KEYS */;
/*!40000 ALTER TABLE `client` ENABLE KEYS */;
UNLOCK TABLES;

--
-- Table structure for table `configuration`
--

DROP TABLE IF EXISTS `configuration`;
/*!40101 SET @saved_cs_client     = @@character_set_client */;
/*!50503 SET character_set_client = utf8mb4 */;
CREATE TABLE `configuration` (
  `id` int(11) NOT NULL AUTO_INCREMENT,
  `uuid` char(32) COLLATE utf8mb4_general_ci NOT NULL,
  `date_created` datetime DEFAULT NULL,
  `date_modified` datetime DEFAULT NULL,
  `name` varchar(200) COLLATE utf8mb4_general_ci DEFAULT NULL,
  `description` text COLLATE utf8mb4_general_ci,
  `secret` varchar(200) COLLATE utf8mb4_general_ci NOT NULL,
  `url` text COLLATE utf8mb4_general_ci,
  `application_id` int(11) DEFAULT NULL,
  `organization_id` int(11) DEFAULT NULL,
  PRIMARY KEY (`id`),
  UNIQUE KEY `uuid` (`uuid`),
  KEY `application_id` (`application_id`),
  KEY `organization_id` (`organization_id`),
  CONSTRAINT `configuration_ibfk_1` FOREIGN KEY (`application_id`) REFERENCES `application` (`id`),
  CONSTRAINT `configuration_ibfk_2` FOREIGN KEY (`organization_id`) REFERENCES `organization` (`id`)
) ENGINE=InnoDB AUTO_INCREMENT=3 DEFAULT CHARSET=utf8mb4 COLLATE=utf8mb4_general_ci;
/*!40101 SET character_set_client = @saved_cs_client */;

--
-- Dumping data for table `configuration`
--

LOCK TABLES `configuration` WRITE;
/*!40000 ALTER TABLE `configuration` DISABLE KEYS */;
INSERT INTO `configuration` VALUES (1,'b38a23f3c98d42e7a3dc77a90d925100','2020-02-11 19:40:44','2020-02-11 19:40:44','Configuação do Prodest para o TFS','Configuação do Prodest para o TFS','gdfwj4xwjqgvehxx3woomf7b54lvqjiuyfttj2vtq2pbsr2k77wq','https://tfs.es.gov.br/tfs/DefaultCollection/',1,1),(2,'95704a6c773a452ea2c31cc786be3a7c','2020-02-11 19:40:52','2020-02-11 19:40:52','Configuação do NEMO para o TFS','Configuação do NEMO para o TFS','gdfwj4xwjqgvehxx3woomf7b54lvqjiuyfttj2vtq2pbsr2k77wq','https://dev.azure.com/paulossjunior/',1,2);
/*!40000 ALTER TABLE `configuration` ENABLE KEYS */;
UNLOCK TABLES;

--
-- Table structure for table `daily_standup_meeting`
--

DROP TABLE IF EXISTS `daily_standup_meeting`;
/*!40101 SET @saved_cs_client     = @@character_set_client */;
/*!50503 SET character_set_client = utf8mb4 */;
CREATE TABLE `daily_standup_meeting` (
  `id` int(11) NOT NULL,
  PRIMARY KEY (`id`),
  CONSTRAINT `daily_standup_meeting_ibfk_1` FOREIGN KEY (`id`) REFERENCES `cerimony` (`id`)
) ENGINE=InnoDB DEFAULT CHARSET=utf8mb4 COLLATE=utf8mb4_general_ci;
/*!40101 SET character_set_client = @saved_cs_client */;

--
-- Dumping data for table `daily_standup_meeting`
--

LOCK TABLES `daily_standup_meeting` WRITE;
/*!40000 ALTER TABLE `daily_standup_meeting` DISABLE KEYS */;
/*!40000 ALTER TABLE `daily_standup_meeting` ENABLE KEYS */;
UNLOCK TABLES;

--
-- Table structure for table `developer`
--

DROP TABLE IF EXISTS `developer`;
/*!40101 SET @saved_cs_client     = @@character_set_client */;
/*!50503 SET character_set_client = utf8mb4 */;
CREATE TABLE `developer` (
  `id` int(11) NOT NULL,
  PRIMARY KEY (`id`),
  CONSTRAINT `developer_ibfk_1` FOREIGN KEY (`id`) REFERENCES `team_member` (`id`)
) ENGINE=InnoDB DEFAULT CHARSET=utf8mb4 COLLATE=utf8mb4_general_ci;
/*!40101 SET character_set_client = @saved_cs_client */;

--
-- Dumping data for table `developer`
--

LOCK TABLES `developer` WRITE;
/*!40000 ALTER TABLE `developer` DISABLE KEYS */;
INSERT INTO `developer` VALUES (1),(3),(4),(7),(8),(9),(13),(14),(17),(18),(19),(20),(21),(24),(26),(27),(28),(31),(32),(35),(36),(37),(39),(41),(44),(46),(47),(48),(50),(56),(59),(60),(61),(62),(63),(65),(66),(67),(68),(71),(72),(73),(75),(76),(77),(78),(81),(86),(87),(88),(89),(90),(91),(92);
/*!40000 ALTER TABLE `developer` ENABLE KEYS */;
UNLOCK TABLES;

--
-- Table structure for table `development_task_type`
--

DROP TABLE IF EXISTS `development_task_type`;
/*!40101 SET @saved_cs_client     = @@character_set_client */;
/*!50503 SET character_set_client = utf8mb4 */;
CREATE TABLE `development_task_type` (
  `id` int(11) NOT NULL AUTO_INCREMENT,
  `uuid` char(32) COLLATE utf8mb4_general_ci NOT NULL,
  `date_created` datetime DEFAULT NULL,
  `date_modified` datetime DEFAULT NULL,
  `name` varchar(200) COLLATE utf8mb4_general_ci DEFAULT NULL,
  `description` text COLLATE utf8mb4_general_ci,
  PRIMARY KEY (`id`),
  UNIQUE KEY `uuid` (`uuid`)
) ENGINE=InnoDB AUTO_INCREMENT=8 DEFAULT CHARSET=utf8mb4 COLLATE=utf8mb4_general_ci;
/*!40101 SET character_set_client = @saved_cs_client */;

--
-- Dumping data for table `development_task_type`
--

LOCK TABLES `development_task_type` WRITE;
/*!40000 ALTER TABLE `development_task_type` DISABLE KEYS */;
INSERT INTO `development_task_type` VALUES (1,'f1b8a93fb522480295e22bf4d24ed5ff','2020-02-11 19:40:37','2020-02-11 19:40:37','deployment','deployment'),(2,'9b33689c79a34ee283f03d59f34164a1','2020-02-11 19:40:37','2020-02-11 19:40:37','analysis','analysis'),(3,'0f4115c74f5d42d3b8d14897e4173fa7','2020-02-11 19:40:37','2020-02-11 19:40:37','design','design'),(4,'49eefdbf470c4b1d8bf00fb334a0ce29','2020-02-11 19:40:37','2020-02-11 19:40:37','development','development'),(5,'c3ae45fe208f4b52ae470261dd57ecc6','2020-02-11 19:40:37','2020-02-11 19:40:37','documentation','documentation'),(6,'653d961f56c5427697ab14bd525f8f35','2020-02-11 19:40:37','2020-02-11 19:40:37','requirements','requirements'),(7,'0a4f638eb9eb4b81a38ffd261b91dd70','2020-02-11 19:40:37','2020-02-11 19:40:37','testing','testing');
/*!40000 ALTER TABLE `development_task_type` ENABLE KEYS */;
UNLOCK TABLES;

--
-- Table structure for table `development_team`
--

DROP TABLE IF EXISTS `development_team`;
/*!40101 SET @saved_cs_client     = @@character_set_client */;
/*!50503 SET character_set_client = utf8mb4 */;
CREATE TABLE `development_team` (
  `id` int(11) NOT NULL,
  `scrum_team_id` int(11) DEFAULT NULL,
  PRIMARY KEY (`id`),
  KEY `scrum_team_id` (`scrum_team_id`),
  CONSTRAINT `development_team_ibfk_1` FOREIGN KEY (`id`) REFERENCES `team` (`id`),
  CONSTRAINT `development_team_ibfk_2` FOREIGN KEY (`scrum_team_id`) REFERENCES `scrum_team` (`id`)
) ENGINE=InnoDB DEFAULT CHARSET=utf8mb4 COLLATE=utf8mb4_general_ci;
/*!40101 SET character_set_client = @saved_cs_client */;

--
-- Dumping data for table `development_team`
--

LOCK TABLES `development_team` WRITE;
/*!40000 ALTER TABLE `development_team` DISABLE KEYS */;
INSERT INTO `development_team` VALUES (2,1),(4,3),(6,5),(8,7),(10,9),(12,11),(14,13),(16,15),(18,17),(20,19),(22,21),(24,23),(26,25),(28,27),(30,29);
/*!40000 ALTER TABLE `development_team` ENABLE KEYS */;
UNLOCK TABLES;

--
-- Table structure for table `epic`
--

DROP TABLE IF EXISTS `epic`;
/*!40101 SET @saved_cs_client     = @@character_set_client */;
/*!50503 SET character_set_client = utf8mb4 */;
CREATE TABLE `epic` (
  `id` int(11) NOT NULL,
  `epic` int(11) DEFAULT NULL,
  PRIMARY KEY (`id`),
  KEY `epic` (`epic`),
  CONSTRAINT `epic_ibfk_1` FOREIGN KEY (`id`) REFERENCES `user_story` (`id`),
  CONSTRAINT `epic_ibfk_2` FOREIGN KEY (`epic`) REFERENCES `epic` (`id`)
) ENGINE=InnoDB DEFAULT CHARSET=utf8mb4 COLLATE=utf8mb4_general_ci;
/*!40101 SET character_set_client = @saved_cs_client */;

--
-- Dumping data for table `epic`
--

LOCK TABLES `epic` WRITE;
/*!40000 ALTER TABLE `epic` DISABLE KEYS */;
INSERT INTO `epic` VALUES (66,NULL),(168,NULL),(169,NULL),(170,NULL),(171,NULL),(172,NULL),(178,NULL);
/*!40000 ALTER TABLE `epic` ENABLE KEYS */;
UNLOCK TABLES;

--
-- Table structure for table `functional_acceptance_criterion`
--

DROP TABLE IF EXISTS `functional_acceptance_criterion`;
/*!40101 SET @saved_cs_client     = @@character_set_client */;
/*!50503 SET character_set_client = utf8mb4 */;
CREATE TABLE `functional_acceptance_criterion` (
  `id` int(11) NOT NULL,
  PRIMARY KEY (`id`),
  CONSTRAINT `functional_acceptance_criterion_ibfk_1` FOREIGN KEY (`id`) REFERENCES `acceptance_criterion` (`id`)
) ENGINE=InnoDB DEFAULT CHARSET=utf8mb4 COLLATE=utf8mb4_general_ci;
/*!40101 SET character_set_client = @saved_cs_client */;

--
-- Dumping data for table `functional_acceptance_criterion`
--

LOCK TABLES `functional_acceptance_criterion` WRITE;
/*!40000 ALTER TABLE `functional_acceptance_criterion` DISABLE KEYS */;
/*!40000 ALTER TABLE `functional_acceptance_criterion` ENABLE KEYS */;
UNLOCK TABLES;

--
-- Table structure for table `non_functional_acceptance_criterion`
--

DROP TABLE IF EXISTS `non_functional_acceptance_criterion`;
/*!40101 SET @saved_cs_client     = @@character_set_client */;
/*!50503 SET character_set_client = utf8mb4 */;
CREATE TABLE `non_functional_acceptance_criterion` (
  `id` int(11) NOT NULL,
  PRIMARY KEY (`id`),
  CONSTRAINT `non_functional_acceptance_criterion_ibfk_1` FOREIGN KEY (`id`) REFERENCES `acceptance_criterion` (`id`)
) ENGINE=InnoDB DEFAULT CHARSET=utf8mb4 COLLATE=utf8mb4_general_ci;
/*!40101 SET character_set_client = @saved_cs_client */;

--
-- Dumping data for table `non_functional_acceptance_criterion`
--

LOCK TABLES `non_functional_acceptance_criterion` WRITE;
/*!40000 ALTER TABLE `non_functional_acceptance_criterion` DISABLE KEYS */;
/*!40000 ALTER TABLE `non_functional_acceptance_criterion` ENABLE KEYS */;
UNLOCK TABLES;

--
-- Table structure for table `organization`
--

DROP TABLE IF EXISTS `organization`;
/*!40101 SET @saved_cs_client     = @@character_set_client */;
/*!50503 SET character_set_client = utf8mb4 */;
CREATE TABLE `organization` (
  `id` int(11) NOT NULL AUTO_INCREMENT,
  `uuid` char(32) COLLATE utf8mb4_general_ci NOT NULL,
  `date_created` datetime DEFAULT NULL,
  `date_modified` datetime DEFAULT NULL,
  `name` varchar(200) COLLATE utf8mb4_general_ci DEFAULT NULL,
  `description` text COLLATE utf8mb4_general_ci,
  PRIMARY KEY (`id`),
  UNIQUE KEY `uuid` (`uuid`)
) ENGINE=InnoDB AUTO_INCREMENT=3 DEFAULT CHARSET=utf8mb4 COLLATE=utf8mb4_general_ci;
/*!40101 SET character_set_client = @saved_cs_client */;

--
-- Dumping data for table `organization`
--

LOCK TABLES `organization` WRITE;
/*!40000 ALTER TABLE `organization` DISABLE KEYS */;
INSERT INTO `organization` VALUES (1,'a75a1fa7dcf94ea3b46976f86a26f232','2020-02-11 19:40:44','2020-02-11 19:40:44','Prodest','Instituto de Processamento de dados do ES'),(2,'4cb6731e786f4323a571b962599ffab5','2020-02-11 19:40:52','2020-02-11 19:40:52','NEMO','Nemo');
/*!40000 ALTER TABLE `organization` ENABLE KEYS */;
UNLOCK TABLES;

--
-- Table structure for table `person`
--

DROP TABLE IF EXISTS `person`;
/*!40101 SET @saved_cs_client     = @@character_set_client */;
/*!50503 SET character_set_client = utf8mb4 */;
CREATE TABLE `person` (
  `id` int(11) NOT NULL AUTO_INCREMENT,
  `uuid` char(32) COLLATE utf8mb4_general_ci NOT NULL,
  `date_created` datetime DEFAULT NULL,
  `date_modified` datetime DEFAULT NULL,
  `name` varchar(200) COLLATE utf8mb4_general_ci DEFAULT NULL,
  `description` text COLLATE utf8mb4_general_ci,
  `email` varchar(255) COLLATE utf8mb4_general_ci DEFAULT NULL,
  `organization_id` int(11) DEFAULT NULL,
  PRIMARY KEY (`id`),
  UNIQUE KEY `uuid` (`uuid`),
  UNIQUE KEY `email` (`email`),
  KEY `organization_id` (`organization_id`),
  CONSTRAINT `person_ibfk_1` FOREIGN KEY (`organization_id`) REFERENCES `organization` (`id`)
) ENGINE=InnoDB AUTO_INCREMENT=24 DEFAULT CHARSET=utf8mb4 COLLATE=utf8mb4_general_ci;
/*!40101 SET character_set_client = @saved_cs_client */;

--
-- Dumping data for table `person`
--

LOCK TABLES `person` WRITE;
/*!40000 ALTER TABLE `person` DISABLE KEYS */;
INSERT INTO `person` VALUES (1,'424228e19c9640d9877679bb8f9fe4a9','2020-02-11 19:44:47','2020-02-11 19:44:47','Icaro Duarte Gavazza Lima',NULL,NULL,1),(2,'27e1fe8409794e09bdc275946689d191','2020-02-11 19:44:47','2020-02-11 19:44:47','Maria Luiza Guimaraes Silva Mantovanelli',NULL,NULL,1),(3,'ab6990ed49de4f339be3b89d05f85b3e','2020-02-11 19:44:47','2020-02-11 19:44:47','Marcos Antonio Carneiro de Paula',NULL,NULL,1),(4,'769340b3111646309554660aa3941100','2020-02-11 19:44:48','2020-02-11 19:44:48','Dérick Hogan Pimenta',NULL,NULL,1),(5,'a9c1560b20b54a3283b150871e995220','2020-02-11 19:44:48','2020-02-11 19:44:48','Paulo Sérgio Santos Júnior',NULL,NULL,1),(6,'d4f713b570124865870ededc782a90b9','2020-02-11 19:44:48','2020-02-11 19:44:48','Vinicius Gazzoli',NULL,NULL,1),(7,'cdaa6a9add4f43a9849b65b2389200dd','2020-02-11 19:44:48','2020-02-11 19:44:48','David de Moura Marques',NULL,NULL,1),(8,'1d51335b144f4f8abb3ceeb6ddb3665f','2020-02-11 19:44:48','2020-02-11 19:44:48','David Vilaca',NULL,NULL,1),(9,'80a3eb8715bd4fd5b60cf85f86f33d36','2020-02-11 19:44:48','2020-02-11 19:44:48','Moises Savedra Omena',NULL,NULL,1),(10,'63fa87297a634495b0b4bc73c9860857','2020-02-11 19:44:48','2020-02-11 19:44:48','GAT - Marcelo Antolini Junior',NULL,NULL,1),(11,'0511133007b84598acdbf51b1b7a1d08','2020-02-11 19:44:49','2020-02-11 19:44:49','Magno Macedo De Oliveira',NULL,NULL,1),(12,'bcff547b1b6045c591d3f145062c316f','2020-02-11 19:44:49','2020-02-11 19:44:49','Mateus Garcia',NULL,NULL,1),(13,'2e55c7207ced4d8085eace9030ce0199','2020-02-11 19:44:49','2020-02-11 19:44:49','Gary Moura Da Silva',NULL,NULL,1),(14,'da9cf9fd18274dab839016f5828e647c','2020-02-11 19:44:49','2020-02-11 19:44:49','Caio Barbosa',NULL,NULL,1),(15,'8163d9bcbb93425893f74c7e83d5a19a','2020-02-11 19:44:49','2020-02-11 19:44:49','marcos.torres',NULL,NULL,1),(16,'a3c2966dbb03445a9f92a6475808e765','2020-02-11 19:44:49','2020-02-11 19:44:49','Tarcisio Bruni Rangel',NULL,NULL,1),(17,'cfeb4c3dfe1e42be917e309fc94e1184','2020-02-11 19:44:50','2020-02-11 19:44:50','Matheus Kleber Rodrigues Barbosa',NULL,NULL,1),(18,'b61960248fa54383bc895dc825fa25d4','2020-02-11 19:44:50','2020-02-11 19:44:50','paulo.junior',NULL,NULL,1),(19,'03895151011e4969af24cc664d11476c','2020-02-11 19:44:51','2020-02-11 19:44:51','Paulo Sérgio dos Santos',NULL,NULL,1),(20,'c706e35faa584574b8a871fefd5d3004','2020-02-11 19:44:51','2020-02-11 19:44:51','Ivonildo Bispo dos Santos',NULL,NULL,1),(21,'9e1e9b088cd2455783dcce422c210d95','2020-02-11 19:44:52','2020-02-11 19:44:52','Helen França Medeiros',NULL,NULL,1),(22,'5c23372fe6544e2d871ca30e99499ee0','2020-02-11 19:44:52','2020-02-11 19:44:52','Lucas Gomes Flegler',NULL,NULL,1),(23,'58f016d4a67248569920fe611a1b7d21','2020-02-11 19:44:52','2020-02-11 19:44:52','Matheus Bastos Teixeira',NULL,NULL,1);
/*!40000 ALTER TABLE `person` ENABLE KEYS */;
UNLOCK TABLES;

--
-- Table structure for table `planning_meeting`
--

DROP TABLE IF EXISTS `planning_meeting`;
/*!40101 SET @saved_cs_client     = @@character_set_client */;
/*!50503 SET character_set_client = utf8mb4 */;
CREATE TABLE `planning_meeting` (
  `id` int(11) NOT NULL,
  PRIMARY KEY (`id`),
  CONSTRAINT `planning_meeting_ibfk_1` FOREIGN KEY (`id`) REFERENCES `cerimony` (`id`)
) ENGINE=InnoDB DEFAULT CHARSET=utf8mb4 COLLATE=utf8mb4_general_ci;
/*!40101 SET character_set_client = @saved_cs_client */;

--
-- Dumping data for table `planning_meeting`
--

LOCK TABLES `planning_meeting` WRITE;
/*!40000 ALTER TABLE `planning_meeting` DISABLE KEYS */;
/*!40000 ALTER TABLE `planning_meeting` ENABLE KEYS */;
UNLOCK TABLES;

--
-- Table structure for table `priority`
--

DROP TABLE IF EXISTS `priority`;
/*!40101 SET @saved_cs_client     = @@character_set_client */;
/*!50503 SET character_set_client = utf8mb4 */;
CREATE TABLE `priority` (
  `id` int(11) NOT NULL AUTO_INCREMENT,
  `uuid` char(32) COLLATE utf8mb4_general_ci NOT NULL,
  `date_created` datetime DEFAULT NULL,
  `date_modified` datetime DEFAULT NULL,
  `name` varchar(200) COLLATE utf8mb4_general_ci DEFAULT NULL,
  `description` text COLLATE utf8mb4_general_ci,
  PRIMARY KEY (`id`),
  UNIQUE KEY `uuid` (`uuid`)
) ENGINE=InnoDB AUTO_INCREMENT=4 DEFAULT CHARSET=utf8mb4 COLLATE=utf8mb4_general_ci;
/*!40101 SET character_set_client = @saved_cs_client */;

--
-- Dumping data for table `priority`
--

LOCK TABLES `priority` WRITE;
/*!40000 ALTER TABLE `priority` DISABLE KEYS */;
INSERT INTO `priority` VALUES (1,'b2bbce7753d74cba85f61e1b07b36a94','2020-02-11 19:40:37','2020-02-11 19:40:37','high','high'),(2,'5fcfb93d55004f0583a4749b99f5db93','2020-02-11 19:40:37','2020-02-11 19:40:37','medium','medium'),(3,'f06205f627d54b5fbd3f5a4f2afe329d','2020-02-11 19:40:37','2020-02-11 19:40:37','normal','normal');
/*!40000 ALTER TABLE `priority` ENABLE KEYS */;
UNLOCK TABLES;

--
-- Table structure for table `product_backlog`
--

DROP TABLE IF EXISTS `product_backlog`;
/*!40101 SET @saved_cs_client     = @@character_set_client */;
/*!50503 SET character_set_client = utf8mb4 */;
CREATE TABLE `product_backlog` (
  `id` int(11) NOT NULL AUTO_INCREMENT,
  `uuid` char(32) COLLATE utf8mb4_general_ci NOT NULL,
  `date_created` datetime DEFAULT NULL,
  `date_modified` datetime DEFAULT NULL,
  `name` varchar(200) COLLATE utf8mb4_general_ci DEFAULT NULL,
  `description` text COLLATE utf8mb4_general_ci,
  `product_backlog_definition` int(11) DEFAULT NULL,
  PRIMARY KEY (`id`),
  UNIQUE KEY `uuid` (`uuid`),
  KEY `product_backlog_definition` (`product_backlog_definition`),
  CONSTRAINT `product_backlog_ibfk_1` FOREIGN KEY (`product_backlog_definition`) REFERENCES `product_backlog_definition` (`id`)
) ENGINE=InnoDB AUTO_INCREMENT=16 DEFAULT CHARSET=utf8mb4 COLLATE=utf8mb4_general_ci;
/*!40101 SET character_set_client = @saved_cs_client */;

--
-- Dumping data for table `product_backlog`
--

LOCK TABLES `product_backlog` WRITE;
/*!40000 ALTER TABLE `product_backlog` DISABLE KEYS */;
INSERT INTO `product_backlog` VALUES (1,'d04e7ce436a8482c931daee420cfd38b','2020-02-11 19:44:43','2020-02-11 19:44:43','Detran','',1),(2,'1d0898e2830d433baf4fbda8834720fc','2020-02-11 19:44:43','2020-02-11 19:44:43','Empregabilidade','',2),(3,'16b1158e59664146893fc72c5d4e5d3b','2020-02-11 19:44:43','2020-02-11 19:44:43','prodest-espm Team','The default project team.',3),(4,'62d9e3e919634856b9cafad238f17216','2020-02-11 19:44:43','2020-02-11 19:44:43','disque_denuncia','Equipe do Doacao de Sangue',4),(5,'604c3cb4aff24c2b92568c6893b7b556','2020-02-11 19:44:44','2020-02-11 19:44:44','chabot','Equipe do Chatbot',5),(6,'cad792b3d33a4d998b182afbc7aa64c6','2020-02-11 19:44:44','2020-02-11 19:44:44','Google Transit','Equipe do Mobilidade Urbana',6),(7,'d9e4554def89453aa5940410f178b73c','2020-02-11 19:44:44','2020-02-11 19:44:44','contra-cheque','',7),(8,'a1ba8472bdb74c23bca5e076df2b76db','2020-02-11 19:44:44','2020-02-11 19:44:44','PC - BIKE','Projeto voltado a controle de Bikes',8),(9,'e56c9e1bc2f4445d8fcd9fe23d63b010','2020-02-11 19:44:45','2020-02-11 19:44:45','Edocs','Equipe do Edocs',9),(10,'6f02640547af4b64bfc128309d938682','2020-02-11 19:44:45','2020-02-11 19:44:45','Gestao','Equipe da Gestao',10),(11,'861581fc208b4176a7205d38292d72e9','2020-02-11 19:44:46','2020-02-11 19:44:46','Mobile','Equipe do Mobile',11),(12,'ddfd49d2a6a04a1db6cdc0bc32768148','2020-02-11 19:44:46','2020-02-11 19:44:46','SEDU - Reclamações','Projeto voltado para resolver o problema do controle de reclamações da SEDU dos setores de transporte e alimentação',12),(13,'c06f5377f5e149169daba2086c91b294','2020-02-11 19:44:46','2020-02-11 19:44:46','Data Science','Equipe do Data Science',13),(14,'baef53237f1d48a7a128eda69e02733b','2020-02-11 19:44:46','2020-02-11 19:44:46','Gateway','Gateway de Serviços',14),(15,'ee152a9b8c5746f7b3ace6c19f821489','2020-02-11 19:44:46','2020-02-11 19:44:46','Site ESPM','',15);
/*!40000 ALTER TABLE `product_backlog` ENABLE KEYS */;
UNLOCK TABLES;

--
-- Table structure for table `product_backlog_definition`
--

DROP TABLE IF EXISTS `product_backlog_definition`;
/*!40101 SET @saved_cs_client     = @@character_set_client */;
/*!50503 SET character_set_client = utf8mb4 */;
CREATE TABLE `product_backlog_definition` (
  `id` int(11) NOT NULL AUTO_INCREMENT,
  `uuid` char(32) COLLATE utf8mb4_general_ci NOT NULL,
  `date_created` datetime DEFAULT NULL,
  `date_modified` datetime DEFAULT NULL,
  `name` varchar(200) COLLATE utf8mb4_general_ci DEFAULT NULL,
  `description` text COLLATE utf8mb4_general_ci,
  `scrum_process_id` int(11) DEFAULT NULL,
  PRIMARY KEY (`id`),
  UNIQUE KEY `uuid` (`uuid`),
  KEY `scrum_process_id` (`scrum_process_id`),
  CONSTRAINT `product_backlog_definition_ibfk_1` FOREIGN KEY (`scrum_process_id`) REFERENCES `scrum_process` (`id`)
) ENGINE=InnoDB AUTO_INCREMENT=16 DEFAULT CHARSET=utf8mb4 COLLATE=utf8mb4_general_ci;
/*!40101 SET character_set_client = @saved_cs_client */;

--
-- Dumping data for table `product_backlog_definition`
--

LOCK TABLES `product_backlog_definition` WRITE;
/*!40000 ALTER TABLE `product_backlog_definition` DISABLE KEYS */;
INSERT INTO `product_backlog_definition` VALUES (1,'573855749dee4f8e898ab70e1930b291','2020-02-11 19:44:43','2020-02-11 19:44:43','Detran','',1),(2,'8fb3a32cd41e4d41a19f9bac03eab9d4','2020-02-11 19:44:43','2020-02-11 19:44:43','Empregabilidade','',2),(3,'28de0af398434800aa1dfa952b90df61','2020-02-11 19:44:43','2020-02-11 19:44:43','prodest-espm Team','The default project team.',3),(4,'0d2df54675324589b946145abb4a06f5','2020-02-11 19:44:43','2020-02-11 19:44:43','disque_denuncia','Equipe do Doacao de Sangue',4),(5,'04cfae1226864a7db93a1eb3b109bb74','2020-02-11 19:44:44','2020-02-11 19:44:44','chabot','Equipe do Chatbot',5),(6,'e821ddabbce74a0f9691e3bab4524acc','2020-02-11 19:44:44','2020-02-11 19:44:44','Google Transit','Equipe do Mobilidade Urbana',6),(7,'fe258e8b999e43d686453997b3964f39','2020-02-11 19:44:44','2020-02-11 19:44:44','contra-cheque','',7),(8,'a82cbcf185a04c71879bd608eeadd0ef','2020-02-11 19:44:44','2020-02-11 19:44:44','PC - BIKE','Projeto voltado a controle de Bikes',8),(9,'f67206c5cdfd4acf957ec84b99ddc620','2020-02-11 19:44:45','2020-02-11 19:44:45','Edocs','Equipe do Edocs',9),(10,'7a060399322e46d38069a880bca7bb01','2020-02-11 19:44:45','2020-02-11 19:44:45','Gestao','Equipe da Gestao',10),(11,'ed83466ff25245a1a403e1a684252b30','2020-02-11 19:44:46','2020-02-11 19:44:46','Mobile','Equipe do Mobile',11),(12,'195d7c3a294b43d6b963df62993a5814','2020-02-11 19:44:46','2020-02-11 19:44:46','SEDU - Reclamações','Projeto voltado para resolver o problema do controle de reclamações da SEDU dos setores de transporte e alimentação',12),(13,'50fa7a40b75346a1b58cd8f42294534e','2020-02-11 19:44:46','2020-02-11 19:44:46','Data Science','Equipe do Data Science',13),(14,'d736f37c200c4800b5a906044ffff623','2020-02-11 19:44:46','2020-02-11 19:44:46','Gateway','Gateway de Serviços',14),(15,'3efe79711bb04d10aafeffb2a56c9715','2020-02-11 19:44:46','2020-02-11 19:44:46','Site ESPM','',15);
/*!40000 ALTER TABLE `product_backlog_definition` ENABLE KEYS */;
UNLOCK TABLES;

--
-- Table structure for table `product_owner`
--

DROP TABLE IF EXISTS `product_owner`;
/*!40101 SET @saved_cs_client     = @@character_set_client */;
/*!50503 SET character_set_client = utf8mb4 */;
CREATE TABLE `product_owner` (
  `id` int(11) NOT NULL,
  PRIMARY KEY (`id`),
  CONSTRAINT `product_owner_ibfk_1` FOREIGN KEY (`id`) REFERENCES `team_member` (`id`)
) ENGINE=InnoDB DEFAULT CHARSET=utf8mb4 COLLATE=utf8mb4_general_ci;
/*!40101 SET character_set_client = @saved_cs_client */;

--
-- Dumping data for table `product_owner`
--

LOCK TABLES `product_owner` WRITE;
/*!40000 ALTER TABLE `product_owner` DISABLE KEYS */;
/*!40000 ALTER TABLE `product_owner` ENABLE KEYS */;
UNLOCK TABLES;

--
-- Table structure for table `retrospective_meeting`
--

DROP TABLE IF EXISTS `retrospective_meeting`;
/*!40101 SET @saved_cs_client     = @@character_set_client */;
/*!50503 SET character_set_client = utf8mb4 */;
CREATE TABLE `retrospective_meeting` (
  `id` int(11) NOT NULL,
  PRIMARY KEY (`id`),
  CONSTRAINT `retrospective_meeting_ibfk_1` FOREIGN KEY (`id`) REFERENCES `cerimony` (`id`)
) ENGINE=InnoDB DEFAULT CHARSET=utf8mb4 COLLATE=utf8mb4_general_ci;
/*!40101 SET character_set_client = @saved_cs_client */;

--
-- Dumping data for table `retrospective_meeting`
--

LOCK TABLES `retrospective_meeting` WRITE;
/*!40000 ALTER TABLE `retrospective_meeting` DISABLE KEYS */;
/*!40000 ALTER TABLE `retrospective_meeting` ENABLE KEYS */;
UNLOCK TABLES;

--
-- Table structure for table `review_meeting`
--

DROP TABLE IF EXISTS `review_meeting`;
/*!40101 SET @saved_cs_client     = @@character_set_client */;
/*!50503 SET character_set_client = utf8mb4 */;
CREATE TABLE `review_meeting` (
  `id` int(11) NOT NULL,
  PRIMARY KEY (`id`),
  CONSTRAINT `review_meeting_ibfk_1` FOREIGN KEY (`id`) REFERENCES `cerimony` (`id`)
) ENGINE=InnoDB DEFAULT CHARSET=utf8mb4 COLLATE=utf8mb4_general_ci;
/*!40101 SET character_set_client = @saved_cs_client */;

--
-- Dumping data for table `review_meeting`
--

LOCK TABLES `review_meeting` WRITE;
/*!40000 ALTER TABLE `review_meeting` DISABLE KEYS */;
/*!40000 ALTER TABLE `review_meeting` ENABLE KEYS */;
UNLOCK TABLES;

--
-- Table structure for table `risk`
--

DROP TABLE IF EXISTS `risk`;
/*!40101 SET @saved_cs_client     = @@character_set_client */;
/*!50503 SET character_set_client = utf8mb4 */;
CREATE TABLE `risk` (
  `id` int(11) NOT NULL AUTO_INCREMENT,
  `uuid` char(32) COLLATE utf8mb4_general_ci NOT NULL,
  `date_created` datetime DEFAULT NULL,
  `date_modified` datetime DEFAULT NULL,
  `name` varchar(200) COLLATE utf8mb4_general_ci DEFAULT NULL,
  `description` text COLLATE utf8mb4_general_ci,
  PRIMARY KEY (`id`),
  UNIQUE KEY `uuid` (`uuid`)
) ENGINE=InnoDB AUTO_INCREMENT=4 DEFAULT CHARSET=utf8mb4 COLLATE=utf8mb4_general_ci;
/*!40101 SET character_set_client = @saved_cs_client */;

--
-- Dumping data for table `risk`
--

LOCK TABLES `risk` WRITE;
/*!40000 ALTER TABLE `risk` DISABLE KEYS */;
INSERT INTO `risk` VALUES (1,'fca16fe203474d5e8896c68e138b26bf','2020-02-11 19:40:37','2020-02-11 19:40:37','high','high'),(2,'da20716c66414a979f06257a1a3b493b','2020-02-11 19:40:37','2020-02-11 19:40:37','medium','medium'),(3,'ca6b4f86666b43059c0f76a1c55803c6','2020-02-11 19:40:37','2020-02-11 19:40:37','normal','normal');
/*!40000 ALTER TABLE `risk` ENABLE KEYS */;
UNLOCK TABLES;

--
-- Table structure for table `scrum_atomic_project`
--

DROP TABLE IF EXISTS `scrum_atomic_project`;
/*!40101 SET @saved_cs_client     = @@character_set_client */;
/*!50503 SET character_set_client = utf8mb4 */;
CREATE TABLE `scrum_atomic_project` (
  `id` int(11) NOT NULL,
  `scrum_complex_project_id` int(11) DEFAULT NULL,
  PRIMARY KEY (`id`),
  KEY `scrum_complex_project_id` (`scrum_complex_project_id`),
  CONSTRAINT `scrum_atomic_project_ibfk_1` FOREIGN KEY (`id`) REFERENCES `scrum_project` (`id`),
  CONSTRAINT `scrum_atomic_project_ibfk_2` FOREIGN KEY (`scrum_complex_project_id`) REFERENCES `scrum_complex_project` (`id`)
) ENGINE=InnoDB DEFAULT CHARSET=utf8mb4 COLLATE=utf8mb4_general_ci;
/*!40101 SET character_set_client = @saved_cs_client */;

--
-- Dumping data for table `scrum_atomic_project`
--

LOCK TABLES `scrum_atomic_project` WRITE;
/*!40000 ALTER TABLE `scrum_atomic_project` DISABLE KEYS */;
INSERT INTO `scrum_atomic_project` VALUES (2,1),(3,1),(4,1),(5,1),(6,1),(7,1),(8,1),(9,1),(10,1),(11,1),(12,1),(13,1),(14,1),(15,1),(16,1);
/*!40000 ALTER TABLE `scrum_atomic_project` ENABLE KEYS */;
UNLOCK TABLES;

--
-- Table structure for table `scrum_complex_project`
--

DROP TABLE IF EXISTS `scrum_complex_project`;
/*!40101 SET @saved_cs_client     = @@character_set_client */;
/*!50503 SET character_set_client = utf8mb4 */;
CREATE TABLE `scrum_complex_project` (
  `id` int(11) NOT NULL,
  PRIMARY KEY (`id`),
  CONSTRAINT `scrum_complex_project_ibfk_1` FOREIGN KEY (`id`) REFERENCES `scrum_project` (`id`)
) ENGINE=InnoDB DEFAULT CHARSET=utf8mb4 COLLATE=utf8mb4_general_ci;
/*!40101 SET character_set_client = @saved_cs_client */;

--
-- Dumping data for table `scrum_complex_project`
--

LOCK TABLES `scrum_complex_project` WRITE;
/*!40000 ALTER TABLE `scrum_complex_project` DISABLE KEYS */;
INSERT INTO `scrum_complex_project` VALUES (1);
/*!40000 ALTER TABLE `scrum_complex_project` ENABLE KEYS */;
UNLOCK TABLES;

--
-- Table structure for table `scrum_development_task`
--

DROP TABLE IF EXISTS `scrum_development_task`;
/*!40101 SET @saved_cs_client     = @@character_set_client */;
/*!50503 SET character_set_client = utf8mb4 */;
CREATE TABLE `scrum_development_task` (
  `id` int(11) NOT NULL AUTO_INCREMENT,
  `uuid` char(32) COLLATE utf8mb4_general_ci NOT NULL,
  `date_created` datetime DEFAULT NULL,
  `date_modified` datetime DEFAULT NULL,
  `name` varchar(200) COLLATE utf8mb4_general_ci DEFAULT NULL,
  `description` text COLLATE utf8mb4_general_ci,
  `created_date` datetime DEFAULT NULL,
  `created_by` int(11) DEFAULT NULL,
  `type` varchar(50) COLLATE utf8mb4_general_ci DEFAULT NULL,
  `atomic_user_story` int(11) DEFAULT NULL,
  PRIMARY KEY (`id`),
  UNIQUE KEY `uuid` (`uuid`),
  KEY `created_by` (`created_by`),
  KEY `atomic_user_story` (`atomic_user_story`),
  CONSTRAINT `scrum_development_task_ibfk_1` FOREIGN KEY (`created_by`) REFERENCES `team_member` (`id`),
  CONSTRAINT `scrum_development_task_ibfk_2` FOREIGN KEY (`atomic_user_story`) REFERENCES `atomic_user_story` (`id`)
) ENGINE=InnoDB AUTO_INCREMENT=1681 DEFAULT CHARSET=utf8mb4 COLLATE=utf8mb4_general_ci;
/*!40101 SET character_set_client = @saved_cs_client */;

--
-- Dumping data for table `scrum_development_task`
--

LOCK TABLES `scrum_development_task` WRITE;
/*!40000 ALTER TABLE `scrum_development_task` DISABLE KEYS */;
INSERT INTO `scrum_development_task` VALUES (1,'f8ab6448c51e48dd8f4065fcaa6b1ffe','2020-02-11 19:46:18','2020-02-11 19:46:18','Recuperar dados de aluno a partir do RA (obrigatório) e bloquear dados de rota','None','2020-01-28 14:19:54',65,'scrum_intented_development_task',NULL),(2,'69aea21ce6394b3eb0d345b3f3abb886','2020-02-11 19:46:19','2020-02-11 19:46:19','Retornar nome da rota e nome do aluno em GET reclamante/cpf/reclamacoes','None','2020-01-14 16:41:58',65,'scrum_intented_development_task',NULL),(3,'5c80eaf26e8a4dfcb12fc07fbbddca6b','2020-02-11 19:46:19','2020-02-11 19:46:19','Retornar nome da rota e nome do aluno em GET reclamante/cpf/reclamacoes','None',NULL,65,'scrum_performed_development_task',NULL),(4,'131b350eced7473eb7e4d7dd20d0373f','2020-02-11 19:46:19','2020-02-11 19:46:19','Expor rota GET /status, com os status possíveis, da reclamação','None','2020-01-14 16:39:55',65,'scrum_intented_development_task',NULL),(5,'166cb22d97834984b088863bd5d9eaf2','2020-02-11 19:46:19','2020-02-11 19:46:19','Expor rota GET /status, com os status possíveis, da reclamação','None',NULL,65,'scrum_performed_development_task',NULL),(6,'a9ce3448b0f94bbb8ef428ede9932162','2020-02-11 19:46:20','2020-02-11 19:46:20','Atualizar carga do banco de acordo com o FTP','None','2020-01-28 14:18:18',65,'scrum_intented_development_task',NULL),(7,'33255d195cd74397baa419683b1f723f','2020-02-11 19:46:20','2020-02-11 19:46:20','Atualizar modelo do BD','None','2020-01-28 14:18:23',65,'scrum_intented_development_task',NULL),(8,'8297dbbd49a44e1c815143c55836f9d8','2020-02-11 19:46:20','2020-02-11 19:46:20','Tirar os mocks e ajustar os providers','None','2019-12-18 17:31:25',65,'scrum_intented_development_task',NULL),(9,'1137143c55d844e68044b2c4da5cdb9d','2020-02-11 19:46:21','2020-02-11 19:46:21','Tirar os mocks e ajustar os providers','None',NULL,65,'scrum_performed_development_task',NULL),(10,'b299badefb3c4156a9cd20e2315eb608','2020-02-11 19:46:21','2020-02-11 19:46:21','data e hora do ocorrido obrigatório','None','2020-01-16 19:51:37',65,'scrum_intented_development_task',NULL),(11,'ea4ee5bc3f42413bb426a891de19ea5f','2020-02-11 19:46:21','2020-02-11 19:46:21','código edp opcional','None','2020-01-16 19:51:14',65,'scrum_intented_development_task',NULL),(12,'620ccb720cfc429a887f7022aab53232','2020-02-11 19:46:21','2020-02-11 19:46:22','Nome do aluno opcional','None','2020-01-16 19:51:07',65,'scrum_intented_development_task',NULL),(13,'5ccab3d5cc754235a5b255c9c3d4e36e','2020-02-11 19:46:22','2020-02-11 19:46:22','Mudar os textos conforme o papel do usuário','None','2020-01-16 19:50:43',65,'scrum_intented_development_task',NULL),(14,'36c06768e8ef42d990f17de6d201580e','2020-02-11 19:46:22','2020-02-11 19:46:22','Ajustar rota: GET reclamante/cpf/reclamacoes','None','2020-01-14 16:38:30',65,'scrum_intented_development_task',NULL),(15,'128d8689698d477b976ba1ba14065950','2020-02-11 19:46:22','2020-02-11 19:46:22','Adicionar CPF ao reclamante','None','2020-01-14 16:38:19',65,'scrum_intented_development_task',NULL),(16,'92e84ee2de7f4ca497020723bb75c7f0','2020-02-11 19:46:22','2020-02-11 19:46:22','Criar form do parecer final','None','2019-12-16 17:30:13',65,'scrum_intented_development_task',NULL),(17,'d988e285a5d84cd4bf39e49827bc6126','2020-02-11 19:46:22','2020-02-11 19:46:23','Criar form do parecer final','None',NULL,65,'scrum_performed_development_task',NULL),(18,'8cd2b4f248bd46c0a99fa7a3b8b16a51','2020-02-11 19:46:23','2020-02-11 19:46:23','Rota de reclamante/id/reclamacoes','None','2019-12-16 17:30:25',65,'scrum_intented_development_task',NULL),(19,'c10066bbcac748d4942b7e1d73596ae3','2020-02-11 19:46:23','2020-02-11 19:46:23','Rota de reclamante/id/reclamacoes','None',NULL,65,'scrum_performed_development_task',NULL),(20,'6f1b07c6efc74e3f8c194831d67582ed','2020-02-11 19:46:23','2020-02-11 19:46:23','Criar rota GET escola/:id/rotas','None','2019-12-16 17:30:58',65,'scrum_intented_development_task',NULL),(21,'05786c50aeba43d794b4ac1889c2b9db','2020-02-11 19:46:24','2020-02-11 19:46:24','Criar rota GET escola/:id/rotas','None',NULL,65,'scrum_performed_development_task',NULL),(22,'afb43c98602f4b1baee617917f83e0a6','2020-02-11 19:46:24','2020-02-11 19:46:24','Adicionar token às requisições da api','None','2019-12-18 17:31:11',65,'scrum_intented_development_task',NULL),(23,'7a6553ad13fa4348a6ab41a42ab89c15','2020-02-11 19:46:25','2020-02-11 19:46:25','Adicionar token às requisições da api','None',NULL,65,'scrum_performed_development_task',NULL),(24,'bd0e9b0a50cc4a90a2bde22530700838','2020-02-11 19:46:25','2020-02-11 19:46:25','Adicionar Turno à lista de rotas','None','2019-12-16 19:30:56',65,'scrum_intented_development_task',NULL),(25,'0ecfa1ded5124e2aa38766cb0d0f776a','2020-02-11 19:46:25','2020-02-11 19:46:26','Adicionar Turno à lista de rotas','None',NULL,65,'scrum_performed_development_task',NULL),(26,'9608bf0f0e25407bbf2e659415b61a1a','2020-02-11 19:46:26','2020-02-11 19:46:26','Fazer job de carga do BD','None','2019-12-13 11:36:29',65,'scrum_intented_development_task',NULL),(27,'158b319c33c34c9f8dbc67b836296fe7','2020-02-11 19:46:26','2020-02-11 19:46:26','Fazer job de carga do BD','None',NULL,65,'scrum_performed_development_task',NULL),(28,'232ebe8bb9704944971599b0aa1841c9','2020-02-11 19:46:27','2020-02-11 19:46:27','Ao criar um comentário, impedir o usuário de comentar em nome de outro','None','2019-12-03 19:57:33',65,'scrum_intented_development_task',NULL),(29,'f69483cf6fe643cdaff9008ee7fb1bfa','2020-02-11 19:46:27','2020-02-11 19:46:27','Ao criar um comentário, impedir o usuário de comentar em nome de outro','None',NULL,65,'scrum_performed_development_task',NULL),(30,'6e98dfd685364678a2ef87da0a051245','2020-02-11 19:46:27','2020-02-11 19:46:27','Adicionar form de comentários','None','2019-12-03 19:57:18',65,'scrum_intented_development_task',NULL),(31,'fe4c561eecbb46728443f8c7bdaaef9f','2020-02-11 19:46:27','2020-02-11 19:46:27','Adicionar form de comentários','None',NULL,65,'scrum_performed_development_task',NULL),(32,'4302cd98138f44ef9a9ed3e35db17718','2020-02-11 19:46:28','2020-02-11 19:46:28','Corrigir form de update','None','2019-12-03 19:57:07',65,'scrum_intented_development_task',NULL),(33,'833f9690df71420998bb8b4c0787887f','2020-02-11 19:46:28','2020-02-11 19:46:28','Corrigir form de update','None',NULL,65,'scrum_performed_development_task',NULL),(34,'f43d60ef740548aab442464ca0dc92ce','2020-02-11 19:46:28','2020-02-11 19:46:29','Montar job para carga do mongo','None','2019-12-09 19:28:58',68,'scrum_intented_development_task',NULL),(35,'dad642ab95a64d8e81159e8bdd7cd68b','2020-02-11 19:46:29','2020-02-11 19:46:29','Montar job para carga do mongo','None',NULL,68,'scrum_performed_development_task',NULL),(36,'6ab0406c01634468b657aa35ef7f7842','2020-02-11 19:46:29','2020-02-11 19:46:29','Gerar csv de sugestão dos orgãos via pentaho','None','2019-12-09 19:28:20',68,'scrum_intented_development_task',NULL),(37,'2ac66fced769402d9805efaf7ded89dc','2020-02-11 19:46:29','2020-02-11 19:46:29','Gerar csv de sugestão dos orgãos via pentaho','None',NULL,68,'scrum_performed_development_task',NULL),(38,'4849f406fa4d4c46958253d839a46999','2020-02-11 19:46:30','2020-02-11 19:46:30','Retornar 400 quando codPerfil não existe','None','2019-11-27 19:19:21',41,'scrum_intented_development_task',NULL),(39,'3dd714f129484644848936f1ab9e4836','2020-02-11 19:46:30','2020-02-11 19:46:30','Retornar 400 quando codPerfil não existe','None',NULL,41,'scrum_performed_development_task',NULL),(40,'affe6f224b0d4ceda380e1bd2e6a0ccb','2020-02-11 19:46:30','2020-02-11 19:46:31','Obter o contracheque em pdf da api','None','2019-12-12 01:16:50',41,'scrum_intented_development_task',NULL),(41,'6ad5e24526b94dff8cc5e4084ea855f5','2020-02-11 19:46:31','2020-02-11 19:46:31','Obter o contracheque em pdf da api','None',NULL,41,'scrum_performed_development_task',NULL),(42,'0dc9b4aa1fd34bf690d48b53f0695b16','2020-02-11 19:46:31','2020-02-11 19:46:31','Criar serviço de comunicação com api','None','2019-11-25 19:28:02',39,'scrum_intented_development_task',NULL),(43,'aa6c0ea6526f464189ccf0d43ca738ef','2020-02-11 19:46:31','2020-02-11 19:46:31','Criar serviço de comunicação com api','None',NULL,39,'scrum_performed_development_task',NULL),(44,'3a985996b9ad499cafda737fd106f75f','2020-02-11 19:46:32','2020-02-11 19:46:32','Organizar as páginas com parâmetros de rota','None','2019-11-25 19:27:33',39,'scrum_intented_development_task',NULL),(45,'8a2098e585da4d4fa61d565fe79845ca','2020-02-11 19:46:32','2020-02-11 19:46:32','Organizar as páginas com parâmetros de rota','None',NULL,39,'scrum_performed_development_task',NULL),(46,'dc76ec877f074445bad580c37901a852','2020-02-11 19:46:32','2020-02-11 19:46:32','verificar compatibilidade de plugins e bibliotecas','None','2019-12-13 20:07:06',60,'scrum_intented_development_task',NULL),(47,'ee5a4543291c4e11affcf344451d403d','2020-02-11 19:46:32','2020-02-11 19:46:33','verificar compatibilidade de plugins e bibliotecas','None',NULL,60,'scrum_performed_development_task',NULL),(48,'a9fad4486fb34c6b998947982f4116ce','2020-02-11 19:46:33','2020-02-11 19:46:33','atualizar o cordova na aplicação .','None','2019-12-13 20:07:58',60,'scrum_intented_development_task',NULL),(49,'e4e41109d1c14567ac55c02381e25f21','2020-02-11 19:46:33','2020-02-11 19:46:33','atualizar o cordova na aplicação .','None',NULL,60,'scrum_performed_development_task',NULL),(50,'62fe3ef446564e88b7b980cea8a6c66d','2020-02-11 19:46:33','2020-02-11 19:46:33','verificar todas as funcionalidades e detectar bugs','None','2019-12-13 20:08:45',60,'scrum_intented_development_task',NULL),(51,'acdd1fd070374e83bd2563d48cdbbfc8','2020-02-11 19:46:33','2020-02-11 19:46:33','verificar todas as funcionalidades e detectar bugs','None',NULL,60,'scrum_performed_development_task',NULL),(52,'574d8fe9be03404da3402b3a35d6011e','2020-02-11 19:46:34','2020-02-11 19:46:34','correçao de desvio de padroes IOS','None','2019-12-13 20:09:48',60,'scrum_intented_development_task',NULL),(53,'11e41652f9a7455cade483ad3849c026','2020-02-11 19:46:34','2020-02-11 19:46:34','correçao de desvio de padroes IOS','None',NULL,60,'scrum_performed_development_task',NULL),(54,'c4da46b5693a45a09a0c48420524f25b','2020-02-11 19:46:34','2020-02-11 19:46:34','Adicionar os prints à documentação','None','2019-08-15 20:45:42',59,'scrum_intented_development_task',NULL),(55,'181259af6e724dd89ca3ba443d65136c','2020-02-11 19:46:34','2020-02-11 19:46:34','Adicionar os prints à documentação','None',NULL,59,'scrum_performed_development_task',NULL),(56,'45c16ae18b134b4a9e83eac1d8c2e5a2','2020-02-11 19:46:34','2020-02-11 19:46:34','Documentar o large-button','None','2019-08-15 20:43:50',59,'scrum_intented_development_task',NULL),(57,'94a1928a762044b4a5788440243a9f9c','2020-02-11 19:46:35','2020-02-11 19:46:35','Documentar o large-button','None',NULL,59,'scrum_performed_development_task',NULL),(58,'ce38db988bb44c5294d7d84cf9ef9ee6','2020-02-11 19:46:35','2020-02-11 19:46:35','Documentar o main-footer-bar','None','2019-08-15 20:43:57',59,'scrum_intented_development_task',NULL),(59,'4cdc2d54cea34066a275d1cc2bd99ebe','2020-02-11 19:46:35','2020-02-11 19:46:35','Documentar o main-footer-bar','None',NULL,59,'scrum_performed_development_task',NULL),(60,'0c173ff33b164168975ae0f94987f6b9','2020-02-11 19:46:35','2020-02-11 19:46:35','Documentar os ícones disponíveis','None','2019-08-15 20:56:28',59,'scrum_intented_development_task',NULL),(61,'ea5b6aeb55e34e6e8d0687fa88718a77','2020-02-11 19:46:35','2020-02-11 19:46:35','Documentar os ícones disponíveis','None',NULL,59,'scrum_performed_development_task',NULL),(62,'0257f1d8d935456b8b9d6edc02615f63','2020-02-11 19:46:36','2020-02-11 19:46:36','Documentar o \"topbar\"','None','2019-08-19 21:13:08',59,'scrum_intented_development_task',NULL),(63,'d91dc5f34fd44c1494bf595bf208a205','2020-02-11 19:46:36','2020-02-11 19:46:36','Documentar o \"topbar\"','None',NULL,59,'scrum_performed_development_task',NULL),(64,'e026737261d7429fbcd5aca10ffad006','2020-02-11 19:46:36','2020-02-11 19:46:36','gerar metodo para comparar cursos e filtrar ','None','2019-11-27 15:59:08',60,'scrum_intented_development_task',NULL),(65,'3262f13c6e474ff3bc421c2b69455183','2020-02-11 19:46:36','2020-02-11 19:46:36','gerar metodo para comparar cursos e filtrar ','None',NULL,60,'scrum_performed_development_task',NULL),(66,'7fe7ab0c77874e01a3fe2656476d2122','2020-02-11 19:46:37','2020-02-11 19:46:37','criar metodo para requisição get e retornar os dados','None','2019-11-27 15:51:39',60,'scrum_intented_development_task',NULL),(67,'504d311ce2624711ab52bb31514b9d6b','2020-02-11 19:46:37','2020-02-11 19:46:37','criar metodo para requisição get e retornar os dados','None',NULL,60,'scrum_performed_development_task',NULL),(68,'b1481a169a2849e080eabff3bc4e87c7','2020-02-11 19:46:37','2020-02-11 19:46:37','exibir os dados na tela no html informando a distancia do curso desejado pelo usuario','None','2019-11-27 15:52:35',60,'scrum_intented_development_task',NULL),(69,'a4329b6ec71a4fb3a263ebd6e4067a35','2020-02-11 19:46:38','2020-02-11 19:46:38','exibir os dados na tela no html informando a distancia do curso desejado pelo usuario','None',NULL,60,'scrum_performed_development_task',NULL),(70,'e5a4813ecde347498de720e3de05428c','2020-02-11 19:46:38','2020-02-11 19:46:38','Melhorar o card na lista de reclamações feitas','None','2019-12-03 20:24:41',65,'scrum_intented_development_task',NULL),(71,'73a386073fcd404b9d8833ddef62986f','2020-02-11 19:46:38','2020-02-11 19:46:38','Melhorar o card na lista de reclamações feitas','None',NULL,65,'scrum_performed_development_task',NULL),(72,'8ac240c000ab467a9f53ea99c755eacf','2020-02-11 19:46:39','2020-02-11 19:46:39','Desabilitar botão de enviar, enquanto todas as infos obrigatórias não forem preenchidas','None','2019-12-03 20:14:43',65,'scrum_intented_development_task',NULL),(73,'a5c7b6bbabf044d0a2edde1e84890bc2','2020-02-11 19:46:39','2020-02-11 19:46:39','Desabilitar botão de enviar, enquanto todas as infos obrigatórias não forem preenchidas','None',NULL,65,'scrum_performed_development_task',NULL),(74,'2c7ba9f7570c4008bcbc03758ef598da','2020-02-11 19:46:40','2020-02-11 19:46:40','testar imagem do pdi','None','2019-12-06 18:44:59',73,'scrum_intented_development_task',NULL),(75,'5fbbb4ddea9843ad8c21517047fe78de','2020-02-11 19:46:40','2020-02-11 19:46:40','testar imagem do pdi','None',NULL,73,'scrum_performed_development_task',NULL),(76,'fbd3fcb9999644049bcd56472e9a65e9','2020-02-11 19:46:40','2020-02-11 19:46:40','Gerar imagem identidade aluno','None','2019-12-11 21:16:12',68,'scrum_intented_development_task',NULL),(77,'cfb3ff7836eb4ac1a727ca724c552dd4','2020-02-11 19:46:40','2020-02-11 19:46:41','Gerar imagem identidade aluno','None',NULL,68,'scrum_performed_development_task',NULL),(78,'ff9fa267e245488ba31c82791d5e8735','2020-02-11 19:46:41','2020-02-11 19:46:41','Obter meses através da api','None','2019-11-18 19:54:06',39,'scrum_intented_development_task',NULL),(79,'06238a7b79944ce0a4bb31585c5c5e4b','2020-02-11 19:46:41','2020-02-11 19:46:41','Obter meses através da api','None',NULL,39,'scrum_performed_development_task',NULL),(80,'5069827dc9844f3e9ef6f4a7d55e6aee','2020-02-11 19:46:42','2020-02-11 19:46:42','Obter perfis através da api','None','2019-11-18 19:53:44',39,'scrum_intented_development_task',NULL),(81,'5962cf6f5f27479296005c13e334833e','2020-02-11 19:46:42','2020-02-11 19:46:42','Obter perfis através da api','None',NULL,39,'scrum_performed_development_task',NULL),(82,'4fb530e5c2854e7ba75edbcf38e19aa8','2020-02-11 19:46:42','2020-02-11 19:46:42','Obter vínculos através da api','None','2019-11-18 19:53:21',39,'scrum_intented_development_task',NULL),(83,'d3c4357f1603414798ee5811cb40221e','2020-02-11 19:46:43','2020-02-11 19:46:43','Obter vínculos através da api','None',NULL,39,'scrum_performed_development_task',NULL),(84,'d87555e32cb34e8bbff2c8d33f692291','2020-02-11 19:46:43','2020-02-11 19:46:43','Obter ano(s) através da api','None','2019-11-18 19:52:52',39,'scrum_intented_development_task',NULL),(85,'f249fc1ff3e3445fab3b548897906c9f','2020-02-11 19:46:43','2020-02-11 19:46:44','Obter ano(s) através da api','None',NULL,39,'scrum_performed_development_task',NULL),(86,'48e5d9eacde84876a6bd50c9eb551b26','2020-02-11 19:46:44','2020-02-11 19:46:44','Obter folhas através da api','None','2019-11-18 19:51:53',39,'scrum_intented_development_task',NULL),(87,'c01aa06f19864a7faf595c9929659893','2020-02-11 19:46:44','2020-02-11 19:46:44','Obter folhas através da api','None',NULL,39,'scrum_performed_development_task',NULL),(88,'f4bb80bb4fc84f8a8fa9b7ab649c398f','2020-02-11 19:46:45','2020-02-11 19:46:45','Inserir autenticação na api','None','2019-12-09 19:27:17',68,'scrum_intented_development_task',NULL),(89,'c1fa32c254dd4d898f8a709ce9b895fb','2020-02-11 19:46:45','2020-02-11 19:46:45','Inserir autenticação na api','None',NULL,68,'scrum_performed_development_task',NULL),(90,'2a66bcd32e4a4ecb9c5d7b71aaeedca7','2020-02-11 19:46:45','2020-02-11 19:46:45','Salvar no mongo o objeto para o cpf do aluno','None','2019-12-02 21:06:15',68,'scrum_intented_development_task',NULL),(91,'cfb0a64bda5d4e4dbb1385c410b73feb','2020-02-11 19:46:46','2020-02-11 19:46:46','Salvar no mongo o objeto para o cpf do aluno','None',NULL,68,'scrum_performed_development_task',NULL),(92,'c13e1444fa32454d92b3d57f85839c3a','2020-02-11 19:46:46','2020-02-11 19:46:46','Calcula a distância do endereço da pessoa em relação ao endereço do curso','None','2019-12-02 21:05:22',68,'scrum_intented_development_task',NULL),(93,'f653761be2b74015b08fe2887fd08af9','2020-02-11 19:46:46','2020-02-11 19:46:46','Calcula a distância do endereço da pessoa em relação ao endereço do curso','None',NULL,68,'scrum_performed_development_task',NULL),(94,'be57a5d6efd146089cb05d7f35846789','2020-02-11 19:46:47','2020-02-11 19:46:47','Buscar pessoa (município)','None','2019-12-02 21:02:44',68,'scrum_intented_development_task',NULL),(95,'9c99a5534684496fa5c6561395407fad','2020-02-11 19:46:47','2020-02-11 19:46:47','Buscar pessoa (município)','None',NULL,68,'scrum_performed_development_task',NULL),(96,'eb02ccc0ecd64c1dbab7d928d8cfd1a3','2020-02-11 19:46:47','2020-02-11 19:46:48','Corrigir tamanho de textarea de atualizar reclamação','None','2019-12-03 19:58:15',65,'scrum_intented_development_task',NULL),(97,'eb2df6b66da040a1b66c000732f9fb52','2020-02-11 19:46:48','2020-02-11 19:46:48','Corrigir tamanho de textarea de atualizar reclamação','None',NULL,65,'scrum_performed_development_task',NULL),(98,'5754217c9bc445c09e57001aee30ef9d','2020-02-11 19:46:48','2020-02-11 19:46:48','Exibir campo de texto quando o usuário marcar \"outro\" papel','None','2019-12-03 20:10:36',65,'scrum_intented_development_task',NULL),(99,'f5899755513846668eae1d53ecf50fa5','2020-02-11 19:46:48','2020-02-11 19:46:48','Exibir campo de texto quando o usuário marcar \"outro\" papel','None',NULL,65,'scrum_performed_development_task',NULL),(100,'485d697426864d309012091aca633d32','2020-02-11 19:46:49','2020-02-11 19:46:49','Implementar detalhamento da reclamação','None','2019-12-03 20:24:56',65,'scrum_intented_development_task',NULL),(101,'b61164aedba54fae99023626ec3a5b0b','2020-02-11 19:46:49','2020-02-11 19:46:49','Implementar detalhamento da reclamação','None',NULL,65,'scrum_performed_development_task',NULL),(102,'04fefb59edf04ba2a01e0743600ddfc6','2020-02-11 19:46:50','2020-02-11 19:46:50','Funcionalidade de baixar o contracheque na api','None','2019-12-03 17:55:24',41,'scrum_intented_development_task',NULL),(103,'385e521a8c9f4796af304a680b53e237','2020-02-11 19:46:50','2020-02-11 19:46:50','Funcionalidade de baixar o contracheque na api','None',NULL,41,'scrum_performed_development_task',NULL),(104,'2a650e00fda34765af95509507d0b190','2020-02-11 19:46:51','2020-02-11 19:46:51','Testar aplicação - api sugestão','None','2019-12-02 21:01:03',68,'scrum_intented_development_task',NULL),(105,'daf344b65b7e46c990ef24bc9facd8c3','2020-02-11 19:46:51','2020-02-11 19:46:51','Testar aplicação - api sugestão','None',NULL,68,'scrum_performed_development_task',NULL),(106,'3cc5e5d24ee94877995a9bf5dd952340','2020-02-11 19:46:52','2020-02-11 19:46:52','Todas as localizações de curso em aberto','None','2019-12-02 21:03:13',68,'scrum_intented_development_task',NULL),(107,'f0baa473665c4f4683949089a2987aef','2020-02-11 19:46:52','2020-02-11 19:46:52','Todas as localizações de curso em aberto','None',NULL,68,'scrum_performed_development_task',NULL),(108,'b487fd8686164c4a86ee2056e12cefb6','2020-02-11 19:46:53','2020-02-11 19:46:53','Enviar script do banco para o Gazzoli','None','2019-12-03 19:27:04',68,'scrum_intented_development_task',NULL),(109,'6e61c97fc8e443ba9c73a5db6dd5c33b','2020-02-11 19:46:53','2020-02-11 19:46:53','Enviar script do banco para o Gazzoli','None',NULL,68,'scrum_performed_development_task',NULL),(110,'800e666c7e694d5cb6df69ff359d12b7','2020-02-11 19:46:53','2020-02-11 19:46:54','Gerar script em MySql','None','2019-12-02 21:01:29',68,'scrum_intented_development_task',NULL),(111,'d3dc96a5e80d4d86be94f28ebb6517ee','2020-02-11 19:46:54','2020-02-11 19:46:54','Gerar script em MySql','None',NULL,68,'scrum_performed_development_task',NULL),(112,'426f1048b9bf43a8a5b185cffc623d8a','2020-02-11 19:46:54','2020-02-11 19:46:54','Implementar controle de acesso','None','2019-12-03 19:56:06',65,'scrum_intented_development_task',NULL),(113,'cb6ef68d0c464d76a01d9e517e172091','2020-02-11 19:46:55','2020-02-11 19:46:55','Implementar controle de acesso','None',NULL,65,'scrum_performed_development_task',NULL),(114,'db6e8ddca12446e6a0440c7c5acf8cd1','2020-02-11 19:46:55','2020-02-11 19:46:55','Estilizar os menus tipo \"select\"','None','2019-12-03 19:57:43',65,'scrum_intented_development_task',NULL),(115,'0b35c610c78e411d87d39b810aa6f62c','2020-02-11 19:46:55','2020-02-11 19:46:55','Estilizar os menus tipo \"select\"','None',NULL,65,'scrum_performed_development_task',NULL),(116,'46f68c429f654da59601c4bed1f8542b','2020-02-11 19:46:56','2020-02-11 19:46:56','Reduzir tamanho do título em \"Minhas reclamações\"','None','2019-12-03 20:23:39',65,'scrum_intented_development_task',NULL),(117,'acdcd6b8af3a431e8bda33d725af2454','2020-02-11 19:46:56','2020-02-11 19:46:56','Reduzir tamanho do título em \"Minhas reclamações\"','None',NULL,65,'scrum_performed_development_task',NULL),(118,'fddfd5a2fed647a69f1bd0e1135b001f','2020-02-11 19:46:57','2020-02-11 19:46:57','Melhorar Swagger','None','2019-12-02 21:01:41',68,'scrum_intented_development_task',NULL),(119,'d14162048acc4c50b2606d849c89b6b7','2020-02-11 19:46:57','2020-02-11 19:46:57','Melhorar Swagger','None',NULL,68,'scrum_performed_development_task',NULL),(120,'6c5f196b26034ba6aecc5e8f846c8217','2020-02-11 19:46:57','2020-02-11 19:46:57','Popular MySql - PDI','None','2019-12-02 21:00:18',68,'scrum_intented_development_task',NULL),(121,'23874946a229488eb6a3440f18bd97d4','2020-02-11 19:46:58','2020-02-11 19:46:58','Popular MySql - PDI','None',NULL,68,'scrum_performed_development_task',NULL),(122,'ac99bbc3f7c4442b813f7743421839c2','2020-02-11 19:46:58','2020-02-11 19:46:58','Novo deploy do backoffice','None','2019-12-03 19:41:27',65,'scrum_intented_development_task',NULL),(123,'3f32ed542534462389c3d9fcc7895c8c','2020-02-11 19:46:59','2020-02-11 19:46:59','Novo deploy do backoffice','None',NULL,65,'scrum_performed_development_task',NULL),(124,'a1b95dd12eee4571a17ac17067f17ae4','2020-02-11 19:46:59','2020-02-11 19:46:59','Implementar filtros na lista de reclamações','None','2019-12-03 19:41:09',65,'scrum_intented_development_task',NULL),(125,'2cf760384fe047ea97cb0954f4374a92','2020-02-11 19:46:59','2020-02-11 19:46:59','Implementar filtros na lista de reclamações','None',NULL,65,'scrum_performed_development_task',NULL),(126,'0870aa9daa6d4657ae2eb2dd919ab087','2020-02-11 19:47:00','2020-02-11 19:47:00','Criar tela customizada para ver e tratar reclamações','None','2019-12-03 19:38:46',65,'scrum_intented_development_task',NULL),(127,'8cb6a53cdab94db290ea4c301c9c603f','2020-02-11 19:47:00','2020-02-11 19:47:00','Criar tela customizada para ver e tratar reclamações','None',NULL,65,'scrum_performed_development_task',NULL),(128,'bacfbf7887a64d9f8211c3b92a5aa338','2020-02-11 19:47:00','2020-02-11 19:47:00','Criar tela customizada para listar reclamações','None','2019-12-03 19:38:13',65,'scrum_intented_development_task',NULL),(129,'9bffce021ce941c19332dc809b906854','2020-02-11 19:47:01','2020-02-11 19:47:01','Criar tela customizada para listar reclamações','None',NULL,65,'scrum_performed_development_task',NULL),(130,'e9b39b19985d45faaaa048a5ad9175ca','2020-02-11 19:47:01','2020-02-11 19:47:01','Trocar drive do banco do Python','None','2019-12-02 21:00:43',68,'scrum_intented_development_task',NULL),(131,'ae27221684544d7ba3ed90f9cbd8fe96','2020-02-11 19:47:01','2020-02-11 19:47:01','Trocar drive do banco do Python','None',NULL,68,'scrum_performed_development_task',NULL),(132,'52f0b13a1a0f4dba962596f2fb836b46','2020-02-11 19:47:02','2020-02-11 19:47:02','Criar banco MySql','None','2019-12-02 20:59:53',68,'scrum_intented_development_task',NULL),(133,'034d80899b3b4a469dfc81185f7ec8a8','2020-02-11 19:47:02','2020-02-11 19:47:02','Criar banco MySql','None',NULL,68,'scrum_performed_development_task',NULL),(134,'a54448ad9f11404f885574dd4186c449','2020-02-11 19:47:02','2020-02-11 19:47:03','Implementar tela para ver as reclamações feitas','None','2019-11-19 16:42:15',65,'scrum_intented_development_task',NULL),(135,'ce495abb91b4481b9c896cc64daa190d','2020-02-11 19:47:03','2020-02-11 19:47:03','Implementar tela para ver as reclamações feitas','None',NULL,65,'scrum_performed_development_task',NULL),(136,'c2cea5524a384c93a8cd0a08f7cb041a','2020-02-11 19:47:03','2020-02-11 19:47:03','coloca no gravitee','1','2019-11-18 20:51:54',73,'scrum_intented_development_task',NULL),(137,'e96eec40396b4a6b90488fa2e39b1c04','2020-02-11 19:47:03','2020-02-11 19:47:03','coloca no gravitee','1',NULL,73,'scrum_performed_development_task',NULL),(138,'9beaa1c356e54bc0b90f1ab695340078','2020-02-11 19:47:04','2020-02-11 19:47:04','colocar no rancher a api','2','2019-11-18 20:52:53',73,'scrum_intented_development_task',NULL),(139,'2896b45c8d23428d969bf1c696dda58d','2020-02-11 19:47:04','2020-02-11 19:47:04','colocar no rancher a api','2',NULL,73,'scrum_performed_development_task',NULL),(140,'04f19c2e95ee4488b595c9412de16b56','2020-02-11 19:47:04','2020-02-11 19:47:04','Criar endpoint para a folha do contracheque','None','2019-11-27 19:13:13',41,'scrum_intented_development_task',NULL),(141,'13b1a885873f46b389df8f669fd9d261','2020-02-11 19:47:05','2020-02-11 19:47:05','Criar endpoint para a folha do contracheque','None',NULL,41,'scrum_performed_development_task',NULL),(142,'3ee05d9f471a4424a2c87d343da7ed4c','2020-02-11 19:47:05','2020-02-11 19:47:05','fazer relatorio do identidade aluno','5','2019-11-18 20:52:27',73,'scrum_intented_development_task',NULL),(143,'44444f1848ab48c9a4b3ad164c1001fa','2020-02-11 19:47:05','2020-02-11 19:47:06','fazer relatorio do identidade aluno','5',NULL,73,'scrum_performed_development_task',NULL),(144,'88f70d4eee9c490196d03eacac06da06','2020-02-11 19:47:06','2020-02-11 19:47:06','Refatorar rota de cpf para oportunidades','3','2019-11-27 20:11:58',68,'scrum_intented_development_task',NULL),(145,'f49cd4b9f52641a8a5458f332d4bfc95','2020-02-11 19:47:06','2020-02-11 19:47:06','Refatorar rota de cpf para oportunidades','3',NULL,68,'scrum_performed_development_task',NULL),(146,'fb327b231fe94789be034dcfc0205fbd','2020-02-11 19:47:06','2020-02-11 19:47:07','obter cpf usuario quando logado','None','2019-11-27 15:55:10',60,'scrum_intented_development_task',NULL),(147,'b496bdc6760049a08cd7c6a876e1bc30','2020-02-11 19:47:07','2020-02-11 19:47:07','obter cpf usuario quando logado','None',NULL,60,'scrum_performed_development_task',NULL),(148,'69a8ea5d6a5e4a1cab82f1c8f2d8da84','2020-02-11 19:47:07','2020-02-11 19:47:08','gerar docker da API','1<div><br></div>','2019-11-18 20:51:13',73,'scrum_intented_development_task',NULL),(149,'683b0470fe6a4fa6a5dff4f2573898a5','2020-02-11 19:47:08','2020-02-11 19:47:08','gerar docker da API','1<div><br></div>',NULL,73,'scrum_performed_development_task',NULL),(150,'813fc3327430471fbf1aedb5b4c3e05f','2020-02-11 19:47:08','2020-02-11 19:47:08','popular o banco no mongo','1','2019-11-18 20:53:26',73,'scrum_intented_development_task',NULL),(151,'4a5ef21d6fc344d497c200c07b9cc81d','2020-02-11 19:47:08','2020-02-11 19:47:08','popular o banco no mongo','1',NULL,73,'scrum_performed_development_task',NULL),(152,'0d398bc965934fd7a10187c9e202a488','2020-02-11 19:47:09','2020-02-11 19:47:09','Criar endpoint de vínculos','None','2019-11-18 19:50:18',39,'scrum_intented_development_task',NULL),(153,'4d2011e1839c460ca5e39bd21bdd163f','2020-02-11 19:47:09','2020-02-11 19:47:09','Criar endpoint de vínculos','None',NULL,39,'scrum_performed_development_task',NULL),(154,'2fb419071def44f78bcef26e5849fad8','2020-02-11 19:47:10','2020-02-11 19:47:10','Obter dados do banco Oracle da SIARHES','None','2019-11-18 19:48:07',39,'scrum_intented_development_task',NULL),(155,'b3fb15258fe240ce96292f9c3b2d1c86','2020-02-11 19:47:10','2020-02-11 19:47:10','Obter dados do banco Oracle da SIARHES','None',NULL,39,'scrum_performed_development_task',NULL),(156,'23ee2c5ded48464c872f3d43b89fe63d','2020-02-11 19:47:11','2020-02-11 19:47:11','Criar endpoint de perfis','None','2019-11-18 19:50:14',39,'scrum_intented_development_task',NULL),(157,'02fe9dc7141b46809c6aaf0300c02eab','2020-02-11 19:47:11','2020-02-11 19:47:11','Criar endpoint de perfis','None',NULL,39,'scrum_performed_development_task',NULL),(158,'01f4c1d51ac94ba4b2dd4cbe7bba0007','2020-02-11 19:47:11','2020-02-11 19:47:12','buscar dados  do cpf do usuario na api','None','2019-11-09 13:43:52',60,'scrum_intented_development_task',NULL),(159,'ece255c0ef0d4ee087fefadf9ac84106','2020-02-11 19:47:12','2020-02-11 19:47:12','buscar dados  do cpf do usuario na api','None',NULL,60,'scrum_performed_development_task',NULL),(160,'dc07fa88b05447a78cbf7415af5ecbf6','2020-02-11 19:47:12','2020-02-11 19:47:12','usar método get para buscar requisição na api ','None','2019-11-09 13:45:37',60,'scrum_intented_development_task',NULL),(161,'2b964ef6805d4f9baf51b4956ee9bb48','2020-02-11 19:47:12','2020-02-11 19:47:12','usar método get para buscar requisição na api ','None',NULL,60,'scrum_performed_development_task',NULL),(162,'25c79f0f5fc349079d1ac4bb822ddb63','2020-02-11 19:47:13','2020-02-11 19:47:13','exibir porcentagem do concurso de cada cpf','None','2019-11-09 13:47:11',60,'scrum_intented_development_task',NULL),(163,'382e66ce4827415fadcbf4d8068a799b','2020-02-11 19:47:13','2020-02-11 19:47:13','exibir porcentagem do concurso de cada cpf','None',NULL,60,'scrum_performed_development_task',NULL),(164,'fab37da2dee140e0834dfea768e1ed89','2020-02-11 19:47:13','2020-02-11 19:47:13','mandar o script por email para o gazoli','1','2019-11-18 20:52:14',73,'scrum_intented_development_task',NULL),(165,'fe5f88fafadc453ead2cc100e0abd290','2020-02-11 19:47:14','2020-02-11 19:47:14','mandar o script por email para o gazoli','1',NULL,73,'scrum_performed_development_task',NULL),(166,'bbd41ee798564329bcd3b18d559860b0','2020-02-11 19:47:14','2020-02-11 19:47:14','gerar script em sql server do identidade aluno','2','2019-11-18 20:52:05',73,'scrum_intented_development_task',NULL),(167,'785dd1e8284040ab82766b0e851c5864','2020-02-11 19:47:15','2020-02-11 19:47:15','gerar script em sql server do identidade aluno','2',NULL,73,'scrum_performed_development_task',NULL),(168,'caba03632dd844278c09a0cfeedc33ff','2020-02-11 19:47:15','2020-02-11 19:47:15','Melhorar interface no ESPM','None','2019-11-13 17:59:44',26,'scrum_intented_development_task',NULL),(169,'2569e0a7cf1b4dc4806529d489c1675b','2020-02-11 19:47:15','2020-02-11 19:47:16','Melhorar interface no ESPM','None',NULL,26,'scrum_performed_development_task',NULL),(170,'5d20a347963d4863bd5146e404e3d87a','2020-02-11 19:47:16','2020-02-11 19:47:16','Liberar API e webapp no gateway','None','2019-11-04 18:06:33',65,'scrum_intented_development_task',NULL),(171,'cfefe6c2a43a427a9647c308803f193f','2020-02-11 19:47:16','2020-02-11 19:47:16','Liberar API e webapp no gateway','None',NULL,65,'scrum_performed_development_task',NULL),(172,'e863ac3546ba47f4b0ec231b3e9bdbfd','2020-02-11 19:47:16','2020-02-11 19:47:16','Fazer deploy do app no rancher','None','2019-10-22 22:08:30',65,'scrum_intented_development_task',NULL),(173,'7a24e75be97149c9b61495adc2b07ec7','2020-02-11 19:47:17','2020-02-11 19:47:17','Fazer deploy do app no rancher','None',NULL,65,'scrum_performed_development_task',NULL),(174,'53df7e6350f04841b8e4d8349ef864be','2020-02-11 19:47:17','2020-02-11 19:47:17','Desenvolver a lógica do end-point que retorna a sugestão para um aluno específico','None','2019-11-05 15:11:50',68,'scrum_intented_development_task',NULL),(175,'6c62870faa204d68820e219e5bcd2b12','2020-02-11 19:47:18','2020-02-11 19:47:18','Desenvolver a lógica do end-point que retorna a sugestão para um aluno específico','None',NULL,68,'scrum_performed_development_task',NULL),(176,'34d8a6e9c4a0486093f3a1f7f10f9e04','2020-02-11 19:47:18','2020-02-11 19:47:18','Desenvolver a lógica do end-point que retorna a sugestão','None','2019-11-05 15:09:24',68,'scrum_intented_development_task',NULL),(177,'526e7ca986b54295b2401923fa2d0044','2020-02-11 19:47:18','2020-02-11 19:47:19','Desenvolver a lógica do end-point que retorna a sugestão','None',NULL,68,'scrum_performed_development_task',NULL),(178,'3a67c0e770f442138afdf7f556c7ecd4','2020-02-11 19:47:19','2020-02-11 19:47:19','Popular o Mongo','None','2019-11-05 16:45:06',68,'scrum_intented_development_task',NULL),(179,'b54cb2af19d945be9fb584c2025a0220','2020-02-11 19:47:19','2020-02-11 19:47:19','Popular o Mongo','None',NULL,68,'scrum_performed_development_task',NULL),(180,'e7295b2d993b4f9d9b3673e28852a365','2020-02-11 19:47:20','2020-02-11 19:47:20','CSV de municipios do IBGE','8','2019-11-05 15:10:37',68,'scrum_intented_development_task',NULL),(181,'7588e483bed341efab19e519b406f928','2020-02-11 19:47:20','2020-02-11 19:47:20','CSV de municipios do IBGE','8',NULL,68,'scrum_performed_development_task',NULL),(182,'0085b229884242bd98e97435ed48110b','2020-02-11 19:47:21','2020-02-11 19:47:21','Adicionar camada de serviço a api','None','2019-11-11 17:10:04',41,'scrum_intented_development_task',NULL),(183,'e54b30a0ce5e4359b014f66c74ac221f','2020-02-11 19:47:21','2020-02-11 19:47:21','Adicionar camada de serviço a api','None',NULL,41,'scrum_performed_development_task',NULL),(184,'1a8c3a61ea2b44a796efc14b108c4e2b','2020-02-11 19:47:21','2020-02-11 19:47:21','Desenvolver tela de vinculos estática','None','2019-11-04 19:02:20',41,'scrum_intented_development_task',NULL),(185,'08ca8ef67f0f4a30b3ff2763e9faf94a','2020-02-11 19:47:22','2020-02-11 19:47:22','Desenvolver tela de vinculos estática','None',NULL,41,'scrum_performed_development_task',NULL),(186,'71638e7ab1d64e668c9ef35bef86d9f2','2020-02-11 19:47:22','2020-02-11 19:47:22','Personalizar tela de denúncias (add comentários)','None','2019-10-22 22:09:03',65,'scrum_intented_development_task',NULL),(187,'658f98c1ff31498c8d33ee7e9aad251f','2020-02-11 19:47:23','2020-02-11 19:47:23','Personalizar tela de denúncias (add comentários)','None',NULL,65,'scrum_performed_development_task',NULL),(188,'a39090670550480b81313abf36993fbf','2020-02-11 19:47:23','2020-02-11 19:47:23','Fazer mock no gateway','None','2019-11-04 18:06:46',65,'scrum_intented_development_task',NULL),(189,'b8472ed7230a405cb13415ff59d4e84d','2020-02-11 19:47:23','2020-02-11 19:47:24','Fazer mock no gateway','None',NULL,65,'scrum_performed_development_task',NULL),(190,'1a503e5b4a1746e29afc03854cccaca8','2020-02-11 19:47:24','2020-02-11 19:47:24','Mostrar confirmação de envio','None','2019-10-22 22:10:05',65,'scrum_intented_development_task',NULL),(191,'7f9f8522998048f198c044464cc1dc51','2020-02-11 19:47:24','2020-02-11 19:47:24','Mostrar confirmação de envio','None',NULL,65,'scrum_performed_development_task',NULL),(192,'6fe7db060e0c48ddad014ec20c333e22','2020-02-11 19:47:25','2020-02-11 19:47:25','Adaptar para module page','None','2019-11-04 18:05:29',65,'scrum_intented_development_task',NULL),(193,'fd2103a3a2984768be621f8d35aa536d','2020-02-11 19:47:25','2020-02-11 19:47:25','Adaptar para module page','None',NULL,65,'scrum_performed_development_task',NULL),(194,'81411aa3ae0c4182a8c3758d77908666','2020-02-11 19:47:26','2020-02-11 19:47:26','Criar serviço de protocolo','None','2019-11-04 18:10:22',65,'scrum_intented_development_task',NULL),(195,'caeba4cfe2204fcd8ac9d113e08b6a83','2020-02-11 19:47:26','2020-02-11 19:47:26','Criar serviço de protocolo','None',NULL,65,'scrum_performed_development_task',NULL),(196,'a36a11be306442fca52795f739c537b5','2020-02-11 19:47:26','2020-02-11 19:47:26','Solicitar criação do banco na prodest','None','2019-10-22 22:08:12',65,'scrum_intented_development_task',NULL),(197,'2676ac8e35124eb0b11881f00a55e1ab','2020-02-11 19:47:27','2020-02-11 19:47:27','Solicitar criação do banco na prodest','None',NULL,65,'scrum_performed_development_task',NULL),(198,'20346a90ebf2490eb9710bc56004301f','2020-02-11 19:47:27','2020-02-11 19:47:27','preencher pos-mortem','None','2019-11-13 18:02:03',26,'scrum_intented_development_task',NULL),(199,'3968b2c0c2fd4ae188c2ab4627986357','2020-02-11 19:47:28','2020-02-11 19:47:28','preencher pos-mortem','None',NULL,26,'scrum_performed_development_task',NULL),(200,'1e444b4e478b4606a7090583908658fa','2020-02-11 19:47:28','2020-02-11 19:47:28','Salvar conversa no ESPM','None','2019-11-13 17:59:21',26,'scrum_intented_development_task',NULL),(201,'63536ed72fba4216b068227f483f37c1','2020-02-11 19:47:28','2020-02-11 19:47:28','Salvar conversa no ESPM','None',NULL,26,'scrum_performed_development_task',NULL),(202,'8a43a0bc997141c39fa2479259a8c368','2020-02-11 19:47:28','2020-02-11 19:47:28','Reunião com Loop','None','2019-11-13 17:58:35',26,'scrum_intented_development_task',NULL),(203,'1429252f575d4157915f8c813ed37e4c','2020-02-11 19:47:29','2020-02-11 19:47:29','Reunião com cliente','None','2019-11-13 17:58:16',26,'scrum_intented_development_task',NULL),(204,'ac505e8ceab04fab867b55dcaebb4081','2020-02-11 19:47:29','2020-02-11 19:47:29','Desenvolver tela de folha estática','None','2019-11-04 19:01:17',41,'scrum_intented_development_task',NULL),(205,'80bac7044b4d4c03957814707ecd4b13','2020-02-11 19:47:29','2020-02-11 19:47:29','Desenvolver tela de folha estática','None',NULL,41,'scrum_performed_development_task',NULL),(206,'3409d79b240744b7bf4eedf9e9fb2cf8','2020-02-11 19:47:30','2020-02-11 19:47:30','Criar o provider da api de denúncias','None','2019-10-22 22:10:20',65,'scrum_intented_development_task',NULL),(207,'07641b12905d406780f8ca70d03ae6c7','2020-02-11 19:47:30','2020-02-11 19:47:30','Criar o provider da api de denúncias','None',NULL,65,'scrum_performed_development_task',NULL),(208,'42783d4251cf4730866a8ac8c56df247','2020-02-11 19:47:31','2020-02-11 19:47:31','Desenvolver tela do mes da folha estática','None','2019-11-04 19:01:37',41,'scrum_intented_development_task',NULL),(209,'b41778f54cb24ad5b9524c018eb011b1','2020-02-11 19:47:31','2020-02-11 19:47:31','Desenvolver tela do mes da folha estática','None',NULL,41,'scrum_performed_development_task',NULL),(210,'a4a28a3365d043149d013fdee62c231a','2020-02-11 19:47:31','2020-02-11 19:47:31','Desenvolver tela ano estática','None','2019-11-04 19:02:04',41,'scrum_intented_development_task',NULL),(211,'f4f3f9e1bc4a4302b1a7dc272b23e10e','2020-02-11 19:47:32','2020-02-11 19:47:32','Desenvolver tela ano estática','None',NULL,41,'scrum_performed_development_task',NULL),(212,'6e54e527c0fe48e18fd1589c49eb3792','2020-02-11 19:47:32','2020-02-11 19:47:32','Configurar banco Mongo','2','2019-11-05 15:08:50',68,'scrum_intented_development_task',NULL),(213,'c68c1063ad964af6b1ec0eda9154ec0a','2020-02-11 19:47:33','2020-02-11 19:47:33','Configurar banco Mongo','2',NULL,68,'scrum_performed_development_task',NULL),(214,'a6e336c0cd114aa383b5b5c9efeb2f1e','2020-02-11 19:47:34','2020-02-11 19:47:34','Criar banco Mongo','1','2019-11-05 15:08:36',68,'scrum_intented_development_task',NULL),(215,'b07c9ec21c6e48adba030531499bd781','2020-02-11 19:47:34','2020-02-11 19:47:35','Criar banco Mongo','1',NULL,68,'scrum_performed_development_task',NULL),(216,'f7d0dc6100ca4fdf87b71e0e85223fe8','2020-02-11 19:47:35','2020-02-11 19:47:35','obter cpf do usuário logado','None','2019-11-09 13:49:22',60,'scrum_intented_development_task',NULL),(217,'7a9db9eb4b254fcdbe28f1ade5ef6192','2020-02-11 19:47:35','2020-02-11 19:47:35','obter cpf do usuário logado','None',NULL,60,'scrum_performed_development_task',NULL),(218,'1a6b0c60b0a04df5aba605b9ae4da8ef','2020-02-11 19:47:36','2020-02-11 19:47:36','Puxar nome e email de quem está denunciando automaticamente','None','2019-11-06 12:54:43',65,'scrum_intented_development_task',NULL),(219,'0619fed505b349d39e15f10c02125e28','2020-02-11 19:47:36','2020-02-11 19:47:36','Puxar nome e email de quem está denunciando automaticamente','None',NULL,65,'scrum_performed_development_task',NULL),(220,'67b04d584e884ebaa878df932f2ccd32','2020-02-11 19:47:37','2020-02-11 19:47:37','Exigir autenticação antes de abrir o módulo','None','2019-11-04 18:05:21',65,'scrum_intented_development_task',NULL),(221,'d3b72deaea92443c8dbae90b266d83f5','2020-02-11 19:47:37','2020-02-11 19:47:38','Exigir autenticação antes de abrir o módulo','None',NULL,65,'scrum_performed_development_task',NULL),(222,'52a98c6822304f9197c143db0fde35d1','2020-02-11 19:47:38','2020-02-11 19:47:38','Terminar o end-point para atender a demanda do oportunidades','None','2019-11-05 17:17:15',68,'scrum_intented_development_task',NULL),(223,'70c250253f0a4c27ae153fedc8fa03b1','2020-02-11 19:47:39','2020-02-11 19:47:39','Terminar o end-point para atender a demanda do oportunidades','None',NULL,68,'scrum_performed_development_task',NULL),(224,'c1ad511417f746509f43a84033ba7838','2020-02-11 19:47:39','2020-02-11 19:47:39','Desenvolver tela servidores','None','2019-11-04 18:59:27',41,'scrum_intented_development_task',NULL),(225,'28561609345b40138007d5c7157601da','2020-02-11 19:47:40','2020-02-11 19:47:40','Desenvolver tela servidores','None',NULL,41,'scrum_performed_development_task',NULL),(226,'4d779d4f78b44263862f325edd45a72d','2020-02-11 19:47:40','2020-02-11 19:47:40','Criar documentação post-mortem','None','2019-07-31 18:10:51',72,'scrum_intented_development_task',NULL),(227,'2b62fc40f8a7470b9ac8acad6be09c3f','2020-02-11 19:47:41','2020-02-11 19:47:41','Criar documentação post-mortem','None',NULL,72,'scrum_performed_development_task',NULL),(228,'b143eddf39d74b08bfd6694ff776e91e','2020-02-11 19:47:41','2020-02-11 19:47:41','Remodelar a tabela area','None','2019-06-24 18:05:07',72,'scrum_intented_development_task',NULL),(229,'e7450f2ab0ae4826aaee82b33b03a519','2020-02-11 19:47:42','2020-02-11 19:47:42','Remodelar a tabela area','None',NULL,72,'scrum_performed_development_task',NULL),(230,'a685cdca899b4cbbad60655f722560c7','2020-02-11 19:47:42','2020-02-11 19:47:42','Normalizar a tabela endereço','None','2019-06-24 18:04:24',72,'scrum_intented_development_task',NULL),(231,'70694727f711440f836c8fcee593dc8e','2020-02-11 19:47:42','2020-02-11 19:47:43','Normalizar a tabela endereço','None',NULL,72,'scrum_performed_development_task',NULL),(232,'a9c2ad1746564e88850180b51d42cbe9','2020-02-11 19:47:43','2020-02-11 19:47:43','Criar transformação pessoa-experiencia','None','2019-06-24 18:06:15',72,'scrum_intented_development_task',NULL),(233,'61719d1d283d4a5b9e402ad3d53125b0','2020-02-11 19:47:43','2020-02-11 19:47:43','Criar transformação pessoa-experiencia','None',NULL,72,'scrum_performed_development_task',NULL),(234,'f2205c73df82472898163cbc3203878c','2020-02-11 19:47:44','2020-02-11 19:47:44','Criar transformação para a tabela experiencia','None','2019-06-24 18:05:56',72,'scrum_intented_development_task',NULL),(235,'e3cae879ae3245b5a7338f642e24ce29','2020-02-11 19:47:44','2020-02-11 19:47:44','Criar transformação para a tabela experiencia','None',NULL,72,'scrum_performed_development_task',NULL),(236,'b4ad3a97473c497a98b430b598dff5b9','2020-02-11 19:47:45','2020-02-11 19:47:45','Criar transformação da nova tabela area','None','2019-06-24 18:05:29',72,'scrum_intented_development_task',NULL),(237,'a7abe85d27794a358c7f968eaaa8002a','2020-02-11 19:47:45','2020-02-11 19:47:45','Criar transformação da nova tabela area','None',NULL,72,'scrum_performed_development_task',NULL),(238,'e89e243b146d408991cc34bf58506c54','2020-02-11 19:47:46','2020-02-11 19:47:46','Criar transformação concurso-experiencia','None','2019-06-24 18:06:35',72,'scrum_intented_development_task',NULL),(239,'8923ef019b88470cb8e0d68787afbf76','2020-02-11 19:47:46','2020-02-11 19:47:46','Criar transformação concurso-experiencia','None',NULL,72,'scrum_performed_development_task',NULL),(240,'013996106d9341b09e4c8c6c977e5c54','2020-02-11 19:47:47','2020-02-11 19:47:47','Criar a tabela experiencia','None','2019-06-24 18:04:38',72,'scrum_intented_development_task',NULL),(241,'3c6345187c5a4bc6a21dd88dffe9e025','2020-02-11 19:47:47','2020-02-11 19:47:47','Criar a tabela experiencia','None',NULL,72,'scrum_performed_development_task',NULL),(242,'9687cc30c7e4444da7585774897c845a','2020-02-11 19:47:48','2020-02-11 19:47:48','BÔNUS: Melhorar o job aplicando paralelismo.','None','2019-06-24 18:07:35',72,'scrum_intented_development_task',NULL),(243,'681b2dee86e24cefa0003b895b474a35','2020-02-11 19:47:48','2020-02-11 19:47:48','BÔNUS: Melhorar o job aplicando paralelismo.','None',NULL,72,'scrum_performed_development_task',NULL),(244,'a2573908a91c4dcd8fb8d1dca98569f5','2020-02-11 19:47:48','2020-02-11 19:47:48','Adicionar novas transformações no job','None','2019-06-24 18:07:01',72,'scrum_intented_development_task',NULL),(245,'941abb6cb36348188053e0823b1046d1','2020-02-11 19:47:49','2020-02-11 19:47:49','Adicionar novas transformações no job','None',NULL,72,'scrum_performed_development_task',NULL),(246,'0fde8a5946b441dd9ffe54c820ceb13c','2020-02-11 19:47:49','2020-02-11 19:47:49','Estudar o banco Seleção Aluno','None','2019-07-31 18:12:33',72,'scrum_intented_development_task',NULL),(247,'be2a9365b0144a78acdada21f72eaa01','2020-02-11 19:47:50','2020-02-11 19:47:50','Estudar o banco Seleção Aluno','None',NULL,72,'scrum_performed_development_task',NULL),(248,'f7feedd8ab9f4015be45513545315713','2020-02-11 19:47:50','2020-02-11 19:47:50','Começar criar as transformações para o modelo normalizado do selecao aluno','None','2019-07-31 18:13:17',72,'scrum_intented_development_task',NULL),(249,'e82ccda6b5814999bb9185fac068757e','2020-02-11 19:47:51','2020-02-11 19:47:51','Começar criar as transformações para o modelo normalizado do selecao aluno','None',NULL,72,'scrum_performed_development_task',NULL),(250,'7b4dbd83dfbc45f19409385c6956a0ce','2020-02-11 19:47:51','2020-02-11 19:47:51','Criar um documento com uma relação de perguntas que podem ser respondidas pelo modelo criado.','None','2019-01-28 19:23:11',72,'scrum_intented_development_task',NULL),(251,'c188bf41059c403886a62356b4a1aed8','2020-02-11 19:47:51','2020-02-11 19:47:52','Criar um documento com uma relação de perguntas que podem ser respondidas pelo modelo criado.','None',NULL,72,'scrum_performed_development_task',NULL),(252,'6e0d86ad55954e63bdaaaea617b72562','2020-02-11 19:47:52','2020-02-11 19:47:52','Validar esse documento junto aos orientadores.','None','2019-01-28 19:23:56',72,'scrum_intented_development_task',NULL),(253,'91312437c8f04cfcb57d4ecb7156fb8a','2020-02-11 19:47:53','2020-02-11 19:47:53','Validar esse documento junto aos orientadores.','None',NULL,72,'scrum_performed_development_task',NULL),(254,'fe87d737a2f2445fa4f8ac13bbf03109','2020-02-11 19:47:53','2020-02-11 19:47:53','Escolher tecnologia para a criação do(s) Dashboard(s)','None','2019-02-12 19:00:01',72,'scrum_intented_development_task',NULL),(255,'317d8b503e22409eae2bbb5eb79d153c','2020-02-11 19:47:54','2020-02-11 19:47:54','Escolher tecnologia para a criação do(s) Dashboard(s)','None',NULL,72,'scrum_performed_development_task',NULL),(256,'f1df441aa5d940c9b641d37a254c726c','2020-02-11 19:47:54','2020-02-11 19:47:54','O que descobrimos?','None','2019-02-12 19:15:29',72,'scrum_intented_development_task',NULL),(257,'4fe2c6bba05c4d17beca72f3e6e1fefc','2020-02-11 19:47:55','2020-02-11 19:47:55','O que descobrimos?','None',NULL,72,'scrum_performed_development_task',NULL),(258,'674921efb2b347cd8e7dc130c2fb3aea','2020-02-11 19:47:55','2020-02-11 19:47:55','Escolher tecnologias para a criação do cubo.','None','2019-02-12 18:59:37',72,'scrum_intented_development_task',NULL),(259,'bf31a4255e2d4ad2b03e7821a6e8ed4c','2020-02-11 19:47:56','2020-02-11 19:47:56','Escolher tecnologias para a criação do cubo.','None',NULL,72,'scrum_performed_development_task',NULL),(260,'5d6f29a1e27a47a1baa115968ea010b5','2020-02-11 19:47:56','2020-02-11 19:47:56','Criar o cubo analítico','None','2019-02-12 19:00:21',72,'scrum_intented_development_task',NULL),(261,'f8337af3639741118360edece382527a','2020-02-11 19:47:57','2020-02-11 19:47:57','Criar o cubo analítico','None',NULL,72,'scrum_performed_development_task',NULL),(262,'9469718322944899a9fb6168a0068c6c','2020-02-11 19:47:57','2020-02-11 19:47:57','Validar schema junto aos orientadores.','None','2019-01-28 19:25:34',72,'scrum_intented_development_task',NULL),(263,'60cda91545004f72b1ecbc2100d5963f','2020-02-11 19:47:58','2020-02-11 19:47:58','Validar schema junto aos orientadores.','None',NULL,72,'scrum_performed_development_task',NULL),(264,'d68dfb8d6c4f45b1b70a4586b03def85','2020-02-11 19:47:58','2020-02-11 19:47:58','Criar a primeira versão do banco OLAP','None','2019-01-28 19:20:50',72,'scrum_intented_development_task',NULL),(265,'b73d4928905840e183dd81b53aa1acc9','2020-02-11 19:47:59','2020-02-11 19:47:59','Criar a primeira versão do banco OLAP','None',NULL,72,'scrum_performed_development_task',NULL),(266,'e943070285c446f0855f30a698b4cb2d','2020-02-11 19:48:00','2020-02-11 19:48:00','Colocar em produção','None','2018-11-14 15:28:32',71,'scrum_intented_development_task',NULL),(267,'53dfeec402f442a79ee995666c107947','2020-02-11 19:48:00','2020-02-11 19:48:01','Colocar em produção','None',NULL,71,'scrum_performed_development_task',NULL),(268,'d8e7afa00fb7427995fbbe2ac403485c','2020-02-11 19:48:01','2020-02-11 19:48:01','Subir api identidade','None','2019-06-06 19:37:46',68,'scrum_intented_development_task',NULL),(269,'8e33f819b5ee487e84f6ee49446af30b','2020-02-11 19:48:02','2020-02-11 19:48:02','Subir api identidade','None',NULL,68,'scrum_performed_development_task',NULL),(270,'2988abbd7f7549b4a0fd2c4ebb6e9a13','2020-02-11 19:48:02','2020-02-11 19:48:02','Estudar regras de associação','None','2019-06-24 18:10:12',68,'scrum_intented_development_task',NULL),(271,'735747ae3c9c4c5faa9b98621fb75f07','2020-02-11 19:48:03','2020-02-11 19:48:03','Estudar regras de associação','None',NULL,68,'scrum_performed_development_task',NULL),(272,'3d336b191e2c43a8a63411d74e36c579','2020-02-11 19:48:03','2020-02-11 19:48:03','Criar exemplos de teste','None','2019-06-24 18:13:05',68,'scrum_intented_development_task',NULL),(273,'fa03b7375e1e4a92a366b8fa476a9f5d','2020-02-11 19:48:03','2020-02-11 19:48:03','Criar exemplos de teste','None',NULL,68,'scrum_performed_development_task',NULL),(274,'21adade105cc441aab8e349acada1a0f','2020-02-11 19:48:04','2020-02-11 19:48:04','teste de classificação hierarquica na base de dados','None','2019-06-24 18:08:57',73,'scrum_intented_development_task',NULL),(275,'c24eba8639dd4b2ebc3fe974ee8e16b0','2020-02-11 19:48:04','2020-02-11 19:48:04','teste de classificação hierarquica na base de dados','None',NULL,73,'scrum_performed_development_task',NULL),(276,'f137a1b19f984022aa8c7bfe6de32763','2020-02-11 19:48:04','2020-02-11 19:48:04','estudo sobre classificação hierarquica','None','2019-06-24 18:08:37',73,'scrum_intented_development_task',NULL),(277,'b5be38e3b1244625bec9644278ea1ca5','2020-02-11 19:48:04','2020-02-11 19:48:05','estudo sobre classificação hierarquica','None',NULL,73,'scrum_performed_development_task',NULL),(278,'80ce2f2745574728989db213652889c6','2020-02-11 19:48:05','2020-02-11 19:48:05','Alterar código produtor','None','2019-01-17 17:09:36',68,'scrum_intented_development_task',NULL),(279,'a54f57eeb101412a9bbdb8a77f69c6f6','2020-02-11 19:48:05','2020-02-11 19:48:05','Alterar código produtor','None',NULL,68,'scrum_performed_development_task',NULL),(280,'0e70fd7d278a4a7580c80fb44393b107','2020-02-11 19:48:06','2020-02-11 19:48:06','Protótipos','None','2019-11-04 19:00:27',41,'scrum_intented_development_task',NULL),(281,'37019df22a9046b68a4d3aa285094af9','2020-02-11 19:48:06','2020-02-11 19:48:06','Protótipos','None',NULL,41,'scrum_performed_development_task',NULL),(282,'a271c18318e4490f8961a9b1864d535f','2020-02-11 19:48:06','2020-02-11 19:48:06','Backlog','None','2019-11-04 18:59:58',41,'scrum_intented_development_task',NULL),(283,'6451821e7d59468b95ad1bbbd9a410ad','2020-02-11 19:48:06','2020-02-11 19:48:07','Backlog','None',NULL,41,'scrum_performed_development_task',NULL),(284,'a82c257245634711b70fcc1c4d104556','2020-02-11 19:48:07','2020-02-11 19:48:07','Desenvolver tela perfil estática ','None','2019-11-04 18:58:42',41,'scrum_intented_development_task',NULL),(285,'c19557310d75435598cd45591a5ddd48','2020-02-11 19:48:07','2020-02-11 19:48:08','Desenvolver tela perfil estática ','None',NULL,41,'scrum_performed_development_task',NULL),(286,'91d715753da740469e12101f5ee0bf4c','2020-02-11 19:48:08','2020-02-11 19:48:08','Criar uma fila para cada ação do clockfy','Não implementado.&nbsp;','2018-12-13 12:31:09',54,'scrum_intented_development_task',NULL),(287,'2adf513241bb42918a04417f06a3bce5','2020-02-11 19:48:08','2020-02-11 19:48:08','Criar uma fila para cada ação do clockfy','Não implementado.&nbsp;',NULL,54,'scrum_performed_development_task',NULL),(288,'81c98c081d1e4a23874f8becf2d8d66d','2020-02-11 19:48:09','2020-02-11 19:48:09','Verificar a possibilidade de criar uma VPN para o time do projeto','Não será implementado.&nbsp;','2018-10-16 20:11:45',54,'scrum_intented_development_task',NULL),(289,'44bb0f9033ca49d6a8a26abf9675700c','2020-02-11 19:48:09','2020-02-11 19:48:09','Verificar a possibilidade de criar uma VPN para o time do projeto','Não será implementado.&nbsp;',NULL,54,'scrum_performed_development_task',NULL),(290,'a87507641dc84d8e83783b0fa357755e','2020-02-11 19:48:10','2020-02-11 19:48:10','Refatoração da carga do banco','None','2019-11-04 16:10:31',68,'scrum_intented_development_task',NULL),(291,'a4fc2839a29f4cc894f934e993cb24cf','2020-02-11 19:48:11','2020-02-11 19:48:11','Refatoração da carga do banco','None',NULL,68,'scrum_performed_development_task',NULL),(292,'8e7d7269ce614e9c83cca11b859a6ae8','2020-02-11 19:48:11','2020-02-11 19:48:11','Remodelagem do banco','None','2019-11-04 16:09:58',68,'scrum_intented_development_task',NULL),(293,'3990dfc3c1d342cb9fa190e5802a7209','2020-02-11 19:48:11','2020-02-11 19:48:12','Remodelagem do banco','None',NULL,68,'scrum_performed_development_task',NULL),(294,'3f15e412fb03423499532e7ff3163437','2020-02-11 19:48:12','2020-02-11 19:48:12','Primeira versão do serviço de sugestão por localização','None','2019-11-04 13:57:59',68,'scrum_intented_development_task',NULL),(295,'46884c4a5c1c42b893908b35d5aa20cf','2020-02-11 19:48:12','2020-02-11 19:48:12','Primeira versão do serviço de sugestão por localização','None',NULL,68,'scrum_performed_development_task',NULL),(296,'d81e1da5877c4da2a698cd646822de0e','2020-02-11 19:48:13','2020-02-11 19:48:13','Aprimorar desenvolvimento estético do Bot no mobile.','None','2019-10-25 21:35:00',31,'scrum_intented_development_task',NULL),(297,'491a572a727a45edaed24f6f2d192943','2020-02-11 19:48:13','2020-02-11 19:48:13','Aprimorar desenvolvimento estético do Bot no mobile.','None',NULL,31,'scrum_performed_development_task',NULL),(298,'d71ceaf0dbea49128f7aca6df56ff037','2020-02-11 19:48:14','2020-02-11 19:48:14','Desenvolver a tela de detalhamento da denúncia','None','2019-10-22 22:09:55',65,'scrum_intented_development_task',NULL),(299,'1b0a71cb92b4466286b707a287227e4d','2020-02-11 19:48:14','2020-02-11 19:48:14','Desenvolver a tela de detalhamento da denúncia','None',NULL,65,'scrum_performed_development_task',NULL),(300,'48a1ceae205f44c285d655990d27fd4f','2020-02-11 19:48:15','2020-02-11 19:48:15','Configurar os filtros nas telas de cada entidade','None','2019-10-22 22:09:18',65,'scrum_intented_development_task',NULL),(301,'b24d96d9743f4705b341662f0846387f','2020-02-11 19:48:15','2020-02-11 19:48:15','Configurar os filtros nas telas de cada entidade','None',NULL,65,'scrum_performed_development_task',NULL),(302,'534584d7119c41eb97c14274280fed75','2020-02-11 19:48:15','2020-02-11 19:48:16','Elencar principais quesitos do Serviço Cidadão junto ao Caio','None','2019-10-25 21:31:46',31,'scrum_intented_development_task',NULL),(303,'67026e4be4ec49d0a85a01b6681a3b54','2020-02-11 19:48:16','2020-02-11 19:48:16','Elencar principais quesitos do Serviço Cidadão junto ao Caio','None',NULL,31,'scrum_performed_development_task',NULL),(304,'4399bd59679040c187e60f396566ac50','2020-02-11 19:48:16','2020-02-11 19:48:17','Configurar o CI','None','2019-10-22 22:07:42',65,'scrum_intented_development_task',NULL),(305,'35bcefaf67af4b7d8b2d0b777b2404e5','2020-02-11 19:48:17','2020-02-11 19:48:17','Configurar o CI','None',NULL,65,'scrum_performed_development_task',NULL),(306,'7eb32a71ac944ceaba373f2c8eb862c2','2020-02-11 19:48:17','2020-02-11 19:48:17','Configurar o Dockerfile','None','2019-10-22 22:07:38',65,'scrum_intented_development_task',NULL),(307,'5281b258f761444086258c35795673af','2020-02-11 19:48:18','2020-02-11 19:48:18','Configurar o Dockerfile','None',NULL,65,'scrum_performed_development_task',NULL),(308,'92132a7d0e9d4b94802fd8984fee4565','2020-02-11 19:48:18','2020-02-11 19:48:18','Trocar banco para MySQL','None','2019-10-22 22:07:30',65,'scrum_intented_development_task',NULL),(309,'15e8425dfa5d41a2ad976ba0caa742fe','2020-02-11 19:48:19','2020-02-11 19:48:19','Trocar banco para MySQL','None',NULL,65,'scrum_performed_development_task',NULL),(310,'9c9dd822d39645a6a32512eb0d1fb0c5','2020-02-11 19:48:19','2020-02-11 19:48:19','Finalizar modelagem do banco com os atributos','None','2019-10-22 22:07:17',65,'scrum_intented_development_task',NULL),(311,'fd3899fabcc94c28b71698c7326e441a','2020-02-11 19:48:20','2020-02-11 19:48:20','Finalizar modelagem do banco com os atributos','None',NULL,65,'scrum_performed_development_task',NULL),(312,'39e50f984a174ce1ad3925b6827df11d','2020-02-11 19:48:20','2020-02-11 19:48:20','Montar esqueleto de tutorial de edição de intenções na documentação','None','2019-10-25 21:32:29',31,'scrum_intented_development_task',NULL),(313,'879e07b7ea3f4163a031528852d98069','2020-02-11 19:48:20','2020-02-11 19:48:20','Montar esqueleto de tutorial de edição de intenções na documentação','None',NULL,31,'scrum_performed_development_task',NULL),(314,'5ce0c73e9f784e588d15c37cd83b87b8','2020-02-11 19:48:21','2020-02-11 19:48:21','Planejamento de Fluxo de Conversa','None','2019-10-29 22:52:12',31,'scrum_intented_development_task',NULL),(315,'4896a7e4de464cdea7c17b63401ef163','2020-02-11 19:48:21','2020-02-11 19:48:21','Planejamento de Fluxo de Conversa','None',NULL,31,'scrum_performed_development_task',NULL),(316,'cfb0b023da5340c5836336e123cc46cb','2020-02-11 19:48:21','2020-02-11 19:48:21','Refatorar o documentos-para-enviar para o novo design do ESPM','None','2019-08-26 22:25:35',50,'scrum_intented_development_task',NULL),(317,'d0b89fe868d845be850d0a05644d784f','2020-02-11 19:48:22','2020-02-11 19:48:22','Refatorar o documentos-para-enviar para o novo design do ESPM','None',NULL,50,'scrum_performed_development_task',NULL),(318,'679af438690d4fa9a4a356fdea80dcc0','2020-02-11 19:48:22','2020-02-11 19:48:22','Desenvolver a tela de identificação','None','2019-10-22 22:09:46',65,'scrum_intented_development_task',NULL),(319,'6f4198f66aad45bea34559095177ffe3','2020-02-11 19:48:23','2020-02-11 19:48:23','Desenvolver a tela de identificação','None',NULL,65,'scrum_performed_development_task',NULL),(320,'be46217d7abc4288b1899934617fc170','2020-02-11 19:48:23','2020-02-11 19:48:23','Subir um novo projeto no Gitlab','None','2019-10-25 21:31:57',31,'scrum_intented_development_task',NULL),(321,'bf1fbe8c3c6748eca14718486152adf8','2020-02-11 19:48:23','2020-02-11 19:48:24','Subir um novo projeto no Gitlab','None',NULL,31,'scrum_performed_development_task',NULL),(322,'b9cf28bef5e842b28e447cc5c561c2cc','2020-02-11 19:48:24','2020-02-11 19:48:24','Realizar avaliação das novas interações','None','2019-10-25 23:04:00',31,'scrum_intented_development_task',NULL),(323,'17c56ea6fb594b1295a1fc70d0b94c7d','2020-02-11 19:48:24','2020-02-11 19:48:24','Apresentar ao Caio a nova Bot','None','2019-10-25 23:03:48',31,'scrum_intented_development_task',NULL),(324,'3bf27a4d43d941fe9d1f33c15dade2c5','2020-02-11 19:48:25','2020-02-11 19:48:25','Modificações da base de dados com o TypeORM','None','2019-02-27 16:38:42',72,'scrum_intented_development_task',NULL),(325,'9c8f333bf8ab4afeb048f5be1ddd531d','2020-02-11 19:48:25','2020-02-11 19:48:25','Modificações da base de dados com o TypeORM','None',NULL,72,'scrum_performed_development_task',NULL),(326,'78b2cf98c8de42979df7bc8bfb981c90','2020-02-11 19:48:25','2020-02-11 19:48:25','Criar os mocks dos models','None','2018-11-13 16:02:28',3,'scrum_intented_development_task',NULL),(327,'909474cdc03f466eb3659b65a5e2150d','2020-02-11 19:48:26','2020-02-11 19:48:26','Criar os mocks dos models','None',NULL,3,'scrum_performed_development_task',NULL),(328,'70518656846e487ea98616c7b967f8d8','2020-02-11 19:48:26','2020-02-11 19:48:26','Iniciar documentação','None','2019-10-01 18:52:34',50,'scrum_intented_development_task',NULL),(329,'f1c1e9edce8d4b6daa3d3b22ff5ca99c','2020-02-11 19:48:26','2020-02-11 19:48:26','Iniciar documentação','None',NULL,50,'scrum_performed_development_task',NULL),(330,'92ecf837b2a846eb8f6a1dbc57d059d5','2020-02-11 19:48:27','2020-02-11 19:48:27','Testes com Slots Rasa','None','2019-09-25 19:37:30',31,'scrum_intented_development_task',NULL),(331,'07dac48191114006bbc2ac5a1cabdda8','2020-02-11 19:48:27','2020-02-11 19:48:27','Testes com Slots Rasa','None',NULL,31,'scrum_performed_development_task',NULL),(332,'a85c2385da3c4088b49546a74b81b73e','2020-02-11 19:48:28','2020-02-11 19:48:28','testes com Forms Rasa','None','2019-10-01 21:09:49',31,'scrum_intented_development_task',NULL),(333,'6781376fd4a440b88f3d579dc563e619','2020-02-11 19:48:28','2020-02-11 19:48:28','testes com Forms Rasa','None',NULL,31,'scrum_performed_development_task',NULL),(334,'87351ee887c84916aecf0535950ff640','2020-02-11 19:48:29','2020-02-11 19:48:29','Prototipar interfaces','None','2019-10-03 17:55:15',65,'scrum_intented_development_task',NULL),(335,'ebe758209d034c7aa17fa7ca66c63957','2020-02-11 19:48:29','2020-02-11 19:48:29','Prototipar interfaces','None',NULL,65,'scrum_performed_development_task',NULL),(336,'a3f841394b634417b98b47251ef7f072','2020-02-11 19:48:29','2020-02-11 19:48:30','Desenhar arquitetura do sistema','None','2019-10-02 22:27:25',65,'scrum_intented_development_task',NULL),(337,'e3076b72e953496faeef86d4585b257f','2020-02-11 19:48:30','2020-02-11 19:48:30','Desenhar arquitetura do sistema','None',NULL,65,'scrum_performed_development_task',NULL),(338,'7e9845ab835245b4bb3aff8dab6b298c','2020-02-11 19:48:30','2020-02-11 19:48:30','Modelar processo de reclamações','None','2019-09-26 17:54:44',65,'scrum_intented_development_task',NULL),(339,'beef858ec6674207986ebd6796567f5a','2020-02-11 19:48:31','2020-02-11 19:48:31','Modelar processo de reclamações','None',NULL,65,'scrum_performed_development_task',NULL),(340,'b42728c89b4245d09892f9b1df71d5ea','2020-02-11 19:48:31','2020-02-11 19:48:31','Priorizar histórias de usuário','None','2019-10-02 22:31:42',65,'scrum_intented_development_task',NULL),(341,'31ca7b333da84357832f929e45b13e3b','2020-02-11 19:48:31','2020-02-11 19:48:31','Priorizar histórias de usuário','None',NULL,65,'scrum_performed_development_task',NULL),(342,'92014d7ef45443a699009ca5f466795c','2020-02-11 19:48:31','2020-02-11 19:48:31','Priorizar os problemas elencados','None','2019-09-25 23:49:45',65,'scrum_intented_development_task',NULL),(343,'da6bb6ebf7ee4e39a96ce89e5d9cb821','2020-02-11 19:48:32','2020-02-11 19:48:32','Priorizar os problemas elencados','None',NULL,65,'scrum_performed_development_task',NULL),(344,'9b8b7f555f8d4a0aadf7f8c5a74cfb10','2020-02-11 19:48:32','2020-02-11 19:48:32','Definir que problema(s) vamos resolver','None','2019-09-12 11:47:32',65,'scrum_intented_development_task',NULL),(345,'5f16291f2d5344bc82efeb63ce5cd2c3','2020-02-11 19:48:32','2020-02-11 19:48:32','Definir que problema(s) vamos resolver','None',NULL,65,'scrum_performed_development_task',NULL),(346,'fc8598d8f6744c65bda3d4232bc4bb9f','2020-02-11 19:48:33','2020-02-11 19:48:33','Construir backlog','None','2019-09-25 23:50:20',65,'scrum_intented_development_task',NULL),(347,'f3cdc37088854c24829854c4e7ed0390','2020-02-11 19:48:33','2020-02-11 19:48:33','Construir backlog','None',NULL,65,'scrum_performed_development_task',NULL),(348,'1a75040a9769463180e13f2155de352d','2020-02-11 19:48:33','2020-02-11 19:48:34','Implementar geraco de codigo','None','2019-10-03 18:18:05',77,'scrum_intented_development_task',NULL),(349,'beeea43bb5b64b998b7eb30adeeae4b5','2020-02-11 19:48:34','2020-02-11 19:48:34','Implementar gramatica','None','2019-10-03 18:17:56',77,'scrum_intented_development_task',NULL),(350,'a9149942e9314f81aadcdb400d283a7b','2020-02-11 19:48:34','2020-02-11 19:48:34','Fazer class validator funcionar em arquitetura com tipo generico','None','2019-10-03 18:17:27',77,'scrum_intented_development_task',NULL),(351,'053668dd0fce4989aae8d3351805c14b','2020-02-11 19:48:34','2020-02-11 19:48:34','Merge da PR #56 no repositório da prodest','None','2019-09-24 20:18:50',50,'scrum_intented_development_task',NULL),(352,'6c6a4d95a95442e99604dde03e5bedb4','2020-02-11 19:48:34','2020-02-11 19:48:34','Merge da PR #56 no repositório da prodest','None',NULL,50,'scrum_performed_development_task',NULL),(353,'4ca35b9cff4a4099acfaa4f69903abbd','2020-02-11 19:48:35','2020-02-11 19:48:35','Discutir soluções','None','2019-09-25 23:50:13',65,'scrum_intented_development_task',NULL),(354,'c7dcf379e17e4f80b62f986375c0c195','2020-02-11 19:48:35','2020-02-11 19:48:35','Discutir soluções','None',NULL,65,'scrum_performed_development_task',NULL),(355,'6a91068a5e8349d68c00db877ae6c24a','2020-02-11 19:48:35','2020-02-11 19:48:35','Retornar httpstatus','None','2018-10-31 21:08:50',3,'scrum_intented_development_task',NULL),(356,'88dd443d57574b43af5c7bfb707eaa8f','2020-02-11 19:48:36','2020-02-11 19:48:36','Retornar httpstatus','None',NULL,3,'scrum_performed_development_task',NULL),(357,'4ed2cb87e473477583b94f500bb8302c','2020-02-11 19:48:36','2020-02-11 19:48:36','Consultar dados do banco','None','2018-11-07 20:33:23',3,'scrum_intented_development_task',NULL),(358,'9a2e7b39f7c54617a84bd01cc02ca6b1','2020-02-11 19:48:36','2020-02-11 19:48:36','Consultar dados do banco','None',NULL,3,'scrum_performed_development_task',NULL),(359,'6eaec58017c94046850af4f385b96fe1','2020-02-11 19:48:37','2020-02-11 19:48:37','Criar models','None','2018-11-06 19:05:35',3,'scrum_intented_development_task',NULL),(360,'ba516358039945a9a74a9e3d795ff999','2020-02-11 19:48:37','2020-02-11 19:48:37','Criar models','None',NULL,3,'scrum_performed_development_task',NULL),(361,'ec8a47094c914407bf2b528d93835a46','2020-02-11 19:48:37','2020-02-11 19:48:37','Criar testes (mocks)','None','2018-10-31 21:08:11',3,'scrum_intented_development_task',NULL),(362,'f5324c42e954433abe4a56de3f174e77','2020-02-11 19:48:38','2020-02-11 19:48:38','Criar testes (mocks)','None',NULL,3,'scrum_performed_development_task',NULL),(363,'6e15c658e0ab4b53a2c32056a986a79b','2020-02-11 19:48:38','2020-02-11 19:48:38','Criar testes de stress','None','2018-10-15 20:23:36',3,'scrum_intented_development_task',NULL),(364,'4e9acb6a4aff4cddb440a418373fa6dd','2020-02-11 19:48:38','2020-02-11 19:48:38','Criar testes de stress','None',NULL,3,'scrum_performed_development_task',NULL),(365,'54a3c3f930cd43179eb915e89e6b5b4b','2020-02-11 19:48:39','2020-02-11 19:48:39','Adicionar nome atual do arquivo no input de nome','None','2019-10-01 18:52:11',50,'scrum_intented_development_task',NULL),(366,'74cea2595564464c9fb86d429285b36e','2020-02-11 19:48:39','2020-02-11 19:48:39','Adicionar nome atual do arquivo no input de nome','None',NULL,50,'scrum_performed_development_task',NULL),(367,'6b5157313d5e422daedb859ce0e54c45','2020-02-11 19:48:39','2020-02-11 19:48:40','Mudar css dos botões para seguir o padrão do app','None','2019-10-01 18:50:58',50,'scrum_intented_development_task',NULL),(368,'a4aac72d3cfe4a4cb65cfae490da5ab0','2020-02-11 19:48:40','2020-02-11 19:48:40','Mudar css dos botões para seguir o padrão do app','None',NULL,50,'scrum_performed_development_task',NULL),(369,'5ec818917ed44308a0af3f582a394f6b','2020-02-11 19:48:40','2020-02-11 19:48:40','Separar o serviço de converter imagem em pdf','None','2019-10-01 18:50:20',50,'scrum_intented_development_task',NULL),(370,'e039ea3261e24ca099a21a15bbadd1c0','2020-02-11 19:48:40','2020-02-11 19:48:40','Separar o serviço de converter imagem em pdf','None',NULL,50,'scrum_performed_development_task',NULL),(371,'51fec127648c4ef8ab2d218dce9275ef','2020-02-11 19:48:41','2020-02-11 19:48:41','Encaminhar uma foto tirada pelo espm, para um órgão ','None','2019-09-24 20:29:49',50,'scrum_intented_development_task',NULL),(372,'1c0653ccb0c24381a314724b0d8dc945','2020-02-11 19:48:41','2020-02-11 19:48:41','Encaminhar uma foto tirada pelo espm, para um órgão ','None',NULL,50,'scrum_performed_development_task',NULL),(373,'230757b5fbcb4dbcadcfb04c4b0cbbb6','2020-02-11 19:48:41','2020-02-11 19:48:41','Tirar foto pelo app','None','2019-09-24 20:18:21',50,'scrum_intented_development_task',NULL),(374,'de30e0c87abe4382a953777c84c8e07d','2020-02-11 19:48:41','2020-02-11 19:48:42','Tirar foto pelo app','None',NULL,50,'scrum_performed_development_task',NULL),(375,'e77204505ea54789a7a0cf667744915a','2020-02-11 19:48:42','2020-02-11 19:48:42','Checar se existe algum sistema de workflow de processo na prodest.','None','2019-09-17 11:23:38',65,'scrum_intented_development_task',NULL),(376,'3ca43a1420684260a9ae30c21f9289d0','2020-02-11 19:48:43','2020-02-11 19:48:43','Checar se existe algum sistema de workflow de processo na prodest.','None',NULL,65,'scrum_performed_development_task',NULL),(377,'006bfcfb2f3f48d793d002f7a1c44560','2020-02-11 19:48:43','2020-02-11 19:48:43','Entender o processo de reclamações','None','2019-09-12 11:38:59',65,'scrum_intented_development_task',NULL),(378,'2c3aa56f81224b2791e9bcf57dec579a','2020-02-11 19:48:44','2020-02-11 19:48:44','Entender o processo de reclamações','None',NULL,65,'scrum_performed_development_task',NULL),(379,'1856d08402624f00907ef7f6d34c43c9','2020-02-11 19:48:44','2020-02-11 19:48:44','Desenvolver as Personas envolvidas no projeto','None','2019-09-12 11:38:45',65,'scrum_intented_development_task',NULL),(380,'31ff97515a4040d68930f60c81656328','2020-02-11 19:48:45','2020-02-11 19:48:45','Desenvolver as Personas envolvidas no projeto','None',NULL,65,'scrum_performed_development_task',NULL),(381,'e25dee87a2fc4f16952d306bf26755aa','2020-02-11 19:48:45','2020-02-11 19:48:45','Encaminhar uma imagem/foto para um grupo de trabalho','None','2019-09-12 19:54:27',50,'scrum_intented_development_task',NULL),(382,'8143c9cdb2664f278bfefc5fac3b109c','2020-02-11 19:48:46','2020-02-11 19:48:46','Encaminhar uma imagem/foto para um grupo de trabalho','None',NULL,50,'scrum_performed_development_task',NULL),(383,'24dc7e9312cb4f6684d6b23b747ae912','2020-02-11 19:48:47','2020-02-11 19:48:47','Encaminhar uma imagem/foto para um setor','None','2019-09-12 19:53:57',50,'scrum_intented_development_task',NULL),(384,'cd844f357f6c46b191ea29bd48b0d81a','2020-02-11 19:48:47','2020-02-11 19:48:47','Encaminhar uma imagem/foto para um setor','None',NULL,50,'scrum_performed_development_task',NULL),(385,'c16b2e1c3c534671a072e954249a6437','2020-02-11 19:48:48','2020-02-11 19:48:48','Encaminhar uma imagem/foto para um órgão','None','2019-09-12 19:53:12',50,'scrum_intented_development_task',NULL),(386,'dc98a1ebefda4dfb8b5d5337a7368442','2020-02-11 19:48:48','2020-02-11 19:48:48','Encaminhar uma imagem/foto para um órgão','None',NULL,50,'scrum_performed_development_task',NULL),(387,'3753f8ad01cc402db11911ef7c5cf064','2020-02-11 19:48:48','2020-02-11 19:48:49','Converter a imagem/foto para pdf','None','2019-09-12 19:52:39',50,'scrum_intented_development_task',NULL),(388,'64e18f828f16478a9baff16f5da3887d','2020-02-11 19:48:49','2020-02-11 19:48:49','Converter a imagem/foto para pdf','None',NULL,50,'scrum_performed_development_task',NULL),(389,'783583ca1b7e484dbe1a9944687f5100','2020-02-11 19:48:49','2020-02-11 19:48:49','Selecionar uma imagem/foto candidata ao encaminhamento pelo ESPM','None','2019-09-12 19:59:10',50,'scrum_intented_development_task',NULL),(390,'f1fde182464a4e5095771513d85c09dc','2020-02-11 19:48:50','2020-02-11 19:48:50','Selecionar uma imagem/foto candidata ao encaminhamento pelo ESPM','None',NULL,50,'scrum_performed_development_task',NULL),(391,'57ab4065152f403285d09dafd01f5ad3','2020-02-11 19:48:50','2020-02-11 19:48:50','Adicionar o ESPM a lista de compartilhamento de imagens/fotos','None','2019-09-12 19:52:09',50,'scrum_intented_development_task',NULL),(392,'e4b9f01e4cb94bb39052fa33c7b4d7ab','2020-02-11 19:48:51','2020-02-11 19:48:51','Adicionar o ESPM a lista de compartilhamento de imagens/fotos','None',NULL,50,'scrum_performed_development_task',NULL),(393,'69a916ad8b184d4788d73ca9c3f974e4','2020-02-11 19:48:51','2020-02-11 19:48:51','Criar testes (unitario)','None','2018-10-31 21:08:23',3,'scrum_intented_development_task',NULL),(394,'0f923ed92be749e2bae620fb4cf1a9fd','2020-02-11 19:48:51','2020-02-11 19:48:52','Criar testes (unitario)','None',NULL,3,'scrum_performed_development_task',NULL),(395,'687edc951d674f63a30440b5b434a616','2020-02-11 19:48:52','2020-02-11 19:48:52','Preparar script da imersão','None','2019-09-12 11:40:37',65,'scrum_intented_development_task',NULL),(396,'87af4837111b4b6c8b092a026ceb65dc','2020-02-11 19:48:52','2020-02-11 19:48:52','Preparar script da imersão','None',NULL,65,'scrum_performed_development_task',NULL),(397,'d29c9e67643d4ac6aa619330ab03c78a','2020-02-11 19:48:53','2020-02-11 19:48:53','Adicionar o setor na na lista de destinatários','None','2019-08-26 22:06:54',50,'scrum_intented_development_task',NULL),(398,'1856c38d1e6f40838a5a2c4fba6ad57e','2020-02-11 19:48:53','2020-02-11 19:48:53','Adicionar o setor na na lista de destinatários','None',NULL,50,'scrum_performed_development_task',NULL),(399,'01b671b40f14439fb2d0faacf21e3dd6','2020-02-11 19:48:54','2020-02-11 19:48:54','Refatorar a tela de pesquisa','None','2019-08-26 22:06:00',50,'scrum_intented_development_task',NULL),(400,'6f670b39b6e64b6f8bb3355fcb2117f1','2020-02-11 19:48:54','2020-02-11 19:48:54','Refatorar a tela de pesquisa','None',NULL,50,'scrum_performed_development_task',NULL),(401,'f7a4498ab3464a8b89b3633d39fa22bb','2020-02-11 19:48:54','2020-02-11 19:48:54','Pesquisar por setores de um órgão','None','2019-08-26 22:00:23',50,'scrum_intented_development_task',NULL),(402,'f43ccf4e03a34e15aa5730b38a792e23','2020-02-11 19:48:55','2020-02-11 19:48:55','Pesquisar por setores de um órgão','None',NULL,50,'scrum_performed_development_task',NULL),(403,'64dd8f2e895b400e995edb21ad9badf8','2020-02-11 19:48:55','2020-02-11 19:48:55','Fazer um encaminhamento para um setor.','None','2019-08-26 22:22:30',50,'scrum_intented_development_task',NULL),(404,'95b64af88aef44feab85e26437b2b099','2020-02-11 19:48:55','2020-02-11 19:48:55','Fazer um encaminhamento para um setor.','None',NULL,50,'scrum_performed_development_task',NULL),(405,'fbec75b1ec1d4cea8ba570b37cbe8fac','2020-02-11 19:48:56','2020-02-11 19:48:56','Adicionar o grupo de trabalho na na lista de destinatários','None','2019-08-26 22:07:13',50,'scrum_intented_development_task',NULL),(406,'63a0ac0fb1884a6d8657527aa13764e4','2020-02-11 19:48:56','2020-02-11 19:48:56','Adicionar o grupo de trabalho na na lista de destinatários','None',NULL,50,'scrum_performed_development_task',NULL),(407,'6604ca20c97148bca556ed168186defa','2020-02-11 19:48:56','2020-02-11 19:48:57','Pesquisar por Grupos de trabalho','None','2019-08-26 21:59:53',50,'scrum_intented_development_task',NULL),(408,'04571c9afd6946c2a8f62b93ca0e7bc7','2020-02-11 19:48:57','2020-02-11 19:48:57','Pesquisar por Grupos de trabalho','None',NULL,50,'scrum_performed_development_task',NULL),(409,'2144478833674b8ab69610351265ed8e','2020-02-11 19:48:57','2020-02-11 19:48:57','Fazer um encaminhamento para um grupo de trabalho.','None','2019-08-26 22:22:01',50,'scrum_intented_development_task',NULL),(410,'8a7475dfc12743e5b450e98adb5d2df2','2020-02-11 19:48:57','2020-02-11 19:48:58','Fazer um encaminhamento para um grupo de trabalho.','None',NULL,50,'scrum_performed_development_task',NULL),(411,'4a83c15c099a458e8f442ac490d4cc7f','2020-02-11 19:48:58','2020-02-11 19:48:58','Adicionar texto nas setas do footer','None','2019-08-27 21:41:00',50,'scrum_intented_development_task',NULL),(412,'2e52eee03bbb4511a6bb6d69b4d4de73','2020-02-11 19:48:58','2020-02-11 19:48:58','Adicionar texto nas setas do footer','None',NULL,50,'scrum_performed_development_task',NULL),(413,'4aea381d8ce04886a1268b9f2ba55cd2','2020-02-11 19:48:59','2020-02-11 19:48:59','configurar o rabbit','None','2019-09-09 14:58:49',73,'scrum_intented_development_task',NULL),(414,'110967cfd6f743f5998a48a73178a580','2020-02-11 19:48:59','2020-02-11 19:48:59','configurar o rabbit','None',NULL,73,'scrum_performed_development_task',NULL),(415,'a1341ad18c4d45d0b5cc74ea624d55a1','2020-02-11 19:48:59','2020-02-11 19:48:59','colocar sonnar','None','2019-09-09 14:58:36',73,'scrum_intented_development_task',NULL),(416,'5b147bc468714e5c989dc9ef1053fe84','2020-02-11 19:49:00','2020-02-11 19:49:00','colocar sonnar','None',NULL,73,'scrum_performed_development_task',NULL),(417,'882f18f0f08d4db193854bbaf82b5fa1','2020-02-11 19:49:00','2020-02-11 19:49:00','Hospedar Web Service Identidade Cidadã no Rancher.','None','2019-08-27 16:23:20',72,'scrum_intented_development_task',NULL),(418,'77024a801cf141bb950f398d915143a7','2020-02-11 19:49:00','2020-02-11 19:49:00','Hospedar Web Service Identidade Cidadã no Rancher.','None',NULL,72,'scrum_performed_development_task',NULL),(419,'1bef7ad4a8104690988d7d0a03ba7c55','2020-02-11 19:49:01','2020-02-11 19:49:01','Hospedar contêiner Docker-Postgres no Rancher','None','2019-08-27 16:20:14',72,'scrum_intented_development_task',NULL),(420,'43f53db1079444dfa34f48102fd6c920','2020-02-11 19:49:01','2020-02-11 19:49:01','Hospedar contêiner Docker-Postgres no Rancher','None',NULL,72,'scrum_performed_development_task',NULL),(421,'6287b3a461954a209001192bb386e98c','2020-02-11 19:49:01','2020-02-11 19:49:02','Abastecer o banco Identidade _Cidada, em postgres, com os dados de produção do SelecaoDT','None','2019-08-27 16:17:09',72,'scrum_intented_development_task',NULL),(422,'fc61732c811f45048d29e1e6429e032d','2020-02-11 19:49:02','2020-02-11 19:49:02','Abastecer o banco Identidade _Cidada, em postgres, com os dados de produção do SelecaoDT','None',NULL,72,'scrum_performed_development_task',NULL),(423,'b83e926b1e044fd38910928b02df10a8','2020-02-11 19:49:02','2020-02-11 19:49:02','Montar contêiner Docker com SGBD Postgres','None','2019-08-27 16:19:43',72,'scrum_intented_development_task',NULL),(424,'b583d54583d64302825d605f7615c489','2020-02-11 19:49:03','2020-02-11 19:49:03','Montar contêiner Docker com SGBD Postgres','None',NULL,72,'scrum_performed_development_task',NULL),(425,'95ec5cad5b144174899b2f39a85a4cf1','2020-02-11 19:49:03','2020-02-11 19:49:03','Hospedar o algoritmo de sugestão no Rancher','None','2019-08-27 16:22:47',72,'scrum_intented_development_task',NULL),(426,'4c89c4db13dc47079f5e8f941bd7b0a6','2020-02-11 19:49:03','2020-02-11 19:49:03','Hospedar o algoritmo de sugestão no Rancher','None',NULL,72,'scrum_performed_development_task',NULL),(427,'57157e59d59e449b84a679cac1977f1b','2020-02-11 19:49:04','2020-02-11 19:49:04','Reformular comportamento dos botões dos módulos em my-services','None','2019-08-15 20:37:33',59,'scrum_intented_development_task',NULL),(428,'f279c4b2df9944c3858556928abcc51e','2020-02-11 19:49:04','2020-02-11 19:49:04','Reformular comportamento dos botões dos módulos em my-services','None',NULL,59,'scrum_performed_development_task',NULL),(429,'237353549b8c403bad6726c71c7d8b6b','2020-02-11 19:49:05','2020-02-11 19:49:05','Fazer teste de stress na API \"da Moovit\"','None','2019-04-09 21:52:38',37,'scrum_intented_development_task',NULL),(430,'404934d3f5694daa9ddbd14a489cc568','2020-02-11 19:49:05','2020-02-11 19:49:05','Adicionar campo itinerario_id nas respostas','None','2019-05-02 19:48:33',32,'scrum_intented_development_task',NULL),(431,'a088e318e1bc4820afcb10a4ff2d4b70','2020-02-11 19:49:05','2020-02-11 19:49:05','Aplicar os componentes no \"Oportunidades\"','None','2019-08-15 20:38:50',59,'scrum_intented_development_task',NULL),(432,'7daf9a6aeb944a8a8a7edd3d9840aae0','2020-02-11 19:49:06','2020-02-11 19:49:06','Aplicar os componentes no \"Oportunidades\"','None',NULL,59,'scrum_performed_development_task',NULL),(433,'d93aef869e534f7096081c8eae110133','2020-02-11 19:49:06','2020-02-11 19:49:06','Solicitar liberação do banco SelecaoDT em ambiente de produção para a Prodest','None','2019-08-27 16:18:02',72,'scrum_intented_development_task',NULL),(434,'c605b5bafb884bdc85d2107381508c11','2020-02-11 19:49:06','2020-02-11 19:49:07','Solicitar liberação do banco SelecaoDT em ambiente de produção para a Prodest','None',NULL,72,'scrum_performed_development_task',NULL),(435,'208c063045c942199b285f24c3b01af9','2020-02-11 19:49:07','2020-02-11 19:49:07','subir o codigo para o rancher','None','2019-08-21 20:25:58',73,'scrum_intented_development_task',NULL),(436,'8eceed1c3126493d99d1ee935a986ad9','2020-02-11 19:49:07','2020-02-11 19:49:07','subir o codigo para o rancher','None',NULL,73,'scrum_performed_development_task',NULL),(437,'1ce870ebfcfb4d9db56c360b142ef655','2020-02-11 19:49:08','2020-02-11 19:49:08','Ajustar comando do container do bot','None','2019-08-20 23:54:35',26,'scrum_intented_development_task',NULL),(438,'056d40da5ba6493f811c159ccb1b8902','2020-02-11 19:49:08','2020-02-11 19:49:08','Ajustar comando do container do bot','None',NULL,26,'scrum_performed_development_task',NULL),(439,'bf4efe60e9844f8db56e984a5c9c561c','2020-02-11 19:49:09','2020-02-11 19:49:09','adicionar tela ao app que use o socket','None','2019-08-13 17:45:19',26,'scrum_intented_development_task',NULL),(440,'433c05f5ceb4492ca58011989303e3cc','2020-02-11 19:49:09','2020-02-11 19:49:09','adicionar tela ao app que use o socket','None',NULL,26,'scrum_performed_development_task',NULL),(441,'56b9fd842e0b44a69e50b89be4f3e8b8','2020-02-11 19:49:09','2020-02-11 19:49:10','Aplicar os componentes no \"Documentos para assinar\"','None','2019-08-15 20:40:53',59,'scrum_intented_development_task',NULL),(442,'e7401cc81ba84c269edcd67464c0a191','2020-02-11 19:49:10','2020-02-11 19:49:10','Aplicar os componentes no \"Documentos para assinar\"','None',NULL,59,'scrum_performed_development_task',NULL),(443,'b098a5d8ca6a4ae3abbfa5a4cc00e127','2020-02-11 19:49:10','2020-02-11 19:49:11','Aplicar os componentes no \"Portal da Transparência\"','None','2019-08-15 20:39:23',59,'scrum_intented_development_task',NULL),(444,'c0ac1fd3031c4d3b8e84cea77234de85','2020-02-11 19:49:11','2020-02-11 19:49:11','Aplicar os componentes no \"Portal da Transparência\"','None',NULL,59,'scrum_performed_development_task',NULL),(445,'7c042b6b55e04ebbbb690d322156bcaf','2020-02-11 19:49:11','2020-02-11 19:49:11','Aplicar os componentes no \"Consulta Processo\"','None','2019-08-15 20:40:28',59,'scrum_intented_development_task',NULL),(446,'70d02faf315d43b0afe32da39fd87492','2020-02-11 19:49:12','2020-02-11 19:49:12','Aplicar os componentes no \"Consulta Processo\"','None',NULL,59,'scrum_performed_development_task',NULL),(447,'991e25a1c108417eb6196c16dc4cdc01','2020-02-11 19:49:12','2020-02-11 19:49:12','Implementar tabela em Markdown','None','2019-08-22 20:48:24',77,'scrum_intented_development_task',NULL),(448,'0492e9c77d5146218d3120b241027f1d','2020-02-11 19:49:12','2020-02-11 19:49:13','Implementar tabela em Markdown','None',NULL,77,'scrum_performed_development_task',NULL),(449,'37785d446e1f46b59683279c6f5336fb','2020-02-11 19:49:13','2020-02-11 19:49:13','Entender como funciona teste e2e completo ( com o garcia )','None','2019-08-14 20:02:23',77,'scrum_intented_development_task',NULL),(450,'e7add7c374264435a4c351436fe36c7f','2020-02-11 19:49:13','2020-02-11 19:49:13','Entender como funciona teste e2e completo ( com o garcia )','None',NULL,77,'scrum_performed_development_task',NULL),(451,'762ad3f9afb54e24a29dea262af9f3ea','2020-02-11 19:49:13','2020-02-11 19:49:13','Implementar a geração do teste e2e','None','2019-08-14 20:02:34',77,'scrum_intented_development_task',NULL),(452,'6e551c366aab45b987e047a6ddef0652','2020-02-11 19:49:13','2020-02-11 19:49:13','Implementar a geração do teste e2e','None',NULL,77,'scrum_performed_development_task',NULL),(453,'824a6653fd534a73be50d82c20475d67','2020-02-11 19:49:14','2020-02-11 19:49:14','Adaptar geracao de classe abstrata','None','2019-08-21 19:16:19',77,'scrum_intented_development_task',NULL),(454,'475bf7f7288440e29e7026affbc6845f','2020-02-11 19:49:14','2020-02-11 19:49:14','Adaptar geracao de classe abstrata','None',NULL,77,'scrum_performed_development_task',NULL),(455,'c2e7282ed4334010a0b28173deb1cb07','2020-02-11 19:49:14','2020-02-11 19:49:14','Implementar a geração do diagrama de projeto','None','2019-08-14 20:02:03',77,'scrum_intented_development_task',NULL),(456,'33a0ca4d4eda48038e687da62c8fcbf8','2020-02-11 19:49:14','2020-02-11 19:49:14','Implementar a geração do diagrama de projeto','None',NULL,77,'scrum_performed_development_task',NULL),(457,'745ab8a72eac44f4a26635f8b4c40ecf','2020-02-11 19:49:15','2020-02-11 19:49:15','integrar componente agendamentos','None','2019-08-22 20:20:41',60,'scrum_intented_development_task',NULL),(458,'ad09641b6ca94eecbfed41f916c6c320','2020-02-11 19:49:15','2020-02-11 19:49:15','integrar componente agendamentos','None',NULL,60,'scrum_performed_development_task',NULL),(459,'0a4b5f16d6734b8c8371a018e33fcd53','2020-02-11 19:49:15','2020-02-11 19:49:16','fazer os menus serem salvos na api favoritos','None','2019-08-15 17:18:31',60,'scrum_intented_development_task',NULL),(460,'9431e17d42d6452ea352676b27bd8d14','2020-02-11 19:49:16','2020-02-11 19:49:16','fazer os menus serem salvos na api favoritos','None',NULL,60,'scrum_performed_development_task',NULL),(461,'e270ff6c970e4e59af94bcacea7888f6','2020-02-11 19:49:16','2020-02-11 19:49:16','Aplicar os componentes na \"Agenda\"','None','2019-08-15 20:31:36',59,'scrum_intented_development_task',NULL),(462,'81523a47938441d7b1a93ffa3e0e8db1','2020-02-11 19:49:16','2020-02-11 19:49:17','Aplicar os componentes na \"Agenda\"','None',NULL,59,'scrum_performed_development_task',NULL),(463,'50a86402c5b14f2ea349f8b46f56af96','2020-02-11 19:49:17','2020-02-11 19:49:17','gerar docker da aplicação','None','2019-08-21 20:25:50',73,'scrum_intented_development_task',NULL),(464,'512a108156d046568c26fec47ec995b2','2020-02-11 19:49:17','2020-02-11 19:49:17','gerar docker da aplicação','None',NULL,73,'scrum_performed_development_task',NULL),(465,'254e7c4bf4ec4c09aadb4342f77d9bdc','2020-02-11 19:49:17','2020-02-11 19:49:17','refatorar conexao de postgres para sql server','None','2019-08-21 20:25:39',73,'scrum_intented_development_task',NULL),(466,'bdc53f0f9afd4ce7a4022f15063ac718','2020-02-11 19:49:18','2020-02-11 19:49:18','refatorar conexao de postgres para sql server','None',NULL,73,'scrum_performed_development_task',NULL),(467,'45a455d4fb834f35845feea814075461','2020-02-11 19:49:18','2020-02-11 19:49:18','refatorar codigo do jupyter para o python','None','2019-08-21 20:25:15',73,'scrum_intented_development_task',NULL),(468,'f696e864b3cb423eb85cc8c87d0c4ab9','2020-02-11 19:49:18','2020-02-11 19:49:18','refatorar codigo do jupyter para o python','None',NULL,73,'scrum_performed_development_task',NULL),(469,'33dcde908f524092acf800c35e3cf9a3','2020-02-11 19:49:19','2020-02-11 19:49:19','Aplicar os componentes no \"Dio\"','None','2019-08-15 20:31:47',59,'scrum_intented_development_task',NULL),(470,'2ca66f2c70ae41c0b9180ede38a14075','2020-02-11 19:49:19','2020-02-11 19:49:19','Aplicar os componentes no \"Dio\"','None',NULL,59,'scrum_performed_development_task',NULL),(471,'c0887cb009544588b3fb6ed1f7748459','2020-02-11 19:49:19','2020-02-11 19:49:19','conectar no bot no app ESPM via REST','None','2019-08-13 17:45:04',26,'scrum_intented_development_task',NULL),(472,'e570b32cb73f47aabe00efc8958bc55b','2020-02-11 19:49:20','2020-02-11 19:49:20','conectar no bot no app ESPM via REST','None',NULL,26,'scrum_performed_development_task',NULL),(473,'f2006affaac04a179d2466eaf250ea60','2020-02-11 19:49:20','2020-02-11 19:49:20','Estudar o protocolo','None','2019-08-13 17:44:24',26,'scrum_intented_development_task',NULL),(474,'528b1737efe14034bc6c36b11ea006fa','2020-02-11 19:49:20','2020-02-11 19:49:20','Estudar o protocolo','None',NULL,26,'scrum_performed_development_task',NULL),(475,'b5e633653465461d92ebf8e510ac6d7e','2020-02-11 19:49:21','2020-02-11 19:49:21','Implementar a geração do novo package.json','None','2019-08-14 20:02:43',77,'scrum_intented_development_task',NULL),(476,'8c7e46af03d047b1a83514d9201dd914','2020-02-11 19:49:21','2020-02-11 19:49:21','Implementar a geração do novo package.json','None',NULL,77,'scrum_performed_development_task',NULL),(477,'bc04b78f8f1b43719e7aa440ed44ccfe','2020-02-11 19:49:21','2020-02-11 19:49:21','Implementar a geração do diagrama de classe','None','2019-08-14 20:01:46',77,'scrum_intented_development_task',NULL),(478,'dd24c7bb24664fdca75361e7f364271d','2020-02-11 19:49:22','2020-02-11 19:49:22','Implementar a geração do diagrama de classe','None',NULL,77,'scrum_performed_development_task',NULL),(479,'6167c017e8364a098334fed2f2622f3a','2020-02-11 19:49:22','2020-02-11 19:49:22','Estudar http://plantuml.com/class-diagram','None','2019-08-14 20:00:45',77,'scrum_intented_development_task',NULL),(480,'a8797eb08ff4499d81619bd2ab52c7ac','2020-02-11 19:49:22','2020-02-11 19:49:22','Estudar http://plantuml.com/class-diagram','None',NULL,77,'scrum_performed_development_task',NULL),(481,'25d8e63ff2174a45bc6d0f54a0924979','2020-02-11 19:49:23','2020-02-11 19:49:23','Aplicar os componentes no \"Consulta Ônibus\"','None','2019-08-15 20:40:47',59,'scrum_intented_development_task',NULL),(482,'b0b44c847ddd4bd58b1453646be3ed9c','2020-02-11 19:49:23','2020-02-11 19:49:23','Aplicar os componentes no \"Consulta Ônibus\"','None',NULL,59,'scrum_performed_development_task',NULL),(483,'20a54008ac7f4888815887c0eb7f0583','2020-02-11 19:49:23','2020-02-11 19:49:23','Lançar a primeira versão do E-Docs no espm','None','2019-07-29 16:25:31',50,'scrum_intented_development_task',NULL),(484,'e2e8fb510bb9411c90ae14422a272c1d','2020-02-11 19:49:24','2020-02-11 19:49:24','Lançar a primeira versão do E-Docs no espm','None',NULL,50,'scrum_performed_development_task',NULL),(485,'6a37c85f5fb24bbea1d4c0163f0a9a22','2020-02-11 19:49:24','2020-02-11 19:49:24','Aplicar os componentes no \"Notícias\"','None','2019-08-15 20:39:47',59,'scrum_intented_development_task',NULL),(486,'6ff45b92499149ebbd2b96823ceaacb5','2020-02-11 19:49:24','2020-02-11 19:49:24','Aplicar os componentes no \"Notícias\"','None',NULL,59,'scrum_performed_development_task',NULL),(487,'fcd960d361214de587e40a1b7ab4d276','2020-02-11 19:49:25','2020-02-11 19:49:25','Refatorar a exibição dos nomes dos Destinatários','None','2019-08-13 21:55:25',50,'scrum_intented_development_task',NULL),(488,'ccefda3c900e4fce8dd71d314d7ea79b','2020-02-11 19:49:25','2020-02-11 19:49:25','Refatorar a exibição dos nomes dos Destinatários','None',NULL,50,'scrum_performed_development_task',NULL),(489,'42a731303cc34a9db1cf9ee7ac384bd2','2020-02-11 19:49:25','2020-02-11 19:49:25','aplicação das guidelines para  o módulo Dio ','None','2019-08-15 17:26:33',60,'scrum_intented_development_task',NULL),(490,'c11b1cbd39eb42cba127029ea3e314aa','2020-02-11 19:49:26','2020-02-11 19:49:26','aplicação das guidelines para  o módulo Dio ','None',NULL,60,'scrum_performed_development_task',NULL),(491,'28f2ec73564e4f08868c37c1505000e7','2020-02-11 19:49:26','2020-02-11 19:49:26','integração dos serviços do Dio para unico menu','None','2019-08-15 17:25:46',60,'scrum_intented_development_task',NULL),(492,'82596972059b4004864166f0a287958d','2020-02-11 19:49:26','2020-02-11 19:49:27','integração dos serviços do Dio para unico menu','None',NULL,60,'scrum_performed_development_task',NULL),(493,'73fde148fb2e4541ad50afa6bd53fd56','2020-02-11 19:49:27','2020-02-11 19:49:27','Documentar os componentes de páginas e navegação','None','2019-08-11 16:01:36',59,'scrum_intented_development_task',NULL),(494,'6ac60dfeacb444f5b9c016b7c1905707','2020-02-11 19:49:27','2020-02-11 19:49:27','Documentar os componentes de páginas e navegação','None',NULL,59,'scrum_performed_development_task',NULL),(495,'7443bf5070244a5493ffb9c5a133385b','2020-02-11 19:49:28','2020-02-11 19:49:28','Recuperar estado quando sair do app','None','2019-07-29 21:14:28',50,'scrum_intented_development_task',NULL),(496,'064d597201f249779bc163f780c33588','2020-02-11 19:49:28','2020-02-11 19:49:28','Recuperar estado quando sair do app','None',NULL,50,'scrum_performed_development_task',NULL),(497,'650d04879a334053904befacb54b5b46','2020-02-11 19:49:28','2020-02-11 19:49:29','Corrigir funcionalidade do botão \"vizualizar\"','None','2019-08-13 19:23:37',50,'scrum_intented_development_task',NULL),(498,'a4ebfa72a86f4608af23fd1616a91326','2020-02-11 19:49:29','2020-02-11 19:49:29','Corrigir funcionalidade do botão \"vizualizar\"','None',NULL,50,'scrum_performed_development_task',NULL),(499,'ab91da85d6b34953b0224b80e5977913','2020-02-11 19:49:29','2020-02-11 19:49:29','Ocultar tipo \"Documento Eletrônico\"','None','2019-08-13 19:23:12',50,'scrum_intented_development_task',NULL),(500,'a65fa8ff6a6b46bda2bc85ba5cba0774','2020-02-11 19:49:30','2020-02-11 19:49:30','Ocultar tipo \"Documento Eletrônico\"','None',NULL,50,'scrum_performed_development_task',NULL),(501,'1392b5695ddb4212a9bd9b54e56f32e7','2020-02-11 19:49:30','2020-02-11 19:49:30','Ocultar EDOCS do menu','None','2019-08-13 19:22:40',50,'scrum_intented_development_task',NULL),(502,'6dee0dc76ccf449387bf8defd9c3bed2','2020-02-11 19:49:30','2020-02-11 19:49:30','Ocultar EDOCS do menu','None',NULL,50,'scrum_performed_development_task',NULL),(503,'b02f7dc28f204508b571e864122495b6','2020-02-11 19:49:31','2020-02-11 19:49:31','Refatorar a página VehicleDebits','None','2019-08-11 20:35:12',59,'scrum_intented_development_task',NULL),(504,'fe95e43fabf2467da018ed7e6a8eed9b','2020-02-11 19:49:31','2020-02-11 19:49:31','Refatorar a página VehicleDebits','None',NULL,59,'scrum_performed_development_task',NULL),(505,'845952cc7ef74dc3bc6cd75edc82c2a7','2020-02-11 19:49:31','2020-02-11 19:49:31','guideline no modulo empregabilidade','None','2019-08-05 19:54:21',60,'scrum_intented_development_task',NULL),(506,'332452f86ead4a02b76cdaf7d31c788c','2020-02-11 19:49:32','2020-02-11 19:49:32','guideline no modulo empregabilidade','None',NULL,60,'scrum_performed_development_task',NULL),(507,'cfbcce9dd59d4914ae94760cd750114f','2020-02-11 19:49:32','2020-02-11 19:49:32','corrigir função q retira os outliers','None','2019-07-31 19:36:54',73,'scrum_intented_development_task',NULL),(508,'b4b600b8f8414e388e38459ae59c6dfd','2020-02-11 19:49:32','2020-02-11 19:49:33','corrigir função q retira os outliers','None',NULL,73,'scrum_performed_development_task',NULL),(509,'5c34701c397147119dd63a9137931363','2020-02-11 19:49:33','2020-02-11 19:49:33','realiar teste na matriz','None','2019-07-31 19:36:41',73,'scrum_intented_development_task',NULL),(510,'941b5744c95343b081bc68e7df6dcaf1','2020-02-11 19:49:33','2020-02-11 19:49:33','realiar teste na matriz','None',NULL,73,'scrum_performed_development_task',NULL),(511,'6ddd99d66c394c84864f8ea2067ada8c','2020-02-11 19:49:33','2020-02-11 19:49:33','gerar arquivo csv da matriz','None','2019-07-31 19:36:25',73,'scrum_intented_development_task',NULL),(512,'e87058e356fc4025aa4516025028c9a8','2020-02-11 19:49:34','2020-02-11 19:49:34','gerar arquivo csv da matriz','None',NULL,73,'scrum_performed_development_task',NULL),(513,'ed2323dfe09140748bd7c73c6fb046ed','2020-02-11 19:49:34','2020-02-11 19:49:34','monstar matriz de associação','None','2019-07-31 19:36:16',73,'scrum_intented_development_task',NULL),(514,'bfad5c561f5844e593c40a0b4cf048ca','2020-02-11 19:49:34','2020-02-11 19:49:34','monstar matriz de associação','None',NULL,73,'scrum_performed_development_task',NULL),(515,'371834d386f24fb38122a59e9b90ef66','2020-02-11 19:49:35','2020-02-11 19:49:35','Montar query\'s em sql para retornar dados de municipios','None','2019-07-31 19:13:13',73,'scrum_intented_development_task',NULL),(516,'d4caa4d284a04c49a04f36c3d9db7d19','2020-02-11 19:49:35','2020-02-11 19:49:35','Montar query\'s em sql para retornar dados de municipios','None',NULL,73,'scrum_performed_development_task',NULL),(517,'2f674ce37a4a4e82b85b5b0536775cf0','2020-02-11 19:49:35','2020-02-11 19:49:35','fazer merge das querys no jupyter','None','2019-07-31 19:36:06',73,'scrum_intented_development_task',NULL),(518,'8e5ceed7b55f4800a6854ba85d8e0ca8','2020-02-11 19:49:36','2020-02-11 19:49:36','fazer merge das querys no jupyter','None',NULL,73,'scrum_performed_development_task',NULL),(519,'a60bae33df5341299208834e0886c466','2020-02-11 19:49:36','2020-02-11 19:49:36','Salvar estado no akita','None','2019-07-31 18:57:36',50,'scrum_intented_development_task',NULL),(520,'15afe348708148158cc0af1c110624d6','2020-02-11 19:49:37','2020-02-11 19:49:37','Salvar estado no akita','None',NULL,50,'scrum_performed_development_task',NULL),(521,'a0b422d5ce6745a7a9f9349b476de0d8','2020-02-11 19:49:37','2020-02-11 19:49:37','Fazer o encaminhamento','None','2019-07-29 21:16:55',50,'scrum_intented_development_task',NULL),(522,'07698c2d1ee94ce497274b2a070f2790','2020-02-11 19:49:37','2020-02-11 19:49:37','Fazer o encaminhamento','None',NULL,50,'scrum_performed_development_task',NULL),(523,'1bb63dc08b084f22a4bdf623c5ecb8ff','2020-02-11 19:49:38','2020-02-11 19:49:38','Criar template de página com header e footer','None','2019-08-11 16:01:14',59,'scrum_intented_development_task',NULL),(524,'2526ad69f416409a94e8811ddeee5e6d','2020-02-11 19:49:38','2020-02-11 19:49:38','Criar template de página com header e footer','None',NULL,59,'scrum_performed_development_task',NULL),(525,'211d2b3413b64969beed697547db83ec','2020-02-11 19:49:39','2020-02-11 19:49:39','Criar modelo do banco em SQLServer','None','2019-07-31 18:11:35',72,'scrum_intented_development_task',NULL),(526,'18b79f937ec14fe0b27809413c5312c4','2020-02-11 19:49:39','2020-02-11 19:49:39','Criar modelo do banco em SQLServer','None',NULL,72,'scrum_performed_development_task',NULL),(527,'02dc22067e4e45d4adc989bd7db10d12','2020-02-11 19:49:39','2020-02-11 19:49:39','Fazer últimos retoques no Job','None','2019-07-31 18:10:29',72,'scrum_intented_development_task',NULL),(528,'54ec188f36b84b508b3ec701d1efae0b','2020-02-11 19:49:40','2020-02-11 19:49:40','Fazer últimos retoques no Job','None',NULL,72,'scrum_performed_development_task',NULL),(529,'0da1cd273ec541b39f1909e76cff3ce2','2020-02-11 19:49:40','2020-02-11 19:49:40','Criar componente de footer padrão','None','2019-08-08 22:19:10',59,'scrum_intented_development_task',NULL),(530,'601f0ee3959f45a6bc07bf2e0c8a8bbe','2020-02-11 19:49:40','2020-02-11 19:49:40','Criar componente de footer padrão','None',NULL,59,'scrum_performed_development_task',NULL),(531,'ee68c8ca3e8e4884bacbb474283bc893','2020-02-11 19:49:41','2020-02-11 19:49:41','Criar página de submenu, padronizada, como componente genérico','None','2019-08-06 23:44:38',59,'scrum_intented_development_task',NULL),(532,'fbbbedcd7baa4e11ad8e4b6fd7dcfaca','2020-02-11 19:49:41','2020-02-11 19:49:41','Criar página de submenu, padronizada, como componente genérico','None',NULL,59,'scrum_performed_development_task',NULL),(533,'fa29f5548e124098a6ce8c1a43111c67','2020-02-11 19:49:42','2020-02-11 19:49:42','Capturar um documento PDF','None','2019-08-01 19:05:08',48,'scrum_intented_development_task',NULL),(534,'a0bb1e98debf475a845de0de22df0584','2020-02-11 19:49:42','2020-02-11 19:49:42','Capturar um documento PDF','None',NULL,48,'scrum_performed_development_task',NULL),(535,'904e6d20c99a428890ca0826ec562e9f','2020-02-11 19:49:42','2020-02-11 19:49:42','Documentação do projeto','None','2019-08-08 21:04:01',26,'scrum_intented_development_task',NULL),(536,'df8b20b418c14b8f862a8d057a030eb3','2020-02-11 19:49:42','2020-02-11 19:49:43','Documentação do projeto','None',NULL,26,'scrum_performed_development_task',NULL),(537,'edf80f6517804a0da229875627fc19c3','2020-02-11 19:49:43','2020-02-11 19:49:43','Bot no telegram em produção','None','2019-08-08 21:03:21',26,'scrum_intented_development_task',NULL),(538,'5250f4f3643e48e4b1a6163289840aa0','2020-02-11 19:49:43','2020-02-11 19:49:43','Bot no telegram em produção','None',NULL,26,'scrum_performed_development_task',NULL),(539,'d650df98053d43c4a724fe9dd186f42e','2020-02-11 19:49:43','2020-02-11 19:49:43','Kibana em produção','None','2019-08-08 21:03:33',26,'scrum_intented_development_task',NULL),(540,'c98cefeb803f4fffab5f0aeeef20ce76','2020-02-11 19:49:44','2020-02-11 19:49:44','Kibana em produção','None',NULL,26,'scrum_performed_development_task',NULL),(541,'19f1133d0c804bb8b2c3a42ea69d39bf','2020-02-11 19:49:44','2020-02-11 19:49:44','Bot no acesso cidadão em produção','None','2019-08-08 21:03:45',26,'scrum_intented_development_task',NULL),(542,'3785c2c2cfba493591807efac65bd2ca','2020-02-11 19:49:44','2020-02-11 19:49:44','Bot no acesso cidadão em produção','None',NULL,26,'scrum_performed_development_task',NULL),(543,'82169df3529d45bf9ce1531376e5918b','2020-02-11 19:49:44','2020-02-11 19:49:44','Criar \'head\' das páginas \'submenu\' de módulo','None','2019-07-31 19:33:54',59,'scrum_intented_development_task',NULL),(544,'457a9dbe3fcc42d3bba1ae41df8b1778','2020-02-11 19:49:45','2020-02-11 19:49:45','Criar \'head\' das páginas \'submenu\' de módulo','None',NULL,59,'scrum_performed_development_task',NULL),(545,'1426116ceec4451ba295fc285f0e0a8a','2020-02-11 19:49:45','2020-02-11 19:49:45','aplicar icon em cursos empregabilidade ','None','2019-08-05 19:53:25',60,'scrum_intented_development_task',NULL),(546,'ed3c2fb58744487bb79b0ae29f544a12','2020-02-11 19:49:45','2020-02-11 19:49:45','aplicar icon em cursos empregabilidade ','None',NULL,60,'scrum_performed_development_task',NULL),(547,'332f95ba3994492abcc2df697ade0bcc','2020-02-11 19:49:46','2020-02-11 19:49:46','aplicar icon em concursos empregabilidade','None','2019-08-05 19:52:46',60,'scrum_intented_development_task',NULL),(548,'d166b3f2d0194fd3a4fd0de290d50737','2020-02-11 19:49:46','2020-02-11 19:49:46','aplicar icon em concursos empregabilidade','None',NULL,60,'scrum_performed_development_task',NULL),(549,'84e713fdee804c8280f5b05532f1c27f','2020-02-11 19:49:46','2020-02-11 19:49:47','integrar com o modulo de todas as noticias','None','2019-08-02 18:05:58',60,'scrum_intented_development_task',NULL),(550,'ddf207223a9541cfa05db6c0183ed38c','2020-02-11 19:49:47','2020-02-11 19:49:47','integrar com o modulo de todas as noticias','None',NULL,60,'scrum_performed_development_task',NULL),(551,'01bb1688187b4b229790526009f22037','2020-02-11 19:49:47','2020-02-11 19:49:47','aplicar guideline no modulo principal de noticias','None','2019-08-02 18:04:40',60,'scrum_intented_development_task',NULL),(552,'5b429a6ce70b473fb90556c2cfedd44b','2020-02-11 19:49:48','2020-02-11 19:49:48','aplicar guideline no modulo principal de noticias','None',NULL,60,'scrum_performed_development_task',NULL),(553,'4bde3c7a216c411f8ad5abb8a6e99cfa','2020-02-11 19:49:48','2020-02-11 19:49:48','integrar os modulos Noticias e Noticias destaques.','None','2019-08-01 18:44:09',60,'scrum_intented_development_task',NULL),(554,'b352110d82c54f628ad6f09334b8287e','2020-02-11 19:49:48','2020-02-11 19:49:48','integrar os modulos Noticias e Noticias destaques.','None',NULL,60,'scrum_performed_development_task',NULL),(555,'cfe9abe098ea42579a31499057a8fb07','2020-02-11 19:49:49','2020-02-11 19:49:49','Adicionar opção de enviar email de notificação','None','2019-07-31 18:32:59',50,'scrum_intented_development_task',NULL),(556,'e9a47ea3f13140cc805b60c77d4bae91','2020-02-11 19:49:49','2020-02-11 19:49:49','Adicionar opção de enviar email de notificação','None',NULL,50,'scrum_performed_development_task',NULL),(557,'a6a17231dc2d4e139f67011fe358a43e','2020-02-11 19:49:50','2020-02-11 19:49:50','criar um único menu Noticias','None','2019-08-01 18:45:23',60,'scrum_intented_development_task',NULL),(558,'c3b6f2533e134f0086538016e07e1c24','2020-02-11 19:49:50','2020-02-11 19:49:50','criar um único menu Noticias','None',NULL,60,'scrum_performed_development_task',NULL),(559,'1e7e6986feaf49489bf166540bb2af52','2020-02-11 19:49:50','2020-02-11 19:49:50','Fazer upload do arquivo PDF','None','2019-07-29 21:14:45',50,'scrum_intented_development_task',NULL),(560,'93c54263084c4c218f295eb9a8e34ff2','2020-02-11 19:49:50','2020-02-11 19:49:50','Fazer upload do arquivo PDF','None',NULL,50,'scrum_performed_development_task',NULL),(561,'dafcd3e28acf495aa492afddf6b64bb4','2020-02-11 19:49:51','2020-02-11 19:49:51','aplicar a guide no modulo caledario','None','2019-07-31 17:15:15',60,'scrum_intented_development_task',NULL),(562,'2cd1f94266224fd78bc1ed535ad3cba3','2020-02-11 19:49:51','2020-02-11 19:49:51','aplicar a guide no modulo caledario','None',NULL,60,'scrum_performed_development_task',NULL),(563,'8b323cf789ee461d946a4058558841b6','2020-02-11 19:49:51','2020-02-11 19:49:52','refatorar pages calendar','None','2019-07-31 17:14:15',60,'scrum_intented_development_task',NULL),(564,'e9cec898c75e4c56946e4e0f8ea33e53','2020-02-11 19:49:52','2020-02-11 19:49:52','refatorar pages calendar','None',NULL,60,'scrum_performed_development_task',NULL),(565,'b4e42a9eb9e2449eae00fec17b7daa1f','2020-02-11 19:49:52','2020-02-11 19:49:52','Preparar as páginas para fazer o envio do documento','None','2019-07-19 22:05:38',50,'scrum_intented_development_task',NULL),(566,'7f5740817148458d84ef84fe8a6fa00e','2020-02-11 19:49:52','2020-02-11 19:49:52','Preparar as páginas para fazer o envio do documento','None',NULL,50,'scrum_performed_development_task',NULL),(567,'77c2657179ac4adaa3e4a645db48f359','2020-02-11 19:49:52','2020-02-11 19:49:53','Adicionar versão do bot para o telegram','None','2019-07-11 20:16:47',26,'scrum_intented_development_task',NULL),(568,'da2197ff52924175aec1482004a35c2a','2020-02-11 19:49:53','2020-02-11 19:49:53','Adicionar versão do bot para o telegram','None',NULL,26,'scrum_performed_development_task',NULL),(569,'73f8ad083d3443a4b30af7b660649f50','2020-02-11 19:49:53','2020-02-11 19:49:53','Kibana para analise de interações do bot','None','2019-07-26 21:25:38',26,'scrum_intented_development_task',NULL),(570,'a474b11533644934ae0e3cae99396247','2020-02-11 19:49:54','2020-02-11 19:49:54','Kibana para analise de interações do bot','None',NULL,26,'scrum_performed_development_task',NULL),(571,'81abcbf1a3994221a4f765b0d90894f9','2020-02-11 19:49:54','2020-02-11 19:49:54','Editar o arquivo de Documentação','None','2019-07-16 23:07:27',31,'scrum_intented_development_task',NULL),(572,'411e7b73ffaa41738a484d2143deeaa6','2020-02-11 19:49:54','2020-02-11 19:49:54','Editar o arquivo de Documentação','None',NULL,31,'scrum_performed_development_task',NULL),(573,'7a114b8683754c9a807577c3b2673523','2020-02-11 19:49:55','2020-02-11 19:49:55','Atualizar o bot usando o Feedback','None','2019-07-17 14:27:15',26,'scrum_intented_development_task',NULL),(574,'1ba871e504324a189cb1e528a16d1ba9','2020-02-11 19:49:55','2020-02-11 19:49:55','Atualizar o bot usando o Feedback','None',NULL,26,'scrum_performed_development_task',NULL),(575,'718136bf0fa344acbcfc8fdc298abaae','2020-02-11 19:49:55','2020-02-11 19:49:55','Coletar feedback da equipe HELPDESK','None','2019-07-17 14:26:52',26,'scrum_intented_development_task',NULL),(576,'78dddd294f0f4bd1be50cec057bd7a6d','2020-02-11 19:49:55','2020-02-11 19:49:55','Coletar feedback da equipe HELPDESK','None',NULL,26,'scrum_performed_development_task',NULL),(577,'aaba61c27ec04f09a3979a62bb96a4f9','2020-02-11 19:49:56','2020-02-11 19:49:56','Pegar o arquivo do Intent','None','2019-07-15 19:54:51',50,'scrum_intented_development_task',NULL),(578,'e65739cb100442a2b90fe42f0b9ed61f','2020-02-11 19:49:56','2020-02-11 19:49:56','Pegar o arquivo do Intent','None',NULL,50,'scrum_performed_development_task',NULL),(579,'eb6af6bbd87749afbc5f5a60cd07571e','2020-02-11 19:49:56','2020-02-11 19:49:56','Ordenar os módulos por favorito.','None','2019-07-22 20:37:56',59,'scrum_intented_development_task',NULL),(580,'963348b207cb4bb69e3df29730dcf0cc','2020-02-11 19:49:57','2020-02-11 19:49:57','Ordenar os módulos por favorito.','None',NULL,59,'scrum_performed_development_task',NULL),(581,'170ec51c6429400e8e03f640fc76052c','2020-02-11 19:49:57','2020-02-11 19:49:57','Aplicar css','None','2019-07-15 19:51:13',50,'scrum_intented_development_task',NULL),(582,'813f20c7083d4da8bca82c308144850b','2020-02-11 19:49:57','2020-02-11 19:49:57','Aplicar css','None',NULL,50,'scrum_performed_development_task',NULL),(583,'5b663685ce72468fa7dc42d6cae371e5','2020-02-11 19:49:57','2020-02-11 19:49:58','Passar as infrações para a tela débitos','None','2019-07-15 18:57:30',60,'scrum_intented_development_task',NULL),(584,'b4c0a16040834f4a800419cc2e69cfd8','2020-02-11 19:49:58','2020-02-11 19:49:58','Passar as infrações para a tela débitos','None',NULL,60,'scrum_performed_development_task',NULL),(585,'8f79479413e74dc58101821e6c48b15c','2020-02-11 19:49:58','2020-02-11 19:49:58','Aplicar o layout de slides','None','2019-07-18 23:32:42',50,'scrum_intented_development_task',NULL),(586,'db287b7c732a47e5a0a79bb1d57bc0a6','2020-02-11 19:49:58','2020-02-11 19:49:58','Aplicar o layout de slides','None',NULL,50,'scrum_performed_development_task',NULL),(587,'5c63337a0c3e43c38809d9a5c94630e4','2020-02-11 19:49:59','2020-02-11 19:49:59','Adicionar ao menu de compartilhamento do Android.','None','2019-07-15 19:54:06',50,'scrum_intented_development_task',NULL),(588,'9f12ed91c7514fb5bf7f3712ce41fbfc','2020-02-11 19:49:59','2020-02-11 19:49:59','Adicionar ao menu de compartilhamento do Android.','None',NULL,50,'scrum_performed_development_task',NULL),(589,'a60b9be0e7364f5197a53ebe24496b37','2020-02-11 19:50:00','2020-02-11 19:50:00','Buscar órgãos na api.','None','2019-07-15 19:51:59',50,'scrum_intented_development_task',NULL),(590,'ff83a8d90b2148809b5d2292bba9b036','2020-02-11 19:50:00','2020-02-11 19:50:00','Buscar órgãos na api.','None',NULL,50,'scrum_performed_development_task',NULL),(591,'a334f73dc25c48f4a28ca19909836fba','2020-02-11 19:50:00','2020-02-11 19:50:00','Desenvolver a tela','None','2019-07-15 19:51:07',50,'scrum_intented_development_task',NULL),(592,'0abad46ba6a24a9c8d9164aa70e945ce','2020-02-11 19:50:01','2020-02-11 19:50:01','Desenvolver a tela','None',NULL,50,'scrum_performed_development_task',NULL),(593,'b7ac3406b6874d79a3931194a8298b8f','2020-02-11 19:50:01','2020-02-11 19:50:01','Voltar para a tela de serviços quando o usuário clicar em \"Entendi\" no pop up','None','2019-07-15 19:03:09',60,'scrum_intented_development_task',NULL),(594,'c09b58599c4d419998866a037f8cf3ba','2020-02-11 19:50:01','2020-02-11 19:50:01','Voltar para a tela de serviços quando o usuário clicar em \"Entendi\" no pop up','None',NULL,60,'scrum_performed_development_task',NULL),(595,'f1f3914681054b43ab980daa80c56628','2020-02-11 19:50:01','2020-02-11 19:50:01','Refatorar a tela de detalhamento de débitos','None','2019-07-15 19:00:54',60,'scrum_intented_development_task',NULL),(596,'33aa4c4f82d746ef918b67a08ffa423a','2020-02-11 19:50:02','2020-02-11 19:50:02','Refatorar a tela de detalhamento de débitos','None',NULL,60,'scrum_performed_development_task',NULL),(597,'33bcb287f79a401a8551da568d882b6b','2020-02-11 19:50:02','2020-02-11 19:50:02','Adicionar os dados do veículo na tela débitos','None','2019-07-15 18:59:47',60,'scrum_intented_development_task',NULL),(598,'2f1c53517b55422a84dfa1798b4b3fa8','2020-02-11 19:50:02','2020-02-11 19:50:02','Adicionar os dados do veículo na tela débitos','None',NULL,60,'scrum_performed_development_task',NULL),(599,'357ed9d0f9184b0cb1f3543a87ac512b','2020-02-11 19:50:03','2020-02-11 19:50:03','Integrar o search ao novo design','None','2019-07-15 19:06:23',60,'scrum_intented_development_task',NULL),(600,'ee76b93192854ff5aa952ccf6ccd7498','2020-02-11 19:50:03','2020-02-11 19:50:03','Integrar o search ao novo design','None',NULL,60,'scrum_performed_development_task',NULL),(601,'20d562a84d334e43b87f646eee1ef300','2020-02-11 19:50:03','2020-02-11 19:50:03','Formatar os botões dos serviços','None','2019-07-15 19:05:12',60,'scrum_intented_development_task',NULL),(602,'509a9d7ff8a14d1c827f0e4e102169d4','2020-02-11 19:50:03','2020-02-11 19:50:03','Formatar os botões dos serviços','None',NULL,60,'scrum_performed_development_task',NULL),(603,'b768203903c74aa9893a3004fb92b4c9','2020-02-11 19:50:04','2020-02-11 19:50:04','Implementar responsividade na Meus Serviços','None','2019-06-13 23:59:32',59,'scrum_intented_development_task',NULL),(604,'0f0d6d57ea9d4a35b9ea10a3ce0ec99a','2020-02-11 19:50:04','2020-02-11 19:50:04','Implementar responsividade na Meus Serviços','None',NULL,59,'scrum_performed_development_task',NULL),(605,'acf9d038b3b54b2da5578639e01bb5ec','2020-02-11 19:50:05','2020-02-11 19:50:05','Implementar novo design do Detran','None','2019-07-08 20:56:24',59,'scrum_intented_development_task',NULL),(606,'07e9809a19c1474e9b7fd691faabe946','2020-02-11 19:50:05','2020-02-11 19:50:05','Implementar novo design do Detran','None',NULL,59,'scrum_performed_development_task',NULL),(607,'5395ddb096cf49a5b4e763637437e5db','2020-02-11 19:50:05','2020-02-11 19:50:05','Configurar os ambientes','None','2019-07-15 16:34:49',26,'scrum_intented_development_task',NULL),(608,'47dfdb273ef6407590cea6e7d9b9e6a9','2020-02-11 19:50:06','2020-02-11 19:50:06','Configurar os ambientes','None',NULL,26,'scrum_performed_development_task',NULL),(609,'0ab88e714a9040b69c253b61b6050139','2020-02-11 19:50:06','2020-02-11 19:50:06','Criar deshbord','None','2019-07-15 16:35:00',26,'scrum_intented_development_task',NULL),(610,'ec955e7d61784c45bf523bf5694405c6','2020-02-11 19:50:06','2020-02-11 19:50:06','Criar deshbord','None',NULL,26,'scrum_performed_development_task',NULL),(611,'2f8769cb88794b9d9eb3f265bafa9583','2020-02-11 19:50:06','2020-02-11 19:50:06','Criação de métrica','None','2019-07-15 16:34:15',26,'scrum_intented_development_task',NULL),(612,'1bd89a6745074d75a01893242cb9ac5b','2020-02-11 19:50:07','2020-02-11 19:50:07','Criação de métrica','None',NULL,26,'scrum_performed_development_task',NULL),(613,'61335c0b63dd40deb88dae2e59e1ece1','2020-02-11 19:50:07','2020-02-11 19:50:07','Fazer bot mais inteligente','None','2019-07-11 20:17:49',26,'scrum_intented_development_task',NULL),(614,'c8025811ee7d44a580be7c5c3507a833','2020-02-11 19:50:07','2020-02-11 19:50:07','Fazer bot mais inteligente','None',NULL,26,'scrum_performed_development_task',NULL),(615,'746abd30e40d42b1a0b9d9721d752770','2020-02-11 19:50:08','2020-02-11 19:50:08','Adicionar funcionalidade aos botões da página','None','2019-07-12 20:00:02',50,'scrum_intented_development_task',NULL),(616,'1f5b03c8d4654fd0a3a242c60c3be80a','2020-02-11 19:50:08','2020-02-11 19:50:08','Adicionar funcionalidade aos botões da página','None',NULL,50,'scrum_performed_development_task',NULL),(617,'4a1e4f7182ee4cfab354274954b59ebf','2020-02-11 19:50:08','2020-02-11 19:50:08','Aplicar css.','None','2019-07-02 20:01:15',50,'scrum_intented_development_task',NULL),(618,'029f2353c54e47fc8c65866d07dee37f','2020-02-11 19:50:09','2020-02-11 19:50:09','Aplicar css.','None',NULL,50,'scrum_performed_development_task',NULL),(619,'8e52a0dfc5734213bfc76f2187fa4315','2020-02-11 19:50:09','2020-02-11 19:50:09','Entregar Chatbot','None','2019-07-11 20:15:19',26,'scrum_intented_development_task',NULL),(620,'dcfba5307f1a46f4b466be3e339fc74c','2020-02-11 19:50:09','2020-02-11 19:50:10','Entregar Chatbot','None',NULL,26,'scrum_performed_development_task',NULL),(621,'f17d73b677ae401d9e061018ed441de5','2020-02-11 19:50:10','2020-02-11 19:50:10','Exibir no input (desabilitado).','None','2019-07-02 20:05:34',50,'scrum_intented_development_task',NULL),(622,'184ac17664ab43e8905bd749a7915294','2020-02-11 19:50:10','2020-02-11 19:50:10','Exibir no input (desabilitado).','None',NULL,50,'scrum_performed_development_task',NULL),(623,'15ff6d366c68489a9a5bee5f7d1bca42','2020-02-11 19:50:11','2020-02-11 19:50:11','Buscar usuário na api.','None','2019-07-02 20:04:48',50,'scrum_intented_development_task',NULL),(624,'48ef62763c2e47b2bb7addba15b6c53e','2020-02-11 19:50:11','2020-02-11 19:50:11','Buscar usuário na api.','None',NULL,50,'scrum_performed_development_task',NULL),(625,'46a5eeefcea444ecbfa796d1aa352d60','2020-02-11 19:50:11','2020-02-11 19:50:11','Exibir as opções no select.','None','2019-07-02 20:04:27',50,'scrum_intented_development_task',NULL),(626,'3296dd4531b14d8a8efcae9784b15f56','2020-02-11 19:50:12','2020-02-11 19:50:12','Exibir as opções no select.','None',NULL,50,'scrum_performed_development_task',NULL),(627,'a8ad6eee668446e59e41cf8ab876830b','2020-02-11 19:50:12','2020-02-11 19:50:12','Buscar cargos na api.','None','2019-07-02 20:03:29',50,'scrum_intented_development_task',NULL),(628,'179d796945a44345803aad35a58d9a6e','2020-02-11 19:50:12','2020-02-11 19:50:13','Buscar cargos na api.','None',NULL,50,'scrum_performed_development_task',NULL),(629,'b2aade6f5fb44e50923f0e2c28daa999','2020-02-11 19:50:13','2020-02-11 19:50:13','Criar a página de destinatários.','None','2019-07-02 20:00:57',50,'scrum_intented_development_task',NULL),(630,'ff9785b3203a4795b4267a3f45259a38','2020-02-11 19:50:13','2020-02-11 19:50:13','Criar a página de destinatários.','None',NULL,50,'scrum_performed_development_task',NULL),(631,'3164f9e9c4414e82ba0d014b28d2e810','2020-02-11 19:50:14','2020-02-11 19:50:14','Criar novo design do módulo do detran','None','2019-06-04 13:28:02',59,'scrum_intented_development_task',NULL),(632,'300f004dd98041d782b0a69073e141db','2020-02-11 19:50:14','2020-02-11 19:50:14','Criar novo design do módulo do detran','None',NULL,59,'scrum_performed_development_task',NULL),(633,'0501a54bdbc0496b99660b36c81cc202','2020-02-11 19:50:14','2020-02-11 19:50:14','enviar e-mail com o bot e instruções aos cordenadores','None','2019-06-27 14:41:29',26,'scrum_intented_development_task',NULL),(634,'a7ca068745414b08bd5a3955ed71d6c9','2020-02-11 19:50:15','2020-02-11 19:50:15','enviar e-mail com o bot e instruções aos cordenadores','None',NULL,26,'scrum_performed_development_task',NULL),(635,'59a8e971fe7c46c08e95e218c1d25d8b','2020-02-11 19:50:15','2020-02-11 19:50:15','Implementar o CSS','None','2019-06-20 01:36:54',50,'scrum_intented_development_task',NULL),(636,'0e8f9fcfaf7449478b57a98641a8fab9','2020-02-11 19:50:15','2020-02-11 19:50:15','Implementar o CSS','None',NULL,50,'scrum_performed_development_task',NULL),(637,'023e1ec5963f4925919a560212d5566e','2020-02-11 19:50:16','2020-02-11 19:50:16','Codificar a página','None','2019-06-20 01:36:03',50,'scrum_intented_development_task',NULL),(638,'a37384a44f6f434eb58cedce1d94a6f4','2020-02-11 19:50:16','2020-02-11 19:50:16','Codificar a página','None',NULL,50,'scrum_performed_development_task',NULL),(639,'f58d423ee68144c3ab6db1e0df3dc596','2020-02-11 19:50:16','2020-02-11 19:50:16','fazer um exemplo do k-means na base de dados','None','2019-06-24 18:08:25',73,'scrum_intented_development_task',NULL),(640,'a1f21d0f33d346a89c35e5ebca9d8d97','2020-02-11 19:50:16','2020-02-11 19:50:16','fazer um exemplo do k-means na base de dados','None',NULL,73,'scrum_performed_development_task',NULL),(641,'94719caa4031433b9eee62984f7f1888','2020-02-11 19:50:17','2020-02-11 19:50:17','estudo do k-means ','None','2019-06-24 18:08:06',73,'scrum_intented_development_task',NULL),(642,'7d164c006ad942b991cb529b566bbe1f','2020-02-11 19:50:17','2020-02-11 19:50:17','estudo do k-means ','None',NULL,73,'scrum_performed_development_task',NULL),(643,'ac7d04b47b1d4289b046dd3e32dd6b47','2020-02-11 19:50:17','2020-02-11 19:50:17','Implementar favoritos no SQLite.','None','2019-06-24 23:44:42',59,'scrum_intented_development_task',NULL),(644,'8c3459dca3cb49b2a05e55db6f65643c','2020-02-11 19:50:17','2020-02-11 19:50:18','Implementar favoritos no SQLite.','None',NULL,59,'scrum_performed_development_task',NULL),(645,'9cfd547fcbc54b1984ca24612b737244','2020-02-11 19:50:18','2020-02-11 19:50:18','Implementar akita store de favoritos.','None','2019-06-24 23:44:30',59,'scrum_intented_development_task',NULL),(646,'dd5b7657689d499aabc4953d73485cb1','2020-02-11 19:50:18','2020-02-11 19:50:18','Implementar akita store de favoritos.','None',NULL,59,'scrum_performed_development_task',NULL),(647,'3e97673899414a38aa5fe018a4e6a21a','2020-02-11 19:50:18','2020-02-11 19:50:18','Reunir com Salomão pra definir o funcionamento da feature','None','2019-06-17 19:59:20',59,'scrum_intented_development_task',NULL),(648,'d68f30d4e7794cb4a2f9b00fc6e59a50','2020-02-11 19:50:18','2020-02-11 19:50:19','Reunir com Salomão pra definir o funcionamento da feature','None',NULL,59,'scrum_performed_development_task',NULL),(649,'498271d1e332494fbb5cda943929af74','2020-02-11 19:50:19','2020-02-11 19:50:19','Mandar prints das telas pro Guilherme','None','2019-06-04 13:27:47',59,'scrum_intented_development_task',NULL),(650,'3fde47f9b819482fa30c96666f29cad6','2020-02-11 19:50:19','2020-02-11 19:50:19','Mandar prints das telas pro Guilherme','None',NULL,59,'scrum_performed_development_task',NULL),(651,'7c41d26c533b4aa1910f7e940350112b','2020-02-11 19:50:20','2020-02-11 19:50:20','Implementar responsividade na Selecionar Favoritos','None','2019-06-13 23:57:25',59,'scrum_intented_development_task',NULL),(652,'451fc95cca984482862bb213ee0cb4c8','2020-02-11 19:50:20','2020-02-11 19:50:20','Implementar responsividade na Selecionar Favoritos','None',NULL,59,'scrum_performed_development_task',NULL),(653,'a52bec776def4608bb54894b202edc33','2020-02-11 19:50:21','2020-02-11 19:50:21','Codificar a página','None','2019-06-26 13:44:08',48,'scrum_intented_development_task',NULL),(654,'3acb71793d294f129b4a925d2f354f6c','2020-02-11 19:50:21','2020-02-11 19:50:21','Codificar a página','None',NULL,48,'scrum_performed_development_task',NULL),(655,'f395060e7fc44ed69ac05d680bc44330','2020-02-11 19:50:21','2020-02-11 19:50:21','configurar deploy automatico do bot no rancher','None','2019-06-27 14:41:10',26,'scrum_intented_development_task',NULL),(656,'1399b2e1e1f04b15ad87221f6d9e9099','2020-02-11 19:50:22','2020-02-11 19:50:22','configurar deploy automatico do bot no rancher','None',NULL,26,'scrum_performed_development_task',NULL),(657,'2559a9e111574a3480936d918c4607f3','2020-02-11 19:50:22','2020-02-11 19:50:23','configurar o bot no rancher para testes internos','None','2019-06-27 14:40:53',26,'scrum_intented_development_task',NULL),(658,'6d57fa887db74cfa87a7018fbaaa13c2','2020-02-11 19:50:23','2020-02-11 19:50:23','configurar o bot no rancher para testes internos','None',NULL,26,'scrum_performed_development_task',NULL),(659,'820fcaf45754460a8838ea8d5d9a4595','2020-02-11 19:50:23','2020-02-11 19:50:23','Melhorar as utter para a intenção','None','2019-06-24 19:13:30',31,'scrum_intented_development_task',NULL),(660,'ecf15489ad4446a5839e4512a6c90b10','2020-02-11 19:50:23','2020-02-11 19:50:24','Melhorar as utter para a intenção','None',NULL,31,'scrum_performed_development_task',NULL),(661,'e544bc1e8bac453c9b70f884b5dce24b','2020-02-11 19:50:24','2020-02-11 19:50:24','Melhorar as utter para a intenção','None','2019-06-24 19:13:25',31,'scrum_intented_development_task',NULL),(662,'c329a63ccb2d4b098786ef95303f3d71','2020-02-11 19:50:24','2020-02-11 19:50:24','Melhorar as utter para a intenção','None',NULL,31,'scrum_performed_development_task',NULL),(663,'e8f99d42d1df46a59fb8d4e2e4d53dbd','2020-02-11 19:50:25','2020-02-11 19:50:25','Melhorar as utter para a intenção','None','2019-06-24 19:13:20',31,'scrum_intented_development_task',NULL),(664,'78a3bd5a2b2f4b2793df6129f483e9b0','2020-02-11 19:50:25','2020-02-11 19:50:25','Melhorar as utter para a intenção','None',NULL,31,'scrum_performed_development_task',NULL),(665,'e804e086f47d4d728db3c7df2f9591ab','2020-02-11 19:50:25','2020-02-11 19:50:26','Melhorar as utter para a intenção','None','2019-06-24 19:13:04',31,'scrum_intented_development_task',NULL),(666,'ed586d2480e54637b3b2ba40ee2bacd7','2020-02-11 19:50:26','2020-02-11 19:50:26','Melhorar as utter para a intenção','None',NULL,31,'scrum_performed_development_task',NULL),(667,'bd374cba37e24218949be61a049f8c1f','2020-02-11 19:50:26','2020-02-11 19:50:26','Integrar os módulos favoritos à api-espm','None','2019-06-04 13:08:34',59,'scrum_intented_development_task',NULL),(668,'3690e0fe53de44518da595cb014e3b89','2020-02-11 19:50:27','2020-02-11 19:50:27','Integrar os módulos favoritos à api-espm','None',NULL,59,'scrum_performed_development_task',NULL),(669,'e49cda778aa64327a1d46d700795d830','2020-02-11 19:50:27','2020-02-11 19:50:27','Implementar CSS','None','2019-06-21 16:37:11',48,'scrum_intented_development_task',NULL),(670,'7b10ebdd711f4c109068d0a32c392cbf','2020-02-11 19:50:27','2020-02-11 19:50:28','Implementar CSS','None',NULL,48,'scrum_performed_development_task',NULL),(671,'36e58212ea4d48b1b8df7b07705d895c','2020-02-11 19:50:28','2020-02-11 19:50:28','Codificar a página','None','2019-06-21 16:36:59',48,'scrum_intented_development_task',NULL),(672,'b1f5278317ea4151917927394e0004eb','2020-02-11 19:50:28','2020-02-11 19:50:28','Codificar a página','None',NULL,48,'scrum_performed_development_task',NULL),(673,'5b2bb63c32984402aef9727c36abab1d','2020-02-11 19:50:29','2020-02-11 19:50:29','Refatorar os botões de login via rede social','None','2019-06-18 15:18:16',59,'scrum_intented_development_task',NULL),(674,'d8553ca8a2b146ce9731bc5bb226a318','2020-02-11 19:50:29','2020-02-11 19:50:29','Refatorar os botões de login via rede social','None',NULL,59,'scrum_performed_development_task',NULL),(675,'4e764729e9c94dcdb8e64489891b0b70','2020-02-11 19:50:29','2020-02-11 19:50:30','Criar intenção e resposta no treinamento do bot','None','2019-06-24 19:11:24',31,'scrum_intented_development_task',NULL),(676,'ac15adb147cd48ea88608ae91e013343','2020-02-11 19:50:30','2020-02-11 19:50:30','Criar intenção e resposta no treinamento do bot','None',NULL,31,'scrum_performed_development_task',NULL),(677,'87f15b7c61a24ba484dcbf98b26112b4','2020-02-11 19:50:30','2020-02-11 19:50:30','Criar intenção e resposta no treinamento do bot','None','2019-06-24 19:11:19',31,'scrum_intented_development_task',NULL),(678,'c09bc263a8b6403cbde59dbcf771e81b','2020-02-11 19:50:30','2020-02-11 19:50:30','Criar intenção e resposta no treinamento do bot','None',NULL,31,'scrum_performed_development_task',NULL),(679,'895eea8f83d44ad389d62a14d4ac7121','2020-02-11 19:50:31','2020-02-11 19:50:31','Criar intenção e resposta no treinamento do bot','None','2019-06-24 19:11:11',31,'scrum_intented_development_task',NULL),(680,'4cc5a08634384664aa7abd710a9fc921','2020-02-11 19:50:31','2020-02-11 19:50:31','Criar intenção e resposta no treinamento do bot','None',NULL,31,'scrum_performed_development_task',NULL),(681,'cde6ff72645a457a9131999d5bdae835','2020-02-11 19:50:31','2020-02-11 19:50:31','Criar intenção e resposta no treinamento do bot','None','2019-06-24 19:10:06',31,'scrum_intented_development_task',NULL),(682,'1295521773e04d6e9d8640a2f7b378f5','2020-02-11 19:50:31','2020-02-11 19:50:32','Criar intenção e resposta no treinamento do bot','None',NULL,31,'scrum_performed_development_task',NULL),(683,'ee02a88a7b1c495890ca996d3259ef7c','2020-02-11 19:50:32','2020-02-11 19:50:32','Pesquisar ferramentas de recomendação de código aberto','None','2019-06-05 17:05:41',68,'scrum_intented_development_task',NULL),(684,'bc2f16f7d6994e45bf8f4b7cb9cee240','2020-02-11 19:50:32','2020-02-11 19:50:32','Pesquisar ferramentas de recomendação de código aberto','None',NULL,68,'scrum_performed_development_task',NULL),(685,'4a0f4c94a21e434b9e884426305ba2f2','2020-02-11 19:50:33','2020-02-11 19:50:33','Trocar ícones dos módulos, para os novos','None','2019-06-04 13:09:08',59,'scrum_intented_development_task',NULL),(686,'97176c3349e14ddaa6725a8beace3ebf','2020-02-11 19:50:33','2020-02-11 19:50:33','Trocar ícones dos módulos, para os novos','None',NULL,59,'scrum_performed_development_task',NULL),(687,'d12e43c26d864d9fb0511ae5ec26ee8e','2020-02-11 19:50:33','2020-02-11 19:50:33','Definir backlog','None','2019-05-28 17:30:31',50,'scrum_intented_development_task',NULL),(688,'3c031fa51a974f49b81d4029726b809c','2020-02-11 19:50:34','2020-02-11 19:50:34','Definir backlog','None',NULL,50,'scrum_performed_development_task',NULL),(689,'331d51f8cb204f11a816cd532af922ae','2020-02-11 19:50:34','2020-02-11 19:50:34','exibir mensagem sobre a busca sem resultado','None','2019-06-11 17:42:34',60,'scrum_intented_development_task',NULL),(690,'b43d0969a35f4b228b6218f70080fe76','2020-02-11 19:50:34','2020-02-11 19:50:34','exibir mensagem sobre a busca sem resultado','None',NULL,60,'scrum_performed_development_task',NULL),(691,'39418f3f97894169b5c79ed818c1bed4','2020-02-11 19:50:35','2020-02-11 19:50:35','Implementar mecanismo de busca planejado','None','2019-06-04 13:23:28',59,'scrum_intented_development_task',NULL),(692,'44db7e7f5e474533a8272bac6c61af0b','2020-02-11 19:50:35','2020-02-11 19:50:35','Implementar mecanismo de busca planejado','None',NULL,59,'scrum_performed_development_task',NULL),(693,'96ed6443edb54a82b3514c767243395d','2020-02-11 19:50:35','2020-02-11 19:50:35','Modelar como será a busca','None','2019-06-04 13:22:45',59,'scrum_intented_development_task',NULL),(694,'9074ac17d7a347178cc13dfa5b622081','2020-02-11 19:50:35','2020-02-11 19:50:35','Modelar como será a busca','None',NULL,59,'scrum_performed_development_task',NULL),(695,'631f8318b6264ddf8c37facbc5e5a8b1','2020-02-11 19:50:36','2020-02-11 19:50:36','Fazer integração com web','None','2019-06-04 16:04:21',26,'scrum_intented_development_task',NULL),(696,'6162f9c524a745c6b9fab3245ecadd64','2020-02-11 19:50:36','2020-02-11 19:50:36','Aplicar fluxo no RASA','None','2019-06-04 16:03:53',26,'scrum_intented_development_task',NULL),(697,'8dee3c5d38814327869012d18fbf224a','2020-02-11 19:50:36','2020-02-11 19:50:36','Aplicar fluxo no RASA','None',NULL,26,'scrum_performed_development_task',NULL),(698,'8d871dfbebfc4a4ba4973ffe9952dc13','2020-02-11 19:50:36','2020-02-11 19:50:36','Fazer docker','None','2019-06-04 16:04:27',26,'scrum_intented_development_task',NULL),(699,'8cd3bad1025a407f8b67099dff7828e0','2020-02-11 19:50:37','2020-02-11 19:50:37','Fazer docker','None',NULL,26,'scrum_performed_development_task',NULL),(700,'7458b3992813489a95bec162de4dde4f','2020-02-11 19:50:37','2020-02-11 19:50:37','Fluxo de conversa','None','2019-06-04 16:03:14',26,'scrum_intented_development_task',NULL),(701,'95bd1ff3b3284a238d936654c5dbbb60','2020-02-11 19:50:37','2020-02-11 19:50:37','Fluxo de conversa','None',NULL,26,'scrum_performed_development_task',NULL),(702,'86c99f795fed45b6b16e7bb35733fc67','2020-02-11 19:50:38','2020-02-11 19:50:38','Realizar um Spyke','None','2019-06-03 19:52:33',50,'scrum_intented_development_task',NULL),(703,'35b7d2ac2a1340228df26cee33b661ab','2020-02-11 19:50:38','2020-02-11 19:50:38','Realizar um Spyke','None',NULL,50,'scrum_performed_development_task',NULL),(704,'48e732922e0d4125bdf306dfa6f17a47','2020-02-11 19:50:38','2020-02-11 19:50:38','Estudar a API do E-Docs','None','2019-06-03 19:53:09',50,'scrum_intented_development_task',NULL),(705,'fad89adc06c849998b4b337f2b60d7bc','2020-02-11 19:50:39','2020-02-11 19:50:39','Estudar a API do E-Docs','None',NULL,50,'scrum_performed_development_task',NULL),(706,'303a48acf1d34c72a6d5770fc98443e1','2020-02-11 19:50:39','2020-02-11 19:50:39','Adicionar transformação no Job que abastece banco.','None','2019-06-04 16:03:19',72,'scrum_intented_development_task',NULL),(707,'6199440a2da54a46852a40a714c675a9','2020-02-11 19:50:39','2020-02-11 19:50:40','Adicionar transformação no Job que abastece banco.','None',NULL,72,'scrum_performed_development_task',NULL),(708,'ce982869a24540dab55287d41f2ef6bf','2020-02-11 19:50:40','2020-02-11 19:50:40','Acertar as transformações para inscrição e classificação','None','2019-06-14 14:06:17',72,'scrum_intented_development_task',NULL),(709,'4dedcc8198e84c43bda45a42e8f062ac','2020-02-11 19:50:40','2020-02-11 19:50:40','Acertar as transformações para inscrição e classificação','None',NULL,72,'scrum_performed_development_task',NULL),(710,'416fdb03e98f4d2e80c0bd90a1ab08c2','2020-02-11 19:50:41','2020-02-11 19:50:41','Criar a transformações para abastecer a tabela \'Área\' do Identidade Cidadã.','None','2019-06-04 16:00:12',72,'scrum_intented_development_task',NULL),(711,'299a03e6f583471882eb838b4f92dd5a','2020-02-11 19:50:41','2020-02-11 19:50:41','Criar a transformações para abastecer a tabela \'Área\' do Identidade Cidadã.','None',NULL,72,'scrum_performed_development_task',NULL),(712,'80f6ec94153947208fb771c7f34d22e9','2020-02-11 19:50:41','2020-02-11 19:50:42','Realizar um Spyke','None','2019-06-03 19:57:36',50,'scrum_intented_development_task',NULL),(713,'3ec007cffcdb4884a0f62b33ff4a37a0','2020-02-11 19:50:42','2020-02-11 19:50:42','Realizar um Spyke','None',NULL,50,'scrum_performed_development_task',NULL),(714,'83d161d54d6342cdb488b664a41756b8','2020-02-11 19:50:42','2020-02-11 19:50:43','Acertar a relação entre classificação e inscrição, solicitado pelo Matheus Barbosa','None','2019-06-14 14:05:27',72,'scrum_intented_development_task',NULL),(715,'5d9282f21e2c46c7b4719a75dee5c0ce','2020-02-11 19:50:43','2020-02-11 19:50:43','Acertar a relação entre classificação e inscrição, solicitado pelo Matheus Barbosa','None',NULL,72,'scrum_performed_development_task',NULL),(716,'6eca755156b4467f91fc38f4d41dcaed','2020-02-11 19:50:43','2020-02-11 19:50:43','Modelar o banco com a nova tabela \'Área\' no TypeORM.','None','2019-06-04 15:59:00',72,'scrum_intented_development_task',NULL),(717,'10449e835d104af7af396eef7d46bce7','2020-02-11 19:50:43','2020-02-11 19:50:43','Modelar o banco com a nova tabela \'Área\' no TypeORM.','None',NULL,72,'scrum_performed_development_task',NULL),(718,'a812315e8e7d48cda381a2339b2e8fe2','2020-02-11 19:50:44','2020-02-11 19:50:44','Fazer análise sobre a tabela \'Área\' no banco Seleção DT.','None','2019-06-04 15:58:14',72,'scrum_intented_development_task',NULL),(719,'c4c24d03b2ab4f34b4bf5f4a79875fd5','2020-02-11 19:50:44','2020-02-11 19:50:44','Fazer análise sobre a tabela \'Área\' no banco Seleção DT.','None',NULL,72,'scrum_performed_development_task',NULL),(720,'1003901765404f478edb342b628c50d6','2020-02-11 19:50:45','2020-02-11 19:50:45','Implementar responsividade na página de Login','None','2019-06-13 23:57:12',59,'scrum_intented_development_task',NULL),(721,'1b84d600b449412b94225c28519a4509','2020-02-11 19:50:45','2020-02-11 19:50:45','Implementar responsividade na página de Login','None',NULL,59,'scrum_performed_development_task',NULL),(722,'05c6153e8b584047b3f0a94ef3f9a2d6','2020-02-11 19:50:46','2020-02-11 19:50:46','Implementar responsividade na Home Screen','None','2019-06-13 23:57:02',59,'scrum_intented_development_task',NULL),(723,'25e470270d6a4447bec985f41cd1a9cf','2020-02-11 19:50:46','2020-02-11 19:50:46','Implementar responsividade na Home Screen','None',NULL,59,'scrum_performed_development_task',NULL),(724,'d1e5b2d273f24f8bb60f9b7752111a61','2020-02-11 19:50:46','2020-02-11 19:50:47','conversar com david sobre a possibilidade de enviar o nivel de escolaridade junto com o cargo de um novo concurso','None','2019-06-05 19:02:06',73,'scrum_intented_development_task',NULL),(725,'f2ec45f68c1f408e8d1420fd7f6dd991','2020-02-11 19:50:47','2020-02-11 19:50:47','conversar com david sobre a possibilidade de enviar o nivel de escolaridade junto com o cargo de um novo concurso','None',NULL,73,'scrum_performed_development_task',NULL),(726,'bd38465de3f54b6db206f75e0ab29232','2020-02-11 19:50:47','2020-02-11 19:50:47','percentual de pessoas com escolaridade de superior que tentou concurso de EM','None','2019-06-05 19:00:35',73,'scrum_intented_development_task',NULL),(727,'a37f6bb7d9284511b5ddbb1306916d30','2020-02-11 19:50:47','2020-02-11 19:50:48','percentual de pessoas com escolaridade de superior que tentou concurso de EM','None',NULL,73,'scrum_performed_development_task',NULL),(728,'9c3e4effcb28484aae69bb4df60f0b7d','2020-02-11 19:50:48','2020-02-11 19:50:48','analisar a galera com o ensino fundamental (habilidades e concursos que tentaram)','None','2019-06-05 19:03:20',73,'scrum_intented_development_task',NULL),(729,'888de3b0e95b4d97b1cbcb45bfcf03b5','2020-02-11 19:50:48','2020-02-11 19:50:48','analisar a galera com o ensino fundamental (habilidades e concursos que tentaram)','None',NULL,73,'scrum_performed_development_task',NULL),(730,'12b05d0a4f38421298ee064221bbf393','2020-02-11 19:50:48','2020-02-11 19:50:49','percentual de categoria -> habilidade(professor de portugues, professor de matematica)','None','2019-06-05 19:01:24',73,'scrum_intented_development_task',NULL),(731,'063d76a9d94b49ad92bf2309d2637844','2020-02-11 19:50:49','2020-02-11 19:50:49','percentual de categoria -> habilidade(professor de portugues, professor de matematica)','None',NULL,73,'scrum_performed_development_task',NULL),(732,'0ed29dc540f1420db0f9706b23e6ff02','2020-02-11 19:50:49','2020-02-11 19:50:49','percentual de sexo por categoria','None','2019-06-05 19:03:32',73,'scrum_intented_development_task',NULL),(733,'61170d2869b546d5b2cc089788da6454','2020-02-11 19:50:49','2020-02-11 19:50:49','percentual de sexo por categoria','None',NULL,73,'scrum_performed_development_task',NULL),(734,'82ab92c189394246ae93661109ba3666','2020-02-11 19:50:50','2020-02-11 19:50:50','percentual de pessoas por orgao','None','2019-06-05 19:04:10',73,'scrum_intented_development_task',NULL),(735,'0bc94bbddd544d71872a58dc50186d7a','2020-02-11 19:50:50','2020-02-11 19:50:50','percentual de pessoas por orgao','None',NULL,73,'scrum_performed_development_task',NULL),(736,'3846d11b1b7843d78a1d0e14645e2ca1','2020-02-11 19:50:50','2020-02-11 19:50:50','percentual de categoria (professor,agente)','None','2019-06-05 19:01:01',73,'scrum_intented_development_task',NULL),(737,'4f8210c5055b49d58807045c8b67fbaa','2020-02-11 19:50:50','2020-02-11 19:50:50','percentual de categoria (professor,agente)','None',NULL,73,'scrum_performed_development_task',NULL),(738,'392add8e130a45d98a8ac7c177a284d3','2020-02-11 19:50:51','2020-02-11 19:50:51','analisar percentual de pessoas por escolaridade superior x EM','None','2019-06-05 18:59:25',73,'scrum_intented_development_task',NULL),(739,'fe165679324341c1985d7448e7350c90','2020-02-11 19:50:51','2020-02-11 19:50:51','analisar percentual de pessoas por escolaridade superior x EM','None',NULL,73,'scrum_performed_development_task',NULL),(740,'77cfb4addc61479a96e18b0ab888f3e8','2020-02-11 19:50:52','2020-02-11 19:50:52','Esforço do Backlog','None','2019-06-03 19:58:59',50,'scrum_intented_development_task',NULL),(741,'f0e05209e136462c8879cdf8b3a5446e','2020-02-11 19:50:52','2020-02-11 19:50:52','Esforço do Backlog','None',NULL,50,'scrum_performed_development_task',NULL),(742,'9b7b8b907bc34247b2d3101b26b10cbb','2020-02-11 19:50:52','2020-02-11 19:50:52','Definição do backlog','None','2019-06-03 19:58:46',50,'scrum_intented_development_task',NULL),(743,'7197362c8e4542daa1d7bba02e380270','2020-02-11 19:50:52','2020-02-11 19:50:53','Definição do backlog','None',NULL,50,'scrum_performed_development_task',NULL),(744,'7551a27d568e44cb892aef7175a70483','2020-02-11 19:50:53','2020-02-11 19:50:53','Priorização das Histórias de Usuário','None','2019-06-03 19:56:20',50,'scrum_intented_development_task',NULL),(745,'a06b4e960c434a928188d3836d34d84f','2020-02-11 19:50:53','2020-02-11 19:50:53','Priorização das Histórias de Usuário','None',NULL,50,'scrum_performed_development_task',NULL),(746,'011e7647360546c39727728d00d1ecdb','2020-02-11 19:50:53','2020-02-11 19:50:53','Definição das histórias de usuário\n','None','2019-06-03 19:51:15',50,'scrum_intented_development_task',NULL),(747,'db61684021e345339442349bc3ee30b9','2020-02-11 19:50:54','2020-02-11 19:50:54','Definição das histórias de usuário\n','None',NULL,50,'scrum_performed_development_task',NULL),(748,'bd8dd51d7e0b44b98110ed106961d0da','2020-02-11 19:50:54','2020-02-11 19:50:54','Refatorar o dashboard em uma tela só (hoje são 3)','None','2019-06-04 13:02:52',59,'scrum_intented_development_task',NULL),(749,'4df4a8108f514ddbb3e17059a265e990','2020-02-11 19:50:54','2020-02-11 19:50:54','Refatorar o dashboard em uma tela só (hoje são 3)','None',NULL,59,'scrum_performed_development_task',NULL),(750,'e7d1619d036f4290a4e7bb924adca992','2020-02-11 19:50:55','2020-02-11 19:50:55','Melhoria da prototipação','None','2019-06-03 19:52:58',50,'scrum_intented_development_task',NULL),(751,'dbea05b46e8c4e71996e7ba084e22117','2020-02-11 19:50:55','2020-02-11 19:50:55','Melhoria da prototipação','None',NULL,50,'scrum_performed_development_task',NULL),(752,'9acacda1be7b4ad5b0b0f11b9fc2331c','2020-02-11 19:50:55','2020-02-11 19:50:56','Comparar as ferramentas, levantando os recursos encontrados','None','2019-06-05 17:07:49',68,'scrum_intented_development_task',NULL),(753,'c9c5b4025dfc4676af5dc508890193ce','2020-02-11 19:50:56','2020-02-11 19:50:56','Realizar atividade prática de teste das ferramentas encontradas','None','2019-06-05 17:06:33',68,'scrum_intented_development_task',NULL),(754,'36b9241e0a814ac4a027f1fed6810f20','2020-02-11 19:50:56','2020-02-11 19:50:56','Remover ajuda, contato e desenvolvedores do menu lateral','None','2019-06-04 13:09:28',59,'scrum_intented_development_task',NULL),(755,'249b0f35cd934962a5d96d00dcaef55b','2020-02-11 19:50:56','2020-02-11 19:50:56','Remover ajuda, contato e desenvolvedores do menu lateral','None',NULL,59,'scrum_performed_development_task',NULL),(756,'77eed3f8fe0447ff86902bef68563512','2020-02-11 19:50:57','2020-02-11 19:50:57','Ocultar ícones do chatbot e notificações','None','2019-06-04 13:03:21',59,'scrum_intented_development_task',NULL),(757,'1a2d3f9fe2e945c1884c82a7b8caf9cf','2020-02-11 19:50:57','2020-02-11 19:50:57','Ocultar ícones do chatbot e notificações','None',NULL,59,'scrum_performed_development_task',NULL),(758,'fb0de030912d45179d912fe61bef3c84','2020-02-11 19:50:57','2020-02-11 19:50:57','fazer deploy no rancher','None','2019-06-04 16:04:42',26,'scrum_intented_development_task',NULL),(759,'d30f69faec064ae3bd180dbbf61a9ae7','2020-02-11 19:50:58','2020-02-11 19:50:58','Criar protótipo para validação da resolução','None','2019-05-28 19:39:26',48,'scrum_intented_development_task',NULL),(760,'557f710034114e978cdeaae9c22f80fe','2020-02-11 19:50:58','2020-02-11 19:50:58','Criar protótipo para validação da resolução','None',NULL,48,'scrum_performed_development_task',NULL),(761,'761eafe16e754663a7ac784e30995063','2020-02-11 19:50:58','2020-02-11 19:50:58','Definir os problemas que o projeto visa resolver','None','2019-05-28 17:28:37',50,'scrum_intented_development_task',NULL),(762,'84c4ee09d5374e678005f3ec5600a417','2020-02-11 19:50:59','2020-02-11 19:50:59','Definir os problemas que o projeto visa resolver','None',NULL,50,'scrum_performed_development_task',NULL),(763,'2850369b803c4b90a4e5c641369a4aa3','2020-02-11 19:50:59','2020-02-11 19:50:59','aparencia das pages secundarias','None','2019-05-30 17:57:37',60,'scrum_intented_development_task',NULL),(764,'cab1b3f5c7c34ab89262974ade4a6f98','2020-02-11 19:50:59','2020-02-11 19:50:59','aparencia das pages secundarias','None',NULL,60,'scrum_performed_development_task',NULL),(765,'1a9e9919a704408b8ad35a389ceeb2bc','2020-02-11 19:50:59','2020-02-11 19:51:00','Definir benefícios do projeto','None','2019-05-28 17:29:51',50,'scrum_intented_development_task',NULL),(766,'7db01f54daf6424896d7e0e8d505d30a','2020-02-11 19:51:00','2020-02-11 19:51:00','Definir benefícios do projeto','None',NULL,50,'scrum_performed_development_task',NULL),(767,'a06011fdf83d491898b2ae7b19dbe34b','2020-02-11 19:51:00','2020-02-11 19:51:00','Definir as pessoas que o projeto visa ajudar','None','2019-05-28 17:29:15',50,'scrum_intented_development_task',NULL),(768,'8a17d82ed0bd4475ad3818e27f09d7c2','2020-02-11 19:51:00','2020-02-11 19:51:00','Definir as pessoas que o projeto visa ajudar','None',NULL,50,'scrum_performed_development_task',NULL),(769,'59e0262bcb254b95945a714e5fc6bedd','2020-02-11 19:51:01','2020-02-11 19:51:01','Reunir com o Gazzoli','None','2019-05-28 17:27:36',50,'scrum_intented_development_task',NULL),(770,'f51c69f9388045bd90b264559d2b873b','2020-02-11 19:51:01','2020-02-11 19:51:01','Reunir com o Gazzoli','None',NULL,50,'scrum_performed_development_task',NULL),(771,'f336c9db0a524969a630967a54444b20','2020-02-11 19:51:01','2020-02-11 19:51:01','Definir cronograma macro','None','2019-05-28 17:30:41',50,'scrum_intented_development_task',NULL),(772,'c47b83bad50d4c7096489e10f81180d9','2020-02-11 19:51:01','2020-02-11 19:51:02','Definir cronograma macro','None',NULL,50,'scrum_performed_development_task',NULL),(773,'fa700e01bfe7497296b3a049d530ca62','2020-02-11 19:51:02','2020-02-11 19:51:02','Atualizar documentação do TranscolDB','None','2019-05-13 22:13:12',37,'scrum_intented_development_task',NULL),(774,'81d20441f1a542cf9ad06b55d6d03c3c','2020-02-11 19:51:02','2020-02-11 19:51:02','Atualizar documentação do TranscolDB','None',NULL,37,'scrum_performed_development_task',NULL),(775,'c57100f71986465c8c6623950a4ad9d6','2020-02-11 19:51:03','2020-02-11 19:51:03','criar service para agrupar itinerarios e publicar no rabbit','None','2019-05-21 15:29:55',36,'scrum_intented_development_task',NULL),(776,'584055eed56540bd937b7e45196e9c4f','2020-02-11 19:51:03','2020-02-11 19:51:03','criar service para agrupar itinerarios e publicar no rabbit','None',NULL,36,'scrum_performed_development_task',NULL),(777,'49c74730f9f54d39862d682d7deb6dfc','2020-02-11 19:51:03','2020-02-11 19:51:03','integrar o serviço de agrupamento com os outros serviços','None','2019-05-21 15:30:26',36,'scrum_intented_development_task',NULL),(778,'c1b5b00abd9143e888cf12efae116b4e','2020-02-11 19:51:03','2020-02-11 19:51:03','integrar o serviço de agrupamento com os outros serviços','None',NULL,36,'scrum_performed_development_task',NULL),(779,'7cb0de6b93dc465190fa38bdf4198e0a','2020-02-11 19:51:04','2020-02-11 19:51:04','Subir para o rancher o service de identificar um itinerario','None','2019-05-21 15:17:55',32,'scrum_intented_development_task',NULL),(780,'9abe4329b5c744a6a7cd43baf3f7bb9b','2020-02-11 19:51:04','2020-02-11 19:51:04','Subir para o rancher o service de identificar um itinerario','None',NULL,32,'scrum_performed_development_task',NULL),(781,'28acb0dce99e4f50ad1f029ab8100862','2020-02-11 19:51:04','2020-02-11 19:51:04','Criar service de identificar um itinerario e publicar na fila','None','2019-05-21 15:17:28',32,'scrum_intented_development_task',NULL),(782,'90954769c3f746e58bd9f283c496c722','2020-02-11 19:51:05','2020-02-11 19:51:05','Criar service de identificar um itinerario e publicar na fila','None',NULL,32,'scrum_performed_development_task',NULL),(783,'cf3c2740e5bb44c79bd591cd6fc985f9','2020-02-11 19:51:05','2020-02-11 19:51:05','Spike K-Means','None','2019-05-10 16:51:02',72,'scrum_intented_development_task',NULL),(784,'103e4cc6d0194e1ca9c4d4cb7cda2dc5','2020-02-11 19:51:05','2020-02-11 19:51:05','Spike K-Means','None',NULL,72,'scrum_performed_development_task',NULL),(785,'a44dc06cf7d44f9fa8fae2235084f246','2020-02-11 19:51:06','2020-02-11 19:51:06','Melhorar o coverage do Sonar','None','2019-05-16 21:49:15',87,'scrum_intented_development_task',NULL),(786,'2cc0ef8ced2b4772a036252928f167c1','2020-02-11 19:51:06','2020-02-11 19:51:06','Melhorar o coverage do Sonar','None',NULL,87,'scrum_performed_development_task',NULL),(787,'ed5c18ebbb2c4f69ad793bf9dde289e2','2020-02-11 19:51:07','2020-02-11 19:51:07','Atualizar o job que gera GTFS no rancher','None','2019-05-21 14:43:50',37,'scrum_intented_development_task',NULL),(788,'081783bd29684aa19cfae612135a2e25','2020-02-11 19:51:07','2020-02-11 19:51:07','Colocar transitfeed updater no rancher','None','2019-05-07 17:29:49',37,'scrum_intented_development_task',NULL),(789,'8a264d324ab34fffb0501c88b95ea4c6','2020-02-11 19:51:07','2020-02-11 19:51:07','Colocar transitfeed updater no rancher','None',NULL,37,'scrum_performed_development_task',NULL),(790,'a0e836b39a5e4374a980d70e3d49c0bb','2020-02-11 19:51:08','2020-02-11 19:51:08','Atualizar transformação de carregar viagens','None','2019-05-13 22:08:23',37,'scrum_intented_development_task',NULL),(791,'107695c1088944dea9c6c1b27b880993','2020-02-11 19:51:09','2020-02-11 19:51:09','Atualizar transformação de carregar viagens','None',NULL,37,'scrum_performed_development_task',NULL),(792,'15816a019f224597b8db1f0985a3b914','2020-02-11 19:51:09','2020-02-11 19:51:09','Atualizar o banco do GoogleTransit (SQL em anexo)','<div>Não passar os ALTER TABLE.</div><div><br></div><a href=\"https://gitlab.es.gov.br/espm/Transcol-Online/api-ceturb/blob/master/src/transcolDB/SQL/createTables.sql\" aria-label=\"CTRL+Click or CTRL+Enter to follow link https://gitlab.es.gov.br/espm/Transcol-Online/api-ceturb/blob/master/src/transcolDB/SQL/createTables.sql\">https://gitlab.es.gov.br/espm/Transcol-Online/api-ceturb/blob/master/src/transcolDB/SQL/createTables.sql</a>','2019-05-17 22:25:10',37,'scrum_intented_development_task',NULL),(793,'f8afd553b8f74176a1f161c3faad35aa','2020-02-11 19:51:10','2020-02-11 19:51:10','Atualizar o banco do GoogleTransit (SQL em anexo)','<div>Não passar os ALTER TABLE.</div><div><br></div><a href=\"https://gitlab.es.gov.br/espm/Transcol-Online/api-ceturb/blob/master/src/transcolDB/SQL/createTables.sql\" aria-label=\"CTRL+Click or CTRL+Enter to follow link https://gitlab.es.gov.br/espm/Transcol-Online/api-ceturb/blob/master/src/transcolDB/SQL/createTables.sql\">https://gitlab.es.gov.br/espm/Transcol-Online/api-ceturb/blob/master/src/transcolDB/SQL/createTables.sql</a>',NULL,37,'scrum_performed_development_task',NULL),(794,'fcb1d86216ab4927afe6d99e5313aa96','2020-02-11 19:51:10','2020-02-11 19:51:10','Abastecer a tabela habilidade do banco \'Identidade Cidadã\'','None','2019-05-10 16:32:34',72,'scrum_intented_development_task',NULL),(795,'72048cb6b2d547da9abd8e1916092c0b','2020-02-11 19:51:10','2020-02-11 19:51:10','Abastecer a tabela habilidade do banco \'Identidade Cidadã\'','None',NULL,72,'scrum_performed_development_task',NULL),(796,'ecb4da87114f4717883d0c5ac8bd75da','2020-02-11 19:51:11','2020-02-11 19:51:11','Adicionar uma coluna \'categoria\' na tabela habilidade. ','None','2019-05-10 16:27:56',72,'scrum_intented_development_task',NULL),(797,'12a7611830364687bc9b5d0e491b028c','2020-02-11 19:51:11','2020-02-11 19:51:11','Adicionar uma coluna \'categoria\' na tabela habilidade. ','None',NULL,72,'scrum_performed_development_task',NULL),(798,'d68f66eec2a64ddb8647659d241f3c8a','2020-02-11 19:51:12','2020-02-11 19:51:12','criar slide de favoritos','None','2019-04-26 16:42:39',60,'scrum_intented_development_task',NULL),(799,'573bc08b878a41b0b23c6468bf7c9f35','2020-02-11 19:51:12','2020-02-11 19:51:12','criar slide de favoritos','None',NULL,60,'scrum_performed_development_task',NULL),(800,'30a8d105ede84f679e6a41894c5243e3','2020-02-11 19:51:12','2020-02-11 19:51:12','exibir todos menus em pageVisitors ','None','2019-05-17 18:51:42',60,'scrum_intented_development_task',NULL),(801,'9c45ad694bee42afa87bf8a5e405f979','2020-02-11 19:51:13','2020-02-11 19:51:13','exibir todos menus em pageVisitors ','None',NULL,60,'scrum_performed_development_task',NULL),(802,'759f60fd95804ba79eb956a782d1a574','2020-02-11 19:51:13','2020-02-11 19:51:13','page perfil','None','2019-05-15 20:49:03',60,'scrum_intented_development_task',NULL),(803,'e5e08d6587bf4c609389b161233baf17','2020-02-11 19:51:13','2020-02-11 19:51:13','page perfil','None',NULL,60,'scrum_performed_development_task',NULL),(804,'26794cb6e4de46efaccf4bdc34dec578','2020-02-11 19:51:13','2020-02-11 19:51:13','Monstamos uma equipe especializada em chatbot','None','2019-05-17 20:11:55',26,'scrum_intented_development_task',NULL),(805,'3b5e92202620480faf8d6a8bcb3b6335','2020-02-11 19:51:14','2020-02-11 19:51:14','Monstamos uma equipe especializada em chatbot','None',NULL,26,'scrum_performed_development_task',NULL),(806,'53972a4b80bd47dead0fe23114ae6b96','2020-02-11 19:51:14','2020-02-11 19:51:14','Reunimos informações gerais sobre chatbot','None','2019-05-17 20:11:42',26,'scrum_intented_development_task',NULL),(807,'5854a006d56f49a0aabe3bd7b36bbaaf','2020-02-11 19:51:15','2020-02-11 19:51:15','Reunimos informações gerais sobre chatbot','None',NULL,26,'scrum_performed_development_task',NULL),(808,'4d6286d1fe9f4818bcb6be7a59cab420','2020-02-11 19:51:15','2020-02-11 19:51:15','Fazer o cronograma','None','2019-05-17 20:07:50',26,'scrum_intented_development_task',NULL),(809,'43827c2c69b04e79a2c41b709361a0fe','2020-02-11 19:51:15','2020-02-11 19:51:15','Fazer o cronograma','None',NULL,26,'scrum_performed_development_task',NULL),(810,'6a13e8ecb39f465d959633d0739bd17b','2020-02-11 19:51:16','2020-02-11 19:51:16','Fazer o PMC do projeto','None','2019-05-17 20:07:33',26,'scrum_intented_development_task',NULL),(811,'d4771bdbfa8845a1ac03f8f13003f0a7','2020-02-11 19:51:16','2020-02-11 19:51:16','Fazer o PMC do projeto','None',NULL,26,'scrum_performed_development_task',NULL),(812,'b3b72862d6684cc7a46ed8c2553cb11d','2020-02-11 19:51:17','2020-02-11 19:51:17','Reunir com a Helpdesk e descobrir os problemas','None','2019-05-17 20:07:15',26,'scrum_intented_development_task',NULL),(813,'054ea756e3c142f189d6dde1f0b442ad','2020-02-11 19:51:17','2020-02-11 19:51:17','Reunir com a Helpdesk e descobrir os problemas','None',NULL,26,'scrum_performed_development_task',NULL),(814,'c0d647fd77804fe4a85a9da3f0d5b293','2020-02-11 19:51:17','2020-02-11 19:51:17','Fazer o backlog','None','2019-05-17 20:07:38',26,'scrum_intented_development_task',NULL),(815,'63331887aa944f30a435e20cb5efc8b5','2020-02-11 19:51:18','2020-02-11 19:51:18','Fazer o backlog','None',NULL,26,'scrum_performed_development_task',NULL),(816,'3617e47326394792ae1c69edffa5e07a','2020-02-11 19:51:18','2020-02-11 19:51:18','Montar estrutura para remover as repetições existentes.','None','2019-05-10 16:27:00',72,'scrum_intented_development_task',NULL),(817,'571bc0b5a2754dd7994f6cabe20ce6b6','2020-02-11 19:51:18','2020-02-11 19:51:18','Montar estrutura para remover as repetições existentes.','None',NULL,72,'scrum_performed_development_task',NULL),(818,'a57d65ad877c4cb887c197617d98082f','2020-02-11 19:51:18','2020-02-11 19:51:18','fazer os favoritos','None','2019-05-17 16:16:53',7,'scrum_intented_development_task',NULL),(819,'009fdd05634d49bd97c3cddfa449e8f4','2020-02-11 19:51:19','2020-02-11 19:51:19','fazer os favoritos','None',NULL,7,'scrum_performed_development_task',NULL),(820,'7a975b7416c2462e9a6099cf47b53a50','2020-02-11 19:51:19','2020-02-11 19:51:19','Construir serviço que faz o match do trecho do ônibus com os pontos de parada, pra gerar o historico','None','2019-05-15 20:24:08',37,'scrum_intented_development_task',NULL),(821,'6c7595a2e07a4dd9ad3c6bf6944b90a1','2020-02-11 19:51:19','2020-02-11 19:51:19','Construir serviço que faz o match do trecho do ônibus com os pontos de parada, pra gerar o historico','None',NULL,37,'scrum_performed_development_task',NULL),(822,'65fef1942c044184bafda086f096d573','2020-02-11 19:51:20','2020-02-11 19:51:20','Exibir os anexos no aplicativo','None','2019-05-13 19:12:36',9,'scrum_intented_development_task',NULL),(823,'abcd9febd58d43f49fd8e5ab87c9471b','2020-02-11 19:51:20','2020-02-11 19:51:20','Exibir os anexos no aplicativo','None',NULL,9,'scrum_performed_development_task',NULL),(824,'57d9b531805545eebe885a1d5c3deaba','2020-02-11 19:51:21','2020-02-11 19:51:21','Spike biblioteca facets','None','2019-05-10 17:19:39',73,'scrum_intented_development_task',NULL),(825,'482aaa171dd94d84bea1ade45eec685d','2020-02-11 19:51:21','2020-02-11 19:51:21','Spike biblioteca facets','None',NULL,73,'scrum_performed_development_task',NULL),(826,'42ad543fe63941de9d5ce516a90ef597','2020-02-11 19:51:21','2020-02-11 19:51:21','Refatorar inserção das estimativas pelo service das matrizes','None','2019-05-15 00:20:08',37,'scrum_intented_development_task',NULL),(827,'e2b9983f8c4a4a59aab71cfb60090dec','2020-02-11 19:51:22','2020-02-11 19:51:22','Refatorar inserção das estimativas pelo service das matrizes','None',NULL,37,'scrum_performed_development_task',NULL),(828,'3489ae13a89c46fa82b19caf703a1fdc','2020-02-11 19:51:22','2020-02-11 19:51:22','Testar carga de estimativas','None','2019-05-15 20:23:27',37,'scrum_intented_development_task',NULL),(829,'e492fcee57c44593881d1e994cc701d3','2020-02-11 19:51:22','2020-02-11 19:51:22','inserir novos icones nas pages','None','2019-05-13 18:21:33',60,'scrum_intented_development_task',NULL),(830,'134d4f1c79e443b6aa134588b5d473e8','2020-02-11 19:51:23','2020-02-11 19:51:23','inserir novos icones nas pages','None',NULL,60,'scrum_performed_development_task',NULL),(831,'9e417efc009841ee8a2afedb15450b4f','2020-02-11 19:51:23','2020-02-11 19:51:23','Atualizar transformação do stop_times pra usar a nova tabela de horários','None','2019-05-13 22:16:09',37,'scrum_intented_development_task',NULL),(832,'e9c121fa186b4c219634909a90ebae93','2020-02-11 19:51:23','2020-02-11 19:51:23','Atualizar transformação do stop_times pra usar a nova tabela de horários','None',NULL,37,'scrum_performed_development_task',NULL),(833,'6c9b218c47f24b6db03d38ca9cd796ce','2020-02-11 19:51:24','2020-02-11 19:51:24','Criar transformação pra inserir/atualizar horários no TranscolDB','None','2019-05-13 22:08:10',37,'scrum_intented_development_task',NULL),(834,'b07c4dc57fa248e6b098f458c1bdbb97','2020-02-11 19:51:24','2020-02-11 19:51:24','Criar transformação pra inserir/atualizar horários no TranscolDB','None',NULL,37,'scrum_performed_development_task',NULL),(835,'7c74a7a2f3a340a78a03fc151f03bcbc','2020-02-11 19:51:24','2020-02-11 19:51:25','Criar tabela de horários no TrancolDB','None','2019-05-13 22:07:49',37,'scrum_intented_development_task',NULL),(836,'53f3f859ff2a45feb6b9f2337bc9b789','2020-02-11 19:51:25','2020-02-11 19:51:25','Criar tabela de horários no TrancolDB','None',NULL,37,'scrum_performed_development_task',NULL),(837,'9a9dc27b333b43bf92939b054e972b90','2020-02-11 19:51:25','2020-02-11 19:51:25','Preencher a tabela \"estimativa\" a partir da média gerada com os dados da tabela \"historico\"','None','2019-04-09 21:48:27',37,'scrum_intented_development_task',NULL),(838,'700ec065dd194112960484af8963f00b','2020-02-11 19:51:25','2020-02-11 19:51:26','Preencher a tabela \"estimativa\" a partir da média gerada com os dados da tabela \"historico\"','None',NULL,37,'scrum_performed_development_task',NULL),(839,'39068a4d61de45408416823e188ba208','2020-02-11 19:51:26','2020-02-11 19:51:26','Criar script pra preencher pontos que não tiveram horário encontrado','None','2019-04-03 19:09:28',37,'scrum_intented_development_task',NULL),(840,'ccf7723b39f34847a12f63ffcb6e111d','2020-02-11 19:51:26','2020-02-11 19:51:26','Criar script pra preencher pontos que não tiveram horário encontrado','None',NULL,37,'scrum_performed_development_task',NULL),(841,'d56880f3e6bb4bf7a30a279cbfa15dc8','2020-02-11 19:51:27','2020-02-11 19:51:27','Criar transformacao para gerar o stop_times','None','2019-03-26 20:25:06',32,'scrum_intented_development_task',NULL),(842,'2c43e15f9d1644b18cf19600d0e334a0','2020-02-11 19:51:27','2020-02-11 19:51:27','Criar transformacao para gerar o stop_times','None',NULL,32,'scrum_performed_development_task',NULL),(843,'ad89d5d2480340ed9b5757f604fda448','2020-02-11 19:51:27','2020-02-11 19:51:27','Criar rota de anexo','None','2019-05-13 19:12:09',9,'scrum_intented_development_task',NULL),(844,'df5b0006bba5489d9f4ea748cc166abc','2020-02-11 19:51:28','2020-02-11 19:51:28','Criar rota de anexo','None',NULL,9,'scrum_performed_development_task',NULL),(845,'e7a4a25c747b4851b3c1ae01a84bac8c','2020-02-11 19:51:28','2020-02-11 19:51:28','Refatorar Controllers','None','2019-05-13 21:08:36',87,'scrum_intented_development_task',NULL),(846,'b0a6787d7351401d911d9bf2c8a0e923','2020-02-11 19:51:29','2020-02-11 19:51:29','Refatorar Controllers','None',NULL,87,'scrum_performed_development_task',NULL),(847,'17dca968216545b6b230cf40b55abd81','2020-02-11 19:51:29','2020-02-11 19:51:29','Criar uma que retorna o cronograma','None','2019-05-13 19:33:48',87,'scrum_intented_development_task',NULL),(848,'0ec49fa35f6d441cb5b1db6ea0251c89','2020-02-11 19:51:29','2020-02-11 19:51:30','Criar uma que retorna o cronograma','None',NULL,87,'scrum_performed_development_task',NULL),(849,'3431aa860c994cef8be63414edebd251','2020-02-11 19:51:30','2020-02-11 19:51:30','Modificar ConcursoDetalhe, retornando o cronograma','None','2019-05-13 19:33:24',87,'scrum_intented_development_task',NULL),(850,'1e3038c3519b43c38854e55d3893741f','2020-02-11 19:51:30','2020-02-11 19:51:30','Modificar ConcursoDetalhe, retornando o cronograma','None',NULL,87,'scrum_performed_development_task',NULL),(851,'7a6785dac1d44dbb89f1d3304f215d69','2020-02-11 19:51:31','2020-02-11 19:51:31','gerar splash screen','None','2019-05-07 17:41:57',60,'scrum_intented_development_task',NULL),(852,'73dad4f105a8497cb4313ce5bdb360fc','2020-02-11 19:51:31','2020-02-11 19:51:31','gerar splash screen','None',NULL,60,'scrum_performed_development_task',NULL),(853,'c20cbbf2a4c14cb798d6f959d16be8e4','2020-02-11 19:51:31','2020-02-11 19:51:31','aplicar css em favoritos','None','2019-05-08 20:38:44',60,'scrum_intented_development_task',NULL),(854,'46a9a883500746868036927ef56d028f','2020-02-11 19:51:31','2020-02-11 19:51:32','aplicar css em favoritos','None',NULL,60,'scrum_performed_development_task',NULL),(855,'20ba25aa87654276b01565a0c3e6c1f8','2020-02-11 19:51:32','2020-02-11 19:51:32','aplicar css na dashboard','None','2019-05-07 17:38:29',60,'scrum_intented_development_task',NULL),(856,'74b004eb0f304e268d12d7a7015ef7d7','2020-02-11 19:51:32','2020-02-11 19:51:32','aplicar css na dashboard','None',NULL,60,'scrum_performed_development_task',NULL),(857,'bd817edc65aa432bbdbd8b8dc4426637','2020-02-11 19:51:32','2020-02-11 19:51:32','inserir imagens nas page','None','2019-05-07 17:42:53',60,'scrum_intented_development_task',NULL),(858,'503f43afddf5441d99f49f03a748fbf2','2020-02-11 19:51:32','2020-02-11 19:51:32','inserir imagens nas page','None',NULL,60,'scrum_performed_development_task',NULL),(859,'7ec0d5d92bbe4dfc9d7179e655ce3779','2020-02-11 19:51:33','2020-02-11 19:51:33','Pesquisar solução para preencher lacunas na tabela de histórico ','None','2019-04-22 19:01:09',32,'scrum_intented_development_task',NULL),(860,'6278b4f95df849dabee881ec2fa05a43','2020-02-11 19:51:33','2020-02-11 19:51:33','Pesquisar solução para preencher lacunas na tabela de histórico ','None',NULL,32,'scrum_performed_development_task',NULL),(861,'b7520e6afc8e48b2aebcd76b3c52c01b','2020-02-11 19:51:33','2020-02-11 19:51:33','criar indices na tabela fato para dimensoes','None','2019-04-24 20:18:06',73,'scrum_intented_development_task',NULL),(862,'5af6defb9fe348cdb718068c64fdf60e','2020-02-11 19:51:34','2020-02-11 19:51:34','criar indices na tabela fato para dimensoes','None',NULL,73,'scrum_performed_development_task',NULL),(863,'31a3cf5874b94d8a8381cc246d530552','2020-02-11 19:51:34','2020-02-11 19:51:34','retirar hora, minuto e segundo da tabela dim_tempo','None','2019-04-24 20:18:14',73,'scrum_intented_development_task',NULL),(864,'989eb0067d4e42ceb0f8df95e7753aa2','2020-02-11 19:51:34','2020-02-11 19:51:34','retirar hora, minuto e segundo da tabela dim_tempo','None',NULL,73,'scrum_performed_development_task',NULL),(865,'ac9b1ee41cf64645aa6e0dfc9861318c','2020-02-11 19:51:35','2020-02-11 19:51:35','verificar pssoas que tem titulo mas n tem habilidade e vice-versa','None','2019-04-24 20:16:43',73,'scrum_intented_development_task',NULL),(866,'595a8fa80d7547e3b7c3ea2976d5904e','2020-02-11 19:51:35','2020-02-11 19:51:35','verificar pssoas que tem titulo mas n tem habilidade e vice-versa','None',NULL,73,'scrum_performed_development_task',NULL),(867,'36763680a09b4693bd94679ea2541265','2020-02-11 19:51:35','2020-02-11 19:51:36','Classificar graficamente nível de ensino do maior para o menor de escolaridade / montar tabela de quantidade de pessoas por escolaridade','None','2019-04-24 20:19:07',73,'scrum_intented_development_task',NULL),(868,'60ec46a183f44c33b3a19d2cccc9b55d','2020-02-11 19:51:36','2020-02-11 19:51:36','Classificar graficamente nível de ensino do maior para o menor de escolaridade / montar tabela de quantidade de pessoas por escolaridade','None',NULL,73,'scrum_performed_development_task',NULL),(869,'1dbdb7effac640b885d06db9dd731297','2020-02-11 19:51:36','2020-02-11 19:51:36','gerar graficos de :\n    numero de pessoas\n    numero de concursos\n    numero de titulos\n    numero de habilidades\n    pessoas com deficiencia','None','2019-04-24 20:16:28',73,'scrum_intented_development_task',NULL),(870,'56d41479ec764b20a8bc1fdccfb35d04','2020-02-11 19:51:37','2020-02-11 19:51:37','gerar graficos de :\n    numero de pessoas\n    numero de concursos\n    numero de titulos\n    numero de habilidades\n    pessoas com deficiencia','None',NULL,73,'scrum_performed_development_task',NULL),(871,'a67cc0b0c89c4d3a8060ac7fafbc21d3','2020-02-11 19:51:37','2020-02-11 19:51:37','identificar pontos criticos nos modulos e mapear.','None','2019-04-02 19:34:48',60,'scrum_intented_development_task',NULL),(872,'c5b808bdb88e4fbd93be19209823a682','2020-02-11 19:51:37','2020-02-11 19:51:37','identificar pontos criticos nos modulos e mapear.','None',NULL,60,'scrum_performed_development_task',NULL),(873,'05ddedd88057414a9ebaffc4eec56e8f','2020-02-11 19:51:38','2020-02-11 19:51:38','criar novo splash screan ','None','2019-03-29 18:23:01',60,'scrum_intented_development_task',NULL),(874,'bd9dfdd62fa449a0bb0859b2bfbdee75','2020-02-11 19:51:38','2020-02-11 19:51:38','criar novo splash screan ','None',NULL,60,'scrum_performed_development_task',NULL),(875,'484d96f672f2473b99f91cea1e905566','2020-02-11 19:51:39','2020-02-11 19:51:39','refatorar tranformações de dimensao do olap, colocando dimension lookup','None','2019-04-17 19:49:10',73,'scrum_intented_development_task',NULL),(876,'cdf739ff77c44ab49be79fb373d275d1','2020-02-11 19:51:39','2020-02-11 19:51:39','refatorar tranformações de dimensao do olap, colocando dimension lookup','None',NULL,73,'scrum_performed_development_task',NULL),(877,'63417b5df84a49019873838dc6d05fd5','2020-02-11 19:51:40','2020-02-11 19:51:40','Rever tratamento de erro da Api-realtime quando o mongo cai','None','2019-04-22 18:59:51',32,'scrum_intented_development_task',NULL),(878,'67a64cf2e0594a8985f85f594f7be86d','2020-02-11 19:51:40','2020-02-11 19:51:40','Rever tratamento de erro da Api-realtime quando o mongo cai','None',NULL,32,'scrum_performed_development_task',NULL),(879,'ca73b5b58a75488bba95493d7a1d3ae0','2020-02-11 19:51:40','2020-02-11 19:51:40','personalizar o login do app','None','2019-03-29 18:27:06',60,'scrum_intented_development_task',NULL),(880,'0c9e95d8a3d449efa36731b08be14f7c','2020-02-11 19:51:41','2020-02-11 19:51:41','personalizar o login do app','None',NULL,60,'scrum_performed_development_task',NULL),(881,'d09224e273e54e0cb9b6290c654c51a1','2020-02-11 19:51:41','2020-02-11 19:51:41','personalizar a página principal','None','2019-03-29 18:28:26',60,'scrum_intented_development_task',NULL),(882,'2027077e248544759ae18459656cfb7a','2020-02-11 19:51:41','2020-02-11 19:51:41','personalizar a página principal','None',NULL,60,'scrum_performed_development_task',NULL),(883,'27a1e1bd6797494e89229da4818d5a56','2020-02-11 19:51:42','2020-02-11 19:51:42','criar novo acesso no app','None','2019-03-29 18:25:55',60,'scrum_intented_development_task',NULL),(884,'dc70009addde48d59d3be79613d0651b','2020-02-11 19:51:42','2020-02-11 19:51:42','criar novo acesso no app','None',NULL,60,'scrum_performed_development_task',NULL),(885,'6a5fe0bb82ee4548b4edf0fc836e75bb','2020-02-11 19:51:43','2020-02-11 19:51:43','Clonar a tabela estimativa do banco estático com o nome \"histórico\"','None','2019-04-09 21:47:06',37,'scrum_intented_development_task',NULL),(886,'83b9ad4c86b34ab987d3840cb6bc433c','2020-02-11 19:51:43','2020-02-11 19:51:43','Clonar a tabela estimativa do banco estático com o nome \"histórico\"','None',NULL,37,'scrum_performed_development_task',NULL),(887,'e8025733f05e49a8a93d38a64d7e8e19','2020-02-11 19:51:43','2020-02-11 19:51:43','Verificar porque a api não está retornando todos os ônibus em circulação.','None','2019-04-10 00:47:10',37,'scrum_intented_development_task',NULL),(888,'7025afd8d4f14b018bcaa5077d7f97f7','2020-02-11 19:51:44','2020-02-11 19:51:44','Verificar porque a api não está retornando todos os ônibus em circulação.','None',NULL,37,'scrum_performed_development_task',NULL),(889,'8192031213994d18a335e5f67d4dbe1f','2020-02-11 19:51:44','2020-02-11 19:51:44','criar novas dimensoes para o modelo OLAP','None','2019-04-17 19:49:28',73,'scrum_intented_development_task',NULL),(890,'e2359971a1ab401184332941ee156db3','2020-02-11 19:51:44','2020-02-11 19:51:45','criar novas dimensoes para o modelo OLAP','None',NULL,73,'scrum_performed_development_task',NULL),(891,'3ff3ae9b2a394a3ba12b1de113b8a2b4','2020-02-11 19:51:45','2020-02-11 19:51:45','refazer analises antigas em cima do novo banco higienizado','None','2019-04-17 19:48:04',73,'scrum_intented_development_task',NULL),(892,'493c72764f7a4cd58184f1f6894e593c','2020-02-11 19:51:45','2020-02-11 19:51:45','refazer analises antigas em cima do novo banco higienizado','None',NULL,73,'scrum_performed_development_task',NULL),(893,'48eff42d8a2f4f3c9e098e3dc2fca849','2020-02-11 19:51:45','2020-02-11 19:51:46','Criar script pra gerar json de estimativas','None','2019-04-17 19:48:51',37,'scrum_intented_development_task',NULL),(894,'674c0f58058d4d3991ec1fd02966dad9','2020-02-11 19:51:46','2020-02-11 19:51:46','Criar script pra gerar json de estimativas','None',NULL,37,'scrum_performed_development_task',NULL),(895,'0a4ef6e9c5bf4de79c33772bd92b823b','2020-02-11 19:51:46','2020-02-11 19:51:46','refatorando tranformações de higienização utilizando o banco cep','None','2019-04-17 19:51:14',73,'scrum_intented_development_task',NULL),(896,'564e27a0608c4dd7980f0d7ccc658bf6','2020-02-11 19:51:46','2020-02-11 19:51:47','refatorando tranformações de higienização utilizando o banco cep','None',NULL,73,'scrum_performed_development_task',NULL),(897,'90a03fb2795b43ba845309620a11921f','2020-02-11 19:51:47','2020-02-11 19:51:47','Tirar indicação de distância do Transcol Online.','None','2019-04-16 17:33:44',37,'scrum_intented_development_task',NULL),(898,'7b91fa082bc542b5b5e497aef493d515','2020-02-11 19:51:47','2020-02-11 19:51:47','Tirar indicação de distância do Transcol Online.','None',NULL,37,'scrum_performed_development_task',NULL),(899,'4bfbde8cf3434565a1601a1bd8db8aca','2020-02-11 19:51:48','2020-02-11 19:51:48','seguir checklist API-DETRAN','None','2019-01-18 17:18:59',81,'scrum_intented_development_task',NULL),(900,'2ff86ad04e4f4b7683d0e27174ba3591','2020-02-11 19:51:48','2020-02-11 19:51:48','seguir checklist API-DETRAN','None',NULL,81,'scrum_performed_development_task',NULL),(901,'21c21d74dac741599c73df8c7f46b99b','2020-02-11 19:51:49','2020-02-11 19:51:49','Instalar o Kibana para monitorar os dados no mongoDB','None','2019-01-28 18:51:22',36,'scrum_intented_development_task',NULL),(902,'41be316a17ca4d669f48879e8127869e','2020-02-11 19:51:49','2020-02-11 19:51:49','Colocar o banco cep no rancher de desenvolvimento','None','2019-03-29 19:52:31',68,'scrum_intented_development_task',NULL),(903,'ffb16333ac2e49b087b1dbe111223d63','2020-02-11 19:51:49','2020-02-11 19:51:49','Colocar o banco cep no rancher de desenvolvimento','None',NULL,68,'scrum_performed_development_task',NULL),(904,'7146f19689014f2cad06a8c38e0f81d1','2020-02-11 19:51:49','2020-02-11 19:51:50','Adicionar o ID do ponto junto às coordenadas, na requisição à API.','None','2019-03-26 17:02:19',37,'scrum_intented_development_task',NULL),(905,'830b8a09d8604aaa99a5d75fd96dd19e','2020-02-11 19:51:50','2020-02-11 19:51:50','Adicionar o ID do ponto junto às coordenadas, na requisição à API.','None',NULL,37,'scrum_performed_development_task',NULL),(906,'238598439fa44660a6723b19b77bf78e','2020-02-11 19:51:50','2020-02-11 19:51:50','Criar transformação de carga do histórico de viagens','None','2019-03-20 21:30:02',37,'scrum_intented_development_task',NULL),(907,'33f89b7042ac4ed7900520c1a9b16df7','2020-02-11 19:51:50','2020-02-11 19:51:51','Criar transformação de carga do histórico de viagens','None',NULL,37,'scrum_performed_development_task',NULL),(908,'583437ee72334752824856854b48df14','2020-02-11 19:51:51','2020-02-11 19:51:51','criar um mapa mental dos módulos que serão alterados','None','2019-04-01 16:44:33',60,'scrum_intented_development_task',NULL),(909,'04798353a6da4a54a7e123793b4f2453','2020-02-11 19:51:51','2020-02-11 19:51:51','criar um mapa mental dos módulos que serão alterados','None',NULL,60,'scrum_performed_development_task',NULL),(910,'54280db0c9b54af7819d390b2fe2e28f','2020-02-11 19:51:52','2020-02-11 19:51:52','Criar rota /onibus/:linhaId para moovit','None','2019-03-26 20:25:53',32,'scrum_intented_development_task',NULL),(911,'5776362c0d4c4865ab891f581828ee04','2020-02-11 19:51:52','2020-02-11 19:51:52','Criar rota /onibus/:linhaId para moovit','None',NULL,32,'scrum_performed_development_task',NULL),(912,'4b702b11ce074f5a92b0208deecf07ca','2020-02-11 19:51:53','2020-02-11 19:51:53','adicionar testes','None','2019-02-27 17:23:08',73,'scrum_intented_development_task',NULL),(913,'3f1bcc5fb7504f799b637bd48053534e','2020-02-11 19:51:53','2020-02-11 19:51:53','adicionar testes','None',NULL,73,'scrum_performed_development_task',NULL),(914,'202fbf9049774f14bc615f6f09f00458','2020-02-11 19:51:53','2020-02-11 19:51:54','Montar a transformação que altera os dados de endereço no banco','None','2019-03-29 19:49:46',68,'scrum_intented_development_task',NULL),(915,'edbac79498a14302b4a0b6aca6e5ece5','2020-02-11 19:51:54','2020-02-11 19:51:54','Montar a transformação que altera os dados de endereço no banco','None',NULL,68,'scrum_performed_development_task',NULL),(916,'32db331a3de14d309a91a9d9cb2ac830','2020-02-11 19:51:54','2020-02-11 19:51:54','Aplicar as regras de negocio ao gerar gui com alguns débitos','None','2019-02-26 18:33:01',3,'scrum_intented_development_task',NULL),(917,'6b89152982474b159d7e13b101244e85','2020-02-11 19:51:55','2020-02-11 19:51:55','Aplicar as regras de negocio ao gerar gui com alguns débitos','None',NULL,3,'scrum_performed_development_task',NULL),(918,'4796ed6c99b64e64b555496a6c8ba2ab','2020-02-11 19:51:55','2020-02-11 19:51:55','Refatorar o código da api detran','None','2019-02-26 18:34:08',3,'scrum_intented_development_task',NULL),(919,'7fa0bf987f504162a222196f43af9288','2020-02-11 19:51:56','2020-02-11 19:51:56','Refatorar o código da api detran','None',NULL,3,'scrum_performed_development_task',NULL),(920,'062cddf44837450799c12ac4ce3ddcbd','2020-02-11 19:51:56','2020-02-11 19:51:56','Criar rota /onibus/:id para moovit','None','2019-03-26 20:25:39',32,'scrum_intented_development_task',NULL),(921,'e004ff001d024c8cb83b9f7abab0ae81','2020-02-11 19:51:56','2020-02-11 19:51:57','Criar rota /onibus/:id para moovit','None',NULL,32,'scrum_performed_development_task',NULL),(922,'bb2a266541fc45359eb7fe9ec6df1d8b','2020-02-11 19:51:57','2020-02-11 19:51:57','Criar rota /onibus para moovit','None','2019-03-26 20:25:28',32,'scrum_intented_development_task',NULL),(923,'3d4a25b501d04c8cb8854b325cb4450b','2020-02-11 19:51:57','2020-02-11 19:51:57','Criar rota /onibus para moovit','None',NULL,32,'scrum_performed_development_task',NULL),(924,'7c824f8e59e74aaaadbdd6f4f6122cdf','2020-02-11 19:51:58','2020-02-11 19:51:58','Criar serviço pra retornar histórico de ônibus em uma lista de coordenadas.','None','2019-03-20 21:24:44',37,'scrum_intented_development_task',NULL),(925,'60d1d3acbf504c9ab69a8f924f96bf5b','2020-02-11 19:51:58','2020-02-11 19:51:58','Criar serviço pra retornar histórico de ônibus em uma lista de coordenadas.','None',NULL,37,'scrum_performed_development_task',NULL),(926,'d6353b019a5f43538ffff020b0b84084','2020-02-11 19:51:58','2020-02-11 19:51:58','Fazer o logstash alimentar o mongo de 24 horas.','None','2019-03-20 21:24:57',37,'scrum_intented_development_task',NULL),(927,'6c59c1572e2e44aa8aa795e6c65bba3a','2020-02-11 19:51:59','2020-02-11 19:51:59','Fazer o logstash alimentar o mongo de 24 horas.','None',NULL,37,'scrum_performed_development_task',NULL),(928,'01bf2df7200e438785e7512524d84ce2','2020-02-11 19:51:59','2020-02-11 19:51:59','Criar mongo de 24 horas','None','2019-03-20 21:24:07',37,'scrum_intented_development_task',NULL),(929,'5178c165e60544ae9352b085113e899c','2020-02-11 19:52:00','2020-02-11 19:52:00','Criar mongo de 24 horas','None',NULL,37,'scrum_performed_development_task',NULL),(930,'4e392267ef1f4d9abf4117c3ecf1e4fe','2020-02-11 19:52:00','2020-02-11 19:52:00','Criar endpoint /veiculos na api-realtime, para retornar o estado de todos os carros.','None','2019-03-20 22:43:20',37,'scrum_intented_development_task',NULL),(931,'dc69c0326dca4ce4ad60a93ff40d9113','2020-02-11 19:52:01','2020-02-11 19:52:01','Criar endpoint /veiculos na api-realtime, para retornar o estado de todos os carros.','None',NULL,37,'scrum_performed_development_task',NULL),(932,'bd13468163e34710a20736fb2789f639','2020-02-11 19:52:01','2020-02-11 19:52:01','Acertar o job que abastece o banco.','None','2019-03-21 20:20:08',72,'scrum_intented_development_task',NULL),(933,'e116dedd91c14093bfd3272e02e96993','2020-02-11 19:52:01','2020-02-11 19:52:01','Acertar o job que abastece o banco.','None',NULL,72,'scrum_performed_development_task',NULL),(934,'27cded944d6149a1a865d76a5dd8aa1a','2020-02-11 19:52:02','2020-02-11 19:52:02','Modificações das transformações que abastece o banco.','None','2019-02-27 16:39:15',72,'scrum_intented_development_task',NULL),(935,'a680dda4e571475ab3a327d67fa9e652','2020-02-11 19:52:02','2020-02-11 19:52:02','Modificações das transformações que abastece o banco.','None',NULL,72,'scrum_performed_development_task',NULL),(936,'c9a3f847a2994c8eb6b5e0e782ca873e','2020-02-11 19:52:02','2020-02-11 19:52:03','Configurar CI-Gitlab','None','2019-03-16 05:03:08',68,'scrum_intented_development_task',NULL),(937,'6399d8c40b024cb799d992e4dd4b46c9','2020-02-11 19:52:03','2020-02-11 19:52:03','Configurar CI-Gitlab','None',NULL,68,'scrum_performed_development_task',NULL),(938,'8afa8d67a61e4337965253fbf268ae1e','2020-02-11 19:52:04','2020-02-11 19:52:04','Dockerfile do web service','None','2019-03-16 05:03:36',68,'scrum_intented_development_task',NULL),(939,'e8dd23b5cdc24b49a02fbe45edc302e1','2020-02-11 19:52:04','2020-02-11 19:52:04','Dockerfile do web service','None',NULL,68,'scrum_performed_development_task',NULL),(940,'e02ec824455f45c894357ad82da35819','2020-02-11 19:52:04','2020-02-11 19:52:05','Configurar Sonnar','None','2019-02-27 19:35:07',72,'scrum_intented_development_task',NULL),(941,'43516cc307d1408eaa68ded030da43ee','2020-02-11 19:52:05','2020-02-11 19:52:05','Configurar Sonnar','None',NULL,72,'scrum_performed_development_task',NULL),(942,'d4b80a046f7547fb81f5dfc296874074','2020-02-11 19:52:05','2020-02-11 19:52:06','Adicionar testes','e2e - ok<div>Funcional - Em andamento</div>','2019-02-27 19:34:53',72,'scrum_intented_development_task',NULL),(943,'01495dbf0db54168932357888f92ba1a','2020-02-11 19:52:06','2020-02-11 19:52:06','Adicionar testes','e2e - ok<div>Funcional - Em andamento</div>',NULL,72,'scrum_performed_development_task',NULL),(944,'ff680b81ed9e42d0a815d6d02cc6ecb4','2020-02-11 19:52:06','2020-02-11 19:52:07','Criar rota','None','2019-02-27 19:34:34',72,'scrum_intented_development_task',NULL),(945,'5524b16d0215405f9479f8655a69c3a5','2020-02-11 19:52:07','2020-02-11 19:52:07','Criar rota','None',NULL,72,'scrum_performed_development_task',NULL),(946,'78b4c44126d0425c87d90a0064caf5cb','2020-02-11 19:52:08','2020-02-11 19:52:08','criar transformações para abastecer o banco CEP','None','2019-02-27 19:56:18',68,'scrum_intented_development_task',NULL),(947,'329e515789b445c4957651c9b1f15688','2020-02-11 19:52:09','2020-02-11 19:52:09','criar transformações para abastecer o banco CEP','None',NULL,68,'scrum_performed_development_task',NULL),(948,'cf2f1ac438374ec5857f79e33db8934c','2020-02-11 19:52:09','2020-02-11 19:52:10','dockerfile do web service','None','2019-02-27 17:45:00',73,'scrum_intented_development_task',NULL),(949,'78cd01d406654588a4277c0e2a989df6','2020-02-11 19:52:10','2020-02-11 19:52:10','dockerfile do web service','None',NULL,73,'scrum_performed_development_task',NULL),(950,'375117d809d4491281c8112b504a37fd','2020-02-11 19:52:10','2020-02-11 19:52:11','criar rotas','None','2019-02-27 17:22:56',73,'scrum_intented_development_task',NULL),(951,'6297b017fb0b451490a4c9f2f1e2e6d1','2020-02-11 19:52:11','2020-02-11 19:52:11','criar rotas','None',NULL,73,'scrum_performed_development_task',NULL),(952,'22d3ea16139d47c2995785bb5c420cb4','2020-02-11 19:52:12','2020-02-11 19:52:12','configurar sonnar','None','2019-02-27 17:44:34',73,'scrum_intented_development_task',NULL),(953,'a684f6a251994b88a4336fb3659ac17e','2020-02-11 19:52:12','2020-02-11 19:52:12','configurar sonnar','None',NULL,73,'scrum_performed_development_task',NULL),(954,'dd696b6764da4972a1ff51c93dbd2359','2020-02-11 19:52:13','2020-02-11 19:52:13','criação das classes','None','2019-02-27 17:22:51',73,'scrum_intented_development_task',NULL),(955,'73a2e5ac02254d9d9ba5c3c4e5baa0fa','2020-02-11 19:52:13','2020-02-11 19:52:13','criação das classes','None',NULL,73,'scrum_performed_development_task',NULL),(956,'8d879055da1c418e9a0575a7d1845884','2020-02-11 19:52:14','2020-02-11 19:52:14','modelagem do banco','None','2019-02-27 17:22:42',73,'scrum_intented_development_task',NULL),(957,'11c9232e85fd43ddb373c41554172ae9','2020-02-11 19:52:14','2020-02-11 19:52:14','modelagem do banco','None',NULL,73,'scrum_performed_development_task',NULL),(958,'c48f39415474436ca42554e79270cf3c','2020-02-11 19:52:14','2020-02-11 19:52:14','Transformação para abastecer a tabela Pessoa_Habilidade','None','2019-03-18 19:55:07',72,'scrum_intented_development_task',NULL),(959,'d4bda016810b4fd0800ecd58a9d7653b','2020-02-11 19:52:15','2020-02-11 19:52:15','Transformação para abastecer a tabela Pessoa_Habilidade','None',NULL,72,'scrum_performed_development_task',NULL),(960,'67179ce97c854ffa8fa3a88cd26b630c','2020-02-11 19:52:15','2020-02-11 19:52:15','Transformação para abastecer a tabela Pessoa_Titulo','None','2019-03-18 19:55:31',72,'scrum_intented_development_task',NULL),(961,'3ffeaf17afed4929ac983fccf90b8b1d','2020-02-11 19:52:15','2020-02-11 19:52:15','Transformação para abastecer a tabela Pessoa_Titulo','None',NULL,72,'scrum_performed_development_task',NULL),(962,'63110bf1c2d1489e9d262c09b8fd1883','2020-02-11 19:52:15','2020-02-11 19:52:16','Transformação para abastecer a tabela Habilidade_Titulo','None','2019-03-18 19:55:48',72,'scrum_intented_development_task',NULL),(963,'e98ac929ea564e5d8d4deca7c04d9dc1','2020-02-11 19:52:16','2020-02-11 19:52:16','Transformação para abastecer a tabela Habilidade_Titulo','None',NULL,72,'scrum_performed_development_task',NULL),(964,'8abdd3c2c689408a84225f75f0ee3bbc','2020-02-11 19:52:16','2020-02-11 19:52:16','Transformação para abastecer a tabela Concurso_Habilidade','None','2019-03-18 19:53:58',72,'scrum_intented_development_task',NULL),(965,'f6aa60a26b654c86baab32fcf69435a7','2020-02-11 19:52:17','2020-02-11 19:52:17','Transformação para abastecer a tabela Concurso_Habilidade','None',NULL,72,'scrum_performed_development_task',NULL),(966,'e4d898dd8ddd45d497dd354641a442df','2020-02-11 19:52:17','2020-02-11 19:52:17','Transformação para abastecer a tabela Titulo','None','2019-03-18 19:53:40',72,'scrum_intented_development_task',NULL),(967,'41c352cc501e4e459d6b2e126d2ca3a2','2020-02-11 19:52:17','2020-02-11 19:52:18','Transformação para abastecer a tabela Titulo','None',NULL,72,'scrum_performed_development_task',NULL),(968,'b8ad1ca5ba304cffa3a146012e366f30','2020-02-11 19:52:18','2020-02-11 19:52:18','Transformação para abastecer a tabela Habilidade','None','2019-03-18 19:53:21',72,'scrum_intented_development_task',NULL),(969,'4273ab8e6a9e42aca2d3638acc44d177','2020-02-11 19:52:18','2020-02-11 19:52:18','Transformação para abastecer a tabela Habilidade','None',NULL,72,'scrum_performed_development_task',NULL),(970,'54473e3e74224a7a9486b47f1172c27d','2020-02-11 19:52:19','2020-02-11 19:52:19','Remover todas as entradas `manuais` do job de gerar GTFS','None','2019-03-21 16:52:02',32,'scrum_intented_development_task',NULL),(971,'846636206ddb45dfa54b327dce38be74','2020-02-11 19:52:19','2020-02-11 19:52:19','Fazer job de gerar GTFS com as estimativas','None','2019-03-21 16:51:40',32,'scrum_intented_development_task',NULL),(972,'ac78a2cdb97f44cb81b4537707a019b9','2020-02-11 19:52:19','2020-02-11 19:52:19','Fazer job de carga no sqlserver ','None','2019-03-21 16:51:15',32,'scrum_intented_development_task',NULL),(973,'17896cfe3144483b85bd6d1e152c5c6d','2020-02-11 19:52:19','2020-02-11 19:52:19','Fazer o dump de um dia do realtime','None','2019-03-21 16:48:33',32,'scrum_intented_development_task',NULL),(974,'a8accffed4ba465786d82f422d15d44b','2020-02-11 19:52:20','2020-02-11 19:52:20','Colocar pilha de serviços em produção.','None','2019-02-13 16:34:59',37,'scrum_intented_development_task',NULL),(975,'f45511294a144e848b686d4c88b069bb','2020-02-11 19:52:20','2020-02-11 19:52:20','Subir mongo para producao','None','2019-02-13 16:04:45',32,'scrum_intented_development_task',NULL),(976,'f263037049a248a48a113a23d2f32f76','2020-02-11 19:52:20','2020-02-11 19:52:20','Subir Logstash para producao','None','2019-02-13 16:04:42',32,'scrum_intented_development_task',NULL),(977,'bf01df27e6894eaca71384c956f4f108','2020-02-11 19:52:20','2020-02-11 19:52:20','Subir API para producao','None','2019-02-13 16:04:32',32,'scrum_intented_development_task',NULL),(978,'c7cbc6882c854b4ebba6075137ff3a13','2020-02-11 19:52:20','2020-02-11 19:52:20',' design informações do veiculo ','None','2019-03-14 19:08:14',88,'scrum_intented_development_task',NULL),(979,'32de8d94d098440593d811caba5c03c3','2020-02-11 19:52:21','2020-02-11 19:52:21',' design informações do veiculo ','None',NULL,88,'scrum_performed_development_task',NULL),(980,'329850d669b246f7a4ad395ede839158','2020-02-11 19:52:21','2020-02-11 19:52:21','Refatorar api-realtime para melhorar o desempenho dela','None','2019-02-28 17:29:30',32,'scrum_intented_development_task',NULL),(981,'90351fa54ffe4c76928653f34124d442','2020-02-11 19:52:21','2020-02-11 19:52:22','Refatorar api-realtime para melhorar o desempenho dela','None',NULL,32,'scrum_performed_development_task',NULL),(982,'c3e1cf22357c49319c3269eb5f4d7b39','2020-02-11 19:52:22','2020-02-11 19:52:22','Fazer um novo serviço que mantém os dados estáticos atualizados e atualiza os veiculos','None','2019-02-28 17:29:02',32,'scrum_intented_development_task',NULL),(983,'ca8a5cc7f857414f85c9c941d8f6aebc','2020-02-11 19:52:22','2020-02-11 19:52:22','Fazer um novo serviço que mantém os dados estáticos atualizados e atualiza os veiculos','None',NULL,32,'scrum_performed_development_task',NULL),(984,'f2372b60755640b99e519d0051c8bf54','2020-02-11 19:52:23','2020-02-11 19:52:23','Desenvolver um serviço para reiniciar o logstash-rabbit em caso de quedas na geocontrol.','None','2019-02-26 18:51:02',36,'scrum_intented_development_task',NULL),(985,'9a27c00c5f404829be9efdb6d3a0c639','2020-02-11 19:52:23','2020-02-11 19:52:23','Desenvolver um serviço para reiniciar o logstash-rabbit em caso de quedas na geocontrol.','None',NULL,36,'scrum_performed_development_task',NULL),(986,'285fd7039a8d45e48b02f8999c4460bf','2020-02-11 19:52:23','2020-02-11 19:52:24','Desenvolver um serviço para monitorar o RabbitMQ e detectar quedas no produtor.','None','2019-02-26 18:50:18',36,'scrum_intented_development_task',NULL),(987,'90c1056a1b574cf696140b151115bcdb','2020-02-11 19:52:24','2020-02-11 19:52:24','Desenvolver um serviço para monitorar o RabbitMQ e detectar quedas no produtor.','None',NULL,36,'scrum_performed_development_task',NULL),(988,'b4d5b05af6af429b8311c6fe1cdb1dee','2020-02-11 19:52:24','2020-02-11 19:52:24','Subir front-end para produção ( fazer PR )','None','2019-01-14 17:39:42',36,'scrum_intented_development_task',NULL),(989,'0685e7870b564fc2b0142cd7ec04bf13','2020-02-11 19:52:25','2020-02-11 19:52:25','Subir front-end para produção ( fazer PR )','None',NULL,36,'scrum_performed_development_task',NULL),(990,'dd16c9d8284f4488ac145806077a2aef','2020-02-11 19:52:25','2020-02-11 19:52:25','Estudar generics do Typescript','None','2019-02-26 18:33:56',3,'scrum_intented_development_task',NULL),(991,'0f38d439df4d45de977d67299a69fbc7','2020-02-11 19:52:26','2020-02-11 19:52:26','Estudar generics do Typescript','None',NULL,3,'scrum_performed_development_task',NULL),(992,'a5272b82d0e944c3b338485cced0a943','2020-02-11 19:52:26','2020-02-11 19:52:26','Build do app para testar o gerar pdf','None','2019-02-26 18:30:16',3,'scrum_intented_development_task',NULL),(993,'887658c4eabd4561b4b84d6c04baa2bc','2020-02-11 19:52:26','2020-02-11 19:52:26','Build do app para testar o gerar pdf','None',NULL,3,'scrum_performed_development_task',NULL),(994,'a12c0efadb604d40b135a04c2c0f63b6','2020-02-11 19:52:27','2020-02-11 19:52:27','Gerar o pdf da guia de pagamento','None','2019-01-28 18:49:22',3,'scrum_intented_development_task',NULL),(995,'99cdcb8d57514162938a34138532a66e','2020-02-11 19:52:27','2020-02-11 19:52:27','Gerar o pdf da guia de pagamento','None',NULL,3,'scrum_performed_development_task',NULL),(996,'5601c64f95244e71a37468022c65c08f','2020-02-11 19:52:27','2020-02-11 19:52:27','Selecionar os debitos.','None','2019-01-28 18:52:07',3,'scrum_intented_development_task',NULL),(997,'82237cad66f545809c772b14ebdf84ab','2020-02-11 19:52:27','2020-02-11 19:52:27','Selecionar os debitos.','None',NULL,3,'scrum_performed_development_task',NULL),(998,'ed98fe504a934571a322a6040c723dae','2020-02-11 19:52:28','2020-02-11 19:52:28','Estudar map reduce do mongo','None','2019-02-13 16:07:03',32,'scrum_intented_development_task',NULL),(999,'522edde02d8f416bb9515686d9a25ca2','2020-02-11 19:52:28','2020-02-11 19:52:28','Estudar map reduce do mongo','None',NULL,32,'scrum_performed_development_task',NULL),(1000,'4a9909ebc0b843b4aea3780b750f4150','2020-02-11 19:52:28','2020-02-11 19:52:28','Revisar o banco OLAP','None','2019-02-12 19:02:45',72,'scrum_intented_development_task',NULL),(1001,'11802b5e8d25401cbc46ec98335d6a13','2020-02-11 19:52:29','2020-02-11 19:52:29','Revisar o banco OLAP','None',NULL,72,'scrum_performed_development_task',NULL),(1002,'9b200fed49b94249ac07002904549b33','2020-02-11 19:52:29','2020-02-11 19:52:29','Criar um texto com a justificativa de termos que adquirir a base de cep dos correios','None','2019-02-20 16:53:11',72,'scrum_intented_development_task',NULL),(1003,'2bf6e34e35174025b94c3a001effcc3d','2020-02-11 19:52:30','2020-02-11 19:52:30','Criar um texto com a justificativa de termos que adquirir a base de cep dos correios','None',NULL,72,'scrum_performed_development_task',NULL),(1004,'048e4f00615044afb93a6c9e9c0ac705','2020-02-11 19:52:30','2020-02-11 19:52:30','Fazer PR do app','None','2019-02-13 16:04:25',32,'scrum_intented_development_task',NULL),(1005,'d6be2301d8024a89a6accea91071d96c','2020-02-11 19:52:30','2020-02-11 19:52:30','Fazer PR do app','None',NULL,32,'scrum_performed_development_task',NULL),(1006,'1a6ecd64228b44ccac698d01469acbe8','2020-02-11 19:52:31','2020-02-11 19:52:31','Implementar checagem de tempo de validade dos dados do ônibus.','None','2019-02-20 21:04:13',37,'scrum_intented_development_task',NULL),(1007,'f554f721bf504759b6eb2ee610a4d362','2020-02-11 19:52:31','2020-02-11 19:52:31','Implementar checagem de tempo de validade dos dados do ônibus.','None',NULL,37,'scrum_performed_development_task',NULL),(1008,'98b844b3d4f345dfb2a7941a45b1f3f2','2020-02-11 19:52:31','2020-02-11 19:52:31','Adicionar data de expiração aos dados do veículo. Enviar na resposta da api-realtime.','None','2019-02-20 21:07:26',37,'scrum_intented_development_task',NULL),(1009,'b10d288496044f0eb4dcebc27652bf25','2020-02-11 19:52:32','2020-02-11 19:52:32','Adicionar data de expiração aos dados do veículo. Enviar na resposta da api-realtime.','None',NULL,37,'scrum_performed_development_task',NULL),(1010,'1b33c2afbf044d5ab0b07634519a289c','2020-02-11 19:52:32','2020-02-11 19:52:32','Incorporar ignição à lógica do update da store de veículos','None','2019-02-13 16:33:55',37,'scrum_intented_development_task',NULL),(1011,'ec665d077bb44ffa8b2c4f5f920d80d5','2020-02-11 19:52:33','2020-02-11 19:52:33','Incorporar ignição à lógica do update da store de veículos','None',NULL,37,'scrum_performed_development_task',NULL),(1012,'9c4e8a83c9d24b7d9715d2a9ccf424a5','2020-02-11 19:52:33','2020-02-11 19:52:33','Pagina de abertura','None','2019-02-12 18:36:32',7,'scrum_intented_development_task',NULL),(1013,'48d0d533b67848b8a18c1c4cc4b96a87','2020-02-11 19:52:33','2020-02-11 19:52:34','Pagina de abertura','None',NULL,7,'scrum_performed_development_task',NULL),(1014,'7a8ee768b294472b89771d92ac107506','2020-02-11 19:52:34','2020-02-11 19:52:34','Acertar endereços usando API extreno','None','2019-02-12 19:07:00',72,'scrum_intented_development_task',NULL),(1015,'794cb9f28a9147b0b421fb3cd860ab47','2020-02-11 19:52:35','2020-02-11 19:52:35','Acertar endereços usando API extreno','None',NULL,72,'scrum_performed_development_task',NULL),(1016,'b0dddd8b97a848d1be771d2dd21f9b4d','2020-02-11 19:52:35','2020-02-11 19:52:35','Desenvolver endpoint para verificar a frota em circulação','None','2019-02-13 19:55:43',36,'scrum_intented_development_task',NULL),(1017,'51ddd827c697442c8230b61d2fbc301f','2020-02-11 19:52:36','2020-02-11 19:52:36','Desenvolver endpoint para verificar a frota em circulação','None',NULL,36,'scrum_performed_development_task',NULL),(1018,'19c98175d6d4496b8335ce5f6f729e51','2020-02-11 19:52:36','2020-02-11 19:52:36','Criar mongo para armazenar duas semanas de dados dos onibus realtime','None','2019-02-13 16:08:10',32,'scrum_intented_development_task',NULL),(1019,'bfcc4d93f9de4b89887c205836c90106','2020-02-11 19:52:36','2020-02-11 19:52:36','Criar mongo para armazenar duas semanas de dados dos onibus realtime','None',NULL,32,'scrum_performed_development_task',NULL),(1020,'939c09ca0a474130b9f5191a5e91ac77','2020-02-11 19:52:37','2020-02-11 19:52:37','criar a api de notificação','None','2019-02-12 19:06:28',7,'scrum_intented_development_task',NULL),(1021,'502758b474ed4aa39cccd9ffe20d3379','2020-02-11 19:52:37','2020-02-11 19:52:37','criar a api de notificação','None',NULL,7,'scrum_performed_development_task',NULL),(1022,'34229be85cb14b86a825e9ae3c9c8800','2020-02-11 19:52:37','2020-02-11 19:52:37','Realizar reunião com moises para pensar numa solução','None','2019-02-13 16:07:27',32,'scrum_intented_development_task',NULL),(1023,'d3b2737ad60e4b8cb70132da860db58e','2020-02-11 19:52:37','2020-02-11 19:52:37','Realizar reunião com moises para pensar numa solução','None',NULL,32,'scrum_performed_development_task',NULL),(1024,'a75691b7e3954440a783b1b79b5062e9','2020-02-11 19:52:38','2020-02-11 19:52:38','Lista de concursos','None','2019-02-12 18:39:40',7,'scrum_intented_development_task',NULL),(1025,'0e8d1af24a2b49368360d36b2861a69f','2020-02-11 19:52:38','2020-02-11 19:52:38','Lista de concursos','None',NULL,7,'scrum_performed_development_task',NULL),(1026,'672e30806c7c4d7d822da395bb6dcb7e','2020-02-11 19:52:38','2020-02-11 19:52:39','Detalhes do concurso','None','2019-02-12 18:39:53',7,'scrum_intented_development_task',NULL),(1027,'b7eeeac204ec4c7e9337d1e3e4f67d2f','2020-02-11 19:52:39','2020-02-11 19:52:39','Detalhes do concurso','None',NULL,7,'scrum_performed_development_task',NULL),(1028,'5138874cf0fc4148b681197c751dcdfe','2020-02-11 19:52:40','2020-02-11 19:52:40','Adicionar informação dos pontos na tela \"ônibus perto de você\"','None','2019-02-13 16:26:26',37,'scrum_intented_development_task',NULL),(1029,'34eb5fa5ffb249b3abd29e8d5ef8e6f8','2020-02-11 19:52:40','2020-02-11 19:52:40','Adicionar informação dos pontos na tela \"ônibus perto de você\"','None',NULL,37,'scrum_performed_development_task',NULL),(1030,'7acc8e6221124cfd9a7ae273493b6622','2020-02-11 19:52:40','2020-02-11 19:52:41','Tratar \"localização desativada\" no app.','None','2019-02-13 16:36:53',37,'scrum_intented_development_task',NULL),(1031,'6d01a65104e44b15b2d3c0671bded9c2','2020-02-11 19:52:41','2020-02-11 19:52:41','Tratar \"localização desativada\" no app.','None',NULL,37,'scrum_performed_development_task',NULL),(1032,'c199ceb0691743459a1c1f8c22941c60','2020-02-11 19:52:41','2020-02-11 19:52:41','criar crawler para adiocionar aos favoritos','None','2019-02-12 19:11:07',7,'scrum_intented_development_task',NULL),(1033,'78ae80db11a44ca580b4b2df9e52d953','2020-02-11 19:52:41','2020-02-11 19:52:42','Montar Dashboard','None','2019-02-12 19:00:43',72,'scrum_intented_development_task',NULL),(1034,'6b181bc3f71940728a63825579e24e58','2020-02-11 19:52:42','2020-02-11 19:52:42','criar serviço que retira a notificação da fila, confere e envia para o servidor de push','None','2019-01-28 18:45:43',8,'scrum_intented_development_task',NULL),(1035,'b47524adfc22451089e15e3b9d306a9a','2020-02-11 19:52:42','2020-02-11 19:52:42','criar serviço que retira a notificação da fila, confere e envia para o servidor de push','None',NULL,8,'scrum_performed_development_task',NULL),(1036,'b3e38d3a669c48ba969476f061b39d68','2020-02-11 19:52:42','2020-02-11 19:52:43','criar api que recebe a novidade e envia a notificação para fila','None','2019-01-28 18:44:30',8,'scrum_intented_development_task',NULL),(1037,'915db0421803479faa195be76818bc39','2020-02-11 19:52:43','2020-02-11 19:52:43','criar api que recebe a novidade e envia a notificação para fila','None',NULL,8,'scrum_performed_development_task',NULL),(1038,'dcd9aa2e0fe744fbbc2df0c686a49af0','2020-02-11 19:52:43','2020-02-11 19:52:43','Criar fila para receber as mensagens de push','Usar o rabbit mq para criar uma lista de filas de mensagens de push','2019-01-28 18:43:27',8,'scrum_intented_development_task',NULL),(1039,'9049586f6de540588109da9a331883b3','2020-02-11 19:52:43','2020-02-11 19:52:43','Criar fila para receber as mensagens de push','Usar o rabbit mq para criar uma lista de filas de mensagens de push',NULL,8,'scrum_performed_development_task',NULL),(1040,'9ad3e201bc1b40e180e6875b8b5492a9','2020-02-11 19:52:44','2020-02-11 19:52:44','Criar favoritos usando akita','None','2019-01-28 18:56:52',8,'scrum_intented_development_task',NULL),(1041,'eaca1d89495142c0a48bda90372c5993','2020-02-11 19:52:44','2020-02-11 19:52:44','Criar favoritos usando akita','None',NULL,8,'scrum_performed_development_task',NULL),(1042,'f7675a0a02d14e479076e26e0ba2682e','2020-02-11 19:52:45','2020-02-11 19:52:45','Calcular se um veiculo passou ou nao do ponto','None','2019-01-28 19:36:16',32,'scrum_intented_development_task',NULL),(1043,'55e9a7749cd8438cb3605c83ac58790c','2020-02-11 19:52:45','2020-02-11 19:52:45','Calcular se um veiculo passou ou nao do ponto','None',NULL,32,'scrum_performed_development_task',NULL),(1044,'3d7ec227f2664d788ddd570aaa3cde9c','2020-02-11 19:52:46','2020-02-11 19:52:46','Alterar tela do transcol online para mostrar distância do ônibus em tempo real','None','2019-01-28 18:05:25',32,'scrum_intented_development_task',NULL),(1045,'0dee8b66ea3645d788f6570267dbcdd5','2020-02-11 19:52:46','2020-02-11 19:52:46','Alterar tela do transcol online para mostrar distância do ônibus em tempo real','None',NULL,32,'scrum_performed_development_task',NULL),(1046,'5580fbf4326a457da86b736b29b184bc','2020-02-11 19:52:46','2020-02-11 19:52:47','Fazer o pull request no github','None','2019-01-25 19:33:28',3,'scrum_intented_development_task',NULL),(1047,'497e8ddfc6964424bc87dfeac097a88c','2020-02-11 19:52:47','2020-02-11 19:52:47','Fazer o pull request no github','None',NULL,3,'scrum_performed_development_task',NULL),(1048,'bc624fc344514ecfb1e377866ea3365e','2020-02-11 19:52:47','2020-02-11 19:52:47','criar registros atualizados (upsert) em vez de inserir e deletar com TTL','None','2019-02-11 19:38:27',36,'scrum_intented_development_task',NULL),(1049,'30acfe36c8d843eb804521f5d2497301','2020-02-11 19:52:47','2020-02-11 19:52:47','criar registros atualizados (upsert) em vez de inserir e deletar com TTL','None',NULL,36,'scrum_performed_development_task',NULL),(1050,'43185129c9344754b98113433824ca19','2020-02-11 19:52:48','2020-02-11 19:52:48','resolver o acúmulo na fila da geocontrol','None','2019-02-11 19:37:37',36,'scrum_intented_development_task',NULL),(1051,'11d317ae486d44f9ae30c215fb234c12','2020-02-11 19:52:48','2020-02-11 19:52:48','resolver o acúmulo na fila da geocontrol','None',NULL,36,'scrum_performed_development_task',NULL),(1052,'afc7ec8e86c44d61a59cd375aaddbe5c','2020-02-11 19:52:48','2020-02-11 19:52:49','Refazer as tags','None','2019-02-11 19:34:40',3,'scrum_intented_development_task',NULL),(1053,'6ac265d480b2481794aeccfae57f26cf','2020-02-11 19:52:49','2020-02-11 19:52:49','Refazer as tags','None',NULL,3,'scrum_performed_development_task',NULL),(1054,'5177e811a6e440fe90f9d7d36ddbc59b','2020-02-11 19:52:49','2020-02-11 19:52:49','Editar os commits com dados sensiveis','None','2019-01-30 16:11:46',3,'scrum_intented_development_task',NULL),(1055,'872b75216de24faaade5abb957e8e764','2020-02-11 19:52:49','2020-02-11 19:52:49','Editar os commits com dados sensiveis','None',NULL,3,'scrum_performed_development_task',NULL),(1056,'57324553591c458a870aad655917152e','2020-02-11 19:52:50','2020-02-11 19:52:50','melhorias no design com css','None','2019-02-06 19:09:59',88,'scrum_intented_development_task',NULL),(1057,'5b81b5f6da774f1498f50888ef5eedca','2020-02-11 19:52:50','2020-02-11 19:52:50','melhorias no design com css','None',NULL,88,'scrum_performed_development_task',NULL),(1058,'909ad549396c49bd9ab16303fa65971a','2020-02-11 19:52:51','2020-02-11 19:52:51','modelagem do canvas de processo','None','2019-02-11 15:34:20',73,'scrum_intented_development_task',NULL),(1059,'0c597f96d82f47449293a3f866cabbd0','2020-02-11 19:52:51','2020-02-11 19:52:51','modelagem do canvas de processo','None',NULL,73,'scrum_performed_development_task',NULL),(1060,'ca3cee9a50c442fca16ac88e7b236109','2020-02-11 19:52:51','2020-02-11 19:52:51','Fazer testes dos novos serviços','None','2019-01-28 18:01:42',32,'scrum_intented_development_task',NULL),(1061,'ecb305d856e641b591a14f1538a4c67f','2020-02-11 19:52:51','2020-02-11 19:52:51','Fazer testes dos novos serviços','None',NULL,32,'scrum_performed_development_task',NULL),(1062,'03e86f25a4704d21b40dde02026a77b3','2020-02-11 19:52:52','2020-02-11 19:52:52','Aprender akita','None','2019-01-28 18:46:22',8,'scrum_intented_development_task',NULL),(1063,'f9beff181305464aa03752925d2dc34f','2020-02-11 19:52:52','2020-02-11 19:52:52','Aprender akita','None',NULL,8,'scrum_performed_development_task',NULL),(1064,'0253cf077cae4f48a43472a8e94523bf','2020-02-11 19:52:53','2020-02-11 19:52:53','criar planos limitados das apis publicas','None','2019-01-16 16:35:57',81,'scrum_intented_development_task',NULL),(1065,'390494b7911042c38f67b27992551c84','2020-02-11 19:52:53','2020-02-11 19:52:53','criar planos limitados das apis publicas','None',NULL,81,'scrum_performed_development_task',NULL),(1066,'d391a1894024448ab96b2edd4787d505','2020-02-11 19:52:53','2020-02-11 19:52:53','trocar icones das apis publicas','None','2019-01-16 16:35:48',81,'scrum_intented_development_task',NULL),(1067,'5e0cd3c00a4645c9ac8534bdfc323bde','2020-02-11 19:52:54','2020-02-11 19:52:54','trocar icones das apis publicas','None',NULL,81,'scrum_performed_development_task',NULL),(1068,'bcc4fbf5dbc540c2bbe0f2f9f2c3d245','2020-02-11 19:52:54','2020-02-11 19:52:54','Descobrir se o onibus esta no mesmo sentido do que o ponto','None','2019-02-04 15:41:37',32,'scrum_intented_development_task',NULL),(1069,'bdd2c98fe7b04e97a237fc86c36c0451','2020-02-11 19:52:54','2020-02-11 19:52:54','Descobrir se o onibus esta no mesmo sentido do que o ponto','None',NULL,32,'scrum_performed_development_task',NULL),(1070,'0ce5644a28844561a64c79b816f67dcf','2020-02-11 19:52:54','2020-02-11 19:52:55','ocultar apis q nao sao publicas no gravitee','None','2019-01-16 16:33:03',81,'scrum_intented_development_task',NULL),(1071,'1c442346a0c84df38d85af3288c2156d','2020-02-11 19:52:55','2020-02-11 19:52:55','ocultar apis q nao sao publicas no gravitee','None',NULL,81,'scrum_performed_development_task',NULL),(1072,'8936ce18fe164fceac33fb27b99132a4','2020-02-11 19:52:55','2020-02-11 19:52:55','Desenhar esboço do schema OLAP.','None','2019-01-28 19:20:19',72,'scrum_intented_development_task',NULL),(1073,'03d26dfc9bba42fda3ffe9db98016b80','2020-02-11 19:52:56','2020-02-11 19:52:56','Desenhar esboço do schema OLAP.','None',NULL,72,'scrum_performed_development_task',NULL),(1074,'1ed9f01beaf7493392f1545513fe9593','2020-02-11 19:52:56','2020-02-11 19:52:56','Fazer tratamente de erro caso o mongo caia','None','2019-01-30 19:49:07',32,'scrum_intented_development_task',NULL),(1075,'9e3a5dc7f84849c18e629e5e7626bb5a','2020-02-11 19:52:56','2020-02-11 19:52:56','Fazer tratamente de erro caso o mongo caia','None',NULL,32,'scrum_performed_development_task',NULL),(1076,'9ddcce70ac32499bacba792a6a07a2a3','2020-02-11 19:52:57','2020-02-11 19:52:57','Colocar URL da api como variavel de ambiente','None','2019-01-28 18:04:26',32,'scrum_intented_development_task',NULL),(1077,'6d2aad9392244010aa0c461420288be7','2020-02-11 19:52:57','2020-02-11 19:52:57','Colocar URL da api como variavel de ambiente','None',NULL,32,'scrum_performed_development_task',NULL),(1078,'3d73a4b2f83748a189671388d9ac01a1','2020-02-11 19:52:58','2020-02-11 19:52:58','Filtrar veículos repetidos','None','2019-01-30 15:43:12',32,'scrum_intented_development_task',NULL),(1079,'c97ee124c5a44af2ba31b0c15482c2f2','2020-02-11 19:52:58','2020-02-11 19:52:58','Filtrar veículos repetidos','None',NULL,32,'scrum_performed_development_task',NULL),(1080,'ac34a6fd039947f287fd975368b82493','2020-02-11 19:52:58','2020-02-11 19:52:58','Discutir em equipe sobre como montar um modelo OLAP.','None','2019-01-28 19:19:05',72,'scrum_intented_development_task',NULL),(1081,'204910a7126743a4acaeb53377781670','2020-02-11 19:52:59','2020-02-11 19:52:59','Discutir em equipe sobre como montar um modelo OLAP.','None',NULL,72,'scrum_performed_development_task',NULL),(1082,'93b743131764425ba766a8fc83043fda','2020-02-11 19:52:59','2020-02-11 19:52:59','seguir checklist API-REALTIME','None','2019-01-18 17:19:45',81,'scrum_intented_development_task',NULL),(1083,'7e7c4fe4f5af438a8ea7f1c5851f1279','2020-02-11 19:52:59','2020-02-11 19:53:00','seguir checklist API-REALTIME','None',NULL,81,'scrum_performed_development_task',NULL),(1084,'465fee42298f4a0d81aefaa7fb3d4fa6','2020-02-11 19:53:00','2020-02-11 19:53:00','seguir checklist API-DIO','None','2019-01-18 17:21:34',81,'scrum_intented_development_task',NULL),(1085,'67f12287e5fd4c5185f7ae35016cb20d','2020-02-11 19:53:00','2020-02-11 19:53:00','seguir checklist API-CETURB','None','2019-01-18 17:19:27',81,'scrum_intented_development_task',NULL),(1086,'b99e0884aa3f46b2bfa0a896868d284e','2020-02-11 19:53:01','2020-02-11 19:53:01','Fazer PR do app ','None','2019-01-28 18:05:36',32,'scrum_intented_development_task',NULL),(1087,'edeab2cccd2743f3b193fc76b331fcba','2020-02-11 19:53:01','2020-02-11 19:53:01','Subir mongo para produção','None','2019-01-28 18:02:50',32,'scrum_intented_development_task',NULL),(1088,'27c8640f65ab4b39b4a1301d6ead49e1','2020-02-11 19:53:01','2020-02-11 19:53:02','Subir logstash para produção','None','2019-01-28 18:02:43',32,'scrum_intented_development_task',NULL),(1089,'d173830cf7f34ba79bd054dae83642b1','2020-02-11 19:53:02','2020-02-11 19:53:02','Subir api para produção','None','2019-01-28 18:02:32',32,'scrum_intented_development_task',NULL),(1090,'016ad05361f64404b8a4d0b064ac69a3','2020-02-11 19:53:02','2020-02-11 19:53:02','Criar o servidor de Rabbit no Rancher','None','2018-10-29 20:23:12',36,'scrum_intented_development_task',NULL),(1091,'74296fd7835c4a86ad4ae6048fe5e905','2020-02-11 19:53:02','2020-02-11 19:53:02','Criar o servidor de Rabbit no Rancher','None',NULL,36,'scrum_performed_development_task',NULL),(1092,'3ffc2aaed02b4140b32c62deaf296d57','2020-02-11 19:53:02','2020-02-11 19:53:03','Criar um web service para consultar a fila do rabbit','Serviço que irá consumir a fila do rabbit, e replicar os dados para os apps do banco e do google<div><br></div>','2018-10-29 20:23:44',36,'scrum_intented_development_task',NULL),(1093,'7ae570d75c1649d6af1b01bf244991c5','2020-02-11 19:53:03','2020-02-11 19:53:03','Criar um web service para consultar a fila do rabbit','Serviço que irá consumir a fila do rabbit, e replicar os dados para os apps do banco e do google<div><br></div>',NULL,36,'scrum_performed_development_task',NULL),(1094,'87fedac0e1dc4c10854436699d21e014','2020-02-11 19:53:03','2020-02-11 19:53:03','Criar script generio do CI para poder usar de forma pratica nos outros projetos','None','2019-01-10 15:45:50',32,'scrum_intented_development_task',NULL),(1095,'612c84fe918141c892ae279d5882f7ed','2020-02-11 19:53:04','2020-02-11 19:53:04','Criar script generio do CI para poder usar de forma pratica nos outros projetos','None',NULL,32,'scrum_performed_development_task',NULL),(1096,'f937a129556b4443bc934aa3e802224f','2020-02-11 19:53:04','2020-02-11 19:53:04','Realizar testes em produção','None','2018-11-15 20:49:26',35,'scrum_intented_development_task',NULL),(1097,'f5101c477120491592092439fa66e71e','2020-02-11 19:53:05','2020-02-11 19:53:05','Realizar testes em produção','None',NULL,35,'scrum_performed_development_task',NULL),(1098,'a9587e076dcb4c28b26a43d19af81c41','2020-02-11 19:53:05','2020-02-11 19:53:05','Colocar índice na tabela itinerario_ponto','CREATE INDEX index_ponto_itinerario ON itinerario_ponto (ponto_id, itinerario_id, ordem)','2018-12-20 16:30:04',37,'scrum_intented_development_task',NULL),(1099,'4dd8392931f34622af6f45e300fcb0f8','2020-02-11 19:53:05','2020-02-11 19:53:05','Colocar índice na tabela itinerario_ponto','CREATE INDEX index_ponto_itinerario ON itinerario_ponto (ponto_id, itinerario_id, ordem)',NULL,37,'scrum_performed_development_task',NULL),(1100,'47a0b7dc76d74d808e1afee50a13f2e2','2020-02-11 19:53:05','2020-02-11 19:53:06','Colocar índice na tabela de viagens','CREATE INDEX viagem_index ON viagem (itinerario_id, horadasaida)<br>','2018-12-18 22:30:07',37,'scrum_intented_development_task',NULL),(1101,'e397ab3e26d14e5dab192726cbf90d8e','2020-02-11 19:53:06','2020-02-11 19:53:06','Colocar índice na tabela de viagens','CREATE INDEX viagem_index ON viagem (itinerario_id, horadasaida)<br>',NULL,37,'scrum_performed_development_task',NULL),(1102,'8248844021c343f2a0ea8a3530799def','2020-02-11 19:53:06','2020-02-11 19:53:06','Carga de estimativas','None','2018-12-18 19:11:54',37,'scrum_intented_development_task',NULL),(1103,'b03f7d4547394ef28c40373ac5c908b1','2020-02-11 19:53:07','2020-02-11 19:53:07','Carga de estimativas','None',NULL,37,'scrum_performed_development_task',NULL),(1104,'f07818a26b804df9afb1403285f754d9','2020-02-11 19:53:07','2020-02-11 19:53:08','Implementar a tela acessível no transcol online com real-time','None','2018-11-13 18:09:38',37,'scrum_intented_development_task',NULL),(1105,'ff9542a7406745b0b60501ffb22a6d05','2020-02-11 19:53:08','2020-02-11 19:53:08','Implementar a tela acessível no transcol online com real-time','None',NULL,37,'scrum_performed_development_task',NULL),(1106,'33d5c50ad3744b6985542077a7978f49','2020-02-11 19:53:08','2020-02-11 19:53:08','Configurar ambiente local pra desenvolver a feature','None','2018-11-13 18:09:15',37,'scrum_intented_development_task',NULL),(1107,'57a3d92b10e74f40aa80f7b5d6e6007d','2020-02-11 19:53:09','2020-02-11 19:53:09','Configurar ambiente local pra desenvolver a feature','None',NULL,37,'scrum_performed_development_task',NULL),(1108,'2431332108784a16a5a9ae6faa4ff97a','2020-02-11 19:53:09','2020-02-11 19:53:09','Verificar o que é necessário para próximas sprints ( backlog )','None','2019-01-10 15:40:21',32,'scrum_intented_development_task',NULL),(1109,'7b2dba1ef43a4e75810f8c763f481f54','2020-02-11 19:53:10','2020-02-11 19:53:10','Verificar o que é necessário para próximas sprints ( backlog )','None',NULL,32,'scrum_performed_development_task',NULL),(1110,'f94e7e7f15424a69bef98ba66f061e67','2020-02-11 19:53:10','2020-02-11 19:53:10','Montar cronograma macro','None','2019-01-10 15:39:27',32,'scrum_intented_development_task',NULL),(1111,'c0c8e9ae805241bb89334d6e0556675a','2020-02-11 19:53:11','2020-02-11 19:53:11','Montar cronograma macro','None',NULL,32,'scrum_performed_development_task',NULL),(1112,'97a6c70bbea04041b30adb954f26ca5f','2020-02-11 19:53:11','2020-02-11 19:53:11','Subir front-end para desenvolvimento','None','2019-01-14 17:39:17',36,'scrum_intented_development_task',NULL),(1113,'7d49083a6363478c8a547ffdc2252f2f','2020-02-11 19:53:12','2020-02-11 19:53:12','Subir front-end para desenvolvimento','None',NULL,36,'scrum_performed_development_task',NULL),(1114,'92fe805036954dd0bf10ce865e566964','2020-02-11 19:53:12','2020-02-11 19:53:12','Implementar lógica para fazer o join dos veiculos com as linhas/itinerarios que eles estão cumprindo.','None','2018-12-11 19:52:32',37,'scrum_intented_development_task',NULL),(1115,'331cbac310044bb5a326828dad0ffe1e','2020-02-11 19:53:12','2020-02-11 19:53:13','Implementar lógica para fazer o join dos veiculos com as linhas/itinerarios que eles estão cumprindo.','None',NULL,37,'scrum_performed_development_task',NULL),(1116,'58847d5128dc4bb7bad713e9a39faaa0','2020-02-11 19:53:13','2020-02-11 19:53:13','Configurar sqlite no app, pra guardar informações dos veículos.','None','2018-12-11 19:52:05',37,'scrum_intented_development_task',NULL),(1117,'d7b7f120ef2048788aa4c2158935e347','2020-02-11 19:53:13','2020-02-11 19:53:13','Configurar sqlite no app, pra guardar informações dos veículos.','None',NULL,37,'scrum_performed_development_task',NULL),(1118,'f1a0618d50b24d9782c4fc320b95d7bc','2020-02-11 19:53:14','2020-02-11 19:53:14','Implementar provider para consumir api-ceturb','None','2018-12-11 19:51:32',37,'scrum_intented_development_task',NULL),(1119,'ef1bf89f58774350b96a45408b66c40f','2020-02-11 19:53:14','2020-02-11 19:53:15','Implementar provider para consumir api-ceturb','None',NULL,37,'scrum_performed_development_task',NULL),(1120,'717c8d7e5fe14d7a88b7173e12aad322','2020-02-11 19:53:15','2020-02-11 19:53:15','Implementar o provider para consumir a api do real-time direto do gravitee','None','2018-12-11 19:51:05',37,'scrum_intented_development_task',NULL),(1121,'31b802ea6d17466f98030bd740150e8e','2020-02-11 19:53:16','2020-02-11 19:53:16','Implementar o provider para consumir a api do real-time direto do gravitee','None',NULL,37,'scrum_performed_development_task',NULL),(1122,'061df15f357c4c79b123ca1663847745','2020-02-11 19:53:16','2020-02-11 19:53:16','Implementar a api do real-time','None','2018-12-11 19:50:31',37,'scrum_intented_development_task',NULL),(1123,'26fe09016f3d4d45b6000beb7aba6bf4','2020-02-11 19:53:17','2020-02-11 19:53:17','Implementar a api do real-time','None',NULL,37,'scrum_performed_development_task',NULL),(1124,'b9659464dc3d4c2b803386295b2b1a13','2020-02-11 19:53:18','2020-02-11 19:53:18','Integrar front-end com a api-realtime','None','2019-01-14 17:38:06',36,'scrum_intented_development_task',NULL),(1125,'a68a349196714d9a99785da883cbf2f5','2020-02-11 19:53:18','2020-02-11 19:53:18','Integrar front-end com a api-realtime','None',NULL,36,'scrum_performed_development_task',NULL),(1126,'bdb344d34e6e43dbbfc7a628cab7fe1e','2020-02-11 19:53:19','2020-02-11 19:53:19','Refatorar api-realtime, colocando pontos e itinerarios no mongo','None','2019-01-22 19:21:54',32,'scrum_intented_development_task',NULL),(1127,'4618ccb251db4ec385db659cf962d755','2020-02-11 19:53:19','2020-02-11 19:53:19','Refatorar api-realtime, colocando pontos e itinerarios no mongo','None',NULL,32,'scrum_performed_development_task',NULL),(1128,'d0c61d63441f4758855a188a43a95eb5','2020-02-11 19:53:20','2020-02-11 19:53:20','frontend - motrar uma classificação para os cargos','None','2019-01-22 19:45:52',7,'scrum_intented_development_task',NULL),(1129,'accc696b9afd479191e3c6b5f1d9b07d','2020-02-11 19:53:20','2020-02-11 19:53:21','frontend - motrar uma classificação para os cargos','None',NULL,7,'scrum_performed_development_task',NULL),(1130,'c4c6cedf2e03430584b17831584a59b4','2020-02-11 19:53:21','2020-02-11 19:53:21','fontend - mostrar uma classificação das areas','None','2019-01-22 19:45:14',7,'scrum_intented_development_task',NULL),(1131,'b99b8da6eb894c3c87b9b04da232d546','2020-02-11 19:53:22','2020-02-11 19:53:22','fontend - mostrar uma classificação das areas','None',NULL,7,'scrum_performed_development_task',NULL),(1132,'36d28e8d8489495280dbf3005b4d830d','2020-02-11 19:53:22','2020-02-11 19:53:22','criar dashboards para mostrar analises feitas','None','2019-01-24 13:56:59',73,'scrum_intented_development_task',NULL),(1133,'4ce07de134ce4456bf71b7e999b1a957','2020-02-11 19:53:22','2020-02-11 19:53:22','criar dashboards para mostrar analises feitas','None',NULL,73,'scrum_performed_development_task',NULL),(1134,'6b25116f635142f18fb0cab9eb280334','2020-02-11 19:53:22','2020-02-11 19:53:23','finalizar o relatorio com as analises feitas','None','2019-01-24 13:57:44',73,'scrum_intented_development_task',NULL),(1135,'34727b101b294d8480fcdb3332134b31','2020-02-11 19:53:23','2020-02-11 19:53:23','finalizar o relatorio com as analises feitas','None',NULL,73,'scrum_performed_development_task',NULL),(1136,'1cbe236c6dcd42eaa7d0f767cacf84fd','2020-02-11 19:53:23','2020-02-11 19:53:23','criar algumas analises','None','2019-01-24 13:57:10',73,'scrum_intented_development_task',NULL),(1137,'dfe34f7760834411b6a2299b2a895c72','2020-02-11 19:53:23','2020-02-11 19:53:23','criar algumas analises','None',NULL,73,'scrum_performed_development_task',NULL),(1138,'c746f38d7e8a41399ca0225f212050b9','2020-02-11 19:53:24','2020-02-11 19:53:24','solucionar o acúmulo de mensagens no Mensageiro','None','2019-01-14 17:40:24',36,'scrum_intented_development_task',NULL),(1139,'7daba62d2d0a4d388a88ed9fa220032b','2020-02-11 19:53:24','2020-02-11 19:53:24','solucionar o acúmulo de mensagens no Mensageiro','None',NULL,36,'scrum_performed_development_task',NULL),(1140,'b01a690171994971aa37db388479b6de','2020-02-11 19:53:24','2020-02-11 19:53:25','backend - devolver as areas e cargos do concurso','None','2019-01-22 19:44:12',7,'scrum_intented_development_task',NULL),(1141,'ebf41ffb5d0d4cb793eed47d5436f0fa','2020-02-11 19:53:25','2020-02-11 19:53:25','backend - devolver as areas e cargos do concurso','None',NULL,7,'scrum_performed_development_task',NULL),(1142,'e073be5e20604bad9d2d0a2f9f03060f','2020-02-11 19:53:25','2020-02-11 19:53:26','seguir checklist API-SELECAODT','None','2019-01-18 17:20:10',81,'scrum_intented_development_task',NULL),(1143,'37e403a5a13a4aa79a38161cbc864e01','2020-02-11 19:53:26','2020-02-11 19:53:26','seguir checklist API-SELECAODT','None',NULL,81,'scrum_performed_development_task',NULL),(1144,'fa6c0617502c4e249070751ad87135ab','2020-02-11 19:53:26','2020-02-11 19:53:26','Subir uma nova versão no rancher','None','2019-01-18 19:47:12',3,'scrum_intented_development_task',NULL),(1145,'afc57e7bb7394c2a97369e76d91dfcf2','2020-02-11 19:53:27','2020-02-11 19:53:27','Subir uma nova versão no rancher','None',NULL,3,'scrum_performed_development_task',NULL),(1146,'fb2a884abeaa43e09a221eff75e08f4b','2020-02-11 19:53:27','2020-02-11 19:53:27','configurar os TTLs do Mongo e do RabbitMQ','None','2019-01-14 17:42:52',36,'scrum_intented_development_task',NULL),(1147,'a52df9750040417a99e79a373232e8ef','2020-02-11 19:53:27','2020-02-11 19:53:27','configurar os TTLs do Mongo e do RabbitMQ','None',NULL,36,'scrum_performed_development_task',NULL),(1148,'be6683646c8f42c5b06f1c0307381705','2020-02-11 19:53:28','2020-02-11 19:53:28','Mocks no gravitee','None','2019-01-17 21:18:46',3,'scrum_intented_development_task',NULL),(1149,'e39a793d11d94405a8b151c154947ad9','2020-02-11 19:53:28','2020-02-11 19:53:28','Mocks no gravitee','None',NULL,3,'scrum_performed_development_task',NULL),(1150,'b330b26d3edd4abe9617fbdb4b3b8654','2020-02-11 19:53:28','2020-02-11 19:53:28','seguir checklist API-DETRAN DADOS GERAIS','None','2019-01-18 17:22:16',81,'scrum_intented_development_task',NULL),(1151,'f47894547fea49ae97f055b429d25671','2020-02-11 19:53:29','2020-02-11 19:53:29','seguir checklist API-DETRAN DADOS GERAIS','None',NULL,81,'scrum_performed_development_task',NULL),(1152,'8e3ea306ea744c3a9f65b6dd63602ecd','2020-02-11 19:53:29','2020-02-11 19:53:29','Usar o verdaccio na api','None','2019-01-18 16:11:18',3,'scrum_intented_development_task',NULL),(1153,'3bf92ff0ceb74fb589d806274a588825','2020-02-11 19:53:30','2020-02-11 19:53:30','Usar o verdaccio na api','None',NULL,3,'scrum_performed_development_task',NULL),(1154,'e10dae4e23454d1990308af26dddc51f','2020-02-11 19:53:30','2020-02-11 19:53:30','Refatorar api-realtime para retornar distancia','None','2019-01-17 19:41:21',32,'scrum_intented_development_task',NULL),(1155,'6c094459f17246e7a1db0c693185a91e','2020-02-11 19:53:30','2020-02-11 19:53:31','Refatorar api-realtime para retornar distancia','None',NULL,32,'scrum_performed_development_task',NULL),(1156,'858c39e996b3483baa6fc6e01daaba78','2020-02-11 19:53:31','2020-02-11 19:53:31','Validar por tipo: DPVATAnterior','None','2019-01-16 17:15:20',3,'scrum_intented_development_task',NULL),(1157,'f7fd74764711495bb98eb648d8649a6b','2020-02-11 19:53:31','2020-02-11 19:53:31','Validar por tipo: DPVATAnterior','None',NULL,3,'scrum_performed_development_task',NULL),(1158,'3f6b61671ee04ab1b04e7432f4bbcfc7','2020-02-11 19:53:32','2020-02-11 19:53:32','Validar por tipo: IPVAAnterior','None','2019-01-16 17:14:34',3,'scrum_intented_development_task',NULL),(1159,'46d5098a1f81406f9043f19c272bb491','2020-02-11 19:53:32','2020-02-11 19:53:32','Validar por tipo: IPVAAnterior','None',NULL,3,'scrum_performed_development_task',NULL),(1160,'69a8f87c60084ed287f61a3d918bc0a0','2020-02-11 19:53:32','2020-02-11 19:53:33','Solicitar à Prodest o SUB/UUID para o envio das mensagens via push notifications','None','2019-01-17 17:07:55',68,'scrum_intented_development_task',NULL),(1161,'1dd2b71cb8a24fd1859820d9ac032342','2020-02-11 19:53:33','2020-02-11 19:53:33','Solicitar à Prodest o SUB/UUID para o envio das mensagens via push notifications','None',NULL,68,'scrum_performed_development_task',NULL),(1162,'47608affe03d42048c1190e9053da6ea','2020-02-11 19:53:33','2020-02-11 19:53:33','Colocar em Produção','None','2018-11-14 15:26:40',71,'scrum_intented_development_task',NULL),(1163,'fb7b908c9058499f91b0b9ed296afd71','2020-02-11 19:53:33','2020-02-11 19:53:33','Colocar em Produção','None',NULL,71,'scrum_performed_development_task',NULL),(1164,'f756d503dc454309b557ce35fb7b501e','2020-02-11 19:53:33','2020-02-11 19:53:34','definir nome e descrição padrao para os planos','None','2019-01-16 16:56:21',81,'scrum_intented_development_task',NULL),(1165,'df651a29223945dd8cf1026e4dff4acb','2020-02-11 19:53:34','2020-02-11 19:53:34','definir nome e descrição padrao para os planos','None',NULL,81,'scrum_performed_development_task',NULL),(1166,'9addf4c397b14de79d2422ff4899e4c5','2020-02-11 19:53:34','2020-02-11 19:53:34','definir nome padrao para chamadas de apis. ex: /news ou /noticias ?','None','2019-01-16 17:02:20',81,'scrum_intented_development_task',NULL),(1167,'f4f140817a11465f931fbd988b3be522','2020-02-11 19:53:35','2020-02-11 19:53:35','definir nome padrao para chamadas de apis. ex: /news ou /noticias ?','None',NULL,81,'scrum_performed_development_task',NULL),(1168,'74fc49c711e24ec59b5dd250afd16159','2020-02-11 19:53:35','2020-02-11 19:53:35','Definir nome padrao para apis','None','2019-01-16 16:54:53',81,'scrum_intented_development_task',NULL),(1169,'fbf9174310fa474f92bba60aee5f410c','2020-02-11 19:53:36','2020-02-11 19:53:36','Definir nome padrao para apis','None',NULL,81,'scrum_performed_development_task',NULL),(1170,'034fc5b52ddd402c86f1fff32a809ed9','2020-02-11 19:53:36','2020-02-11 19:53:36','definir descrição padrao para apis','None','2019-01-16 16:55:07',81,'scrum_intented_development_task',NULL),(1171,'b4f921c6e74b41fb87de7f8acbf770b1','2020-02-11 19:53:36','2020-02-11 19:53:36','definir descrição padrao para apis','None',NULL,81,'scrum_performed_development_task',NULL),(1172,'5faf9ddd6e5d47f8bf9327411ccafd7b','2020-02-11 19:53:37','2020-02-11 19:53:37','implementar scroll','None','2018-11-01 19:47:25',85,'scrum_intented_development_task',NULL),(1173,'35aad15e4cce4ce386f2af1bd6466d17','2020-02-11 19:53:37','2020-02-11 19:53:37','implementar scroll','None',NULL,85,'scrum_performed_development_task',NULL),(1174,'818d8a09c4044f9f9f24a8ca42a4db29','2020-02-11 19:53:37','2020-02-11 19:53:38','implementar pagina colaboradores no site ESPM','None','2018-11-21 16:07:35',85,'scrum_intented_development_task',NULL),(1175,'5ca07ae350d84ff1bc230876e88ef998','2020-02-11 19:53:38','2020-02-11 19:53:38','implementar pagina colaboradores no site ESPM','None',NULL,85,'scrum_performed_development_task',NULL),(1176,'7aa845b7cec74911ac08a163a2bfa886','2020-02-11 19:53:38','2020-02-11 19:53:39','Teste unitario','None','2019-01-14 18:07:20',3,'scrum_intented_development_task',NULL),(1177,'5fe51820e9474eca8143b90b1d45aaa8','2020-02-11 19:53:39','2020-02-11 19:53:39','Teste unitario','None',NULL,3,'scrum_performed_development_task',NULL),(1178,'82ada62421c54ab4a68206ff603a21bc','2020-02-11 19:53:39','2020-02-11 19:53:39','Criar mocks','None','2019-01-14 18:07:05',3,'scrum_intented_development_task',NULL),(1179,'488a9953332b4c7fa79f40df214bb9fe','2020-02-11 19:53:40','2020-02-11 19:53:40','Criar mocks','None',NULL,3,'scrum_performed_development_task',NULL),(1180,'f407c398ae42462199019d5e02084119','2020-02-11 19:53:40','2020-02-11 19:53:40','Criar cucumber dessa historia de usuario','None','2019-01-14 18:03:54',3,'scrum_intented_development_task',NULL),(1181,'a64033ad435b419ab86a1096ccc71cbd','2020-02-11 19:53:40','2020-02-11 19:53:40','Criar cucumber dessa historia de usuario','None',NULL,3,'scrum_performed_development_task',NULL),(1182,'a38bb9349ced4940a282de770f705c3e','2020-02-11 19:53:41','2020-02-11 19:53:41','Retirar as parcelas do ipva quando estiver a cota unica','None','2019-01-14 18:03:29',3,'scrum_intented_development_task',NULL),(1183,'c56f3759247a41c3a1748e8d87d90100','2020-02-11 19:53:41','2020-02-11 19:53:41','Retirar as parcelas do ipva quando estiver a cota unica','None',NULL,3,'scrum_performed_development_task',NULL),(1184,'41b427edd6c040648df0cb0e5d45c7ce','2020-02-11 19:53:41','2020-02-11 19:53:41','Subir api para desenvolvimento','None','2019-01-14 17:38:38',36,'scrum_intented_development_task',NULL),(1185,'7340f243895b41a7b9013d2d12db7128','2020-02-11 19:53:42','2020-02-11 19:53:42','Subir api para desenvolvimento','None',NULL,36,'scrum_performed_development_task',NULL),(1186,'590f85982bd2429291f00c6cd6581520','2020-02-11 19:53:42','2020-02-11 19:53:43','Integrar api-realtime com o banco mongo do rancher','None','2019-01-14 17:37:46',36,'scrum_intented_development_task',NULL),(1187,'161ecad278114ab3a3faf6cb40edaa1d','2020-02-11 19:53:43','2020-02-11 19:53:43','Integrar api-realtime com o banco mongo do rancher','None',NULL,36,'scrum_performed_development_task',NULL),(1188,'1d451b79ff1a427d9ed8328d024840fc','2020-02-11 19:53:44','2020-02-11 19:53:44','Subir api para produção','None','2019-01-14 17:39:30',36,'scrum_intented_development_task',NULL),(1189,'02077db059a048b083f4c76928d5a77e','2020-02-11 19:53:44','2020-02-11 19:53:44','Modificar a planilha expressar melhor a velocidade do time','None','2019-01-14 15:47:37',54,'scrum_intented_development_task',NULL),(1190,'936481457c6d40aeb15da43d049c3dd8','2020-02-11 19:53:45','2020-02-11 19:53:45','Modificar a planilha expressar melhor a velocidade do time','None',NULL,54,'scrum_performed_development_task',NULL),(1191,'34a9a1187c3747119a520248bc6341c3','2020-02-11 19:53:45','2020-02-11 19:53:45','Ensinar o uso do Cycle time no projeto.','None','2019-01-14 15:50:22',54,'scrum_intented_development_task',NULL),(1192,'1be8a76e1b1d4475a3f64d31fa651b7e','2020-02-11 19:53:45','2020-02-11 19:53:45','Adicionar o Cycle time na planilha','None','2019-01-14 15:50:08',54,'scrum_intented_development_task',NULL),(1193,'3778be6b6bb64ca0bf54e7668bb67916','2020-02-11 19:53:45','2020-02-11 19:53:45','Ensinar o uso do WIP','None','2019-01-14 15:49:43',54,'scrum_intented_development_task',NULL),(1194,'65a1b357851e4174ab17997d3a6b1f92','2020-02-11 19:53:46','2020-02-11 19:53:46','Melhorar a planilha para expressar melhor o WIP do time.','None','2019-01-14 15:48:49',54,'scrum_intented_development_task',NULL),(1195,'4baf52dbcacf4adf8b40417c7e0d77f3','2020-02-11 19:53:46','2020-02-11 19:53:46','Ensinar o uso da velocidade para a seleção de histórias de usuário','None','2019-01-14 15:48:19',54,'scrum_intented_development_task',NULL),(1196,'326a23c39be544f884c9778bc64add66','2020-02-11 19:53:46','2020-02-11 19:53:46','Escrever o Relatório do Projeto','None','2019-01-10 17:43:16',3,'scrum_intented_development_task',NULL),(1197,'7dc33b8fcaf84694ad2746cc7db53bdb','2020-02-11 19:53:46','2020-02-11 19:53:46','Escrever o Relatório do Projeto','None',NULL,3,'scrum_performed_development_task',NULL),(1198,'8cea0f88affb4b3dad2558fd47a6d65e','2020-02-11 19:53:47','2020-02-11 19:53:47','funcionalidades das routes APIs','None','2018-12-13 18:46:27',85,'scrum_intented_development_task',NULL),(1199,'33cb34122256413ea228f22d4fb813c7','2020-02-11 19:53:47','2020-02-11 19:53:47','funcionalidades das routes APIs','None',NULL,85,'scrum_performed_development_task',NULL),(1200,'2006c641402340258aaccb3d95f173a0','2020-02-11 19:53:48','2020-02-11 19:53:48','Organizar o repositório de containers de infra e subir os containers que usamos.','None','2019-01-10 17:51:09',36,'scrum_intented_development_task',NULL),(1201,'d5e60b6dd792435f8e87ed8d00b987e9','2020-02-11 19:53:48','2020-02-11 19:53:48','Organizar o repositório de containers de infra e subir os containers que usamos.','None',NULL,36,'scrum_performed_development_task',NULL),(1202,'c04a4788dd204605bf2c56cce607e26f','2020-02-11 19:53:48','2020-02-11 19:53:48','configurar emails do suporte','None','2018-10-17 20:57:25',81,'scrum_intented_development_task',NULL),(1203,'32a46668960a46fda14e12704b7183c0','2020-02-11 19:53:48','2020-02-11 19:53:48','configurar emails do suporte','None',NULL,81,'scrum_performed_development_task',NULL),(1204,'17bf227b7f6744f58ca8ae10f0cba9d2','2020-02-11 19:53:48','2020-02-11 19:53:49','preparar um ambiente de homologação','None','2018-11-08 15:54:04',81,'scrum_intented_development_task',NULL),(1205,'f2dd833a652d47e7ae4d95c337d37863','2020-02-11 19:53:49','2020-02-11 19:53:49','preparar um ambiente de homologação','None',NULL,81,'scrum_performed_development_task',NULL),(1206,'317c91b8ef7545f6b9e66eafc655c675','2020-02-11 19:53:49','2020-02-11 19:53:49','Cadastrar a API DIO','None','2018-12-14 09:42:23',80,'scrum_intented_development_task',NULL),(1207,'0286cc7b06a74502be9d6453cbdde34a','2020-02-11 19:53:49','2020-02-11 19:53:49','Cadastrar a API DIO','None',NULL,80,'scrum_performed_development_task',NULL),(1208,'657e23ba763c436ca10519565ea4540b','2020-02-11 19:53:50','2020-02-11 19:53:50','Implementar um banco em MongoDB com dados expirando de 30 em 30 segundos','None','2018-11-13 19:22:04',36,'scrum_intented_development_task',NULL),(1209,'db1d881d7d304d2897ea7de2606adf40','2020-02-11 19:53:50','2020-02-11 19:53:50','Implementar um banco em MongoDB com dados expirando de 30 em 30 segundos','None',NULL,36,'scrum_performed_development_task',NULL),(1210,'7a5ca21831d446bbb50d9cd0471a374a','2020-02-11 19:53:51','2020-02-11 19:53:51','Criar planos no gravitee','None','2018-12-14 19:22:59',3,'scrum_intented_development_task',NULL),(1211,'805e104151634142a9344dbd5f7ad7b4','2020-02-11 19:53:51','2020-02-11 19:53:51','Criar planos no gravitee','None',NULL,3,'scrum_performed_development_task',NULL),(1212,'e856fe3948f64b9685f8be378ed22cd5','2020-02-11 19:53:51','2020-02-11 19:53:51','Valida por tipo: Multa','None','2018-12-20 17:30:26',3,'scrum_intented_development_task',NULL),(1213,'dc175405627242498cf6d90a609a26b7','2020-02-11 19:53:51','2020-02-11 19:53:52','Valida por tipo: Multa','None',NULL,3,'scrum_performed_development_task',NULL),(1214,'3797fdea3b194fdbb20790e7d23d3665','2020-02-11 19:53:52','2020-02-11 19:53:52','Criar teste (unitario)','None','2018-12-14 19:16:19',3,'scrum_intented_development_task',NULL),(1215,'54d2fd25e5804ae09705d37e06765178','2020-02-11 19:53:52','2020-02-11 19:53:52','Criar teste (unitario)','None',NULL,3,'scrum_performed_development_task',NULL),(1216,'23beb9fa0a1241e4bf73ccec3a3640aa','2020-02-11 19:53:53','2020-02-11 19:53:53','Criar teste (mocks)','None','2018-12-14 19:16:01',3,'scrum_intented_development_task',NULL),(1217,'8877c450bd504a8c86351b4591655d5e','2020-02-11 19:53:53','2020-02-11 19:53:53','Criar teste (mocks)','None',NULL,3,'scrum_performed_development_task',NULL),(1218,'56787e95910642cbaf5633d187a95a01','2020-02-11 19:53:53','2020-02-11 19:53:53','Configurar email para os casos de erro no job abastece_banco','None','2018-12-20 16:25:36',72,'scrum_intented_development_task',NULL),(1219,'ee6215a934bd477aa0bacd4e6736c5c7','2020-02-11 19:53:54','2020-02-11 19:53:54','Configurar email para os casos de erro no job abastece_banco','None',NULL,72,'scrum_performed_development_task',NULL),(1220,'2ce6a202782646b78aab18f806f5c618','2020-02-11 19:53:54','2020-02-11 19:53:54','Criar imagem docker para rodar o PDI','None','2018-12-20 11:08:33',72,'scrum_intented_development_task',NULL),(1221,'fac40ec8948642cab20e94d1a3e9d255','2020-02-11 19:53:54','2020-02-11 19:53:54','Criar imagem docker para rodar o PDI','None',NULL,72,'scrum_performed_development_task',NULL),(1222,'9fe37ed2ace7460e897506030011f5e2','2020-02-11 19:53:55','2020-02-11 19:53:55','Alterar o endpoint do real-time para /veiculos/:ponto','O endpoint não terá mais um raio como parâmetro. em vez disso, usará um raio fixo de 2km.<div>O endpoint listará TODOS os veículos dentro do raio de 2km.</div><div>O retorno será:<br>{ Linha, itinerario, distancia e horario da consulta }</div>','2018-12-10 18:54:52',36,'scrum_intented_development_task',NULL),(1223,'0dd673761a7b409a9e9eb26570f2c058','2020-02-11 19:53:55','2020-02-11 19:53:55','Alterar o endpoint do real-time para /veiculos/:ponto','O endpoint não terá mais um raio como parâmetro. em vez disso, usará um raio fixo de 2km.<div>O endpoint listará TODOS os veículos dentro do raio de 2km.</div><div>O retorno será:<br>{ Linha, itinerario, distancia e horario da consulta }</div>',NULL,36,'scrum_performed_development_task',NULL),(1224,'8b2868c9eddc4868b2c0164ab3d4ae7b','2020-02-11 19:53:55','2020-02-11 19:53:56','definir uma descrição padrão para todas as apis','None','2018-12-19 21:03:34',81,'scrum_intented_development_task',NULL),(1225,'775377e0b0f34ee99837fa3882d0d304','2020-02-11 19:53:56','2020-02-11 19:53:56','Validar por tipo: DPVAT','None','2018-12-14 19:21:00',3,'scrum_intented_development_task',NULL),(1226,'f4c09b8584a6484d806fe919dbc0bd2d','2020-02-11 19:53:56','2020-02-11 19:53:56','Validar por tipo: DPVAT','None',NULL,3,'scrum_performed_development_task',NULL),(1227,'4bde002c29d941fb808967e8cb26cc2d','2020-02-11 19:53:56','2020-02-11 19:53:56','Validar por tipo: IPVA','None','2018-12-14 19:20:46',3,'scrum_intented_development_task',NULL),(1228,'1b444dc4fea1419fbddcdfa22d46794e','2020-02-11 19:53:57','2020-02-11 19:53:57','Validar por tipo: IPVA','None',NULL,3,'scrum_performed_development_task',NULL),(1229,'06b6f2f288d2466b9e68d32885871b19','2020-02-11 19:53:57','2020-02-11 19:53:57','Corrigir carga de shapes','None','2018-12-19 18:12:15',37,'scrum_intented_development_task',NULL),(1230,'c3f185721fe940a9b0bc9babf8085a2b','2020-02-11 19:53:57','2020-02-11 19:53:57','Corrigir carga de shapes','None',NULL,37,'scrum_performed_development_task',NULL),(1231,'ecdf5e90de304d96bbcd8dacdb0b44b6','2020-02-11 19:53:58','2020-02-11 19:53:58','Fazer backup do banco','None','2018-12-10 18:28:29',68,'scrum_intented_development_task',NULL),(1232,'48a08d92fc0c460b80e9533eb94e2777','2020-02-11 19:53:58','2020-02-11 19:53:58','Fazer backup do banco','None',NULL,68,'scrum_performed_development_task',NULL),(1233,'e5283db89df544deac61543ed158fe6f','2020-02-11 19:53:58','2020-02-11 19:53:58','Criar as Transformações para abastecer a tabela concurso_contato','None','2018-12-06 18:22:12',72,'scrum_intented_development_task',NULL),(1234,'5b7246f99ae04a76b324acaf0ca5755f','2020-02-11 19:53:59','2020-02-11 19:53:59','Criar as Transformações para abastecer a tabela concurso_contato','None',NULL,72,'scrum_performed_development_task',NULL),(1235,'ba23dccb29ae415d8b06e96655cc1584','2020-02-11 19:53:59','2020-02-11 19:53:59','Criar as Transformações para abastecer a tabela pessoa_contato','None','2018-12-06 18:20:19',72,'scrum_intented_development_task',NULL),(1236,'d24533cddaec4c4893bffabe74e8d484','2020-02-11 19:54:00','2020-02-11 19:54:00','Criar as Transformações para abastecer a tabela pessoa_contato','None',NULL,72,'scrum_performed_development_task',NULL),(1237,'59571b4849e44e4d8f8d50ab3bfbb686','2020-02-11 19:54:00','2020-02-11 19:54:00','Gerar build em dev','- Setar schedule do Trigger: Mensal, dia 01, 01:00h<br>- Setar schedule do Orquestrador: Semanal, Sábado, 01:01h<br>- Corrigir fluxo do Orquestrador<br>- Corrigir fluxo do PublicaçãoGTFS<br>','2018-12-03 22:19:03',37,'scrum_intented_development_task',NULL),(1238,'07788eba583140fb8ce90a411d9e97b9','2020-02-11 19:54:01','2020-02-11 19:54:01','Gerar build em dev','- Setar schedule do Trigger: Mensal, dia 01, 01:00h<br>- Setar schedule do Orquestrador: Semanal, Sábado, 01:01h<br>- Corrigir fluxo do Orquestrador<br>- Corrigir fluxo do PublicaçãoGTFS<br>',NULL,37,'scrum_performed_development_task',NULL),(1239,'9c83ec970e934730b15c92ae4fd056cc','2020-02-11 19:54:01','2020-02-11 19:54:01','Criar as Transformações para abastecer a tabela contato','None','2018-12-06 18:22:58',72,'scrum_intented_development_task',NULL),(1240,'143904dd80304ae5a5b0aa21b03b1372','2020-02-11 19:54:01','2020-02-11 19:54:01','Criar as Transformações para abastecer a tabela contato','None',NULL,72,'scrum_performed_development_task',NULL),(1241,'1cbf7de291464eb0a4474a48a6d89cbb','2020-02-11 19:54:02','2020-02-11 19:54:02','Criar as Transformações para abastecer a tabela tipo_contato','None','2018-12-18 18:33:49',72,'scrum_intented_development_task',NULL),(1242,'d3cef054b21d489f9fdba5abc4adad51','2020-02-11 19:54:02','2020-02-11 19:54:02','Criar as Transformações para abastecer a tabela tipo_contato','None',NULL,72,'scrum_performed_development_task',NULL),(1243,'2d71eed02dac4a59a6519817f955e09e','2020-02-11 19:54:02','2020-02-11 19:54:02','Validar por tipoDebito: LicenciamentoAnterior','None','2018-12-14 19:20:15',3,'scrum_intented_development_task',NULL),(1244,'ef26dd290d204726b033e142e1243eaa','2020-02-11 19:54:03','2020-02-11 19:54:03','Validar por tipoDebito: LicenciamentoAnterior','None',NULL,3,'scrum_performed_development_task',NULL),(1245,'982ecbfea2f04351b75ac27ef244b856','2020-02-11 19:54:03','2020-02-11 19:54:03','Validar por tipoDebito: LicenciamentoExercicio','None','2018-12-14 19:19:31',3,'scrum_intented_development_task',NULL),(1246,'abe039fffcfc4046aa79c2989b51c36c','2020-02-11 19:54:03','2020-02-11 19:54:03','Validar por tipoDebito: LicenciamentoExercicio','None',NULL,3,'scrum_performed_development_task',NULL),(1247,'d288e3fde6514fa98308588c2d9e36c6','2020-02-11 19:54:04','2020-02-11 19:54:04','desenvolver um novo popMQ para o Mongo, o \'PopMongo\'','None','2018-12-10 18:55:59',36,'scrum_intented_development_task',NULL),(1248,'862f430833bc4f4e9042b62a565956db','2020-02-11 19:54:04','2020-02-11 19:54:04','desenvolver um novo popMQ para o Mongo, o \'PopMongo\'','None',NULL,36,'scrum_performed_development_task',NULL),(1249,'35cdd9bc8ad64c3094761eb4245903ab','2020-02-11 19:54:04','2020-02-11 19:54:04','Planejar os endpoints necessários','None','2018-11-14 15:09:59',35,'scrum_intented_development_task',NULL),(1250,'798f8657f2104a31961f4bf84e1c46ae','2020-02-11 19:54:05','2020-02-11 19:54:05','Planejar os endpoints necessários','None',NULL,35,'scrum_performed_development_task',NULL),(1251,'f39274bb29a544b49b66dcb0613eb156','2020-02-11 19:54:05','2020-02-11 19:54:05','Adicionar Tags do Swagger','None','2018-12-14 19:18:10',3,'scrum_intented_development_task',NULL),(1252,'1707f7d994b344b2b60ac1a6a913c7fb','2020-02-11 19:54:05','2020-02-11 19:54:05','Adicionar Tags do Swagger','None',NULL,3,'scrum_performed_development_task',NULL),(1253,'491a50ea36594fcc919f1ccc9f6f167a','2020-02-11 19:54:06','2020-02-11 19:54:06','Implementar endpoint','None','2018-12-14 19:18:28',3,'scrum_intented_development_task',NULL),(1254,'944f7fbaa7c541dda821e7fd859c3e88','2020-02-11 19:54:06','2020-02-11 19:54:06','Implementar endpoint','None',NULL,3,'scrum_performed_development_task',NULL),(1255,'b7ca0854a1fc43e3875fbd3513acbcbd','2020-02-11 19:54:07','2020-02-11 19:54:07','Configurar mock da api do real-time no gravitee','None','2018-12-11 19:53:16',37,'scrum_intented_development_task',NULL),(1256,'9dc477402ff3409fa242506738fe03de','2020-02-11 19:54:07','2020-02-11 19:54:07','Configurar mock da api do real-time no gravitee','None',NULL,37,'scrum_performed_development_task',NULL),(1257,'cb15832f3ebc47618f8e98ea32bfb049','2020-02-11 19:54:07','2020-02-11 19:54:07','Inserir informações do email da Prodest','None','2018-12-07 19:59:35',68,'scrum_intented_development_task',NULL),(1258,'09a17d3b6371454e91861b0f28c025b2','2020-02-11 19:54:08','2020-02-11 19:54:08','Inserir informações do email da Prodest','None',NULL,68,'scrum_performed_development_task',NULL),(1259,'379c2514d54343ac87c562dee184fd4a','2020-02-11 19:54:08','2020-02-11 19:54:08','Fazer um processo do que é necessário para falar que uma  API está pronta no gravitee','None','2018-12-14 09:44:50',80,'scrum_intented_development_task',NULL),(1260,'9cdc547e77754fdfa8bf1d9894ff85e3','2020-02-11 19:54:08','2020-02-11 19:54:09','Cadastrar API Shiares','None','2018-12-14 09:43:16',80,'scrum_intented_development_task',NULL),(1261,'d76697b742fd47cd84eb9cd8a8d485b7','2020-02-11 19:54:09','2020-02-11 19:54:09','Cadastrar a API  Noticias','None','2018-12-14 09:42:43',80,'scrum_intented_development_task',NULL),(1262,'01943745f82645f6b4c2c66c58eb0d4a','2020-02-11 19:54:09','2020-02-11 19:54:09','Cadastrar a API Calendários','None','2018-12-14 09:42:39',80,'scrum_intented_development_task',NULL),(1263,'035e33596c314b589334fa98e169af1b','2020-02-11 19:54:09','2020-02-11 19:54:09','Cadastrar a API Trasparencia','None','2018-12-14 09:42:32',80,'scrum_intented_development_task',NULL),(1264,'3abd56b64a8846c28730f3a9ebef4b0f','2020-02-11 19:54:10','2020-02-11 19:54:10','Implementar as modificações no App - Linkar front com back','None','2018-11-14 15:10:19',35,'scrum_intented_development_task',NULL),(1265,'760630d7549849f49ef17aaa8a97d41b','2020-02-11 19:54:10','2020-02-11 19:54:10','Implementar as modificações no App - Linkar front com back','None',NULL,35,'scrum_performed_development_task',NULL),(1266,'bfdb8ab95c50448c958ce6b0f6fb4ace','2020-02-11 19:54:10','2020-02-11 19:54:10','Usar o banco de produção.','None','2018-12-13 19:13:03',7,'scrum_intented_development_task',NULL),(1267,'88923a0f2d99402e8d6d7c1bd6886363','2020-02-11 19:54:11','2020-02-11 19:54:11','Usar o banco de produção.','None',NULL,7,'scrum_performed_development_task',NULL),(1268,'4475fa1730c74064ac6937bfc63ce334','2020-02-11 19:54:11','2020-02-11 19:54:11','Minha PR tem que ser aceita','None','2018-12-13 19:12:43',7,'scrum_intented_development_task',NULL),(1269,'2f0011411ccd41d78d3fd61f3514bd9f','2020-02-11 19:54:11','2020-02-11 19:54:12','Minha PR tem que ser aceita','None',NULL,7,'scrum_performed_development_task',NULL),(1270,'d1dd4e2424774988b0b3009e586d99fb','2020-02-11 19:54:12','2020-02-11 19:54:12','configurar o Mensageiro para replicar o conteudo da geocontrol em duas filas','None','2018-12-10 18:53:47',36,'scrum_intented_development_task',NULL),(1271,'8515d22afd36441ba8f3554b67c25b89','2020-02-11 19:54:12','2020-02-11 19:54:13','configurar o Mensageiro para replicar o conteudo da geocontrol em duas filas','None',NULL,36,'scrum_performed_development_task',NULL),(1272,'f06d5ab02cf946fc86246f6420c8eea3','2020-02-11 19:54:13','2020-02-11 19:54:13','Nova regra de rede para liberar o acesso ao ambiente de produção do WSIB','None','2018-12-10 20:50:04',3,'scrum_intented_development_task',NULL),(1273,'c7b081244265431ea90728087b3249d6','2020-02-11 19:54:13','2020-02-11 19:54:13','Nova regra de rede para liberar o acesso ao ambiente de produção do WSIB','None',NULL,3,'scrum_performed_development_task',NULL),(1274,'8f1260702e444f12830296d443677952','2020-02-11 19:54:14','2020-02-11 19:54:14','Deploy de um containner no rancher funcionando','None','2018-12-10 19:11:02',3,'scrum_intented_development_task',NULL),(1275,'abd096a4d5f54316b4a9805c4ed847de','2020-02-11 19:54:14','2020-02-11 19:54:14','Deploy de um containner no rancher funcionando','None',NULL,3,'scrum_performed_development_task',NULL),(1276,'1b0ce92c0c704b0789db527fc0a317ad','2020-02-11 19:54:14','2020-02-11 19:54:15','Inserir HTML ao corpo de email','None','2018-11-27 16:30:22',68,'scrum_intented_development_task',NULL),(1277,'d7caf0d0e2064607b30169201e6ad41f','2020-02-11 19:54:15','2020-02-11 19:54:15','Inserir HTML ao corpo de email','None',NULL,68,'scrum_performed_development_task',NULL),(1278,'343141812f694a2c90ec1930eb979206','2020-02-11 19:54:15','2020-02-11 19:54:15','Revisar as variáveis de ambiente do produtor e consumidor','None','2018-12-10 18:27:45',68,'scrum_intented_development_task',NULL),(1279,'8ee3bc0dc5c54478be2e0120a2656196','2020-02-11 19:54:16','2020-02-11 19:54:16','Revisar as variáveis de ambiente do produtor e consumidor','None',NULL,68,'scrum_performed_development_task',NULL),(1280,'99b4d673448c41ad838032a9a69eb094','2020-02-11 19:54:16','2020-02-11 19:54:16','Montar corpo de email','None','2018-12-10 18:26:35',68,'scrum_intented_development_task',NULL),(1281,'fb3adde9ac564be1b4940ef4912c2a7e','2020-02-11 19:54:16','2020-02-11 19:54:16','Montar corpo de email','None',NULL,68,'scrum_performed_development_task',NULL),(1282,'9aead72e81774ec1bf72d6c201c18cc1','2020-02-11 19:54:17','2020-02-11 19:54:17','Descrever como é o formato de dados necessários para gerar os relatórios automáticos','None','2018-12-13 12:31:59',54,'scrum_intented_development_task',NULL),(1283,'25f2d67ce5584fb8b4c9994b294af647','2020-02-11 19:54:17','2020-02-11 19:54:17','Generalizar a solução para todos os time e tarefas/.','None','2018-12-13 12:32:27',54,'scrum_intented_development_task',NULL),(1284,'999aa9ebb2f143c4b9ff71a978092998','2020-02-11 19:54:17','2020-02-11 19:54:17','Criar a classe de integração com Clockify','None','2018-12-12 23:47:24',54,'scrum_intented_development_task',NULL),(1285,'b007354e249743d9960b98f14f4b679f','2020-02-11 19:54:18','2020-02-11 19:54:18','Criar a classe de integração com Clockify','None',NULL,54,'scrum_performed_development_task',NULL),(1286,'5d8f7d9f212b41bc9b8aefe17df44240','2020-02-11 19:54:18','2020-02-11 19:54:18','Gerar relatórios','None','2018-12-13 12:24:32',54,'scrum_intented_development_task',NULL),(1287,'91796e5f992a4107b77ebebe9c87a5d9','2020-02-11 19:54:18','2020-02-11 19:54:18','Gerar relatórios','None',NULL,54,'scrum_performed_development_task',NULL),(1288,'66bec383ecba4305ade4a183b48133fc','2020-02-11 19:54:19','2020-02-11 19:54:19','Subir para o Heroku','None','2018-12-12 13:41:01',54,'scrum_intented_development_task',NULL),(1289,'c9a3f53de36b48a498612a84e89b40e9','2020-02-11 19:54:19','2020-02-11 19:54:19','Subir para o Heroku','None',NULL,54,'scrum_performed_development_task',NULL),(1290,'37e86a8484a440ed9de28df2a5d24993','2020-02-11 19:54:19','2020-02-11 19:54:19','Integrar com a fila do Rabbitmq','None','2018-12-12 13:40:42',54,'scrum_intented_development_task',NULL),(1291,'d83a6f69937f45ba9b0ab3d926ff2a37','2020-02-11 19:54:19','2020-02-11 19:54:19','Integrar com a fila do Rabbitmq','None',NULL,54,'scrum_performed_development_task',NULL),(1292,'a0f50bf1e6354040b7014774235bac6f','2020-02-11 19:54:19','2020-02-11 19:54:20','Criar o WebService','None','2018-12-12 13:40:19',54,'scrum_intented_development_task',NULL),(1293,'a24cc17f0b7344d59683e0e222012796','2020-02-11 19:54:20','2020-02-11 19:54:20','Criar o WebService','None',NULL,54,'scrum_performed_development_task',NULL),(1294,'dec012d1b11f40cbaa06cf1c7ecaa809','2020-02-11 19:54:20','2020-02-11 19:54:20','Colocar em produção','None','2018-12-03 22:19:18',37,'scrum_intented_development_task',NULL),(1295,'f036c8741e7f4e19aa9467d3962950da','2020-02-11 19:54:20','2020-02-11 19:54:20','Colocar em produção','None',NULL,37,'scrum_performed_development_task',NULL),(1296,'e01b48295bbf400e87eb7419502e7ce0','2020-02-11 19:54:20','2020-02-11 19:54:21','Fazer um pull request para o Github do projeto. ','<div>Realizar um pull Request para o github com o seguinte contéudo:</div><div><ul><li>Um exemplo do banco de dados populado com poucos dados (10 linhas)</li><li>Readme documentado com o seguinte conteúdo:</li><ul><li>Lista das tecnologias e seus usos</li><li>Modelo explicando o banco de dados</li><li>Contato do desenvolvedor</li></ul></ul><div><br></div></div>','2018-11-14 15:06:05',35,'scrum_intented_development_task',NULL),(1297,'010f5cd1568f4a37a6dba30a5d893020','2020-02-11 19:54:21','2020-02-11 19:54:21','Fazer um pull request para o Github do projeto. ','<div>Realizar um pull Request para o github com o seguinte contéudo:</div><div><ul><li>Um exemplo do banco de dados populado com poucos dados (10 linhas)</li><li>Readme documentado com o seguinte conteúdo:</li><ul><li>Lista das tecnologias e seus usos</li><li>Modelo explicando o banco de dados</li><li>Contato do desenvolvedor</li></ul></ul><div><br></div></div>',NULL,35,'scrum_performed_development_task',NULL),(1298,'bf993be3c03f4653acb952a18b66971a','2020-02-11 19:54:21','2020-02-11 19:54:21','Montar o job para organizar as transformações que abastecem o banco.','None','2018-12-07 15:47:41',72,'scrum_intented_development_task',NULL),(1299,'ea4ec06ae56d4895a60a24ca320fd498','2020-02-11 19:54:21','2020-02-11 19:54:21','Montar o job para organizar as transformações que abastecem o banco.','None',NULL,72,'scrum_performed_development_task',NULL),(1300,'d860e75470104ebfabadb4a23534528c','2020-02-11 19:54:22','2020-02-11 19:54:22','Criar as Transformações para abastecer a tabela Pessoa_Endereco','None','2018-12-07 17:31:48',72,'scrum_intented_development_task',NULL),(1301,'d2a71aeeb2d9454fb4186a5e72caf69f','2020-02-11 19:54:22','2020-02-11 19:54:22','Criar as Transformações para abastecer a tabela Pessoa_Endereco','None',NULL,72,'scrum_performed_development_task',NULL),(1302,'a84d5c10832b4a679893d64b3e17dada','2020-02-11 19:54:22','2020-02-11 19:54:23','testes da api','None','2018-12-03 14:50:35',7,'scrum_intented_development_task',NULL),(1303,'4840f676955a4eb78da904f804dbb301','2020-02-11 19:54:23','2020-02-11 19:54:23','testes da api','None',NULL,7,'scrum_performed_development_task',NULL),(1304,'9fbd1ec223af4478a129278e03919faa','2020-02-11 19:54:23','2020-02-11 19:54:23','Criar as Transformações para abastecer a tabela Endereco','None','2018-12-07 17:31:40',72,'scrum_intented_development_task',NULL),(1305,'492a9f7e87ba46129955a3ad97d82a61','2020-02-11 19:54:23','2020-02-11 19:54:24','Criar as Transformações para abastecer a tabela Endereco','None',NULL,72,'scrum_performed_development_task',NULL),(1306,'1e6d22d2ce8c446c9fba885a18b0e03c','2020-02-11 19:54:24','2020-02-11 19:54:24','Criar as Transformações para abastecer a tabela Pessoa','None','2018-11-27 16:30:13',72,'scrum_intented_development_task',NULL),(1307,'d7c70ead0306410daac8d54908c88f44','2020-02-11 19:54:25','2020-02-11 19:54:25','Criar as Transformações para abastecer a tabela Pessoa','None',NULL,72,'scrum_performed_development_task',NULL),(1308,'c8a4282d15cd49b2b87fa5c022b66304','2020-02-11 19:54:25','2020-02-11 19:54:25','Criar as Transformações para abastecer a tabela pessoa_escolaridade','None','2018-12-06 18:20:39',72,'scrum_intented_development_task',NULL),(1309,'08d86dfafba442b5a1be6a905e8ad683','2020-02-11 19:54:25','2020-02-11 19:54:25','Criar as Transformações para abastecer a tabela pessoa_escolaridade','None',NULL,72,'scrum_performed_development_task',NULL),(1310,'11941f9f08564725a2b8a2f83947c689','2020-02-11 19:54:25','2020-02-11 19:54:25','Criar as Transformações para abastecer a tabela tipo_documento','None','2018-12-06 18:20:49',72,'scrum_intented_development_task',NULL),(1311,'f0b3e309dfdf46848b6b7ccece0ee20a','2020-02-11 19:54:26','2020-02-11 19:54:26','Criar as Transformações para abastecer a tabela tipo_documento','None',NULL,72,'scrum_performed_development_task',NULL),(1312,'87bfd70355fe4ae981a00942bbf57adc','2020-02-11 19:54:26','2020-02-11 19:54:26','Criar as Transformações para abastecer a tabela pessoa_estadocivil','None','2018-12-06 18:21:45',72,'scrum_intented_development_task',NULL),(1313,'37a44b2046dc4079807ea0aa1bd236f6','2020-02-11 19:54:27','2020-02-11 19:54:27','Criar as Transformações para abastecer a tabela pessoa_estadocivil','None',NULL,72,'scrum_performed_development_task',NULL),(1314,'2af59dda211646cbb5336697d14edd5b','2020-02-11 19:54:27','2020-02-11 19:54:27','Criar as Transformações para abastecer a tabela concurso','None','2018-11-14 15:28:27',71,'scrum_intented_development_task',NULL),(1315,'1d711298121949cd952452ce86a5475a','2020-02-11 19:54:27','2020-02-11 19:54:27','Criar as Transformações para abastecer a tabela concurso','None',NULL,71,'scrum_performed_development_task',NULL),(1316,'b522dc5c04414c9cb27705611b581465','2020-02-11 19:54:28','2020-02-11 19:54:28','Criar os dockers','None','2018-11-14 15:29:04',71,'scrum_intented_development_task',NULL),(1317,'3655686e82bf48269f6f5273135c6b65','2020-02-11 19:54:28','2020-02-11 19:54:28','Criar os dockers','None',NULL,71,'scrum_performed_development_task',NULL),(1318,'65c9952c1f714274b44af6cc1fe1acbd','2020-02-11 19:54:28','2020-02-11 19:54:28','Criar as Transformações para abastecer a tabela Inscricao','None','2018-11-27 16:30:23',72,'scrum_intented_development_task',NULL),(1319,'9f0fcaa8086b4a5c9ede13649955fb94','2020-02-11 19:54:29','2020-02-11 19:54:29','Criar as Transformações para abastecer a tabela Inscricao','None',NULL,72,'scrum_performed_development_task',NULL),(1320,'8a80d467c3c84bc7927cc32ea0e6c862','2020-02-11 19:54:29','2020-02-11 19:54:29','Criar as Transformações para abastecer a tabela Classificacao','None','2018-11-27 16:30:34',72,'scrum_intented_development_task',NULL),(1321,'84aa626265334bde92941b25773cfb63','2020-02-11 19:54:29','2020-02-11 19:54:30','Criar as Transformações para abastecer a tabela Classificacao','None',NULL,72,'scrum_performed_development_task',NULL),(1322,'4035bc2ea0134799ba6a709b578bb783','2020-02-11 19:54:30','2020-02-11 19:54:30','Criar as Transformações para abastecer a tabela Pessoa_Deficiencia','None','2018-11-30 16:32:03',72,'scrum_intented_development_task',NULL),(1323,'57f3abb0f0494cfa8d9dfe96e36b88b2','2020-02-11 19:54:30','2020-02-11 19:54:30','Criar as Transformações para abastecer a tabela Pessoa_Deficiencia','None',NULL,72,'scrum_performed_development_task',NULL),(1324,'fcc35724f015453693a875d17d217b87','2020-02-11 19:54:31','2020-02-11 19:54:31','Criar as Transformações para abastecer a tabela Orgao','None','2018-12-06 18:17:26',72,'scrum_intented_development_task',NULL),(1325,'afe726a8927e43018433559c772c2d4d','2020-02-11 19:54:31','2020-02-11 19:54:31','Criar as Transformações para abastecer a tabela Orgao','None',NULL,72,'scrum_performed_development_task',NULL),(1326,'1a622b2fd7194c18ae27c9fcc6fe34cc','2020-02-11 19:54:31','2020-02-11 19:54:32','Criar as Transformações para abastecer a tabela Estado','None','2018-12-06 18:17:54',72,'scrum_intented_development_task',NULL),(1327,'eea6fab1663449cf8e5b6136edd86729','2020-02-11 19:54:32','2020-02-11 19:54:32','Criar as Transformações para abastecer a tabela Estado','None',NULL,72,'scrum_performed_development_task',NULL),(1328,'0d61fc54f96043e0877427118d48a417','2020-02-11 19:54:32','2020-02-11 19:54:32','Criar as Transformações para abastecer a tabela Escolaridade','None','2018-12-06 18:18:09',72,'scrum_intented_development_task',NULL),(1329,'0647c31c26e24891a40b5bab3e402724','2020-02-11 19:54:33','2020-02-11 19:54:33','Criar as Transformações para abastecer a tabela Escolaridade','None',NULL,72,'scrum_performed_development_task',NULL),(1330,'31f76314e3f64b2bbec802e6a9f156af','2020-02-11 19:54:33','2020-02-11 19:54:33','Criar as Transformações para abastecer a tabela deficiencia','None','2018-12-06 18:18:49',72,'scrum_intented_development_task',NULL),(1331,'8ff074d518bc49ee8fefb100caf3d723','2020-02-11 19:54:33','2020-02-11 19:54:33','Criar as Transformações para abastecer a tabela deficiencia','None',NULL,72,'scrum_performed_development_task',NULL),(1332,'a8b9623fe3d74b809f5a1ffafe65beeb','2020-02-11 19:54:34','2020-02-11 19:54:34','Criar as Transformações para abastecer a tabela EstadoCivil','None','2018-12-06 18:19:13',72,'scrum_intented_development_task',NULL),(1333,'55d4c1f38d1b4be1a8535d618c057838','2020-02-11 19:54:34','2020-02-11 19:54:35','Criar as Transformações para abastecer a tabela EstadoCivil','None',NULL,72,'scrum_performed_development_task',NULL),(1334,'da713794762847b8992d7823437d5ad1','2020-02-11 19:54:35','2020-02-11 19:54:35','Criar as Transformações para abastecer a tabela Documento','None','2018-12-06 18:19:57',72,'scrum_intented_development_task',NULL),(1335,'4e5dd49a97124477abaf24c042974908','2020-02-11 19:54:36','2020-02-11 19:54:36','Criar as Transformações para abastecer a tabela Documento','None',NULL,72,'scrum_performed_development_task',NULL),(1336,'14648cc341ba48d68f1295104f9a34c8','2020-02-11 19:54:36','2020-02-11 19:54:36','Criar models','None','2018-11-13 16:02:16',3,'scrum_intented_development_task',NULL),(1337,'63dabe8d495a46c39b8f2c742949f04e','2020-02-11 19:54:37','2020-02-11 19:54:37','Criar models','None',NULL,3,'scrum_performed_development_task',NULL),(1338,'3532e7a15ba6439da41c33caf1fd6f4d','2020-02-11 19:54:37','2020-02-11 19:54:37','Implementar o Redis (cache)','None','2018-10-15 20:25:16',3,'scrum_intented_development_task',NULL),(1339,'0f23b07d62f64b519d3ee58dbf50ded2','2020-02-11 19:54:37','2020-02-11 19:54:37','Implementar o Redis (cache)','None',NULL,3,'scrum_performed_development_task',NULL),(1340,'8751e599f159476d971fffc7a7be12b5','2020-02-11 19:54:38','2020-02-11 19:54:38','buscar pessoa na lista de aprovado','None','2018-11-26 19:02:36',7,'scrum_intented_development_task',NULL),(1341,'b33836cc71474e68aa984fc00a9ef695','2020-02-11 19:54:38','2020-02-11 19:54:38','buscar pessoa na lista de aprovado','None',NULL,7,'scrum_performed_development_task',NULL),(1342,'7cf186367da243e69f8b7be121464c1d','2020-02-11 19:54:39','2020-02-11 19:54:39','Lista de aprovados front','None','2018-11-26 19:02:20',7,'scrum_intented_development_task',NULL),(1343,'0469283841b04b9b8190e920fccd1cce','2020-02-11 19:54:39','2020-02-11 19:54:39','Lista de aprovados front','None',NULL,7,'scrum_performed_development_task',NULL),(1344,'b98e6a714b7142cf9835985972723be7','2020-02-11 19:54:39','2020-02-11 19:54:39','Reformular o retorno da api','None','2018-11-30 16:54:01',3,'scrum_intented_development_task',NULL),(1345,'8c0c6447e8f640eabe3334d17d171b93','2020-02-11 19:54:40','2020-02-11 19:54:40','Reformular o retorno da api','None',NULL,3,'scrum_performed_development_task',NULL),(1346,'e88e6ec8979d4432bffdf33529869ab7','2020-02-11 19:54:40','2020-02-11 19:54:40','Refatorar script','None','2018-12-05 16:14:16',37,'scrum_intented_development_task',NULL),(1347,'8e6d206e04b24ebfbf7c82ea0340cad0','2020-02-11 19:54:40','2020-02-11 19:54:41','Refatorar script','None',NULL,37,'scrum_performed_development_task',NULL),(1348,'4a1f115e9afc4dad9fb9b86824e30d1f','2020-02-11 19:54:41','2020-02-11 19:54:41','Listar aprovados no concurso','None','2018-11-26 18:06:56',7,'scrum_intented_development_task',NULL),(1349,'469f2910b7054c8fa2918e41281b7d51','2020-02-11 19:54:41','2020-02-11 19:54:41','Listar aprovados no concurso','None',NULL,7,'scrum_performed_development_task',NULL),(1350,'36ec63a325ce43f6b5b21693f69ff6bc','2020-02-11 19:54:41','2020-02-11 19:54:41','Solicitar email a Prodest','None','2018-11-27 16:29:33',68,'scrum_intented_development_task',NULL),(1351,'b1eaa309c3b54306ae883fa3a1aa64be','2020-02-11 19:54:42','2020-02-11 19:54:42','Solicitar email a Prodest','None',NULL,68,'scrum_performed_development_task',NULL),(1352,'a9aa08d20b484f48933a2e0b4b89f8df','2020-02-11 19:54:42','2020-02-11 19:54:42','Criar o novo popMQ em C# para substituir o antigo','None','2018-12-03 15:08:27',36,'scrum_intented_development_task',NULL),(1353,'e3f2ddf483e44751ae694fc614ac6f7f','2020-02-11 19:54:43','2020-02-11 19:54:43','Criar o novo popMQ em C# para substituir o antigo','None',NULL,36,'scrum_performed_development_task',NULL),(1354,'3b4d620ac6fd4a34a7e1801c991cada6','2020-02-11 19:54:43','2020-02-11 19:54:43','Fazer script pra baixar dados do Sheets','None','2018-11-30 17:17:12',37,'scrum_intented_development_task',NULL),(1355,'cedab9c865f84f4eb393f888c79d9dc5','2020-02-11 19:54:43','2020-02-11 19:54:44','Fazer script pra baixar dados do Sheets','None',NULL,37,'scrum_performed_development_task',NULL),(1356,'aec72e11e1a54405b999835923e5c8ea','2020-02-11 19:54:44','2020-02-11 19:54:44','refatorar o front','None','2018-12-03 14:50:59',7,'scrum_intented_development_task',NULL),(1357,'93a80c006d344e5abc79bc15ad97b86e','2020-02-11 19:54:44','2020-02-11 19:54:44','refatorar o front','None',NULL,7,'scrum_performed_development_task',NULL),(1358,'1e07aea244024eefb5c693ac47e1d7ff','2020-02-11 19:54:44','2020-02-11 19:54:45','mock da api','None','2018-12-03 14:50:17',7,'scrum_intented_development_task',NULL),(1359,'1b1707976c054bcfa6625e564e21d57e','2020-02-11 19:54:45','2020-02-11 19:54:45','mock da api','None',NULL,7,'scrum_performed_development_task',NULL),(1360,'9a55f4b40bdd488a9d21c4fc8e855648','2020-02-11 19:54:45','2020-02-11 19:54:45','api no rancher, gravitee','None','2018-12-03 14:49:32',7,'scrum_intented_development_task',NULL),(1361,'d33f2f3a161545319909281c0c4fb0b9','2020-02-11 19:54:46','2020-02-11 19:54:46','api no rancher, gravitee','None',NULL,7,'scrum_performed_development_task',NULL),(1362,'2ff907b57e1541638ef612a4149924d7','2020-02-11 19:54:46','2020-02-11 19:54:46','Voltar a consumir do banco da prodest','None','2018-11-26 18:06:01',7,'scrum_intented_development_task',NULL),(1363,'3e09b5cf4532406395a2888006655cc1','2020-02-11 19:54:46','2020-02-11 19:54:46','Voltar a consumir do banco da prodest','None',NULL,7,'scrum_performed_development_task',NULL),(1364,'b36023b246cb44fca318e00b25f3e14f','2020-02-11 19:54:47','2020-02-11 19:54:47','Resolver o problema com o HTTPS do ambiente de produção','None','2018-11-26 18:06:46',3,'scrum_intented_development_task',NULL),(1365,'33ee64c046c347bf9ab82d5cb4d8119d','2020-02-11 19:54:47','2020-02-11 19:54:47','Resolver o problema com o HTTPS do ambiente de produção','None',NULL,3,'scrum_performed_development_task',NULL),(1366,'ace2cfbfd83e47e4b32f761d07ea4839','2020-02-11 19:54:47','2020-02-11 19:54:48','Colocar o \"Mensageiro\" em produção','None','2018-11-13 18:13:18',37,'scrum_intented_development_task',NULL),(1367,'3d816f7311ba4ffd916bcdc7f5d04806','2020-02-11 19:54:48','2020-02-11 19:54:48','Colocar o \"Mensageiro\" em produção','None',NULL,37,'scrum_performed_development_task',NULL),(1368,'286980533bf24449998792065e96d22c','2020-02-11 19:54:48','2020-02-11 19:54:48','Colocar o Banco real-time em desenvolvimento','None','2018-11-13 18:13:27',37,'scrum_intented_development_task',NULL),(1369,'e108769b9932450f84a38c732ebba62f','2020-02-11 19:54:49','2020-02-11 19:54:49','Colocar o Banco real-time em desenvolvimento','None',NULL,37,'scrum_performed_development_task',NULL),(1370,'5d6f55a2bee04129b6d73bd81a72ac82','2020-02-11 19:54:49','2020-02-11 19:54:49','Liberar acesso do containner no ambiente de produção','None','2018-11-26 18:27:33',3,'scrum_intented_development_task',NULL),(1371,'c8b8ca29403a42c39f93c4f98136b3dd','2020-02-11 19:54:49','2020-02-11 19:54:49','Liberar acesso do containner no ambiente de produção','None',NULL,3,'scrum_performed_development_task',NULL),(1372,'cc44cdc9e2df4bcc90c2f75f0c32946b','2020-02-11 19:54:50','2020-02-11 19:54:50','front end comunicando com o novo back','None','2018-11-13 22:38:43',7,'scrum_intented_development_task',NULL),(1373,'e9a08e0d0eb345b198589cde31d5e35a','2020-02-11 19:54:50','2020-02-11 19:54:50','front end comunicando com o novo back','None',NULL,7,'scrum_performed_development_task',NULL),(1374,'a7dc916b8c11498aa80d81f659d3a255','2020-02-11 19:54:50','2020-02-11 19:54:50','criar serviços que consumam o banco novo','<div>O endpoint básico é :</div><div><ul><li>Ao fornecer um nome do concurso, listar os concurso</li><li>ao fornecer o ID do concurso retornar os dados desses. <br></li></ul></div>','2018-11-13 22:37:57',7,'scrum_intented_development_task',NULL),(1375,'d57ba677a14044f4a392e3ca6b365bcb','2020-02-11 19:54:51','2020-02-11 19:54:51','criar serviços que consumam o banco novo','<div>O endpoint básico é :</div><div><ul><li>Ao fornecer um nome do concurso, listar os concurso</li><li>ao fornecer o ID do concurso retornar os dados desses. <br></li></ul></div>',NULL,7,'scrum_performed_development_task',NULL),(1376,'78137ff4514944c780411a8508727df2','2020-02-11 19:54:51','2020-02-11 19:54:51','popular o banco com dados para teste','OK para Teste. Mas, vamos ajudar o pessoal do Data Science no popular. <br>','2018-11-13 22:37:36',7,'scrum_intented_development_task',NULL),(1377,'302dd3680b3440f7bad1724c67ca8192','2020-02-11 19:54:51','2020-02-11 19:54:51','popular o banco com dados para teste','OK para Teste. Mas, vamos ajudar o pessoal do Data Science no popular. <br>',NULL,7,'scrum_performed_development_task',NULL),(1378,'986c06bccbed43aab7ce096dc0c88cd8','2020-02-11 19:54:51','2020-02-11 19:54:52','Criar a lista de concursos por nome','Ao realizar uma pequisa pelo nome da organização é necessario listar os concursos dessas. <br>','2018-11-13 22:39:36',7,'scrum_intented_development_task',NULL),(1379,'3adb2672b72e437ea7b8bd870a531eeb','2020-02-11 19:54:52','2020-02-11 19:54:52','Criar a lista de concursos por nome','Ao realizar uma pequisa pelo nome da organização é necessario listar os concursos dessas. <br>',NULL,7,'scrum_performed_development_task',NULL),(1380,'8af0908695b9448f9b617f0addbc3f6c','2020-02-11 19:54:52','2020-02-11 19:54:52','Criar rotas mocks no gravitee','None','2018-11-21 18:56:29',3,'scrum_intented_development_task',NULL),(1381,'e73a68950bb14714a77eae9c07a77715','2020-02-11 19:54:53','2020-02-11 19:54:53','Criar rotas mocks no gravitee','None',NULL,3,'scrum_performed_development_task',NULL),(1382,'b9e03c29ce43440cae5a5a0e7aee280d','2020-02-11 19:54:53','2020-02-11 19:54:53','Implementar serviços no site ESPM','None','2018-11-23 15:50:20',85,'scrum_intented_development_task',NULL),(1383,'2f84c30582784f0bbbfe40aed11f972f','2020-02-11 19:54:54','2020-02-11 19:54:54','Implementar serviços no site ESPM','None',NULL,85,'scrum_performed_development_task',NULL),(1384,'c104c4d24ce94bbc9c7fd2cc0f3c6b44','2020-02-11 19:54:54','2020-02-11 19:54:54','Configurar npm interno a prodest','None','2018-11-13 22:36:20',7,'scrum_intented_development_task',NULL),(1385,'5de160fcca3c459ba4f126f11167613d','2020-02-11 19:54:54','2020-02-11 19:54:55','Configurar npm interno a prodest','None',NULL,7,'scrum_performed_development_task',NULL),(1386,'4f631f40c0cf4c36a4766f639bf8b20e','2020-02-11 19:54:55','2020-02-11 19:54:55','Colocar o app que carrega o banco real-time em desenvolvimento','None','2018-11-13 18:13:36',37,'scrum_intented_development_task',NULL),(1387,'72a50dea928d41dd8a0747d265707952','2020-02-11 19:54:55','2020-02-11 19:54:55','Colocar o app que carrega o banco real-time em desenvolvimento','None',NULL,37,'scrum_performed_development_task',NULL),(1388,'d5f9f7dac43f405989b8922a8624c9d3','2020-02-11 19:54:56','2020-02-11 19:54:56','Corrigir conexão do banco e checar triggers do job','None','2018-11-21 16:10:22',37,'scrum_intented_development_task',NULL),(1389,'d75a470d1c0540d1ae8a4f4717f1476b','2020-02-11 19:54:56','2020-02-11 19:54:56','Corrigir conexão do banco e checar triggers do job','None',NULL,37,'scrum_performed_development_task',NULL),(1390,'ccff187c84f24e16ab4d2ede4d34a529','2020-02-11 19:54:56','2020-02-11 19:54:56','Criar prototipo','None','2018-11-14 15:09:15',35,'scrum_intented_development_task',NULL),(1391,'7113afa31f81401f90876a321f6616ab','2020-02-11 19:54:57','2020-02-11 19:54:57','Criar prototipo','None',NULL,35,'scrum_performed_development_task',NULL),(1392,'228e9f28a60d424590c016f67a6be866','2020-02-11 19:54:57','2020-02-11 19:54:57','Criar consulta para verificar os concursos que foram aberto no dia','None','2018-11-14 15:26:24',71,'scrum_intented_development_task',NULL),(1393,'9bcc5bdeaab245f8beb30259d79f2e98','2020-02-11 19:54:58','2020-02-11 19:54:58','Criar consulta para verificar os concursos que foram aberto no dia','None',NULL,71,'scrum_performed_development_task',NULL),(1394,'83a63215b3194d24a6500e791bc05f5a','2020-02-11 19:54:58','2020-02-11 19:54:58','Criar email ','None','2018-11-14 15:26:36',71,'scrum_intented_development_task',NULL),(1395,'2b234fc3d96c4d0ab6efa28e2665e430','2020-02-11 19:54:58','2020-02-11 19:54:58','Criar email ','None',NULL,71,'scrum_performed_development_task',NULL),(1396,'58ad7754c3ff421894202eaeae35f03a','2020-02-11 19:54:59','2020-02-11 19:54:59','Criar transformação','<div>Transformação responsável por enviar o email para os interssados</div><div><br></div>','2018-11-14 15:26:30',71,'scrum_intented_development_task',NULL),(1397,'84e6b3630f67425abca77dc1161ce734','2020-02-11 19:54:59','2020-02-11 19:54:59','Criar transformação','<div>Transformação responsável por enviar o email para os interssados</div><div><br></div>',NULL,71,'scrum_performed_development_task',NULL),(1398,'8ecdeb07fbbf41deac3c58700628708b','2020-02-11 19:55:00','2020-02-11 19:55:00','Subir para o Rancher','None','2018-11-19 18:48:58',3,'scrum_intented_development_task',NULL),(1399,'c8c5fe3b1df6461684bbe12861d8f7a9','2020-02-11 19:55:00','2020-02-11 19:55:00','Subir para o Rancher','None',NULL,3,'scrum_performed_development_task',NULL),(1400,'8915b64692424cc7a7d6e72db8c7499d','2020-02-11 19:55:00','2020-02-11 19:55:00','Criar docker','None','2018-10-15 20:24:20',3,'scrum_intented_development_task',NULL),(1401,'7434bdcc6646486ea6bf09d474208adf','2020-02-11 19:55:01','2020-02-11 19:55:01','Criar docker','None',NULL,3,'scrum_performed_development_task',NULL),(1402,'10d866a9ab534332b7e605b17f386989','2020-02-11 19:55:01','2020-02-11 19:55:01','Melhorias na pagina serviços disponiveis!','None','2018-11-20 18:19:24',85,'scrum_intented_development_task',NULL),(1403,'5a3b7473fdfe4ea2bb43399fff48f1a3','2020-02-11 19:55:02','2020-02-11 19:55:02','Melhorias na pagina serviços disponiveis!','None',NULL,85,'scrum_performed_development_task',NULL),(1404,'28e80ec5b3fd42fdb5c89c56c702dc1e','2020-02-11 19:55:02','2020-02-11 19:55:02','Colocar a API em produção','None','2018-11-15 20:47:56',35,'scrum_intented_development_task',NULL),(1405,'580d3982604f4ff98aaa472b0cb0055d','2020-02-11 19:55:02','2020-02-11 19:55:02','Colocar a API em produção','None',NULL,35,'scrum_performed_development_task',NULL),(1406,'707e1434980a4dffaa5733f462f24fe4','2020-02-11 19:55:03','2020-02-11 19:55:03','Gerar o SQL do banco real-time','None','2018-11-19 16:52:06',37,'scrum_intented_development_task',NULL),(1407,'fcbff34713334d208bc1a8f9cc7fc5a9','2020-02-11 19:55:03','2020-02-11 19:55:03','Gerar o SQL do banco real-time','None',NULL,37,'scrum_performed_development_task',NULL),(1408,'e6a78ca01cdf4c79bcbe7a7cfa0c47e2','2020-02-11 19:55:03','2020-02-11 19:55:03','Colocar a nova versão da API-DIO em produção','None','2018-11-15 20:51:12',80,'scrum_intented_development_task',NULL),(1409,'b8ef137ca02443bc8d737c9023a2ca26','2020-02-11 19:55:04','2020-02-11 19:55:04','Implementar endpoint pra retornar o swagger.json','None','2018-11-13 18:10:00',37,'scrum_intented_development_task',NULL),(1410,'edcadff6ac7049c2807f54189f3c21d2','2020-02-11 19:55:04','2020-02-11 19:55:04','Implementar endpoint pra retornar o swagger.json','None',NULL,37,'scrum_performed_development_task',NULL),(1411,'128f31f6d1a042f1adac6bba77c0b0ee','2020-02-11 19:55:04','2020-02-11 19:55:04','Implementar serviços site espm','None','2018-11-13 16:01:53',85,'scrum_intented_development_task',NULL),(1412,'8d85fe89662747fea627dc6f985a7655','2020-02-11 19:55:05','2020-02-11 19:55:05','Implementar serviços site espm','None',NULL,85,'scrum_performed_development_task',NULL),(1413,'bd107e8ffa5f43508106dadd0f07a7fe','2020-02-11 19:55:05','2020-02-11 19:55:05','Implementar homePage beta','None','2018-11-14 15:34:30',85,'scrum_intented_development_task',NULL),(1414,'713a2e7644d140f39a09bdba0d32707f','2020-02-11 19:55:05','2020-02-11 19:55:05','Implementar homePage beta','None',NULL,85,'scrum_performed_development_task',NULL),(1415,'c03e0d3f055640a995f6ea8a1d95351f','2020-02-11 19:55:06','2020-02-11 19:55:06','criar plano vip','None','2018-10-17 21:27:46',81,'scrum_intented_development_task',NULL),(1416,'715c1572b5264ab09fe2792e84af6c07','2020-02-11 19:55:06','2020-02-11 19:55:06','criar plano vip','None',NULL,81,'scrum_performed_development_task',NULL),(1417,'6a958bdc098f4572bc228c7bf25d6e8b','2020-02-11 19:55:06','2020-02-11 19:55:06','Refatorar job de carga para fazer update no BD','None','2018-11-13 18:20:06',37,'scrum_intented_development_task',NULL),(1418,'6764cce38ef34b6fa909d15c4da5b290','2020-02-11 19:55:07','2020-02-11 19:55:07','Refatorar job de carga para fazer update no BD','None',NULL,37,'scrum_performed_development_task',NULL),(1419,'29ba79dbeaa14fb4b165d7aeffdf6eb6','2020-02-11 19:55:07','2020-02-11 19:55:07','Refatorar gera-arquivos para baixar os dados da api-ceturb','None','2018-11-13 18:20:49',37,'scrum_intented_development_task',NULL),(1420,'3284bb4c831549d9937de6f0aa728a47','2020-02-11 19:55:07','2020-02-11 19:55:07','Refatorar gera-arquivos para baixar os dados da api-ceturb','None',NULL,37,'scrum_performed_development_task',NULL),(1421,'ae15ea7c763f4e44a8bf0b73d7080273','2020-02-11 19:55:08','2020-02-11 19:55:08','criar o Leitor do ApacheMQ','Esta aplicação irá ler a fila da geocontrol (apacheMQ) e jogar para nosso serviço do RabbitMQ','2018-10-29 19:49:32',36,'scrum_intented_development_task',NULL),(1422,'535f07611c044d8889e0e5778381895a','2020-02-11 19:55:08','2020-02-11 19:55:08','criar o Leitor do ApacheMQ','Esta aplicação irá ler a fila da geocontrol (apacheMQ) e jogar para nosso serviço do RabbitMQ',NULL,36,'scrum_performed_development_task',NULL),(1423,'1f84d8f94f9b4b989df3ae273bd8413c','2020-02-11 19:55:09','2020-02-11 19:55:09','Criando o banco 2.0 com o TypeORM.','None','2018-11-06 15:56:39',72,'scrum_intented_development_task',NULL),(1424,'e1d82d2906fd41f19337d444f35d72f8','2020-02-11 19:55:09','2020-02-11 19:55:10','Criando o banco 2.0 com o TypeORM.','None',NULL,72,'scrum_performed_development_task',NULL),(1425,'019f726b0ebe4870b7008886867dfa1e','2020-02-11 19:55:10','2020-02-11 19:55:10','Ler a documentação sobre Gestão 3.0','None','2018-10-29 20:03:46',54,'scrum_intented_development_task',NULL),(1426,'402694a6aa69446b81d9c65c7d3f52d6','2020-02-11 19:55:10','2020-02-11 19:55:10','Ler a documentação sobre Gestão 3.0','None',NULL,54,'scrum_performed_development_task',NULL),(1427,'c80b14053b7a44ffbe68b560b29e74e7','2020-02-11 19:55:10','2020-02-11 19:55:10','Ler a documentação do Spotfy ','None','2018-10-29 20:03:29',54,'scrum_intented_development_task',NULL),(1428,'074e26923a4b4deb8f0e52372688cbdc','2020-02-11 19:55:11','2020-02-11 19:55:11','Ler a documentação do Spotfy ','None',NULL,54,'scrum_performed_development_task',NULL),(1429,'f8cf7494bc6a4117b0f59049af5c516c','2020-02-11 19:55:11','2020-02-11 19:55:11','Criar request com dados mockados de tickets','None','2018-11-09 03:51:12',4,'scrum_intented_development_task',NULL),(1430,'99f14184d6b44f58b781624fd276ad29','2020-02-11 19:55:11','2020-02-11 19:55:11','Criar request com dados mockados de tickets','None',NULL,4,'scrum_performed_development_task',NULL),(1431,'be14b7d1e2e34b09ac20c6bffff324a2','2020-02-11 19:55:12','2020-02-11 19:55:12','Criar docker','None','2018-10-30 19:59:24',8,'scrum_intented_development_task',NULL),(1432,'5f3f245d3bb14fd79b14109ec9e035a8','2020-02-11 19:55:12','2020-02-11 19:55:12','Criar docker','None',NULL,8,'scrum_performed_development_task',NULL),(1433,'cd259de16af843c9accdfefcb4547ddb','2020-02-11 19:55:12','2020-02-11 19:55:12','Criar teste (mock)','None','2018-11-08 15:56:25',3,'scrum_intented_development_task',NULL),(1434,'e446402241b6466b9c13af0cc461bf83','2020-02-11 19:55:13','2020-02-11 19:55:13','Criar teste (mock)','None',NULL,3,'scrum_performed_development_task',NULL),(1435,'03069634bff34208a23e4c6002bc1a5f','2020-02-11 19:55:13','2020-02-11 19:55:13','Criar testes unitarios','None','2018-11-08 15:56:52',3,'scrum_intented_development_task',NULL),(1436,'40474131bd7144bd98eab8e98798f45e','2020-02-11 19:55:13','2020-02-11 19:55:13','Criar testes unitarios','None',NULL,3,'scrum_performed_development_task',NULL),(1437,'425527b3888e4cb2a0cf9e28d320580d','2020-02-11 19:55:14','2020-02-11 19:55:14','Checar GTFS que são gerados a partir das tarifas modificadas','None','2018-11-08 19:50:04',37,'scrum_intented_development_task',NULL),(1438,'71073dea6d9e4619a50975a5eb42a750','2020-02-11 19:55:14','2020-02-11 19:55:14','Checar GTFS que são gerados a partir das tarifas modificadas','None',NULL,37,'scrum_performed_development_task',NULL),(1439,'320bb34b695c439d9f03802e38cd713b','2020-02-11 19:55:14','2020-02-11 19:55:14','Testar se o PDI aceita Y/N e S/N como entrada boolean','None','2018-11-10 19:07:04',37,'scrum_intented_development_task',NULL),(1440,'3137f0b17fe74598ba50321ee434d480','2020-02-11 19:55:15','2020-02-11 19:55:15','Testar se o PDI aceita Y/N e S/N como entrada boolean','None',NULL,37,'scrum_performed_development_task',NULL),(1441,'78dc03aba73a4d40aff9704a34ace6e5','2020-02-11 19:55:15','2020-02-11 19:55:15','Refatorar o script que baixa os shapes para buscar os arquivos pelo \"mime type\" em vez do nome.','None','2018-11-10 19:39:03',37,'scrum_intented_development_task',NULL),(1442,'da5aa574cbd34288a973e92e5c05a6fc','2020-02-11 19:55:16','2020-02-11 19:55:16','Refatorar o script que baixa os shapes para buscar os arquivos pelo \"mime type\" em vez do nome.','None',NULL,37,'scrum_performed_development_task',NULL),(1443,'0579b73fad5b4b2e9f1377d408d7f38f','2020-02-11 19:55:16','2020-02-11 19:55:16','Escrever tutorial de uso do Drive pra ceturb','None','2018-11-10 19:06:51',37,'scrum_intented_development_task',NULL),(1444,'49efb7a03b83454ea51f0b9c73d93639','2020-02-11 19:55:16','2020-02-11 19:55:17','Escrever tutorial de uso do Drive pra ceturb','None',NULL,37,'scrum_performed_development_task',NULL),(1445,'ce5ca5dfb8cf4a16984beaf886b3c384','2020-02-11 19:55:17','2020-02-11 19:55:17','Prototipar o dashboard','None','2018-10-29 20:04:06',54,'scrum_intented_development_task',NULL),(1446,'ea2b9bb7b21c4eef901c1e6152cbeee5','2020-02-11 19:55:17','2020-02-11 19:55:17','Prototipar o dashboard','None',NULL,54,'scrum_performed_development_task',NULL),(1447,'288c83013f854ee982d56e7ff8766450','2020-02-11 19:55:17','2020-02-11 19:55:17','css para mobile','None','2018-11-01 17:04:06',85,'scrum_intented_development_task',NULL),(1448,'be23efbb7bb14907a61fd586f934fda4','2020-02-11 19:55:18','2020-02-11 19:55:18','css para mobile','None',NULL,85,'scrum_performed_development_task',NULL),(1449,'dbab8df650f14cddbd2839a6e0548ff3','2020-02-11 19:55:18','2020-02-11 19:55:18','Criar request para dados mockados de tickets','None','2018-11-09 03:52:12',4,'scrum_intented_development_task',NULL),(1450,'c1ab7693cf8a4476a2b2fded00e88c95','2020-02-11 19:55:18','2020-02-11 19:55:18','Criar request para dados mockados de tickets','None',NULL,4,'scrum_performed_development_task',NULL),(1451,'414d998b247d42d2b6445ccd48a45ff1','2020-02-11 19:55:19','2020-02-11 19:55:19','CI/CD','None','2018-10-30 19:59:53',8,'scrum_intented_development_task',NULL),(1452,'a181bfd9c12a41eeb0fc00c7f71e59e7','2020-02-11 19:55:19','2020-02-11 19:55:19','CI/CD','None',NULL,8,'scrum_performed_development_task',NULL),(1453,'c726a9bd5f5c44c389df51a91ce624f6','2020-02-11 19:55:20','2020-02-11 19:55:20','Swagger das rotas','None','2018-11-09 17:50:49',7,'scrum_intented_development_task',NULL),(1454,'0a07f1bc487e4593b93cba23939119bf','2020-02-11 19:55:21','2020-02-11 19:55:21','Swagger das rotas','None',NULL,7,'scrum_performed_development_task',NULL),(1455,'676e98d79e084299a45741ea86c8c9d9','2020-02-11 19:55:22','2020-02-11 19:55:22','Implementar Rota de concursos abertos','None','2018-10-30 19:56:51',8,'scrum_intented_development_task',NULL),(1456,'89ba9662083e43f0863bf9c2ca5f231b','2020-02-11 19:55:22','2020-02-11 19:55:23','Implementar Rota de concursos abertos','None',NULL,8,'scrum_performed_development_task',NULL),(1457,'f77d8648515c430e8483d92070273180','2020-02-11 19:55:23','2020-02-11 19:55:23','Criar a base de dados adequado ao projeto','None','2018-10-30 19:50:44',8,'scrum_intented_development_task',NULL),(1458,'fa5b7a5d7e7d4d8bb0d11f327d6e847c','2020-02-11 19:55:23','2020-02-11 19:55:23','Criar a base de dados adequado ao projeto','None',NULL,8,'scrum_performed_development_task',NULL),(1459,'5bc574ba470b47d5870601dc44cba3c2','2020-02-11 19:55:23','2020-02-11 19:55:23','Criar modelo de classes para o problema','None','2018-10-30 19:51:04',8,'scrum_intented_development_task',NULL),(1460,'a935f1c96ede4e78898abba83db9a2be','2020-02-11 19:55:23','2020-02-11 19:55:24','Criar modelo de classes para o problema','None',NULL,8,'scrum_performed_development_task',NULL),(1461,'cafb0722d4ff4faca9f99a78f5615bf5','2020-02-11 19:55:24','2020-02-11 19:55:24','Adequar telas de visualização de tickets','None','2018-11-09 03:54:27',4,'scrum_intented_development_task',NULL),(1462,'53e0c77a41f149fbb5b5503dd6e3dc36','2020-02-11 19:55:24','2020-02-11 19:55:24','Adequar telas de visualização de tickets','None',NULL,4,'scrum_performed_development_task',NULL),(1463,'569212a9c72e4ee981756b834d343044','2020-02-11 19:55:24','2020-02-11 19:55:24','Selecionar tickets a pagar','None','2018-11-09 03:55:11',4,'scrum_intented_development_task',NULL),(1464,'a30ccbf2c1e64936b6e48a90bba17c35','2020-02-11 19:55:24','2020-02-11 19:55:24','Selecionar tickets a pagar','None',NULL,4,'scrum_performed_development_task',NULL),(1465,'1bddf4ae75054cf1b2599e9f3b4a8f31','2020-02-11 19:55:25','2020-02-11 19:55:25','Alterar endpoints do app','None','2018-11-09 03:54:03',4,'scrum_intented_development_task',NULL),(1466,'e13a93d159aa4e32bedd9c04e2ffa497','2020-02-11 19:55:25','2020-02-11 19:55:25','Alterar endpoints do app','None',NULL,4,'scrum_performed_development_task',NULL),(1467,'5ec3ad83e1654725b98657a216ee19e6','2020-02-11 19:55:25','2020-02-11 19:55:25','Criar request com dados mockados para veiculos','None','2018-11-09 03:48:36',4,'scrum_intented_development_task',NULL),(1468,'8815fc3418094aea99638f29004cb464','2020-02-11 19:55:25','2020-02-11 19:55:25','Criar request com dados mockados para veiculos','None',NULL,4,'scrum_performed_development_task',NULL),(1469,'21eca993432d4a9cac2078319231febf','2020-02-11 19:55:25','2020-02-11 19:55:25','Ler o material sobre dados históricos no SQL Server e implementar','None','2018-11-07 21:57:32',37,'scrum_intented_development_task',NULL),(1470,'993c6bcd94834ce2abbf91d183757461','2020-02-11 19:55:26','2020-02-11 19:55:26','Ler o material sobre dados históricos no SQL Server e implementar','None',NULL,37,'scrum_performed_development_task',NULL),(1471,'d79f71ff933141b89cdd99cfc809a978','2020-02-11 19:55:26','2020-02-11 19:55:26','Refatorar carga dos dados de grande volume, com commits de 5000 linhas','None','2018-11-07 21:56:55',37,'scrum_intented_development_task',NULL),(1472,'8644bc5699344570999a30c1e830910d','2020-02-11 19:55:26','2020-02-11 19:55:26','Refatorar carga dos dados de grande volume, com commits de 5000 linhas','None',NULL,37,'scrum_performed_development_task',NULL),(1473,'a7259d68dded46d28bf6f8cf194d3ca5','2020-02-11 19:55:26','2020-02-11 19:55:26','Corrigir transformações de carga de tarifa','None','2018-11-07 21:56:33',37,'scrum_intented_development_task',NULL),(1474,'5679ef991eda4bea8af87d767aebb20c','2020-02-11 19:55:26','2020-02-11 19:55:26','Corrigir transformações de carga de tarifa','None',NULL,37,'scrum_performed_development_task',NULL),(1475,'a8a99f4ad5594ce39ce8918408e83b53','2020-02-11 19:55:27','2020-02-11 19:55:27','criar um CI da configuração do gravitee','None','2018-10-17 21:33:26',81,'scrum_intented_development_task',NULL),(1476,'8fad22be6a4a4a78983535cd54b6a3bd','2020-02-11 19:55:27','2020-02-11 19:55:27','criar um CI da configuração do gravitee','None',NULL,81,'scrum_performed_development_task',NULL),(1477,'414c50d5ed0b4505bbeb3ec7b55b4316','2020-02-11 19:55:27','2020-02-11 19:55:27','implementar endpoint','None','2018-11-08 15:56:36',3,'scrum_intented_development_task',NULL),(1478,'227b1a3997464b90ac8479aca87215d1','2020-02-11 19:55:27','2020-02-11 19:55:27','implementar endpoint','None',NULL,3,'scrum_performed_development_task',NULL),(1479,'e065436a952f4f11a84b385e92457a7e','2020-02-11 19:55:27','2020-02-11 19:55:27','configurar smtp','None','2018-10-17 20:57:01',81,'scrum_intented_development_task',NULL),(1480,'2597892f360440edba563cb9c4853a2f','2020-02-11 19:55:28','2020-02-11 19:55:28','configurar smtp','None',NULL,81,'scrum_performed_development_task',NULL),(1481,'8b9810ce7e674f72b7ff78455edcf5b4','2020-02-11 19:55:28','2020-02-11 19:55:28','levantar soluções para receber as notificações com a ceturb','None','2018-10-29 20:51:19',36,'scrum_intented_development_task',NULL),(1482,'f302467694cc4a82b61ebad41a44c63b','2020-02-11 19:55:28','2020-02-11 19:55:28','levantar soluções para receber as notificações com a ceturb','None',NULL,36,'scrum_performed_development_task',NULL),(1483,'d991fc83facb42759f2bad1857020d60','2020-02-11 19:55:28','2020-02-11 19:55:29','criar o app de carga do banco Real-Time','None','2018-10-29 20:25:08',36,'scrum_intented_development_task',NULL),(1484,'e0064d2676164441ad1569821c40e2d2','2020-02-11 19:55:29','2020-02-11 19:55:29','criar o app de carga do banco Real-Time','None',NULL,36,'scrum_performed_development_task',NULL),(1485,'511da59f9cd449f0b122b6621c097bf3','2020-02-11 19:55:29','2020-02-11 19:55:29','links footer espm','None','2018-11-06 19:13:59',85,'scrum_intented_development_task',NULL),(1486,'c67f3132654147f1a83ecc157fea00a7','2020-02-11 19:55:29','2020-02-11 19:55:29','links footer espm','None',NULL,85,'scrum_performed_development_task',NULL),(1487,'9b6373df4a0e412097d7a18afd68d152','2020-02-11 19:55:29','2020-02-11 19:55:30','refatorar o job de carga do banco para ler os dados do Google Drive','None','2018-10-29 19:44:49',36,'scrum_intented_development_task',NULL),(1488,'c49249ad9a4a487791867a33174998d1','2020-02-11 19:55:30','2020-02-11 19:55:30','refatorar o job de carga do banco para ler os dados do Google Drive','None',NULL,36,'scrum_performed_development_task',NULL),(1489,'9ecec0bbda38431d8c95d3890ceb6e1b','2020-02-11 19:55:30','2020-02-11 19:55:30','Implementar código para baixar o arquivo','None','2018-11-05 19:48:23',37,'scrum_intented_development_task',NULL),(1490,'dc2c5c203e7847af98f0b93a042cace0','2020-02-11 19:55:30','2020-02-11 19:55:30','Implementar código para baixar o arquivo','None',NULL,37,'scrum_performed_development_task',NULL),(1491,'078c97b124ec480e809743dfa3bcf5f2','2020-02-11 19:55:30','2020-02-11 19:55:30','Retornar erros','None','2018-10-31 21:07:45',3,'scrum_intented_development_task',NULL),(1492,'c88cd7b1efb84197b442eb5043c27cb9','2020-02-11 19:55:31','2020-02-11 19:55:31','Retornar erros','None',NULL,3,'scrum_performed_development_task',NULL),(1493,'aae9dcf015d14607aaacfa82b365090f','2020-02-11 19:55:31','2020-02-11 19:55:31','Retornar erros','None','2018-10-31 21:06:56',3,'scrum_intented_development_task',NULL),(1494,'3b7cb31b371240cb8ac35fe948c6ad29','2020-02-11 19:55:31','2020-02-11 19:55:31','Retornar erros','None',NULL,3,'scrum_performed_development_task',NULL),(1495,'affee7f545ca425aa220c6a764dfdbb4','2020-02-11 19:55:31','2020-02-11 19:55:31','Criar diagrama de classes a partir da analise feita.','None','2018-11-01 20:00:59',72,'scrum_intented_development_task',NULL),(1496,'f7ba8d597152415a858566f73a65d425','2020-02-11 19:55:31','2020-02-11 19:55:31','Criar diagrama de classes a partir da analise feita.','None',NULL,72,'scrum_performed_development_task',NULL),(1497,'6a06ccd1672d4758b704499951618115','2020-02-11 19:55:32','2020-02-11 19:55:32','desenvolvimento footer espm','None','2018-11-05 18:39:03',85,'scrum_intented_development_task',NULL),(1498,'d640062b792b4295ad0d9527eb60d158','2020-02-11 19:55:32','2020-02-11 19:55:32','desenvolvimento footer espm','None',NULL,85,'scrum_performed_development_task',NULL),(1499,'7b5fd4766bcc4db3936c39c7138b026d','2020-02-11 19:55:32','2020-02-11 19:55:32','refatorar o job de carga do banco para ler os dados do Google Drive','None','2018-10-29 19:44:21',36,'scrum_intented_development_task',NULL),(1500,'46e8bccb4fc840ffbf0e237388571a0a','2020-02-11 19:55:32','2020-02-11 19:55:32','refatorar o job de carga do banco para ler os dados do Google Drive','None',NULL,36,'scrum_performed_development_task',NULL),(1501,'fb70cf78b81e4fc78d9cb859ad3bdd88','2020-02-11 19:55:32','2020-02-11 19:55:33','refatorar o job de carga do banco para ler os dados do Google Drive','None','2018-10-29 19:43:48',36,'scrum_intented_development_task',NULL),(1502,'a09abb8327f947dba46e2a73608d005f','2020-02-11 19:55:33','2020-02-11 19:55:33','refatorar o job de carga do banco para ler os dados do Google Drive','None',NULL,36,'scrum_performed_development_task',NULL),(1503,'98461a72456142408457a1248ae2fa10','2020-02-11 19:55:33','2020-02-11 19:55:33','Criar classes DTO','None','2018-11-01 18:58:41',3,'scrum_intented_development_task',NULL),(1504,'42bfcf24e21549bc957e85e7096dbe1c','2020-02-11 19:55:33','2020-02-11 19:55:33','Criar classes DTO','None',NULL,3,'scrum_performed_development_task',NULL),(1505,'bbfa75850cba4062a982a4cc0597d387','2020-02-11 19:55:33','2020-02-11 19:55:33','pagina do contato do site ESPM','None','2018-11-01 20:09:11',85,'scrum_intented_development_task',NULL),(1506,'d576b821f44e47638df387fbfae3fd59','2020-02-11 19:55:34','2020-02-11 19:55:34','pagina do contato do site ESPM','None',NULL,85,'scrum_performed_development_task',NULL),(1507,'898dd86b8b23470bbca29a82f9f097dd','2020-02-11 19:55:34','2020-02-11 19:55:34','aperfeiçoar o css pagina novas funcionalidades.','None','2018-11-01 17:01:39',85,'scrum_intented_development_task',NULL),(1508,'a478b8065ce3481982be0fc97e747c5a','2020-02-11 19:55:34','2020-02-11 19:55:34','aperfeiçoar o css pagina novas funcionalidades.','None',NULL,85,'scrum_performed_development_task',NULL),(1509,'5650cd04256b445bb158c85bc0ea9e0b','2020-02-11 19:55:34','2020-02-11 19:55:34','Analisar o modelo normalizado e verificar o que vale a pena ser utilizado.','None','2018-11-01 20:00:15',72,'scrum_intented_development_task',NULL),(1510,'347a62ae2ce445acbd450529b59ca50d','2020-02-11 19:55:34','2020-02-11 19:55:35','Analisar o modelo normalizado e verificar o que vale a pena ser utilizado.','None',NULL,72,'scrum_performed_development_task',NULL),(1511,'9295dbd2c03945b8a2a7510364a27904','2020-02-11 19:55:35','2020-02-11 19:55:35','Tirar as duvidas sobre alguns dados que não ficaram muito claros.','None','2018-11-01 19:58:46',72,'scrum_intented_development_task',NULL),(1512,'ffdd70577d824dedbc9cfd6225088413','2020-02-11 19:55:35','2020-02-11 19:55:35','Tirar as duvidas sobre alguns dados que não ficaram muito claros.','None',NULL,72,'scrum_performed_development_task',NULL),(1513,'9f884259dda24915802ebd6a06aea13f','2020-02-11 19:55:35','2020-02-11 19:55:35','criar o tutorial','None','2018-10-17 20:48:52',81,'scrum_intented_development_task',NULL),(1514,'7142a67a61e443cb942b8e39c20701b2','2020-02-11 19:55:35','2020-02-11 19:55:35','criar o tutorial','None',NULL,81,'scrum_performed_development_task',NULL),(1515,'6c540102ac794868b78f2926f1afce60','2020-02-11 19:55:35','2020-02-11 19:55:35','criar plano free','None','2018-10-17 21:27:41',81,'scrum_intented_development_task',NULL),(1516,'40260386275540628a357897004d275a','2020-02-11 19:55:35','2020-02-11 19:55:36','criar plano free','None',NULL,81,'scrum_performed_development_task',NULL),(1517,'361c1626c5bd4514a82a95998906705f','2020-02-11 19:55:36','2020-02-11 19:55:36','criar tutorial','None','2018-10-17 20:49:25',81,'scrum_intented_development_task',NULL),(1518,'b126eb28499e454780008e2c03e8665b','2020-02-11 19:55:36','2020-02-11 19:55:36','criar tutorial','None',NULL,81,'scrum_performed_development_task',NULL),(1519,'3327232f79c547db8968a71e3abc81a8','2020-02-11 19:55:36','2020-02-11 19:55:36','pagina de download site ESPM','None','2018-11-01 17:21:33',85,'scrum_intented_development_task',NULL),(1520,'e4b4a77cf7274b85a1664fb14643fdaa','2020-02-11 19:55:36','2020-02-11 19:55:36','pagina de download site ESPM','None',NULL,85,'scrum_performed_development_task',NULL),(1521,'f7f6847257f34c0da043526da37b37b9','2020-02-11 19:55:36','2020-02-11 19:55:36','Criar testes unitarios','None','2018-10-29 19:06:10',3,'scrum_intented_development_task',NULL),(1522,'f8c79acdcc4649a0908cc0629b080fce','2020-02-11 19:55:36','2020-02-11 19:55:37','Criar testes unitarios','None',NULL,3,'scrum_performed_development_task',NULL),(1523,'067f6d34f38a4b38bf3cba5020485673','2020-02-11 19:55:37','2020-02-11 19:55:37','Criar testes unitarios','None','2018-10-29 19:06:52',3,'scrum_intented_development_task',NULL),(1524,'6bcf1cd7593047189433bb99a6f6d137','2020-02-11 19:55:37','2020-02-11 19:55:37','Criar testes unitarios','None',NULL,3,'scrum_performed_development_task',NULL),(1525,'f639dee1b6f64db4ac5ea72f0175ce10','2020-02-11 19:55:37','2020-02-11 19:55:37','implementar página Conhecimento','None','2018-11-01 17:31:49',85,'scrum_intented_development_task',NULL),(1526,'cf582df7a7d74034ab4eb409d688484f','2020-02-11 19:55:37','2020-02-11 19:55:37','implementar página Conhecimento','None',NULL,85,'scrum_performed_development_task',NULL),(1527,'aac992d483a04f88863b000b41e3a3db','2020-02-11 19:55:38','2020-02-11 19:55:38','redirecionar Api espm','None','2018-11-01 17:54:24',85,'scrum_intented_development_task',NULL),(1528,'6067d3b26e0d4e80aded9d29472c87ec','2020-02-11 19:55:38','2020-02-11 19:55:38','redirecionar Api espm','None',NULL,85,'scrum_performed_development_task',NULL),(1529,'f126ad85b9494c69a4047e1d375fdb71','2020-02-11 19:55:38','2020-02-11 19:55:38','Criar teste (mock)','None','2018-10-29 19:04:09',3,'scrum_intented_development_task',NULL),(1530,'a8c64ad65c9844c5b3783c976e41102e','2020-02-11 19:55:38','2020-02-11 19:55:38','Criar teste (mock)','None',NULL,3,'scrum_performed_development_task',NULL),(1531,'ffd4d58eee8145c8863909a28e24d3b1','2020-02-11 19:55:38','2020-02-11 19:55:39','Implementar a página de noticia','None','2018-10-17 19:45:17',84,'scrum_intented_development_task',NULL),(1532,'63ca4cd517bb4fbca34396eee802e2ab','2020-02-11 19:55:39','2020-02-11 19:55:39','Implementar a página de noticia','None',NULL,84,'scrum_performed_development_task',NULL),(1533,'b8bc5665f29943ad821f62be02e3d161','2020-02-11 19:55:39','2020-02-11 19:55:39','Criar teste (mock)','None','2018-10-29 19:03:46',3,'scrum_intented_development_task',NULL),(1534,'2dc6aa409a1945aa90f0652195906ca1','2020-02-11 19:55:40','2020-02-11 19:55:40','Criar teste (mock)','None',NULL,3,'scrum_performed_development_task',NULL),(1535,'f434e02de4c24ffb81f827ee41b6101f','2020-02-11 19:55:40','2020-02-11 19:55:40','Adicionar tags do Swagger','None','2018-10-29 19:05:40',3,'scrum_intented_development_task',NULL),(1536,'dce5523402b04f12b3942036597b9a12','2020-02-11 19:55:40','2020-02-11 19:55:40','Adicionar tags do Swagger','None',NULL,3,'scrum_performed_development_task',NULL),(1537,'09aaa7e6411c4cbbbe790b2a102e1d39','2020-02-11 19:55:40','2020-02-11 19:55:40','Adicionar tags do Swagger','None','2018-10-29 19:06:46',3,'scrum_intented_development_task',NULL),(1538,'292c561c30f74da68327eaae1d69026b','2020-02-11 19:55:40','2020-02-11 19:55:40','Adicionar tags do Swagger','None',NULL,3,'scrum_performed_development_task',NULL),(1539,'f5c6aa33a504427cbe2a7ed98077c1e5','2020-02-11 19:55:41','2020-02-11 19:55:41','criar o banco de dados (sqlserver)','None','2018-10-29 19:50:41',36,'scrum_intented_development_task',NULL),(1540,'3148ddc0d2cc416b84cd82322a50a962','2020-02-11 19:55:41','2020-02-11 19:55:41','criar o banco de dados (sqlserver)','None',NULL,36,'scrum_performed_development_task',NULL),(1541,'cbfe71ec873a42ea8cd57198fb3eeebb','2020-02-11 19:55:41','2020-02-11 19:55:41','criar uma planilha para inserção das tarifas','None','2018-10-29 19:44:11',36,'scrum_intented_development_task',NULL),(1542,'30429baaaac44f0882ea0107c247f6a8','2020-02-11 19:55:41','2020-02-11 19:55:41','criar uma planilha para inserção das tarifas','None',NULL,36,'scrum_performed_development_task',NULL),(1543,'7273301a6a4343a78d184cc4a8764147','2020-02-11 19:55:41','2020-02-11 19:55:41','criar planilha para inserção dos feriados','None','2018-10-29 19:38:33',36,'scrum_intented_development_task',NULL),(1544,'8f1d5cd261dc47e3b45cb3dd915e7c01','2020-02-11 19:55:41','2020-02-11 19:55:42','criar planilha para inserção dos feriados','None',NULL,36,'scrum_performed_development_task',NULL),(1545,'8396751aee854d558258e57203a5e776','2020-02-11 19:55:42','2020-02-11 19:55:42','Implementar a Home Page','None','2018-10-17 19:41:33',84,'scrum_intented_development_task',NULL),(1546,'8412d2265a8b475db8e41f625b642fdd','2020-02-11 19:55:42','2020-02-11 19:55:42','Implementar a Home Page','None',NULL,84,'scrum_performed_development_task',NULL),(1547,'9015aa42079e455cbaf07e29f99c69ef','2020-02-11 19:55:42','2020-02-11 19:55:42','Tonar a interface amigavel','Discutir com o Guilherme sobre melhorias na interface gráfica. <br>','2018-10-15 19:42:11',7,'scrum_intented_development_task',NULL),(1548,'fefa1d697290482cabeb1c9576980dea','2020-02-11 19:55:42','2020-02-11 19:55:42','Tonar a interface amigavel','Discutir com o Guilherme sobre melhorias na interface gráfica. <br>',NULL,7,'scrum_performed_development_task',NULL),(1549,'feef888d56a94b4fbf1a5a6a57344b47','2020-02-11 19:55:42','2020-02-11 19:55:42','implementar endpoint','None','2018-10-29 19:04:19',3,'scrum_intented_development_task',NULL),(1550,'119054e7866e495ca528df5c00ee48be','2020-02-11 19:55:43','2020-02-11 19:55:43','implementar endpoint','None',NULL,3,'scrum_performed_development_task',NULL),(1551,'bc9732ff0e7546a1a83d96d5c26e79bd','2020-02-11 19:55:43','2020-02-11 19:55:43','Implementar andpoint','None','2018-10-29 19:06:39',3,'scrum_intented_development_task',NULL),(1552,'cfc668b8ba8046f8b5ecdacf45129bc1','2020-02-11 19:55:43','2020-02-11 19:55:43','Implementar andpoint','None',NULL,3,'scrum_performed_development_task',NULL),(1553,'64542c799ba74f12a5ad1a635b117cc5','2020-02-11 19:55:43','2020-02-11 19:55:43','Implementar o webservice','None','2018-10-16 21:17:05',11,'scrum_intented_development_task',NULL),(1554,'73f6a76004ac48a4a7aa363eed2f6108','2020-02-11 19:55:43','2020-02-11 19:55:43','Implementar o webservice','None',NULL,11,'scrum_performed_development_task',NULL),(1555,'096a628d6b964fafadb88bc37a49bec9','2020-02-11 19:55:44','2020-02-11 19:55:44','Criar o design do home','Criar uma homepage que explique o projeto<br>','2018-10-17 19:41:10',84,'scrum_intented_development_task',NULL),(1556,'31bf0f02438d4b2cac8a53976f234b10','2020-02-11 19:55:44','2020-02-11 19:55:44','Criar o design do home','Criar uma homepage que explique o projeto<br>',NULL,84,'scrum_performed_development_task',NULL),(1557,'fccff6cfaa664fb9a7ffa5b5db811b06','2020-02-11 19:55:44','2020-02-11 19:55:44','Implementar o Design da home','None','2018-10-17 19:43:36',84,'scrum_intented_development_task',NULL),(1558,'abba883bf574447baa3e44bcdc1d8e82','2020-02-11 19:55:44','2020-02-11 19:55:44','Implementar o Design da home','None',NULL,84,'scrum_performed_development_task',NULL),(1559,'5f2d8a628e6c4bbc99622f863dc3d66f','2020-02-11 19:55:44','2020-02-11 19:55:45','Configurar o plugin para corresponder as necessidades do projeto','None','2018-10-29 19:00:24',53,'scrum_intented_development_task',NULL),(1560,'5de805fa87c04f03853ec71604726cb9','2020-02-11 19:55:45','2020-02-11 19:55:45','Configurar o plugin para corresponder as necessidades do projeto','None',NULL,53,'scrum_performed_development_task',NULL),(1561,'8b0e03fd129b42869bf1245b6256df4a','2020-02-11 19:55:45','2020-02-11 19:55:45','Adicionar o app limitbot ao slack da Prodest','None','2018-10-29 18:59:59',53,'scrum_intented_development_task',NULL),(1562,'6179e23c4eda40b29af8903d80fbd87b','2020-02-11 19:55:45','2020-02-11 19:55:45','Adicionar o app limitbot ao slack da Prodest','None',NULL,53,'scrum_performed_development_task',NULL),(1563,'18a92cfefe47485986a45a0cc055d8e2','2020-02-11 19:55:45','2020-02-11 19:55:46','Estudar como ESPM faz push notifications','None','2018-10-15 19:39:23',37,'scrum_intented_development_task',NULL),(1564,'bdcdee32cc8f4bbda97ac14f7d42a8fc','2020-02-11 19:55:46','2020-02-11 19:55:46','Estudar como ESPM faz push notifications','None',NULL,37,'scrum_performed_development_task',NULL),(1565,'6c312c457b1f40dfad9948e70d16a561','2020-02-11 19:55:46','2020-02-11 19:55:46','Estudar RabbitMQ','None','2018-10-15 19:22:44',37,'scrum_intented_development_task',NULL),(1566,'30832d49b5404e0cad8cf3b2307baf7b','2020-02-11 19:55:46','2020-02-11 19:55:46','Estudar RabbitMQ','None',NULL,37,'scrum_performed_development_task',NULL),(1567,'ca6135c85e4a43708b5e8c64530b47b2','2020-02-11 19:55:46','2020-02-11 19:55:46','Obter uma base de dados para testes','None','2018-10-18 18:28:00',53,'scrum_intented_development_task',NULL),(1568,'df6d24e4dad04f1baeb54cb2f04ec6e8','2020-02-11 19:55:47','2020-02-11 19:55:47','Obter uma base de dados para testes','None',NULL,53,'scrum_performed_development_task',NULL),(1569,'5040864d53ad4fd2a9ff9e6a0cfe8ad9','2020-02-11 19:55:47','2020-02-11 19:55:47','realizar a pesquisa no banco de dados','None','2018-10-12 14:10:18',12,'scrum_intented_development_task',NULL),(1570,'c7cce028090c497ba0bc7cd9f7a6a755','2020-02-11 19:55:47','2020-02-11 19:55:47','realizar a pesquisa no banco de dados','None',NULL,12,'scrum_performed_development_task',NULL),(1571,'31b71ca5e1834315b2f90ba9da539fef','2020-02-11 19:55:47','2020-02-11 19:55:47','Retornar o Json','None','2018-10-12 14:10:30',12,'scrum_intented_development_task',NULL),(1572,'b5120f37873743c6a54454fa7dd2ef41','2020-02-11 19:55:47','2020-02-11 19:55:47','Retornar o Json','None',NULL,12,'scrum_performed_development_task',NULL),(1573,'2db50e0a6f464edcbfd7edd59c67b796','2020-02-11 19:55:47','2020-02-11 19:55:47','Implementar requisições no Ionic','None','2018-10-17 17:03:09',4,'scrum_intented_development_task',NULL),(1574,'9de624ea67e64b2ab67972ac3fb17bee','2020-02-11 19:55:48','2020-02-11 19:55:48','Implementar requisições no Ionic','None',NULL,4,'scrum_performed_development_task',NULL),(1575,'8eaf251fac894defa622ed6218438817','2020-02-11 19:55:48','2020-02-11 19:55:48','Fazer build no GitLab','None','2018-10-15 20:24:43',3,'scrum_intented_development_task',NULL),(1576,'4749278af7294c04bd7df32ccdf7c61b','2020-02-11 19:55:48','2020-02-11 19:55:48','Fazer build no GitLab','None',NULL,3,'scrum_performed_development_task',NULL),(1577,'6adb4bd64c4e4e7597b9ca2529ac9b1e','2020-02-11 19:55:48','2020-02-11 19:55:48','implementar o endPoint','None','2018-10-17 16:45:01',5,'scrum_intented_development_task',NULL),(1578,'012176b9fa8648f9b02743a06a47d48a','2020-02-11 19:55:48','2020-02-11 19:55:48','implementar o endPoint','None',NULL,5,'scrum_performed_development_task',NULL),(1579,'9e0fde80e8b1421384903abc0dc6d353','2020-02-11 19:55:49','2020-02-11 19:55:49','Implementar o endpoint','None','2018-10-17 16:44:48',5,'scrum_intented_development_task',NULL),(1580,'d14706e77e5e4c1880b8f343b3ec4258','2020-02-11 19:55:49','2020-02-11 19:55:49','Implementar o endpoint','None',NULL,5,'scrum_performed_development_task',NULL),(1581,'383c8aa4783e410b8f88bf2ceeff4480','2020-02-11 19:55:49','2020-02-11 19:55:49','Criar os testes (mock)','None','2018-10-15 20:08:42',3,'scrum_intented_development_task',NULL),(1582,'b3d6736369114005944e61bbb149b5ab','2020-02-11 19:55:49','2020-02-11 19:55:49','Criar os testes (mock)','None',NULL,3,'scrum_performed_development_task',NULL),(1583,'2271f5c6279444dc8c96e2bedf144272','2020-02-11 19:55:49','2020-02-11 19:55:49','Implementar o swagger','None','2018-10-15 20:11:57',3,'scrum_intented_development_task',NULL),(1584,'9d9214dd5fc0411795f67a82bc2ddd4c','2020-02-11 19:55:50','2020-02-11 19:55:50','Implementar o swagger','None',NULL,3,'scrum_performed_development_task',NULL),(1585,'3f8d8660180c49ac99bdab3ef084c100','2020-02-11 19:55:50','2020-02-11 19:55:50','Criar testes(mock)','None','2018-10-15 20:23:02',3,'scrum_intented_development_task',NULL),(1586,'02e4c60628bb4ac68d68c09ff486cdbf','2020-02-11 19:55:50','2020-02-11 19:55:50','Criar testes(mock)','None',NULL,3,'scrum_performed_development_task',NULL),(1587,'5e07d1b664d14c05b77a070e8ca8c1a8','2020-02-11 19:55:50','2020-02-11 19:55:50','Exportar as imagens','None','2018-10-17 19:45:05',84,'scrum_intented_development_task',NULL),(1588,'6dc2942ac3894bfbbc99197907e12712','2020-02-11 19:55:50','2020-02-11 19:55:50','Exportar as imagens','None',NULL,84,'scrum_performed_development_task',NULL),(1589,'b1691fa9c1014045871712b92bed2328','2020-02-11 19:55:51','2020-02-11 19:55:51','Exportar as imagens do home','None','2018-10-17 19:44:32',84,'scrum_intented_development_task',NULL),(1590,'4ee62a74e26f46a4a570486e9704ccf7','2020-02-11 19:55:51','2020-02-11 19:55:51','Exportar as imagens do home','None',NULL,84,'scrum_performed_development_task',NULL),(1591,'92378f8757a04405921db70b6e8ed3ad','2020-02-11 19:55:51','2020-02-11 19:55:51','Criar DTOs para todas as respostas da api-ceturb','None','2018-10-19 19:16:54',36,'scrum_intented_development_task',NULL),(1592,'dd31311e1f7f4fedb864912aa007323d','2020-02-11 19:55:51','2020-02-11 19:55:51','Criar DTOs para todas as respostas da api-ceturb','None',NULL,36,'scrum_performed_development_task',NULL),(1593,'40d8fac95df34e14964657f3ec83c940','2020-02-11 19:55:51','2020-02-11 19:55:51','Levantar problemas encontrados para tirar duvidas com Vinicius refente ao banco de dados seleção','None','2018-10-18 20:03:20',73,'scrum_intented_development_task',NULL),(1594,'ddb86385d1494c86a0d19a58d30acb2a','2020-02-11 19:55:52','2020-02-11 19:55:52','Levantar problemas encontrados para tirar duvidas com Vinicius refente ao banco de dados seleção','None',NULL,73,'scrum_performed_development_task',NULL),(1595,'80b5b624bafe404181a4d41855bfb21c','2020-02-11 19:55:52','2020-02-11 19:55:52','Corrigir o problema das tarifas','None','2018-10-15 19:44:41',37,'scrum_intented_development_task',NULL),(1596,'60ba5e385f19459e8fabcf3161aff97d','2020-02-11 19:55:52','2020-02-11 19:55:52','Corrigir o problema das tarifas','None',NULL,37,'scrum_performed_development_task',NULL),(1597,'35960a3c165e451f9ad2e640a386be62','2020-02-11 19:55:52','2020-02-11 19:55:52','Criar tutorial de como utilizar o Power BI para gerar dashboard.','None','2018-10-15 19:24:00',72,'scrum_intented_development_task',NULL),(1598,'320e3c1e97db4f03988edbe382324e5a','2020-02-11 19:55:52','2020-02-11 19:55:52','Criar tutorial de como utilizar o Power BI para gerar dashboard.','None',NULL,72,'scrum_performed_development_task',NULL),(1599,'5d88f79d632b40339dc7a5ca1e20952c','2020-02-11 19:55:52','2020-02-11 19:55:53','Salvar dados do concurso no dispositivo','None','2018-10-24 23:42:00',7,'scrum_intented_development_task',NULL),(1600,'9956ce271323408391a260390d815037','2020-02-11 19:55:53','2020-02-11 19:55:53','Salvar dados do concurso no dispositivo','None',NULL,7,'scrum_performed_development_task',NULL),(1601,'fe8bcaa341ef4c4797560e8ff85a6b96','2020-02-11 19:55:53','2020-02-11 19:55:53','Criar botão de salvar concursos favoritos','None','2018-10-24 23:42:21',7,'scrum_intented_development_task',NULL),(1602,'46987de0c8e546da9ff56cb898438de8','2020-02-11 19:55:53','2020-02-11 19:55:53','Criar botão de salvar concursos favoritos','None',NULL,7,'scrum_performed_development_task',NULL),(1603,'670d2c3203264de08cac454bb676f679','2020-02-11 19:55:53','2020-02-11 19:55:53','Corrigir as telas do mobile','None','2018-10-16 21:16:51',11,'scrum_intented_development_task',NULL),(1604,'9bff31ebbe0a499cafdbd71a8e1702e1','2020-02-11 19:55:53','2020-02-11 19:55:53','Corrigir as telas do mobile','None',NULL,11,'scrum_performed_development_task',NULL),(1605,'7f6460405c5a49e2b007d96e48c20bce','2020-02-11 19:55:54','2020-02-11 19:55:54','Criar o gráfico da velocidade','Existe isso implementado para cada projeto.&nbsp;','2018-10-16 02:02:19',55,'scrum_intented_development_task',NULL),(1606,'91cfb181ebcc4e5fa9aa28feb7e6c182','2020-02-11 19:55:54','2020-02-11 19:55:54','Criar o gráfico da velocidade','Existe isso implementado para cada projeto.&nbsp;',NULL,55,'scrum_performed_development_task',NULL),(1607,'cc61c7c3bb3e436395539ef573f350ea','2020-02-11 19:55:54','2020-02-11 19:55:54','Criar a query para calcular a velocidade','Existe a velocidade por projeto, implementado no TFS.&nbsp;','2018-10-16 02:02:09',55,'scrum_intented_development_task',NULL),(1608,'c72adca0490c4dcab43b5d1cdbefd96d','2020-02-11 19:55:54','2020-02-11 19:55:54','Criar a query para calcular a velocidade','Existe a velocidade por projeto, implementado no TFS.&nbsp;',NULL,55,'scrum_performed_development_task',NULL),(1609,'0762e57fd903431da2c9db531db0d62d','2020-02-11 19:55:54','2020-02-11 19:55:54','Prestação de contas Técnica do Projeto ESPM','Dentro do SIGFAPES, na seção&nbsp;<span style=\"margin:0px;padding:0px;border:0px;font-weight:bold;font-size:12px;font-family:Helvetica;vertical-align:baseline;color:rgb(104, 108, 112);background-color:rgb(244, 245, 245);\">6. Prestação de Contas</span><span style=\"margin:0px;padding:0px;border:0px;font-size:12px;font-family:Helvetica;vertical-align:baseline;background-color:rgb(244, 245, 245);\"><font color=\"#313334\">&nbsp;&gt;&gt;&nbsp;</font><span style=\"color:rgb(0, 51, 153);font-weight:bold;font-family:inherit;font-style:inherit;\">6.1 Novo Formulário</span><br></span>Preencher &quot;Anexo VI - Relatório Técnico de Projeto de Pesquisa&quot;','2018-10-24 13:06:20',54,'scrum_intented_development_task',NULL),(1610,'a728de6d10ee40268b9c29d8067e4481','2020-02-11 19:55:55','2020-02-11 19:55:55','Entregar Formulário de Termo de Depósito de Equipamentos para FAPES','None','2018-10-24 13:07:10',54,'scrum_intented_development_task',NULL),(1611,'b19472c6edbd46f386180ab63d54c535','2020-02-11 19:55:55','2020-02-11 19:55:55','Prestação de contas Financeira do Projeto ESPM','None','2018-10-24 13:06:45',54,'scrum_intented_development_task',NULL),(1612,'b79ecf17a2984f2dae10b372b701f3eb','2020-02-11 19:55:55','2020-02-11 19:55:55','re-fatorar as rotas da api-ceturb e equilibrar as respostas entre geocontrol e banco','None','2018-10-19 19:18:25',36,'scrum_intented_development_task',NULL),(1613,'41cc410123614621ba81bad8f9254636','2020-02-11 19:55:55','2020-02-11 19:55:55','re-fatorar as rotas da api-ceturb e equilibrar as respostas entre geocontrol e banco','None',NULL,36,'scrum_performed_development_task',NULL),(1614,'239b94f7aea047bd9ef9c905c479993a','2020-02-11 19:55:55','2020-02-11 19:55:55','Gerar dashboards com os dados do banco.','None','2018-10-15 19:23:28',72,'scrum_intented_development_task',NULL),(1615,'2e61e01e91524c979280c5880cab68cb','2020-02-11 19:55:55','2020-02-11 19:55:55','Gerar dashboards com os dados do banco.','None',NULL,72,'scrum_performed_development_task',NULL),(1616,'223422ce83364b76b882868dee989d09','2020-02-11 19:55:55','2020-02-11 19:55:55','Analisar os dados e tentar extrair informações uteis do banco.','None','2018-10-15 19:27:47',72,'scrum_intented_development_task',NULL),(1617,'8ff76adf6b954a3a808e447c14a0ab00','2020-02-11 19:55:56','2020-02-11 19:55:56','Analisar os dados e tentar extrair informações uteis do banco.','None',NULL,72,'scrum_performed_development_task',NULL),(1618,'32d85c65ae8a4048b594d70e697c4f5d','2020-02-11 19:55:56','2020-02-11 19:55:56','Estudar o Power BI.','None','2018-10-15 19:23:07',72,'scrum_intented_development_task',NULL),(1619,'3b258cccae8644499cea93e5666dacee','2020-02-11 19:55:56','2020-02-11 19:55:56','Estudar o Power BI.','None',NULL,72,'scrum_performed_development_task',NULL),(1620,'269b2328d77843e194c492349d2d9fa9','2020-02-11 19:55:56','2020-02-11 19:55:56','Tentar responder as perguntas levantadas.','None','2018-10-15 19:25:43',72,'scrum_intented_development_task',NULL),(1621,'2b6a73c5b2f04fd190cf544cf4756dd2','2020-02-11 19:55:56','2020-02-11 19:55:56','Tentar responder as perguntas levantadas.','None',NULL,72,'scrum_performed_development_task',NULL),(1622,'279b7b9b6fa845d4b1f33e474d21f06d','2020-02-11 19:55:57','2020-02-11 19:55:57','Pergunta: Dos inscritos, quantos fizeram a prova e foram reprovados?','None','2018-10-19 16:52:17',68,'scrum_intented_development_task',NULL),(1623,'e897088e84254c06b9754f755803a292','2020-02-11 19:55:57','2020-02-11 19:55:57','Pergunta: Dos inscritos, quantos fizeram a prova e foram reprovados?','None',NULL,68,'scrum_performed_development_task',NULL),(1624,'03e0578e409c4a7b9eab34d341dd23ed','2020-02-11 19:55:57','2020-02-11 19:55:57','Pergunta: Dos inscritos, quantos foram aprovados?','None','2018-10-19 16:59:01',68,'scrum_intented_development_task',NULL),(1625,'7889591c001e4f88a0a239d71ff9f9b3','2020-02-11 19:55:57','2020-02-11 19:55:57','Pergunta: Dos inscritos, quantos foram aprovados?','None',NULL,68,'scrum_performed_development_task',NULL),(1626,'95363c6430ca4fb8813c6ac1a68a8ea8','2020-02-11 19:55:57','2020-02-11 19:55:57','Pergunta: Dos inscritos, quantos foram contratados?','None','2018-10-19 16:56:56',68,'scrum_intented_development_task',NULL),(1627,'95ac743d204d49c79a5c987de772e01d','2020-02-11 19:55:57','2020-02-11 19:55:57','Pergunta: Dos inscritos, quantos foram contratados?','None',NULL,68,'scrum_performed_development_task',NULL),(1628,'8673183a2fee41a99f11dc83b3b6c5c3','2020-02-11 19:55:57','2020-02-11 19:55:57','Criar uma transformação entre os bancos de dados','None','2018-10-16 18:14:54',74,'scrum_intented_development_task',NULL),(1629,'6a46b12983d549618f0f520e636bd78b','2020-02-11 19:55:57','2020-02-11 19:55:58','Criar uma transformação entre os bancos de dados','None',NULL,74,'scrum_performed_development_task',NULL),(1630,'a877715e490841b295ea6755db4215d7','2020-02-11 19:55:58','2020-02-11 19:55:58','Carregar BD de produção','None','2018-10-22 19:09:31',37,'scrum_intented_development_task',NULL),(1631,'7fe103b309b842fda11e267ebfb17fa9','2020-02-11 19:55:58','2020-02-11 19:55:58','Carregar BD de produção','None',NULL,37,'scrum_performed_development_task',NULL),(1632,'3e235bbf717043d980f7bd94df74f113','2020-02-11 19:55:58','2020-02-11 19:55:58','Pergunta: Dos inscritos não compareceram a prova e automaticamente foram eliminados?','None','2018-10-19 16:46:47',68,'scrum_intented_development_task',NULL),(1633,'2d90983235fb4eaba6b0a939de690f7b','2020-02-11 19:55:58','2020-02-11 19:55:58','Pergunta: Dos inscritos não compareceram a prova e automaticamente foram eliminados?','None',NULL,68,'scrum_performed_development_task',NULL),(1634,'30004dd5733c456e880acb1ae0f7fd2b','2020-02-11 19:55:58','2020-02-11 19:55:58','Estudar o envio de notificações pelo Real Time do Google Transit','O envio de dados para o Google é feito via GRPC (https://grpc.io/). Por meio dessa tecnologia que poderemos enviar os dados.<br>','2018-10-15 19:24:31',37,'scrum_intented_development_task',NULL),(1635,'1731bd96779e473aa2bd882d7be69107','2020-02-11 19:55:59','2020-02-11 19:55:59','Estudar o envio de notificações pelo Real Time do Google Transit','O envio de dados para o Google é feito via GRPC (https://grpc.io/). Por meio dessa tecnologia que poderemos enviar os dados.<br>',NULL,37,'scrum_performed_development_task',NULL),(1636,'7f966eeeb3984538bb5424ec061c4e2b','2020-02-11 19:55:59','2020-02-11 19:55:59','Colocar API-Ceturb em produção','None','2018-10-15 19:28:33',37,'scrum_intented_development_task',NULL),(1637,'3c6f69f8b32c483a9bfd746cf3e1f2ab','2020-02-11 19:55:59','2020-02-11 19:55:59','Colocar API-Ceturb em produção','None',NULL,37,'scrum_performed_development_task',NULL),(1638,'687aa1645a654fa587e2e4976cea6a46','2020-02-11 19:55:59','2020-02-11 19:55:59','Pergunta: Qual a localização dos inscritos?','None','2018-10-19 17:03:49',68,'scrum_intented_development_task',NULL),(1639,'eb0a6597588749b994227dec40244516','2020-02-11 19:55:59','2020-02-11 19:55:59','Pergunta: Qual a localização dos inscritos?','None',NULL,68,'scrum_performed_development_task',NULL),(1640,'83f7c3d1e7aa4ca4945684742e861e1b','2020-02-11 19:56:00','2020-02-11 19:56:00','Criar heroku app','https://api-detran.herokuapp.com/veiculos/OCV4615/26532416762/','2018-10-18 17:59:19',4,'scrum_intented_development_task',NULL),(1641,'c394f1bd98f44ec8bc8804398443d1ea','2020-02-11 19:56:00','2020-02-11 19:56:00','Criar heroku app','https://api-detran.herokuapp.com/veiculos/OCV4615/26532416762/',NULL,4,'scrum_performed_development_task',NULL),(1642,'e0af3ecd3d874538b647f40de51000f1','2020-02-11 19:56:00','2020-02-11 19:56:00','Pergunta: Qual o grau de escolaridade dos inscritos?','None','2018-10-19 17:02:41',68,'scrum_intented_development_task',NULL),(1643,'7f59333f090142d88f0b11dd422b501d','2020-02-11 19:56:00','2020-02-11 19:56:00','Pergunta: Qual o grau de escolaridade dos inscritos?','None',NULL,68,'scrum_performed_development_task',NULL),(1644,'495f3a96e6ae487691e487dd833fdce3','2020-02-11 19:56:00','2020-02-11 19:56:01','Pergunta: Dos inscritos, quantos possuem necessidades especiais?','None','2018-10-19 16:46:40',68,'scrum_intented_development_task',NULL),(1645,'45c65c5ca24d4c73a4cf44955e83853c','2020-02-11 19:56:01','2020-02-11 19:56:01','Pergunta: Dos inscritos, quantos possuem necessidades especiais?','None',NULL,68,'scrum_performed_development_task',NULL),(1646,'717577a0ff824ea39aed5f96e076870f','2020-02-11 19:56:01','2020-02-11 19:56:01','Colocar o Banco de Dados em produção','None','2018-10-15 19:29:47',37,'scrum_intented_development_task',NULL),(1647,'1ce18ea367274205ab206a7e63a53768','2020-02-11 19:56:01','2020-02-11 19:56:01','Colocar o Banco de Dados em produção','None',NULL,37,'scrum_performed_development_task',NULL),(1648,'90d3b934440f48c7b8a0585de4ef757f','2020-02-11 19:56:01','2020-02-11 19:56:01','Buildar imagem do Job e subir pro Rancher','None','2018-10-15 19:31:36',37,'scrum_intented_development_task',NULL),(1649,'b88d813cd2d94e1ea3a867fafbd722a6','2020-02-11 19:56:02','2020-02-11 19:56:02','Buildar imagem do Job e subir pro Rancher','None',NULL,37,'scrum_performed_development_task',NULL),(1650,'861849291c854264a5af2ee14e7bbce6','2020-02-11 19:56:02','2020-02-11 19:56:02','Apresentar modelo do banco normalizado.','None','2018-10-15 19:28:31',72,'scrum_intented_development_task',NULL),(1651,'aa653217b4374504a0721c999aa6265d','2020-02-11 19:56:02','2020-02-11 19:56:02','Apresentar modelo do banco normalizado.','None',NULL,72,'scrum_performed_development_task',NULL),(1652,'d59bbf576da040958faeed3ac9f1da5e','2020-02-11 19:56:02','2020-02-11 19:56:02','Revisar o dicionário de dados.','None','2018-10-15 19:28:43',72,'scrum_intented_development_task',NULL),(1653,'69bda01667e14acb8028ad3332f2d984','2020-02-11 19:56:02','2020-02-11 19:56:02','Revisar o dicionário de dados.','None',NULL,72,'scrum_performed_development_task',NULL),(1654,'2d42a1b5d1a64238ac09f442686160de','2020-02-11 19:56:03','2020-02-11 19:56:03','Apresentar o banco \"espelho\" do seleção DT.','None','2018-10-15 19:29:37',72,'scrum_intented_development_task',NULL),(1655,'34de5a3ceb414e7da6f0d78dacabe096','2020-02-11 19:56:03','2020-02-11 19:56:03','Apresentar o banco \"espelho\" do seleção DT.','None',NULL,72,'scrum_performed_development_task',NULL),(1656,'363f2fc8e498492887ebb32f40adcafe','2020-02-11 19:56:03','2020-02-11 19:56:03','Validar a descaracterização que foi feita no banco.','None','2018-10-15 19:29:54',72,'scrum_intented_development_task',NULL),(1657,'62c0872bac224a459769513834e0f53a','2020-02-11 19:56:03','2020-02-11 19:56:03','Validar a descaracterização que foi feita no banco.','None',NULL,72,'scrum_performed_development_task',NULL),(1658,'169173e86756470b92dc8c866257d328','2020-02-11 19:56:03','2020-02-11 19:56:03','Instalar o BigSQL','None','2018-10-18 18:03:05',72,'scrum_intented_development_task',NULL),(1659,'a6268f63af854abd86f51c6c28798456','2020-02-11 19:56:03','2020-02-11 19:56:03','Instalar o BigSQL','None',NULL,72,'scrum_performed_development_task',NULL),(1660,'4934715b314c49e09b5dd2b56280b1d3','2020-02-11 19:56:03','2020-02-11 19:56:04','Instalar nas maquinas o Power BI','None','2018-10-18 18:02:33',72,'scrum_intented_development_task',NULL),(1661,'987284f9770749379352d85f5c69844a','2020-02-11 19:56:04','2020-02-11 19:56:04','Instalar nas maquinas o Power BI','None',NULL,72,'scrum_performed_development_task',NULL),(1662,'83338689b1964decb828a5d71f60dc1a','2020-02-11 19:56:04','2020-02-11 19:56:04','Assistir tutoriais ensinando a utilizar o Power Bi','None','2018-10-18 18:25:31',53,'scrum_intented_development_task',NULL),(1663,'c4c79770a9f843319478885336dce696','2020-02-11 19:56:04','2020-02-11 19:56:04','Assistir tutoriais ensinando a utilizar o Power Bi','None',NULL,53,'scrum_performed_development_task',NULL),(1664,'751d6eb4fce94e968c1d8f7b92aaa740','2020-02-11 19:56:04','2020-02-11 19:56:04','Instalar o software','None','2018-10-18 18:27:21',53,'scrum_intented_development_task',NULL),(1665,'318dac977c06409eb8f817a1fa5478f1','2020-02-11 19:56:04','2020-02-11 19:56:04','Instalar o software','None',NULL,53,'scrum_performed_development_task',NULL),(1666,'9ab40fe1d90f43069416dba2583c6b0f','2020-02-11 19:56:05','2020-02-11 19:56:05','Formatar as maquinas que estão sem o Windows','None','2018-10-18 18:02:21',72,'scrum_intented_development_task',NULL),(1667,'0c5ed0c7a6a14c7eb9102996b1ad4467','2020-02-11 19:56:05','2020-02-11 19:56:05','Formatar as maquinas que estão sem o Windows','None',NULL,72,'scrum_performed_development_task',NULL),(1668,'e03c5745fd7a40a0884ca05fcd719f55','2020-02-11 19:56:05','2020-02-11 19:56:05','Colocar o Minio em produção','None','2018-10-15 19:28:09',37,'scrum_intented_development_task',NULL),(1669,'228eafba81ce49fb8174a626d7279409','2020-02-11 19:56:05','2020-02-11 19:56:05','Colocar o Minio em produção','None',NULL,37,'scrum_performed_development_task',NULL),(1670,'dd4ecf8ba6af472884d269dfaa1c334a','2020-02-11 19:56:05','2020-02-11 19:56:05','abrir uma issue no git ','None','2018-10-17 20:58:44',81,'scrum_intented_development_task',NULL),(1671,'e3d382c4b17a4113af45838e13e84e0b','2020-02-11 19:56:05','2020-02-11 19:56:05','Implementar o Design','None','2018-10-17 19:44:59',84,'scrum_intented_development_task',NULL),(1672,'43c618ce0b544260830b9b91934d272c','2020-02-11 19:56:05','2020-02-11 19:56:05','Implementar o Design','None',NULL,84,'scrum_performed_development_task',NULL),(1673,'0b3e1eac815a4f0eb029863bde890fc4','2020-02-11 19:56:06','2020-02-11 19:56:06','Criar o Design da Home','None','2018-10-17 19:43:27',84,'scrum_intented_development_task',NULL),(1674,'20ccb80bedcd462dba553ab589d5fca1','2020-02-11 19:56:06','2020-02-11 19:56:06','Criar o Design da Home','None',NULL,84,'scrum_performed_development_task',NULL),(1675,'17f4c47514234e75b3faa46836d6c941','2020-02-11 19:56:06','2020-02-11 19:56:06','Criar um query para saber o estado de cada tarefa executada no sprint','None','2018-10-16 21:11:54',54,'scrum_intented_development_task',NULL),(1676,'18dfc538cd0d4a32b90ec89d4303a849','2020-02-11 19:56:06','2020-02-11 19:56:07','Criar um query para saber o estado de cada tarefa executada no sprint','None',NULL,54,'scrum_performed_development_task',NULL),(1677,'b0d4869c16bc42b394be87ce77dbda95','2020-02-11 19:56:07','2020-02-11 19:56:07','Criar Gráfico','None','2018-10-16 17:32:56',54,'scrum_intented_development_task',NULL),(1678,'a2af50a99772463b83bfd5df06e29509','2020-02-11 19:56:07','2020-02-11 19:56:07','Criar Gráfico','None',NULL,54,'scrum_performed_development_task',NULL),(1679,'b60ee249ee2f4fcd9185228efc0a2c51','2020-02-11 19:56:07','2020-02-11 19:56:07','Criar uma query para calcular a WIP','None','2018-10-16 17:32:51',54,'scrum_intented_development_task',NULL),(1680,'bfd06c18c4b94067b3d275b4e4128e80','2020-02-11 19:56:07','2020-02-11 19:56:07','Criar uma query para calcular a WIP','None',NULL,54,'scrum_performed_development_task',NULL);
/*!40000 ALTER TABLE `scrum_development_task` ENABLE KEYS */;
UNLOCK TABLES;

--
-- Table structure for table `scrum_intented_development_task`
--

DROP TABLE IF EXISTS `scrum_intented_development_task`;
/*!40101 SET @saved_cs_client     = @@character_set_client */;
/*!50503 SET character_set_client = utf8mb4 */;
CREATE TABLE `scrum_intented_development_task` (
  `id` int(11) NOT NULL,
  `type_activity` int(11) DEFAULT NULL,
  `priority` int(11) DEFAULT NULL,
  `risk` int(11) DEFAULT NULL,
  `story_points` int(11) DEFAULT NULL,
  PRIMARY KEY (`id`),
  KEY `type_activity` (`type_activity`),
  KEY `priority` (`priority`),
  KEY `risk` (`risk`),
  CONSTRAINT `scrum_intented_development_task_ibfk_1` FOREIGN KEY (`id`) REFERENCES `scrum_development_task` (`id`),
  CONSTRAINT `scrum_intented_development_task_ibfk_2` FOREIGN KEY (`type_activity`) REFERENCES `development_task_type` (`id`),
  CONSTRAINT `scrum_intented_development_task_ibfk_3` FOREIGN KEY (`priority`) REFERENCES `priority` (`id`),
  CONSTRAINT `scrum_intented_development_task_ibfk_4` FOREIGN KEY (`risk`) REFERENCES `risk` (`id`)
) ENGINE=InnoDB DEFAULT CHARSET=utf8mb4 COLLATE=utf8mb4_general_ci;
/*!40101 SET character_set_client = @saved_cs_client */;

--
-- Dumping data for table `scrum_intented_development_task`
--

LOCK TABLES `scrum_intented_development_task` WRITE;
/*!40000 ALTER TABLE `scrum_intented_development_task` DISABLE KEYS */;
INSERT INTO `scrum_intented_development_task` VALUES (1,NULL,2,NULL,NULL),(2,NULL,2,NULL,NULL),(4,NULL,2,NULL,NULL),(6,NULL,2,NULL,NULL),(7,NULL,2,NULL,NULL),(8,NULL,2,NULL,NULL),(10,NULL,2,NULL,NULL),(11,NULL,2,NULL,NULL),(12,NULL,2,NULL,NULL),(13,NULL,2,NULL,NULL),(14,NULL,2,NULL,NULL),(15,NULL,2,NULL,NULL),(16,NULL,2,NULL,NULL),(18,NULL,2,NULL,NULL),(20,NULL,2,NULL,NULL),(22,NULL,2,NULL,NULL),(24,NULL,2,NULL,NULL),(26,NULL,2,NULL,NULL),(28,NULL,2,NULL,NULL),(30,NULL,2,NULL,NULL),(32,NULL,2,NULL,NULL),(34,NULL,2,NULL,NULL),(36,NULL,2,NULL,NULL),(38,1,2,NULL,NULL),(40,NULL,2,NULL,NULL),(42,NULL,2,NULL,NULL),(44,NULL,2,NULL,NULL),(46,NULL,2,NULL,NULL),(48,NULL,2,NULL,NULL),(50,NULL,2,NULL,NULL),(52,NULL,2,NULL,NULL),(54,NULL,2,NULL,NULL),(56,NULL,2,NULL,NULL),(58,NULL,2,NULL,NULL),(60,NULL,2,NULL,NULL),(62,NULL,2,NULL,NULL),(64,4,2,NULL,NULL),(66,4,2,NULL,NULL),(68,4,2,NULL,NULL),(70,NULL,2,NULL,NULL),(72,NULL,2,NULL,NULL),(74,NULL,2,NULL,NULL),(76,NULL,2,NULL,NULL),(78,NULL,2,NULL,NULL),(80,NULL,2,NULL,NULL),(82,NULL,2,NULL,NULL),(84,NULL,2,NULL,NULL),(86,NULL,2,NULL,NULL),(88,NULL,2,NULL,NULL),(90,NULL,2,NULL,NULL),(92,NULL,2,NULL,NULL),(94,NULL,2,NULL,NULL),(96,NULL,2,NULL,NULL),(98,NULL,2,NULL,NULL),(100,NULL,2,NULL,NULL),(102,4,2,NULL,NULL),(104,NULL,2,NULL,NULL),(106,NULL,2,NULL,NULL),(108,NULL,2,NULL,NULL),(110,NULL,2,NULL,NULL),(112,NULL,2,NULL,NULL),(114,NULL,2,NULL,NULL),(116,NULL,2,NULL,NULL),(118,NULL,2,NULL,NULL),(120,NULL,2,NULL,NULL),(122,NULL,2,NULL,NULL),(124,NULL,2,NULL,NULL),(126,NULL,2,NULL,NULL),(128,NULL,2,NULL,NULL),(130,NULL,2,NULL,NULL),(132,NULL,2,NULL,NULL),(134,NULL,2,NULL,NULL),(136,1,2,NULL,NULL),(138,1,2,NULL,NULL),(140,NULL,2,NULL,NULL),(142,5,2,NULL,NULL),(144,NULL,2,NULL,NULL),(146,4,2,NULL,NULL),(148,1,2,NULL,NULL),(150,NULL,2,NULL,NULL),(152,NULL,2,NULL,NULL),(154,4,2,NULL,NULL),(156,NULL,2,NULL,NULL),(158,NULL,2,NULL,NULL),(160,NULL,2,NULL,NULL),(162,NULL,2,NULL,NULL),(164,6,2,NULL,NULL),(166,1,2,NULL,NULL),(168,NULL,2,NULL,NULL),(170,NULL,2,NULL,NULL),(172,NULL,2,NULL,NULL),(174,4,2,NULL,NULL),(176,4,2,NULL,NULL),(178,4,2,NULL,NULL),(180,4,2,NULL,NULL),(182,4,2,NULL,NULL),(184,4,2,NULL,NULL),(186,NULL,2,NULL,NULL),(188,NULL,2,NULL,NULL),(190,NULL,2,NULL,NULL),(192,NULL,2,NULL,NULL),(194,NULL,2,NULL,NULL),(196,NULL,2,NULL,NULL),(198,NULL,2,NULL,NULL),(200,NULL,2,NULL,NULL),(202,NULL,2,NULL,NULL),(203,NULL,2,NULL,NULL),(204,4,2,NULL,NULL),(206,NULL,2,NULL,NULL),(208,4,2,NULL,NULL),(210,4,2,NULL,NULL),(212,4,2,NULL,NULL),(214,NULL,2,NULL,NULL),(216,4,2,NULL,NULL),(218,NULL,2,NULL,NULL),(220,NULL,2,NULL,NULL),(222,NULL,2,NULL,NULL),(224,4,2,NULL,NULL),(226,NULL,2,NULL,NULL),(228,NULL,2,NULL,NULL),(230,NULL,2,NULL,NULL),(232,NULL,2,NULL,NULL),(234,NULL,2,NULL,NULL),(236,NULL,2,NULL,NULL),(238,NULL,2,NULL,NULL),(240,NULL,2,NULL,NULL),(242,NULL,2,NULL,NULL),(244,NULL,2,NULL,NULL),(246,NULL,2,NULL,NULL),(248,NULL,2,NULL,NULL),(250,NULL,2,NULL,NULL),(252,NULL,2,NULL,NULL),(254,NULL,2,NULL,NULL),(256,NULL,2,NULL,NULL),(258,NULL,2,NULL,NULL),(260,NULL,2,NULL,NULL),(262,NULL,2,NULL,NULL),(264,NULL,2,NULL,NULL),(266,NULL,2,NULL,NULL),(268,NULL,2,NULL,NULL),(270,NULL,2,NULL,NULL),(272,NULL,2,NULL,NULL),(274,NULL,2,NULL,NULL),(276,NULL,2,NULL,NULL),(278,NULL,2,NULL,NULL),(280,6,2,NULL,NULL),(282,6,2,NULL,NULL),(284,4,2,NULL,NULL),(286,NULL,2,NULL,NULL),(288,NULL,2,NULL,NULL),(290,NULL,2,NULL,NULL),(292,NULL,2,NULL,NULL),(294,NULL,2,NULL,NULL),(296,NULL,2,NULL,NULL),(298,NULL,2,NULL,NULL),(300,NULL,2,NULL,NULL),(302,NULL,2,NULL,NULL),(304,NULL,2,NULL,NULL),(306,NULL,2,NULL,NULL),(308,NULL,2,NULL,NULL),(310,NULL,2,NULL,NULL),(312,NULL,2,NULL,NULL),(314,NULL,2,NULL,NULL),(316,NULL,2,NULL,NULL),(318,NULL,2,NULL,NULL),(320,NULL,2,NULL,NULL),(322,NULL,2,NULL,NULL),(323,NULL,2,NULL,NULL),(324,NULL,2,NULL,NULL),(326,NULL,2,NULL,NULL),(328,NULL,2,NULL,NULL),(330,NULL,2,NULL,NULL),(332,NULL,2,NULL,NULL),(334,NULL,2,NULL,NULL),(336,NULL,2,NULL,NULL),(338,NULL,2,NULL,NULL),(340,NULL,2,NULL,NULL),(342,NULL,2,NULL,NULL),(344,NULL,2,NULL,NULL),(346,NULL,2,NULL,NULL),(348,NULL,2,NULL,NULL),(349,NULL,2,NULL,NULL),(350,NULL,2,NULL,NULL),(351,NULL,2,NULL,NULL),(353,NULL,2,NULL,NULL),(355,NULL,2,NULL,NULL),(357,NULL,2,NULL,NULL),(359,NULL,2,NULL,NULL),(361,NULL,2,NULL,NULL),(363,1,2,NULL,NULL),(365,NULL,2,NULL,NULL),(367,NULL,2,NULL,NULL),(369,NULL,2,NULL,NULL),(371,NULL,2,NULL,NULL),(373,NULL,2,NULL,NULL),(375,NULL,2,NULL,NULL),(377,NULL,2,NULL,NULL),(379,NULL,2,NULL,NULL),(381,NULL,2,NULL,NULL),(383,NULL,2,NULL,NULL),(385,NULL,2,NULL,NULL),(387,NULL,2,NULL,NULL),(389,NULL,2,NULL,NULL),(391,NULL,2,NULL,NULL),(393,NULL,2,NULL,NULL),(395,NULL,2,NULL,NULL),(397,NULL,2,NULL,NULL),(399,NULL,2,NULL,NULL),(401,NULL,2,NULL,NULL),(403,NULL,2,NULL,NULL),(405,NULL,2,NULL,NULL),(407,NULL,2,NULL,NULL),(409,NULL,2,NULL,NULL),(411,NULL,2,NULL,NULL),(413,NULL,2,NULL,NULL),(415,NULL,2,NULL,NULL),(417,NULL,2,NULL,NULL),(419,NULL,2,NULL,NULL),(421,NULL,2,NULL,NULL),(423,NULL,2,NULL,NULL),(425,NULL,2,NULL,NULL),(427,NULL,2,NULL,NULL),(429,NULL,2,NULL,NULL),(430,NULL,2,NULL,NULL),(431,NULL,2,NULL,NULL),(433,NULL,2,NULL,NULL),(435,NULL,2,NULL,NULL),(437,NULL,2,NULL,NULL),(439,4,2,NULL,NULL),(441,NULL,2,NULL,NULL),(443,NULL,2,NULL,NULL),(445,NULL,2,NULL,NULL),(447,NULL,2,NULL,NULL),(449,NULL,2,NULL,NULL),(451,NULL,2,NULL,NULL),(453,NULL,2,NULL,NULL),(455,NULL,2,NULL,NULL),(457,NULL,2,NULL,NULL),(459,NULL,2,NULL,NULL),(461,NULL,2,NULL,NULL),(463,NULL,2,NULL,NULL),(465,NULL,2,NULL,NULL),(467,NULL,2,NULL,NULL),(469,NULL,2,NULL,NULL),(471,NULL,2,NULL,NULL),(473,6,2,NULL,NULL),(475,NULL,2,NULL,NULL),(477,NULL,2,NULL,NULL),(479,NULL,2,NULL,NULL),(481,NULL,2,NULL,NULL),(483,NULL,2,NULL,NULL),(485,NULL,2,NULL,NULL),(487,NULL,2,NULL,NULL),(489,NULL,2,NULL,NULL),(491,NULL,2,NULL,NULL),(493,NULL,2,NULL,NULL),(495,NULL,2,NULL,NULL),(497,NULL,2,NULL,NULL),(499,NULL,2,NULL,NULL),(501,NULL,2,NULL,NULL),(503,NULL,2,NULL,NULL),(505,NULL,2,NULL,NULL),(507,NULL,2,NULL,NULL),(509,NULL,2,NULL,NULL),(511,NULL,2,NULL,NULL),(513,NULL,2,NULL,NULL),(515,NULL,2,NULL,NULL),(517,NULL,2,NULL,NULL),(519,NULL,2,NULL,NULL),(521,NULL,2,NULL,NULL),(523,NULL,2,NULL,NULL),(525,NULL,2,NULL,NULL),(527,NULL,2,NULL,NULL),(529,NULL,2,NULL,NULL),(531,NULL,2,NULL,NULL),(533,NULL,2,NULL,NULL),(535,NULL,2,NULL,NULL),(537,NULL,2,NULL,NULL),(539,NULL,2,NULL,NULL),(541,NULL,2,NULL,NULL),(543,NULL,2,NULL,NULL),(545,NULL,2,NULL,NULL),(547,NULL,2,NULL,NULL),(549,NULL,2,NULL,NULL),(551,NULL,2,NULL,NULL),(553,NULL,2,NULL,NULL),(555,NULL,2,NULL,NULL),(557,NULL,2,NULL,NULL),(559,NULL,2,NULL,NULL),(561,NULL,2,NULL,NULL),(563,NULL,2,NULL,NULL),(565,NULL,2,NULL,NULL),(567,NULL,2,NULL,NULL),(569,NULL,2,NULL,NULL),(571,NULL,2,NULL,NULL),(573,NULL,2,NULL,NULL),(575,NULL,2,NULL,NULL),(577,NULL,2,NULL,NULL),(579,NULL,2,NULL,NULL),(581,NULL,2,NULL,NULL),(583,NULL,2,NULL,NULL),(585,NULL,2,NULL,NULL),(587,NULL,2,NULL,NULL),(589,NULL,2,NULL,NULL),(591,NULL,2,NULL,NULL),(593,NULL,2,NULL,NULL),(595,NULL,2,NULL,NULL),(597,NULL,2,NULL,NULL),(599,NULL,2,NULL,NULL),(601,NULL,2,NULL,NULL),(603,NULL,2,NULL,NULL),(605,NULL,2,NULL,NULL),(607,NULL,2,NULL,NULL),(609,NULL,2,NULL,NULL),(611,NULL,2,NULL,NULL),(613,NULL,2,NULL,NULL),(615,NULL,2,NULL,NULL),(617,NULL,2,NULL,NULL),(619,NULL,2,NULL,NULL),(621,NULL,2,NULL,NULL),(623,NULL,2,NULL,NULL),(625,NULL,2,NULL,NULL),(627,NULL,2,NULL,NULL),(629,NULL,2,NULL,NULL),(631,NULL,2,NULL,NULL),(633,NULL,2,NULL,NULL),(635,NULL,2,NULL,NULL),(637,NULL,2,NULL,NULL),(639,NULL,2,NULL,NULL),(641,NULL,2,NULL,NULL),(643,NULL,2,NULL,NULL),(645,NULL,2,NULL,NULL),(647,NULL,2,NULL,NULL),(649,NULL,2,NULL,NULL),(651,NULL,2,NULL,NULL),(653,NULL,2,NULL,NULL),(655,NULL,2,NULL,NULL),(657,NULL,2,NULL,NULL),(659,NULL,2,NULL,NULL),(661,NULL,2,NULL,NULL),(663,NULL,2,NULL,NULL),(665,NULL,2,NULL,NULL),(667,NULL,2,NULL,NULL),(669,NULL,2,NULL,NULL),(671,NULL,2,NULL,NULL),(673,NULL,2,NULL,NULL),(675,4,2,NULL,NULL),(677,4,2,NULL,NULL),(679,4,2,NULL,NULL),(681,4,2,NULL,NULL),(683,NULL,2,NULL,NULL),(685,NULL,2,NULL,NULL),(687,NULL,2,NULL,NULL),(689,NULL,2,NULL,NULL),(691,NULL,2,NULL,NULL),(693,NULL,2,NULL,NULL),(695,NULL,2,NULL,NULL),(696,NULL,2,NULL,NULL),(698,NULL,2,NULL,NULL),(700,NULL,2,NULL,NULL),(702,NULL,2,NULL,NULL),(704,NULL,2,NULL,NULL),(706,NULL,2,NULL,NULL),(708,NULL,2,NULL,NULL),(710,NULL,2,NULL,NULL),(712,NULL,2,NULL,NULL),(714,NULL,2,NULL,NULL),(716,NULL,2,NULL,NULL),(718,NULL,2,NULL,NULL),(720,NULL,2,NULL,NULL),(722,NULL,2,NULL,NULL),(724,NULL,2,NULL,NULL),(726,NULL,2,NULL,NULL),(728,NULL,2,NULL,NULL),(730,NULL,2,NULL,NULL),(732,NULL,2,NULL,NULL),(734,NULL,2,NULL,NULL),(736,NULL,2,NULL,NULL),(738,NULL,2,NULL,NULL),(740,NULL,2,NULL,NULL),(742,NULL,2,NULL,NULL),(744,NULL,2,NULL,NULL),(746,NULL,2,NULL,NULL),(748,4,2,NULL,NULL),(750,NULL,2,NULL,NULL),(752,NULL,2,NULL,NULL),(753,NULL,2,NULL,NULL),(754,NULL,2,NULL,NULL),(756,NULL,2,NULL,NULL),(758,NULL,2,NULL,NULL),(759,NULL,2,NULL,NULL),(761,NULL,2,NULL,NULL),(763,NULL,2,NULL,NULL),(765,NULL,2,NULL,NULL),(767,NULL,2,NULL,NULL),(769,NULL,2,NULL,NULL),(771,NULL,2,NULL,NULL),(773,NULL,2,NULL,NULL),(775,NULL,2,NULL,NULL),(777,NULL,2,NULL,NULL),(779,NULL,2,NULL,NULL),(781,NULL,2,NULL,NULL),(783,NULL,2,NULL,NULL),(785,NULL,2,NULL,NULL),(787,NULL,2,NULL,NULL),(788,NULL,2,NULL,NULL),(790,NULL,2,NULL,NULL),(792,NULL,2,NULL,NULL),(794,NULL,2,NULL,NULL),(796,NULL,2,NULL,NULL),(798,NULL,2,NULL,NULL),(800,NULL,2,NULL,NULL),(802,NULL,2,NULL,NULL),(804,5,2,NULL,NULL),(806,4,2,NULL,NULL),(808,5,2,NULL,NULL),(810,5,2,NULL,NULL),(812,5,2,NULL,NULL),(814,5,2,NULL,NULL),(816,NULL,2,NULL,NULL),(818,NULL,2,NULL,NULL),(820,NULL,2,NULL,NULL),(822,NULL,2,NULL,NULL),(824,NULL,2,NULL,NULL),(826,NULL,2,NULL,NULL),(828,NULL,2,NULL,NULL),(829,NULL,2,NULL,NULL),(831,NULL,2,NULL,NULL),(833,NULL,2,NULL,NULL),(835,NULL,2,NULL,NULL),(837,NULL,2,NULL,NULL),(839,NULL,2,NULL,NULL),(841,NULL,2,NULL,NULL),(843,NULL,2,NULL,NULL),(845,NULL,2,NULL,NULL),(847,NULL,2,NULL,NULL),(849,NULL,2,NULL,NULL),(851,NULL,2,NULL,NULL),(853,NULL,2,NULL,NULL),(855,NULL,3,NULL,NULL),(857,NULL,2,NULL,NULL),(859,NULL,2,NULL,NULL),(861,NULL,2,NULL,NULL),(863,NULL,2,NULL,NULL),(865,NULL,2,NULL,NULL),(867,NULL,2,NULL,NULL),(869,NULL,2,NULL,NULL),(871,NULL,2,NULL,NULL),(873,NULL,3,NULL,NULL),(875,NULL,2,NULL,NULL),(877,NULL,2,NULL,NULL),(879,NULL,2,NULL,NULL),(881,NULL,2,NULL,NULL),(883,NULL,2,NULL,NULL),(885,NULL,2,NULL,NULL),(887,NULL,2,NULL,NULL),(889,NULL,2,NULL,NULL),(891,NULL,2,NULL,NULL),(893,NULL,2,NULL,NULL),(895,NULL,2,NULL,NULL),(897,NULL,2,NULL,NULL),(899,NULL,2,NULL,NULL),(901,NULL,2,NULL,NULL),(902,NULL,2,NULL,NULL),(904,NULL,2,NULL,NULL),(906,NULL,2,NULL,NULL),(908,NULL,2,NULL,NULL),(910,NULL,2,NULL,NULL),(912,NULL,2,NULL,NULL),(914,NULL,2,NULL,NULL),(916,NULL,2,NULL,NULL),(918,4,2,NULL,NULL),(920,NULL,2,NULL,NULL),(922,NULL,2,NULL,NULL),(924,NULL,2,NULL,NULL),(926,NULL,2,NULL,NULL),(928,NULL,2,NULL,NULL),(930,NULL,2,NULL,NULL),(932,NULL,2,NULL,NULL),(934,NULL,2,NULL,NULL),(936,NULL,2,NULL,NULL),(938,NULL,2,NULL,NULL),(940,NULL,2,NULL,NULL),(942,NULL,2,NULL,NULL),(944,NULL,2,NULL,NULL),(946,NULL,2,NULL,NULL),(948,NULL,2,NULL,NULL),(950,NULL,2,NULL,NULL),(952,NULL,2,NULL,NULL),(954,NULL,2,NULL,NULL),(956,NULL,2,NULL,NULL),(958,NULL,2,NULL,NULL),(960,NULL,2,NULL,NULL),(962,NULL,2,NULL,NULL),(964,NULL,2,NULL,NULL),(966,NULL,2,NULL,NULL),(968,NULL,2,NULL,NULL),(970,NULL,2,NULL,NULL),(971,NULL,2,NULL,NULL),(972,NULL,2,NULL,NULL),(973,NULL,2,NULL,NULL),(974,NULL,2,NULL,NULL),(975,NULL,2,NULL,NULL),(976,NULL,2,NULL,NULL),(977,NULL,2,NULL,NULL),(978,NULL,2,NULL,NULL),(980,NULL,2,NULL,NULL),(982,NULL,2,NULL,NULL),(984,NULL,2,NULL,NULL),(986,NULL,2,NULL,NULL),(988,NULL,2,NULL,NULL),(990,NULL,2,NULL,NULL),(992,NULL,2,NULL,NULL),(994,NULL,2,NULL,NULL),(996,NULL,2,NULL,NULL),(998,NULL,2,NULL,NULL),(1000,NULL,2,NULL,NULL),(1002,6,3,NULL,NULL),(1004,NULL,2,NULL,NULL),(1006,NULL,2,NULL,NULL),(1008,NULL,2,NULL,NULL),(1010,NULL,2,NULL,NULL),(1012,NULL,2,NULL,NULL),(1014,NULL,2,NULL,NULL),(1016,NULL,2,NULL,NULL),(1018,NULL,2,NULL,NULL),(1020,NULL,2,NULL,NULL),(1022,NULL,2,NULL,NULL),(1024,NULL,2,NULL,NULL),(1026,NULL,2,NULL,NULL),(1028,NULL,2,NULL,NULL),(1030,NULL,2,NULL,NULL),(1032,NULL,2,NULL,NULL),(1033,NULL,2,NULL,NULL),(1034,4,2,NULL,NULL),(1036,4,2,NULL,NULL),(1038,4,2,NULL,NULL),(1040,4,2,NULL,NULL),(1042,NULL,2,NULL,NULL),(1044,NULL,2,NULL,NULL),(1046,NULL,2,NULL,NULL),(1048,NULL,2,NULL,NULL),(1050,NULL,2,NULL,NULL),(1052,NULL,2,NULL,NULL),(1054,NULL,2,NULL,NULL),(1056,NULL,2,NULL,NULL),(1058,NULL,2,NULL,NULL),(1060,NULL,2,NULL,NULL),(1062,6,2,NULL,NULL),(1064,NULL,2,NULL,NULL),(1066,NULL,2,NULL,NULL),(1068,NULL,2,NULL,NULL),(1070,NULL,2,NULL,NULL),(1072,NULL,2,NULL,NULL),(1074,NULL,2,NULL,NULL),(1076,NULL,2,NULL,NULL),(1078,NULL,2,NULL,NULL),(1080,NULL,2,NULL,NULL),(1082,NULL,2,NULL,NULL),(1084,NULL,2,NULL,NULL),(1085,NULL,2,NULL,NULL),(1086,NULL,2,NULL,NULL),(1087,NULL,2,NULL,NULL),(1088,NULL,2,NULL,NULL),(1089,NULL,2,NULL,NULL),(1090,NULL,2,NULL,NULL),(1092,NULL,2,NULL,NULL),(1094,NULL,2,NULL,NULL),(1096,NULL,2,NULL,NULL),(1098,NULL,2,NULL,NULL),(1100,NULL,2,NULL,NULL),(1102,NULL,2,NULL,NULL),(1104,NULL,2,NULL,NULL),(1106,NULL,2,NULL,NULL),(1108,NULL,2,NULL,NULL),(1110,NULL,2,NULL,NULL),(1112,NULL,2,NULL,NULL),(1114,NULL,2,NULL,NULL),(1116,NULL,2,NULL,NULL),(1118,NULL,2,NULL,NULL),(1120,NULL,2,NULL,NULL),(1122,NULL,2,NULL,NULL),(1124,NULL,2,NULL,NULL),(1126,NULL,2,NULL,NULL),(1128,4,2,NULL,NULL),(1130,4,2,NULL,NULL),(1132,NULL,2,NULL,NULL),(1134,NULL,2,NULL,NULL),(1136,NULL,2,NULL,NULL),(1138,NULL,2,NULL,NULL),(1140,4,2,NULL,NULL),(1142,NULL,2,NULL,NULL),(1144,4,2,NULL,NULL),(1146,NULL,2,NULL,NULL),(1148,NULL,2,NULL,NULL),(1150,NULL,2,NULL,NULL),(1152,NULL,2,NULL,NULL),(1154,NULL,2,NULL,NULL),(1156,4,2,NULL,NULL),(1158,4,2,NULL,NULL),(1160,NULL,2,NULL,NULL),(1162,NULL,2,NULL,NULL),(1164,NULL,2,NULL,NULL),(1166,NULL,2,NULL,NULL),(1168,NULL,2,NULL,NULL),(1170,NULL,2,NULL,NULL),(1172,NULL,2,NULL,NULL),(1174,NULL,2,NULL,NULL),(1176,NULL,2,NULL,NULL),(1178,NULL,2,NULL,NULL),(1180,NULL,2,NULL,NULL),(1182,NULL,2,NULL,NULL),(1184,NULL,2,NULL,NULL),(1186,NULL,2,NULL,NULL),(1188,NULL,2,NULL,NULL),(1189,NULL,2,NULL,NULL),(1191,NULL,2,NULL,NULL),(1192,NULL,2,NULL,NULL),(1193,NULL,2,NULL,NULL),(1194,NULL,2,NULL,NULL),(1195,NULL,2,NULL,NULL),(1196,NULL,2,NULL,NULL),(1198,NULL,2,NULL,NULL),(1200,NULL,2,NULL,NULL),(1202,NULL,2,NULL,NULL),(1204,NULL,2,NULL,NULL),(1206,NULL,2,NULL,NULL),(1208,NULL,2,NULL,NULL),(1210,NULL,1,NULL,NULL),(1212,NULL,2,NULL,NULL),(1214,NULL,2,NULL,NULL),(1216,NULL,2,NULL,NULL),(1218,NULL,2,NULL,NULL),(1220,NULL,2,NULL,NULL),(1222,NULL,2,NULL,NULL),(1224,NULL,2,NULL,NULL),(1225,NULL,3,NULL,NULL),(1227,NULL,3,NULL,NULL),(1229,NULL,2,NULL,NULL),(1231,NULL,2,NULL,NULL),(1233,NULL,2,NULL,NULL),(1235,NULL,2,NULL,NULL),(1237,NULL,2,NULL,NULL),(1239,NULL,2,NULL,NULL),(1241,NULL,2,NULL,NULL),(1243,NULL,3,NULL,NULL),(1245,NULL,3,NULL,NULL),(1247,NULL,2,NULL,NULL),(1249,NULL,2,NULL,NULL),(1251,NULL,2,NULL,NULL),(1253,NULL,2,NULL,NULL),(1255,NULL,2,NULL,NULL),(1257,NULL,2,NULL,NULL),(1259,NULL,2,NULL,NULL),(1260,NULL,2,NULL,NULL),(1261,NULL,2,NULL,NULL),(1262,NULL,2,NULL,NULL),(1263,NULL,2,NULL,NULL),(1264,NULL,2,NULL,NULL),(1266,NULL,2,NULL,NULL),(1268,NULL,2,NULL,NULL),(1270,NULL,2,NULL,NULL),(1272,NULL,2,NULL,NULL),(1274,NULL,2,NULL,NULL),(1276,4,2,NULL,NULL),(1278,NULL,2,NULL,NULL),(1280,NULL,2,NULL,NULL),(1282,NULL,2,NULL,NULL),(1283,NULL,2,NULL,NULL),(1284,NULL,2,NULL,NULL),(1286,NULL,2,NULL,NULL),(1288,NULL,2,NULL,NULL),(1290,NULL,2,NULL,NULL),(1292,NULL,2,NULL,NULL),(1294,NULL,2,NULL,NULL),(1296,NULL,2,NULL,NULL),(1298,NULL,2,NULL,NULL),(1300,NULL,2,NULL,NULL),(1302,NULL,2,NULL,NULL),(1304,NULL,2,NULL,NULL),(1306,NULL,2,NULL,NULL),(1308,NULL,2,NULL,NULL),(1310,NULL,2,NULL,NULL),(1312,NULL,2,NULL,NULL),(1314,NULL,2,NULL,NULL),(1316,NULL,2,NULL,NULL),(1318,NULL,2,NULL,NULL),(1320,NULL,2,NULL,NULL),(1322,NULL,2,NULL,NULL),(1324,NULL,2,NULL,NULL),(1326,NULL,2,NULL,NULL),(1328,NULL,2,NULL,NULL),(1330,NULL,2,NULL,NULL),(1332,NULL,2,NULL,NULL),(1334,NULL,2,NULL,NULL),(1336,NULL,2,NULL,NULL),(1338,NULL,2,NULL,NULL),(1340,NULL,2,NULL,NULL),(1342,NULL,2,NULL,NULL),(1344,NULL,2,NULL,NULL),(1346,NULL,2,NULL,NULL),(1348,NULL,2,NULL,NULL),(1350,NULL,2,NULL,NULL),(1352,NULL,2,NULL,NULL),(1354,NULL,2,NULL,NULL),(1356,NULL,2,NULL,NULL),(1358,NULL,2,NULL,NULL),(1360,NULL,2,NULL,NULL),(1362,1,2,NULL,NULL),(1364,NULL,3,NULL,NULL),(1366,NULL,2,NULL,NULL),(1368,NULL,2,NULL,NULL),(1370,NULL,2,NULL,NULL),(1372,NULL,2,NULL,NULL),(1374,NULL,2,NULL,NULL),(1376,4,2,NULL,NULL),(1378,4,2,NULL,NULL),(1380,NULL,2,NULL,NULL),(1382,NULL,2,NULL,NULL),(1384,NULL,2,NULL,NULL),(1386,NULL,2,NULL,NULL),(1388,NULL,2,NULL,NULL),(1390,NULL,2,NULL,NULL),(1392,NULL,2,NULL,NULL),(1394,NULL,2,NULL,NULL),(1396,NULL,2,NULL,NULL),(1398,NULL,2,NULL,NULL),(1400,1,2,NULL,NULL),(1402,NULL,2,NULL,NULL),(1404,NULL,2,NULL,NULL),(1406,NULL,2,NULL,NULL),(1408,NULL,2,NULL,NULL),(1409,NULL,2,NULL,NULL),(1411,NULL,2,NULL,NULL),(1413,NULL,2,NULL,NULL),(1415,NULL,2,NULL,NULL),(1417,NULL,2,NULL,NULL),(1419,NULL,2,NULL,NULL),(1421,NULL,2,NULL,NULL),(1423,4,2,NULL,NULL),(1425,NULL,2,NULL,NULL),(1427,NULL,2,NULL,NULL),(1429,NULL,2,NULL,NULL),(1431,NULL,2,NULL,NULL),(1433,NULL,2,NULL,NULL),(1435,NULL,2,NULL,NULL),(1437,NULL,2,NULL,NULL),(1439,NULL,2,NULL,NULL),(1441,NULL,2,NULL,NULL),(1443,NULL,2,NULL,NULL),(1445,NULL,2,NULL,NULL),(1447,NULL,2,NULL,NULL),(1449,NULL,2,NULL,NULL),(1451,NULL,2,NULL,NULL),(1453,NULL,2,NULL,NULL),(1455,NULL,2,NULL,NULL),(1457,NULL,2,NULL,NULL),(1459,NULL,2,NULL,NULL),(1461,NULL,2,NULL,NULL),(1463,NULL,2,NULL,NULL),(1465,NULL,2,NULL,NULL),(1467,NULL,2,NULL,NULL),(1469,NULL,2,NULL,NULL),(1471,NULL,2,NULL,NULL),(1473,NULL,2,NULL,NULL),(1475,NULL,2,NULL,NULL),(1477,NULL,2,NULL,NULL),(1479,NULL,2,NULL,NULL),(1481,NULL,2,NULL,NULL),(1483,NULL,2,NULL,NULL),(1485,NULL,2,NULL,NULL),(1487,NULL,2,NULL,NULL),(1489,NULL,2,NULL,NULL),(1491,NULL,2,NULL,NULL),(1493,NULL,2,NULL,NULL),(1495,NULL,2,NULL,NULL),(1497,NULL,2,NULL,NULL),(1499,NULL,2,NULL,NULL),(1501,NULL,2,NULL,NULL),(1503,NULL,2,NULL,NULL),(1505,NULL,2,NULL,NULL),(1507,NULL,2,NULL,NULL),(1509,NULL,2,NULL,NULL),(1511,NULL,2,NULL,NULL),(1513,NULL,2,NULL,NULL),(1515,NULL,2,NULL,NULL),(1517,NULL,2,NULL,NULL),(1519,NULL,2,NULL,NULL),(1521,NULL,2,NULL,NULL),(1523,NULL,2,NULL,NULL),(1525,NULL,2,NULL,NULL),(1527,NULL,2,NULL,NULL),(1529,NULL,2,NULL,NULL),(1531,NULL,2,NULL,NULL),(1533,NULL,2,NULL,NULL),(1535,NULL,2,NULL,NULL),(1537,NULL,2,NULL,NULL),(1539,NULL,2,NULL,NULL),(1541,NULL,2,NULL,NULL),(1543,1,2,NULL,NULL),(1545,NULL,2,NULL,NULL),(1547,4,2,NULL,NULL),(1549,NULL,2,NULL,NULL),(1551,NULL,2,NULL,NULL),(1553,NULL,2,NULL,NULL),(1555,NULL,2,NULL,NULL),(1557,NULL,2,NULL,NULL),(1559,NULL,2,NULL,NULL),(1561,NULL,2,NULL,NULL),(1563,4,2,NULL,NULL),(1565,NULL,2,NULL,NULL),(1567,NULL,2,NULL,NULL),(1569,NULL,2,NULL,NULL),(1571,NULL,2,NULL,NULL),(1573,NULL,2,NULL,NULL),(1575,1,2,NULL,NULL),(1577,NULL,2,NULL,NULL),(1579,NULL,2,NULL,NULL),(1581,4,2,NULL,NULL),(1583,NULL,2,NULL,NULL),(1585,4,2,NULL,NULL),(1587,NULL,2,NULL,NULL),(1589,NULL,2,NULL,NULL),(1591,NULL,2,NULL,NULL),(1593,NULL,2,NULL,NULL),(1595,4,2,NULL,NULL),(1597,NULL,2,NULL,NULL),(1599,NULL,2,NULL,NULL),(1601,NULL,2,NULL,NULL),(1603,NULL,2,NULL,NULL),(1605,NULL,2,NULL,NULL),(1607,NULL,2,NULL,NULL),(1609,NULL,2,NULL,NULL),(1610,NULL,2,NULL,NULL),(1611,NULL,2,NULL,NULL),(1612,NULL,2,NULL,NULL),(1614,NULL,2,NULL,NULL),(1616,NULL,2,NULL,NULL),(1618,NULL,2,NULL,NULL),(1620,NULL,2,NULL,NULL),(1622,NULL,2,NULL,NULL),(1624,NULL,2,NULL,NULL),(1626,NULL,2,NULL,NULL),(1628,NULL,2,NULL,NULL),(1630,NULL,2,NULL,NULL),(1632,NULL,2,NULL,NULL),(1634,1,2,NULL,NULL),(1636,1,2,NULL,NULL),(1638,NULL,2,NULL,NULL),(1640,NULL,2,NULL,NULL),(1642,NULL,2,NULL,NULL),(1644,NULL,2,NULL,NULL),(1646,1,2,NULL,NULL),(1648,1,2,NULL,NULL),(1650,NULL,2,NULL,NULL),(1652,NULL,2,NULL,NULL),(1654,NULL,2,NULL,NULL),(1656,NULL,2,NULL,NULL),(1658,NULL,2,NULL,NULL),(1660,NULL,2,NULL,NULL),(1662,NULL,2,NULL,NULL),(1664,NULL,2,NULL,NULL),(1666,NULL,2,NULL,NULL),(1668,1,2,NULL,NULL),(1670,NULL,2,NULL,NULL),(1671,NULL,2,NULL,NULL),(1673,NULL,2,NULL,NULL),(1675,NULL,2,NULL,NULL),(1677,NULL,2,NULL,NULL),(1679,NULL,2,NULL,NULL);
/*!40000 ALTER TABLE `scrum_intented_development_task` ENABLE KEYS */;
UNLOCK TABLES;

--
-- Table structure for table `scrum_master`
--

DROP TABLE IF EXISTS `scrum_master`;
/*!40101 SET @saved_cs_client     = @@character_set_client */;
/*!50503 SET character_set_client = utf8mb4 */;
CREATE TABLE `scrum_master` (
  `id` int(11) NOT NULL,
  PRIMARY KEY (`id`),
  CONSTRAINT `scrum_master_ibfk_1` FOREIGN KEY (`id`) REFERENCES `team_member` (`id`)
) ENGINE=InnoDB DEFAULT CHARSET=utf8mb4 COLLATE=utf8mb4_general_ci;
/*!40101 SET character_set_client = @saved_cs_client */;

--
-- Dumping data for table `scrum_master`
--

LOCK TABLES `scrum_master` WRITE;
/*!40000 ALTER TABLE `scrum_master` DISABLE KEYS */;
INSERT INTO `scrum_master` VALUES (2),(5),(6),(10),(11),(12),(15),(16),(22),(23),(25),(29),(30),(33),(34),(38),(40),(42),(43),(45),(49),(51),(52),(53),(54),(55),(57),(58),(64),(69),(70),(74),(79),(80),(82),(83),(84),(85);
/*!40000 ALTER TABLE `scrum_master` ENABLE KEYS */;
UNLOCK TABLES;

--
-- Table structure for table `scrum_performed_development_task`
--

DROP TABLE IF EXISTS `scrum_performed_development_task`;
/*!40101 SET @saved_cs_client     = @@character_set_client */;
/*!50503 SET character_set_client = utf8mb4 */;
CREATE TABLE `scrum_performed_development_task` (
  `id` int(11) NOT NULL,
  `closed_date` datetime DEFAULT NULL,
  `activated_date` datetime DEFAULT NULL,
  `resolved_date` datetime DEFAULT NULL,
  `activated_by` int(11) DEFAULT NULL,
  `closed_by` int(11) DEFAULT NULL,
  `resolved_by` int(11) DEFAULT NULL,
  `caused_by` int(11) DEFAULT NULL,
  PRIMARY KEY (`id`),
  KEY `activated_by` (`activated_by`),
  KEY `closed_by` (`closed_by`),
  KEY `resolved_by` (`resolved_by`),
  KEY `caused_by` (`caused_by`),
  CONSTRAINT `scrum_performed_development_task_ibfk_1` FOREIGN KEY (`id`) REFERENCES `scrum_development_task` (`id`),
  CONSTRAINT `scrum_performed_development_task_ibfk_2` FOREIGN KEY (`activated_by`) REFERENCES `team_member` (`id`),
  CONSTRAINT `scrum_performed_development_task_ibfk_3` FOREIGN KEY (`closed_by`) REFERENCES `team_member` (`id`),
  CONSTRAINT `scrum_performed_development_task_ibfk_4` FOREIGN KEY (`resolved_by`) REFERENCES `team_member` (`id`),
  CONSTRAINT `scrum_performed_development_task_ibfk_5` FOREIGN KEY (`caused_by`) REFERENCES `scrum_intented_development_task` (`id`)
) ENGINE=InnoDB DEFAULT CHARSET=utf8mb4 COLLATE=utf8mb4_general_ci;
/*!40101 SET character_set_client = @saved_cs_client */;

--
-- Dumping data for table `scrum_performed_development_task`
--

LOCK TABLES `scrum_performed_development_task` WRITE;
/*!40000 ALTER TABLE `scrum_performed_development_task` DISABLE KEYS */;
INSERT INTO `scrum_performed_development_task` VALUES (3,NULL,NULL,NULL,NULL,65,NULL,2),(5,NULL,NULL,NULL,65,65,NULL,4),(9,NULL,NULL,NULL,65,65,NULL,8),(17,NULL,NULL,NULL,NULL,65,NULL,16),(19,NULL,NULL,NULL,NULL,65,NULL,18),(21,NULL,NULL,NULL,65,65,NULL,20),(23,NULL,NULL,NULL,65,65,NULL,22),(25,NULL,NULL,NULL,65,65,NULL,24),(27,NULL,NULL,NULL,65,65,NULL,26),(29,NULL,NULL,NULL,NULL,65,NULL,28),(31,NULL,NULL,NULL,NULL,65,NULL,30),(33,NULL,NULL,NULL,65,65,NULL,32),(35,NULL,NULL,NULL,NULL,73,NULL,34),(37,NULL,NULL,NULL,68,73,NULL,36),(39,NULL,NULL,NULL,NULL,41,NULL,38),(41,NULL,NULL,NULL,41,39,NULL,40),(43,NULL,NULL,NULL,39,39,NULL,42),(45,NULL,NULL,NULL,39,39,NULL,44),(47,NULL,NULL,NULL,NULL,60,NULL,46),(49,NULL,NULL,NULL,NULL,60,NULL,48),(51,NULL,NULL,NULL,NULL,60,NULL,50),(53,NULL,NULL,NULL,NULL,60,NULL,52),(55,NULL,NULL,NULL,NULL,60,NULL,54),(57,NULL,NULL,NULL,NULL,60,NULL,56),(59,NULL,NULL,NULL,NULL,60,NULL,58),(61,NULL,NULL,NULL,NULL,60,NULL,60),(63,NULL,NULL,NULL,NULL,60,NULL,62),(65,NULL,NULL,NULL,60,60,NULL,64),(67,NULL,NULL,NULL,60,60,NULL,66),(69,NULL,NULL,NULL,60,60,NULL,68),(71,NULL,NULL,NULL,65,65,NULL,70),(73,NULL,NULL,NULL,65,65,NULL,72),(75,NULL,NULL,NULL,68,NULL,NULL,74),(77,NULL,NULL,NULL,68,68,NULL,76),(79,NULL,NULL,NULL,NULL,41,NULL,78),(81,NULL,NULL,NULL,NULL,41,NULL,80),(83,NULL,NULL,NULL,NULL,41,NULL,82),(85,NULL,NULL,NULL,NULL,41,NULL,84),(87,NULL,NULL,NULL,NULL,41,NULL,86),(89,NULL,NULL,NULL,68,NULL,NULL,88),(91,NULL,NULL,NULL,68,68,NULL,90),(93,NULL,NULL,NULL,68,68,NULL,92),(95,NULL,NULL,NULL,68,68,NULL,94),(97,NULL,NULL,NULL,65,65,NULL,96),(99,NULL,NULL,NULL,65,65,NULL,98),(101,NULL,NULL,NULL,65,65,NULL,100),(103,NULL,NULL,NULL,41,41,NULL,102),(105,NULL,NULL,NULL,68,68,NULL,104),(107,NULL,NULL,NULL,68,68,NULL,106),(109,NULL,NULL,NULL,68,68,NULL,108),(111,NULL,NULL,NULL,73,68,NULL,110),(113,NULL,NULL,NULL,65,65,NULL,112),(115,NULL,NULL,NULL,65,65,NULL,114),(117,NULL,NULL,NULL,65,65,NULL,116),(119,NULL,NULL,NULL,68,68,NULL,118),(121,NULL,NULL,NULL,68,73,NULL,120),(123,NULL,NULL,NULL,NULL,65,NULL,122),(125,NULL,NULL,NULL,NULL,65,NULL,124),(127,NULL,NULL,NULL,NULL,65,NULL,126),(129,NULL,NULL,NULL,NULL,65,NULL,128),(131,NULL,NULL,NULL,68,68,NULL,130),(133,NULL,NULL,NULL,68,68,NULL,132),(135,NULL,NULL,NULL,NULL,65,NULL,134),(137,NULL,NULL,NULL,NULL,73,NULL,136),(139,NULL,NULL,NULL,68,73,NULL,138),(141,NULL,NULL,NULL,41,41,NULL,140),(143,NULL,NULL,NULL,68,68,NULL,142),(145,NULL,NULL,NULL,68,68,NULL,144),(147,NULL,NULL,NULL,60,60,NULL,146),(149,NULL,NULL,NULL,NULL,73,NULL,148),(151,NULL,NULL,NULL,NULL,73,NULL,150),(153,NULL,NULL,NULL,41,41,NULL,152),(155,NULL,NULL,NULL,41,41,NULL,154),(157,NULL,NULL,NULL,41,41,NULL,156),(159,NULL,NULL,NULL,NULL,60,NULL,158),(161,NULL,NULL,NULL,NULL,60,NULL,160),(163,NULL,NULL,NULL,NULL,60,NULL,162),(165,NULL,NULL,NULL,68,68,NULL,164),(167,NULL,NULL,NULL,68,68,NULL,166),(169,NULL,NULL,NULL,26,26,NULL,168),(171,NULL,NULL,NULL,NULL,65,NULL,170),(173,NULL,NULL,NULL,NULL,65,NULL,172),(175,NULL,NULL,NULL,68,68,NULL,174),(177,NULL,NULL,NULL,68,68,NULL,176),(179,NULL,NULL,NULL,NULL,73,NULL,178),(181,NULL,NULL,NULL,68,73,NULL,180),(183,NULL,NULL,NULL,41,41,NULL,182),(185,NULL,NULL,NULL,NULL,41,NULL,184),(187,NULL,NULL,NULL,65,65,NULL,186),(189,NULL,NULL,NULL,65,65,NULL,188),(191,NULL,NULL,NULL,NULL,65,NULL,190),(193,NULL,NULL,NULL,65,65,NULL,192),(195,NULL,NULL,NULL,65,65,NULL,194),(197,NULL,NULL,NULL,65,65,NULL,196),(199,NULL,NULL,NULL,26,NULL,NULL,198),(201,NULL,NULL,NULL,NULL,26,NULL,200),(205,NULL,NULL,NULL,39,39,NULL,204),(207,NULL,NULL,NULL,65,65,NULL,206),(209,NULL,NULL,NULL,39,39,NULL,208),(211,NULL,NULL,NULL,39,39,NULL,210),(213,NULL,NULL,NULL,68,68,NULL,212),(215,NULL,NULL,NULL,68,68,NULL,214),(217,NULL,NULL,NULL,NULL,60,NULL,216),(219,NULL,NULL,NULL,NULL,65,NULL,218),(221,NULL,NULL,NULL,65,65,NULL,220),(223,NULL,NULL,NULL,68,68,NULL,222),(225,NULL,NULL,NULL,41,39,NULL,224),(227,NULL,NULL,NULL,73,68,NULL,226),(229,NULL,NULL,NULL,NULL,68,NULL,228),(231,NULL,NULL,NULL,NULL,68,NULL,230),(233,NULL,NULL,NULL,NULL,68,NULL,232),(235,NULL,NULL,NULL,NULL,68,NULL,234),(237,NULL,NULL,NULL,NULL,68,NULL,236),(239,NULL,NULL,NULL,NULL,68,NULL,238),(241,NULL,NULL,NULL,NULL,NULL,NULL,240),(243,NULL,NULL,NULL,NULL,68,NULL,242),(245,NULL,NULL,NULL,NULL,68,NULL,244),(247,NULL,NULL,NULL,73,68,NULL,246),(249,NULL,NULL,NULL,73,68,NULL,248),(251,NULL,NULL,NULL,NULL,68,NULL,250),(253,NULL,NULL,NULL,NULL,68,NULL,252),(255,NULL,NULL,NULL,72,68,NULL,254),(257,NULL,NULL,NULL,NULL,NULL,NULL,256),(259,NULL,NULL,NULL,72,NULL,NULL,258),(261,NULL,NULL,NULL,NULL,68,NULL,260),(263,NULL,NULL,NULL,73,68,NULL,262),(265,NULL,NULL,NULL,72,68,NULL,264),(267,NULL,NULL,NULL,NULL,68,NULL,266),(269,NULL,NULL,NULL,NULL,68,NULL,268),(271,NULL,NULL,NULL,NULL,68,NULL,270),(273,NULL,NULL,NULL,NULL,68,NULL,272),(275,NULL,NULL,NULL,NULL,NULL,NULL,274),(277,NULL,NULL,NULL,NULL,NULL,NULL,276),(279,NULL,NULL,NULL,68,68,NULL,278),(281,NULL,NULL,NULL,NULL,41,NULL,280),(283,NULL,NULL,NULL,NULL,41,NULL,282),(285,NULL,NULL,NULL,NULL,41,NULL,284),(287,NULL,NULL,NULL,54,NULL,NULL,286),(289,NULL,NULL,NULL,54,NULL,NULL,288),(291,NULL,NULL,NULL,68,68,NULL,290),(293,NULL,NULL,NULL,NULL,68,NULL,292),(295,NULL,NULL,NULL,NULL,68,NULL,294),(297,NULL,NULL,NULL,31,26,NULL,296),(299,NULL,NULL,NULL,65,65,NULL,298),(301,NULL,NULL,NULL,65,65,NULL,300),(303,NULL,NULL,NULL,31,31,NULL,302),(305,NULL,NULL,NULL,65,65,NULL,304),(307,NULL,NULL,NULL,65,65,NULL,306),(309,NULL,NULL,NULL,65,65,NULL,308),(311,NULL,NULL,NULL,NULL,65,NULL,310),(313,NULL,NULL,NULL,NULL,31,NULL,312),(315,NULL,NULL,NULL,31,31,NULL,314),(317,NULL,NULL,NULL,NULL,50,NULL,316),(319,NULL,NULL,NULL,65,65,NULL,318),(321,NULL,NULL,NULL,31,31,NULL,320),(325,NULL,NULL,NULL,72,72,NULL,324),(327,NULL,NULL,NULL,3,3,NULL,326),(329,NULL,NULL,NULL,50,48,NULL,328),(331,NULL,NULL,NULL,31,31,NULL,330),(333,NULL,NULL,NULL,31,31,NULL,332),(335,NULL,NULL,NULL,65,65,NULL,334),(337,NULL,NULL,NULL,65,65,NULL,336),(339,NULL,NULL,NULL,65,65,NULL,338),(341,NULL,NULL,NULL,NULL,65,NULL,340),(343,NULL,NULL,NULL,61,65,NULL,342),(345,NULL,NULL,NULL,65,65,NULL,344),(347,NULL,NULL,NULL,65,65,NULL,346),(352,NULL,NULL,NULL,50,50,NULL,351),(354,NULL,NULL,NULL,65,65,NULL,353),(356,NULL,NULL,NULL,NULL,3,NULL,355),(358,NULL,NULL,NULL,NULL,3,NULL,357),(360,NULL,NULL,NULL,NULL,3,NULL,359),(362,NULL,NULL,NULL,NULL,3,NULL,361),(364,NULL,NULL,NULL,NULL,3,NULL,363),(366,NULL,NULL,NULL,50,50,NULL,365),(368,NULL,NULL,NULL,NULL,50,NULL,367),(370,NULL,NULL,NULL,NULL,50,NULL,369),(372,NULL,NULL,NULL,NULL,50,NULL,371),(374,NULL,NULL,NULL,50,50,NULL,373),(376,NULL,NULL,NULL,NULL,65,NULL,375),(378,NULL,NULL,NULL,NULL,65,NULL,377),(380,NULL,NULL,NULL,65,65,NULL,379),(382,NULL,NULL,NULL,NULL,50,NULL,381),(384,NULL,NULL,NULL,48,50,NULL,383),(386,NULL,NULL,NULL,48,50,NULL,385),(388,NULL,NULL,NULL,50,50,NULL,387),(390,NULL,NULL,NULL,50,50,NULL,389),(392,NULL,NULL,NULL,50,50,NULL,391),(394,NULL,NULL,NULL,NULL,3,NULL,393),(396,NULL,NULL,NULL,65,65,NULL,395),(398,NULL,NULL,NULL,50,50,NULL,397),(400,NULL,NULL,NULL,50,50,NULL,399),(402,NULL,NULL,NULL,NULL,50,NULL,401),(404,NULL,NULL,NULL,NULL,50,NULL,403),(406,NULL,NULL,NULL,50,50,NULL,405),(408,NULL,NULL,NULL,NULL,50,NULL,407),(410,NULL,NULL,NULL,NULL,50,NULL,409),(412,NULL,NULL,NULL,NULL,50,NULL,411),(414,NULL,NULL,NULL,NULL,68,NULL,413),(416,NULL,NULL,NULL,NULL,68,NULL,415),(418,NULL,NULL,NULL,NULL,73,NULL,417),(420,NULL,NULL,NULL,NULL,73,NULL,419),(422,NULL,NULL,NULL,NULL,73,NULL,421),(424,NULL,NULL,NULL,72,73,NULL,423),(426,NULL,NULL,NULL,NULL,73,NULL,425),(428,NULL,NULL,NULL,59,59,NULL,427),(432,NULL,NULL,NULL,59,59,NULL,431),(434,NULL,NULL,NULL,NULL,72,NULL,433),(436,NULL,NULL,NULL,73,73,NULL,435),(438,NULL,NULL,NULL,NULL,26,NULL,437),(440,NULL,NULL,NULL,26,26,NULL,439),(442,NULL,NULL,NULL,59,59,NULL,441),(444,NULL,NULL,NULL,59,59,NULL,443),(446,NULL,NULL,NULL,59,59,NULL,445),(448,NULL,NULL,NULL,NULL,77,NULL,447),(450,NULL,NULL,NULL,NULL,77,NULL,449),(452,NULL,NULL,NULL,NULL,77,NULL,451),(454,NULL,NULL,NULL,NULL,77,NULL,453),(456,NULL,NULL,NULL,NULL,77,NULL,455),(458,NULL,NULL,NULL,60,60,NULL,457),(460,NULL,NULL,NULL,60,60,NULL,459),(462,NULL,NULL,NULL,60,60,NULL,461),(464,NULL,NULL,NULL,NULL,73,NULL,463),(466,NULL,NULL,NULL,NULL,73,NULL,465),(468,NULL,NULL,NULL,NULL,73,NULL,467),(470,NULL,NULL,NULL,59,59,NULL,469),(472,NULL,NULL,NULL,NULL,26,NULL,471),(474,NULL,NULL,NULL,26,26,NULL,473),(476,NULL,NULL,NULL,NULL,77,NULL,475),(478,NULL,NULL,NULL,NULL,77,NULL,477),(480,NULL,NULL,NULL,NULL,77,NULL,479),(482,NULL,NULL,NULL,59,59,NULL,481),(484,NULL,NULL,NULL,NULL,50,NULL,483),(486,NULL,NULL,NULL,59,59,NULL,485),(488,NULL,NULL,NULL,NULL,50,NULL,487),(490,NULL,NULL,NULL,60,60,NULL,489),(492,NULL,NULL,NULL,60,60,NULL,491),(494,NULL,NULL,NULL,59,59,NULL,493),(496,NULL,NULL,NULL,48,48,NULL,495),(498,NULL,NULL,NULL,48,48,NULL,497),(500,NULL,NULL,NULL,NULL,50,NULL,499),(502,NULL,NULL,NULL,NULL,50,NULL,501),(504,NULL,NULL,NULL,59,59,NULL,503),(506,NULL,NULL,NULL,60,59,NULL,505),(508,NULL,NULL,NULL,NULL,73,NULL,507),(510,NULL,NULL,NULL,NULL,73,NULL,509),(512,NULL,NULL,NULL,NULL,73,NULL,511),(514,NULL,NULL,NULL,NULL,73,NULL,513),(516,NULL,NULL,NULL,73,73,NULL,515),(518,NULL,NULL,NULL,73,73,NULL,517),(520,NULL,NULL,NULL,50,50,NULL,519),(522,NULL,NULL,NULL,NULL,50,NULL,521),(524,NULL,NULL,NULL,59,59,NULL,523),(526,NULL,NULL,NULL,NULL,72,NULL,525),(528,NULL,NULL,NULL,NULL,72,NULL,527),(530,NULL,NULL,NULL,59,59,NULL,529),(532,NULL,NULL,NULL,59,59,NULL,531),(534,NULL,NULL,NULL,48,48,NULL,533),(536,NULL,NULL,NULL,NULL,26,NULL,535),(538,NULL,NULL,NULL,NULL,26,NULL,537),(540,NULL,NULL,NULL,NULL,26,NULL,539),(542,NULL,NULL,NULL,NULL,26,NULL,541),(544,NULL,NULL,NULL,59,59,NULL,543),(546,NULL,NULL,NULL,60,60,NULL,545),(548,NULL,NULL,NULL,60,60,NULL,547),(550,NULL,NULL,NULL,60,60,NULL,549),(552,NULL,NULL,NULL,60,60,NULL,551),(554,NULL,NULL,NULL,60,60,NULL,553),(556,NULL,NULL,NULL,NULL,50,NULL,555),(558,NULL,NULL,NULL,60,60,NULL,557),(560,NULL,NULL,NULL,48,48,NULL,559),(562,NULL,NULL,NULL,60,60,NULL,561),(564,NULL,NULL,NULL,60,60,NULL,563),(566,NULL,NULL,NULL,NULL,50,NULL,565),(568,NULL,NULL,NULL,26,26,NULL,567),(570,NULL,NULL,NULL,NULL,26,NULL,569),(572,NULL,NULL,NULL,31,26,NULL,571),(574,NULL,NULL,NULL,NULL,26,NULL,573),(576,NULL,NULL,NULL,NULL,26,NULL,575),(578,NULL,NULL,NULL,48,48,NULL,577),(580,NULL,NULL,NULL,59,59,NULL,579),(582,NULL,NULL,NULL,NULL,50,NULL,581),(584,NULL,NULL,NULL,60,60,NULL,583),(586,NULL,NULL,NULL,NULL,50,NULL,585),(588,NULL,NULL,NULL,48,48,NULL,587),(590,NULL,NULL,NULL,NULL,50,NULL,589),(592,NULL,NULL,NULL,50,50,NULL,591),(594,NULL,NULL,NULL,NULL,60,NULL,593),(596,NULL,NULL,NULL,NULL,60,NULL,595),(598,NULL,NULL,NULL,NULL,60,NULL,597),(600,NULL,NULL,NULL,59,59,NULL,599),(602,NULL,NULL,NULL,59,59,NULL,601),(604,NULL,NULL,NULL,60,60,NULL,603),(606,NULL,NULL,NULL,NULL,60,NULL,605),(608,NULL,NULL,NULL,NULL,26,NULL,607),(610,NULL,NULL,NULL,NULL,26,NULL,609),(612,NULL,NULL,NULL,NULL,26,NULL,611),(614,NULL,NULL,NULL,26,26,NULL,613),(616,NULL,NULL,NULL,NULL,50,NULL,615),(618,NULL,NULL,NULL,50,50,NULL,617),(620,NULL,NULL,NULL,26,26,NULL,619),(622,NULL,NULL,NULL,48,48,NULL,621),(624,NULL,NULL,NULL,48,48,NULL,623),(626,NULL,NULL,NULL,48,48,NULL,625),(628,NULL,NULL,NULL,48,48,NULL,627),(630,NULL,NULL,NULL,50,50,NULL,629),(632,NULL,NULL,NULL,59,59,NULL,631),(634,NULL,NULL,NULL,26,31,NULL,633),(636,NULL,NULL,NULL,NULL,50,NULL,635),(638,NULL,NULL,NULL,50,50,NULL,637),(640,NULL,NULL,NULL,NULL,73,NULL,639),(642,NULL,NULL,NULL,NULL,73,NULL,641),(644,NULL,NULL,NULL,NULL,60,NULL,643),(646,NULL,NULL,NULL,NULL,60,NULL,645),(648,NULL,NULL,NULL,NULL,60,NULL,647),(650,NULL,NULL,NULL,59,59,NULL,649),(652,NULL,NULL,NULL,59,59,NULL,651),(654,NULL,NULL,NULL,48,48,NULL,653),(656,NULL,NULL,NULL,NULL,26,NULL,655),(658,NULL,NULL,NULL,NULL,26,NULL,657),(660,NULL,NULL,NULL,31,26,NULL,659),(662,NULL,NULL,NULL,31,26,NULL,661),(664,NULL,NULL,NULL,31,26,NULL,663),(666,NULL,NULL,NULL,31,26,NULL,665),(668,NULL,NULL,NULL,59,60,NULL,667),(670,NULL,NULL,NULL,48,48,NULL,669),(672,NULL,NULL,NULL,48,48,NULL,671),(674,NULL,NULL,NULL,59,59,NULL,673),(676,NULL,NULL,NULL,NULL,31,NULL,675),(678,NULL,NULL,NULL,NULL,31,NULL,677),(680,NULL,NULL,NULL,NULL,31,NULL,679),(682,NULL,NULL,NULL,NULL,31,NULL,681),(684,NULL,NULL,NULL,68,72,NULL,683),(686,NULL,NULL,NULL,NULL,60,NULL,685),(688,NULL,NULL,NULL,NULL,50,NULL,687),(690,NULL,NULL,NULL,NULL,60,NULL,689),(692,NULL,NULL,NULL,NULL,60,NULL,691),(694,NULL,NULL,NULL,NULL,59,NULL,693),(697,NULL,NULL,NULL,NULL,26,NULL,696),(699,NULL,NULL,NULL,NULL,26,NULL,698),(701,NULL,NULL,NULL,NULL,26,NULL,700),(703,NULL,NULL,NULL,50,48,NULL,702),(705,NULL,NULL,NULL,48,48,NULL,704),(707,NULL,NULL,NULL,NULL,72,NULL,706),(709,NULL,NULL,NULL,72,72,NULL,708),(711,NULL,NULL,NULL,72,72,NULL,710),(713,NULL,NULL,NULL,48,48,NULL,712),(715,NULL,NULL,NULL,72,72,NULL,714),(717,NULL,NULL,NULL,72,72,NULL,716),(719,NULL,NULL,NULL,72,72,NULL,718),(721,NULL,NULL,NULL,59,59,NULL,720),(723,NULL,NULL,NULL,59,59,NULL,722),(725,NULL,NULL,NULL,73,73,NULL,724),(727,NULL,NULL,NULL,NULL,73,NULL,726),(729,NULL,NULL,NULL,NULL,73,NULL,728),(731,NULL,NULL,NULL,73,73,NULL,730),(733,NULL,NULL,NULL,73,73,NULL,732),(735,NULL,NULL,NULL,NULL,73,NULL,734),(737,NULL,NULL,NULL,73,73,NULL,736),(739,NULL,NULL,NULL,73,73,NULL,738),(741,NULL,NULL,NULL,NULL,50,NULL,740),(743,NULL,NULL,NULL,NULL,50,NULL,742),(745,NULL,NULL,NULL,NULL,50,NULL,744),(747,NULL,NULL,NULL,NULL,50,NULL,746),(749,NULL,NULL,NULL,59,59,NULL,748),(751,NULL,NULL,NULL,48,48,NULL,750),(755,NULL,NULL,NULL,NULL,60,NULL,754),(757,NULL,NULL,NULL,NULL,60,NULL,756),(760,NULL,NULL,NULL,48,48,NULL,759),(762,NULL,NULL,NULL,50,48,NULL,761),(764,NULL,NULL,NULL,NULL,60,NULL,763),(766,NULL,NULL,NULL,NULL,50,NULL,765),(768,NULL,NULL,NULL,NULL,50,NULL,767),(770,NULL,NULL,NULL,NULL,48,NULL,769),(772,NULL,NULL,NULL,NULL,50,NULL,771),(774,NULL,NULL,NULL,32,NULL,NULL,773),(776,NULL,NULL,NULL,NULL,36,NULL,775),(778,NULL,NULL,NULL,NULL,36,NULL,777),(780,NULL,NULL,NULL,NULL,32,NULL,779),(782,NULL,NULL,NULL,NULL,32,NULL,781),(784,NULL,NULL,NULL,68,73,NULL,783),(786,NULL,NULL,NULL,87,8,NULL,785),(789,NULL,NULL,NULL,37,37,NULL,788),(791,NULL,NULL,NULL,NULL,37,NULL,790),(793,NULL,NULL,NULL,NULL,37,NULL,792),(795,NULL,NULL,NULL,NULL,73,NULL,794),(797,NULL,NULL,NULL,73,73,NULL,796),(799,NULL,NULL,NULL,60,60,NULL,798),(801,NULL,NULL,NULL,NULL,60,NULL,800),(803,NULL,NULL,NULL,NULL,60,NULL,802),(805,NULL,NULL,NULL,NULL,26,NULL,804),(807,NULL,NULL,NULL,NULL,26,NULL,806),(809,NULL,NULL,NULL,NULL,26,NULL,808),(811,NULL,NULL,NULL,NULL,26,NULL,810),(813,NULL,NULL,NULL,NULL,26,NULL,812),(815,NULL,NULL,NULL,NULL,26,NULL,814),(817,NULL,NULL,NULL,NULL,73,NULL,816),(819,NULL,NULL,NULL,NULL,7,NULL,818),(821,NULL,NULL,NULL,NULL,37,NULL,820),(823,NULL,NULL,NULL,9,9,NULL,822),(825,NULL,NULL,NULL,68,68,NULL,824),(827,NULL,NULL,NULL,37,37,NULL,826),(830,NULL,NULL,NULL,NULL,60,NULL,829),(832,NULL,NULL,NULL,37,37,NULL,831),(834,NULL,NULL,NULL,NULL,37,NULL,833),(836,NULL,NULL,NULL,NULL,37,NULL,835),(838,NULL,NULL,NULL,32,37,NULL,837),(840,NULL,NULL,NULL,37,37,NULL,839),(842,NULL,NULL,NULL,32,37,NULL,841),(844,NULL,NULL,NULL,9,87,NULL,843),(846,NULL,NULL,NULL,NULL,87,NULL,845),(848,NULL,NULL,NULL,NULL,87,NULL,847),(850,NULL,NULL,NULL,NULL,87,NULL,849),(852,NULL,NULL,NULL,NULL,60,NULL,851),(854,NULL,NULL,NULL,NULL,60,NULL,853),(856,NULL,NULL,NULL,NULL,60,NULL,855),(858,NULL,NULL,NULL,NULL,60,NULL,857),(860,NULL,NULL,NULL,NULL,37,NULL,859),(862,NULL,NULL,NULL,73,73,NULL,861),(864,NULL,NULL,NULL,73,68,NULL,863),(866,NULL,NULL,NULL,73,68,NULL,865),(868,NULL,NULL,NULL,73,68,NULL,867),(870,NULL,NULL,NULL,73,68,NULL,869),(872,NULL,NULL,NULL,NULL,60,NULL,871),(874,NULL,NULL,NULL,60,60,NULL,873),(876,NULL,NULL,NULL,73,73,NULL,875),(878,NULL,NULL,NULL,32,32,NULL,877),(880,NULL,NULL,NULL,NULL,60,NULL,879),(882,NULL,NULL,NULL,NULL,60,NULL,881),(884,NULL,NULL,NULL,NULL,60,NULL,883),(886,NULL,NULL,NULL,37,36,NULL,885),(888,NULL,NULL,NULL,32,32,NULL,887),(890,NULL,NULL,NULL,73,73,NULL,889),(892,NULL,NULL,NULL,73,73,NULL,891),(894,NULL,NULL,NULL,37,36,NULL,893),(896,NULL,NULL,NULL,NULL,73,NULL,895),(898,NULL,NULL,NULL,37,37,NULL,897),(900,NULL,NULL,NULL,89,89,NULL,899),(903,NULL,NULL,NULL,NULL,73,NULL,902),(905,NULL,NULL,NULL,NULL,37,NULL,904),(907,NULL,NULL,NULL,37,37,NULL,906),(909,NULL,NULL,NULL,60,60,NULL,908),(911,NULL,NULL,NULL,32,32,NULL,910),(913,NULL,NULL,NULL,68,68,NULL,912),(915,NULL,NULL,NULL,68,68,NULL,914),(917,NULL,NULL,NULL,NULL,3,NULL,916),(919,NULL,NULL,NULL,3,3,NULL,918),(921,NULL,NULL,NULL,32,32,NULL,920),(923,NULL,NULL,NULL,NULL,32,NULL,922),(925,NULL,NULL,NULL,NULL,32,NULL,924),(927,NULL,NULL,NULL,NULL,32,NULL,926),(929,NULL,NULL,NULL,NULL,32,NULL,928),(931,NULL,NULL,NULL,32,32,NULL,930),(933,NULL,NULL,NULL,72,72,NULL,932),(935,NULL,NULL,NULL,68,68,NULL,934),(937,NULL,NULL,NULL,68,68,NULL,936),(939,NULL,NULL,NULL,68,68,NULL,938),(941,NULL,NULL,NULL,68,68,NULL,940),(943,NULL,NULL,NULL,68,68,NULL,942),(945,NULL,NULL,NULL,68,68,NULL,944),(947,NULL,NULL,NULL,68,68,NULL,946),(949,NULL,NULL,NULL,68,68,NULL,948),(951,NULL,NULL,NULL,68,68,NULL,950),(953,NULL,NULL,NULL,73,68,NULL,952),(955,NULL,NULL,NULL,68,68,NULL,954),(957,NULL,NULL,NULL,68,68,NULL,956),(959,NULL,NULL,NULL,NULL,72,NULL,958),(961,NULL,NULL,NULL,NULL,72,NULL,960),(963,NULL,NULL,NULL,NULL,72,NULL,962),(965,NULL,NULL,NULL,72,72,NULL,964),(967,NULL,NULL,NULL,72,72,NULL,966),(969,NULL,NULL,NULL,72,72,NULL,968),(979,NULL,NULL,NULL,88,88,NULL,978),(981,NULL,NULL,NULL,32,32,NULL,980),(983,NULL,NULL,NULL,32,32,NULL,982),(985,NULL,NULL,NULL,NULL,36,NULL,984),(987,NULL,NULL,NULL,36,36,NULL,986),(989,NULL,NULL,NULL,NULL,32,NULL,988),(991,NULL,NULL,NULL,3,3,NULL,990),(993,NULL,NULL,NULL,NULL,3,NULL,992),(995,NULL,NULL,NULL,NULL,3,NULL,994),(997,NULL,NULL,NULL,NULL,3,NULL,996),(999,NULL,NULL,NULL,32,32,NULL,998),(1001,NULL,NULL,NULL,72,72,NULL,1000),(1003,NULL,NULL,NULL,72,72,NULL,1002),(1005,NULL,NULL,NULL,37,37,NULL,1004),(1007,NULL,NULL,NULL,37,37,NULL,1006),(1009,NULL,NULL,NULL,37,37,NULL,1008),(1011,NULL,NULL,NULL,37,37,NULL,1010),(1013,NULL,NULL,NULL,88,88,NULL,1012),(1015,NULL,NULL,NULL,72,72,NULL,1014),(1017,NULL,NULL,NULL,36,36,NULL,1016),(1019,NULL,NULL,NULL,36,36,NULL,1018),(1021,NULL,NULL,NULL,8,NULL,NULL,1020),(1023,NULL,NULL,NULL,NULL,32,NULL,1022),(1025,NULL,NULL,NULL,88,88,NULL,1024),(1027,NULL,NULL,NULL,88,88,NULL,1026),(1029,NULL,NULL,NULL,37,37,NULL,1028),(1031,NULL,NULL,NULL,37,37,NULL,1030),(1035,NULL,NULL,NULL,NULL,7,NULL,1034),(1037,NULL,NULL,NULL,NULL,7,NULL,1036),(1039,NULL,NULL,NULL,NULL,7,NULL,1038),(1041,NULL,NULL,NULL,7,7,NULL,1040),(1043,NULL,NULL,NULL,37,37,NULL,1042),(1045,NULL,NULL,NULL,37,37,NULL,1044),(1047,NULL,NULL,NULL,3,3,NULL,1046),(1049,NULL,NULL,NULL,NULL,36,NULL,1048),(1051,NULL,NULL,NULL,NULL,36,NULL,1050),(1053,NULL,NULL,NULL,NULL,3,NULL,1052),(1055,NULL,NULL,NULL,3,3,NULL,1054),(1057,NULL,NULL,NULL,88,88,NULL,1056),(1059,NULL,NULL,NULL,NULL,73,NULL,1058),(1061,NULL,NULL,NULL,32,32,NULL,1060),(1063,NULL,NULL,NULL,7,7,NULL,1062),(1065,NULL,NULL,NULL,81,81,NULL,1064),(1067,NULL,NULL,NULL,81,81,NULL,1066),(1069,NULL,NULL,NULL,32,NULL,NULL,1068),(1071,NULL,NULL,NULL,NULL,81,NULL,1070),(1073,NULL,NULL,NULL,72,72,NULL,1072),(1075,NULL,NULL,NULL,32,32,NULL,1074),(1077,NULL,NULL,NULL,37,37,NULL,1076),(1079,NULL,NULL,NULL,NULL,32,NULL,1078),(1081,NULL,NULL,NULL,72,72,NULL,1080),(1083,NULL,NULL,NULL,NULL,77,NULL,1082),(1091,NULL,NULL,NULL,36,32,NULL,1090),(1093,NULL,NULL,NULL,36,32,NULL,1092),(1095,NULL,NULL,NULL,NULL,32,NULL,1094),(1097,NULL,NULL,NULL,NULL,32,NULL,1096),(1099,NULL,NULL,NULL,NULL,32,NULL,1098),(1101,NULL,NULL,NULL,NULL,32,NULL,1100),(1103,NULL,NULL,NULL,37,32,NULL,1102),(1105,NULL,NULL,NULL,NULL,32,NULL,1104),(1107,NULL,NULL,NULL,NULL,32,NULL,1106),(1109,NULL,NULL,NULL,NULL,32,NULL,1108),(1111,NULL,NULL,NULL,NULL,32,NULL,1110),(1113,NULL,NULL,NULL,NULL,32,NULL,1112),(1115,NULL,NULL,NULL,NULL,32,NULL,1114),(1117,NULL,NULL,NULL,NULL,32,NULL,1116),(1119,NULL,NULL,NULL,NULL,32,NULL,1118),(1121,NULL,NULL,NULL,37,32,NULL,1120),(1123,NULL,NULL,NULL,32,32,NULL,1122),(1125,NULL,NULL,NULL,37,37,NULL,1124),(1127,NULL,NULL,NULL,32,32,NULL,1126),(1129,NULL,NULL,NULL,7,7,NULL,1128),(1131,NULL,NULL,NULL,7,7,NULL,1130),(1133,NULL,NULL,NULL,73,NULL,NULL,1132),(1135,NULL,NULL,NULL,73,NULL,NULL,1134),(1137,NULL,NULL,NULL,73,NULL,NULL,1136),(1139,NULL,NULL,NULL,36,36,NULL,1138),(1141,NULL,NULL,NULL,7,8,NULL,1140),(1143,NULL,NULL,NULL,76,76,NULL,1142),(1145,NULL,NULL,NULL,3,3,NULL,1144),(1147,NULL,NULL,NULL,NULL,36,NULL,1146),(1149,NULL,NULL,NULL,3,3,NULL,1148),(1151,NULL,NULL,NULL,91,91,NULL,1150),(1153,NULL,NULL,NULL,3,3,NULL,1152),(1155,NULL,NULL,NULL,NULL,32,NULL,1154),(1157,NULL,NULL,NULL,3,3,NULL,1156),(1159,NULL,NULL,NULL,3,3,NULL,1158),(1161,NULL,NULL,NULL,68,NULL,NULL,1160),(1163,NULL,NULL,NULL,68,NULL,NULL,1162),(1165,NULL,NULL,NULL,81,81,NULL,1164),(1167,NULL,NULL,NULL,81,81,NULL,1166),(1169,NULL,NULL,NULL,81,81,NULL,1168),(1171,NULL,NULL,NULL,81,81,NULL,1170),(1173,NULL,NULL,NULL,NULL,85,NULL,1172),(1175,NULL,NULL,NULL,85,85,NULL,1174),(1177,NULL,NULL,NULL,3,3,NULL,1176),(1179,NULL,NULL,NULL,3,3,NULL,1178),(1181,NULL,NULL,NULL,3,3,NULL,1180),(1183,NULL,NULL,NULL,3,3,NULL,1182),(1185,NULL,NULL,NULL,32,32,NULL,1184),(1187,NULL,NULL,NULL,32,32,NULL,1186),(1190,NULL,NULL,NULL,54,NULL,NULL,1189),(1197,NULL,NULL,NULL,3,3,NULL,1196),(1199,NULL,NULL,NULL,NULL,85,NULL,1198),(1201,NULL,NULL,NULL,NULL,36,NULL,1200),(1203,NULL,NULL,NULL,NULL,81,NULL,1202),(1205,NULL,NULL,NULL,NULL,81,NULL,1204),(1207,NULL,NULL,NULL,NULL,81,NULL,1206),(1209,NULL,NULL,NULL,36,36,NULL,1208),(1211,NULL,NULL,NULL,3,3,NULL,1210),(1213,NULL,NULL,NULL,3,3,NULL,1212),(1215,NULL,NULL,NULL,3,3,NULL,1214),(1217,NULL,NULL,NULL,3,3,NULL,1216),(1219,NULL,NULL,NULL,NULL,72,NULL,1218),(1221,NULL,NULL,NULL,72,72,NULL,1220),(1223,NULL,NULL,NULL,36,32,NULL,1222),(1226,NULL,NULL,NULL,3,3,NULL,1225),(1228,NULL,NULL,NULL,3,3,NULL,1227),(1230,NULL,NULL,NULL,NULL,37,NULL,1229),(1232,NULL,NULL,NULL,72,72,NULL,1231),(1234,NULL,NULL,NULL,72,72,NULL,1233),(1236,NULL,NULL,NULL,72,72,NULL,1235),(1238,NULL,NULL,NULL,NULL,37,NULL,1237),(1240,NULL,NULL,NULL,72,72,NULL,1239),(1242,NULL,NULL,NULL,72,72,NULL,1241),(1244,NULL,NULL,NULL,3,3,NULL,1243),(1246,NULL,NULL,NULL,3,3,NULL,1245),(1248,NULL,NULL,NULL,36,36,NULL,1247),(1250,NULL,NULL,NULL,32,32,NULL,1249),(1252,NULL,NULL,NULL,3,3,NULL,1251),(1254,NULL,NULL,NULL,3,3,NULL,1253),(1256,NULL,NULL,NULL,37,37,NULL,1255),(1258,NULL,NULL,NULL,68,68,NULL,1257),(1265,NULL,NULL,NULL,37,37,NULL,1264),(1267,NULL,NULL,NULL,7,7,NULL,1266),(1269,NULL,NULL,NULL,7,7,NULL,1268),(1271,NULL,NULL,NULL,36,36,NULL,1270),(1273,NULL,NULL,NULL,3,3,NULL,1272),(1275,NULL,NULL,NULL,3,3,NULL,1274),(1277,NULL,NULL,NULL,68,68,NULL,1276),(1279,NULL,NULL,NULL,68,68,NULL,1278),(1281,NULL,NULL,NULL,68,68,NULL,1280),(1285,NULL,NULL,NULL,54,54,NULL,1284),(1287,NULL,NULL,NULL,54,NULL,NULL,1286),(1289,NULL,NULL,NULL,NULL,54,NULL,1288),(1291,NULL,NULL,NULL,NULL,54,NULL,1290),(1293,NULL,NULL,NULL,NULL,54,NULL,1292),(1295,NULL,NULL,NULL,NULL,36,NULL,1294),(1297,NULL,NULL,NULL,NULL,36,NULL,1296),(1299,NULL,NULL,NULL,NULL,72,NULL,1298),(1301,NULL,NULL,NULL,72,72,NULL,1300),(1303,NULL,NULL,NULL,7,7,NULL,1302),(1305,NULL,NULL,NULL,72,72,NULL,1304),(1307,NULL,NULL,NULL,72,72,NULL,1306),(1309,NULL,NULL,NULL,72,72,NULL,1308),(1311,NULL,NULL,NULL,72,72,NULL,1310),(1313,NULL,NULL,NULL,72,72,NULL,1312),(1315,NULL,NULL,NULL,72,72,NULL,1314),(1317,NULL,NULL,NULL,68,73,NULL,1316),(1319,NULL,NULL,NULL,72,72,NULL,1318),(1321,NULL,NULL,NULL,72,72,NULL,1320),(1323,NULL,NULL,NULL,72,72,NULL,1322),(1325,NULL,NULL,NULL,NULL,72,NULL,1324),(1327,NULL,NULL,NULL,NULL,72,NULL,1326),(1329,NULL,NULL,NULL,NULL,72,NULL,1328),(1331,NULL,NULL,NULL,NULL,72,NULL,1330),(1333,NULL,NULL,NULL,NULL,72,NULL,1332),(1335,NULL,NULL,NULL,72,72,NULL,1334),(1337,NULL,NULL,NULL,NULL,3,NULL,1336),(1339,NULL,NULL,NULL,NULL,3,NULL,1338),(1341,NULL,NULL,NULL,NULL,7,NULL,1340),(1343,NULL,NULL,NULL,NULL,7,NULL,1342),(1345,NULL,NULL,NULL,3,3,NULL,1344),(1347,NULL,NULL,NULL,37,37,NULL,1346),(1349,NULL,NULL,NULL,NULL,7,NULL,1348),(1351,NULL,NULL,NULL,68,68,NULL,1350),(1353,NULL,NULL,NULL,36,36,NULL,1352),(1355,NULL,NULL,NULL,37,37,NULL,1354),(1357,NULL,NULL,NULL,NULL,7,NULL,1356),(1359,NULL,NULL,NULL,NULL,7,NULL,1358),(1361,NULL,NULL,NULL,NULL,7,NULL,1360),(1363,NULL,NULL,NULL,8,7,NULL,1362),(1365,NULL,NULL,NULL,3,3,NULL,1364),(1367,NULL,NULL,NULL,36,36,NULL,1366),(1369,NULL,NULL,NULL,32,32,NULL,1368),(1371,NULL,NULL,NULL,NULL,3,NULL,1370),(1373,NULL,NULL,NULL,7,7,NULL,1372),(1375,NULL,NULL,NULL,7,7,NULL,1374),(1377,NULL,NULL,NULL,7,7,NULL,1376),(1379,NULL,NULL,NULL,7,7,NULL,1378),(1381,NULL,NULL,NULL,NULL,3,NULL,1380),(1383,NULL,NULL,NULL,85,85,NULL,1382),(1385,NULL,NULL,NULL,11,7,NULL,1384),(1387,NULL,NULL,NULL,32,32,NULL,1386),(1389,NULL,NULL,NULL,37,37,NULL,1388),(1391,NULL,NULL,NULL,37,37,NULL,1390),(1393,NULL,NULL,NULL,68,68,NULL,1392),(1395,NULL,NULL,NULL,68,68,NULL,1394),(1397,NULL,NULL,NULL,68,68,NULL,1396),(1399,NULL,NULL,NULL,3,3,NULL,1398),(1401,NULL,NULL,NULL,3,3,NULL,1400),(1403,NULL,NULL,NULL,85,85,NULL,1402),(1405,NULL,NULL,NULL,NULL,36,NULL,1404),(1407,NULL,NULL,NULL,NULL,32,NULL,1406),(1410,NULL,NULL,NULL,35,35,NULL,1409),(1412,NULL,NULL,NULL,85,85,NULL,1411),(1414,NULL,NULL,NULL,85,85,NULL,1413),(1416,NULL,NULL,NULL,NULL,81,NULL,1415),(1418,NULL,NULL,NULL,32,37,NULL,1417),(1420,NULL,NULL,NULL,37,32,NULL,1419),(1422,NULL,NULL,NULL,36,36,NULL,1421),(1424,NULL,NULL,NULL,72,68,NULL,1423),(1426,NULL,NULL,NULL,NULL,54,NULL,1425),(1428,NULL,NULL,NULL,NULL,54,NULL,1427),(1430,NULL,NULL,NULL,92,5,NULL,1429),(1432,NULL,NULL,NULL,NULL,8,NULL,1431),(1434,NULL,NULL,NULL,NULL,3,NULL,1433),(1436,NULL,NULL,NULL,NULL,3,NULL,1435),(1438,NULL,NULL,NULL,37,37,NULL,1437),(1440,NULL,NULL,NULL,NULL,37,NULL,1439),(1442,NULL,NULL,NULL,37,37,NULL,1441),(1444,NULL,NULL,NULL,37,37,NULL,1443),(1446,NULL,NULL,NULL,NULL,53,NULL,1445),(1448,NULL,NULL,NULL,85,85,NULL,1447),(1450,NULL,NULL,NULL,NULL,4,NULL,1449),(1452,NULL,NULL,NULL,NULL,8,NULL,1451),(1454,NULL,NULL,NULL,NULL,7,NULL,1453),(1456,NULL,NULL,NULL,NULL,8,NULL,1455),(1458,NULL,NULL,NULL,7,8,NULL,1457),(1460,NULL,NULL,NULL,7,8,NULL,1459),(1462,NULL,NULL,NULL,NULL,4,NULL,1461),(1464,NULL,NULL,NULL,NULL,4,NULL,1463),(1466,NULL,NULL,NULL,NULL,4,NULL,1465),(1468,NULL,NULL,NULL,NULL,4,NULL,1467),(1470,NULL,NULL,NULL,32,32,NULL,1469),(1472,NULL,NULL,NULL,37,37,NULL,1471),(1474,NULL,NULL,NULL,37,37,NULL,1473),(1476,NULL,NULL,NULL,NULL,81,NULL,1475),(1478,NULL,NULL,NULL,3,3,NULL,1477),(1480,NULL,NULL,NULL,NULL,76,NULL,1479),(1482,NULL,NULL,NULL,NULL,32,NULL,1481),(1484,NULL,NULL,NULL,32,32,NULL,1483),(1486,NULL,NULL,NULL,85,85,NULL,1485),(1488,NULL,NULL,NULL,37,37,NULL,1487),(1490,NULL,NULL,NULL,37,37,NULL,1489),(1492,NULL,NULL,NULL,3,3,NULL,1491),(1494,NULL,NULL,NULL,3,3,NULL,1493),(1496,NULL,NULL,NULL,72,72,NULL,1495),(1498,NULL,NULL,NULL,85,85,NULL,1497),(1500,NULL,NULL,NULL,NULL,37,NULL,1499),(1502,NULL,NULL,NULL,37,37,NULL,1501),(1504,NULL,NULL,NULL,3,3,NULL,1503),(1506,NULL,NULL,NULL,NULL,85,NULL,1505),(1508,NULL,NULL,NULL,85,85,NULL,1507),(1510,NULL,NULL,NULL,72,72,NULL,1509),(1512,NULL,NULL,NULL,NULL,72,NULL,1511),(1514,NULL,NULL,NULL,NULL,81,NULL,1513),(1516,NULL,NULL,NULL,NULL,81,NULL,1515),(1518,NULL,NULL,NULL,NULL,81,NULL,1517),(1520,NULL,NULL,NULL,85,85,NULL,1519),(1522,NULL,NULL,NULL,3,3,NULL,1521),(1524,NULL,NULL,NULL,3,3,NULL,1523),(1526,NULL,NULL,NULL,85,85,NULL,1525),(1528,NULL,NULL,NULL,85,85,NULL,1527),(1530,NULL,NULL,NULL,3,3,NULL,1529),(1532,NULL,NULL,NULL,85,85,NULL,1531),(1534,NULL,NULL,NULL,3,3,NULL,1533),(1536,NULL,NULL,NULL,NULL,3,NULL,1535),(1538,NULL,NULL,NULL,NULL,3,NULL,1537),(1540,NULL,NULL,NULL,32,32,NULL,1539),(1542,NULL,NULL,NULL,NULL,37,NULL,1541),(1544,NULL,NULL,NULL,37,37,NULL,1543),(1546,NULL,NULL,NULL,NULL,85,NULL,1545),(1548,NULL,NULL,NULL,NULL,8,NULL,1547),(1550,NULL,NULL,NULL,NULL,3,NULL,1549),(1552,NULL,NULL,NULL,NULL,3,NULL,1551),(1554,NULL,NULL,NULL,11,8,NULL,1553),(1556,NULL,NULL,NULL,NULL,85,NULL,1555),(1558,NULL,NULL,NULL,84,85,NULL,1557),(1560,NULL,NULL,NULL,53,54,NULL,1559),(1562,NULL,NULL,NULL,53,54,NULL,1561),(1564,NULL,NULL,NULL,37,35,NULL,1563),(1566,NULL,NULL,NULL,36,35,NULL,1565),(1568,NULL,NULL,NULL,53,53,NULL,1567),(1570,NULL,NULL,NULL,NULL,12,NULL,1569),(1572,NULL,NULL,NULL,NULL,12,NULL,1571),(1574,NULL,NULL,NULL,4,4,NULL,1573),(1576,NULL,NULL,NULL,5,3,NULL,1575),(1578,NULL,NULL,NULL,5,3,NULL,1577),(1580,NULL,NULL,NULL,5,3,NULL,1579),(1582,NULL,NULL,NULL,3,3,NULL,1581),(1584,NULL,NULL,NULL,3,3,NULL,1583),(1586,NULL,NULL,NULL,NULL,3,NULL,1585),(1588,NULL,NULL,NULL,NULL,85,NULL,1587),(1590,NULL,NULL,NULL,84,85,NULL,1589),(1592,NULL,NULL,NULL,36,36,NULL,1591),(1594,NULL,NULL,NULL,NULL,72,NULL,1593),(1596,NULL,NULL,NULL,32,32,NULL,1595),(1598,NULL,NULL,NULL,NULL,72,NULL,1597),(1600,NULL,NULL,NULL,NULL,7,NULL,1599),(1602,NULL,NULL,NULL,NULL,7,NULL,1601),(1604,NULL,NULL,NULL,11,7,NULL,1603),(1606,NULL,NULL,NULL,NULL,54,NULL,1605),(1608,NULL,NULL,NULL,NULL,54,NULL,1607),(1613,NULL,NULL,NULL,NULL,36,NULL,1612),(1615,NULL,NULL,NULL,NULL,72,NULL,1614),(1617,NULL,NULL,NULL,NULL,72,NULL,1616),(1619,NULL,NULL,NULL,NULL,68,NULL,1618),(1621,NULL,NULL,NULL,NULL,72,NULL,1620),(1623,NULL,NULL,NULL,NULL,68,NULL,1622),(1625,NULL,NULL,NULL,NULL,68,NULL,1624),(1627,NULL,NULL,NULL,NULL,68,NULL,1626),(1629,NULL,NULL,NULL,NULL,72,NULL,1628),(1631,NULL,NULL,NULL,37,37,NULL,1630),(1633,NULL,NULL,NULL,NULL,72,NULL,1632),(1635,NULL,NULL,NULL,32,32,NULL,1634),(1637,NULL,NULL,NULL,36,32,NULL,1636),(1639,NULL,NULL,NULL,NULL,72,NULL,1638),(1641,NULL,NULL,NULL,4,4,NULL,1640),(1643,NULL,NULL,NULL,NULL,68,NULL,1642),(1645,NULL,NULL,NULL,NULL,68,NULL,1644),(1647,NULL,NULL,NULL,32,32,NULL,1646),(1649,NULL,NULL,NULL,32,32,NULL,1648),(1651,NULL,NULL,NULL,NULL,72,NULL,1650),(1653,NULL,NULL,NULL,NULL,72,NULL,1652),(1655,NULL,NULL,NULL,NULL,72,NULL,1654),(1657,NULL,NULL,NULL,NULL,72,NULL,1656),(1659,NULL,NULL,NULL,NULL,72,NULL,1658),(1661,NULL,NULL,NULL,NULL,72,NULL,1660),(1663,NULL,NULL,NULL,53,NULL,NULL,1662),(1665,NULL,NULL,NULL,NULL,53,NULL,1664),(1667,NULL,NULL,NULL,NULL,72,NULL,1666),(1669,NULL,NULL,NULL,37,32,NULL,1668),(1672,NULL,NULL,NULL,NULL,84,NULL,1671),(1674,NULL,NULL,NULL,84,84,NULL,1673),(1676,NULL,NULL,NULL,NULL,54,NULL,1675),(1678,NULL,NULL,NULL,NULL,55,NULL,1677),(1680,NULL,NULL,NULL,54,55,NULL,1679);
/*!40000 ALTER TABLE `scrum_performed_development_task` ENABLE KEYS */;
UNLOCK TABLES;

--
-- Table structure for table `scrum_process`
--

DROP TABLE IF EXISTS `scrum_process`;
/*!40101 SET @saved_cs_client     = @@character_set_client */;
/*!50503 SET character_set_client = utf8mb4 */;
CREATE TABLE `scrum_process` (
  `id` int(11) NOT NULL AUTO_INCREMENT,
  `uuid` char(32) COLLATE utf8mb4_general_ci NOT NULL,
  `date_created` datetime DEFAULT NULL,
  `date_modified` datetime DEFAULT NULL,
  `name` varchar(200) COLLATE utf8mb4_general_ci DEFAULT NULL,
  `description` text COLLATE utf8mb4_general_ci,
  `scrum_project_id` int(11) DEFAULT NULL,
  PRIMARY KEY (`id`),
  UNIQUE KEY `uuid` (`uuid`),
  KEY `scrum_project_id` (`scrum_project_id`),
  CONSTRAINT `scrum_process_ibfk_1` FOREIGN KEY (`scrum_project_id`) REFERENCES `scrum_project` (`id`)
) ENGINE=InnoDB AUTO_INCREMENT=16 DEFAULT CHARSET=utf8mb4 COLLATE=utf8mb4_general_ci;
/*!40101 SET character_set_client = @saved_cs_client */;

--
-- Dumping data for table `scrum_process`
--

LOCK TABLES `scrum_process` WRITE;
/*!40000 ALTER TABLE `scrum_process` DISABLE KEYS */;
INSERT INTO `scrum_process` VALUES (1,'879237d732d34c7bb41939d78f4240ca','2020-02-11 19:44:43','2020-02-11 19:44:43','Detran','',2),(2,'46bf91de4e694738b5f0ce2fda85d7fd','2020-02-11 19:44:43','2020-02-11 19:44:43','Empregabilidade','',3),(3,'8800e637c8b045fa945cc254fd76b001','2020-02-11 19:44:43','2020-02-11 19:44:43','prodest-espm Team','The default project team.',4),(4,'660433ce85434e7e8451431c57133105','2020-02-11 19:44:43','2020-02-11 19:44:43','disque_denuncia','Equipe do Doacao de Sangue',5),(5,'8dcfe72e02ac4f6589c2a3f4a072d5fb','2020-02-11 19:44:44','2020-02-11 19:44:44','chabot','Equipe do Chatbot',6),(6,'da4c2325d0294303bd35903d40f8edd4','2020-02-11 19:44:44','2020-02-11 19:44:44','Google Transit','Equipe do Mobilidade Urbana',7),(7,'b7bae77a9387459096696e4b9210cab3','2020-02-11 19:44:44','2020-02-11 19:44:44','contra-cheque','',8),(8,'acd31ccc8ce74ed5849d221408883b08','2020-02-11 19:44:44','2020-02-11 19:44:44','PC - BIKE','Projeto voltado a controle de Bikes',9),(9,'d41a09261ddc4bc686bf3d255114db52','2020-02-11 19:44:45','2020-02-11 19:44:45','Edocs','Equipe do Edocs',10),(10,'ce9a3d1f420442798e40105abfe0e6d2','2020-02-11 19:44:45','2020-02-11 19:44:45','Gestao','Equipe da Gestao',11),(11,'e1f944051d4b42398c2a207859859457','2020-02-11 19:44:46','2020-02-11 19:44:46','Mobile','Equipe do Mobile',12),(12,'9f4f42c8fe7c4d9497ce5e7d7912df1b','2020-02-11 19:44:46','2020-02-11 19:44:46','SEDU - Reclamações','Projeto voltado para resolver o problema do controle de reclamações da SEDU dos setores de transporte e alimentação',13),(13,'7eb4c7b2ea3a4f108865c93c6284f9ff','2020-02-11 19:44:46','2020-02-11 19:44:46','Data Science','Equipe do Data Science',14),(14,'50388193a3e1453d808733835aa2563c','2020-02-11 19:44:46','2020-02-11 19:44:46','Gateway','Gateway de Serviços',15),(15,'16b8de7dfd9c44fdb8f18546a943a657','2020-02-11 19:44:46','2020-02-11 19:44:46','Site ESPM','',16);
/*!40000 ALTER TABLE `scrum_process` ENABLE KEYS */;
UNLOCK TABLES;

--
-- Table structure for table `scrum_project`
--

DROP TABLE IF EXISTS `scrum_project`;
/*!40101 SET @saved_cs_client     = @@character_set_client */;
/*!50503 SET character_set_client = utf8mb4 */;
CREATE TABLE `scrum_project` (
  `id` int(11) NOT NULL AUTO_INCREMENT,
  `uuid` char(32) COLLATE utf8mb4_general_ci NOT NULL,
  `date_created` datetime DEFAULT NULL,
  `date_modified` datetime DEFAULT NULL,
  `name` varchar(200) COLLATE utf8mb4_general_ci DEFAULT NULL,
  `description` text COLLATE utf8mb4_general_ci,
  `root` tinyint(1) DEFAULT NULL,
  `organization_id` int(11) DEFAULT NULL,
  `type` varchar(50) COLLATE utf8mb4_general_ci DEFAULT NULL,
  `start_date` datetime DEFAULT NULL,
  `end_date` datetime DEFAULT NULL,
  `scope` text COLLATE utf8mb4_general_ci,
  PRIMARY KEY (`id`),
  UNIQUE KEY `uuid` (`uuid`),
  KEY `organization_id` (`organization_id`),
  CONSTRAINT `scrum_project_ibfk_1` FOREIGN KEY (`organization_id`) REFERENCES `organization` (`id`),
  CONSTRAINT `scrum_project_chk_1` CHECK ((`root` in (0,1)))
) ENGINE=InnoDB AUTO_INCREMENT=17 DEFAULT CHARSET=utf8mb4 COLLATE=utf8mb4_general_ci;
/*!40101 SET character_set_client = @saved_cs_client */;

--
-- Dumping data for table `scrum_project`
--

LOCK TABLES `scrum_project` WRITE;
/*!40000 ALTER TABLE `scrum_project` DISABLE KEYS */;
INSERT INTO `scrum_project` VALUES (1,'b433ed53afd24778937871ec3b2f5fbb','2020-02-11 19:44:42','2020-02-11 19:44:42','prodest-espm','Projeto ES na Palma da Mão',1,1,'scrum_complex_project',NULL,NULL,NULL),(2,'cd1826b3b36b4acc96a828a744475f2f','2020-02-11 19:44:43','2020-02-11 19:44:43','Detran','',1,1,'scrum_atomic_project',NULL,NULL,NULL),(3,'5d46ca0eafdb45c8b444b6c4e582ffb8','2020-02-11 19:44:43','2020-02-11 19:44:43','Empregabilidade','',1,1,'scrum_atomic_project',NULL,NULL,NULL),(4,'f36cf169618a41d0abe9854f5345956a','2020-02-11 19:44:43','2020-02-11 19:44:43','prodest-espm Team','The default project team.',1,1,'scrum_atomic_project',NULL,NULL,NULL),(5,'944b74b98ca1427caf6fbb583c8c79ba','2020-02-11 19:44:43','2020-02-11 19:44:43','disque_denuncia','Equipe do Doacao de Sangue',1,1,'scrum_atomic_project',NULL,NULL,NULL),(6,'b0bf2d53488d492bbc3edcfa0656639e','2020-02-11 19:44:44','2020-02-11 19:44:44','chabot','Equipe do Chatbot',1,1,'scrum_atomic_project',NULL,NULL,NULL),(7,'b8b46dec551b4e84b4d58a8d48861524','2020-02-11 19:44:44','2020-02-11 19:44:44','Google Transit','Equipe do Mobilidade Urbana',1,1,'scrum_atomic_project',NULL,NULL,NULL),(8,'5e0425dbc0fa4214ad23ed71b6281451','2020-02-11 19:44:44','2020-02-11 19:44:44','contra-cheque','',1,1,'scrum_atomic_project',NULL,NULL,NULL),(9,'ea34cb9733a84f0cb08af34f41f5ad34','2020-02-11 19:44:44','2020-02-11 19:44:44','PC - BIKE','Projeto voltado a controle de Bikes',1,1,'scrum_atomic_project',NULL,NULL,NULL),(10,'3b13a069b45d4787a503caea563d50d5','2020-02-11 19:44:45','2020-02-11 19:44:45','Edocs','Equipe do Edocs',1,1,'scrum_atomic_project',NULL,NULL,NULL),(11,'fdcd486b9b5046bb8fd86197b52362f8','2020-02-11 19:44:45','2020-02-11 19:44:45','Gestao','Equipe da Gestao',1,1,'scrum_atomic_project',NULL,NULL,NULL),(12,'34b2ceb3308947e29b265aa144e4559a','2020-02-11 19:44:45','2020-02-11 19:44:45','Mobile','Equipe do Mobile',1,1,'scrum_atomic_project',NULL,NULL,NULL),(13,'6a496a3834bc40cea50e84a72bfc1c7c','2020-02-11 19:44:46','2020-02-11 19:44:46','SEDU - Reclamações','Projeto voltado para resolver o problema do controle de reclamações da SEDU dos setores de transporte e alimentação',1,1,'scrum_atomic_project',NULL,NULL,NULL),(14,'01a740cf638f4a4ab60736ae7efe0d86','2020-02-11 19:44:46','2020-02-11 19:44:46','Data Science','Equipe do Data Science',1,1,'scrum_atomic_project',NULL,NULL,NULL),(15,'3bc02c4cd28e422a995342e4d9ff24f0','2020-02-11 19:44:46','2020-02-11 19:44:46','Gateway','Gateway de Serviços',1,1,'scrum_atomic_project',NULL,NULL,NULL),(16,'8f682616968a4664a6f5abc76f766b9b','2020-02-11 19:44:46','2020-02-11 19:44:46','Site ESPM','',1,1,'scrum_atomic_project',NULL,NULL,NULL);
/*!40000 ALTER TABLE `scrum_project` ENABLE KEYS */;
UNLOCK TABLES;

--
-- Table structure for table `scrum_team`
--

DROP TABLE IF EXISTS `scrum_team`;
/*!40101 SET @saved_cs_client     = @@character_set_client */;
/*!50503 SET character_set_client = utf8mb4 */;
CREATE TABLE `scrum_team` (
  `id` int(11) NOT NULL,
  `scrum_project` int(11) DEFAULT NULL,
  PRIMARY KEY (`id`),
  KEY `scrum_project` (`scrum_project`),
  CONSTRAINT `scrum_team_ibfk_1` FOREIGN KEY (`id`) REFERENCES `team` (`id`),
  CONSTRAINT `scrum_team_ibfk_2` FOREIGN KEY (`scrum_project`) REFERENCES `scrum_project` (`id`)
) ENGINE=InnoDB DEFAULT CHARSET=utf8mb4 COLLATE=utf8mb4_general_ci;
/*!40101 SET character_set_client = @saved_cs_client */;

--
-- Dumping data for table `scrum_team`
--

LOCK TABLES `scrum_team` WRITE;
/*!40000 ALTER TABLE `scrum_team` DISABLE KEYS */;
INSERT INTO `scrum_team` VALUES (1,2),(3,3),(5,4),(7,5),(9,6),(11,7),(13,8),(15,9),(17,10),(19,11),(21,12),(23,13),(25,14),(27,15),(29,16);
/*!40000 ALTER TABLE `scrum_team` ENABLE KEYS */;
UNLOCK TABLES;

--
-- Table structure for table `sprint`
--

DROP TABLE IF EXISTS `sprint`;
/*!40101 SET @saved_cs_client     = @@character_set_client */;
/*!50503 SET character_set_client = utf8mb4 */;
CREATE TABLE `sprint` (
  `id` int(11) NOT NULL AUTO_INCREMENT,
  `uuid` char(32) COLLATE utf8mb4_general_ci NOT NULL,
  `date_created` datetime DEFAULT NULL,
  `date_modified` datetime DEFAULT NULL,
  `name` varchar(200) COLLATE utf8mb4_general_ci DEFAULT NULL,
  `description` text COLLATE utf8mb4_general_ci,
  `startDate` datetime DEFAULT NULL,
  `endDate` datetime DEFAULT NULL,
  `scrum_process_id` int(11) DEFAULT NULL,
  PRIMARY KEY (`id`),
  UNIQUE KEY `uuid` (`uuid`),
  KEY `scrum_process_id` (`scrum_process_id`),
  CONSTRAINT `sprint_ibfk_1` FOREIGN KEY (`scrum_process_id`) REFERENCES `scrum_process` (`id`)
) ENGINE=InnoDB AUTO_INCREMENT=250 DEFAULT CHARSET=utf8mb4 COLLATE=utf8mb4_general_ci;
/*!40101 SET character_set_client = @saved_cs_client */;

--
-- Dumping data for table `sprint`
--

LOCK TABLES `sprint` WRITE;
/*!40000 ALTER TABLE `sprint` DISABLE KEYS */;
INSERT INTO `sprint` VALUES (1,'be02b284e37043728312228c1b7aeea9','2020-02-11 19:44:54','2020-02-11 19:44:54','Limbo','Limbo',NULL,NULL,1),(2,'70fd9ad64722406f96b72a9189ee650d','2020-02-11 19:44:54','2020-02-11 19:44:54','Sprint 14','Sprint 14','2018-10-15 00:00:00','2018-10-26 00:00:00',1),(3,'b397eca4482b444f88528279988d2e86','2020-02-11 19:44:54','2020-02-11 19:44:54','Sprint 15','Sprint 15','2018-10-29 00:00:00','2018-11-09 00:00:00',1),(4,'bd6ccbc14e1d4bb5907c91da9fa230f7','2020-02-11 19:44:54','2020-02-11 19:44:54','Sprint 16','Sprint 16','2018-11-12 00:00:00','2018-11-23 00:00:00',1),(5,'8b00707bcbe0438e9e77ed645d41a9aa','2020-02-11 19:44:54','2020-02-11 19:44:54','Sprint 17','Sprint 17','2018-11-26 00:00:00','2018-12-07 00:00:00',1),(6,'4070680f77d44da293b252ab3003967f','2020-02-11 19:44:54','2020-02-11 19:44:54','Sprint 18','Sprint 18','2018-12-10 00:00:00','2018-12-21 00:00:00',1),(7,'add2672a20b64884b65f92cd0988bbf0','2020-02-11 19:44:54','2020-02-11 19:44:54','Sprint 19','Sprint 19','2019-01-07 00:00:00','2019-01-11 00:00:00',1),(8,'3925b6cf2e2c4b3486d090d2eca73532','2020-02-11 19:44:54','2020-02-11 19:44:54','Sprint 20','Sprint 20','2019-01-14 00:00:00','2019-01-25 00:00:00',1),(9,'ade8acc4dd664cf88c7f2e4c5e846a33','2020-02-11 19:44:54','2020-02-11 19:44:54','Sprint 21','Sprint 21','2019-01-28 00:00:00','2019-02-08 00:00:00',1),(10,'1fca7aa94e7a4766b17c6ecdc015c452','2020-02-11 19:44:54','2020-02-11 19:44:54','Sprint 22','Sprint 22','2019-02-11 00:00:00','2019-02-22 00:00:00',1),(11,'710cf7465cd347c1823c172b00bd1931','2020-02-11 19:44:55','2020-02-11 19:44:55','Sprint 23','Sprint 23','2019-02-25 00:00:00','2019-03-08 00:00:00',1),(12,'9c744dc2a4724a7a9ab21fc9d2ac98fc','2020-02-11 19:44:55','2020-02-11 19:44:55','Sprint 24','Sprint 24','2019-03-11 00:00:00','2019-03-22 00:00:00',1),(13,'cc0682b71158437998643fbe80537655','2020-02-11 19:44:55','2020-02-11 19:44:55','Sprint 25','Sprint 25','2019-03-25 00:00:00','2019-04-05 00:00:00',1),(14,'729c54c79ccc422d9a472274f2aeb9f7','2020-02-11 19:44:55','2020-02-11 19:44:55','Sprint 26','Sprint 26','2019-04-08 00:00:00','2019-04-19 00:00:00',1),(15,'df33f63b9c2e4b87a4632655e16feda9','2020-02-11 19:44:55','2020-02-11 19:44:55','Sprint 27','Sprint 27','2019-04-22 00:00:00','2019-05-03 00:00:00',1),(16,'bb5d61ac94f54745880bea54396f1424','2020-02-11 19:44:55','2020-02-11 19:44:55','Sprint 28','Sprint 28','2019-05-06 00:00:00','2019-05-17 00:00:00',1),(17,'081835867ac94fd5b372edb4edbcb55c','2020-02-11 19:44:55','2020-02-11 19:44:55','Sprint 29','Sprint 29','2019-05-20 00:00:00','2019-05-31 00:00:00',1),(18,'5b54860d71fd41f1806a1f84ac9bd48d','2020-02-11 19:44:55','2020-02-11 19:44:55','Sprint 30','Sprint 30','2019-06-03 00:00:00','2019-06-14 00:00:00',1),(19,'c24830d13a9d44aeb11651f1e6e5b7ff','2020-02-11 19:44:55','2020-02-11 19:44:55','Sprint 31','Sprint 31','2019-06-17 00:00:00','2019-06-28 00:00:00',1),(20,'420236b09b9341668d8af08d8d103f28','2020-02-11 19:44:55','2020-02-11 19:44:55','Sprint 32','Sprint 32','2019-07-01 00:00:00','2019-07-12 00:00:00',1),(21,'9e2d4ea2bc5d43e49bd6bfef44810928','2020-02-11 19:44:55','2020-02-11 19:44:55','Sprint 33','Sprint 33','2019-07-15 00:00:00','2019-07-26 00:00:00',1),(22,'ee682d65b92b4800ac4d1007ff88a473','2020-02-11 19:44:55','2020-02-11 19:44:55','Sprint 34','Sprint 34','2019-07-29 00:00:00','2019-08-09 00:00:00',1),(23,'6b8388341e7f49098f45118080903b31','2020-02-11 19:44:55','2020-02-11 19:44:55','Sprint 35','Sprint 35','2019-08-12 00:00:00','2019-08-23 00:00:00',1),(24,'cf74258f488a417f89ad4eeea6ba5b48','2020-02-11 19:44:56','2020-02-11 19:44:56','Sprint 36','Sprint 36','2019-08-26 00:00:00','2019-09-06 00:00:00',1),(25,'8987518c25bd43b6ad834d64e2c9862b','2020-02-11 19:44:56','2020-02-11 19:44:56','Sprint 37','Sprint 37','2019-09-09 00:00:00','2019-09-20 00:00:00',1),(26,'b6d8af1f36324e619e249d7401f8e550','2020-02-11 19:44:56','2020-02-11 19:44:56','Sprint 38','Sprint 38','2019-09-23 00:00:00','2019-10-04 00:00:00',1),(27,'aa0272324bac4bf187c7165d9040e8b7','2020-02-11 19:44:56','2020-02-11 19:44:56','Sprint 39','Sprint 39','2019-10-07 00:00:00','2019-10-18 00:00:00',1),(28,'ecfcf980ad7d4e01978cd81724503385','2020-02-11 19:44:56','2020-02-11 19:44:56','Sprint 40','Sprint 40','2019-10-21 00:00:00','2019-11-01 00:00:00',1),(29,'7060779625de42cf9ca9062adef6d3bf','2020-02-11 19:44:56','2020-02-11 19:44:56','Sprint 41','Sprint 41','2019-11-04 00:00:00','2019-11-15 00:00:00',1),(30,'251dbc2581884b8fa569f52f89b7400b','2020-02-11 19:44:56','2020-02-11 19:44:56','Sprint 42','Sprint 42','2019-11-18 00:00:00','2019-11-29 00:00:00',1),(31,'d41666707dc54859b7ded5ca35787d3b','2020-02-11 19:44:56','2020-02-11 19:44:56','Sprint 43','Sprint 43','2019-12-02 00:00:00','2019-12-13 00:00:00',1),(32,'28d2aba1c6f74e748085fd11def77dae','2020-02-11 19:44:56','2020-02-11 19:44:56','Limbo','Limbo',NULL,NULL,2),(33,'cffa977c971843fbaa0a59ad48695b13','2020-02-11 19:44:56','2020-02-11 19:44:56','Sprint 14','Sprint 14','2018-10-15 00:00:00','2018-10-26 00:00:00',2),(34,'9093598b79e04d57acc2b1bbcad8595a','2020-02-11 19:44:56','2020-02-11 19:44:56','Sprint 15','Sprint 15','2018-10-29 00:00:00','2018-11-09 00:00:00',2),(35,'baef15406aef45eca3eafdd241f7b61f','2020-02-11 19:44:56','2020-02-11 19:44:56','Sprint 16','Sprint 16','2018-11-12 00:00:00','2018-11-23 00:00:00',2),(36,'6040bd9056bc472fb6350e48b11aa03e','2020-02-11 19:44:56','2020-02-11 19:44:56','Sprint 17','Sprint 17','2018-11-26 00:00:00','2018-12-07 00:00:00',2),(37,'8b2c305e478c46b38ef3b776803dfbd4','2020-02-11 19:44:57','2020-02-11 19:44:57','Sprint 18','Sprint 18','2018-12-10 00:00:00','2018-12-21 00:00:00',2),(38,'55fa8de75e92434fb87b2a6c0f4246bb','2020-02-11 19:44:57','2020-02-11 19:44:57','Sprint 19','Sprint 19','2019-01-07 00:00:00','2019-01-11 00:00:00',2),(39,'d368528d42bf44bdb523202213a268c8','2020-02-11 19:44:57','2020-02-11 19:44:57','Sprint 20','Sprint 20','2019-01-14 00:00:00','2019-01-25 00:00:00',2),(40,'5b4e436cbdd448de8eaf8bcc4b131a29','2020-02-11 19:44:57','2020-02-11 19:44:57','Sprint 21','Sprint 21','2019-01-28 00:00:00','2019-02-08 00:00:00',2),(41,'d18e228d30dc49189d5f8aafed18dd87','2020-02-11 19:44:57','2020-02-11 19:44:57','Sprint 22','Sprint 22','2019-02-11 00:00:00','2019-02-22 00:00:00',2),(42,'9c5c99bf950f4bc795f66430120ac6cb','2020-02-11 19:44:57','2020-02-11 19:44:57','Sprint 23','Sprint 23','2019-02-25 00:00:00','2019-03-08 00:00:00',2),(43,'aea00885a7c948e7a03940111e1eccd7','2020-02-11 19:44:57','2020-02-11 19:44:57','Sprint 24','Sprint 24','2019-03-11 00:00:00','2019-03-22 00:00:00',2),(44,'5be6bcbdd98348a7a5835e52c029df47','2020-02-11 19:44:57','2020-02-11 19:44:57','Sprint 25','Sprint 25','2019-03-25 00:00:00','2019-04-05 00:00:00',2),(45,'523c90ab6202412ea67cbdab305e693f','2020-02-11 19:44:57','2020-02-11 19:44:57','Sprint 26','Sprint 26','2019-04-08 00:00:00','2019-04-19 00:00:00',2),(46,'6ddadfb8f38f4f09838d8c275b5430e3','2020-02-11 19:44:57','2020-02-11 19:44:57','Sprint 27','Sprint 27','2019-04-22 00:00:00','2019-05-03 00:00:00',2),(47,'eedab2501d7b4d399d73d10559e94a7a','2020-02-11 19:44:57','2020-02-11 19:44:57','Sprint 28','Sprint 28','2019-05-06 00:00:00','2019-05-17 00:00:00',2),(48,'1602a173d01c4eb7b46b59d43e225f84','2020-02-11 19:44:57','2020-02-11 19:44:57','Sprint 29','Sprint 29','2019-05-20 00:00:00','2019-05-31 00:00:00',2),(49,'d62b1aded3ba401a9716ac2f7d354b55','2020-02-11 19:44:57','2020-02-11 19:44:57','Sprint 30','Sprint 30','2019-06-03 00:00:00','2019-06-14 00:00:00',2),(50,'1cff9ffdd60049c0b70468127e9bebf2','2020-02-11 19:44:57','2020-02-11 19:44:57','Sprint 31','Sprint 31','2019-06-17 00:00:00','2019-06-28 00:00:00',2),(51,'25b0eb6c4e5e4b42bd41d0858f0ba9f4','2020-02-11 19:44:57','2020-02-11 19:44:57','Sprint 32','Sprint 32','2019-07-01 00:00:00','2019-07-12 00:00:00',2),(52,'e882a5560e2e4f57bb4fd505bc7a042a','2020-02-11 19:44:57','2020-02-11 19:44:57','Sprint 33','Sprint 33','2019-07-15 00:00:00','2019-07-26 00:00:00',2),(53,'756f6f012ace498f8cdfca4fad82bd66','2020-02-11 19:44:58','2020-02-11 19:44:58','Sprint 34','Sprint 34','2019-07-29 00:00:00','2019-08-09 00:00:00',2),(54,'9009adbaf32d482e9fe95b6dbe4f4d0b','2020-02-11 19:44:58','2020-02-11 19:44:58','Sprint 35','Sprint 35','2019-08-12 00:00:00','2019-08-23 00:00:00',2),(55,'1677374b6acf463ebca494918ddf2629','2020-02-11 19:44:58','2020-02-11 19:44:58','Sprint 36','Sprint 36','2019-08-26 00:00:00','2019-09-06 00:00:00',2),(56,'ad322de1bb0146cc9aa6056a315b2057','2020-02-11 19:44:58','2020-02-11 19:44:58','Sprint 37','Sprint 37','2019-09-09 00:00:00','2019-09-20 00:00:00',2),(57,'3af219e2a3494084b08611ee930f4d58','2020-02-11 19:44:58','2020-02-11 19:44:58','Sprint 38','Sprint 38','2019-09-23 00:00:00','2019-10-04 00:00:00',2),(58,'0e89697936284a53ad8b4e07f0cbee14','2020-02-11 19:44:58','2020-02-11 19:44:58','Sprint 39','Sprint 39','2019-10-07 00:00:00','2019-10-18 00:00:00',2),(59,'ede7d65b964945b7b522dcc76d9ee135','2020-02-11 19:44:58','2020-02-11 19:44:58','Sprint 40','Sprint 40','2019-10-21 00:00:00','2019-11-01 00:00:00',2),(60,'2e263f801db94ce598a7cb6fa92b7fef','2020-02-11 19:44:58','2020-02-11 19:44:58','Sprint 41','Sprint 41','2019-11-04 00:00:00','2019-11-15 00:00:00',2),(61,'5321d271a9944f1c855b830dd787e82a','2020-02-11 19:44:58','2020-02-11 19:44:58','Sprint 42','Sprint 42','2019-11-18 00:00:00','2019-11-29 00:00:00',2),(62,'9202a9605f4049e98d6417f9a025cefa','2020-02-11 19:44:58','2020-02-11 19:44:58','Sprint 43','Sprint 43','2019-12-02 00:00:00','2019-12-13 00:00:00',2),(63,'fbe0e501c81a46e194201b91ed78d8f0','2020-02-11 19:44:58','2020-02-11 19:44:58','Sprint 44','Sprint 44','2019-12-16 00:00:00','2019-12-27 00:00:00',2),(64,'c99de8f2595f429d9409332c8d8b216c','2020-02-11 19:44:58','2020-02-11 19:44:58','Limbo','Limbo',NULL,NULL,3),(65,'b4e0a220808b457cbd8f95d42fb44bbf','2020-02-11 19:44:58','2020-02-11 19:44:58','Sprint 14','Sprint 14','2018-10-15 00:00:00','2018-10-26 00:00:00',3),(66,'aa1f2e68dcbb4bd28ad1b0852ce63d77','2020-02-11 19:44:58','2020-02-11 19:44:58','Sprint 15','Sprint 15','2018-10-29 00:00:00','2018-11-09 00:00:00',3),(67,'a19ff1e62e1b4ef2ab9acf5741a90c3b','2020-02-11 19:44:58','2020-02-11 19:44:58','Sprint 16','Sprint 16','2018-11-12 00:00:00','2018-11-23 00:00:00',3),(68,'eb91429ffd424918af160212a78f015b','2020-02-11 19:44:58','2020-02-11 19:44:58','Sprint 17','Sprint 17','2018-11-26 00:00:00','2018-12-07 00:00:00',3),(69,'ee62a81ca50a4b60afa3058d8727ec8c','2020-02-11 19:44:59','2020-02-11 19:44:59','Sprint 18','Sprint 18','2018-12-10 00:00:00','2018-12-21 00:00:00',3),(70,'f86fb0d4915145f3955871d7ea042e4c','2020-02-11 19:44:59','2020-02-11 19:44:59','Limbo','Limbo',NULL,NULL,4),(71,'dc1707f19c0546ceb603f16e91065132','2020-02-11 19:44:59','2020-02-11 19:44:59','Sprint 29','Sprint 29','2019-05-20 00:00:00','2019-05-31 00:00:00',4),(72,'137c03b0d8bf414cb969d55e073956f6','2020-02-11 19:44:59','2020-02-11 19:44:59','Sprint 30','Sprint 30','2019-06-03 00:00:00','2019-06-14 00:00:00',4),(73,'9f4f6076a2ef41dda45f53d3fd00df9e','2020-02-11 19:44:59','2020-02-11 19:44:59','Sprint 31','Sprint 31','2019-06-17 00:00:00','2019-06-28 00:00:00',4),(74,'27b4c98848414a5ca0b0465e3c169d66','2020-02-11 19:44:59','2020-02-11 19:44:59','Sprint 32','Sprint 32','2019-07-01 00:00:00','2019-07-12 00:00:00',4),(75,'0a2804c17d2e4ab2ad59a0ed4a3c22a7','2020-02-11 19:44:59','2020-02-11 19:44:59','Sprint 33','Sprint 33','2019-07-15 00:00:00','2019-07-26 00:00:00',4),(76,'c57f51df5ddd48c7b826116bd776049a','2020-02-11 19:44:59','2020-02-11 19:44:59','Sprint 34','Sprint 34','2019-07-29 00:00:00','2019-08-09 00:00:00',4),(77,'da020a5903d548a9972feee2607f0298','2020-02-11 19:44:59','2020-02-11 19:44:59','Sprint 35','Sprint 35','2019-08-12 00:00:00','2019-08-23 00:00:00',4),(78,'cbeb5638ba5b460d915bbcccd31cfcbf','2020-02-11 19:44:59','2020-02-11 19:44:59','Limbo','Limbo',NULL,NULL,5),(79,'9423ae41f0b64200b7add96c06b569bb','2020-02-11 19:44:59','2020-02-11 19:44:59','Sprint 28','Sprint 28','2019-05-06 00:00:00','2019-05-17 00:00:00',5),(80,'c4a4553c1c5c462dbcf502a5e7fff28f','2020-02-11 19:44:59','2020-02-11 19:44:59','Sprint 29','Sprint 29','2019-05-20 00:00:00','2019-05-31 00:00:00',5),(81,'a8332240d89f4247beb7312d51a798b2','2020-02-11 19:45:00','2020-02-11 19:45:00','Sprint 30','Sprint 30','2019-06-03 00:00:00','2019-06-14 00:00:00',5),(82,'f7d1d1fecb5346d49e9ec8e7dd16d53c','2020-02-11 19:45:00','2020-02-11 19:45:00','Sprint 31','Sprint 31','2019-06-17 00:00:00','2019-06-28 00:00:00',5),(83,'40a4d9ec652d406e9d2205492e053b76','2020-02-11 19:45:00','2020-02-11 19:45:00','Sprint 32','Sprint 32','2019-07-01 00:00:00','2019-07-12 00:00:00',5),(84,'b15046bca6d64a9c831b48d0d2a6ad73','2020-02-11 19:45:00','2020-02-11 19:45:00','Sprint 33','Sprint 33','2019-07-15 00:00:00','2019-07-26 00:00:00',5),(85,'b3b49d8c838944a2a8d9d0319a299f1c','2020-02-11 19:45:00','2020-02-11 19:45:00','Sprint 34','Sprint 34','2019-07-29 00:00:00','2019-08-09 00:00:00',5),(86,'cb8c316adc2b4a8b9c5af47d4c6fc5df','2020-02-11 19:45:00','2020-02-11 19:45:00','Sprint 35','Sprint 35','2019-08-12 00:00:00','2019-08-23 00:00:00',5),(87,'9edc9f2faf914bda964ef48f052ab4c6','2020-02-11 19:45:00','2020-02-11 19:45:00','Sprint 36','Sprint 36','2019-08-26 00:00:00','2019-09-06 00:00:00',5),(88,'2e9f5ee71d604834a15587dc6bf329ac','2020-02-11 19:45:00','2020-02-11 19:45:00','Sprint 37','Sprint 37','2019-09-09 00:00:00','2019-09-20 00:00:00',5),(89,'f802c0d574544b08a90e563cd86e95ba','2020-02-11 19:45:00','2020-02-11 19:45:00','Sprint 38','Sprint 38','2019-09-23 00:00:00','2019-10-04 00:00:00',5),(90,'b4925bbd10774450b60e1ed9d32ffc69','2020-02-11 19:45:00','2020-02-11 19:45:00','Sprint 39','Sprint 39','2019-10-07 00:00:00','2019-10-18 00:00:00',5),(91,'db75b226d5d049358be3cfdad0cf2b28','2020-02-11 19:45:00','2020-02-11 19:45:00','Sprint 40','Sprint 40','2019-10-21 00:00:00','2019-11-01 00:00:00',5),(92,'f71b4ad1e2d94f27bf2b92df6ff326d3','2020-02-11 19:45:00','2020-02-11 19:45:00','Sprint 41','Sprint 41','2019-11-04 00:00:00','2019-11-15 00:00:00',5),(93,'7141e87fd2bd4a25baa57d2fb57523ca','2020-02-11 19:45:00','2020-02-11 19:45:00','Sprint 42','Sprint 42','2019-11-18 00:00:00','2019-11-29 00:00:00',5),(94,'8a4e0257ee434906bf0bbf536bc6118e','2020-02-11 19:45:00','2020-02-11 19:45:00','Limbo','Limbo',NULL,NULL,6),(95,'68da97f5f9f64d3fb87ac543ada771cd','2020-02-11 19:45:00','2020-02-11 19:45:00','Sprint 14','Sprint 14','2018-10-15 00:00:00','2018-10-26 00:00:00',6),(96,'8562e15fdcb24b05ae8304cbb763a8cd','2020-02-11 19:45:01','2020-02-11 19:45:01','Sprint 15','Sprint 15','2018-10-29 00:00:00','2018-11-09 00:00:00',6),(97,'0b56f83e4a984b94ae7a7732eb611593','2020-02-11 19:45:01','2020-02-11 19:45:01','Sprint 16','Sprint 16','2018-11-12 00:00:00','2018-11-23 00:00:00',6),(98,'345ea8e1d5b446e09545cbb6f299a694','2020-02-11 19:45:01','2020-02-11 19:45:01','Sprint 17','Sprint 17','2018-11-26 00:00:00','2018-12-07 00:00:00',6),(99,'2e31eacc556744f9bf4e4bea141d97cd','2020-02-11 19:45:01','2020-02-11 19:45:01','Sprint 18','Sprint 18','2018-12-10 00:00:00','2018-12-21 00:00:00',6),(100,'9e888d1c7070492f98795d492d7c9c37','2020-02-11 19:45:01','2020-02-11 19:45:01','Sprint 19','Sprint 19','2019-01-07 00:00:00','2019-01-11 00:00:00',6),(101,'9c083b894fdc4611a076e56845f4b061','2020-02-11 19:45:01','2020-02-11 19:45:01','Sprint 20','Sprint 20','2019-01-14 00:00:00','2019-01-25 00:00:00',6),(102,'35382041a23a4f679a27f721679abc9c','2020-02-11 19:45:01','2020-02-11 19:45:01','Sprint 21','Sprint 21','2019-01-28 00:00:00','2019-02-08 00:00:00',6),(103,'9bc8a3d9f3ef48ce9204248ded869c69','2020-02-11 19:45:01','2020-02-11 19:45:01','Sprint 22','Sprint 22','2019-02-11 00:00:00','2019-02-22 00:00:00',6),(104,'a02022c3a62a40519039d7373bbe0b91','2020-02-11 19:45:01','2020-02-11 19:45:01','Sprint 23','Sprint 23','2019-02-25 00:00:00','2019-03-08 00:00:00',6),(105,'19bb74a386e744e9befe4eddeef60ae4','2020-02-11 19:45:01','2020-02-11 19:45:01','Sprint 24','Sprint 24','2019-03-11 00:00:00','2019-03-22 00:00:00',6),(106,'0a714c8f0b4549ccb7cbbd9cdaf642b3','2020-02-11 19:45:01','2020-02-11 19:45:01','Sprint 25','Sprint 25','2019-03-25 00:00:00','2019-04-05 00:00:00',6),(107,'bfdc7ffa6bd240f4a18d54b0c813e3da','2020-02-11 19:45:01','2020-02-11 19:45:01','Sprint 26','Sprint 26','2019-04-08 00:00:00','2019-04-19 00:00:00',6),(108,'75cdd3ea3d82455cb52444b5500f55c5','2020-02-11 19:45:01','2020-02-11 19:45:01','Sprint 27','Sprint 27','2019-04-22 00:00:00','2019-05-03 00:00:00',6),(109,'09f60627896d440ea86ae098991c67fa','2020-02-11 19:45:02','2020-02-11 19:45:02','Sprint 28','Sprint 28','2019-05-06 00:00:00','2019-05-17 00:00:00',6),(110,'06ef18af351e4620b81ed55d987c7123','2020-02-11 19:45:02','2020-02-11 19:45:02','Sprint 29','Sprint 29','2019-05-20 00:00:00','2019-05-31 00:00:00',6),(111,'9aaa33bd816d40219ded669195fad677','2020-02-11 19:45:02','2020-02-11 19:45:02','Sprint 30','Sprint 30','2019-06-03 00:00:00','2019-06-14 00:00:00',6),(112,'cbef1bb436c740d48fe7ad96def83214','2020-02-11 19:45:02','2020-02-11 19:45:02','Sprint 31','Sprint 31','2019-06-17 00:00:00','2019-06-28 00:00:00',6),(113,'aca71b433d14433faebdecf5f6e40047','2020-02-11 19:45:02','2020-02-11 19:45:02','Sprint 32','Sprint 32','2019-07-01 00:00:00','2019-07-12 00:00:00',6),(114,'7889f9bd5f2544bea2b17839e46d984f','2020-02-11 19:45:02','2020-02-11 19:45:02','Sprint 33','Sprint 33','2019-07-15 00:00:00','2019-07-26 00:00:00',6),(115,'d70a6fbd092543d8b028888c090ff2a2','2020-02-11 19:45:02','2020-02-11 19:45:02','Sprint 34','Sprint 34','2019-07-29 00:00:00','2019-08-09 00:00:00',6),(116,'9868e9feee244cafb8b6e6f68f59c218','2020-02-11 19:45:02','2020-02-11 19:45:02','Sprint 35','Sprint 35','2019-08-12 00:00:00','2019-08-23 00:00:00',6),(117,'144414df766a4d6ca6e11ca5e87d5bea','2020-02-11 19:45:02','2020-02-11 19:45:02','Sprint 37','Sprint 37','2019-09-09 00:00:00','2019-09-20 00:00:00',6),(118,'1b21157012b3451bbd672debd8dab5c9','2020-02-11 19:45:02','2020-02-11 19:45:02','Sprint 38','Sprint 38','2019-09-23 00:00:00','2019-10-04 00:00:00',6),(119,'2f2dbbbe4a75475dab652946e6614862','2020-02-11 19:45:02','2020-02-11 19:45:02','Sprint 39','Sprint 39','2019-10-07 00:00:00','2019-10-18 00:00:00',6),(120,'636139de0cd64ce6bdb01cbe1e809b50','2020-02-11 19:45:02','2020-02-11 19:45:02','Sprint 40','Sprint 40','2019-10-21 00:00:00','2019-11-01 00:00:00',6),(121,'d5c3f21e887c491f98b299c02482fa11','2020-02-11 19:45:02','2020-02-11 19:45:02','Sprint 41','Sprint 41','2019-11-04 00:00:00','2019-11-15 00:00:00',6),(122,'072c3e2be3034b6392078e52422dafc6','2020-02-11 19:45:02','2020-02-11 19:45:02','Sprint 42','Sprint 42','2019-11-18 00:00:00','2019-11-29 00:00:00',6),(123,'344ddd7fa0c24653a14f4a863da1309d','2020-02-11 19:45:02','2020-02-11 19:45:02','Sprint 43','Sprint 43','2019-12-02 00:00:00','2019-12-13 00:00:00',6),(124,'b838f8b404634db19d7ad26da06d2115','2020-02-11 19:45:03','2020-02-11 19:45:03','Sprint 44','Sprint 44','2019-12-16 00:00:00','2019-12-27 00:00:00',6),(125,'c6d71813900d4855995202ec6fdaa867','2020-02-11 19:45:03','2020-02-11 19:45:03','Limbo','Limbo',NULL,NULL,7),(126,'cccc449796854ae883eb7d82120364a0','2020-02-11 19:45:03','2020-02-11 19:45:03','Sprint 39','Sprint 39','2019-10-07 00:00:00','2019-10-18 00:00:00',7),(127,'6f67b54fe4aa40f7a9b484816c385e41','2020-02-11 19:45:03','2020-02-11 19:45:03','Sprint 40','Sprint 40','2019-10-21 00:00:00','2019-11-01 00:00:00',7),(128,'27691a8dd3704ce686cc018d29a2402c','2020-02-11 19:45:03','2020-02-11 19:45:03','Sprint 41','Sprint 41','2019-11-04 00:00:00','2019-11-15 00:00:00',7),(129,'9bd6bfa1d92c4facad46c8589fb8c7a0','2020-02-11 19:45:03','2020-02-11 19:45:03','Sprint 42','Sprint 42','2019-11-18 00:00:00','2019-11-29 00:00:00',7),(130,'f4d2d986425e4b88ac014cb16e2ad8ed','2020-02-11 19:45:03','2020-02-11 19:45:03','Sprint 43','Sprint 43','2019-12-02 00:00:00','2019-12-13 00:00:00',7),(131,'c03b4c0524c4474c8cbb60cacca51a4a','2020-02-11 19:45:03','2020-02-11 19:45:03','Sprint 44','Sprint 44','2019-12-16 00:00:00','2019-12-27 00:00:00',7),(132,'14e910646f4847d693626e20acb79c0b','2020-02-11 19:45:03','2020-02-11 19:45:03','Limbo','Limbo',NULL,NULL,8),(133,'ee7ef9aa4e514517ba5ef164e97aa46b','2020-02-11 19:45:03','2020-02-11 19:45:03','Limbo','Limbo',NULL,NULL,9),(134,'2f4773d43086434b885f532c1e36269b','2020-02-11 19:45:03','2020-02-11 19:45:03','Sprint 29','Sprint 29','2019-05-20 00:00:00','2019-05-31 00:00:00',9),(135,'ad0756c87bd14ea59a2e712b7a2f084e','2020-02-11 19:45:03','2020-02-11 19:45:03','Sprint 30','Sprint 30','2019-06-03 00:00:00','2019-06-14 00:00:00',9),(136,'bb6413abf5014c83b57a3e52df1455fe','2020-02-11 19:45:03','2020-02-11 19:45:03','Sprint 31','Sprint 31','2019-06-17 00:00:00','2019-06-28 00:00:00',9),(137,'4b2e70f58c2d4de999b651fc230a8f2f','2020-02-11 19:45:03','2020-02-11 19:45:03','Sprint 32','Sprint 32','2019-07-01 00:00:00','2019-07-12 00:00:00',9),(138,'fe9e6b226f374c3bb280f79052fb794c','2020-02-11 19:45:03','2020-02-11 19:45:03','Sprint 33','Sprint 33','2019-07-15 00:00:00','2019-07-26 00:00:00',9),(139,'b6841eed6c304c4a838e9d986d36623c','2020-02-11 19:45:04','2020-02-11 19:45:04','Sprint 34','Sprint 34','2019-07-29 00:00:00','2019-08-09 00:00:00',9),(140,'86c7ce8b4ddd4612a8870e36041aef1e','2020-02-11 19:45:04','2020-02-11 19:45:04','Sprint 35','Sprint 35','2019-08-12 00:00:00','2019-08-23 00:00:00',9),(141,'9d46a42bf88c47a6892d7a71fb291fc9','2020-02-11 19:45:04','2020-02-11 19:45:04','Sprint 36','Sprint 36','2019-08-26 00:00:00','2019-09-06 00:00:00',9),(142,'0a495b6b773b46a6a71a074fbc35c928','2020-02-11 19:45:04','2020-02-11 19:45:04','Sprint 37','Sprint 37','2019-09-09 00:00:00','2019-09-20 00:00:00',9),(143,'fef94ee742d54c288af221c5cabaf9cb','2020-02-11 19:45:04','2020-02-11 19:45:04','Sprint 38','Sprint 38','2019-09-23 00:00:00','2019-10-04 00:00:00',9),(144,'19fbdd3ecdab4cef9fcb934d9abcbb63','2020-02-11 19:45:04','2020-02-11 19:45:04','Sprint 39','Sprint 39','2019-10-07 00:00:00','2019-10-18 00:00:00',9),(145,'73aba42029a04ee1a7425a004986035c','2020-02-11 19:45:04','2020-02-11 19:45:04','Sprint 40','Sprint 40','2019-10-21 00:00:00','2019-11-01 00:00:00',9),(146,'6946433f38fb473a99c79dd594588b49','2020-02-11 19:45:04','2020-02-11 19:45:04','Limbo','Limbo',NULL,NULL,10),(147,'28c1603ed27643e388550de102458779','2020-02-11 19:45:04','2020-02-11 19:45:04','Sprint 14','Sprint 14','2018-10-15 00:00:00','2018-10-26 00:00:00',10),(148,'37d0a9ab33394a9099b98510d44971dd','2020-02-11 19:45:04','2020-02-11 19:45:04','Sprint 15','Sprint 15','2018-10-29 00:00:00','2018-11-09 00:00:00',10),(149,'2fc8893b2cbb404abb08e12d438ecfc0','2020-02-11 19:45:04','2020-02-11 19:45:04','Sprint 16','Sprint 16','2018-11-12 00:00:00','2018-11-23 00:00:00',10),(150,'9d919d43a62f4c869d306f0427b8d0b8','2020-02-11 19:45:04','2020-02-11 19:45:04','Sprint 17','Sprint 17','2018-11-26 00:00:00','2018-12-07 00:00:00',10),(151,'fb47e2a56011498196cca3598e3aac1d','2020-02-11 19:45:04','2020-02-11 19:45:04','Sprint 18','Sprint 18','2018-12-10 00:00:00','2018-12-21 00:00:00',10),(152,'40dae107820a47bc842faa55fb09cc9e','2020-02-11 19:45:05','2020-02-11 19:45:05','Sprint 19','Sprint 19','2019-01-07 00:00:00','2019-01-11 00:00:00',10),(153,'892e3600a453486ba90ce2b43ec4f2c8','2020-02-11 19:45:05','2020-02-11 19:45:05','Sprint 20','Sprint 20','2019-01-14 00:00:00','2019-01-25 00:00:00',10),(154,'1e52ba54ef57413bad9e31acc5a3a77f','2020-02-11 19:45:05','2020-02-11 19:45:05','Sprint 21','Sprint 21','2019-01-28 00:00:00','2019-02-08 00:00:00',10),(155,'02871e894d9946478d8f87ae47e926dc','2020-02-11 19:45:05','2020-02-11 19:45:05','Sprint 22','Sprint 22','2019-02-11 00:00:00','2019-02-22 00:00:00',10),(156,'b6e2990f1a244768a2f7205205d155fa','2020-02-11 19:45:05','2020-02-11 19:45:05','Sprint 23','Sprint 23','2019-02-25 00:00:00','2019-03-08 00:00:00',10),(157,'b752898548fe4d7480d33a8b2b0f0da6','2020-02-11 19:45:05','2020-02-11 19:45:05','Limbo','Limbo',NULL,NULL,11),(158,'85da5acb3d3f45b2bb046b13c215b898','2020-02-11 19:45:05','2020-02-11 19:45:05','Sprint 25','Sprint 25','2019-03-25 00:00:00','2019-04-05 00:00:00',11),(159,'96e23a7d310547a39b85faefc45e64f7','2020-02-11 19:45:05','2020-02-11 19:45:05','Sprint 26','Sprint 26','2019-04-08 00:00:00','2019-04-19 00:00:00',11),(160,'eae262ef45b247749bf72f20094f7e21','2020-02-11 19:45:05','2020-02-11 19:45:05','Sprint 29','Sprint 29','2019-05-20 00:00:00','2019-05-31 00:00:00',11),(161,'e52866aa6f544db28e668864ece40c9c','2020-02-11 19:45:05','2020-02-11 19:45:05','Sprint 30','Sprint 30','2019-06-03 00:00:00','2019-06-14 00:00:00',11),(162,'dfa1110c1aff4e559f2d7b9c25ab3966','2020-02-11 19:45:05','2020-02-11 19:45:05','Sprint 31','Sprint 31','2019-06-17 00:00:00','2019-06-28 00:00:00',11),(163,'9d8dc625de284c9b8a079a10309542c5','2020-02-11 19:45:05','2020-02-11 19:45:05','Sprint 32','Sprint 32','2019-07-01 00:00:00','2019-07-12 00:00:00',11),(164,'bac9cfc4b13e421b99e483ea955722ae','2020-02-11 19:45:05','2020-02-11 19:45:05','Sprint 33','Sprint 33','2019-07-15 00:00:00','2019-07-26 00:00:00',11),(165,'81875ce508894afe8601e029d00f2bca','2020-02-11 19:45:05','2020-02-11 19:45:05','Sprint 34','Sprint 34','2019-07-29 00:00:00','2019-08-09 00:00:00',11),(166,'117555ba0ad843ba9ccdcc1e8ae17821','2020-02-11 19:45:06','2020-02-11 19:45:06','Sprint 35','Sprint 35','2019-08-12 00:00:00','2019-08-23 00:00:00',11),(167,'a9362071ddb944e0aa1a6476441f9ec1','2020-02-11 19:45:06','2020-02-11 19:45:06','Sprint 36','Sprint 36','2019-08-26 00:00:00','2019-09-06 00:00:00',11),(168,'dcda3a05b4414b108bfe5187ae23f8c0','2020-02-11 19:45:06','2020-02-11 19:45:06','Sprint 37','Sprint 37','2019-09-09 00:00:00','2019-09-20 00:00:00',11),(169,'acc49ab512184ffa88daae98b963a381','2020-02-11 19:45:06','2020-02-11 19:45:06','Sprint 38','Sprint 38','2019-09-23 00:00:00','2019-10-04 00:00:00',11),(170,'56188f8e9df241c38b912bfe34458b7b','2020-02-11 19:45:06','2020-02-11 19:45:06','Sprint 39','Sprint 39','2019-10-07 00:00:00','2019-10-18 00:00:00',11),(171,'56e6e21d7d0c4181899baa110014c771','2020-02-11 19:45:06','2020-02-11 19:45:06','Limbo','Limbo',NULL,NULL,12),(172,'340c15700a8c48f3acd1337374f633b7','2020-02-11 19:45:06','2020-02-11 19:45:06','Sprint 36','Sprint 36','2019-08-26 00:00:00','2019-09-06 00:00:00',12),(173,'df6480c26b8742b99b68fe388e77e5e5','2020-02-11 19:45:06','2020-02-11 19:45:06','Sprint 37','Sprint 37','2019-09-09 00:00:00','2019-09-20 00:00:00',12),(174,'6aecb7431df04ecb9a4bafd694e72a85','2020-02-11 19:45:06','2020-02-11 19:45:06','Sprint 38','Sprint 38','2019-09-23 00:00:00','2019-10-04 00:00:00',12),(175,'01ffdef003bb45e78bf683dc55f313f7','2020-02-11 19:45:06','2020-02-11 19:45:06','Sprint 39','Sprint 39','2019-10-07 00:00:00','2019-10-18 00:00:00',12),(176,'586d1c782bf8498cb3bcaab00cdfad79','2020-02-11 19:45:06','2020-02-11 19:45:06','Sprint 40','Sprint 40','2019-10-21 00:00:00','2019-11-01 00:00:00',12),(177,'c708dab722e9440899ec6928a1852343','2020-02-11 19:45:06','2020-02-11 19:45:06','Sprint 41','Sprint 41','2019-11-04 00:00:00','2019-11-15 00:00:00',12),(178,'be271438a9714459855a558b4998586d','2020-02-11 19:45:06','2020-02-11 19:45:06','Sprint 42','Sprint 42','2019-11-18 00:00:00','2019-11-29 00:00:00',12),(179,'7d824af5ae8d4595914ee9babd7e2c08','2020-02-11 19:45:06','2020-02-11 19:45:06','Sprint 43','Sprint 43','2019-12-02 00:00:00','2019-12-13 00:00:00',12),(180,'fa9bcbdf75294fb782b775904b5e7be0','2020-02-11 19:45:06','2020-02-11 19:45:06','Limbo','Limbo',NULL,NULL,13),(181,'4a3714fd2cb54cd0977d3a3fafed08da','2020-02-11 19:45:06','2020-02-11 19:45:06','Sprint 14','Sprint 14','2018-10-15 00:00:00','2018-10-26 00:00:00',13),(182,'f8dfe2b6d9264af9af382562102d50e0','2020-02-11 19:45:07','2020-02-11 19:45:07','Sprint 15','Sprint 15','2018-10-29 00:00:00','2018-11-09 00:00:00',13),(183,'0904ac31b1f1454f8c86273b63c27c53','2020-02-11 19:45:07','2020-02-11 19:45:07','Sprint 16','Sprint 16','2018-11-12 00:00:00','2018-11-23 00:00:00',13),(184,'b5c68dfbddc741f49c47046699194a33','2020-02-11 19:45:07','2020-02-11 19:45:07','Sprint 17','Sprint 17','2018-11-26 00:00:00','2018-12-07 00:00:00',13),(185,'077aef1bb57e4646ae6c5205c1a85f68','2020-02-11 19:45:07','2020-02-11 19:45:07','Sprint 18','Sprint 18','2018-12-10 00:00:00','2018-12-21 00:00:00',13),(186,'5a04bf4819f44c089c5087c5690a422c','2020-02-11 19:45:07','2020-02-11 19:45:07','Sprint 19','Sprint 19','2019-01-07 00:00:00','2019-01-11 00:00:00',13),(187,'27ced304402e45c9ac0c04613372ec44','2020-02-11 19:45:07','2020-02-11 19:45:07','Sprint 20','Sprint 20','2019-01-14 00:00:00','2019-01-25 00:00:00',13),(188,'1e20010a90c84a21bd569a6d77d4bece','2020-02-11 19:45:07','2020-02-11 19:45:07','Sprint 21','Sprint 21','2019-01-28 00:00:00','2019-02-08 00:00:00',13),(189,'7801ed7b3aba4da89e1e3f32a147f761','2020-02-11 19:45:07','2020-02-11 19:45:07','Sprint 22','Sprint 22','2019-02-11 00:00:00','2019-02-22 00:00:00',13),(190,'861d26ec33cb4215b53765227c0837ae','2020-02-11 19:45:07','2020-02-11 19:45:07','Sprint 23','Sprint 23','2019-02-25 00:00:00','2019-03-08 00:00:00',13),(191,'332fb1b9124c47de8963281b61f2df06','2020-02-11 19:45:07','2020-02-11 19:45:07','Sprint 24','Sprint 24','2019-03-11 00:00:00','2019-03-22 00:00:00',13),(192,'6745c38c7e3a4eb5946f9af56bdc6126','2020-02-11 19:45:07','2020-02-11 19:45:07','Sprint 25','Sprint 25','2019-03-25 00:00:00','2019-04-05 00:00:00',13),(193,'b94ba93ec9cc4b7a9a03aea75270e845','2020-02-11 19:45:07','2020-02-11 19:45:07','Sprint 26','Sprint 26','2019-04-08 00:00:00','2019-04-19 00:00:00',13),(194,'f02955c356164862a77ab04a1c47dd06','2020-02-11 19:45:07','2020-02-11 19:45:07','Sprint 27','Sprint 27','2019-04-22 00:00:00','2019-05-03 00:00:00',13),(195,'27a31681a6114d9eac89b0990b404ace','2020-02-11 19:45:08','2020-02-11 19:45:08','Sprint 28','Sprint 28','2019-05-06 00:00:00','2019-05-17 00:00:00',13),(196,'14bb1573f71e4986b32bf24c8983242e','2020-02-11 19:45:08','2020-02-11 19:45:08','Sprint 29','Sprint 29','2019-05-20 00:00:00','2019-05-31 00:00:00',13),(197,'a696e77ef9c44fad8678bdda637d8670','2020-02-11 19:45:08','2020-02-11 19:45:08','Sprint 30','Sprint 30','2019-06-03 00:00:00','2019-06-14 00:00:00',13),(198,'d2431a7282fd45c3abc559e9548a2ff0','2020-02-11 19:45:08','2020-02-11 19:45:08','Sprint 31','Sprint 31','2019-06-17 00:00:00','2019-06-28 00:00:00',13),(199,'5491fbe1ff054bc39b11b58b6cbaa14f','2020-02-11 19:45:08','2020-02-11 19:45:08','Sprint 32','Sprint 32','2019-07-01 00:00:00','2019-07-12 00:00:00',13),(200,'e6a586ebab26493f93a2092df3f94680','2020-02-11 19:45:08','2020-02-11 19:45:08','Sprint 33','Sprint 33','2019-07-15 00:00:00','2019-07-26 00:00:00',13),(201,'5084f59bf43948eb93b7ae7eb02277f5','2020-02-11 19:45:08','2020-02-11 19:45:08','Sprint 34','Sprint 34','2019-07-29 00:00:00','2019-08-09 00:00:00',13),(202,'6fd564c68b504bf89eceba0640388672','2020-02-11 19:45:08','2020-02-11 19:45:08','Sprint 35','Sprint 35','2019-08-12 00:00:00','2019-08-23 00:00:00',13),(203,'5f45206d8ece409baa7fc7126a31250a','2020-02-11 19:45:08','2020-02-11 19:45:08','Sprint 36','Sprint 36','2019-08-26 00:00:00','2019-09-06 00:00:00',13),(204,'2e0365afc623424ab633f04f719ee9fc','2020-02-11 19:45:08','2020-02-11 19:45:08','Sprint 37','Sprint 37','2019-09-09 00:00:00','2019-09-20 00:00:00',13),(205,'bbbb3bc84e5149e29a0e9bbc1d1572fa','2020-02-11 19:45:08','2020-02-11 19:45:08','Sprint 38','Sprint 38','2019-09-23 00:00:00','2019-10-04 00:00:00',13),(206,'98b85c09e2ed4c99b20a45a202dc2c11','2020-02-11 19:45:08','2020-02-11 19:45:08','Sprint 39','Sprint 39','2019-10-07 00:00:00','2019-10-18 00:00:00',13),(207,'fe0a8c741a6741568f2c3007c1dfb4eb','2020-02-11 19:45:08','2020-02-11 19:45:08','Sprint 40','Sprint 40','2019-10-21 00:00:00','2019-11-01 00:00:00',13),(208,'4bac5afd28414502b2a1e0e054fcff15','2020-02-11 19:45:08','2020-02-11 19:45:08','Sprint 41','Sprint 41','2019-11-04 00:00:00','2019-11-15 00:00:00',13),(209,'7a18483ae4ae465489c3474f8f006de6','2020-02-11 19:45:08','2020-02-11 19:45:08','Sprint 42','Sprint 42','2019-11-18 00:00:00','2019-11-29 00:00:00',13),(210,'9414a77e31904df9b042654af6048064','2020-02-11 19:45:08','2020-02-11 19:45:08','Sprint 43','Sprint 43','2019-12-02 00:00:00','2019-12-13 00:00:00',13),(211,'9814de69844247f593c43c6c43cadaf5','2020-02-11 19:45:08','2020-02-11 19:45:08','Sprint 44','Sprint 44','2019-12-16 00:00:00','2019-12-27 00:00:00',13),(212,'01b8851d090145679764232c02ae34ce','2020-02-11 19:45:09','2020-02-11 19:45:09','Limbo','Limbo',NULL,NULL,14),(213,'83f3c556d8d14204a7837961589a6388','2020-02-11 19:45:09','2020-02-11 19:45:09','Sprint 14','Sprint 14','2018-10-15 00:00:00','2018-10-26 00:00:00',14),(214,'38f95e40388642e89c87babf0a717b2e','2020-02-11 19:45:09','2020-02-11 19:45:09','Sprint 15','Sprint 15','2018-10-29 00:00:00','2018-11-09 00:00:00',14),(215,'d1b52b2dc9ef4f7ea11f094a7c75b09a','2020-02-11 19:45:09','2020-02-11 19:45:09','Sprint 16','Sprint 16','2018-11-12 00:00:00','2018-11-23 00:00:00',14),(216,'9fbcc299d29e43989bc1b473b399dc28','2020-02-11 19:45:09','2020-02-11 19:45:09','Sprint 17','Sprint 17','2018-11-26 00:00:00','2018-12-07 00:00:00',14),(217,'65fe885c8ae04a45b69ca1d230c1d2c4','2020-02-11 19:45:09','2020-02-11 19:45:09','Sprint 18','Sprint 18','2018-12-10 00:00:00','2018-12-21 00:00:00',14),(218,'77ab8516c9654dbeb55707a5c9f8c367','2020-02-11 19:45:09','2020-02-11 19:45:09','Sprint 19','Sprint 19','2019-01-07 00:00:00','2019-01-11 00:00:00',14),(219,'d9d23552c67042c8a19159f9886bd700','2020-02-11 19:45:09','2020-02-11 19:45:09','Sprint 20','Sprint 20','2019-01-14 00:00:00','2019-01-25 00:00:00',14),(220,'ddfebc87da0c4783bf2c4f1ef50f8b52','2020-02-11 19:45:09','2020-02-11 19:45:09','Sprint 21','Sprint 21','2019-01-28 00:00:00','2019-02-08 00:00:00',14),(221,'682f15fbd28a470199afce8d66d3bd53','2020-02-11 19:45:09','2020-02-11 19:45:09','Sprint 22','Sprint 22','2019-02-11 00:00:00','2019-02-22 00:00:00',14),(222,'469a6c361f664637ad72880985201d56','2020-02-11 19:45:09','2020-02-11 19:45:09','Sprint 23','Sprint 23','2019-02-25 00:00:00','2019-03-08 00:00:00',14),(223,'691f0fbce892468bbff00a2164f6a24a','2020-02-11 19:45:09','2020-02-11 19:45:09','Sprint 24','Sprint 24','2019-03-11 00:00:00','2019-03-22 00:00:00',14),(224,'afb7dde62cdb41239f3e7e1083e398ff','2020-02-11 19:45:09','2020-02-11 19:45:09','Sprint 25','Sprint 25','2019-03-25 00:00:00','2019-04-05 00:00:00',14),(225,'baa8996a74b44e25a0c98265e77fb446','2020-02-11 19:45:09','2020-02-11 19:45:09','Sprint 26','Sprint 26','2019-04-08 00:00:00','2019-04-19 00:00:00',14),(226,'44e2d771edad4589abfdab157e01e6a4','2020-02-11 19:45:10','2020-02-11 19:45:10','Sprint 27','Sprint 27','2019-04-22 00:00:00','2019-05-03 00:00:00',14),(227,'f3efe8cb7f9842cba0cf190be113017f','2020-02-11 19:45:10','2020-02-11 19:45:10','Sprint 28','Sprint 28','2019-05-06 00:00:00','2019-05-17 00:00:00',14),(228,'5940a06ac810414b922f6e03e5ce67e5','2020-02-11 19:45:10','2020-02-11 19:45:10','Sprint 29','Sprint 29','2019-05-20 00:00:00','2019-05-31 00:00:00',14),(229,'3c418b340f0c4aed814c42b22943e7e2','2020-02-11 19:45:10','2020-02-11 19:45:10','Sprint 30','Sprint 30','2019-06-03 00:00:00','2019-06-14 00:00:00',14),(230,'f0fac9d51de94dad94a741734ac2c34a','2020-02-11 19:45:10','2020-02-11 19:45:10','Sprint 31','Sprint 31','2019-06-17 00:00:00','2019-06-28 00:00:00',14),(231,'f0bcac7734894c70a8ee51a0b571cbb1','2020-02-11 19:45:10','2020-02-11 19:45:10','Sprint 32','Sprint 32','2019-07-01 00:00:00','2019-07-12 00:00:00',14),(232,'bcc5d35f165349a69bf6c65f3d95259a','2020-02-11 19:45:10','2020-02-11 19:45:10','Sprint 33','Sprint 33','2019-07-15 00:00:00','2019-07-26 00:00:00',14),(233,'31aa4146b3d645cb9f1993e063d03a7f','2020-02-11 19:45:10','2020-02-11 19:45:10','Sprint 34','Sprint 34','2019-07-29 00:00:00','2019-08-09 00:00:00',14),(234,'16bcc6eb837144b9a7051931b1963a96','2020-02-11 19:45:10','2020-02-11 19:45:10','Sprint 35','Sprint 35','2019-08-12 00:00:00','2019-08-23 00:00:00',14),(235,'be05328c80d34653aeb2698b8fbc4194','2020-02-11 19:45:10','2020-02-11 19:45:10','Sprint 36','Sprint 36','2019-08-26 00:00:00','2019-09-06 00:00:00',14),(236,'32fe6295488a4eb38dd7f87d7d4683d5','2020-02-11 19:45:10','2020-02-11 19:45:10','Sprint 37','Sprint 37','2019-09-09 00:00:00','2019-09-20 00:00:00',14),(237,'4cbefa0c2f144d2f843ffeac62adb84c','2020-02-11 19:45:10','2020-02-11 19:45:10','Sprint 38','Sprint 38','2019-09-23 00:00:00','2019-10-04 00:00:00',14),(238,'8d3bedd99b14417c8e75517acfeb4ba1','2020-02-11 19:45:11','2020-02-11 19:45:11','Sprint 39','Sprint 39','2019-10-07 00:00:00','2019-10-18 00:00:00',14),(239,'0cfb9570b1294b86a47be814b7469d70','2020-02-11 19:45:11','2020-02-11 19:45:11','Sprint 40','Sprint 40','2019-10-21 00:00:00','2019-11-01 00:00:00',14),(240,'2f58b5c4ec174587869e3a7c73f64ea4','2020-02-11 19:45:11','2020-02-11 19:45:11','Sprint 41','Sprint 41','2019-11-04 00:00:00','2019-11-15 00:00:00',14),(241,'66dc1a7702da4bef88993c4ab899e1d7','2020-02-11 19:45:11','2020-02-11 19:45:11','Sprint 42','Sprint 42','2019-11-18 00:00:00','2019-11-29 00:00:00',14),(242,'3cdf089858584c9487820de5483fe72e','2020-02-11 19:45:11','2020-02-11 19:45:11','Sprint 43','Sprint 43','2019-12-02 00:00:00','2019-12-13 00:00:00',14),(243,'2056f5c0d6c04bbc82f9aacea79ebe1b','2020-02-11 19:45:11','2020-02-11 19:45:11','Limbo','Limbo',NULL,NULL,15),(244,'f4f6868811d3418ea858e0246941dc13','2020-02-11 19:45:11','2020-02-11 19:45:11','Sprint 14','Sprint 14','2018-10-15 00:00:00','2018-10-26 00:00:00',15),(245,'a64f37ba861d45998bdcaf91b0f404fd','2020-02-11 19:45:11','2020-02-11 19:45:11','Sprint 15','Sprint 15','2018-10-29 00:00:00','2018-11-09 00:00:00',15),(246,'0048362bba3f4788aa11b5c9abfed63e','2020-02-11 19:45:11','2020-02-11 19:45:11','Sprint 16','Sprint 16','2018-11-12 00:00:00','2018-11-23 00:00:00',15),(247,'0739e01547284ebe859c56082292d9e0','2020-02-11 19:45:11','2020-02-11 19:45:11','Sprint 17','Sprint 17','2018-11-26 00:00:00','2018-12-07 00:00:00',15),(248,'59c869d4b9394aa7a380957c28e13492','2020-02-11 19:45:11','2020-02-11 19:45:11','Sprint 25','Sprint 25','2019-03-25 00:00:00','2019-04-05 00:00:00',15),(249,'96c20dfc38eb4194bf29d5f1db6bef17','2020-02-11 19:45:11','2020-02-11 19:45:11','Sprint 26','Sprint 26','2019-04-08 00:00:00','2019-04-19 00:00:00',15);
/*!40000 ALTER TABLE `sprint` ENABLE KEYS */;
UNLOCK TABLES;

--
-- Table structure for table `sprint_backlog`
--

DROP TABLE IF EXISTS `sprint_backlog`;
/*!40101 SET @saved_cs_client     = @@character_set_client */;
/*!50503 SET character_set_client = utf8mb4 */;
CREATE TABLE `sprint_backlog` (
  `id` int(11) NOT NULL AUTO_INCREMENT,
  `uuid` char(32) COLLATE utf8mb4_general_ci NOT NULL,
  `date_created` datetime DEFAULT NULL,
  `date_modified` datetime DEFAULT NULL,
  `name` varchar(200) COLLATE utf8mb4_general_ci DEFAULT NULL,
  `description` text COLLATE utf8mb4_general_ci,
  `sprint` int(11) DEFAULT NULL,
  `planning_meeting` int(11) DEFAULT NULL,
  PRIMARY KEY (`id`),
  UNIQUE KEY `uuid` (`uuid`),
  KEY `sprint` (`sprint`),
  KEY `planning_meeting` (`planning_meeting`),
  CONSTRAINT `sprint_backlog_ibfk_1` FOREIGN KEY (`sprint`) REFERENCES `sprint` (`id`),
  CONSTRAINT `sprint_backlog_ibfk_2` FOREIGN KEY (`planning_meeting`) REFERENCES `planning_meeting` (`id`)
) ENGINE=InnoDB AUTO_INCREMENT=250 DEFAULT CHARSET=utf8mb4 COLLATE=utf8mb4_general_ci;
/*!40101 SET character_set_client = @saved_cs_client */;

--
-- Dumping data for table `sprint_backlog`
--

LOCK TABLES `sprint_backlog` WRITE;
/*!40000 ALTER TABLE `sprint_backlog` DISABLE KEYS */;
INSERT INTO `sprint_backlog` VALUES (1,'3c545a74cf2946f8806dff0058466274','2020-02-11 19:44:54','2020-02-11 19:44:54','Limbo','Limbo',1,NULL),(2,'e03da46c18934785a2cf0d6bf709a973','2020-02-11 19:44:54','2020-02-11 19:44:54','Sprint 14','Sprint 14',2,NULL),(3,'9a23b3fb043d44a381c0ace4768be5ba','2020-02-11 19:44:54','2020-02-11 19:44:54','Sprint 15','Sprint 15',3,NULL),(4,'78ee03c6190d4f26a508240d85dc2e1d','2020-02-11 19:44:54','2020-02-11 19:44:54','Sprint 16','Sprint 16',4,NULL),(5,'fd8f2d9d230d4515bf3bd72073ad9791','2020-02-11 19:44:54','2020-02-11 19:44:54','Sprint 17','Sprint 17',5,NULL),(6,'a55582a7844b4b60b401b114f5f0164d','2020-02-11 19:44:54','2020-02-11 19:44:54','Sprint 18','Sprint 18',6,NULL),(7,'d430c1a124a94d9988986c8408f753bd','2020-02-11 19:44:54','2020-02-11 19:44:54','Sprint 19','Sprint 19',7,NULL),(8,'fba271e9af3a405eb13ac0b6c19058ae','2020-02-11 19:44:54','2020-02-11 19:44:54','Sprint 20','Sprint 20',8,NULL),(9,'1525f09ab09c42a89de4b528cf684d75','2020-02-11 19:44:54','2020-02-11 19:44:54','Sprint 21','Sprint 21',9,NULL),(10,'9dc07de3e77a49b5840fb7111310ab0b','2020-02-11 19:44:55','2020-02-11 19:44:55','Sprint 22','Sprint 22',10,NULL),(11,'1b0db3c72dc8481caf59dafee868192f','2020-02-11 19:44:55','2020-02-11 19:44:55','Sprint 23','Sprint 23',11,NULL),(12,'3596582d0e334ca5aa2effe643acf731','2020-02-11 19:44:55','2020-02-11 19:44:55','Sprint 24','Sprint 24',12,NULL),(13,'548266bb27984fb995c07498addd4d8d','2020-02-11 19:44:55','2020-02-11 19:44:55','Sprint 25','Sprint 25',13,NULL),(14,'6032f16c2825406c819aa6cde86e4308','2020-02-11 19:44:55','2020-02-11 19:44:55','Sprint 26','Sprint 26',14,NULL),(15,'1b34130b6a504077b7fc294a769ab0fb','2020-02-11 19:44:55','2020-02-11 19:44:55','Sprint 27','Sprint 27',15,NULL),(16,'fa01f2b62da0410cbdcfe8b685f81f8c','2020-02-11 19:44:55','2020-02-11 19:44:55','Sprint 28','Sprint 28',16,NULL),(17,'85d5a97ad13540ecb42119e8b1864378','2020-02-11 19:44:55','2020-02-11 19:44:55','Sprint 29','Sprint 29',17,NULL),(18,'623d83930f7c4c3691437af4d0eb2416','2020-02-11 19:44:55','2020-02-11 19:44:55','Sprint 30','Sprint 30',18,NULL),(19,'70c83a0545d8401ba8866b7ca3a34db3','2020-02-11 19:44:55','2020-02-11 19:44:55','Sprint 31','Sprint 31',19,NULL),(20,'a861c4ade2b745069b8756bd40cf3f10','2020-02-11 19:44:55','2020-02-11 19:44:55','Sprint 32','Sprint 32',20,NULL),(21,'378ec2cb2a4647b098670a1c2c873b79','2020-02-11 19:44:55','2020-02-11 19:44:55','Sprint 33','Sprint 33',21,NULL),(22,'48ad128cfe78404c9f747af86ea6d773','2020-02-11 19:44:55','2020-02-11 19:44:55','Sprint 34','Sprint 34',22,NULL),(23,'fe643e4cad374d78870922d3ad538e09','2020-02-11 19:44:56','2020-02-11 19:44:56','Sprint 35','Sprint 35',23,NULL),(24,'97432b7edc0d42c9aa40c3f7dd666c1f','2020-02-11 19:44:56','2020-02-11 19:44:56','Sprint 36','Sprint 36',24,NULL),(25,'37a1d4910d24462cad76d9021a55ee60','2020-02-11 19:44:56','2020-02-11 19:44:56','Sprint 37','Sprint 37',25,NULL),(26,'3451c52c55294a369a959d296527426f','2020-02-11 19:44:56','2020-02-11 19:44:56','Sprint 38','Sprint 38',26,NULL),(27,'6119dd5da3054fa79c58a2202de39d1b','2020-02-11 19:44:56','2020-02-11 19:44:56','Sprint 39','Sprint 39',27,NULL),(28,'123c0cf548244fac8c265063ba2e6e76','2020-02-11 19:44:56','2020-02-11 19:44:56','Sprint 40','Sprint 40',28,NULL),(29,'14bff13a9a6d4fe79802d83a38d60f64','2020-02-11 19:44:56','2020-02-11 19:44:56','Sprint 41','Sprint 41',29,NULL),(30,'5a4e248f1d2c4c5fb203cc9878c1a0d6','2020-02-11 19:44:56','2020-02-11 19:44:56','Sprint 42','Sprint 42',30,NULL),(31,'495329f078df4fa596a5b9a5628b88a0','2020-02-11 19:44:56','2020-02-11 19:44:56','Sprint 43','Sprint 43',31,NULL),(32,'400a1aa05a5341288112d63ef2086d4f','2020-02-11 19:44:56','2020-02-11 19:44:56','Limbo','Limbo',32,NULL),(33,'3067ac068ad34fa5986df517b882020c','2020-02-11 19:44:56','2020-02-11 19:44:56','Sprint 14','Sprint 14',33,NULL),(34,'e7634fa3ea534cab9c8472e84bc058a1','2020-02-11 19:44:56','2020-02-11 19:44:56','Sprint 15','Sprint 15',34,NULL),(35,'5e8d6217ba69425aba525217aa119e7c','2020-02-11 19:44:56','2020-02-11 19:44:56','Sprint 16','Sprint 16',35,NULL),(36,'9f80eb3116a34a82ba81d8d95ef40313','2020-02-11 19:44:56','2020-02-11 19:44:56','Sprint 17','Sprint 17',36,NULL),(37,'5d9ce248fd1a4fed8c3831ccafef2e5f','2020-02-11 19:44:57','2020-02-11 19:44:57','Sprint 18','Sprint 18',37,NULL),(38,'cb101219f2db4c82ab17c955c31aae53','2020-02-11 19:44:57','2020-02-11 19:44:57','Sprint 19','Sprint 19',38,NULL),(39,'5d42e7a0deff480e8bbbdd84397190c6','2020-02-11 19:44:57','2020-02-11 19:44:57','Sprint 20','Sprint 20',39,NULL),(40,'c05094ebe82a427b87a04941632bc22f','2020-02-11 19:44:57','2020-02-11 19:44:57','Sprint 21','Sprint 21',40,NULL),(41,'17e7e3f4740144869a3b5b29717f4597','2020-02-11 19:44:57','2020-02-11 19:44:57','Sprint 22','Sprint 22',41,NULL),(42,'bdfe4888dbf34546a332f6a7f6bda804','2020-02-11 19:44:57','2020-02-11 19:44:57','Sprint 23','Sprint 23',42,NULL),(43,'80c965043cd1441388ed224dad757b25','2020-02-11 19:44:57','2020-02-11 19:44:57','Sprint 24','Sprint 24',43,NULL),(44,'5a1c9c4bbbf04c62b09208be2902e03c','2020-02-11 19:44:57','2020-02-11 19:44:57','Sprint 25','Sprint 25',44,NULL),(45,'68888d5d360f4581a15317ed608eeacb','2020-02-11 19:44:57','2020-02-11 19:44:57','Sprint 26','Sprint 26',45,NULL),(46,'d071801903a14f11adf063312248037a','2020-02-11 19:44:57','2020-02-11 19:44:57','Sprint 27','Sprint 27',46,NULL),(47,'80f9b723883444309e221fed158b342b','2020-02-11 19:44:57','2020-02-11 19:44:57','Sprint 28','Sprint 28',47,NULL),(48,'8c406e0f36bb4e31a9bb0be6cebfa617','2020-02-11 19:44:57','2020-02-11 19:44:57','Sprint 29','Sprint 29',48,NULL),(49,'19fcc64432b0432c901cd831880f3190','2020-02-11 19:44:57','2020-02-11 19:44:57','Sprint 30','Sprint 30',49,NULL),(50,'4e84b039d3c94e269d51cf16a298b475','2020-02-11 19:44:57','2020-02-11 19:44:57','Sprint 31','Sprint 31',50,NULL),(51,'975fcc27eb324745999f24eb1a6df4de','2020-02-11 19:44:57','2020-02-11 19:44:57','Sprint 32','Sprint 32',51,NULL),(52,'52ef9117f88346d7b404785ba3758842','2020-02-11 19:44:58','2020-02-11 19:44:58','Sprint 33','Sprint 33',52,NULL),(53,'c66c7244453148c49a2a35b97d671100','2020-02-11 19:44:58','2020-02-11 19:44:58','Sprint 34','Sprint 34',53,NULL),(54,'fb4083064bf54bafaf67742619d7938a','2020-02-11 19:44:58','2020-02-11 19:44:58','Sprint 35','Sprint 35',54,NULL),(55,'47f4572d44f84fe2861c940997b4befe','2020-02-11 19:44:58','2020-02-11 19:44:58','Sprint 36','Sprint 36',55,NULL),(56,'0ac888064927448895cc9583e3f4d66d','2020-02-11 19:44:58','2020-02-11 19:44:58','Sprint 37','Sprint 37',56,NULL),(57,'a231563bab6b4603a54f12cba131fc44','2020-02-11 19:44:58','2020-02-11 19:44:58','Sprint 38','Sprint 38',57,NULL),(58,'86cf0d58bd9c4e79b0987ef27af578b5','2020-02-11 19:44:58','2020-02-11 19:44:58','Sprint 39','Sprint 39',58,NULL),(59,'480ec1c996254eeb8136de9e0405a913','2020-02-11 19:44:58','2020-02-11 19:44:58','Sprint 40','Sprint 40',59,NULL),(60,'2fb0ed5c65ea4a2a93948a41f3537511','2020-02-11 19:44:58','2020-02-11 19:44:58','Sprint 41','Sprint 41',60,NULL),(61,'8dd396b567364cceafdb70a82a38fc0f','2020-02-11 19:44:58','2020-02-11 19:44:58','Sprint 42','Sprint 42',61,NULL),(62,'fcfbd3d0e87840149668f3833da216d6','2020-02-11 19:44:58','2020-02-11 19:44:58','Sprint 43','Sprint 43',62,NULL),(63,'ccaee68929e94f32af188ebb69eb8039','2020-02-11 19:44:58','2020-02-11 19:44:58','Sprint 44','Sprint 44',63,NULL),(64,'29e9b15f4065428a83a37041bede4d32','2020-02-11 19:44:58','2020-02-11 19:44:58','Limbo','Limbo',64,NULL),(65,'11028840a97748f4b77745cacc5ee13f','2020-02-11 19:44:58','2020-02-11 19:44:58','Sprint 14','Sprint 14',65,NULL),(66,'8eae54bcb7f549c580a312b1cbf47904','2020-02-11 19:44:58','2020-02-11 19:44:58','Sprint 15','Sprint 15',66,NULL),(67,'fd9da86e3437464d894a0fcedad08c05','2020-02-11 19:44:58','2020-02-11 19:44:58','Sprint 16','Sprint 16',67,NULL),(68,'5c3c67b6725a48cc8626a1a07e0def90','2020-02-11 19:44:59','2020-02-11 19:44:59','Sprint 17','Sprint 17',68,NULL),(69,'755058dd65234130944bd7c6d9911135','2020-02-11 19:44:59','2020-02-11 19:44:59','Sprint 18','Sprint 18',69,NULL),(70,'5a653d2d3cbf47c1a3d9e69bf47c04cc','2020-02-11 19:44:59','2020-02-11 19:44:59','Limbo','Limbo',70,NULL),(71,'85d730103adb45a99b1cd635f7f2851a','2020-02-11 19:44:59','2020-02-11 19:44:59','Sprint 29','Sprint 29',71,NULL),(72,'e8d1f4e3db8b4927a78bcc445537142a','2020-02-11 19:44:59','2020-02-11 19:44:59','Sprint 30','Sprint 30',72,NULL),(73,'141db0d751ec4ddf90315528d3f2cee6','2020-02-11 19:44:59','2020-02-11 19:44:59','Sprint 31','Sprint 31',73,NULL),(74,'98c6137ed69843ceb9f83760ddf06f2d','2020-02-11 19:44:59','2020-02-11 19:44:59','Sprint 32','Sprint 32',74,NULL),(75,'212519cd70a04190a93fc01fd851c33f','2020-02-11 19:44:59','2020-02-11 19:44:59','Sprint 33','Sprint 33',75,NULL),(76,'0d479eb0e14744c8a392a162fbbb334b','2020-02-11 19:44:59','2020-02-11 19:44:59','Sprint 34','Sprint 34',76,NULL),(77,'9690a533df894bc584b4ec00ad566b4e','2020-02-11 19:44:59','2020-02-11 19:44:59','Sprint 35','Sprint 35',77,NULL),(78,'a33d273278804234a594d798a3562f4f','2020-02-11 19:44:59','2020-02-11 19:44:59','Limbo','Limbo',78,NULL),(79,'475724e7647e4cacb1f115e159d73132','2020-02-11 19:44:59','2020-02-11 19:44:59','Sprint 28','Sprint 28',79,NULL),(80,'66a869cb5e3243e28b389c1809e13808','2020-02-11 19:45:00','2020-02-11 19:45:00','Sprint 29','Sprint 29',80,NULL),(81,'dcc791cb29204706914c029c27ee390d','2020-02-11 19:45:00','2020-02-11 19:45:00','Sprint 30','Sprint 30',81,NULL),(82,'07a261a19ba84f1a8aae4f38fc66669b','2020-02-11 19:45:00','2020-02-11 19:45:00','Sprint 31','Sprint 31',82,NULL),(83,'2fc25869d2704e139573836c42a55ef6','2020-02-11 19:45:00','2020-02-11 19:45:00','Sprint 32','Sprint 32',83,NULL),(84,'19d67b42c2744475a023f04b43799409','2020-02-11 19:45:00','2020-02-11 19:45:00','Sprint 33','Sprint 33',84,NULL),(85,'492bbaa45173449c82679872fc7eb252','2020-02-11 19:45:00','2020-02-11 19:45:00','Sprint 34','Sprint 34',85,NULL),(86,'f4082c686d494bcaa687bfd929c6364a','2020-02-11 19:45:00','2020-02-11 19:45:00','Sprint 35','Sprint 35',86,NULL),(87,'c584aafee5714247a6ff66304892ed32','2020-02-11 19:45:00','2020-02-11 19:45:00','Sprint 36','Sprint 36',87,NULL),(88,'133c09ff37ee4521a74c63cf6d724932','2020-02-11 19:45:00','2020-02-11 19:45:00','Sprint 37','Sprint 37',88,NULL),(89,'d96143ad458b42b7b00905891b9999eb','2020-02-11 19:45:00','2020-02-11 19:45:00','Sprint 38','Sprint 38',89,NULL),(90,'793d28c76ee74401b6d9cd822593c750','2020-02-11 19:45:00','2020-02-11 19:45:00','Sprint 39','Sprint 39',90,NULL),(91,'20c7f5c920114e8db37448467b88205a','2020-02-11 19:45:00','2020-02-11 19:45:00','Sprint 40','Sprint 40',91,NULL),(92,'9508af00f69449a3afe5043598fcbc20','2020-02-11 19:45:00','2020-02-11 19:45:00','Sprint 41','Sprint 41',92,NULL),(93,'f189dd0823204b8a959a47e7ebace6d7','2020-02-11 19:45:00','2020-02-11 19:45:00','Sprint 42','Sprint 42',93,NULL),(94,'6323b7f579cc43bea4d35f7ef8a8f4a7','2020-02-11 19:45:00','2020-02-11 19:45:00','Limbo','Limbo',94,NULL),(95,'1b6bdd93fa084d278194d58c3f69098c','2020-02-11 19:45:01','2020-02-11 19:45:01','Sprint 14','Sprint 14',95,NULL),(96,'0afbb6c000b94a208cd2c1a2d136adde','2020-02-11 19:45:01','2020-02-11 19:45:01','Sprint 15','Sprint 15',96,NULL),(97,'75afead86e9f4acb96de812e80d9eaed','2020-02-11 19:45:01','2020-02-11 19:45:01','Sprint 16','Sprint 16',97,NULL),(98,'83deba4abfa345d3ae58c14e7ca3d1b2','2020-02-11 19:45:01','2020-02-11 19:45:01','Sprint 17','Sprint 17',98,NULL),(99,'3720ee4943de453db989538bbb47bfe7','2020-02-11 19:45:01','2020-02-11 19:45:01','Sprint 18','Sprint 18',99,NULL),(100,'0f100b6d85f04f79ac694f57f4f2da93','2020-02-11 19:45:01','2020-02-11 19:45:01','Sprint 19','Sprint 19',100,NULL),(101,'317cff4758d64409979360767e2cb806','2020-02-11 19:45:01','2020-02-11 19:45:01','Sprint 20','Sprint 20',101,NULL),(102,'8905160219a548759f6494f3f6016daa','2020-02-11 19:45:01','2020-02-11 19:45:01','Sprint 21','Sprint 21',102,NULL),(103,'f0b0b077d48741449c735f7bac2154cd','2020-02-11 19:45:01','2020-02-11 19:45:01','Sprint 22','Sprint 22',103,NULL),(104,'9891f46794544a6b81f54980c068d131','2020-02-11 19:45:01','2020-02-11 19:45:01','Sprint 23','Sprint 23',104,NULL),(105,'d5a95f3e690f4f0db558282d80711b2e','2020-02-11 19:45:01','2020-02-11 19:45:01','Sprint 24','Sprint 24',105,NULL),(106,'e6135dfcae694acbb0437c516881e627','2020-02-11 19:45:01','2020-02-11 19:45:01','Sprint 25','Sprint 25',106,NULL),(107,'133023d6fdf94a0ab196d82b78d53c79','2020-02-11 19:45:01','2020-02-11 19:45:01','Sprint 26','Sprint 26',107,NULL),(108,'ee7bb16c5f3244b39b9269b770b81096','2020-02-11 19:45:02','2020-02-11 19:45:02','Sprint 27','Sprint 27',108,NULL),(109,'2cc6d7195feb4dc18089596b40fdeb6e','2020-02-11 19:45:02','2020-02-11 19:45:02','Sprint 28','Sprint 28',109,NULL),(110,'5130d07914ec403c92f85926ef5506da','2020-02-11 19:45:02','2020-02-11 19:45:02','Sprint 29','Sprint 29',110,NULL),(111,'6094c11cf73c45ea8deed5e213090688','2020-02-11 19:45:02','2020-02-11 19:45:02','Sprint 30','Sprint 30',111,NULL),(112,'1a5ed04f4166468d982012e8a29a905a','2020-02-11 19:45:02','2020-02-11 19:45:02','Sprint 31','Sprint 31',112,NULL),(113,'d89702f2128644d7a23eb396e1b5bdf8','2020-02-11 19:45:02','2020-02-11 19:45:02','Sprint 32','Sprint 32',113,NULL),(114,'7739828c92354f3098d76e06eb6ce9e9','2020-02-11 19:45:02','2020-02-11 19:45:02','Sprint 33','Sprint 33',114,NULL),(115,'22cf54a1fedd4fc7969e131c18299091','2020-02-11 19:45:02','2020-02-11 19:45:02','Sprint 34','Sprint 34',115,NULL),(116,'b2f324d59d9441b58d6208cf239299f8','2020-02-11 19:45:02','2020-02-11 19:45:02','Sprint 35','Sprint 35',116,NULL),(117,'cf67ad93e1834098b41b35f02d025033','2020-02-11 19:45:02','2020-02-11 19:45:02','Sprint 37','Sprint 37',117,NULL),(118,'fbe61807315d48b58ee29bc289660f2d','2020-02-11 19:45:02','2020-02-11 19:45:02','Sprint 38','Sprint 38',118,NULL),(119,'ff48834206324bf894d24abad573dd42','2020-02-11 19:45:02','2020-02-11 19:45:02','Sprint 39','Sprint 39',119,NULL),(120,'d5ece1bb7b114869b37e162cf932363a','2020-02-11 19:45:02','2020-02-11 19:45:02','Sprint 40','Sprint 40',120,NULL),(121,'669564f82fbb4693bd76f87697458667','2020-02-11 19:45:02','2020-02-11 19:45:02','Sprint 41','Sprint 41',121,NULL),(122,'77d4eb6acf2f4141ae4faa9a1bbadf44','2020-02-11 19:45:02','2020-02-11 19:45:02','Sprint 42','Sprint 42',122,NULL),(123,'3b44c967b6d3460ba9c16585665b86f7','2020-02-11 19:45:02','2020-02-11 19:45:02','Sprint 43','Sprint 43',123,NULL),(124,'a76bab0a4d1c418db0d656a72992a497','2020-02-11 19:45:03','2020-02-11 19:45:03','Sprint 44','Sprint 44',124,NULL),(125,'34f417012c6440d8b16028497eed56f7','2020-02-11 19:45:03','2020-02-11 19:45:03','Limbo','Limbo',125,NULL),(126,'e8a4b47134434acda2f68c1c36b548be','2020-02-11 19:45:03','2020-02-11 19:45:03','Sprint 39','Sprint 39',126,NULL),(127,'ffe6aad618c74c0b941f32154f5ccfe6','2020-02-11 19:45:03','2020-02-11 19:45:03','Sprint 40','Sprint 40',127,NULL),(128,'e56ece56ed284baabea1cdc0cc8e9528','2020-02-11 19:45:03','2020-02-11 19:45:03','Sprint 41','Sprint 41',128,NULL),(129,'69f8b7ccbf094d83a20d56dc4b2b5db9','2020-02-11 19:45:03','2020-02-11 19:45:03','Sprint 42','Sprint 42',129,NULL),(130,'43c1bbabad6c44e28ab7629c58b9f35b','2020-02-11 19:45:03','2020-02-11 19:45:03','Sprint 43','Sprint 43',130,NULL),(131,'19c60d630cd148078c4210766bdc2244','2020-02-11 19:45:03','2020-02-11 19:45:03','Sprint 44','Sprint 44',131,NULL),(132,'cf55d7e92630467eb3066563c496acec','2020-02-11 19:45:03','2020-02-11 19:45:03','Limbo','Limbo',132,NULL),(133,'79a53f40c3a349e6904b06fd10e0f4d3','2020-02-11 19:45:03','2020-02-11 19:45:03','Limbo','Limbo',133,NULL),(134,'8f43d5bf617044a88fb606f2f1bf61a7','2020-02-11 19:45:03','2020-02-11 19:45:03','Sprint 29','Sprint 29',134,NULL),(135,'272ed66aa5fc4a3ab9286db89c4924fa','2020-02-11 19:45:03','2020-02-11 19:45:03','Sprint 30','Sprint 30',135,NULL),(136,'b4a990a9d7ab45daa5f26da83233889d','2020-02-11 19:45:03','2020-02-11 19:45:03','Sprint 31','Sprint 31',136,NULL),(137,'8be1f7ec32e9437ea66e13d1eb03517a','2020-02-11 19:45:03','2020-02-11 19:45:03','Sprint 32','Sprint 32',137,NULL),(138,'6735909bf98343cf818ab08745f5bdd6','2020-02-11 19:45:04','2020-02-11 19:45:04','Sprint 33','Sprint 33',138,NULL),(139,'4945916a135f4cee864019a3727a2968','2020-02-11 19:45:04','2020-02-11 19:45:04','Sprint 34','Sprint 34',139,NULL),(140,'6aba3dbaea444ca38ebf3593995742a2','2020-02-11 19:45:04','2020-02-11 19:45:04','Sprint 35','Sprint 35',140,NULL),(141,'08433f596fa741bfba829ff789eb6f92','2020-02-11 19:45:04','2020-02-11 19:45:04','Sprint 36','Sprint 36',141,NULL),(142,'dcd58e87a8cd47ebab2f7ad0a7048b8a','2020-02-11 19:45:04','2020-02-11 19:45:04','Sprint 37','Sprint 37',142,NULL),(143,'83ccbb4c60584526bf6971dad2cf1316','2020-02-11 19:45:04','2020-02-11 19:45:04','Sprint 38','Sprint 38',143,NULL),(144,'095d6b59bb6942988f4a969866bfcab7','2020-02-11 19:45:04','2020-02-11 19:45:04','Sprint 39','Sprint 39',144,NULL),(145,'6f759ef70a6849c08df5020016f0cfdc','2020-02-11 19:45:04','2020-02-11 19:45:04','Sprint 40','Sprint 40',145,NULL),(146,'e9a08f0b2d3744ff9036e934fcfe9a6a','2020-02-11 19:45:04','2020-02-11 19:45:04','Limbo','Limbo',146,NULL),(147,'2fff9cf16816437c866a4fe5c163f17e','2020-02-11 19:45:04','2020-02-11 19:45:04','Sprint 14','Sprint 14',147,NULL),(148,'8a1302f560f14f169651d9f1618ffa96','2020-02-11 19:45:04','2020-02-11 19:45:04','Sprint 15','Sprint 15',148,NULL),(149,'2fe78453e3574427a4de5b579c213177','2020-02-11 19:45:04','2020-02-11 19:45:04','Sprint 16','Sprint 16',149,NULL),(150,'ef17d7c04c174f6bbd4f5c8ec4ab3500','2020-02-11 19:45:04','2020-02-11 19:45:04','Sprint 17','Sprint 17',150,NULL),(151,'48c36b57cabc4a0a8b9783662994bf73','2020-02-11 19:45:04','2020-02-11 19:45:04','Sprint 18','Sprint 18',151,NULL),(152,'b57d5e9493ca4e07a9aa8adeccb5dc9e','2020-02-11 19:45:05','2020-02-11 19:45:05','Sprint 19','Sprint 19',152,NULL),(153,'7e4c3236befd4228ae6e070e7e2e3481','2020-02-11 19:45:05','2020-02-11 19:45:05','Sprint 20','Sprint 20',153,NULL),(154,'7f686388e588467c93fb15fe6a5561e6','2020-02-11 19:45:05','2020-02-11 19:45:05','Sprint 21','Sprint 21',154,NULL),(155,'74a978150676491c830a46ec0434b574','2020-02-11 19:45:05','2020-02-11 19:45:05','Sprint 22','Sprint 22',155,NULL),(156,'44f42f0082764eaba542d06fe1e4a09a','2020-02-11 19:45:05','2020-02-11 19:45:05','Sprint 23','Sprint 23',156,NULL),(157,'ea0f41f4d083492995bb81788cda6ac6','2020-02-11 19:45:05','2020-02-11 19:45:05','Limbo','Limbo',157,NULL),(158,'deef0e0cbf064026bc1e27b929baf80f','2020-02-11 19:45:05','2020-02-11 19:45:05','Sprint 25','Sprint 25',158,NULL),(159,'ea8d0f6e4d9c423bb7553f8441221bbf','2020-02-11 19:45:05','2020-02-11 19:45:05','Sprint 26','Sprint 26',159,NULL),(160,'38ad82dc049f4d95b37971da909fd7de','2020-02-11 19:45:05','2020-02-11 19:45:05','Sprint 29','Sprint 29',160,NULL),(161,'4d1a38b969934afebaf42a8e66f7581f','2020-02-11 19:45:05','2020-02-11 19:45:05','Sprint 30','Sprint 30',161,NULL),(162,'d0d2fecec96842f08265858b785d180d','2020-02-11 19:45:05','2020-02-11 19:45:05','Sprint 31','Sprint 31',162,NULL),(163,'a026aafce69c4cc6b895a072dd641495','2020-02-11 19:45:05','2020-02-11 19:45:05','Sprint 32','Sprint 32',163,NULL),(164,'955805b21b6d42cba3ac016185d78f66','2020-02-11 19:45:05','2020-02-11 19:45:05','Sprint 33','Sprint 33',164,NULL),(165,'77fc64ee83f348f4b059ac1b35b60063','2020-02-11 19:45:06','2020-02-11 19:45:06','Sprint 34','Sprint 34',165,NULL),(166,'44e72c795184441dbad98ab1b4279834','2020-02-11 19:45:06','2020-02-11 19:45:06','Sprint 35','Sprint 35',166,NULL),(167,'1d76895bdf0c4b93bee5b59d8716e2b3','2020-02-11 19:45:06','2020-02-11 19:45:06','Sprint 36','Sprint 36',167,NULL),(168,'5d5c8e3923084da19cb6c73457c5fdb1','2020-02-11 19:45:06','2020-02-11 19:45:06','Sprint 37','Sprint 37',168,NULL),(169,'296c94335bc14804ad3d0fbb1d906238','2020-02-11 19:45:06','2020-02-11 19:45:06','Sprint 38','Sprint 38',169,NULL),(170,'0b0a7f9603c14762bf0b1e7d191f2847','2020-02-11 19:45:06','2020-02-11 19:45:06','Sprint 39','Sprint 39',170,NULL),(171,'39f65ce482724360a1bfb3a656f403df','2020-02-11 19:45:06','2020-02-11 19:45:06','Limbo','Limbo',171,NULL),(172,'b093cc2b8abe4b8d8e69f595606a95cc','2020-02-11 19:45:06','2020-02-11 19:45:06','Sprint 36','Sprint 36',172,NULL),(173,'c04085c6f47c4cf3bf159fb5b2ee5ba5','2020-02-11 19:45:06','2020-02-11 19:45:06','Sprint 37','Sprint 37',173,NULL),(174,'78d9da97e3254a73af62c76beaf56c4a','2020-02-11 19:45:06','2020-02-11 19:45:06','Sprint 38','Sprint 38',174,NULL),(175,'412412d91bc2424c896cdfe00b234653','2020-02-11 19:45:06','2020-02-11 19:45:06','Sprint 39','Sprint 39',175,NULL),(176,'7f9a837947fc447892cce06cb2070906','2020-02-11 19:45:06','2020-02-11 19:45:06','Sprint 40','Sprint 40',176,NULL),(177,'05863259b1424b2ab6474931bc26ae4f','2020-02-11 19:45:06','2020-02-11 19:45:06','Sprint 41','Sprint 41',177,NULL),(178,'136ab185d8874803b5bc70d54c085b26','2020-02-11 19:45:06','2020-02-11 19:45:06','Sprint 42','Sprint 42',178,NULL),(179,'8139070c024f43c5834d1af0d17a7f40','2020-02-11 19:45:06','2020-02-11 19:45:06','Sprint 43','Sprint 43',179,NULL),(180,'7b4303f24e784ecd8f2100ce1954421b','2020-02-11 19:45:06','2020-02-11 19:45:06','Limbo','Limbo',180,NULL),(181,'4fca22319da5470ba83142eb512645dc','2020-02-11 19:45:06','2020-02-11 19:45:06','Sprint 14','Sprint 14',181,NULL),(182,'8b1cf51134504cc49c46af0161f1e4ab','2020-02-11 19:45:07','2020-02-11 19:45:07','Sprint 15','Sprint 15',182,NULL),(183,'615737cfd56e40619290e5589bcd1777','2020-02-11 19:45:07','2020-02-11 19:45:07','Sprint 16','Sprint 16',183,NULL),(184,'ef9373f85cc246bf8ae4f46e84850cc5','2020-02-11 19:45:07','2020-02-11 19:45:07','Sprint 17','Sprint 17',184,NULL),(185,'c067383e310c4e02b5e7d32dd1e5a0d0','2020-02-11 19:45:07','2020-02-11 19:45:07','Sprint 18','Sprint 18',185,NULL),(186,'f9fff351311645feb9018b9df3194a51','2020-02-11 19:45:07','2020-02-11 19:45:07','Sprint 19','Sprint 19',186,NULL),(187,'d85fd1f761dd42d2afaf43e9716614f3','2020-02-11 19:45:07','2020-02-11 19:45:07','Sprint 20','Sprint 20',187,NULL),(188,'ce2ae0107b2a4528a0d3a4a579fcdf1a','2020-02-11 19:45:07','2020-02-11 19:45:07','Sprint 21','Sprint 21',188,NULL),(189,'2022c03bb682436298930dbfcee7f6ec','2020-02-11 19:45:07','2020-02-11 19:45:07','Sprint 22','Sprint 22',189,NULL),(190,'fe31028cea124f438c42abbb2320b730','2020-02-11 19:45:07','2020-02-11 19:45:07','Sprint 23','Sprint 23',190,NULL),(191,'74a0129a606d4df481351e9a920b8c06','2020-02-11 19:45:07','2020-02-11 19:45:07','Sprint 24','Sprint 24',191,NULL),(192,'9fe05fa0a65b45ddae5b7017968d9262','2020-02-11 19:45:07','2020-02-11 19:45:07','Sprint 25','Sprint 25',192,NULL),(193,'18f64845f57940b8868a595cb770646b','2020-02-11 19:45:07','2020-02-11 19:45:07','Sprint 26','Sprint 26',193,NULL),(194,'6c4d4d99b37c4ae0b63b677b225f2581','2020-02-11 19:45:08','2020-02-11 19:45:08','Sprint 27','Sprint 27',194,NULL),(195,'f4d37faadde3435a91993d84cc725404','2020-02-11 19:45:08','2020-02-11 19:45:08','Sprint 28','Sprint 28',195,NULL),(196,'fcf0038944364f45a80d1874529872b7','2020-02-11 19:45:08','2020-02-11 19:45:08','Sprint 29','Sprint 29',196,NULL),(197,'fba9eb6f3e444d54906491c964467391','2020-02-11 19:45:08','2020-02-11 19:45:08','Sprint 30','Sprint 30',197,NULL),(198,'b489eb65a2e14f17bfc91b2558db8cc8','2020-02-11 19:45:08','2020-02-11 19:45:08','Sprint 31','Sprint 31',198,NULL),(199,'d3cfda4d2d844f7baa420bfcb2cc1c18','2020-02-11 19:45:08','2020-02-11 19:45:08','Sprint 32','Sprint 32',199,NULL),(200,'c241311e80694957a156a5e78f3991b2','2020-02-11 19:45:08','2020-02-11 19:45:08','Sprint 33','Sprint 33',200,NULL),(201,'7b8f511c5e244f64b48af43d4c1d7277','2020-02-11 19:45:08','2020-02-11 19:45:08','Sprint 34','Sprint 34',201,NULL),(202,'144429746bd442699991a45ad4d042d0','2020-02-11 19:45:08','2020-02-11 19:45:08','Sprint 35','Sprint 35',202,NULL),(203,'192cbcf2a4244d1fa4d5244df3804965','2020-02-11 19:45:08','2020-02-11 19:45:08','Sprint 36','Sprint 36',203,NULL),(204,'a6fb34b6d13242cb8d5f99ce28efc477','2020-02-11 19:45:08','2020-02-11 19:45:08','Sprint 37','Sprint 37',204,NULL),(205,'9692e94b1fb4449c9e4c84ef8ed1fde5','2020-02-11 19:45:08','2020-02-11 19:45:08','Sprint 38','Sprint 38',205,NULL),(206,'19ea4cae0a8943f3a76a28c526962f3a','2020-02-11 19:45:08','2020-02-11 19:45:08','Sprint 39','Sprint 39',206,NULL),(207,'a1ab546020ef472393187cf29763250d','2020-02-11 19:45:08','2020-02-11 19:45:08','Sprint 40','Sprint 40',207,NULL),(208,'737594f16e3f4d11acd8bb7f22aa2532','2020-02-11 19:45:08','2020-02-11 19:45:08','Sprint 41','Sprint 41',208,NULL),(209,'9405233db7474721aef533e0f09c73dd','2020-02-11 19:45:08','2020-02-11 19:45:08','Sprint 42','Sprint 42',209,NULL),(210,'692d6841268f45dc959ebcca07e91b6a','2020-02-11 19:45:08','2020-02-11 19:45:08','Sprint 43','Sprint 43',210,NULL),(211,'515db144f9bf460da978a95e78e4cffa','2020-02-11 19:45:08','2020-02-11 19:45:08','Sprint 44','Sprint 44',211,NULL),(212,'a6a1bf96c9834611aa247581c4ac456b','2020-02-11 19:45:09','2020-02-11 19:45:09','Limbo','Limbo',212,NULL),(213,'56a8bfe62fa74769b24c3b32e4b5dcf8','2020-02-11 19:45:09','2020-02-11 19:45:09','Sprint 14','Sprint 14',213,NULL),(214,'085002e7b60045d2be83a0fcd4054a93','2020-02-11 19:45:09','2020-02-11 19:45:09','Sprint 15','Sprint 15',214,NULL),(215,'557f0e85f5c14b97b40bee0986adbc09','2020-02-11 19:45:09','2020-02-11 19:45:09','Sprint 16','Sprint 16',215,NULL),(216,'15a880eb23f74a00b0eccc2d3b89e7aa','2020-02-11 19:45:09','2020-02-11 19:45:09','Sprint 17','Sprint 17',216,NULL),(217,'3417ecb4bf5a4b4383c6f68874abbddb','2020-02-11 19:45:09','2020-02-11 19:45:09','Sprint 18','Sprint 18',217,NULL),(218,'ef3a0cf90cfb46eba13ec8793dbfa1f8','2020-02-11 19:45:09','2020-02-11 19:45:09','Sprint 19','Sprint 19',218,NULL),(219,'4c70d24407f442ab976b053997efce84','2020-02-11 19:45:09','2020-02-11 19:45:09','Sprint 20','Sprint 20',219,NULL),(220,'1f124456cf094710b011b814a14aac6e','2020-02-11 19:45:09','2020-02-11 19:45:09','Sprint 21','Sprint 21',220,NULL),(221,'c297b3501c1a4cc48a7b3526bf88bb20','2020-02-11 19:45:09','2020-02-11 19:45:09','Sprint 22','Sprint 22',221,NULL),(222,'5c42c3b026d8463795a105c37b7a3563','2020-02-11 19:45:09','2020-02-11 19:45:09','Sprint 23','Sprint 23',222,NULL),(223,'35bd94e16eec4da9a25b2e3b6dacefb4','2020-02-11 19:45:09','2020-02-11 19:45:09','Sprint 24','Sprint 24',223,NULL),(224,'c846c4083101458ba04c80ec547ef432','2020-02-11 19:45:09','2020-02-11 19:45:09','Sprint 25','Sprint 25',224,NULL),(225,'de37e54698854ee1bd3be2546458952c','2020-02-11 19:45:10','2020-02-11 19:45:10','Sprint 26','Sprint 26',225,NULL),(226,'3e6c635c76654c0ba0ed7ce84068f205','2020-02-11 19:45:10','2020-02-11 19:45:10','Sprint 27','Sprint 27',226,NULL),(227,'21b026d8ba984396898369bb9151132f','2020-02-11 19:45:10','2020-02-11 19:45:10','Sprint 28','Sprint 28',227,NULL),(228,'4a1c2cc064a84f24a2157d26bf423039','2020-02-11 19:45:10','2020-02-11 19:45:10','Sprint 29','Sprint 29',228,NULL),(229,'3abc753cf58c428fb64c95d5a1f15008','2020-02-11 19:45:10','2020-02-11 19:45:10','Sprint 30','Sprint 30',229,NULL),(230,'4d6f0bd2c75947b1be8f16987c5f8bb1','2020-02-11 19:45:10','2020-02-11 19:45:10','Sprint 31','Sprint 31',230,NULL),(231,'1bf1a58714024772996a6d207887b7a2','2020-02-11 19:45:10','2020-02-11 19:45:10','Sprint 32','Sprint 32',231,NULL),(232,'ba38a18f026b47adbe617e73832987a5','2020-02-11 19:45:10','2020-02-11 19:45:10','Sprint 33','Sprint 33',232,NULL),(233,'a9db028e39e94fe88ca70124d48f28ac','2020-02-11 19:45:10','2020-02-11 19:45:10','Sprint 34','Sprint 34',233,NULL),(234,'fe0baf918e564e98825ca00b7f9a8bb9','2020-02-11 19:45:10','2020-02-11 19:45:10','Sprint 35','Sprint 35',234,NULL),(235,'c2e5615d5a5a4e4492c9b1667fadec2e','2020-02-11 19:45:10','2020-02-11 19:45:10','Sprint 36','Sprint 36',235,NULL),(236,'ad7e7e6b84044cba9a33cd362ec73391','2020-02-11 19:45:10','2020-02-11 19:45:10','Sprint 37','Sprint 37',236,NULL),(237,'67cced374e5f4eb5ba20006e019735ac','2020-02-11 19:45:10','2020-02-11 19:45:10','Sprint 38','Sprint 38',237,NULL),(238,'153b1ed8c9854eb4a869223993afa7ee','2020-02-11 19:45:11','2020-02-11 19:45:11','Sprint 39','Sprint 39',238,NULL),(239,'2cc450c4761c49afa05a5e22cf300117','2020-02-11 19:45:11','2020-02-11 19:45:11','Sprint 40','Sprint 40',239,NULL),(240,'31777b285dfe4665be28baf1a990905b','2020-02-11 19:45:11','2020-02-11 19:45:11','Sprint 41','Sprint 41',240,NULL),(241,'f83b3735557e4b028ddb8103961e4408','2020-02-11 19:45:11','2020-02-11 19:45:11','Sprint 42','Sprint 42',241,NULL),(242,'6a86e65b218e42b6b96ba729f858a493','2020-02-11 19:45:11','2020-02-11 19:45:11','Sprint 43','Sprint 43',242,NULL),(243,'08d5783fe83c4b67a6c09dbaf63b2f2c','2020-02-11 19:45:11','2020-02-11 19:45:11','Limbo','Limbo',243,NULL),(244,'2fd5d6a262554dae9e2a83018d502bd7','2020-02-11 19:45:11','2020-02-11 19:45:11','Sprint 14','Sprint 14',244,NULL),(245,'75561cc7ea3e43d0b62d53b7d98b9640','2020-02-11 19:45:11','2020-02-11 19:45:11','Sprint 15','Sprint 15',245,NULL),(246,'ff543dd46bf74a69bf35d247c8d145ef','2020-02-11 19:45:11','2020-02-11 19:45:11','Sprint 16','Sprint 16',246,NULL),(247,'247040e003e94f8a9c1cc66010dfe950','2020-02-11 19:45:11','2020-02-11 19:45:11','Sprint 17','Sprint 17',247,NULL),(248,'ef7bd2f834004d9fa1b90b88399aac65','2020-02-11 19:45:11','2020-02-11 19:45:11','Sprint 25','Sprint 25',248,NULL),(249,'8244bceb33b2498f9d8ff2b1303e5ced','2020-02-11 19:45:11','2020-02-11 19:45:11','Sprint 26','Sprint 26',249,NULL);
/*!40000 ALTER TABLE `sprint_backlog` ENABLE KEYS */;
UNLOCK TABLES;

--
-- Table structure for table `sprint_backlog_scrum_development_task`
--

DROP TABLE IF EXISTS `sprint_backlog_scrum_development_task`;
/*!40101 SET @saved_cs_client     = @@character_set_client */;
/*!50503 SET character_set_client = utf8mb4 */;
CREATE TABLE `sprint_backlog_scrum_development_task` (
  `scrum_development_task_id` int(11) DEFAULT NULL,
  `sprint_backlog_id` int(11) DEFAULT NULL,
  KEY `scrum_development_task_id` (`scrum_development_task_id`),
  KEY `sprint_backlog_id` (`sprint_backlog_id`),
  CONSTRAINT `sprint_backlog_scrum_development_task_ibfk_1` FOREIGN KEY (`scrum_development_task_id`) REFERENCES `scrum_development_task` (`id`),
  CONSTRAINT `sprint_backlog_scrum_development_task_ibfk_2` FOREIGN KEY (`sprint_backlog_id`) REFERENCES `sprint_backlog` (`id`)
) ENGINE=InnoDB DEFAULT CHARSET=utf8mb4 COLLATE=utf8mb4_general_ci;
/*!40101 SET character_set_client = @saved_cs_client */;

--
-- Dumping data for table `sprint_backlog_scrum_development_task`
--

LOCK TABLES `sprint_backlog_scrum_development_task` WRITE;
/*!40000 ALTER TABLE `sprint_backlog_scrum_development_task` DISABLE KEYS */;
INSERT INTO `sprint_backlog_scrum_development_task` VALUES (1,179),(2,179),(3,179),(4,179),(5,179),(6,179),(7,179),(8,179),(9,179),(10,179),(11,179),(12,179),(13,179),(14,179),(15,179),(16,179),(17,179),(18,179),(19,179),(20,179),(21,179),(22,179),(23,179),(24,179),(25,179),(26,179),(27,179),(28,179),(29,179),(30,179),(31,179),(32,179),(33,179),(34,210),(35,210),(36,210),(37,210),(38,125),(39,125),(40,130),(41,130),(42,130),(43,130),(44,130),(45,130),(46,170),(47,170),(48,170),(49,170),(50,170),(51,170),(52,170),(53,170),(54,166),(55,166),(56,166),(57,166),(58,166),(59,166),(60,166),(61,166),(62,166),(63,166),(64,170),(65,170),(66,170),(67,170),(68,170),(69,170),(70,179),(71,179),(72,179),(73,179),(74,210),(75,210),(76,210),(77,210),(78,130),(79,130),(80,130),(81,130),(82,130),(83,130),(84,130),(85,130),(86,130),(87,130),(88,210),(89,210),(90,210),(91,210),(92,210),(93,210),(94,210),(95,210),(96,179),(97,179),(98,179),(99,179),(100,179),(101,179),(102,130),(103,130),(104,210),(105,210),(106,210),(107,210),(108,210),(109,210),(110,210),(111,210),(112,179),(113,179),(114,179),(115,179),(116,179),(117,179),(118,210),(119,210),(120,210),(121,210),(122,178),(123,178),(124,178),(125,178),(126,178),(127,178),(128,178),(129,178),(130,210),(131,210),(132,210),(133,210),(134,178),(135,178),(136,209),(137,209),(138,209),(139,209),(140,129),(141,129),(142,209),(143,209),(144,209),(145,209),(146,170),(147,170),(148,209),(149,209),(150,209),(151,209),(152,129),(153,129),(154,129),(155,129),(156,129),(157,129),(158,170),(159,170),(160,170),(161,170),(162,170),(163,170),(164,209),(165,209),(166,209),(167,209),(168,92),(169,92),(170,177),(171,177),(172,177),(173,177),(174,208),(175,208),(176,208),(177,208),(178,208),(179,208),(180,208),(181,208),(182,128),(183,128),(184,128),(185,128),(186,177),(187,177),(188,177),(189,177),(190,177),(191,177),(192,177),(193,177),(194,177),(195,177),(196,177),(197,177),(198,92),(199,92),(200,92),(201,92),(202,92),(203,92),(204,128),(205,128),(206,177),(207,177),(208,128),(209,128),(210,128),(211,128),(212,208),(213,208),(214,208),(215,208),(216,170),(217,170),(218,177),(219,177),(220,177),(221,177),(222,208),(223,208),(224,128),(225,128),(226,201),(227,201),(228,198),(229,198),(230,198),(231,198),(232,198),(233,198),(234,198),(235,198),(236,198),(237,198),(238,198),(239,198),(240,198),(241,198),(242,198),(243,198),(244,198),(245,198),(246,201),(247,201),(248,201),(249,201),(250,188),(251,188),(252,188),(253,188),(254,189),(255,189),(256,189),(257,189),(258,189),(259,189),(260,189),(261,189),(262,188),(263,188),(264,188),(265,188),(266,185),(267,185),(268,198),(269,198),(270,198),(271,198),(272,198),(273,198),(274,198),(275,198),(276,198),(277,198),(278,187),(279,187),(280,127),(281,127),(282,127),(283,127),(284,127),(285,127),(286,151),(287,151),(288,147),(289,147),(290,207),(291,207),(292,207),(293,207),(294,207),(295,207),(296,91),(297,91),(298,176),(299,176),(300,176),(301,176),(302,91),(303,91),(304,176),(305,176),(306,176),(307,176),(308,176),(309,176),(310,176),(311,176),(312,91),(313,91),(314,91),(315,91),(316,133),(317,133),(318,176),(319,176),(320,91),(321,91),(322,91),(323,91),(324,191),(325,191),(326,5),(327,5),(328,143),(329,143),(330,89),(331,89),(332,89),(333,89),(334,174),(335,174),(336,174),(337,174),(338,174),(339,174),(340,174),(341,174),(342,174),(343,174),(344,174),(345,174),(346,174),(347,174),(348,237),(349,237),(350,237),(351,143),(352,143),(353,174),(354,174),(355,4),(356,4),(357,4),(358,4),(359,4),(360,4),(361,4),(362,4),(363,5),(364,5),(365,143),(366,143),(367,143),(368,143),(369,143),(370,143),(371,143),(372,143),(373,143),(374,143),(375,173),(376,173),(377,173),(378,173),(379,173),(380,173),(381,142),(382,142),(383,142),(384,142),(385,142),(386,142),(387,142),(388,142),(389,142),(390,142),(391,142),(392,142),(393,4),(394,4),(395,173),(396,173),(397,141),(398,141),(399,141),(400,141),(401,141),(402,141),(403,141),(404,141),(405,141),(406,141),(407,141),(408,141),(409,141),(410,141),(411,141),(412,141),(413,203),(414,203),(415,203),(416,203),(417,203),(418,203),(419,203),(420,203),(421,203),(422,203),(423,203),(424,203),(425,203),(426,203),(427,166),(428,166),(429,117),(430,117),(431,166),(432,166),(433,203),(434,203),(435,202),(436,202),(437,86),(438,86),(439,86),(440,86),(441,166),(442,166),(443,166),(444,166),(445,166),(446,166),(447,234),(448,234),(449,234),(450,234),(451,234),(452,234),(453,234),(454,234),(455,234),(456,234),(457,166),(458,166),(459,166),(460,166),(461,166),(462,166),(463,202),(464,202),(465,202),(466,202),(467,202),(468,202),(469,166),(470,166),(471,86),(472,86),(473,86),(474,86),(475,234),(476,234),(477,234),(478,234),(479,234),(480,234),(481,166),(482,166),(483,140),(484,140),(485,166),(486,166),(487,140),(488,140),(489,166),(490,166),(491,166),(492,166),(493,166),(494,166),(495,140),(496,140),(497,140),(498,140),(499,140),(500,140),(501,140),(502,140),(503,165),(504,165),(505,165),(506,165),(507,201),(508,201),(509,201),(510,201),(511,201),(512,201),(513,201),(514,201),(515,201),(516,201),(517,201),(518,201),(519,139),(520,139),(521,139),(522,139),(523,165),(524,165),(525,201),(526,201),(527,201),(528,201),(529,165),(530,165),(531,165),(532,165),(533,139),(534,139),(535,85),(536,85),(537,85),(538,85),(539,85),(540,85),(541,85),(542,85),(543,165),(544,165),(545,165),(546,165),(547,165),(548,165),(549,165),(550,165),(551,165),(552,165),(553,165),(554,165),(555,139),(556,139),(557,165),(558,165),(559,139),(560,139),(561,165),(562,165),(563,165),(564,165),(565,138),(566,138),(567,84),(568,84),(569,84),(570,84),(571,84),(572,84),(573,84),(574,84),(575,84),(576,84),(577,138),(578,138),(579,164),(580,164),(581,138),(582,138),(583,164),(584,164),(585,138),(586,138),(587,138),(588,138),(589,138),(590,138),(591,138),(592,138),(593,164),(594,164),(595,164),(596,164),(597,164),(598,164),(599,164),(600,164),(601,164),(602,164),(603,163),(604,163),(605,163),(606,163),(607,83),(608,83),(609,83),(610,83),(611,83),(612,83),(613,83),(614,83),(615,137),(616,137),(617,137),(618,137),(619,83),(620,83),(621,137),(622,137),(623,137),(624,137),(625,137),(626,137),(627,137),(628,137),(629,137),(630,137),(631,162),(632,162),(633,82),(634,82),(635,136),(636,136),(637,136),(638,136),(639,198),(640,198),(641,198),(642,198),(643,162),(644,162),(645,162),(646,162),(647,162),(648,162),(649,162),(650,162),(651,162),(652,162),(653,136),(654,136),(655,82),(656,82),(657,82),(658,82),(659,82),(660,82),(661,82),(662,82),(663,82),(664,82),(665,82),(666,82),(667,162),(668,162),(669,136),(670,136),(671,136),(672,136),(673,162),(674,162),(675,82),(676,82),(677,82),(678,82),(679,82),(680,82),(681,82),(682,82),(683,197),(684,197),(685,162),(686,162),(687,134),(688,134),(689,161),(690,161),(691,161),(692,161),(693,161),(694,161),(695,81),(696,81),(697,81),(698,81),(699,81),(700,81),(701,81),(702,135),(703,135),(704,135),(705,135),(706,197),(707,197),(708,197),(709,197),(710,197),(711,197),(712,135),(713,135),(714,197),(715,197),(716,197),(717,197),(718,197),(719,197),(720,161),(721,161),(722,161),(723,161),(724,197),(725,197),(726,197),(727,197),(728,197),(729,197),(730,197),(731,197),(732,197),(733,197),(734,197),(735,197),(736,197),(737,197),(738,197),(739,197),(740,135),(741,135),(742,135),(743,135),(744,135),(745,135),(746,135),(747,135),(748,161),(749,161),(750,135),(751,135),(752,197),(753,197),(754,161),(755,161),(756,161),(757,161),(758,81),(759,134),(760,134),(761,134),(762,134),(763,160),(764,160),(765,134),(766,134),(767,134),(768,134),(769,134),(770,134),(771,134),(772,134),(773,109),(774,109),(775,109),(776,109),(777,109),(778,109),(779,109),(780,109),(781,109),(782,109),(783,195),(784,195),(785,47),(786,47),(787,109),(788,109),(789,109),(790,109),(791,109),(792,109),(793,109),(794,195),(795,195),(796,195),(797,195),(800,159),(801,159),(802,159),(803,159),(804,79),(805,79),(806,79),(807,79),(808,79),(809,79),(810,79),(811,79),(812,79),(813,79),(814,79),(815,79),(816,195),(817,195),(818,47),(819,47),(820,109),(821,109),(822,47),(823,47),(824,195),(825,195),(826,109),(827,109),(828,109),(829,159),(830,159),(831,109),(832,109),(833,109),(834,109),(835,109),(836,109),(837,109),(838,109),(839,109),(840,109),(841,109),(842,109),(843,47),(844,47),(845,47),(846,47),(847,47),(848,47),(849,47),(850,47),(851,159),(852,159),(853,159),(854,159),(857,159),(858,159),(859,108),(860,108),(861,194),(862,194),(863,194),(864,194),(865,194),(866,194),(867,194),(868,194),(869,194),(870,194),(871,158),(872,158),(873,158),(874,158),(875,193),(876,193),(877,108),(878,108),(879,158),(880,158),(881,158),(882,158),(883,158),(884,158),(885,108),(886,108),(887,108),(888,108),(889,193),(890,193),(891,193),(892,193),(893,107),(894,107),(895,193),(896,193),(897,107),(898,107),(899,220),(900,220),(901,107),(902,192),(903,192),(904,106),(905,106),(906,106),(907,106),(908,158),(909,158),(910,106),(911,106),(912,192),(913,192),(914,192),(915,192),(916,11),(917,11),(918,11),(919,11),(920,106),(921,106),(922,106),(923,106),(924,105),(925,105),(926,105),(927,105),(928,105),(929,105),(930,105),(931,105),(932,191),(933,191),(934,191),(935,191),(936,191),(937,191),(938,191),(939,191),(940,191),(941,191),(942,191),(943,191),(944,191),(945,191),(946,191),(947,191),(948,191),(949,191),(950,191),(951,191),(952,191),(953,191),(954,191),(955,191),(956,191),(957,191),(958,191),(959,191),(960,191),(961,191),(962,191),(963,191),(964,191),(965,191),(966,191),(967,191),(968,191),(969,191),(970,102),(971,102),(972,102),(973,102),(974,105),(975,105),(976,105),(977,105),(978,41),(979,41),(980,104),(981,104),(982,104),(983,104),(984,104),(985,104),(986,104),(987,104),(988,101),(989,101),(990,11),(991,11),(992,10),(993,10),(994,10),(995,10),(996,9),(997,9),(998,103),(999,103),(1000,189),(1001,189),(1002,189),(1003,189),(1004,103),(1005,103),(1006,103),(1007,103),(1008,103),(1009,103),(1010,103),(1011,103),(1012,41),(1013,41),(1014,189),(1015,189),(1016,103),(1017,103),(1018,103),(1019,103),(1020,41),(1021,41),(1022,103),(1023,103),(1024,41),(1025,41),(1026,41),(1027,41),(1028,103),(1029,103),(1030,103),(1031,103),(1032,41),(1033,189),(1034,40),(1035,40),(1036,40),(1037,40),(1038,40),(1039,40),(1040,40),(1041,40),(1042,102),(1043,102),(1044,102),(1045,102),(1046,9),(1047,9),(1048,102),(1049,102),(1050,102),(1051,102),(1052,9),(1053,9),(1054,9),(1055,9),(1056,40),(1057,40),(1058,188),(1059,188),(1060,102),(1061,102),(1062,40),(1063,40),(1064,220),(1065,220),(1066,220),(1067,220),(1068,102),(1069,102),(1070,220),(1071,220),(1072,188),(1073,188),(1074,102),(1075,102),(1076,102),(1077,102),(1078,102),(1079,102),(1080,188),(1081,188),(1082,220),(1083,220),(1084,220),(1085,220),(1086,102),(1087,102),(1088,102),(1089,102),(1090,96),(1091,96),(1092,96),(1093,96),(1094,100),(1095,100),(1096,99),(1097,99),(1098,99),(1099,99),(1100,99),(1101,99),(1102,99),(1103,99),(1104,94),(1105,94),(1106,94),(1107,94),(1108,100),(1109,100),(1110,100),(1111,100),(1112,101),(1113,101),(1114,99),(1115,99),(1116,99),(1117,99),(1118,99),(1119,99),(1120,99),(1121,99),(1122,99),(1123,99),(1124,101),(1125,101),(1126,101),(1127,101),(1128,39),(1129,39),(1130,39),(1131,39),(1132,187),(1133,187),(1134,187),(1135,187),(1136,187),(1137,187),(1138,101),(1139,101),(1140,39),(1141,39),(1142,219),(1143,219),(1144,8),(1145,8),(1146,101),(1147,101),(1148,8),(1149,8),(1150,219),(1151,219),(1152,8),(1153,8),(1154,101),(1155,101),(1156,8),(1157,8),(1158,8),(1159,8),(1160,187),(1161,187),(1162,187),(1163,187),(1164,219),(1165,219),(1166,219),(1167,219),(1168,219),(1169,219),(1170,219),(1171,219),(1172,245),(1173,245),(1174,246),(1175,246),(1176,8),(1177,8),(1178,8),(1179,8),(1180,8),(1181,8),(1182,8),(1183,8),(1184,101),(1185,101),(1186,101),(1187,101),(1188,101),(1189,153),(1190,153),(1191,153),(1192,153),(1193,153),(1194,153),(1195,153),(1196,7),(1197,7),(1200,100),(1201,100),(1202,212),(1203,212),(1204,212),(1205,212),(1206,217),(1207,217),(1208,99),(1209,99),(1210,6),(1211,6),(1212,6),(1213,6),(1214,6),(1215,6),(1216,6),(1217,6),(1218,185),(1219,185),(1220,185),(1221,185),(1222,99),(1223,99),(1224,217),(1225,6),(1226,6),(1227,6),(1228,6),(1229,99),(1230,99),(1231,185),(1232,185),(1233,185),(1234,185),(1235,185),(1236,185),(1237,99),(1238,99),(1239,185),(1240,185),(1241,185),(1242,185),(1243,6),(1244,6),(1245,6),(1246,6),(1247,99),(1248,99),(1249,99),(1250,99),(1251,6),(1252,6),(1253,6),(1254,6),(1255,99),(1256,99),(1257,185),(1258,185),(1259,217),(1260,217),(1261,217),(1262,217),(1263,217),(1264,99),(1265,99),(1266,37),(1267,37),(1268,37),(1269,37),(1270,99),(1271,99),(1272,6),(1273,6),(1274,6),(1275,6),(1276,185),(1277,185),(1278,185),(1279,185),(1280,185),(1281,185),(1282,151),(1283,151),(1284,151),(1285,151),(1286,151),(1287,151),(1288,151),(1289,151),(1290,151),(1291,151),(1292,151),(1293,151),(1294,98),(1295,98),(1296,98),(1297,98),(1298,184),(1299,184),(1300,184),(1301,184),(1302,36),(1303,36),(1304,184),(1305,184),(1306,184),(1307,184),(1308,184),(1309,184),(1310,184),(1311,184),(1312,184),(1313,184),(1314,184),(1315,184),(1316,184),(1317,184),(1318,184),(1319,184),(1320,184),(1321,184),(1322,184),(1323,184),(1324,184),(1325,184),(1326,184),(1327,184),(1328,184),(1329,184),(1330,184),(1331,184),(1332,184),(1333,184),(1334,184),(1335,184),(1336,4),(1337,4),(1338,5),(1339,5),(1340,36),(1341,36),(1342,36),(1343,36),(1344,5),(1345,5),(1346,98),(1347,98),(1348,36),(1349,36),(1350,184),(1351,184),(1352,98),(1353,98),(1354,98),(1355,98),(1356,36),(1357,36),(1358,36),(1359,36),(1360,36),(1361,36),(1362,36),(1363,36),(1364,5),(1365,5),(1366,98),(1367,98),(1368,98),(1369,98),(1370,5),(1371,5),(1372,35),(1373,35),(1374,35),(1375,35),(1376,35),(1377,35),(1378,35),(1379,35),(1380,4),(1381,4),(1382,246),(1383,246),(1384,35),(1385,35),(1386,97),(1387,97),(1388,97),(1389,97),(1390,97),(1391,97),(1392,183),(1393,183),(1394,183),(1395,183),(1396,183),(1397,183),(1398,4),(1399,4),(1400,4),(1401,4),(1402,246),(1403,246),(1404,97),(1405,97),(1406,97),(1407,97),(1408,215),(1409,97),(1410,97),(1411,246),(1412,246),(1413,246),(1414,246),(1415,212),(1416,212),(1417,97),(1418,97),(1419,97),(1420,97),(1421,96),(1422,96),(1423,182),(1424,182),(1425,148),(1426,148),(1427,148),(1428,148),(1429,3),(1430,3),(1431,34),(1432,34),(1433,3),(1434,3),(1435,3),(1436,3),(1437,96),(1438,96),(1439,96),(1440,96),(1441,96),(1442,96),(1443,96),(1444,96),(1445,148),(1446,148),(1447,245),(1448,245),(1449,3),(1450,3),(1451,34),(1452,34),(1453,34),(1454,34),(1455,34),(1456,34),(1457,34),(1458,34),(1459,34),(1460,34),(1461,3),(1462,3),(1463,3),(1464,3),(1465,3),(1466,3),(1467,3),(1468,3),(1469,96),(1470,96),(1471,96),(1472,96),(1473,96),(1474,96),(1475,212),(1476,212),(1477,3),(1478,3),(1479,212),(1480,212),(1481,96),(1482,96),(1483,96),(1484,96),(1485,245),(1486,245),(1487,96),(1488,96),(1489,96),(1490,96),(1491,3),(1492,3),(1493,3),(1494,3),(1495,182),(1496,182),(1497,245),(1498,245),(1499,96),(1500,96),(1501,96),(1502,96),(1503,3),(1504,3),(1505,245),(1506,245),(1507,245),(1508,245),(1509,182),(1510,182),(1511,182),(1512,182),(1513,212),(1514,212),(1515,212),(1516,212),(1517,212),(1518,212),(1519,245),(1520,245),(1521,3),(1522,3),(1523,3),(1524,3),(1525,245),(1526,245),(1527,245),(1528,245),(1529,3),(1530,3),(1531,245),(1532,245),(1533,3),(1534,3),(1535,3),(1536,3),(1537,3),(1538,3),(1539,96),(1540,96),(1541,96),(1542,96),(1543,96),(1544,96),(1545,243),(1546,243),(1547,32),(1548,32),(1549,3),(1550,3),(1551,3),(1552,3),(1553,33),(1554,33),(1555,243),(1556,243),(1557,245),(1558,245),(1559,148),(1560,148),(1561,148),(1562,148),(1563,95),(1564,95),(1565,95),(1566,95),(1567,147),(1568,147),(1569,32),(1570,32),(1571,32),(1572,32),(1573,2),(1574,2),(1575,2),(1576,2),(1577,2),(1578,2),(1579,2),(1580,2),(1581,2),(1582,2),(1583,2),(1584,2),(1585,2),(1586,2),(1587,244),(1588,244),(1589,244),(1590,244),(1591,95),(1592,95),(1593,181),(1594,181),(1595,95),(1596,95),(1597,180),(1598,180),(1599,33),(1600,33),(1601,33),(1602,33),(1603,33),(1604,33),(1605,147),(1606,147),(1607,147),(1608,147),(1609,146),(1610,146),(1611,146),(1612,95),(1613,95),(1614,180),(1615,180),(1616,180),(1617,180),(1618,180),(1619,180),(1620,180),(1621,180),(1622,181),(1623,181),(1624,181),(1625,181),(1626,181),(1627,181),(1628,181),(1629,181),(1630,95),(1631,95),(1632,181),(1633,181),(1634,95),(1635,95),(1636,95),(1637,95),(1638,181),(1639,181),(1640,2),(1641,2),(1642,181),(1643,181),(1644,181),(1645,181),(1646,95),(1647,95),(1648,95),(1649,95),(1650,180),(1651,180),(1652,180),(1653,180),(1654,180),(1655,180),(1656,180),(1657,180),(1658,180),(1659,180),(1660,180),(1661,180),(1662,147),(1663,147),(1664,147),(1665,147),(1666,180),(1667,180),(1668,95),(1669,95),(1670,212),(1671,244),(1672,244),(1673,244),(1674,244),(1675,147),(1676,147),(1677,147),(1678,147),(1679,147),(1680,147);
/*!40000 ALTER TABLE `sprint_backlog_scrum_development_task` ENABLE KEYS */;
UNLOCK TABLES;

--
-- Table structure for table `sprint_scrum_development_task`
--

DROP TABLE IF EXISTS `sprint_scrum_development_task`;
/*!40101 SET @saved_cs_client     = @@character_set_client */;
/*!50503 SET character_set_client = utf8mb4 */;
CREATE TABLE `sprint_scrum_development_task` (
  `scrum_development_task_id` int(11) DEFAULT NULL,
  `sprint_id` int(11) DEFAULT NULL,
  KEY `scrum_development_task_id` (`scrum_development_task_id`),
  KEY `sprint_id` (`sprint_id`),
  CONSTRAINT `sprint_scrum_development_task_ibfk_1` FOREIGN KEY (`scrum_development_task_id`) REFERENCES `scrum_development_task` (`id`),
  CONSTRAINT `sprint_scrum_development_task_ibfk_2` FOREIGN KEY (`sprint_id`) REFERENCES `sprint` (`id`)
) ENGINE=InnoDB DEFAULT CHARSET=utf8mb4 COLLATE=utf8mb4_general_ci;
/*!40101 SET character_set_client = @saved_cs_client */;

--
-- Dumping data for table `sprint_scrum_development_task`
--

LOCK TABLES `sprint_scrum_development_task` WRITE;
/*!40000 ALTER TABLE `sprint_scrum_development_task` DISABLE KEYS */;
INSERT INTO `sprint_scrum_development_task` VALUES (1,179),(2,179),(3,179),(4,179),(5,179),(6,179),(7,179),(8,179),(9,179),(10,179),(11,179),(12,179),(13,179),(14,179),(15,179),(16,179),(17,179),(18,179),(19,179),(20,179),(21,179),(22,179),(23,179),(24,179),(25,179),(26,179),(27,179),(28,179),(29,179),(30,179),(31,179),(32,179),(33,179),(34,210),(35,210),(36,210),(37,210),(38,125),(39,125),(40,130),(41,130),(42,130),(43,130),(44,130),(45,130),(46,170),(47,170),(48,170),(49,170),(50,170),(51,170),(52,170),(53,170),(54,166),(55,166),(56,166),(57,166),(58,166),(59,166),(60,166),(61,166),(62,166),(63,166),(64,170),(65,170),(66,170),(67,170),(68,170),(69,170),(70,179),(71,179),(72,179),(73,179),(74,210),(75,210),(76,210),(77,210),(78,130),(79,130),(80,130),(81,130),(82,130),(83,130),(84,130),(85,130),(86,130),(87,130),(88,210),(89,210),(90,210),(91,210),(92,210),(93,210),(94,210),(95,210),(96,179),(97,179),(98,179),(99,179),(100,179),(101,179),(102,130),(103,130),(104,210),(105,210),(106,210),(107,210),(108,210),(109,210),(110,210),(111,210),(112,179),(113,179),(114,179),(115,179),(116,179),(117,179),(118,210),(119,210),(120,210),(121,210),(122,178),(123,178),(124,178),(125,178),(126,178),(127,178),(128,178),(129,178),(130,210),(131,210),(132,210),(133,210),(134,178),(135,178),(136,209),(137,209),(138,209),(139,209),(140,129),(141,129),(142,209),(143,209),(144,209),(145,209),(146,170),(147,170),(148,209),(149,209),(150,209),(151,209),(152,129),(153,129),(154,129),(155,129),(156,129),(157,129),(158,170),(159,170),(160,170),(161,170),(162,170),(163,170),(164,209),(165,209),(166,209),(167,209),(168,92),(169,92),(170,177),(171,177),(172,177),(173,177),(174,208),(175,208),(176,208),(177,208),(178,208),(179,208),(180,208),(181,208),(182,128),(183,128),(184,128),(185,128),(186,177),(187,177),(188,177),(189,177),(190,177),(191,177),(192,177),(193,177),(194,177),(195,177),(196,177),(197,177),(198,92),(199,92),(200,92),(201,92),(202,92),(203,92),(204,128),(205,128),(206,177),(207,177),(208,128),(209,128),(210,128),(211,128),(212,208),(213,208),(214,208),(215,208),(216,170),(217,170),(218,177),(219,177),(220,177),(221,177),(222,208),(223,208),(224,128),(225,128),(226,201),(227,201),(228,198),(229,198),(230,198),(231,198),(232,198),(233,198),(234,198),(235,198),(236,198),(237,198),(238,198),(239,198),(240,198),(241,198),(242,198),(243,198),(244,198),(245,198),(246,201),(247,201),(248,201),(249,201),(250,188),(251,188),(252,188),(253,188),(254,189),(255,189),(256,189),(257,189),(258,189),(259,189),(260,189),(261,189),(262,188),(263,188),(264,188),(265,188),(266,185),(267,185),(268,198),(269,198),(270,198),(271,198),(272,198),(273,198),(274,198),(275,198),(276,198),(277,198),(278,187),(279,187),(280,127),(281,127),(282,127),(283,127),(284,127),(285,127),(286,151),(287,151),(288,147),(289,147),(290,207),(291,207),(292,207),(293,207),(294,207),(295,207),(296,91),(297,91),(298,176),(299,176),(300,176),(301,176),(302,91),(303,91),(304,176),(305,176),(306,176),(307,176),(308,176),(309,176),(310,176),(311,176),(312,91),(313,91),(314,91),(315,91),(316,133),(317,133),(318,176),(319,176),(320,91),(321,91),(322,91),(323,91),(324,191),(325,191),(326,5),(327,5),(328,143),(329,143),(330,89),(331,89),(332,89),(333,89),(334,174),(335,174),(336,174),(337,174),(338,174),(339,174),(340,174),(341,174),(342,174),(343,174),(344,174),(345,174),(346,174),(347,174),(348,237),(349,237),(350,237),(351,143),(352,143),(353,174),(354,174),(355,4),(356,4),(357,4),(358,4),(359,4),(360,4),(361,4),(362,4),(363,5),(364,5),(365,143),(366,143),(367,143),(368,143),(369,143),(370,143),(371,143),(372,143),(373,143),(374,143),(375,173),(376,173),(377,173),(378,173),(379,173),(380,173),(381,142),(382,142),(383,142),(384,142),(385,142),(386,142),(387,142),(388,142),(389,142),(390,142),(391,142),(392,142),(393,4),(394,4),(395,173),(396,173),(397,141),(398,141),(399,141),(400,141),(401,141),(402,141),(403,141),(404,141),(405,141),(406,141),(407,141),(408,141),(409,141),(410,141),(411,141),(412,141),(413,203),(414,203),(415,203),(416,203),(417,203),(418,203),(419,203),(420,203),(421,203),(422,203),(423,203),(424,203),(425,203),(426,203),(427,166),(428,166),(429,117),(430,117),(431,166),(432,166),(433,203),(434,203),(435,202),(436,202),(437,86),(438,86),(439,86),(440,86),(441,166),(442,166),(443,166),(444,166),(445,166),(446,166),(447,234),(448,234),(449,234),(450,234),(451,234),(452,234),(453,234),(454,234),(455,234),(456,234),(457,166),(458,166),(459,166),(460,166),(461,166),(462,166),(463,202),(464,202),(465,202),(466,202),(467,202),(468,202),(469,166),(470,166),(471,86),(472,86),(473,86),(474,86),(475,234),(476,234),(477,234),(478,234),(479,234),(480,234),(481,166),(482,166),(483,140),(484,140),(485,166),(486,166),(487,140),(488,140),(489,166),(490,166),(491,166),(492,166),(493,166),(494,166),(495,140),(496,140),(497,140),(498,140),(499,140),(500,140),(501,140),(502,140),(503,165),(504,165),(505,165),(506,165),(507,201),(508,201),(509,201),(510,201),(511,201),(512,201),(513,201),(514,201),(515,201),(516,201),(517,201),(518,201),(519,139),(520,139),(521,139),(522,139),(523,165),(524,165),(525,201),(526,201),(527,201),(528,201),(529,165),(530,165),(531,165),(532,165),(533,139),(534,139),(535,85),(536,85),(537,85),(538,85),(539,85),(540,85),(541,85),(542,85),(543,165),(544,165),(545,165),(546,165),(547,165),(548,165),(549,165),(550,165),(551,165),(552,165),(553,165),(554,165),(555,139),(556,139),(557,165),(558,165),(559,139),(560,139),(561,165),(562,165),(563,165),(564,165),(565,138),(566,138),(567,84),(568,84),(569,84),(570,84),(571,84),(572,84),(573,84),(574,84),(575,84),(576,84),(577,138),(578,138),(579,164),(580,164),(581,138),(582,138),(583,164),(584,164),(585,138),(586,138),(587,138),(588,138),(589,138),(590,138),(591,138),(592,138),(593,164),(594,164),(595,164),(596,164),(597,164),(598,164),(599,164),(600,164),(601,164),(602,164),(603,163),(604,163),(605,163),(606,163),(607,83),(608,83),(609,83),(610,83),(611,83),(612,83),(613,83),(614,83),(615,137),(616,137),(617,137),(618,137),(619,83),(620,83),(621,137),(622,137),(623,137),(624,137),(625,137),(626,137),(627,137),(628,137),(629,137),(630,137),(631,162),(632,162),(633,82),(634,82),(635,136),(636,136),(637,136),(638,136),(639,198),(640,198),(641,198),(642,198),(643,162),(644,162),(645,162),(646,162),(647,162),(648,162),(649,162),(650,162),(651,162),(652,162),(653,136),(654,136),(655,82),(656,82),(657,82),(658,82),(659,82),(660,82),(661,82),(662,82),(663,82),(664,82),(665,82),(666,82),(667,162),(668,162),(669,136),(670,136),(671,136),(672,136),(673,162),(674,162),(675,82),(676,82),(677,82),(678,82),(679,82),(680,82),(681,82),(682,82),(683,197),(684,197),(685,162),(686,162),(687,134),(688,134),(689,161),(690,161),(691,161),(692,161),(693,161),(694,161),(695,81),(696,81),(697,81),(698,81),(699,81),(700,81),(701,81),(702,135),(703,135),(704,135),(705,135),(706,197),(707,197),(708,197),(709,197),(710,197),(711,197),(712,135),(713,135),(714,197),(715,197),(716,197),(717,197),(718,197),(719,197),(720,161),(721,161),(722,161),(723,161),(724,197),(725,197),(726,197),(727,197),(728,197),(729,197),(730,197),(731,197),(732,197),(733,197),(734,197),(735,197),(736,197),(737,197),(738,197),(739,197),(740,135),(741,135),(742,135),(743,135),(744,135),(745,135),(746,135),(747,135),(748,161),(749,161),(750,135),(751,135),(752,197),(753,197),(754,161),(755,161),(756,161),(757,161),(758,81),(759,134),(760,134),(761,134),(762,134),(763,160),(764,160),(765,134),(766,134),(767,134),(768,134),(769,134),(770,134),(771,134),(772,134),(773,109),(774,109),(775,109),(776,109),(777,109),(778,109),(779,109),(780,109),(781,109),(782,109),(783,195),(784,195),(785,47),(786,47),(787,109),(788,109),(789,109),(790,109),(791,109),(792,109),(793,109),(794,195),(795,195),(796,195),(797,195),(800,159),(801,159),(802,159),(803,159),(804,79),(805,79),(806,79),(807,79),(808,79),(809,79),(810,79),(811,79),(812,79),(813,79),(814,79),(815,79),(816,195),(817,195),(818,47),(819,47),(820,109),(821,109),(822,47),(823,47),(824,195),(825,195),(826,109),(827,109),(828,109),(829,159),(830,159),(831,109),(832,109),(833,109),(834,109),(835,109),(836,109),(837,109),(838,109),(839,109),(840,109),(841,109),(842,109),(843,47),(844,47),(845,47),(846,47),(847,47),(848,47),(849,47),(850,47),(851,159),(852,159),(853,159),(854,159),(857,159),(858,159),(859,108),(860,108),(861,194),(862,194),(863,194),(864,194),(865,194),(866,194),(867,194),(868,194),(869,194),(870,194),(871,158),(872,158),(873,158),(874,158),(875,193),(876,193),(877,108),(878,108),(879,158),(880,158),(881,158),(882,158),(883,158),(884,158),(885,108),(886,108),(887,108),(888,108),(889,193),(890,193),(891,193),(892,193),(893,107),(894,107),(895,193),(896,193),(897,107),(898,107),(899,220),(900,220),(901,107),(902,192),(903,192),(904,106),(905,106),(906,106),(907,106),(908,158),(909,158),(910,106),(911,106),(912,192),(913,192),(914,192),(915,192),(916,11),(917,11),(918,11),(919,11),(920,106),(921,106),(922,106),(923,106),(924,105),(925,105),(926,105),(927,105),(928,105),(929,105),(930,105),(931,105),(932,191),(933,191),(934,191),(935,191),(936,191),(937,191),(938,191),(939,191),(940,191),(941,191),(942,191),(943,191),(944,191),(945,191),(946,191),(947,191),(948,191),(949,191),(950,191),(951,191),(952,191),(953,191),(954,191),(955,191),(956,191),(957,191),(958,191),(959,191),(960,191),(961,191),(962,191),(963,191),(964,191),(965,191),(966,191),(967,191),(968,191),(969,191),(970,102),(971,102),(972,102),(973,102),(974,105),(975,105),(976,105),(977,105),(978,41),(979,41),(980,104),(981,104),(982,104),(983,104),(984,104),(985,104),(986,104),(987,104),(988,101),(989,101),(990,11),(991,11),(992,10),(993,10),(994,10),(995,10),(996,9),(997,9),(998,103),(999,103),(1000,189),(1001,189),(1002,189),(1003,189),(1004,103),(1005,103),(1006,103),(1007,103),(1008,103),(1009,103),(1010,103),(1011,103),(1012,41),(1013,41),(1014,189),(1015,189),(1016,103),(1017,103),(1018,103),(1019,103),(1020,41),(1021,41),(1022,103),(1023,103),(1024,41),(1025,41),(1026,41),(1027,41),(1028,103),(1029,103),(1030,103),(1031,103),(1032,41),(1033,189),(1034,40),(1035,40),(1036,40),(1037,40),(1038,40),(1039,40),(1040,40),(1041,40),(1042,102),(1043,102),(1044,102),(1045,102),(1046,9),(1047,9),(1048,102),(1049,102),(1050,102),(1051,102),(1052,9),(1053,9),(1054,9),(1055,9),(1056,40),(1057,40),(1058,188),(1059,188),(1060,102),(1061,102),(1062,40),(1063,40),(1064,220),(1065,220),(1066,220),(1067,220),(1068,102),(1069,102),(1070,220),(1071,220),(1072,188),(1073,188),(1074,102),(1075,102),(1076,102),(1077,102),(1078,102),(1079,102),(1080,188),(1081,188),(1082,220),(1083,220),(1084,220),(1085,220),(1086,102),(1087,102),(1088,102),(1089,102),(1090,96),(1091,96),(1092,96),(1093,96),(1094,100),(1095,100),(1096,99),(1097,99),(1098,99),(1099,99),(1100,99),(1101,99),(1102,99),(1103,99),(1104,94),(1105,94),(1106,94),(1107,94),(1108,100),(1109,100),(1110,100),(1111,100),(1112,101),(1113,101),(1114,99),(1115,99),(1116,99),(1117,99),(1118,99),(1119,99),(1120,99),(1121,99),(1122,99),(1123,99),(1124,101),(1125,101),(1126,101),(1127,101),(1128,39),(1129,39),(1130,39),(1131,39),(1132,187),(1133,187),(1134,187),(1135,187),(1136,187),(1137,187),(1138,101),(1139,101),(1140,39),(1141,39),(1142,219),(1143,219),(1144,8),(1145,8),(1146,101),(1147,101),(1148,8),(1149,8),(1150,219),(1151,219),(1152,8),(1153,8),(1154,101),(1155,101),(1156,8),(1157,8),(1158,8),(1159,8),(1160,187),(1161,187),(1162,187),(1163,187),(1164,219),(1165,219),(1166,219),(1167,219),(1168,219),(1169,219),(1170,219),(1171,219),(1172,245),(1173,245),(1174,246),(1175,246),(1176,8),(1177,8),(1178,8),(1179,8),(1180,8),(1181,8),(1182,8),(1183,8),(1184,101),(1185,101),(1186,101),(1187,101),(1188,101),(1189,153),(1190,153),(1191,153),(1192,153),(1193,153),(1194,153),(1195,153),(1196,7),(1197,7),(1200,100),(1201,100),(1202,212),(1203,212),(1204,212),(1205,212),(1206,217),(1207,217),(1208,99),(1209,99),(1210,6),(1211,6),(1212,6),(1213,6),(1214,6),(1215,6),(1216,6),(1217,6),(1218,185),(1219,185),(1220,185),(1221,185),(1222,99),(1223,99),(1224,217),(1225,6),(1226,6),(1227,6),(1228,6),(1229,99),(1230,99),(1231,185),(1232,185),(1233,185),(1234,185),(1235,185),(1236,185),(1237,99),(1238,99),(1239,185),(1240,185),(1241,185),(1242,185),(1243,6),(1244,6),(1245,6),(1246,6),(1247,99),(1248,99),(1249,99),(1250,99),(1251,6),(1252,6),(1253,6),(1254,6),(1255,99),(1256,99),(1257,185),(1258,185),(1259,217),(1260,217),(1261,217),(1262,217),(1263,217),(1264,99),(1265,99),(1266,37),(1267,37),(1268,37),(1269,37),(1270,99),(1271,99),(1272,6),(1273,6),(1274,6),(1275,6),(1276,185),(1277,185),(1278,185),(1279,185),(1280,185),(1281,185),(1282,151),(1283,151),(1284,151),(1285,151),(1286,151),(1287,151),(1288,151),(1289,151),(1290,151),(1291,151),(1292,151),(1293,151),(1294,98),(1295,98),(1296,98),(1297,98),(1298,184),(1299,184),(1300,184),(1301,184),(1302,36),(1303,36),(1304,184),(1305,184),(1306,184),(1307,184),(1308,184),(1309,184),(1310,184),(1311,184),(1312,184),(1313,184),(1314,184),(1315,184),(1316,184),(1317,184),(1318,184),(1319,184),(1320,184),(1321,184),(1322,184),(1323,184),(1324,184),(1325,184),(1326,184),(1327,184),(1328,184),(1329,184),(1330,184),(1331,184),(1332,184),(1333,184),(1334,184),(1335,184),(1336,4),(1337,4),(1338,5),(1339,5),(1340,36),(1341,36),(1342,36),(1343,36),(1344,5),(1345,5),(1346,98),(1347,98),(1348,36),(1349,36),(1350,184),(1351,184),(1352,98),(1353,98),(1354,98),(1355,98),(1356,36),(1357,36),(1358,36),(1359,36),(1360,36),(1361,36),(1362,36),(1363,36),(1364,5),(1365,5),(1366,98),(1367,98),(1368,98),(1369,98),(1370,5),(1371,5),(1372,35),(1373,35),(1374,35),(1375,35),(1376,35),(1377,35),(1378,35),(1379,35),(1380,4),(1381,4),(1382,246),(1383,246),(1384,35),(1385,35),(1386,97),(1387,97),(1388,97),(1389,97),(1390,97),(1391,97),(1392,183),(1393,183),(1394,183),(1395,183),(1396,183),(1397,183),(1398,4),(1399,4),(1400,4),(1401,4),(1402,246),(1403,246),(1404,97),(1405,97),(1406,97),(1407,97),(1408,215),(1409,97),(1410,97),(1411,246),(1412,246),(1413,246),(1414,246),(1415,212),(1416,212),(1417,97),(1418,97),(1419,97),(1420,97),(1421,96),(1422,96),(1423,182),(1424,182),(1425,148),(1426,148),(1427,148),(1428,148),(1429,3),(1430,3),(1431,34),(1432,34),(1433,3),(1434,3),(1435,3),(1436,3),(1437,96),(1438,96),(1439,96),(1440,96),(1441,96),(1442,96),(1443,96),(1444,96),(1445,148),(1446,148),(1447,245),(1448,245),(1449,3),(1450,3),(1451,34),(1452,34),(1453,34),(1454,34),(1455,34),(1456,34),(1457,34),(1458,34),(1459,34),(1460,34),(1461,3),(1462,3),(1463,3),(1464,3),(1465,3),(1466,3),(1467,3),(1468,3),(1469,96),(1470,96),(1471,96),(1472,96),(1473,96),(1474,96),(1475,212),(1476,212),(1477,3),(1478,3),(1479,212),(1480,212),(1481,96),(1482,96),(1483,96),(1484,96),(1485,245),(1486,245),(1487,96),(1488,96),(1489,96),(1490,96),(1491,3),(1492,3),(1493,3),(1494,3),(1495,182),(1496,182),(1497,245),(1498,245),(1499,96),(1500,96),(1501,96),(1502,96),(1503,3),(1504,3),(1505,245),(1506,245),(1507,245),(1508,245),(1509,182),(1510,182),(1511,182),(1512,182),(1513,212),(1514,212),(1515,212),(1516,212),(1517,212),(1518,212),(1519,245),(1520,245),(1521,3),(1522,3),(1523,3),(1524,3),(1525,245),(1526,245),(1527,245),(1528,245),(1529,3),(1530,3),(1531,245),(1532,245),(1533,3),(1534,3),(1535,3),(1536,3),(1537,3),(1538,3),(1539,96),(1540,96),(1541,96),(1542,96),(1543,96),(1544,96),(1545,243),(1546,243),(1547,32),(1548,32),(1549,3),(1550,3),(1551,3),(1552,3),(1553,33),(1554,33),(1555,243),(1556,243),(1557,245),(1558,245),(1559,148),(1560,148),(1561,148),(1562,148),(1563,95),(1564,95),(1565,95),(1566,95),(1567,147),(1568,147),(1569,32),(1570,32),(1571,32),(1572,32),(1573,2),(1574,2),(1575,2),(1576,2),(1577,2),(1578,2),(1579,2),(1580,2),(1581,2),(1582,2),(1583,2),(1584,2),(1585,2),(1586,2),(1587,244),(1588,244),(1589,244),(1590,244),(1591,95),(1592,95),(1593,181),(1594,181),(1595,95),(1596,95),(1597,180),(1598,180),(1599,33),(1600,33),(1601,33),(1602,33),(1603,33),(1604,33),(1605,147),(1606,147),(1607,147),(1608,147),(1609,146),(1610,146),(1611,146),(1612,95),(1613,95),(1614,180),(1615,180),(1616,180),(1617,180),(1618,180),(1619,180),(1620,180),(1621,180),(1622,181),(1623,181),(1624,181),(1625,181),(1626,181),(1627,181),(1628,181),(1629,181),(1630,95),(1631,95),(1632,181),(1633,181),(1634,95),(1635,95),(1636,95),(1637,95),(1638,181),(1639,181),(1640,2),(1641,2),(1642,181),(1643,181),(1644,181),(1645,181),(1646,95),(1647,95),(1648,95),(1649,95),(1650,180),(1651,180),(1652,180),(1653,180),(1654,180),(1655,180),(1656,180),(1657,180),(1658,180),(1659,180),(1660,180),(1661,180),(1662,147),(1663,147),(1664,147),(1665,147),(1666,180),(1667,180),(1668,95),(1669,95),(1670,212),(1671,244),(1672,244),(1673,244),(1674,244),(1675,147),(1676,147),(1677,147),(1678,147),(1679,147),(1680,147);
/*!40000 ALTER TABLE `sprint_scrum_development_task` ENABLE KEYS */;
UNLOCK TABLES;

--
-- Table structure for table `team`
--

DROP TABLE IF EXISTS `team`;
/*!40101 SET @saved_cs_client     = @@character_set_client */;
/*!50503 SET character_set_client = utf8mb4 */;
CREATE TABLE `team` (
  `id` int(11) NOT NULL AUTO_INCREMENT,
  `uuid` char(32) COLLATE utf8mb4_general_ci NOT NULL,
  `date_created` datetime DEFAULT NULL,
  `date_modified` datetime DEFAULT NULL,
  `name` varchar(200) COLLATE utf8mb4_general_ci DEFAULT NULL,
  `description` text COLLATE utf8mb4_general_ci,
  `type` varchar(50) COLLATE utf8mb4_general_ci DEFAULT NULL,
  `organization_id` int(11) DEFAULT NULL,
  PRIMARY KEY (`id`),
  UNIQUE KEY `uuid` (`uuid`),
  KEY `organization_id` (`organization_id`),
  CONSTRAINT `team_ibfk_1` FOREIGN KEY (`organization_id`) REFERENCES `organization` (`id`)
) ENGINE=InnoDB AUTO_INCREMENT=31 DEFAULT CHARSET=utf8mb4 COLLATE=utf8mb4_general_ci;
/*!40101 SET character_set_client = @saved_cs_client */;

--
-- Dumping data for table `team`
--

LOCK TABLES `team` WRITE;
/*!40000 ALTER TABLE `team` DISABLE KEYS */;
INSERT INTO `team` VALUES (1,'66f7243ef79a445a80e67dbca86e559e','2020-02-11 19:44:43','2020-02-11 19:44:43','Detran','','scrum_team',1),(2,'a4e9953be0db44f18bddd032071a02b4','2020-02-11 19:44:43','2020-02-11 19:44:43','Detran','','development_team',NULL),(3,'daa04a7d3bae4b91b61a3c2c74a64850','2020-02-11 19:44:43','2020-02-11 19:44:43','Empregabilidade','','scrum_team',1),(4,'aa4541c3f69d4da09f90658a9aca9c3c','2020-02-11 19:44:43','2020-02-11 19:44:43','Empregabilidade','','development_team',NULL),(5,'8b4a8065e5ba4ac68c627cf4162a2049','2020-02-11 19:44:43','2020-02-11 19:44:43','prodest-espm Team','The default project team.','scrum_team',1),(6,'8b315ad0be7f4238b03f2156dcf87f64','2020-02-11 19:44:43','2020-02-11 19:44:43','prodest-espm Team','The default project team.','development_team',NULL),(7,'1d29308215e64c4b86a0dad68b67d8b4','2020-02-11 19:44:43','2020-02-11 19:44:43','disque_denuncia','Equipe do Doacao de Sangue','scrum_team',1),(8,'a847b3c7cee844f2b6597691fc8bafa4','2020-02-11 19:44:43','2020-02-11 19:44:43','disque_denuncia','Equipe do Doacao de Sangue','development_team',NULL),(9,'2faf7f5b90454e46814ec5124bb53e4c','2020-02-11 19:44:44','2020-02-11 19:44:44','chabot','Equipe do Chatbot','scrum_team',1),(10,'a01c9c0277df4474ae6a1b7812201c90','2020-02-11 19:44:44','2020-02-11 19:44:44','chabot','Equipe do Chatbot','development_team',NULL),(11,'cc9f20a2e1b84144ac3aae9c052b5bcf','2020-02-11 19:44:44','2020-02-11 19:44:44','Google Transit','Equipe do Mobilidade Urbana','scrum_team',1),(12,'80e09bafa3ce4470ac2e017a4c2d8fe2','2020-02-11 19:44:44','2020-02-11 19:44:44','Google Transit','Equipe do Mobilidade Urbana','development_team',NULL),(13,'3c43eea3dd2046739ec0664896029307','2020-02-11 19:44:44','2020-02-11 19:44:44','contra-cheque','','scrum_team',1),(14,'101cfbee92a44fb38bbaab525aa190f1','2020-02-11 19:44:44','2020-02-11 19:44:44','contra-cheque','','development_team',NULL),(15,'31610220cfac45b9bd5451e1e41d23fc','2020-02-11 19:44:44','2020-02-11 19:44:44','PC - BIKE','Projeto voltado a controle de Bikes','scrum_team',1),(16,'35a7e134a57b41f4b3fdc654fdc41fe8','2020-02-11 19:44:45','2020-02-11 19:44:45','PC - BIKE','Projeto voltado a controle de Bikes','development_team',NULL),(17,'46fb9c9fafe748b297ccfa993104ebea','2020-02-11 19:44:45','2020-02-11 19:44:45','Edocs','Equipe do Edocs','scrum_team',1),(18,'c9a74999a48a49c49b67812aef67df8e','2020-02-11 19:44:45','2020-02-11 19:44:45','Edocs','Equipe do Edocs','development_team',NULL),(19,'f7c591d3603e4cbc8c6ed0b253dd7432','2020-02-11 19:44:45','2020-02-11 19:44:45','Gestao','Equipe da Gestao','scrum_team',1),(20,'4221589b8a09405b8550cdda87f0c50a','2020-02-11 19:44:45','2020-02-11 19:44:45','Gestao','Equipe da Gestao','development_team',NULL),(21,'dba3a69c942445ed93bd410a2b71bc97','2020-02-11 19:44:46','2020-02-11 19:44:46','Mobile','Equipe do Mobile','scrum_team',1),(22,'d279e59f8ce444e5a3beb93acb2b955b','2020-02-11 19:44:46','2020-02-11 19:44:46','Mobile','Equipe do Mobile','development_team',NULL),(23,'7ba07924747549d5962930eb121e96e8','2020-02-11 19:44:46','2020-02-11 19:44:46','SEDU - Reclamações','Projeto voltado para resolver o problema do controle de reclamações da SEDU dos setores de transporte e alimentação','scrum_team',1),(24,'84e8e07f782e402a92b6a2bde81b70ac','2020-02-11 19:44:46','2020-02-11 19:44:46','SEDU - Reclamações','Projeto voltado para resolver o problema do controle de reclamações da SEDU dos setores de transporte e alimentação','development_team',NULL),(25,'92aa08ea2ff04fea9f3de452b6369784','2020-02-11 19:44:46','2020-02-11 19:44:46','Data Science','Equipe do Data Science','scrum_team',1),(26,'2fa4201c823e4385a5daa9a616551089','2020-02-11 19:44:46','2020-02-11 19:44:46','Data Science','Equipe do Data Science','development_team',NULL),(27,'e6f2cd57d4dd4e8a82fcb17ea8f2b7fd','2020-02-11 19:44:46','2020-02-11 19:44:46','Gateway','Gateway de Serviços','scrum_team',1),(28,'b5ba8ebb60ed4b0f923cd3762f23754e','2020-02-11 19:44:46','2020-02-11 19:44:46','Gateway','Gateway de Serviços','development_team',NULL),(29,'6f40241395cc4507bf7b1b5201c6c1e2','2020-02-11 19:44:46','2020-02-11 19:44:46','Site ESPM','','scrum_team',1),(30,'0ae7af475e8d4aa88c2fd385ae1361be','2020-02-11 19:44:47','2020-02-11 19:44:47','Site ESPM','','development_team',NULL);
/*!40000 ALTER TABLE `team` ENABLE KEYS */;
UNLOCK TABLES;

--
-- Table structure for table `team_member`
--

DROP TABLE IF EXISTS `team_member`;
/*!40101 SET @saved_cs_client     = @@character_set_client */;
/*!50503 SET character_set_client = utf8mb4 */;
CREATE TABLE `team_member` (
  `id` int(11) NOT NULL AUTO_INCREMENT,
  `uuid` char(32) COLLATE utf8mb4_general_ci NOT NULL,
  `date_created` datetime DEFAULT NULL,
  `date_modified` datetime DEFAULT NULL,
  `name` varchar(200) COLLATE utf8mb4_general_ci DEFAULT NULL,
  `description` text COLLATE utf8mb4_general_ci,
  `type` varchar(50) COLLATE utf8mb4_general_ci DEFAULT NULL,
  `person_id` int(11) DEFAULT NULL,
  `team_id` int(11) DEFAULT NULL,
  `team_role` varchar(200) COLLATE utf8mb4_general_ci NOT NULL,
  PRIMARY KEY (`id`),
  UNIQUE KEY `uuid` (`uuid`),
  KEY `person_id` (`person_id`),
  KEY `team_id` (`team_id`),
  CONSTRAINT `team_member_ibfk_1` FOREIGN KEY (`person_id`) REFERENCES `person` (`id`),
  CONSTRAINT `team_member_ibfk_2` FOREIGN KEY (`team_id`) REFERENCES `team` (`id`)
) ENGINE=InnoDB AUTO_INCREMENT=93 DEFAULT CHARSET=utf8mb4 COLLATE=utf8mb4_general_ci;
/*!40101 SET character_set_client = @saved_cs_client */;

--
-- Dumping data for table `team_member`
--

LOCK TABLES `team_member` WRITE;
/*!40000 ALTER TABLE `team_member` DISABLE KEYS */;
INSERT INTO `team_member` VALUES (1,'f1fb37ee5a41416d92d72c49562cebc7','2020-02-11 19:44:47','2020-02-11 19:44:47','Icaro Duarte Gavazza Lima',NULL,'developer',1,1,''),(2,'99f251d61d164d79bdc9e4f8f7aece9d','2020-02-11 19:44:47','2020-02-11 19:44:47','Maria Luiza Guimaraes Silva Mantovanelli',NULL,'scrum_master',2,1,''),(3,'0b8fdd68712a4fa59a3941a6dfd112bc','2020-02-11 19:44:47','2020-02-11 19:44:47','Marcos Antonio Carneiro de Paula',NULL,'developer',3,1,''),(4,'e1b088a90d7e4bbf8f80ebb3aa7d7fb4','2020-02-11 19:44:48','2020-02-11 19:44:48','Dérick Hogan Pimenta',NULL,'developer',4,1,''),(5,'5457c66d9e7445c9b1b083d1124a2079','2020-02-11 19:44:48','2020-02-11 19:44:48','Paulo Sérgio Santos Júnior',NULL,'scrum_master',5,1,''),(6,'b81fbfb3699c4e888cff846405b065ae','2020-02-11 19:44:48','2020-02-11 19:44:48','Vinicius Gazzoli',NULL,'scrum_master',6,1,''),(7,'9394d56175554b31bb2e4a34120209a0','2020-02-11 19:44:48','2020-02-11 19:44:48','Icaro Duarte Gavazza Lima',NULL,'developer',1,3,''),(8,'ab1aadc220f34ef8a8f1d565e850b838','2020-02-11 19:44:48','2020-02-11 19:44:48','David de Moura Marques',NULL,'developer',7,3,''),(9,'f24f30fcb60a4c6e8885d1f941d20450','2020-02-11 19:44:48','2020-02-11 19:44:48','David Vilaca',NULL,'developer',8,3,''),(10,'f6c8c9dc8f734f8a8f0ff44cab218804','2020-02-11 19:44:48','2020-02-11 19:44:48','Maria Luiza Guimaraes Silva Mantovanelli',NULL,'scrum_master',2,3,''),(11,'9ac1720e6f774d5698245145a292c462','2020-02-11 19:44:48','2020-02-11 19:44:48','Paulo Sérgio Santos Júnior',NULL,'scrum_master',5,3,''),(12,'bfe5d8aa02c143a7a81a1ac41eb4a598','2020-02-11 19:44:48','2020-02-11 19:44:48','Vinicius Gazzoli',NULL,'scrum_master',6,3,''),(13,'f1b91f1b8f8c4252b14b50ee6ab652ba','2020-02-11 19:44:48','2020-02-11 19:44:48','Moises Savedra Omena',NULL,'developer',9,5,''),(14,'9c121a2bba684512b1b124d766d39bd7','2020-02-11 19:44:48','2020-02-11 19:44:48','GAT - Marcelo Antolini Junior',NULL,'developer',10,5,''),(15,'f252ae706c824da0a094ed5879ad7952','2020-02-11 19:44:48','2020-02-11 19:44:48','Maria Luiza Guimaraes Silva Mantovanelli',NULL,'scrum_master',2,5,''),(16,'21bbf4dd61bb44f2bf7c2bad085cbaad','2020-02-11 19:44:49','2020-02-11 19:44:49','Paulo Sérgio Santos Júnior',NULL,'scrum_master',5,5,''),(17,'95dfc765016b4c70a8ba922aafee61ec','2020-02-11 19:44:49','2020-02-11 19:44:49','Magno Macedo De Oliveira',NULL,'developer',11,5,''),(18,'41df9681e45a42ab88d15bcab9cac88c','2020-02-11 19:44:49','2020-02-11 19:44:49','Mateus Garcia',NULL,'developer',12,5,''),(19,'9b531a72844046019e916d96fd5b6485','2020-02-11 19:44:49','2020-02-11 19:44:49','Gary Moura Da Silva',NULL,'developer',13,5,''),(20,'84d6565e8c4f471997312bfec2648ac6','2020-02-11 19:44:49','2020-02-11 19:44:49','Vinicius Gazzoli',NULL,'developer',6,5,''),(21,'728bbe2d437b4e4490045bcf85958f3f','2020-02-11 19:44:49','2020-02-11 19:44:49','David de Moura Marques',NULL,'developer',7,7,''),(22,'314acd9198b0430c9866dfeba25402f4','2020-02-11 19:44:49','2020-02-11 19:44:49','Maria Luiza Guimaraes Silva Mantovanelli',NULL,'scrum_master',2,7,''),(23,'57bc775f6d3a49aabf498ad3c1df9838','2020-02-11 19:44:49','2020-02-11 19:44:49','Paulo Sérgio Santos Júnior',NULL,'scrum_master',5,7,''),(24,'1d283cb1fd754b03baf7e6ee44cb7c66','2020-02-11 19:44:49','2020-02-11 19:44:49','Mateus Garcia',NULL,'developer',12,7,''),(25,'162172a3bd7f4f70838716bebf3794bd','2020-02-11 19:44:49','2020-02-11 19:44:49','Vinicius Gazzoli',NULL,'scrum_master',6,7,''),(26,'4097b7ebccde4aaea3d3ffbcc1692215','2020-02-11 19:44:49','2020-02-11 19:44:49','Icaro Duarte Gavazza Lima',NULL,'developer',1,9,''),(27,'712adbf68bc946b9ba0fe7612161abb8','2020-02-11 19:44:49','2020-02-11 19:44:49','Caio Barbosa',NULL,'developer',14,9,''),(28,'f2190e34118840ffb440f047ff8c0883','2020-02-11 19:44:49','2020-02-11 19:44:49','marcos.torres',NULL,'developer',15,9,''),(29,'4957de5ef4984484ba35721832698b4d','2020-02-11 19:44:49','2020-02-11 19:44:49','Maria Luiza Guimaraes Silva Mantovanelli',NULL,'scrum_master',2,9,''),(30,'f6a228b7a47f44ab8e558ed3738abb5c','2020-02-11 19:44:49','2020-02-11 19:44:49','Paulo Sérgio Santos Júnior',NULL,'scrum_master',5,9,''),(31,'479b45e2b4f6409bb238edf4e1ddcdf5','2020-02-11 19:44:50','2020-02-11 19:44:50','Tarcisio Bruni Rangel',NULL,'developer',16,9,''),(32,'85ebd02155424ca393e08bb0411a6c16','2020-02-11 19:44:50','2020-02-11 19:44:50','Matheus Kleber Rodrigues Barbosa',NULL,'developer',17,11,''),(33,'e0d87a3ae85e4b6199650c4fcab17f0e','2020-02-11 19:44:50','2020-02-11 19:44:50','paulo.junior',NULL,'scrum_master',18,11,''),(34,'9896424ef23c47cb95d9ef8ef6640ce2','2020-02-11 19:44:50','2020-02-11 19:44:50','Maria Luiza Guimaraes Silva Mantovanelli',NULL,'scrum_master',2,11,''),(35,'8bb1772437bd4762b58d1b16e17d5db5','2020-02-11 19:44:50','2020-02-11 19:44:50','Paulo Sérgio Santos Júnior',NULL,'developer',5,11,''),(36,'22b5f028b7f44b4a80a12d463e516c91','2020-02-11 19:44:50','2020-02-11 19:44:50','Mateus Garcia',NULL,'developer',12,11,''),(37,'f89f7323aaa1455b9249087522b2bb60','2020-02-11 19:44:50','2020-02-11 19:44:50','Gary Moura Da Silva',NULL,'developer',13,11,''),(38,'328ac6c48d4a440d81c1fc13920bda58','2020-02-11 19:44:50','2020-02-11 19:44:50','Vinicius Gazzoli',NULL,'scrum_master',6,11,''),(39,'cca92ca5f0844dfda73aeba490012e2c','2020-02-11 19:44:50','2020-02-11 19:44:50','David Vilaca',NULL,'developer',8,13,''),(40,'a4da1a18387d4e32a4fa07315994e445','2020-02-11 19:44:50','2020-02-11 19:44:50','Maria Luiza Guimaraes Silva Mantovanelli',NULL,'scrum_master',2,13,''),(41,'06419ae1297547208a073a730db6a6a9','2020-02-11 19:44:50','2020-02-11 19:44:50','Marcos Antonio Carneiro de Paula',NULL,'developer',3,13,''),(42,'6b501ffdea4b43f9accfad4f7ca2af73','2020-02-11 19:44:50','2020-02-11 19:44:50','Paulo Sérgio Santos Júnior',NULL,'scrum_master',5,13,''),(43,'d06f9ccdef4149d488d6106f054a8522','2020-02-11 19:44:50','2020-02-11 19:44:50','David de Moura Marques',NULL,'scrum_master',7,15,''),(44,'12b88fc9d3e4433eb38c32e451203ec3','2020-02-11 19:44:50','2020-02-11 19:44:50','Maria Luiza Guimaraes Silva Mantovanelli',NULL,'developer',2,15,''),(45,'77a7f4c69de4405f928314a3d284a368','2020-02-11 19:44:50','2020-02-11 19:44:50','Paulo Sérgio Santos Júnior',NULL,'scrum_master',5,15,''),(46,'d1d615c828d3444ca3492e324164ae58','2020-02-11 19:44:51','2020-02-11 19:44:51','Mateus Garcia',NULL,'developer',12,15,''),(47,'04ddec802b6d4f93adc23f8a92d22be3','2020-02-11 19:44:51','2020-02-11 19:44:51','Vinicius Gazzoli',NULL,'developer',6,15,''),(48,'8f9b782293934e168fbc68a0bc61f535','2020-02-11 19:44:51','2020-02-11 19:44:51','David Vilaca',NULL,'developer',8,17,''),(49,'c7dd03c25e274a2cb095a48a333133d9','2020-02-11 19:44:51','2020-02-11 19:44:51','Maria Luiza Guimaraes Silva Mantovanelli',NULL,'scrum_master',2,17,''),(50,'d08a7028fee74947af769cda3ec19eb8','2020-02-11 19:44:51','2020-02-11 19:44:51','Marcos Antonio Carneiro de Paula',NULL,'developer',3,17,''),(51,'3f431802d2ef47908f6e173d79a37e45','2020-02-11 19:44:51','2020-02-11 19:44:51','Paulo Sérgio Santos Júnior',NULL,'scrum_master',5,17,''),(52,'0911399688124478b97b733126d9074a','2020-02-11 19:44:51','2020-02-11 19:44:51','Vinicius Gazzoli',NULL,'scrum_master',6,17,''),(53,'7a65ff61dc2d42c992637abeafba0c47','2020-02-11 19:44:51','2020-02-11 19:44:51','Maria Luiza Guimaraes Silva Mantovanelli',NULL,'scrum_master',2,19,''),(54,'740aa8305c29428c8394317d050417f8','2020-02-11 19:44:51','2020-02-11 19:44:51','Paulo Sérgio Santos Júnior',NULL,'scrum_master',5,19,''),(55,'c2328d4c124e4a75a9aca0eff482209d','2020-02-11 19:44:51','2020-02-11 19:44:51','Vinicius Gazzoli',NULL,'scrum_master',6,19,''),(56,'17b1680489a741338d69a93694a47f68','2020-02-11 19:44:51','2020-02-11 19:44:51','Paulo Sérgio dos Santos',NULL,'developer',19,21,''),(57,'40eab95c20664508ab9983462082363d','2020-02-11 19:44:51','2020-02-11 19:44:51','Maria Luiza Guimaraes Silva Mantovanelli',NULL,'scrum_master',2,21,''),(58,'be5ffbe24fd04463baf7792fd89e1f50','2020-02-11 19:44:51','2020-02-11 19:44:51','Paulo Sérgio Santos Júnior',NULL,'scrum_master',5,21,''),(59,'e390775d653c49309d3b107ad0085645','2020-02-11 19:44:51','2020-02-11 19:44:51','Gary Moura Da Silva',NULL,'developer',13,21,''),(60,'bb73ec26661a43acac61225dd7da4b15','2020-02-11 19:44:51','2020-02-11 19:44:51','Ivonildo Bispo dos Santos',NULL,'developer',20,21,''),(61,'89d2461d5f034c58bdcc631c539d2bb1','2020-02-11 19:44:51','2020-02-11 19:44:51','Matheus Kleber Rodrigues Barbosa',NULL,'developer',17,23,''),(62,'c16693429f614db0816bf707742398d0','2020-02-11 19:44:51','2020-02-11 19:44:51','Paulo Sérgio dos Santos',NULL,'developer',19,23,''),(63,'20c9711d605b4343be164bea178e6f1d','2020-02-11 19:44:51','2020-02-11 19:44:51','Maria Luiza Guimaraes Silva Mantovanelli',NULL,'developer',2,23,''),(64,'a69e665e8d294054bd600f6719552141','2020-02-11 19:44:52','2020-02-11 19:44:52','Paulo Sérgio Santos Júnior',NULL,'scrum_master',5,23,''),(65,'5d995ad4cf76489a99cceeb89defe3b6','2020-02-11 19:44:52','2020-02-11 19:44:52','Gary Moura Da Silva',NULL,'developer',13,23,''),(66,'442ff99f62524a6b95aef5a618a3dd75','2020-02-11 19:44:52','2020-02-11 19:44:52','Vinicius Gazzoli',NULL,'developer',6,23,''),(67,'dbe819bbde0041aeb5bea641364003ea','2020-02-11 19:44:52','2020-02-11 19:44:52','Ivonildo Bispo dos Santos',NULL,'developer',20,23,''),(68,'6af57888adff4bb3bb62989bdf2ec8e2','2020-02-11 19:44:52','2020-02-11 19:44:52','Helen França Medeiros',NULL,'developer',21,25,''),(69,'7b1ef08793f040cca09cc8979c089ace','2020-02-11 19:44:52','2020-02-11 19:44:52','paulo.junior',NULL,'scrum_master',18,25,''),(70,'ddc07108c895460c9fcc2742235aab4d','2020-02-11 19:44:52','2020-02-11 19:44:52','Maria Luiza Guimaraes Silva Mantovanelli',NULL,'scrum_master',2,25,''),(71,'54f5768ffc8b425b932983848336553a','2020-02-11 19:44:52','2020-02-11 19:44:52','Paulo Sérgio Santos Júnior',NULL,'developer',5,25,''),(72,'2299841316464a3db332460e12fa9848','2020-02-11 19:44:52','2020-02-11 19:44:52','Magno Macedo De Oliveira',NULL,'developer',11,25,''),(73,'ee44fbf1338e4c24b85df44f540db1ce','2020-02-11 19:44:52','2020-02-11 19:44:52','Lucas Gomes Flegler',NULL,'developer',22,25,''),(74,'253d87ebb611444aae325bfd67c8f7ad','2020-02-11 19:44:52','2020-02-11 19:44:52','Vinicius Gazzoli',NULL,'scrum_master',6,25,''),(75,'8bbe3d70965e4b93a36638448b004c4d','2020-02-11 19:44:52','2020-02-11 19:44:52','Icaro Duarte Gavazza Lima',NULL,'developer',1,27,''),(76,'2465b6126e304306915683b32b8a86fa','2020-02-11 19:44:52','2020-02-11 19:44:52','David de Moura Marques',NULL,'developer',7,27,''),(77,'44a5ecbc15594b7ebabf2a1dbc03e98d','2020-02-11 19:44:52','2020-02-11 19:44:52','Matheus Kleber Rodrigues Barbosa',NULL,'developer',17,27,''),(78,'4c69f6243daa4538b600eb73c576a49c','2020-02-11 19:44:53','2020-02-11 19:44:53','Matheus Bastos Teixeira',NULL,'developer',23,27,''),(79,'347212ead2084885adad017c650c91fe','2020-02-11 19:44:53','2020-02-11 19:44:53','Maria Luiza Guimaraes Silva Mantovanelli',NULL,'scrum_master',2,27,''),(80,'af91d3d029d741ee87f9adc6ed5882a2','2020-02-11 19:44:53','2020-02-11 19:44:53','Paulo Sérgio Santos Júnior',NULL,'scrum_master',5,27,''),(81,'097fe5870641439cbbd8f03f7325c634','2020-02-11 19:44:53','2020-02-11 19:44:53','Lucas Gomes Flegler',NULL,'developer',22,27,''),(82,'f135f03cfa874640b43406131135d1d1','2020-02-11 19:44:53','2020-02-11 19:44:53','Vinicius Gazzoli',NULL,'scrum_master',6,27,''),(83,'40a5a9b182d14af8a93f1a0c7d9c11a0','2020-02-11 19:44:53','2020-02-11 19:44:53','Maria Luiza Guimaraes Silva Mantovanelli',NULL,'scrum_master',2,29,''),(84,'dd3f502caefa45349f75ece0de9e6cda','2020-02-11 19:44:53','2020-02-11 19:44:53','Paulo Sérgio Santos Júnior',NULL,'scrum_master',5,29,''),(85,'f3749bc1e39749f19250cfea4218054c','2020-02-11 19:44:53','2020-02-11 19:44:53','Ivonildo Bispo dos Santos',NULL,'scrum_master',20,29,''),(86,'b25299637a624d22be8c0542071ef96c','2020-02-11 19:45:38','2020-02-11 19:45:38','David de Moura Marques',NULL,'developer',7,2,''),(87,'9534c0be1fd44e6eb2413d3c27764e3b','2020-02-11 19:45:45','2020-02-11 19:45:45','Marcos Antonio Carneiro de Paula',NULL,'developer',3,4,''),(88,'875b03ed3149464a829bc0cbfb9a64c3','2020-02-11 19:45:53','2020-02-11 19:45:53','Ivonildo Bispo dos Santos',NULL,'developer',20,4,''),(89,'88f331771c3b487087daa8512f5c51a3','2020-02-11 19:51:48','2020-02-11 19:51:48','Marcos Antonio Carneiro de Paula',NULL,'developer',3,28,''),(90,'6f723694acb040ef9cdf29f7806b497c','2020-02-11 19:53:00','2020-02-11 19:53:00','Mateus Garcia',NULL,'developer',12,28,''),(91,'f85e04dd7cfd4fa293910f14e9843d53','2020-02-11 19:53:29','2020-02-11 19:53:29','Ivonildo Bispo dos Santos',NULL,'developer',20,28,''),(92,'4dd9e5eb6a7945aca3e6b5ccced96a3e','2020-02-11 19:55:11','2020-02-11 19:55:11','Magno Macedo De Oliveira',NULL,'developer',11,2,'');
/*!40000 ALTER TABLE `team_member` ENABLE KEYS */;
UNLOCK TABLES;

--
-- Table structure for table `team_member_scrum_development_task`
--

DROP TABLE IF EXISTS `team_member_scrum_development_task`;
/*!40101 SET @saved_cs_client     = @@character_set_client */;
/*!50503 SET character_set_client = utf8mb4 */;
CREATE TABLE `team_member_scrum_development_task` (
  `scrum_development_task_id` int(11) DEFAULT NULL,
  `team_member_id` int(11) DEFAULT NULL,
  KEY `scrum_development_task_id` (`scrum_development_task_id`),
  KEY `team_member_id` (`team_member_id`),
  CONSTRAINT `team_member_scrum_development_task_ibfk_1` FOREIGN KEY (`scrum_development_task_id`) REFERENCES `scrum_development_task` (`id`),
  CONSTRAINT `team_member_scrum_development_task_ibfk_2` FOREIGN KEY (`team_member_id`) REFERENCES `team_member` (`id`)
) ENGINE=InnoDB DEFAULT CHARSET=utf8mb4 COLLATE=utf8mb4_general_ci;
/*!40101 SET character_set_client = @saved_cs_client */;

--
-- Dumping data for table `team_member_scrum_development_task`
--

LOCK TABLES `team_member_scrum_development_task` WRITE;
/*!40000 ALTER TABLE `team_member_scrum_development_task` DISABLE KEYS */;
INSERT INTO `team_member_scrum_development_task` VALUES (2,61),(3,61),(4,61),(5,61),(6,65),(8,65),(9,65),(16,61),(17,61),(18,61),(19,61),(20,61),(21,61),(22,65),(23,65),(24,65),(25,65),(26,65),(27,65),(28,61),(29,61),(30,61),(31,61),(32,61),(33,61),(34,73),(35,73),(36,73),(37,73),(38,41),(39,41),(40,39),(41,39),(42,39),(43,39),(44,39),(45,39),(64,60),(65,60),(66,60),(67,60),(68,60),(69,60),(70,65),(71,65),(72,65),(73,65),(74,73),(75,73),(76,68),(77,68),(78,39),(79,39),(80,39),(81,39),(82,39),(83,39),(84,39),(85,39),(86,39),(87,39),(88,68),(89,68),(90,68),(91,68),(92,68),(93,68),(94,68),(95,68),(96,61),(97,61),(98,65),(99,65),(100,65),(101,65),(102,41),(103,41),(104,68),(105,68),(106,68),(107,68),(108,68),(109,68),(110,68),(111,68),(112,61),(113,61),(114,61),(115,61),(116,65),(117,65),(118,68),(119,68),(120,73),(121,73),(122,61),(123,61),(124,61),(125,61),(126,61),(127,61),(128,61),(129,61),(130,73),(131,73),(132,68),(133,68),(134,65),(135,65),(136,73),(137,73),(138,73),(139,73),(140,41),(141,41),(142,73),(143,73),(144,68),(145,68),(146,60),(147,60),(148,73),(149,73),(150,73),(151,73),(152,41),(153,41),(154,41),(155,41),(156,41),(157,41),(158,60),(159,60),(160,60),(161,60),(162,60),(163,60),(164,68),(165,68),(166,68),(167,68),(168,26),(169,26),(170,61),(171,61),(172,61),(173,61),(174,68),(175,68),(176,68),(177,68),(178,73),(179,73),(180,73),(181,73),(182,41),(183,41),(184,41),(185,41),(186,61),(187,61),(188,65),(189,65),(190,65),(191,65),(192,65),(193,65),(194,61),(195,61),(196,61),(197,61),(198,26),(199,26),(204,39),(205,39),(206,65),(207,65),(208,39),(209,39),(210,39),(211,39),(212,73),(213,73),(214,73),(215,73),(216,60),(217,60),(218,65),(219,65),(220,65),(221,65),(222,68),(223,68),(224,39),(225,39),(226,72),(227,72),(228,72),(229,72),(230,72),(231,72),(232,72),(233,72),(234,72),(235,72),(236,72),(237,72),(238,72),(239,72),(240,72),(241,72),(242,72),(243,72),(244,72),(245,72),(246,72),(247,72),(248,72),(249,72),(250,72),(251,72),(252,68),(253,68),(254,73),(255,73),(256,68),(257,68),(258,68),(259,68),(260,68),(261,68),(262,72),(263,72),(264,73),(265,73),(266,72),(267,72),(268,68),(269,68),(270,68),(271,68),(272,68),(273,68),(274,73),(275,73),(276,73),(277,73),(278,68),(279,68),(280,39),(281,39),(282,41),(283,41),(284,41),(285,41),(286,54),(287,54),(288,54),(289,54),(290,68),(291,68),(292,68),(293,68),(294,73),(295,73),(298,65),(299,65),(300,61),(301,61),(302,31),(303,31),(304,61),(305,61),(306,61),(307,61),(308,61),(309,61),(310,61),(311,61),(314,31),(315,31),(316,48),(317,48),(318,65),(319,65),(320,31),(321,31),(324,68),(325,68),(326,3),(327,3),(328,48),(329,48),(330,31),(331,31),(332,31),(333,31),(334,65),(335,65),(336,65),(337,65),(338,65),(339,65),(342,61),(343,61),(344,65),(345,65),(346,65),(347,65),(353,65),(354,65),(355,3),(356,3),(357,3),(358,3),(359,3),(360,3),(361,3),(362,3),(363,3),(364,3),(365,50),(366,50),(367,48),(368,48),(369,50),(370,50),(371,48),(372,48),(373,50),(374,50),(375,61),(376,61),(377,65),(378,65),(379,61),(380,61),(381,50),(382,50),(383,48),(384,48),(385,48),(386,48),(387,50),(388,50),(389,50),(390,50),(391,50),(392,50),(393,3),(394,3),(395,65),(396,65),(397,50),(398,50),(399,50),(400,50),(401,50),(402,50),(403,50),(404,50),(405,50),(406,50),(407,50),(408,50),(409,48),(410,48),(411,50),(412,50),(413,68),(414,68),(415,68),(416,68),(417,68),(418,68),(419,73),(420,73),(421,72),(422,72),(423,73),(424,73),(425,68),(426,68),(427,59),(428,59),(429,32),(430,32),(431,59),(432,59),(433,72),(434,72),(435,73),(436,73),(437,26),(438,26),(439,26),(440,26),(441,59),(442,59),(443,59),(444,59),(445,59),(446,59),(457,60),(458,60),(459,60),(460,60),(461,60),(462,60),(463,73),(464,73),(465,73),(466,73),(467,73),(468,73),(469,59),(470,59),(471,26),(472,26),(473,26),(474,26),(479,77),(480,77),(481,59),(482,59),(483,50),(484,50),(485,59),(486,59),(487,50),(488,50),(489,60),(490,60),(491,60),(492,60),(493,59),(494,59),(495,48),(496,48),(497,48),(498,48),(499,50),(500,50),(501,50),(502,50),(503,59),(504,59),(505,60),(506,60),(507,73),(508,73),(509,73),(510,73),(511,73),(512,73),(513,73),(514,73),(515,73),(516,73),(517,73),(518,73),(519,50),(520,50),(521,50),(522,50),(523,59),(524,59),(525,72),(526,72),(527,72),(528,72),(529,59),(530,59),(531,59),(532,59),(533,48),(534,48),(543,59),(544,59),(545,60),(546,60),(547,60),(548,60),(549,60),(550,60),(551,60),(552,60),(553,60),(554,60),(555,50),(556,50),(557,60),(558,60),(559,48),(560,48),(561,60),(562,60),(563,60),(564,60),(565,50),(566,50),(567,26),(568,26),(569,31),(570,31),(571,31),(572,31),(577,48),(578,48),(579,59),(580,59),(581,50),(582,50),(583,60),(584,60),(585,50),(586,50),(587,48),(588,48),(589,50),(590,50),(591,50),(592,50),(593,60),(594,60),(595,60),(596,60),(597,60),(598,60),(599,59),(600,59),(601,59),(602,59),(603,59),(604,59),(605,60),(606,60),(611,31),(612,31),(613,31),(614,31),(617,50),(618,50),(619,26),(620,26),(621,48),(622,48),(623,48),(624,48),(625,48),(626,48),(627,48),(628,48),(629,50),(630,50),(631,59),(632,59),(633,31),(634,31),(635,50),(636,50),(637,50),(638,50),(643,60),(644,60),(645,60),(646,60),(647,60),(648,60),(649,59),(650,59),(651,59),(652,59),(653,48),(654,48),(655,26),(656,26),(657,26),(658,26),(659,31),(660,31),(661,31),(662,31),(663,31),(664,31),(665,31),(666,31),(667,60),(668,60),(669,48),(670,48),(671,48),(672,48),(673,59),(674,59),(675,31),(676,31),(677,31),(678,31),(679,31),(680,31),(681,31),(682,31),(683,68),(684,68),(685,60),(686,60),(687,50),(688,50),(689,60),(690,60),(691,60),(692,60),(693,60),(694,60),(695,26),(696,31),(697,31),(698,26),(699,26),(700,26),(701,26),(702,50),(703,50),(704,48),(705,48),(706,72),(707,72),(708,72),(709,72),(710,72),(711,72),(712,48),(713,48),(714,72),(715,72),(716,72),(717,72),(718,72),(719,72),(720,59),(721,59),(722,59),(723,59),(724,73),(725,73),(726,73),(727,73),(728,73),(729,73),(730,73),(731,73),(732,73),(733,73),(734,73),(735,73),(736,73),(737,73),(738,73),(739,73),(740,48),(741,48),(742,50),(743,50),(744,50),(745,50),(746,50),(747,50),(748,60),(749,60),(750,48),(751,48),(752,68),(753,68),(754,60),(755,60),(756,60),(757,60),(758,31),(759,48),(760,48),(761,50),(762,50),(765,50),(766,50),(767,50),(768,50),(769,50),(770,50),(771,50),(772,50),(773,37),(774,37),(775,36),(776,36),(777,36),(778,36),(779,32),(780,32),(781,32),(782,32),(783,68),(784,68),(785,87),(786,87),(787,37),(788,36),(789,36),(790,37),(791,37),(794,72),(795,72),(796,68),(797,68),(798,60),(799,60),(804,26),(805,26),(806,31),(807,31),(808,31),(809,31),(810,31),(811,31),(812,26),(813,26),(814,26),(815,26),(816,72),(817,72),(818,7),(819,7),(820,37),(821,37),(822,7),(823,7),(824,73),(825,73),(826,37),(827,37),(828,37),(831,37),(832,37),(833,37),(834,37),(835,37),(836,37),(837,37),(838,37),(839,37),(840,37),(841,32),(842,32),(843,8),(844,8),(845,87),(846,87),(847,87),(848,87),(849,87),(850,87),(855,60),(856,60),(859,37),(860,37),(861,73),(862,73),(863,73),(864,73),(865,73),(866,73),(867,68),(868,68),(869,68),(870,68),(871,60),(872,60),(873,60),(874,60),(875,73),(876,73),(877,32),(878,32),(879,60),(880,60),(881,60),(882,60),(883,60),(884,60),(885,36),(886,36),(887,32),(888,32),(889,72),(890,72),(891,68),(892,68),(893,36),(894,36),(897,37),(898,37),(899,89),(900,89),(901,36),(902,73),(903,73),(904,37),(905,37),(906,37),(907,37),(908,60),(909,60),(910,32),(911,32),(912,73),(913,73),(914,68),(915,68),(916,4),(917,4),(918,3),(919,3),(920,32),(921,32),(922,32),(923,32),(924,36),(925,36),(926,36),(927,36),(928,36),(929,36),(930,32),(931,32),(932,72),(933,72),(934,72),(935,72),(936,68),(937,68),(938,68),(939,68),(940,68),(941,68),(942,68),(943,68),(944,68),(945,68),(946,72),(947,72),(948,73),(949,73),(950,68),(951,68),(952,73),(953,73),(954,73),(955,73),(956,73),(957,73),(958,72),(959,72),(960,68),(961,68),(962,72),(963,72),(964,72),(965,72),(966,72),(967,72),(968,72),(969,72),(974,36),(978,88),(979,88),(980,32),(981,32),(982,32),(983,32),(984,36),(985,36),(986,36),(987,36),(988,37),(989,37),(990,3),(991,3),(992,4),(993,4),(994,4),(995,4),(996,4),(997,4),(998,32),(999,32),(1000,73),(1001,73),(1002,72),(1003,72),(1004,37),(1005,37),(1006,37),(1007,37),(1008,32),(1009,32),(1010,37),(1011,37),(1012,88),(1013,88),(1014,72),(1015,72),(1016,36),(1017,36),(1018,36),(1019,36),(1020,8),(1021,8),(1024,88),(1025,88),(1026,88),(1027,88),(1028,37),(1029,37),(1030,37),(1031,37),(1032,8),(1033,72),(1034,8),(1035,8),(1036,8),(1037,8),(1038,8),(1039,8),(1040,7),(1041,7),(1042,37),(1043,37),(1044,37),(1045,37),(1046,3),(1047,3),(1048,36),(1049,36),(1050,36),(1051,36),(1052,3),(1053,3),(1054,3),(1055,3),(1056,88),(1057,88),(1060,32),(1061,32),(1062,7),(1063,7),(1064,81),(1065,81),(1066,81),(1067,81),(1068,32),(1069,32),(1070,81),(1071,81),(1072,68),(1073,68),(1074,32),(1075,32),(1076,37),(1077,37),(1078,32),(1079,32),(1080,72),(1081,72),(1082,77),(1083,77),(1084,75),(1085,90),(1086,37),(1090,36),(1091,36),(1092,36),(1093,36),(1094,36),(1095,36),(1096,37),(1097,37),(1098,32),(1099,32),(1100,32),(1101,32),(1102,37),(1103,37),(1104,32),(1105,32),(1106,32),(1107,32),(1108,32),(1109,32),(1110,37),(1111,37),(1112,37),(1113,37),(1114,37),(1115,37),(1116,37),(1117,37),(1118,37),(1119,37),(1120,37),(1121,37),(1122,32),(1123,32),(1124,37),(1125,37),(1126,32),(1127,32),(1128,7),(1129,7),(1130,7),(1131,7),(1136,72),(1137,72),(1138,36),(1139,36),(1140,8),(1141,8),(1142,76),(1143,76),(1144,3),(1145,3),(1146,36),(1147,36),(1148,3),(1149,3),(1150,91),(1151,91),(1152,3),(1153,3),(1154,32),(1155,32),(1156,3),(1157,3),(1158,3),(1159,3),(1162,72),(1163,72),(1164,81),(1165,81),(1166,81),(1167,81),(1168,81),(1169,81),(1170,81),(1171,81),(1172,85),(1173,85),(1174,85),(1175,85),(1176,3),(1177,3),(1178,3),(1179,3),(1180,3),(1181,3),(1182,3),(1183,3),(1184,32),(1185,32),(1186,32),(1187,32),(1188,32),(1189,54),(1190,54),(1196,3),(1197,3),(1198,85),(1199,85),(1200,36),(1201,36),(1206,81),(1207,81),(1208,32),(1209,32),(1210,3),(1211,3),(1212,3),(1213,3),(1214,3),(1215,3),(1216,3),(1217,3),(1218,72),(1219,72),(1220,72),(1221,72),(1222,32),(1223,32),(1225,3),(1226,3),(1227,3),(1228,3),(1229,37),(1230,37),(1231,72),(1232,72),(1233,72),(1234,72),(1235,72),(1236,72),(1237,32),(1238,32),(1239,72),(1240,72),(1241,72),(1242,72),(1243,3),(1244,3),(1245,3),(1246,3),(1247,36),(1248,36),(1249,32),(1250,32),(1251,3),(1252,3),(1253,3),(1254,3),(1255,37),(1256,37),(1257,68),(1258,68),(1259,76),(1260,81),(1261,81),(1262,81),(1263,81),(1264,37),(1265,37),(1266,8),(1267,8),(1268,7),(1269,7),(1270,36),(1271,36),(1272,3),(1273,3),(1274,3),(1275,3),(1276,68),(1277,68),(1278,73),(1279,73),(1280,68),(1281,68),(1282,53),(1284,54),(1285,54),(1286,53),(1287,53),(1296,36),(1297,36),(1298,72),(1299,72),(1300,72),(1301,72),(1302,7),(1303,7),(1304,72),(1305,72),(1306,72),(1307,72),(1308,72),(1309,72),(1310,72),(1311,72),(1312,72),(1313,72),(1314,72),(1315,72),(1316,73),(1317,73),(1318,72),(1319,72),(1320,72),(1321,72),(1322,72),(1323,72),(1324,72),(1325,72),(1326,72),(1327,72),(1328,72),(1329,72),(1330,72),(1331,72),(1332,72),(1333,72),(1334,72),(1335,72),(1336,3),(1337,3),(1338,3),(1339,3),(1340,7),(1341,7),(1342,7),(1343,7),(1344,3),(1345,3),(1346,37),(1347,37),(1348,8),(1349,8),(1350,68),(1351,68),(1352,36),(1353,36),(1354,37),(1355,37),(1356,7),(1357,7),(1358,8),(1359,8),(1360,8),(1361,8),(1362,8),(1363,8),(1364,3),(1365,3),(1366,36),(1367,36),(1372,7),(1373,7),(1374,8),(1375,8),(1376,8),(1377,8),(1378,7),(1379,7),(1380,3),(1381,3),(1382,85),(1383,85),(1384,7),(1385,7),(1386,32),(1387,32),(1388,37),(1389,37),(1390,37),(1391,37),(1392,68),(1393,68),(1394,68),(1395,68),(1396,68),(1397,68),(1398,3),(1399,3),(1400,3),(1401,3),(1402,85),(1403,85),(1404,36),(1405,36),(1406,32),(1407,32),(1408,75),(1409,36),(1410,36),(1411,85),(1412,85),(1413,85),(1414,85),(1417,37),(1418,37),(1419,37),(1420,37),(1421,36),(1422,36),(1423,72),(1424,72),(1429,4),(1430,4),(1431,8),(1432,8),(1433,3),(1434,3),(1435,3),(1436,3),(1437,37),(1438,37),(1439,37),(1440,37),(1441,37),(1442,37),(1443,37),(1444,37),(1445,53),(1446,53),(1447,85),(1448,85),(1449,4),(1450,4),(1451,7),(1452,7),(1453,7),(1454,7),(1455,8),(1456,8),(1457,7),(1458,7),(1459,7),(1460,7),(1461,4),(1462,4),(1463,4),(1464,4),(1465,4),(1466,4),(1467,4),(1468,4),(1469,32),(1470,32),(1471,37),(1472,37),(1473,37),(1474,37),(1477,3),(1478,3),(1479,76),(1480,76),(1481,32),(1482,32),(1483,32),(1484,32),(1485,85),(1486,85),(1487,37),(1488,37),(1489,37),(1490,37),(1491,3),(1492,3),(1493,3),(1494,3),(1495,72),(1496,72),(1497,85),(1498,85),(1499,37),(1500,37),(1501,37),(1502,37),(1503,3),(1504,3),(1505,85),(1506,85),(1507,85),(1508,85),(1509,72),(1510,72),(1513,81),(1514,81),(1519,85),(1520,85),(1521,3),(1522,3),(1523,3),(1524,3),(1525,85),(1526,85),(1527,85),(1528,85),(1529,3),(1530,3),(1531,85),(1532,85),(1533,3),(1534,3),(1535,3),(1536,3),(1537,3),(1538,3),(1539,32),(1540,32),(1541,37),(1542,37),(1543,37),(1544,37),(1547,7),(1548,7),(1549,3),(1550,3),(1551,3),(1552,3),(1553,8),(1554,8),(1557,85),(1558,85),(1559,53),(1560,53),(1561,53),(1562,53),(1563,37),(1564,37),(1565,36),(1566,36),(1567,53),(1568,53),(1573,4),(1574,4),(1575,1),(1576,1),(1577,3),(1578,3),(1579,4),(1580,4),(1581,3),(1582,3),(1583,3),(1584,3),(1585,3),(1586,3),(1587,84),(1588,84),(1589,84),(1590,84),(1591,36),(1592,36),(1595,32),(1596,32),(1597,68),(1598,68),(1599,7),(1600,7),(1601,7),(1602,7),(1603,7),(1604,7),(1605,53),(1606,53),(1607,53),(1608,53),(1612,36),(1613,36),(1616,72),(1617,72),(1618,72),(1619,72),(1620,72),(1621,72),(1630,37),(1631,37),(1634,32),(1635,32),(1636,32),(1637,32),(1640,4),(1641,4),(1646,36),(1647,36),(1648,32),(1649,32),(1662,53),(1663,53),(1664,53),(1665,53),(1668,32),(1669,32),(1673,84),(1674,84),(1675,54),(1676,54),(1677,54),(1678,54),(1679,54),(1680,54);
/*!40000 ALTER TABLE `team_member_scrum_development_task` ENABLE KEYS */;
UNLOCK TABLES;

--
-- Table structure for table `user_story`
--

DROP TABLE IF EXISTS `user_story`;
/*!40101 SET @saved_cs_client     = @@character_set_client */;
/*!50503 SET character_set_client = utf8mb4 */;
CREATE TABLE `user_story` (
  `id` int(11) NOT NULL AUTO_INCREMENT,
  `uuid` char(32) COLLATE utf8mb4_general_ci NOT NULL,
  `date_created` datetime DEFAULT NULL,
  `date_modified` datetime DEFAULT NULL,
  `name` varchar(200) COLLATE utf8mb4_general_ci DEFAULT NULL,
  `description` text COLLATE utf8mb4_general_ci,
  `product_backlog` int(11) DEFAULT NULL,
  `created_by` int(11) DEFAULT NULL,
  `activated_by` int(11) DEFAULT NULL,
  `closed_by` int(11) DEFAULT NULL,
  `created_date` datetime DEFAULT NULL,
  `activated_date` datetime DEFAULT NULL,
  `closed_date` datetime DEFAULT NULL,
  `resolved_date` datetime DEFAULT NULL,
  `type` varchar(50) COLLATE utf8mb4_general_ci DEFAULT NULL,
  PRIMARY KEY (`id`),
  UNIQUE KEY `uuid` (`uuid`),
  KEY `product_backlog` (`product_backlog`),
  KEY `created_by` (`created_by`),
  KEY `activated_by` (`activated_by`),
  KEY `closed_by` (`closed_by`),
  CONSTRAINT `user_story_ibfk_1` FOREIGN KEY (`product_backlog`) REFERENCES `product_backlog` (`id`),
  CONSTRAINT `user_story_ibfk_2` FOREIGN KEY (`created_by`) REFERENCES `team_member` (`id`),
  CONSTRAINT `user_story_ibfk_3` FOREIGN KEY (`activated_by`) REFERENCES `team_member` (`id`),
  CONSTRAINT `user_story_ibfk_4` FOREIGN KEY (`closed_by`) REFERENCES `team_member` (`id`)
) ENGINE=InnoDB AUTO_INCREMENT=186 DEFAULT CHARSET=utf8mb4 COLLATE=utf8mb4_general_ci;
/*!40101 SET character_set_client = @saved_cs_client */;

--
-- Dumping data for table `user_story`
--

LOCK TABLES `user_story` WRITE;
/*!40000 ALTER TABLE `user_story` DISABLE KEYS */;
INSERT INTO `user_story` VALUES (1,'12bd9b5d6709444f818447a5498c0753','2020-02-11 19:45:13','2020-02-11 19:45:13','Eu, como professor quero registrar a chamada do dia no registro acadêmico para diminuir o tempo de chamada em até 5 min','None',13,68,NULL,NULL,'2020-02-03 14:00:27',NULL,NULL,NULL,'atomic_user_story'),(2,'25b6aeb5a29b4372a5ff37c1b724f285','2020-02-11 19:45:14','2020-02-11 19:45:14','Eu, como servidor, quero escolher o mes da folha do contracheque.','None',7,41,39,41,'2019-11-04 18:45:57','2019-11-18 19:46:10','2019-12-16 21:01:27','2019-12-16 21:01:27','atomic_user_story'),(3,'82989a010d1a4cf9aa6249664e371142','2020-02-11 19:45:15','2020-02-11 19:45:15','Eu, como servidor, quero escolher o meu perfil.','None',7,41,39,41,'2019-11-04 18:45:17','2019-11-18 19:46:15','2019-12-16 21:01:25','2019-12-16 21:01:25','atomic_user_story'),(4,'aac9a9fb2d534cf68aaea8569855bc8c','2020-02-11 19:45:15','2020-02-11 19:45:15','Eu, como servidor, quero escolher o meu vinculo.','None',7,41,39,41,'2019-11-04 18:45:25','2019-11-18 19:46:13','2019-12-16 21:01:23','2019-12-16 21:01:23','atomic_user_story'),(5,'64a19a05e76d42ab817bdda8dc3bb97e','2020-02-11 19:45:15','2020-02-11 19:45:15','Eu, como servidor, quero escolher o ano da folha do contracheque.','None',7,41,39,41,'2019-11-04 18:45:38','2019-11-18 19:46:12','2019-12-16 21:01:22','2019-12-16 21:01:22','atomic_user_story'),(6,'df64e723d322465b9dca82d9b1ca4df4','2020-02-11 19:45:16','2020-02-11 19:45:16','Eu, como servidor, quero escolher a folha do contracheque.','None',7,41,39,41,'2019-11-04 18:46:13','2019-11-18 19:46:09','2019-12-16 21:01:20','2019-12-16 21:01:20','atomic_user_story'),(7,'ebee38df94534ed09248a8b1a5b6b249','2020-02-11 19:45:16','2020-02-11 19:45:16','Eu, como servidor, quero baixar o contracheque.','None',7,41,39,41,'2019-11-04 18:50:44','2019-11-18 19:46:03','2019-12-16 21:01:18','2019-12-16 21:01:18','atomic_user_story'),(8,'7308d457492242ff97d852d5cdc16a30','2020-02-11 19:45:17','2020-02-11 19:45:17','Eu, SRE, quero criar usuários a nível de SRE e Escola, para controlar o acesso dos envolvidos','None',12,65,65,65,'2019-10-14 18:16:43','2019-10-22 20:47:10','2019-12-16 17:37:58','2019-12-16 17:37:58','atomic_user_story'),(9,'631be5b5589c4ef180b9d715ef70c11a','2020-02-11 19:45:17','2020-02-11 19:45:17','Eu, Sedu (SUAE), quero criar usuários a nível de Sedu e SRE, para controlar o acesso dos envolvidos','None',12,65,65,65,'2019-10-14 18:16:21','2019-10-22 20:47:08','2019-12-16 17:37:53','2019-12-16 17:37:53','atomic_user_story'),(10,'eee29f0bad134cb3b3658869e339d928','2020-02-11 19:45:17','2020-02-11 19:45:17','Eu. Sedu (SUAE), quero configurar os municípios e SREs','None',12,65,65,65,'2019-10-14 18:15:50','2019-10-22 20:47:03','2019-12-16 17:37:43','2019-12-16 17:37:43','atomic_user_story'),(11,'a285ec8829f44a659bc140a03a21b62a','2020-02-11 19:45:18','2020-02-11 19:45:18','Eu, como usuario gostaria de usar o espm na plataforma IOS.','None',11,60,60,60,'2019-12-13 20:05:33','2019-12-13 20:09:54','2019-12-13 20:12:34','2019-12-13 20:12:34','atomic_user_story'),(12,'c067bce545744d3d8da3c6bd74a39acb','2020-02-11 19:45:18','2020-02-11 19:45:18','Eu, como desenvolvedor, quero ter uma documentação para os componentes do projeto','None',11,59,60,60,'2019-08-15 20:46:20','2019-12-13 20:10:43','2019-12-13 20:10:43','2019-12-13 20:10:43','atomic_user_story'),(13,'ef270de709704ded90e4329f432b2f17','2020-02-11 19:45:19','2020-02-11 19:45:19','Eu, como desenvolvedor quero  obter feedbacks na versão teste e melhora-los e concluir as guidelines dos componentes.','None',11,60,60,60,'2019-08-15 17:14:45','2019-12-13 20:10:40','2019-12-13 20:10:40','2019-12-13 20:10:40','atomic_user_story'),(14,'255e03aff613470e91177569a8c39030','2020-02-11 19:45:19','2020-02-11 19:45:19','Eu, como desenvolvedor, quero aplicar os componentes nos módulos do ESPM','None',11,59,60,60,'2019-08-12 20:01:49','2019-12-13 20:10:37','2019-12-13 20:10:37','2019-12-13 20:10:37','atomic_user_story'),(15,'410815d03c024cb594588af1c815fa3a','2020-02-11 19:45:19','2020-02-11 19:45:19','Eu, como desenvolvedor, quero ter componentes para otimizar e padronizar o desenvolvimento das telas','None',11,59,60,60,'2019-07-31 19:33:15','2019-12-13 20:10:34','2019-12-13 20:10:34','2019-12-13 20:10:34','atomic_user_story'),(16,'fd42f5ed39264b2a823950c4ccde3f2c','2020-02-11 19:45:20','2020-02-11 19:45:20','Eu, como desenvolvedor gostaria de aplicar guidelines em todos os módulos do app.','None',11,60,60,60,'2019-07-31 17:09:39','2019-12-13 20:10:31','2019-12-13 20:10:31','2019-12-13 20:10:31','atomic_user_story'),(17,'4efa5399e5c64fa290c2ee77011032a8','2020-02-11 19:45:21','2020-02-11 19:45:21','Eu, como cidadão, quero um novo design no módulo do detran','None',11,59,59,60,'2019-06-04 13:26:42','2019-06-04 13:27:16','2019-12-13 20:10:24','2019-12-13 20:10:24','atomic_user_story'),(18,'71b098625fe241fab1f9ea8263d879e1','2020-02-11 19:45:21','2020-02-11 19:45:21','Eu, como usuario do app espm quero saber a distancia dos cursos ','None',11,60,60,60,'2019-11-27 15:50:11','2019-11-27 15:50:18','2019-12-13 20:10:22','2019-12-13 20:10:22','atomic_user_story'),(19,'ff6559216350463980a32b12ec43d644','2020-02-11 19:45:22','2020-02-11 19:45:22','Eu, como usuário do app espm quero saber minha afinidade com os concursos','None',11,60,60,60,'2019-11-09 13:39:22','2019-11-09 13:48:08','2019-12-13 20:10:18','2019-12-13 20:10:18','atomic_user_story'),(20,'ec6d1751f515490bb27b6086552e2a82','2020-02-11 19:45:22','2020-02-11 19:45:22','Eu, como cidadão, quero uma interface de navegação mais intuitiva','None',11,59,59,60,'2019-06-04 12:55:41','2019-06-04 13:13:53','2019-12-13 20:10:14','2019-12-13 20:10:14','atomic_user_story'),(21,'592ba01bd7484353877939ee0084ed4c','2020-02-11 19:45:22','2020-02-11 19:45:22','Eu, no papel de desenvolvedor, desejo colocar o serviço de sugestão de cursos e concursos online no aplicativo ESPM','None',13,68,68,NULL,'2019-12-02 20:03:59','2019-12-02 20:04:17',NULL,NULL,'atomic_user_story'),(22,'1cdb659cefcd42cd93813c1f19b8dac1','2020-02-11 19:45:23','2020-02-11 19:45:23','Eu, no papel de desenvolvedor, desejo colocar o serviço de sugestão de cursos online no aplicativo ESPM','None',13,73,73,73,'2019-11-18 20:50:26','2019-11-18 20:50:54','2019-12-02 19:42:38','2019-12-02 19:42:38','atomic_user_story'),(23,'2d4c2c1530924d92976194eb980c0371','2020-02-11 19:45:23','2020-02-11 19:45:23','Eu, no papel de aluno, desejo saber receber informações de quando há um novo curso na minha região','None',13,68,68,68,'2019-11-05 15:06:29','2019-11-05 16:59:54','2019-11-14 23:40:45','2019-11-14 23:40:45','atomic_user_story'),(24,'7701983e96284f5fbced26d4cba92ee4','2020-02-11 19:45:24','2020-02-11 19:45:24','Eu, no papel de analista de dados, desejo realizar os últimos ajustes do Identidade Cidadã com o intuito de realizar a sua entrega.','Realizar os últimos acertos no banco e nos algoritmos de sugestão para fazer a entrega do projeto.',13,72,68,68,'2019-08-27 16:16:30','2019-11-05 17:16:15','2019-11-05 17:16:15','2019-11-05 17:16:15','atomic_user_story'),(25,'1522edf2cf014fdea569dda252d8b4c4','2020-02-11 19:45:24','2020-02-11 19:45:24','Colocar o algoritmo em produção','None',13,73,68,68,'2019-08-21 20:24:45','2019-11-05 17:16:09','2019-11-05 17:16:09','2019-11-05 17:16:09','atomic_user_story'),(26,'ecfbc9048e664f7abb692e1e058d895d','2020-02-11 19:45:25','2020-02-11 19:45:25','Finalizar a parte referente ao abastecimento do banco','Fechar o job e as transformações para fazer abastecimento do banco identidade_cidadã.<br>Criar documentação com o funcionamento do job e das transformações.<div>Criar modelo do banco Identidade_Cidadã em SQLServer.</div>',13,72,68,68,'2019-07-31 18:04:47','2019-11-05 17:16:00','2019-11-05 17:16:00','2019-11-05 17:16:00','atomic_user_story'),(27,'37e19c7574744c0c80cc4ec15f401a5e','2020-02-11 19:45:25','2020-02-11 19:45:25','Eu, no papel de analista de dados, desejo melhorar o banco do identidade cidadã, exportando mais informações do banco selecaoDT, a fim de melhorar as análises.','Exportar os dados de experiencia profissional e melhorar os dados extraídos da tabela Área',13,72,68,68,'2019-06-24 18:04:02','2019-11-05 17:15:03','2019-11-05 17:15:03','2019-11-05 17:15:03','atomic_user_story'),(28,'e5e97fd2730a4f58be6a3df65cd47a90','2020-02-11 19:45:26','2020-02-11 19:45:26','Começar a montar as transformações para o Seleção Aluno','None',13,72,68,68,'2019-07-31 18:09:09','2019-11-05 17:00:51','2019-11-05 17:00:51','2019-11-05 17:00:51','atomic_user_story'),(29,'b4f13287342b490a9871489ca2b529d7','2020-02-11 19:45:26','2020-02-11 19:45:26','Finalizar as analises focando em localização e entender o problema dos outlier.','None',13,73,68,68,'2019-07-31 19:12:23','2019-11-05 17:00:30','2019-11-05 17:00:30','2019-11-05 17:00:30','atomic_user_story'),(30,'6ad79963c2bd4ba8868072c1cd67937f','2020-02-11 19:45:27','2020-02-11 19:45:27','Eu, no papel de desenvolvedor, quero saber o que será possivel extrair de informações a partir do primeiro modelo do banco para começar a desenvolver novas analises.','None',13,72,68,68,'2019-01-28 19:06:54','2019-11-05 17:00:21','2019-11-05 17:00:21','2019-11-05 17:00:21','atomic_user_story'),(31,'4b89ac9e44df425b87ae729a28a8565e','2020-02-11 19:45:27','2020-02-11 19:45:27','Criação do webservice que retorna o endereço dado o CEP e vice-versa','None',13,72,68,68,'2019-02-27 16:34:52','2019-11-05 16:59:47','2019-11-05 16:59:47','2019-11-05 16:59:47','atomic_user_story'),(32,'63d1510217804b2fab055255b7c2191c','2020-02-11 19:45:27','2020-02-11 19:45:27','Eu, no papel de gestor, desejo obter informações das inscrições visando compreender o perfil dos candidatos em termos de escolaridade, localização e ano de inscrição nos concursos.','None',13,72,68,68,'2019-02-12 18:52:07','2019-11-05 16:59:39','2019-11-05 16:59:39','2019-11-05 16:59:39','atomic_user_story'),(33,'f39c79ce928d48a384e46ca1d6ef8515','2020-02-11 19:45:27','2020-02-11 19:45:27','Eu, no papel de desenvolvedor, quero implementar o schema de como será  a primeira versão do banco OLAP a fim de facilitar a criação do mesmo.','None',13,72,68,68,'2019-01-28 19:05:18','2019-11-05 16:56:24','2019-11-05 16:56:24','2019-11-05 16:56:24','atomic_user_story'),(34,'85ac9f9126ad457ba1efe098dcedd371','2020-02-11 19:45:28','2020-02-11 19:45:28','Modificação do banco para adicionar informações extras de cargo e títulos','None',13,72,68,68,'2019-02-27 16:37:04','2019-11-05 16:55:17','2019-11-05 16:55:17','2019-11-05 16:55:17','atomic_user_story'),(35,'f9163c2455de4bed80e851ca25284be7','2020-02-11 19:45:28','2020-02-11 19:45:28','Correção dos endereços baseado na base CEP ES ','None',13,68,68,68,'2019-03-26 20:35:21','2019-07-02 15:35:05','2019-07-02 15:35:05','2019-07-02 15:35:05','atomic_user_story'),(36,'5826861609e44683a990b7f9da6177e5','2020-02-11 19:45:28','2020-02-11 19:45:28','Eu, no papel de analista de dados desejo estudar classificação hierárquico e não-hierárquico.','-&gt; estudo sobre o k-means<div>-&gt; estudo dobre classificação hierarquica</div><div>-&gt; estudo sobre a tecnica do cotovelo</div>',13,68,68,68,'2019-06-24 17:58:46','2019-06-24 17:59:30','2019-11-05 15:06:54','2019-11-05 15:06:54','atomic_user_story'),(37,'0bac1789f1b64b9e81a85bdf396c9216','2020-02-11 19:45:29','2020-02-11 19:45:29','Eu, como candidato, quero receber uma notificação de concursos abertos para ter ciência dos concursos ','Essa história tem com objetivo enviar um email para os candidatos já cadastrados quando um novo concurso for aberto. <br>',13,68,71,68,'2018-11-13 16:54:44','2018-11-14 15:26:14','2019-11-05 15:07:02','2019-11-05 15:07:02','atomic_user_story'),(38,'9b05bcdce3544fd0b7aa9cea3ee50440','2020-02-11 19:45:29','2020-02-11 19:45:29','Eu, como equipe de Data Sciencie, quero carregar os dados entre os banco','None',13,68,71,68,'2018-11-13 17:05:55','2018-11-14 15:28:17','2019-11-05 15:07:04','2019-11-05 15:07:04','atomic_user_story'),(39,'aaa0e22daf754cd38ce759b996012573','2020-02-11 19:45:30','2020-02-11 19:45:30','Eu, no papel de analista desejo saber mais a fundo sobre regras de associação','Realizar um estudo sobre regras de associação, usando de exemplos para melhor explicitar a aplicação da técnica.&nbsp;',13,68,68,68,'2019-06-24 18:09:19','2019-07-02 15:35:47','2019-11-05 15:07:06','2019-11-05 15:07:06','atomic_user_story'),(40,'de8663282fe54e80831ae180d8c8b5d7','2020-02-11 19:45:30','2020-02-11 19:45:30','Eu, no papel de analista de dados, desejo \'clusterizar\' - agrupar por padrão - habilidades e títulos.','None',13,72,73,68,'2019-05-10 16:46:29','2019-05-10 17:14:48','2019-11-05 15:07:48','2019-11-05 15:07:48','atomic_user_story'),(41,'96aa3a7a6b0140a994840181adfc69db','2020-02-11 19:45:30','2020-02-11 19:45:30','Eu, candidato, desejo receber novidades sobre cursos que serão ofertados na minha cidade.','None',13,73,68,68,'2019-10-21 19:19:25','2019-11-05 15:07:22','2019-11-05 15:07:40','2019-11-05 15:07:40','atomic_user_story'),(42,'bdc5a07e33f649bea2c9ea578cf39276','2020-02-11 19:45:30','2020-02-11 19:45:30','Eu, no papel de analista de dados, desejo melhorar o banco do identidade cidadã importando os dados da tabela \'Área\' do banco Seleção DT a fim de melhorar as análises.','None',13,72,73,68,'2019-06-03 20:20:51','2019-06-04 16:00:16','2019-11-05 15:07:09','2019-11-05 15:07:09','atomic_user_story'),(43,'0ccc88afc2b149b38f9e220f97c6ae5e','2020-02-11 19:45:31','2020-02-11 19:45:31','Eu, no papel de analista de dados, desejo fazer um levantamento de perguntas sobre profissionais da área de educação com o intuito de compreende-lo melhor.','Fazer um levantamento sobre questões envolvendo as informações de profissionais da área de educação com o intuito de compreender melhor o comportamento dos candidatos para as vagas específicas desse setor.',13,72,73,68,'2019-06-03 20:27:48','2019-06-04 16:00:13','2019-11-05 15:06:58','2019-11-05 15:06:58','atomic_user_story'),(44,'4870fc6514f042d3919e10ce3eb8e9f3','2020-02-11 19:45:31','2020-02-11 19:45:31','Eu, como equipe Data Science, quero analisar os dados carregado no banco OLAP, para começar a gerar estatisticas sobre candidatos','None',13,73,73,68,'2019-04-24 20:15:16','2019-05-06 16:38:19','2019-11-05 15:06:46','2019-11-05 15:06:46','atomic_user_story'),(45,'d321d39a8e6e40d0a8a21613170c5ef0','2020-02-11 19:45:32','2020-02-11 19:45:32','Eu, como analista de dados, desejo categorizar as habilidades afim de facilitar um mapeamento futuro.','None',13,72,73,68,'2019-05-10 16:25:28','2019-05-10 17:14:46','2019-11-05 15:06:43','2019-11-05 15:06:43','atomic_user_story'),(46,'e3e6c10f2126438aaaf4ba7ede9982af','2020-02-11 19:45:32','2020-02-11 19:45:32','Eu, como Escola/Superintendência/Sedu, quero consultar as reclamações de minha responsabilidade, para resolvê-las','None',12,65,65,NULL,'2019-10-11 14:22:51','2019-10-22 20:46:53',NULL,NULL,'atomic_user_story'),(47,'8ec568267cb843ce8253f71351e61ab5','2020-02-11 19:45:32','2020-02-11 19:45:32','Eu, como cidadão, quero enviar uma reclamação à secretaria de educação, para resolver um problema com o transporte escolar','None',12,65,65,NULL,'2019-10-11 14:21:28','2019-10-22 20:46:44',NULL,NULL,'atomic_user_story'),(48,'959d4c9db42c492cacd3535aea03d99a','2020-02-11 19:45:32','2020-02-11 19:45:32','Eu, como escola/Superintendência, quero encaminhar uma reclamação ao órgão superior, para ela ser resolvida','None',12,65,NULL,NULL,'2019-10-11 14:24:59',NULL,NULL,NULL,'atomic_user_story'),(49,'0d97def7924a4273b91351dfb90878c8','2020-02-11 19:45:33','2020-02-11 19:45:33','Eu, como órgão de educação, quero adicionar uma anotação/atualização sobre uma reclamação, para informar ao remetente sobre seu andamento','None',12,65,NULL,NULL,'2019-10-11 14:24:18',NULL,NULL,NULL,'atomic_user_story'),(50,'5323b8ae85e64ae7916a4185e6a96600','2020-02-11 19:45:33','2020-02-11 19:45:33','Eu, como Escola, quero registrar uma reclamação de um cidadão, para que seja avaliada e resolvida','None',12,65,NULL,NULL,'2019-10-11 14:22:09',NULL,NULL,NULL,'atomic_user_story'),(51,'1cab3c1d8c85426c8dfb314a60cb548e','2020-02-11 19:45:33','2020-02-11 19:45:33','Eu, como servidor, quero encaminhar uma foto para um órgão.','None',9,50,50,50,'2019-09-12 19:48:11','2019-10-02 18:02:34','2019-10-21 11:46:10','2019-10-21 11:46:10','atomic_user_story'),(52,'00c5d17066534c588c76ce2af28bbcf7','2020-02-11 19:45:33','2020-02-11 19:45:33','Eu, como desenvolvedor, quero chegar a uma solução para resolver o problema','None',12,65,65,65,'2019-09-25 23:18:45','2019-10-11 14:00:06','2019-10-11 14:00:06','2019-10-11 14:00:06','atomic_user_story'),(53,'ef06d8dbc029426ea7a6f431c2032947','2020-02-11 19:45:34','2020-02-11 19:45:34','Eu, como desenvolvedor, quero imergir no contexto do projeto, para entender com clareza o problema','None',12,65,65,65,'2019-09-12 11:37:39','2019-10-11 13:59:43','2019-10-11 13:59:54','2019-10-11 13:59:50','atomic_user_story'),(54,'2a2e585aa6834d5ea614b5d39a9ccfd2','2020-02-11 19:45:34','2020-02-11 19:45:34','Eu, como cidadão/servidor, quero adicionar órgãos como destinatários.','None',9,50,50,50,'2019-07-02 20:08:31','2019-08-26 16:17:51','2019-08-26 16:17:51','2019-08-26 16:17:51','atomic_user_story'),(55,'69d3f6e3fcef470a8f16d1c9b40d117f','2020-02-11 19:45:34','2020-02-11 19:45:34','Eu como, desenvolvedor, quero que minhas entidades sejam geradas com validados dos campos','None',14,77,77,NULL,'2019-10-03 18:10:42','2019-10-03 18:17:33',NULL,NULL,'atomic_user_story'),(56,'61561f4563564e5b92d4b9b9f428953c','2020-02-11 19:45:35','2020-02-11 19:45:35','Eu, como servidor, quero encaminhar uma foto para um setor.','None',9,50,50,50,'2019-09-12 19:53:41','2019-09-20 22:35:44','2019-09-20 22:35:44','2019-09-20 22:35:44','atomic_user_story'),(57,'38b63e34404741c98928b53eb846b57a','2020-02-11 19:45:35','2020-02-11 19:45:35','Eu, como servidor, quero encaminhar uma foto para um grupo trabalho.','None',9,50,50,50,'2019-09-12 19:54:18','2019-09-20 22:35:35','2019-09-20 22:35:38','2019-09-20 22:35:35','atomic_user_story'),(58,'a3d6887ca9cf4beeaa00e882ab8b94e7','2020-02-11 19:45:36','2020-02-11 19:45:36','Eu, como servidor, quero adicionar setor como destinatários.','None',9,50,50,50,'2019-08-26 21:59:01','2019-08-26 22:16:59','2019-09-06 22:25:31','2019-09-06 22:25:31','atomic_user_story'),(59,'c22099b1ec184ec2a084903c582d04e3','2020-02-11 19:45:36','2020-02-11 19:45:36','Eu, como servidor, quero encaminhar um documento para um setor','None',9,50,50,50,'2019-08-26 22:12:43','2019-09-06 22:25:26','2019-09-06 22:25:26','2019-09-06 22:25:26','atomic_user_story'),(60,'badf7cef7ca442beb238b09c9028ef1f','2020-02-11 19:45:36','2020-02-11 19:45:36','Eu, como servidor, quero adicionar grupos de trabalho como destinatários.','None',9,50,50,50,'2019-08-26 21:59:15','2019-08-26 22:16:57','2019-09-06 22:25:27','2019-09-06 22:25:27','atomic_user_story'),(61,'9c12a0c30c404b7cb63cc9b9a8c45f6c','2020-02-11 19:45:37','2020-02-11 19:45:37','Eu, como servidor, quero encaminhar um documento para um grupo de trabalho','None',9,50,50,50,'2019-08-26 22:16:05','2019-09-06 22:25:23','2019-09-06 22:25:23','2019-09-06 22:25:23','atomic_user_story'),(62,'fbff78cc5b8646adb7f7e036d89b0bd2','2020-02-11 19:45:37','2020-02-11 19:45:37','Eu, como desenvolvedor, quero meu diagrama de projeto seja gerado automaticamente','None',14,77,77,77,'2019-08-14 19:56:51','2019-08-14 20:22:56','2019-09-10 21:01:06','2019-08-22 20:47:11','atomic_user_story'),(63,'1f5a08af718e41c68db31cf4c1716b2b','2020-02-11 19:45:37','2020-02-11 19:45:37','Eu, como desenvolvedor, quero que meus testes e2e sejam gerados automaticamente','None',14,77,77,77,'2019-08-14 19:56:13','2019-08-14 20:02:46','2019-09-10 21:01:03','2019-08-22 20:47:37','atomic_user_story'),(64,'271d23af5dcb44e7bb618b0ee10022e1','2020-02-11 19:45:38','2020-02-11 19:45:38','Eu, como desenvolvedor, quero que o diagrama de classe seja gerado automaticamente','None',14,77,77,77,'2019-08-14 19:56:34','2019-08-22 20:48:15','2019-09-10 21:01:02','2019-08-22 22:22:40','atomic_user_story'),(65,'f4ea37eb3af24019b2bdcad3a5b35c13','2020-02-11 19:45:38','2020-02-11 19:45:38','Eu, como desenvolvedor independente, quero obter dados de tempo real dos ônibus do Transcol','None',6,37,32,NULL,'2019-03-20 22:42:39','2019-03-21 16:54:40',NULL,NULL,'atomic_user_story'),(66,'45acd981bd414df9abbbd3bb1b5b1a4d','2020-02-11 19:45:38','2020-02-11 19:45:38','teste','None',1,5,NULL,NULL,'2018-10-17 16:59:26',NULL,NULL,NULL,'epic'),(67,'4ebbf2fd3c974068a9d8faf1ce7e8de4','2020-02-11 19:45:39','2020-02-11 19:45:39','Eu, como cidadão/servidor, quero encaminhar um documento para um órgão.','None',9,50,50,50,'2019-07-02 19:44:11','2019-08-26 16:17:54','2019-08-26 16:17:54','2019-08-26 16:17:54','atomic_user_story'),(68,'f549c46707d140b58c97942bc5f059be','2020-02-11 19:45:39','2020-02-11 19:45:39','Eu, como servidor, quero enviar o pdf.','None',9,50,50,50,'2019-07-15 19:46:47','2019-08-26 16:17:52','2019-08-26 16:17:52','2019-08-26 16:17:52','atomic_user_story'),(69,'232e63937eb04980bdf4d15eb829ac82','2020-02-11 19:45:40','2020-02-11 19:45:40','Eu, como cidadão/servidor, quero ser adicionado como remetente do encaminhamento; ','None',9,50,50,50,'2019-07-02 19:35:21','2019-07-12 19:58:43','2019-07-15 16:33:24','2019-07-15 16:33:24','atomic_user_story'),(70,'6bf0a8a8a436420a8b55ba0f14e1ec3b','2020-02-11 19:45:40','2020-02-11 19:45:40','Eu, como servidor, quero selecionar o cargo/função em que vou enviar o documento.','None',9,50,50,50,'2019-07-02 19:43:51','2019-07-09 21:06:58','2019-07-15 16:33:22','2019-07-15 16:33:22','atomic_user_story'),(71,'e13b7315ff5546d991c6b3064a6136fa','2020-02-11 19:45:40','2020-02-11 19:45:40','Eu, como cidadão/servidor, quero visualizar os destinatários do encaminhamento.','None',9,50,50,50,'2019-07-02 19:55:03','2019-07-08 12:15:40','2019-07-15 16:33:22','2019-07-15 16:33:22','atomic_user_story'),(72,'0ceef729373643a5ad0a08c4d76cfd43','2020-02-11 19:45:41','2020-02-11 19:45:41','Eu, como cidadão, quero favoritar módulos do ESPM','None',11,59,59,60,'2019-06-04 13:17:08','2019-06-04 13:18:58','2019-07-08 19:24:59','2019-07-08 19:24:59','atomic_user_story'),(73,'903ecce0cd5444e186fbee91c9567b75','2020-02-11 19:45:41','2020-02-11 19:45:41','Eu, como servidor, quero adicionar um título a um encaminhamento','None',9,48,50,50,'2019-06-18 15:38:16','2019-07-02 19:07:21','2019-07-02 19:07:21','2019-07-02 19:07:21','atomic_user_story'),(74,'e1aacd42777343d48aa307b0155b16d1','2020-02-11 19:45:41','2020-02-11 19:45:41','Eu, como cidadão/servidor, quero informar o nome do documento.','None',9,50,50,50,'2019-06-18 15:42:48','2019-07-02 19:07:19','2019-07-02 19:07:19','2019-07-02 19:07:19','atomic_user_story'),(75,'f2f6c6301d1748eb9b50bf01e941f25d','2020-02-11 19:45:42','2020-02-11 19:45:42','Eu, como cidadão/servidor, quero selecionar o tipo de documento para conferencia.','None',9,50,50,50,'2019-06-18 15:42:56','2019-07-02 19:07:18','2019-07-02 19:07:18','2019-07-02 19:07:18','atomic_user_story'),(76,'e48080a7949a494abae7494760abf2b5','2020-02-11 19:45:42','2020-02-11 19:45:42','Eu, como cidadão/servidor, quero adicionar uma mensagem ao encaminhar um documento.','None',9,50,50,50,'2019-06-18 15:43:09','2019-07-02 19:07:17','2019-07-02 19:07:17','2019-07-02 19:07:17','atomic_user_story'),(77,'8eb0fe9a90864fb39304034510868c9d','2020-02-11 19:45:42','2020-02-11 19:45:42','Criação do webservice que retorna as pessoas dado determinado cargo','None',13,72,68,68,'2019-02-27 16:35:29','2019-03-16 05:04:23','2019-07-02 15:34:56','2019-07-02 15:34:56','atomic_user_story'),(78,'43b37432d7344c38bec6567e831464bd','2020-02-11 19:45:43','2020-02-11 19:45:43','Eu, como cidadão, quero fazer uma busca, para encontrar um serviço','None',11,59,59,60,'2019-06-04 13:07:15','2019-06-04 13:13:58','2019-06-26 16:54:58','2019-06-26 16:54:58','atomic_user_story'),(79,'05a31f2218314009815b3ebfb012c815','2020-02-11 19:45:43','2020-02-11 19:45:43','Conseguir tirar sangue do braço do David','None',4,21,21,NULL,'2019-06-03 19:50:46','2019-06-17 19:54:10',NULL,'2019-06-17 19:54:10','atomic_user_story'),(80,'eb2de7ca05524b98a3a9251f38a10771','2020-02-11 19:45:43','2020-02-11 19:45:43','Prototipas as telas','None',4,21,21,21,'2019-06-03 19:43:31','2019-06-17 13:16:30','2019-06-17 19:54:04','2019-06-17 19:54:04','atomic_user_story'),(81,'9a625346c80e4f8eadff0200b9f355d8','2020-02-11 19:45:44','2020-02-11 19:45:44','Eu, como desenvolvedor, quero idealizar o E-Docs','None',9,50,50,50,'2019-06-03 19:45:21','2019-06-07 16:16:53','2019-06-17 12:10:18','2019-06-17 12:10:18','atomic_user_story'),(82,'5db33057ef2e4735910e28c04ce16037','2020-02-11 19:45:44','2020-02-11 19:45:44','Eu, como usuário, gostaria de ter um design atraente no app ESPM','None',11,60,60,59,'2019-03-29 18:00:11','2019-04-09 16:57:31','2019-06-04 13:20:19','2019-06-04 13:20:15','atomic_user_story'),(83,'491f461bc2424786b98b81a9f45117cc','2020-02-11 19:45:45','2020-02-11 19:45:45','Eu, como usuário quero usar todas as funcionalidades do app.','None',11,60,59,59,'2019-05-29 16:45:42','2019-06-04 13:21:11','2019-06-04 13:21:11','2019-06-04 13:21:11','atomic_user_story'),(84,'1b07501dba204d838185861e468c46e5','2020-02-11 19:45:45','2020-02-11 19:45:45','Eu, como desenvolvedor gostaria de aplicar melhorias no app','None',11,60,59,59,'2019-05-07 17:35:04','2019-06-04 13:21:09','2019-06-04 13:21:09','2019-06-04 13:21:09','atomic_user_story'),(85,'5449fd8340944060b9ecaff58c733417','2020-02-11 19:45:45','2020-02-11 19:45:45','Eu, como desenvolvedor, quero imergir no E-DOCS','None',9,50,50,50,'2019-05-28 17:25:39','2019-06-03 19:46:08','2019-06-03 19:46:08','2019-06-03 19:46:08','atomic_user_story'),(86,'af22950ebb5b43b8a59ab486e411ce92','2020-02-11 19:45:46','2020-02-11 19:45:46','Eu, como desenvolvedor, desejo ter acesso a documentação da api de push notification.','Adicionar swagger na api de push notification',2,8,8,NULL,'2019-05-21 14:56:24','2019-05-21 15:01:05','2019-05-28 17:19:26','2019-05-21 15:01:05','atomic_user_story'),(87,'55287fb1df5b4a2682dd4adb36e1a1f1','2020-02-11 19:45:46','2020-02-11 19:45:46','Eu, como desenvolvedor, quero melhorar o sonar.','None',2,87,87,87,'2019-05-16 21:48:04','2019-05-16 21:49:26','2019-05-28 17:19:24','2019-05-21 14:43:59','atomic_user_story'),(88,'fabe27286a46413bb56656ae87d1ae60','2020-02-11 19:45:46','2020-02-11 19:45:46','Eu, como aluno, desejo visualizar anexos de um processo seletivo','Visualizar anexos dos processos seletivos',2,8,8,87,'2019-05-09 20:45:40','2019-05-10 20:24:42','2019-05-28 17:19:20','2019-05-16 17:37:27','atomic_user_story'),(89,'5c4937cbef5140e0835daa7a611f3f52','2020-02-11 19:45:47','2020-02-11 19:45:47','Eu, como aluno desejo saber o cronograma de um processo seletivo','Exibir as datas de eventos relacionados a um processo seletivo',2,8,8,87,'2019-05-09 20:44:13','2019-05-10 20:24:48','2019-05-28 17:19:05','2019-05-10 20:24:52','atomic_user_story'),(90,'a40f23fd94714f5cb0cc8538e4d306a4','2020-02-11 19:45:47','2020-02-11 19:45:47','Eu, como desenvolvedor, desejo tornar minhas apis independentes do banco de dados do prodest para manter a integridade e disponibilidade da aplicação','None',2,8,NULL,NULL,'2019-05-21 14:46:14',NULL,NULL,NULL,'atomic_user_story'),(91,'2bbd0242b2dd4c79b31ebb4de23c93f0','2020-02-11 19:45:47','2020-02-11 19:45:47','Eu, como estudante, desejo ser informado sobre novas oportunidades ','Envio de notificações para alunos que favoritaram o curso ou processo seletivo;<div>Envio de notificações para alunos que possam ter interesse em novos cursos;</div>',2,8,NULL,NULL,'2019-05-09 20:33:27',NULL,NULL,NULL,'atomic_user_story'),(92,'59046bfe914942bc97f3d69c4aeb573e','2020-02-11 19:45:47','2020-02-11 19:45:47','Eu, como aluno, quero favoritar um processo seletivo','Criar opção de adicionar nos favoritos',2,8,8,7,'2019-05-09 20:46:45','2019-05-10 20:25:02','2019-05-17 16:26:28','2019-05-17 16:26:28','atomic_user_story'),(93,'d1d7ee67154044fe954b733041ec9029','2020-02-11 19:45:47','2020-02-11 19:45:47','Eu, como cidadão, quero escolher receber (ou não) notificações de novos concursos','None',2,8,NULL,NULL,'2019-02-21 16:15:11',NULL,NULL,NULL,'atomic_user_story'),(94,'990ac9c11bcb440e8c33410ef3b35d53','2020-02-11 19:45:48','2020-02-11 19:45:48','Eu, como candidato, quero ser notificado quando surgirem novidades sobre um concurso ao qual favoritei para me manter atualizado ','None',2,8,8,8,'2019-01-28 18:42:40','2019-05-09 20:19:36','2019-05-09 20:19:36','2019-05-09 20:19:36','atomic_user_story'),(95,'dbc6e85a94584e0fa427d94df505068b','2020-02-11 19:45:48','2020-02-11 19:45:48','Eu, como candidato, quero receber notificações sobre os concursos.','None',2,7,8,8,'2019-02-12 19:06:09','2019-05-09 20:19:22','2019-05-09 20:19:22','2019-05-09 20:19:22','atomic_user_story'),(96,'c9c9c3a9bb0a442782763d1154a27b1d','2020-02-11 19:45:48','2020-02-11 19:45:48','Eu, como candidato, quero ver todos os concursos que participei ','None',2,7,8,8,'2018-11-26 18:02:43','2019-05-09 20:18:49','2019-05-09 20:18:49','2019-05-09 20:18:49','atomic_user_story'),(97,'224bb13740b54108bb356307181f1c79','2020-02-11 19:45:49','2020-02-11 19:45:49','Eu, como candidato, quero favoritar um concurso para acompanha-lo rapidamente','None',2,8,8,8,'2019-01-28 18:40:52','2019-05-09 20:18:36','2019-05-09 20:18:39','2019-05-09 20:18:36','atomic_user_story'),(98,'1041e3e0af034178ab3d700fa9207bcf','2020-02-11 19:45:49','2020-02-11 19:45:49','Eu, como candidato, quero saber se me classifiquei em um concurso.','None',2,7,8,8,'2019-01-22 19:43:32','2019-05-09 20:18:32','2019-05-09 20:18:32','2019-05-09 20:18:32','atomic_user_story'),(99,'682d6ea55c9749c6a511d1d668f1594b','2020-02-11 19:45:49','2020-02-11 19:45:49','Eu como Bolsista quero entrar de férias dia 21.','None',2,7,8,8,'2018-12-13 19:11:30','2019-05-09 20:18:22','2019-05-09 20:18:22','2019-05-09 20:18:22','atomic_user_story'),(100,'8fac978d12ce441cadeaf334129eebc3','2020-02-11 19:45:50','2020-02-11 19:45:50','Eu, como candidato, quero visualizar detalhes de um concurso (Dados importante, vagas, salario, valor inscri...)','None',2,7,8,8,'2018-11-26 18:02:35','2019-05-09 20:17:57','2019-05-09 20:17:57','2019-05-09 20:17:57','atomic_user_story'),(101,'c020bdf0cdf94c79880f54709aefc461','2020-02-11 19:45:50','2020-02-11 19:45:50','Eu, como candidato, quero visualizar o resultado do concurso','None',2,7,8,8,'2018-10-15 20:05:46','2019-05-09 20:16:39','2019-05-09 20:16:39','2019-05-09 20:16:39','atomic_user_story'),(102,'3ab8e80070f94e1fb0f938cb4c6a0eb4','2020-02-11 19:45:50','2020-02-11 19:45:50','Eu, como candidato, quero saber a minha classificação','None',2,7,8,8,'2018-10-15 20:06:08','2019-05-09 20:16:18','2019-05-09 20:16:18','2019-05-09 20:16:18','atomic_user_story'),(103,'65a28408ceb046abad7a67b7b376ffe1','2020-02-11 19:45:50','2020-02-11 19:45:50','Eu, como candidato, quero ter acesso ao edital de um concurso','None',2,7,8,8,'2018-10-15 20:06:25','2019-05-09 20:15:56','2019-05-09 20:15:56','2019-05-09 20:15:56','atomic_user_story'),(104,'63114aa3c0d941f8bebf9571dc4a2c25','2020-02-11 19:45:51','2020-02-11 19:45:51','Eu, como candidato, quero visualizar detalhes de um concurso (Dados importante, vagas, salario, valor inscri...)','None',2,7,8,8,'2018-10-15 20:06:30','2019-05-09 20:15:51','2019-05-09 20:15:51','2019-05-09 20:15:51','atomic_user_story'),(105,'1aabe3a3bbce4fd1ace1c372e9d78695','2020-02-11 19:45:51','2020-02-11 19:45:51','Eu, como candidato, quero saber se houve alguma errata','None',2,7,8,8,'2018-10-15 20:06:49','2019-05-09 20:15:09','2019-05-09 20:15:09','2019-05-09 20:15:09','atomic_user_story'),(106,'e76559e0300b42338f954df6473621a5','2020-02-11 19:45:51','2020-02-11 19:45:51','Eu, como candidato, quero ver todos os concursos que participei ','None',2,7,8,8,'2018-10-15 20:08:16','2019-05-09 20:06:19','2019-05-09 20:06:19','2019-05-09 20:06:19','atomic_user_story'),(107,'98b3299d37184301b11e73094d4ab610','2020-02-11 19:45:52','2020-02-11 19:45:52','Eu, como candidato, quero favoritar um concurso','None',2,7,8,8,'2018-10-15 20:08:22','2019-05-09 20:06:09','2019-05-09 20:06:09','2019-05-09 20:06:09','atomic_user_story'),(108,'a3c668b1dfa8495d895b2a72ee9cc2b7','2020-02-11 19:45:52','2020-02-11 19:45:52','Eu, como candidato, quero visualizar os concursos ','Deve retornar os dados do concurso e seus status.',2,7,8,8,'2018-10-15 20:04:11','2018-10-30 19:49:12','2019-05-09 19:57:01','2019-05-09 19:57:01','atomic_user_story'),(109,'17ddd3710d4e45948088ef57051f521e','2020-02-11 19:45:52','2020-02-11 19:45:52','Eu, como candidato, quero visualizar os concursos','None',2,7,11,8,'2018-11-13 22:33:58','2018-11-14 15:23:39','2019-05-09 19:56:56','2019-05-09 19:56:56','atomic_user_story'),(110,'cd320dcf56c44ba19ed9c44de379f05c','2020-02-11 19:45:53','2020-02-11 19:45:53','Eu, como cidadão, quero ver as informações do Transcol no Google Maps.','None',6,37,32,NULL,'2019-03-20 21:23:38','2019-03-25 14:50:44',NULL,NULL,'atomic_user_story'),(111,'f689f1bfc7ad4998842ab5ac71065884','2020-02-11 19:45:53','2020-02-11 19:45:53','Eu como webdesign quero aplicar o guideline nas paginas Oportunidades','None',2,7,NULL,88,'2019-02-12 18:36:04','2019-04-23 17:00:47','2019-04-23 17:00:47','2019-04-23 17:00:47','atomic_user_story'),(112,'336b61bc8d774a60b1ce3cf39cb592ae','2020-02-11 19:45:54','2020-02-11 19:45:54','Eu, como desenvolvedor, quero gerar o horário que o ônibus passa em cada ponto para gerar o GTFS corretamente','None',6,32,32,NULL,'2019-01-28 18:13:30','2019-03-18 17:25:02',NULL,NULL,'atomic_user_story'),(113,'1ca27362c14141a88fe49c759e22f283','2020-02-11 19:45:54','2020-02-11 19:45:54','Eu, como equipe de desenvolvimento, quero configurar a arquitetura do projeto','None',1,1,3,3,'2018-10-17 16:58:29','2019-02-26 18:33:08','2019-03-28 17:57:00','2019-03-28 17:57:00','atomic_user_story'),(114,'32feb3537e754f02b83bd1da623c823b','2020-02-11 19:45:54','2020-02-11 19:45:54','Eu, como dono de um veículo, quero gerar GRU com alguns débitos no aplicativo ESPM.','None',1,3,3,3,'2019-01-28 18:48:08','2019-01-28 18:48:34','2019-03-28 17:56:58','2019-03-28 17:56:58','atomic_user_story'),(115,'f274ca73c09c452582824cec20ec0a02','2020-02-11 19:45:55','2020-02-11 19:45:55','Eu, como dono de um veículo, quero gerar GRU com alguns débitos.','None',1,3,3,3,'2018-10-15 19:42:24','2019-01-14 17:52:15','2019-03-28 17:56:56','2019-01-23 18:31:51','atomic_user_story'),(116,'d1061c440a3b47cba5663d3d2f1ae16a','2020-02-11 19:45:55','2020-02-11 19:45:55','Eu, como cidadão, quero saber o horário que o ônibus passa em cada ponto no google transit ','None',6,32,32,32,'2019-02-13 16:06:26','2019-03-18 17:24:56','2019-03-18 17:24:56','2019-03-18 17:24:56','atomic_user_story'),(117,'7eb65319df31441fb56210d8670c1429','2020-02-11 19:45:55','2020-02-11 19:45:55','Eu, como cidadão, quero saber a porcentagem da frota em circulação','None',6,36,32,32,'2019-02-13 19:54:02','2019-02-28 17:25:19','2019-02-28 17:25:19','2019-02-28 17:25:19','atomic_user_story'),(118,'652e98dd8b7248078bd266fb263c6ff3','2020-02-11 19:45:56','2020-02-11 19:45:56','Eu, como desenvolvedor, quero aumentar a estabilidade da infra do real-time','None',6,36,32,32,'2019-02-26 18:49:17','2019-02-28 17:24:50','2019-03-18 17:24:49','2019-03-18 17:24:49','atomic_user_story'),(119,'9274e9542385417e911ffea3a626accd','2020-02-11 19:45:56','2020-02-11 19:45:56','Eu, como cidadão, quero fazer consulta dos onibus em tempo real sem nenhuma demora na resposta','None',6,32,32,32,'2019-02-28 17:28:00','2019-03-18 17:24:52','2019-03-18 17:24:52','2019-03-18 17:24:52','atomic_user_story'),(120,'e06603a755bd456fb9d3a234d32fd7bf','2020-02-11 19:45:56','2020-02-11 19:45:56','Eu, como cidadão, quero saber o preço da passagem para gerenciar a minha viagem','None',6,35,35,35,'2018-10-14 00:11:35','2018-10-17 16:42:05','2018-10-29 19:19:10','2018-10-29 19:19:10','atomic_user_story'),(121,'9fcc4bfb63b1475bb88e51918d64d981','2020-02-11 19:45:57','2020-02-11 19:45:57','Eu, como equipe de desenvolvimento, quero colocar o sistema em Produção','None',6,35,35,35,'2018-10-14 00:12:04','2018-10-17 16:42:06','2018-10-29 19:18:58','2018-10-29 19:18:58','atomic_user_story'),(122,'6a9a475bd0a44edf9f4d28ca46681c64','2020-02-11 19:45:57','2020-02-11 19:45:57','Eu, como equipe de desenvolvimento, quero estudar a transmissão de notificações aos usuários','None',6,37,35,35,'2018-10-15 19:19:41','2018-10-17 16:42:04','2018-10-29 19:18:49','2018-10-29 19:18:49','atomic_user_story'),(123,'4872ba5b9beb404aa104c2c4366f20c4','2020-02-11 19:45:57','2020-02-11 19:45:57','Eu, como funcionario da ceturb, quero informar os feriados para o cidadão saber as alterações na programação','None',6,35,35,35,'2018-10-29 19:20:00','2018-10-29 19:24:00','2019-01-16 10:56:22','2019-01-16 10:56:22','atomic_user_story'),(124,'4e0d2986d9cb4d09af7d18ef5d953a8a','2020-02-11 19:45:58','2020-02-11 19:45:58','Eu, como funcionário da ceturb, quero informar os valores da passagem','None',6,35,35,35,'2018-10-29 19:20:39','2018-10-29 19:24:04','2019-01-16 10:56:19','2019-01-16 10:56:19','atomic_user_story'),(125,'aa3e5b1f73994bd1971fa56946fca467','2020-02-11 19:45:58','2020-02-11 19:45:58','Eu, como funcionário da ceturb, quero informar os mapas dos itinerarios','None',6,35,35,35,'2018-10-29 19:21:01','2018-10-29 19:24:07','2019-01-16 10:56:28','2019-01-16 10:56:28','atomic_user_story'),(126,'8661565465d749b8b5c76f0cd2ba68ad','2020-02-11 19:45:58','2020-02-11 19:45:58','Eu, como funcionário da ceturb, quero informar que há um problema na programação. ','None',6,35,35,35,'2018-10-29 19:21:43','2018-10-29 19:27:02','2019-01-16 10:56:50','2019-01-16 10:56:50','atomic_user_story'),(127,'e6136fc228b146d38c57caf127c1a00e','2020-02-11 19:45:59','2020-02-11 19:45:59','Eu, como cidadão, quero saber a posição do ônibus que estou esperando no ponto','None',6,35,32,NULL,'2018-10-29 19:22:03','2019-01-28 17:56:42',NULL,NULL,'atomic_user_story'),(128,'a43d7615b89d4ed18e856db46fb761f8','2020-02-11 19:45:59','2020-02-11 19:45:59','Eu, como equipe de TI, quero salvar os dados da posição do ônibus na base de dados','None',6,35,35,32,'2018-10-29 19:23:04','2018-10-29 19:24:42','2019-01-28 17:55:03','2019-01-28 17:55:03','atomic_user_story'),(129,'922eaeba05914d6da716895fce448ace','2020-02-11 19:45:59','2020-02-11 19:45:59','Eu, como desenvolvedor, quero ter acesso a base real-time da posição dos ônibus','None',6,35,35,32,'2018-10-29 19:23:43','2018-11-14 15:10:36','2019-01-28 17:54:54','2019-01-28 17:54:54','atomic_user_story'),(130,'b0c29306d53a4c40accc55f1166fa067','2020-02-11 19:46:00','2020-02-11 19:46:00','Eu, como deficiente visual, quero saber os próximos ônibus que chegarão ao meu ponto','None',6,37,32,32,'2018-11-13 17:51:05','2019-01-28 17:56:40','2019-01-28 17:56:40','2019-01-28 17:56:40','atomic_user_story'),(131,'0510275203c1415ca5baf5b035273fad','2020-02-11 19:46:00','2020-02-11 19:46:00','Eu, como desenvolvedor, quero acessar o swagger.json da api-ceturb para criar aplicativos cliente','None',6,37,35,35,'2018-11-13 18:05:01','2018-11-15 00:22:45','2019-01-16 10:56:41','2019-01-16 10:56:35','atomic_user_story'),(132,'a5072e0a421b48488290521024c6dbe4','2020-02-11 19:46:00','2020-02-11 19:46:00','Eu, como equipe de desenvolvimento, quero atualizar as transformações do PDI','None',6,37,36,32,'2018-11-13 18:23:05','2018-11-26 18:29:28','2019-01-28 17:57:08','2019-01-28 17:57:08','atomic_user_story'),(133,'22c10703b1664c6897847bfcc1200034','2020-02-11 19:46:01','2020-02-11 19:46:01','Eu, como desenvolvedor, quero atualizar a api-ceturb','None',6,36,32,32,'2018-11-13 19:29:19','2019-01-28 17:54:14','2019-01-28 17:54:22','2019-01-28 17:54:22','atomic_user_story'),(134,'56d3a48e6d284132820b27caa3e6c8bc','2020-02-11 19:46:01','2020-02-11 19:46:01','Eu, como equipe do Google Tansit, quero deixar um planejamento prévio preparado ','None',6,32,32,32,'2019-01-10 15:38:43','2019-01-28 17:56:26','2019-01-28 17:56:26','2019-01-28 17:56:26','atomic_user_story'),(135,'182145cdba5243c58115c998120f4d99','2020-02-11 19:46:01','2020-02-11 19:46:01','Eu, como Membro do Time, quero saber a velocidade do meu time para me ajudar no planejamento','None',10,55,54,54,'2018-10-16 01:50:49','2018-10-16 20:11:29','2018-10-24 13:12:47','2018-10-24 13:12:47','atomic_user_story'),(136,'87aad891d26b47c2ad5beea8500fba76','2020-02-11 19:46:02','2020-02-11 19:46:02','Eu, como Membro do Time, quero saber o WIP do meu time para ajudar no planejamento','None',10,55,55,55,'2018-10-16 01:51:09','2018-10-16 18:38:14','2018-10-16 19:01:12','2018-10-16 19:00:42','atomic_user_story'),(137,'29f5f6d777c1463cb128733441aa563c','2020-02-11 19:46:02','2020-02-11 19:46:02','Eu, como gestora, gostaria de melhorar o processo de notificação do time acerca das reuniões e relatórios','None',10,53,53,53,'2018-10-29 18:58:52','2018-11-09 16:38:05','2018-11-09 16:38:05','2018-11-09 16:38:05','atomic_user_story'),(138,'a083f21c832344ab882e7a684c823812','2020-02-11 19:46:02','2020-02-11 19:46:02','Eu, como gestor, devo gerar um web service para receber os dados do tfs','None',10,53,54,54,'2018-12-11 13:58:32','2018-12-12 13:39:53','2019-01-11 21:49:37','2019-01-11 21:49:37','atomic_user_story'),(139,'ae88b13cabed41268e433fe059a1497c','2020-02-11 19:46:03','2020-02-11 19:46:03','Eu, como gestor de projeto, quero saber a velocidade do time, para entregar no prazo','None',10,54,54,NULL,'2019-01-14 15:42:10','2019-01-14 15:55:27',NULL,NULL,'atomic_user_story'),(140,'0e95e1908ea74a939cbdd0856b88da78','2020-02-11 19:46:03','2020-02-11 19:46:03','Eu, como gestor de projetos, quero calcular o WIP do time, para entregar no prazo.','None',10,54,NULL,NULL,'2019-01-14 15:43:06',NULL,NULL,NULL,'atomic_user_story'),(141,'ed145850199142b1969c41141c7ec63a','2020-02-11 19:46:03','2020-02-11 19:46:03','Eu, como gestor, quero saber o cycle time do time, para melhorar a entrega no prazo.','None',10,54,NULL,NULL,'2019-01-14 15:45:09',NULL,NULL,NULL,'atomic_user_story'),(142,'4c9448f876a74f268d39326630786d0c','2020-02-11 19:46:03','2020-02-11 19:46:03','Eu, como desenvolvedor, quero modificar o background do Gravitee','None',14,82,81,81,'2018-10-16 02:10:36','2018-10-17 20:47:51','2018-11-01 19:57:55','2018-11-01 19:57:55','atomic_user_story'),(143,'7f29abc8025843d0b962fee378d0c00b','2020-02-11 19:46:04','2020-02-11 19:46:04','Eu, como consumidor de api, quero saber como usar as apis do gravitee','None',14,81,81,81,'2018-10-17 20:43:23','2018-10-17 20:47:59','2018-11-01 20:01:15','2018-11-01 20:01:15','atomic_user_story'),(144,'9098648f9d554f13aafd3df4622b0716','2020-02-11 19:46:04','2020-02-11 19:46:04','Eu, como produtor de api, quero saber como cadastrar uma api no gravitee','None',14,81,81,81,'2018-10-17 20:44:43','2018-10-17 20:48:00','2018-11-14 18:45:12','2018-11-14 18:45:12','atomic_user_story'),(145,'652be648511a4d91bd1c979e212f7cc0','2020-02-11 19:46:04','2020-02-11 19:46:04','Eu, como consumidor,  quero notificar um problema no portal','None',14,81,81,81,'2018-10-17 20:53:34','2018-10-17 21:01:11','2019-01-09 13:28:08','2019-01-09 13:28:08','atomic_user_story'),(146,'4388c8bd44634aa781ed845f005118f1','2020-02-11 19:46:05','2020-02-11 19:46:05','Eu, como gestor, quero cadastrar as apis da prodest no Gravitee','None',14,81,81,81,'2018-10-17 21:06:57','2019-01-09 13:27:15','2019-01-09 13:27:15','2019-01-09 13:27:15','atomic_user_story'),(147,'88180266fd024579a38908020c256951','2020-02-11 19:46:05','2020-02-11 19:46:05','Eu, como desenvolvedor, quero automatizar o processo de atualização do gravitee','None',14,81,76,76,'2018-10-17 21:33:10','2018-11-08 14:51:44','2018-11-08 17:03:04','2018-11-08 17:03:04','atomic_user_story'),(148,'b9c89f5052d0484a90fabf993fc24677','2020-02-11 19:46:05','2020-02-11 19:46:05','Eu, como desenvolvedor, gostaria de ter um gateway de homologação, para fazer testes de stress das minhas API\'s','None',14,81,81,81,'2018-11-08 15:48:58','2019-01-09 13:27:38','2019-01-09 13:27:38','2019-01-09 13:27:38','atomic_user_story'),(149,'8f11447b972e4a169cfc413136c27eb7','2020-02-11 19:46:05','2020-02-11 19:46:05','Eu, como candidato, quero pesquisar os concursos com uma palavra chave.','História de usuário que permite realizar busca de concurso por palavra chave.<br>',2,7,8,8,'2018-10-15 19:40:27','2018-10-30 19:44:02','2018-10-30 19:44:02','2018-10-30 19:44:02','atomic_user_story'),(150,'65cc4140c1154061badffd6e54b0a348','2020-02-11 19:46:06','2020-02-11 19:46:06','Eu, como programador, quero que meus projetos sejam automaticamente testados no gitlab','None',2,7,11,7,'2018-11-13 22:36:01','2018-11-14 15:13:09','2019-03-18 17:18:26','2019-03-18 17:18:26','atomic_user_story'),(151,'2300798266a44499817a4855a2f27f31','2020-02-11 19:46:06','2020-02-11 19:46:06','Eu, como equipe de desenvolvimento, quero listar no aplicativo todos os débitos em aberto','None',1,4,4,4,'2018-11-05 13:18:13','2018-11-05 13:18:36','2018-11-09 03:57:49','2018-11-09 03:57:49','atomic_user_story'),(152,'308821c4030046edb1ae734a52736e53','2020-02-11 19:46:06','2020-02-11 19:46:06','Criar endpoint falso','None',1,4,4,4,'2018-11-18 20:52:04','2018-11-26 16:27:28','2018-11-26 16:27:28','2018-11-26 16:27:28','atomic_user_story'),(153,'fab9d7e2940c485196f4c3e528999c72','2020-02-11 19:46:07','2020-02-11 19:46:07','Criar botão \"Gerar Guia\"','None',1,4,4,4,'2018-11-26 16:27:54','2018-11-26 16:28:09','2018-11-26 16:28:09','2018-11-26 16:28:09','atomic_user_story'),(154,'507b0c08186946e3bb758f06354dceb6','2020-02-11 19:46:07','2020-02-11 19:46:07','Eu, como equipe do detran-debitos, quero deixar um planejamento prévio preparado','None',1,3,3,3,'2019-01-10 16:53:26','2019-01-10 16:53:30','2019-01-14 17:35:54','2019-01-14 17:35:54','atomic_user_story'),(155,'03578e612fbc4b6aa98876b6e04146ef','2020-02-11 19:46:07','2020-02-11 19:46:07','Eu, como dono de um veiculo, quero pagar a cota unica do ipva.','None',1,3,3,3,'2019-01-14 17:42:40','2019-01-14 17:43:16','2019-01-15 20:17:39','2019-01-15 17:44:54','atomic_user_story'),(156,'7bb7ea6799d54992beb3a9d5f199fd7e','2020-02-11 19:46:08','2020-02-11 19:46:08','Eu, como dono de um veículo, quero listar somente um tipo de débito.','None',1,3,3,3,'2018-10-15 19:42:42','2018-10-29 19:01:20','2018-11-06 16:59:38','2018-11-06 16:59:38','atomic_user_story'),(157,'b2b6e320b0bf48a882864d7534a8f170','2020-02-11 19:46:08','2020-02-11 19:46:08','Eu, como dono de um veículo, quero listar todos os tipos de débitos em aberto.','None',1,3,3,3,'2018-10-15 19:42:47','2018-10-29 19:01:18','2018-11-06 16:59:37','2018-11-06 16:59:37','atomic_user_story'),(158,'039f5cd22c1d428da7a941bfed54062e','2020-02-11 19:46:08','2020-02-11 19:46:08','Eu, como dono de um veículo, quero ter acesso a todos os dados do meu veículo.','None',1,3,6,3,'2018-10-15 19:32:31','2018-10-16 02:59:23','2018-10-29 16:13:39','2018-10-29 16:13:39','atomic_user_story'),(159,'d75138ddf8144c51aa1897cf8cb68c79','2020-02-11 19:46:09','2020-02-11 19:46:09','Eu, como dono de um veículo, quero listar todos os débitos em aberto.','None',1,3,6,3,'2018-10-15 19:39:03','2018-10-16 02:56:54','2018-10-29 17:58:36','2018-10-29 17:58:36','atomic_user_story'),(160,'d86bbe61a1914bbc922620e22f1dbf3d','2020-02-11 19:46:09','2020-02-11 19:46:09','Eu, como dono de um veículo, quero gerar GRU com todos os débitos. ','None',1,3,3,3,'2018-10-15 19:42:08','2018-11-08 15:55:06','2018-11-11 22:50:05','2018-11-11 22:50:05','atomic_user_story'),(161,'1f1d05c1ee9a4d52860438f85e67494d','2020-02-11 19:46:10','2020-02-11 19:46:10','Fazer reunião com os Coordenadores','None',13,72,74,73,'2018-10-15 19:16:03','2018-10-16 18:13:25','2018-10-18 19:59:49','2018-10-18 19:59:49','atomic_user_story'),(162,'50752bd7f310455ba547931b4ef1fb20','2020-02-11 19:46:10','2020-02-11 19:46:10','Utilizar o Power BI','None',13,72,74,72,'2018-10-15 19:16:22','2018-10-16 18:13:35','2018-10-25 18:15:50','2018-10-25 18:15:50','atomic_user_story'),(163,'fd2ac197c11948b7bdcd3ba57dc934e5','2020-02-11 19:46:10','2020-02-11 19:46:10','Gerar informações a partir de analise feita ao Banco Seleção DT','None',13,72,74,72,'2018-10-15 19:21:50','2018-10-16 18:13:41','2018-10-25 19:51:18','2018-10-25 19:51:18','atomic_user_story'),(164,'3ea2b290feab4934a45f96eaf44a6e64','2020-02-11 19:46:11','2020-02-11 19:46:11','Configurar os computadores para instalar o Power BI e outras ferramentas','None',13,72,72,68,'2018-10-18 18:02:05','2018-10-18 18:03:25','2018-10-18 20:05:12','2018-10-18 20:05:12','atomic_user_story'),(165,'ec97b24f1c874747bf6edc0af026c74a','2020-02-11 19:46:11','2020-02-11 19:46:11','Fazer reunião com a Prodest para tirar duvidas sobre o banco selecao DT','None',13,72,72,72,'2018-11-01 19:55:36','2018-11-01 20:17:20','2018-11-13 17:08:53','2018-11-01 20:17:20','atomic_user_story'),(166,'03d7fa4569274395b61d65df4c150ca3','2020-02-11 19:46:11','2020-02-11 19:46:11','Criar versão do banco para as equipes de Data Science e Empregabilidade ','None',13,72,68,72,'2018-11-01 19:57:27','2018-11-01 20:13:02','2018-11-13 17:08:51','2018-11-13 17:08:43','atomic_user_story'),(167,'3690b06b817648d9a235be74905aa845','2020-02-11 19:46:12','2020-02-11 19:46:12','Eu, como usuario , quero saber as funcionalidades das APIs','None',15,85,85,85,'2018-12-13 18:39:42','2018-12-13 18:45:43','2019-01-16 16:38:06','2019-01-16 16:38:06','atomic_user_story'),(168,'114779ac212c4ab69d530b9b55795fb1','2020-02-11 19:46:12','2020-02-11 19:46:12','Eu, como gestor, quero que o time entregue valor no prazo','None',10,54,54,NULL,'2019-01-14 15:30:56','2019-01-14 15:54:00',NULL,NULL,'epic'),(169,'c21787fd8d114957b0a3fb202c3991d6','2020-02-11 19:46:12','2020-02-11 19:46:12','Eu, como gestor,  quero saber a velocidade de cada time','None',10,54,NULL,NULL,'2019-01-14 15:31:54',NULL,NULL,NULL,'epic'),(170,'a4a32a75f1204de5942001adcfb13d81','2020-02-11 19:46:12','2020-02-11 19:46:12','Eu, como gestor,  quero que os times sejam autônomos (saber negociar prazo, negar novas histórias, focar em valor)','None',10,54,NULL,NULL,'2019-01-14 15:31:43',NULL,NULL,NULL,'epic'),(171,'d00ff42344d4433caf4747c3c9fa2983','2020-02-11 19:46:12','2020-02-11 19:46:12','Eu, como gestor, quero que os times tenham critérios de qualidade','None',10,54,NULL,NULL,'2019-01-14 15:31:22',NULL,NULL,NULL,'epic'),(172,'0b3046b4039945e7bef8d06a9a695d18','2020-02-11 19:46:13','2020-02-11 19:46:13','Eu, como gestor, gostaria de organizar a equipe de forma que otimize a gestão do conhecimento','None',10,54,NULL,NULL,'2019-01-14 15:30:31',NULL,NULL,NULL,'epic'),(173,'eb2e75d8e7bc4d6683061e618dac8e32','2020-02-11 19:46:13','2020-02-11 19:46:13','Eu, como usuário, quero saber como usar o Gateway de API','None',15,84,85,85,'2018-10-17 19:39:21','2018-12-14 16:00:41','2018-12-14 16:00:41','2018-12-14 16:00:41','atomic_user_story'),(174,'76a3059071fd4029a80188c2ca808737','2020-02-11 19:46:14','2020-02-11 19:46:14','Eu, como usuário, quero saber como contribuir com o ESPM','None',15,84,85,85,'2018-10-17 19:37:46','2018-12-14 16:00:30','2018-12-14 16:00:30','2018-12-14 16:00:30','atomic_user_story'),(175,'edcdbdf0a32c4cc49e085aa550c16482','2020-02-11 19:46:14','2020-02-11 19:46:14','Eu, como usuário, quero acessar o site no celular','None',15,84,85,85,'2018-10-17 19:58:44','2018-12-14 16:00:18','2018-12-14 16:00:18','2018-12-14 16:00:18','atomic_user_story'),(176,'42c54cb0b72c43268459cd36e16905d8','2020-02-11 19:46:14','2020-02-11 19:46:14','Eu, como usuário, quero acessar o site no tablet','None',15,84,85,85,'2018-10-17 19:59:02','2018-12-14 15:59:50','2018-12-14 15:59:50','2018-12-14 15:59:50','atomic_user_story'),(177,'a29687b8c3514c578b7719440c73d46e','2020-02-11 19:46:15','2020-02-11 19:46:15','Eu, como usuaŕio do ESPM, quero saber o que é o ESPM','None',15,84,84,85,'2018-10-17 19:37:28','2018-10-17 19:44:42','2018-12-14 15:59:03','2018-12-14 15:59:03','atomic_user_story'),(178,'d69e625caa41464fb215526a23bb38b6','2020-02-11 19:46:15','2020-02-11 19:46:15','Eu, como concurseiro, quero saber os concursos aberto, para me candidatar','O passageiro deseja saber o valor da passagem.',2,12,12,12,'2018-10-12 13:58:09','2018-10-12 14:09:37','2018-10-12 14:13:43','2018-10-12 14:13:43','epic'),(179,'200caaf3aaef40b0a6d65d7788776bbe','2020-02-11 19:46:15','2020-02-11 19:46:15','Eu, como usuário, quero saber as funcionalidades do ESPM APP','None',15,84,85,85,'2018-10-17 19:38:15','2018-11-09 19:50:40','2018-11-09 19:50:40','2018-11-09 19:50:40','atomic_user_story'),(180,'ebdf8f7dda4843d7afdd7c82ecff4309','2020-02-11 19:46:16','2020-02-11 19:46:16','Eu, como usuário, quero entrar em contato com a equipe do ESPM','None',15,84,85,85,'2018-10-17 19:38:57','2018-11-01 20:07:20','2018-11-01 20:10:30','2018-11-01 20:10:30','atomic_user_story'),(181,'3ce91d88560a40e980ce361fd8c3f866','2020-02-11 19:46:16','2020-02-11 19:46:16','Eu, como usuário, quero saber as previsões de novas funcionaldidades','None',15,84,85,85,'2018-10-17 19:38:26','2018-10-30 20:33:34','2018-11-01 20:06:33','2018-11-01 20:06:33','atomic_user_story'),(182,'fb50e3879b51495eaedf9506f13d7b1c','2020-02-11 19:46:16','2020-02-11 19:46:16','Eu, como usuário, quero saber como contribuir com o ESPM','None',15,84,85,85,'2018-10-17 19:38:35','2018-11-01 17:57:53','2018-11-01 17:57:56','2018-11-01 17:57:56','atomic_user_story'),(183,'c19ec74e352345318e039866c5978fab','2020-02-11 19:46:16','2020-02-11 19:46:16','Eu, como usuário, quero saber as noticias do ESPM','None',15,84,84,85,'2018-10-17 19:37:38','2018-10-17 19:44:44','2018-11-01 17:17:04','2018-11-01 17:17:04','atomic_user_story'),(184,'40c9da071d6d4121b62b56965c5d98a0','2020-02-11 19:46:17','2020-02-11 19:46:17','Eu, como usuário, quero realizar download do ESPM APP','None',15,84,85,85,'2018-10-17 19:38:04','2018-10-30 20:33:22','2018-11-01 17:06:12','2018-11-01 17:06:12','atomic_user_story'),(185,'5272b003c7004a22972e0f3891558472','2020-02-11 19:46:17','2020-02-11 19:46:17','Configurar acesso ao banco de dados local','None',1,4,4,4,'2018-10-25 19:04:43','2018-10-25 19:05:32','2018-10-29 17:14:17','2018-10-29 17:14:17','atomic_user_story');
/*!40000 ALTER TABLE `user_story` ENABLE KEYS */;
UNLOCK TABLES;

--
-- Table structure for table `user_story_team_member`
--

DROP TABLE IF EXISTS `user_story_team_member`;
/*!40101 SET @saved_cs_client     = @@character_set_client */;
/*!50503 SET character_set_client = utf8mb4 */;
CREATE TABLE `user_story_team_member` (
  `user_story_id` int(11) DEFAULT NULL,
  `team_member_id` int(11) DEFAULT NULL,
  KEY `user_story_id` (`user_story_id`),
  KEY `team_member_id` (`team_member_id`),
  CONSTRAINT `user_story_team_member_ibfk_1` FOREIGN KEY (`user_story_id`) REFERENCES `user_story` (`id`),
  CONSTRAINT `user_story_team_member_ibfk_2` FOREIGN KEY (`team_member_id`) REFERENCES `team_member` (`id`)
) ENGINE=InnoDB DEFAULT CHARSET=utf8mb4 COLLATE=utf8mb4_general_ci;
/*!40101 SET character_set_client = @saved_cs_client */;

--
-- Dumping data for table `user_story_team_member`
--

LOCK TABLES `user_story_team_member` WRITE;
/*!40000 ALTER TABLE `user_story_team_member` DISABLE KEYS */;
INSERT INTO `user_story_team_member` VALUES (2,39),(3,41),(4,41),(5,39),(6,39),(7,41),(8,65),(9,65),(10,65),(11,60),(13,60),(15,59),(16,60),(17,59),(18,60),(19,60),(20,60),(21,68),(22,73),(23,68),(24,72),(25,73),(26,72),(27,72),(28,72),(29,73),(30,73),(31,73),(32,72),(33,72),(34,72),(35,68),(36,73),(38,72),(39,68),(40,68),(41,68),(42,72),(43,73),(44,73),(45,73),(46,61),(47,65),(51,48),(52,65),(53,65),(54,50),(55,77),(56,50),(57,48),(58,50),(59,50),(60,50),(61,48),(62,77),(63,77),(64,77),(65,32),(66,86),(67,48),(68,48),(69,48),(70,48),(71,50),(72,60),(73,50),(74,48),(75,48),(76,50),(77,68),(78,60),(79,21),(80,21),(81,48),(82,60),(83,60),(84,60),(85,50),(86,8),(87,87),(88,8),(89,87),(91,9),(92,7),(93,8),(94,8),(96,7),(97,7),(99,7),(100,8),(108,8),(109,8),(110,37),(111,88),(112,36),(113,3),(114,4),(115,3),(117,36),(118,36),(119,32),(120,32),(121,32),(122,37),(123,37),(124,37),(125,37),(126,32),(127,37),(128,36),(129,36),(130,32),(131,36),(132,37),(133,36),(135,53),(136,53),(137,53),(138,54),(139,54),(140,54),(141,54),(142,81),(143,81),(144,76),(145,81),(147,76),(149,7),(150,7),(151,4),(154,3),(155,3),(156,3),(157,3),(158,4),(159,3),(160,3),(161,72),(162,72),(163,72),(164,72),(166,68),(167,85),(168,54),(177,85),(178,12),(180,85),(181,85),(182,85),(183,84),(184,85),(185,4);
/*!40000 ALTER TABLE `user_story_team_member` ENABLE KEYS */;
UNLOCK TABLES;
/*!40103 SET TIME_ZONE=@OLD_TIME_ZONE */;

/*!40101 SET SQL_MODE=@OLD_SQL_MODE */;
/*!40014 SET FOREIGN_KEY_CHECKS=@OLD_FOREIGN_KEY_CHECKS */;
/*!40014 SET UNIQUE_CHECKS=@OLD_UNIQUE_CHECKS */;
/*!40101 SET CHARACTER_SET_CLIENT=@OLD_CHARACTER_SET_CLIENT */;
/*!40101 SET CHARACTER_SET_RESULTS=@OLD_CHARACTER_SET_RESULTS */;
/*!40101 SET COLLATION_CONNECTION=@OLD_COLLATION_CONNECTION */;
/*!40111 SET SQL_NOTES=@OLD_SQL_NOTES */;

-- Dump completed on 2020-02-11 17:15:54
