-- MySQL dump 10.13  Distrib 8.0.32, for Win64 (x86_64)
--
-- Host: localhost    Database: dq
-- ------------------------------------------------------
-- Server version	8.0.32

/*!40101 SET @OLD_CHARACTER_SET_CLIENT=@@CHARACTER_SET_CLIENT */;
/*!40101 SET @OLD_CHARACTER_SET_RESULTS=@@CHARACTER_SET_RESULTS */;
/*!40101 SET @OLD_COLLATION_CONNECTION=@@COLLATION_CONNECTION */;
/*!50503 SET NAMES utf8mb4 */;
/*!40103 SET @OLD_TIME_ZONE=@@TIME_ZONE */;
/*!40103 SET TIME_ZONE='+00:00' */;
/*!40014 SET @OLD_UNIQUE_CHECKS=@@UNIQUE_CHECKS, UNIQUE_CHECKS=0 */;
/*!40014 SET @OLD_FOREIGN_KEY_CHECKS=@@FOREIGN_KEY_CHECKS, FOREIGN_KEY_CHECKS=0 */;
/*!40101 SET @OLD_SQL_MODE=@@SQL_MODE, SQL_MODE='NO_AUTO_VALUE_ON_ZERO' */;
/*!40111 SET @OLD_SQL_NOTES=@@SQL_NOTES, SQL_NOTES=0 */;

--
-- Temporary view structure for view `active_skills`
--

DROP TABLE IF EXISTS `active_skills`;
/*!50001 DROP VIEW IF EXISTS `active_skills`*/;
SET @saved_cs_client     = @@character_set_client;
/*!50503 SET character_set_client = utf8mb4 */;
/*!50001 CREATE VIEW `active_skills` AS SELECT 
 1 AS `id`,
 1 AS `skill_type`,
 1 AS `skill_for`,
 1 AS `name`,
 1 AS `skill_point`,
 1 AS `description`,
 1 AS `mp`,
 1 AS `is_active`,
 1 AS `filename`*/;
SET character_set_client = @saved_cs_client;

--
-- Table structure for table `build_allocations`
--

DROP TABLE IF EXISTS `build_allocations`;
/*!40101 SET @saved_cs_client     = @@character_set_client */;
/*!50503 SET character_set_client = utf8mb4 */;
CREATE TABLE `build_allocations` (
  `id` int NOT NULL AUTO_INCREMENT,
  `seq` int NOT NULL DEFAULT '0',
  `build_id` int NOT NULL DEFAULT '0',
  `allocation` varchar(100) NOT NULL DEFAULT '',
  `note` varchar(500) NOT NULL DEFAULT '',
  PRIMARY KEY (`id`),
  KEY `build_allocations_fk_builds_idx` (`build_id`),
  CONSTRAINT `build_allocations_fk_builds` FOREIGN KEY (`build_id`) REFERENCES `builds` (`id`) ON DELETE RESTRICT ON UPDATE CASCADE
) ENGINE=InnoDB AUTO_INCREMENT=27 DEFAULT CHARSET=utf8mb4 COLLATE=utf8mb4_0900_ai_ci;
/*!40101 SET character_set_client = @saved_cs_client */;

--
-- Dumping data for table `build_allocations`
--

LOCK TABLES `build_allocations` WRITE;
/*!40000 ALTER TABLE `build_allocations` DISABLE KEYS */;
INSERT INTO `build_allocations` VALUES (2,1,1,'100 on Weapon of Choice','--'),(3,2,1,'90 on Courage [Warrior]','get bonus HP, Strength and Defence'),(4,3,1,'32 on Acquisitiveness [Thief]','get max HP+20'),(5,4,1,'42 on Focus [Martial Artist]','get max HP+30 (get 100SP if you want speedy attacker)'),(6,5,1,'22 on Fource [Armamentalist]','get Natural Resilience +20'),(7,6,1,'82 on Guts [Gladiator]','get max HP+30 (and many Strength and HP+ bonus)'),(8,7,1,'100 on Virtue [Paladin]','get Defence and HP+ bonuses'),(9,1,4,'100 on Weapon of Choice','--'),(10,2,4,'100 on Shield','--'),(11,3,4,'100 on Virtue [Paladin]','--'),(12,4,4,'90 on Courage [Warrior]','get big Defence and HP+ boost'),(13,5,4,'42 on Focus [Martial artist]','get HP+30'),(14,6,4,'22 on Fource [Armamentalist]','get Resilience+20 (get 100SP after recommended alloc)'),(15,7,4,'82 on Guts[Gladiator]','get HP boost'),(16,8,4,'42 on Ruggedness [Ranger]','get Natural Resilience +20'),(17,1,2,'100 on Weapon of Choice','preferably wand for MP bonus'),(18,2,2,'100 on Faith [Priest]','get MP+ and healing capability boosts'),(19,3,2,'100 on Enlightenment [Sage]','boost healing point, reduce MP cost'),(20,4,2,'69 on Litheness [Minstrel]','boost healing'),(21,5,2,'22 on Virtue [Paladin]','boost healing'),(22,1,3,'100 on Weapon of Choice','preferably Wand for MP bonus'),(23,2,3,'100 on Spellcraft [Mage]','boost MP and healing'),(24,3,3,'100 on Enlightenment [Sage]','reduce MP cost and increase Magical damage'),(25,4,3,'42 on Litheness [Minstrel]','boost magical damage'),(26,5,3,'68 onFource [Armamentalist]','get Magical Might +30');
/*!40000 ALTER TABLE `build_allocations` ENABLE KEYS */;
UNLOCK TABLES;

--
-- Table structure for table `builds`
--

DROP TABLE IF EXISTS `builds`;
/*!40101 SET @saved_cs_client     = @@character_set_client */;
/*!50503 SET character_set_client = utf8mb4 */;
CREATE TABLE `builds` (
  `id` int NOT NULL AUTO_INCREMENT,
  `name` varchar(50) NOT NULL,
  `spent` int NOT NULL,
  `unspent` int NOT NULL,
  `best_voc` varchar(100) NOT NULL,
  `note` varchar(255) NOT NULL,
  PRIMARY KEY (`id`),
  UNIQUE KEY `name` (`name`)
) ENGINE=InnoDB AUTO_INCREMENT=5 DEFAULT CHARSET=utf8mb3;
/*!40101 SET character_set_client = @saved_cs_client */;

--
-- Dumping data for table `builds`
--

LOCK TABLES `builds` WRITE;
/*!40000 ALTER TABLE `builds` DISABLE KEYS */;
INSERT INTO `builds` VALUES (1,'Attacker',468,152,'Gladiator / Warrior','Distribute unspent SP to favorite skill and Agility passive skills (Martial Artists)'),(2,'Healer',391,229,'Priest / Sage','Distribute to either HP+ or Shield skills'),(3,'Spellcaster',410,210,'Mage / Sage','Boost Agility and HP+'),(4,'Tank',578,42,'Paladin','Fill Armamentalist for HP+30. Agility is useless. Get passive Strength skills if tou want Attack-Tank type');
/*!40000 ALTER TABLE `builds` ENABLE KEYS */;
UNLOCK TABLES;

--
-- Table structure for table `categories`
--

DROP TABLE IF EXISTS `categories`;
/*!40101 SET @saved_cs_client     = @@character_set_client */;
/*!50503 SET character_set_client = utf8mb4 */;
CREATE TABLE `categories` (
  `id` int NOT NULL AUTO_INCREMENT,
  `main_cat` varchar(50) NOT NULL,
  `sub_cat` varchar(50) DEFAULT NULL,
  PRIMARY KEY (`id`)
) ENGINE=InnoDB AUTO_INCREMENT=23 DEFAULT CHARSET=utf8mb3;
/*!40101 SET character_set_client = @saved_cs_client */;

--
-- Dumping data for table `categories`
--

LOCK TABLES `categories` WRITE;
/*!40000 ALTER TABLE `categories` DISABLE KEYS */;
INSERT INTO `categories` VALUES (1,'item','everyday item'),(2,'item','important item'),(3,'accessory','accessory'),(4,'weapon','axe'),(5,'weapon','boomerang'),(6,'weapon','bow'),(7,'weapon','claw'),(8,'weapon','fan'),(9,'weapon','fisticuff'),(10,'weapon','hammer'),(11,'weapon','knife'),(12,'weapon','shield'),(13,'weapon','spear'),(14,'weapon','staff'),(15,'weapon','sword'),(16,'weapon','wand'),(17,'weapon','whip'),(18,'armor','head'),(19,'armor','torso'),(20,'armor','hands'),(21,'armor','legs'),(22,'armor','feet');
/*!40000 ALTER TABLE `categories` ENABLE KEYS */;
UNLOCK TABLES;

--
-- Table structure for table `families`
--

DROP TABLE IF EXISTS `families`;
/*!40101 SET @saved_cs_client     = @@character_set_client */;
/*!50503 SET character_set_client = utf8mb4 */;
CREATE TABLE `families` (
  `id` int NOT NULL AUTO_INCREMENT,
  `name` varchar(25) NOT NULL,
  PRIMARY KEY (`id`),
  UNIQUE KEY `name` (`name`)
) ENGINE=InnoDB AUTO_INCREMENT=15 DEFAULT CHARSET=utf8mb3;
/*!40101 SET character_set_client = @saved_cs_client */;

--
-- Dumping data for table `families`
--

LOCK TABLES `families` WRITE;
/*!40000 ALTER TABLE `families` DISABLE KEYS */;
INSERT INTO `families` VALUES (1,'???'),(2,'Aquatic'),(3,'Beast'),(4,'Bird'),(5,'Bug'),(6,'Demon'),(7,'Dragon'),(8,'Elemental'),(9,'Humanoid'),(10,'Machine'),(11,'Material'),(12,'Plant'),(13,'Slime'),(14,'Zombie');
/*!40000 ALTER TABLE `families` ENABLE KEYS */;
UNLOCK TABLES;

--
-- Table structure for table `item_types`
--

DROP TABLE IF EXISTS `item_types`;
/*!40101 SET @saved_cs_client     = @@character_set_client */;
/*!50503 SET character_set_client = utf8mb4 */;
CREATE TABLE `item_types` (
  `id` int NOT NULL AUTO_INCREMENT,
  `name` varchar(100) NOT NULL DEFAULT '',
  PRIMARY KEY (`id`),
  UNIQUE KEY `name` (`name`)
) ENGINE=InnoDB AUTO_INCREMENT=6 DEFAULT CHARSET=utf8mb4 COLLATE=utf8mb4_0900_ai_ci;
/*!40101 SET character_set_client = @saved_cs_client */;

--
-- Dumping data for table `item_types`
--

LOCK TABLES `item_types` WRITE;
/*!40000 ALTER TABLE `item_types` DISABLE KEYS */;
INSERT INTO `item_types` VALUES (3,'Attack'),(2,'Other'),(5,'Reagent'),(1,'Recovery'),(4,'Seed');
/*!40000 ALTER TABLE `item_types` ENABLE KEYS */;
UNLOCK TABLES;

--
-- Table structure for table `items`
--

DROP TABLE IF EXISTS `items`;
/*!40101 SET @saved_cs_client     = @@character_set_client */;
/*!50503 SET character_set_client = utf8mb4 */;
CREATE TABLE `items` (
  `id` int NOT NULL AUTO_INCREMENT,
  `name` varchar(100) NOT NULL DEFAULT '',
  `type_id` int NOT NULL,
  `description` varchar(500) NOT NULL DEFAULT '',
  `found` varchar(200) DEFAULT '',
  `buy` varchar(500) DEFAULT '',
  `drop` varchar(500) DEFAULT '',
  `recipe` varchar(100) DEFAULT '',
  `filename` varchar(100) DEFAULT '',
  `rarity` int NOT NULL DEFAULT '0',
  PRIMARY KEY (`id`),
  UNIQUE KEY `name` (`name`),
  KEY `items_fk_item_types_idx` (`type_id`),
  CONSTRAINT `items_fk_item_types` FOREIGN KEY (`type_id`) REFERENCES `item_types` (`id`) ON DELETE RESTRICT ON UPDATE CASCADE
) ENGINE=InnoDB AUTO_INCREMENT=111 DEFAULT CHARSET=utf8mb4 COLLATE=utf8mb4_0900_ai_ci;
/*!40101 SET character_set_client = @saved_cs_client */;

--
-- Dumping data for table `items`
--

LOCK TABLES `items` WRITE;
/*!40000 ALTER TABLE `items` DISABLE KEYS */;
INSERT INTO `items` VALUES (1,'Angel Bell',1,'A cure for confusion that concentrates on a single ally.','Gather','Port Llaffan; Dourbridge; Bloomingdale; Gleeba; Batsureg; Swinedimples Academy; Wormwood Creek; Upover','(3.13%) Chariot chappie; (1.56%) Lost soul',' ','',0),(2,'Antidotal Herb',1,'A helpful herb that purges the scourge of poison from a single ally.','Gather','Angel Falls; Stornway; Coffinwell; Port Llaffan; Slurry Quay; Dourbridge; Bloomingdale; Gleeba; Batsureg; Swinedimples Academy; Wormwood Creek; Upover','(12.5%) Cruelcumber; (3.13%) Sacksquatch; (12.5%) Bubble slime; (6.25%) Gastropog; (12.5%) Bodkin fletcher',' ','',0),(3,'Elfin Elixir',1,'An enchanted elixir that totally tops up a single ally\'s MP.',' ',' ','(0.39%) Cobra cardinal','[1] Yggdrasil leaf + [3] Royal soil + [5] Nectar','',0),(4,'Holy water',2,'A righteous repellent that keeps weaker monsters away.','Gather','Zere; Stornway; Coffinwell; Port Llaffan; Slurry Quay; Dourbridge; Bloomingdale; Gleeba; Batsureg; Swinedimples Academy; Wormwood Creek; Upover','(1.56%) Teeny sanguini; (3.13%) Firespirit; (3.13%) Spirit; (12.5%) Lost soul; (1.56%) Teeny sanguini; (3.13%) Firespirit; (3.13%) Spirit',' ','',0),(5,'Lunaria',1,'An antidote to paralysis for a single ally that also adds around 90 HP.',' ',' ','(3.13%) Prism peacock; (1.56%) Boogie manguini','[3] Moonwort bulb','',0),(6,'Magic Water',1,'An enchanted elixir that restore around 30 MP to a single ally.','Gather','Port Llaffan; Slurry Quay; Dourbridge; Bloomingdale; Gleeba; Batsureg; Swinedimples Academy; Wormwood Creek; Upover','(0.78%) Firespirit; (1.56%) Lunatick; (0.78%) Magus; (3.13%) Jinkster','[1] Holy water + [1] Royal soil + [1] Nectar','',0),(7,'Medicinal Herb',1,'A helpful herb that restores around 30 HP to a single ally.','Gather','Angel Falls; Zere; Stornway; Coffinwell; Port Llaffan; Slurry Quay; Dourbridge; Bloomingdale; Gleeba; Batsureg; Swinedimples Academy; Wormwood Creek; Upover','(12.5%) Slime; (6.25%) Teeny sanguini; (6.25%) Dracky; (12.5%) She-slime; (12.5%) Funghoul; (6.25%) Boppin\' badger; (12.5%) Healslime; (6.25%) Slugger; (12.5%) Sootheslime',' ','',0),(8,'Moonwort bulb',1,'An antidote to paralysis that unfreezes an ally.','Gather','Zere; Coffinwell; Port Llaffan; Slurry Quay; Dourbridge; Bloomingdale; Gleeba; Batsureg; Swinedimples Academy; Wormwood Creek; Upover','(0.78%) Cruelcumber; (6.25%) Batterfly; (12.5%) Leafy larrikin; (6.25%) Badger mager; (6.25%) Man o\' war; (6.25%) Pink sanguini',' ','',0),(9,'Panacea',1,'A remedy that removes poison and paralysis and restores around 90 HP.',' ',' ','(1.56%) Blastoad; (1.56%) Cureslime','[1] Special medicine + [1] Superior medicine + [1] Moonwort bulb','',0),(10,'Perfect panacea',1,'A remedy that removes all manner of ills and restores around 90 HP.',' ',' ',' ','[1] Panacea + [1] Angel bell + [1] Wakerobin','',0),(11,'Sage\'s elixir',1,'An enchanted elixir that restores around 90 MP to a single ally.',' ',' ','(1.56%) Freezing fog; (100%) Dreadmaster; (100%) Hootingham-Gore; (100%) Hootingham-Gore','[1] Magic water + [1] Royal soil + [3] Nectar','',0),(12,'Sage\'s stone',1,'???',' ',' ',' ','[1] Orichalcum + [3] Birdsong nectar + [1] Silver orb','',0),(13,'Softwort',1,'An antidote to paralysis for a single ally that also adds around 60 HP.','Gather','Bloomingdale','(3.13%) Man o\' war; (1.56%) Bud brother; (1.56%) Bagma','[1] Strong medicine + [1] Moonwort bulb','',0),(14,'Special Antidote',1,'A herb that heals poison and restores around 90 HP to a single ally.',' ',' ',' ','[2] Strong antidote','',0),(15,'Special Medicine',1,'A helpful herb that restores around 90 HP to a single ally.',' ',' ','(1.56%) Badja; (3.13%) Great troll','[2] Strong medicine','',0),(16,'Strong Antidote',1,'A herb that heals poison and restores around 40 HP to a single ally.','Gather','Gleeba; Wormwood Creek; Upover','(1.56%) Treeface; (1.56%) Raving lunatick; (6.25%) Peckerel','[1] Antidotal herb + [1] Medicinal herb','',0),(17,'Strong Medicine',1,' A herb that restores around 40 HP to a single ally.','Gather','Gleeba; Batsureg; Wormwood Creek; Upover','(1.56%) Bag o\' laughs; (3.13%) Leafy larrikin; (1.56%) Metal slime; (3.13%) Badboon; (6.25%) Zumeanie; (3.13%) Treeface; (6.25%) Medislime','[2] Medicinal herb','',0),(18,'Superior Medicine',1,'A helpful herb that restores around 60 HP to a single ally.','Gather','Bloomingdale','(3.13%) Bud brother; (6.25%) Treevil; (6.25%) Pale whale','[1] Medicinal herb + [1] Strong medicine','',0),(19,'Wakerobin',1,'A powerful pick-me-up that can stir a single ally from sleep.','Gather','Bloomingdale',' ',' ','',0),(20,'Yggdrasil leaf',1,' Rare foliage that can resurrect a single written-off ally.','Gather',' ','(0.78%) Bling badger; (100%) Barbarus; (100%) Greygnarl',' ','',0),(21,'Yggdrasil dew',1,'Divine drops that bring the whole party back to full health.','Gather',' ','(0.78%) Bomboulder','[1] Yggdrasil leaf + [1] Elfin elixir','',0),(22,'Mystifying Mixture',3,'A potion that sends a single enemy into a state of confusion.',' ',' ','(0.78%) Mudraker','[1] Belle cap + [1] Manky mud + [3] Cowpat','',0),(23,'Rockbomb Shard',3,'An explosive bit of boulder that deals damage to all foes.','Gather',' ','(6.25%) Grinade; (3.13%) Scourgette; (12.5%) Rockbomb; (6.25%) Bomboulder; (3.13%) Flamin\' drayman',' ','',0),(24,'Sleeping Hibiscus',3,'A serious sedative that sends a single group off enemies to sleep.','Gather; Reward for Quest #001 (Angel Falls) (repeatable)','Bloomingdale','(0.78%) Funghoul; (6.25%) Ram raider; (6.25%) King crab',' ','',0),(25,'Tangleweb',3,'A cloying cobweb that slows the enemy to a snail\'s pace.','Gather','Batsureg; Wormwood Creek; Upover','(3.13%) Cumaulus; (12.5%) Widow\'s pique; (12.5%) Cyber spider; (100%) Tyrantula',' ','',0),(26,'Chimaera wing',2,'A tool that can teleport people to places they\'ve been before.','Gather','Angel Falls; Zere; Stornway; Coffinwell; Port Llaffan; Slurry Quay; Dourbridge; Bloomingdale; Gleeba; Batsureg; Swinedimples Academy; Wormwood Creek; Upover','(1.56%) Dracky; (3.13%) Mecha-mynah; (6.25%) Drackmage; (3.13%) Clockwork cuckoo; (12.5%) Chimaera; (6.25%) Beakon; (6.25%) Hocus chimaera',' ','',0),(27,'Evac-u-bell',2,'Allows the ringer to instantly escape from a tower, cave or dungeon.','Gather','Stornway; Coffinwell; Port Llaffan; Slurry Quay; Dourbridge; Bloomingdale; Gleeba; Batsureg; Wormwood Creek; Upover',' ',' ','',0),(28,'Mini Medal',2,'A mysterious medal that someone somewhere supposedly collects.','Gather',' ','(6.25%) Cannibox; (6.25%) Mimic; (12.5%) Pandora\'s box; (100%) Dragonlord; (100%) Malroth; (100%) Baramos; (100%) Zoma; (100%) Psaro; (100%) Estark; (100%) Nimzo; (100%) Murdaw; (100%) Mortamor; (100%) Nokturnus; (100%) Orgodemir; (100%) Dhoulmagus; (100%) Rhapthorne',' ','',0),(29,'Sterling\'s whistle',2,'A puff on this will bring the Starflight Express steaming to your aid.','Quest #039: Follow That Fish!',' ',' ',' ','',0),(30,'Gleeban groat',2,'A coin with no practical use, which will fetch a pretty penny if sold.','Gather',' ',' ',' ','',0),(31,'Gleeban guinea',2,'A coin with no practical use, which will fetch a pretty penny if sold.','Gather',' ',' ',' ','',0),(32,'Gleeban gold piece',2,'A coin with no practical use, which will fetch a pretty penny if sold.','Gather',' ','(0.39%) Gold golem; (6.25%) Gem jamboree',' ','',0),(33,'Watcher\'s wings',2,' ',' ',' ',' ',' ','',0),(34,'Seed of life',4,'A seed that slightly supplements a single ally\'s maximum health.',' ',' ','(0.39%) Metal slime; (0.39%) Moosifer',' ','',0),(35,'Seed of magic',4,'A seed that slightly supplements a single ally\'s maximum MP.',' ',' ','(0.39%) Sorcerer',' ','',0),(36,'Seed of strength',4,'A seed that steps up a single ally\'s strength slightly.',' ',' ','(0.39%) Brownie; (0.39%) Troll',' ','',0),(37,'Seed of defence',4,'A seed that steps up a single ally\'s defence slightly.',' ',' ','(0.39%) Lethal armour',' ','',0),(38,'Seed of agility',4,'A seed that slightly supplements a single ally\'s agility.',' ',' ','(0.39%) Killing machine',' ','',0),(39,'Seed of deftness',4,'A seed that steps up a single ally\'s deftness a dash.',' ',' ','(0.39%) White trigertaur',' ','',0),(40,'Seed of sorcery',4,'A seed that steps up a single ally\'s magical might slightly.',' ',' ','(0.39%) Cumulus vex',' ','',0),(41,'Seed of therapeusis',4,'A seed that steps up a single ally\'s magical mending slightly.',' ',' ',' ',' ','',0),(42,'Seed of skill',4,'A seed that slightly supplements a single ally\'s skill points.',' ',' ','(0.39%) Platinum king jewel',' ','',0),(43,'Pretty betsy',4,'A bewitching bloom that boost a single ally\'s charm a bit.',' ',' ','(0.39%) Whirly girly',' ','',0),(44,'Agate of evolution',5,'A special stone that encourages evolution. Alchemise it!',' ',' ',' ','[2] Sainted soma + [2] Ethereal stone + [1] Chronocrystal','',0),(45,'Aggressence',5,'An extract composed of the vigorous verve for victory. Alchemise it!',' ',' ','(100%) Yore','[2] Fisticup + [1] Wakerobin + [1] Softwort','',0),(46,'Astral plume',5,'A feather from the white wings of a heavenly being. Alchemise it!',' ',' ',' ','[3] Flurry feather + [2] Fresh water + [1] Angel bell','',0),(47,'Belle cap',5,'A mysteriously marvellous-looking mushroom. Alchemise it!','Gather',' ','(6.25%) Morphean mushroom; (12.5%) Mushroom mage',' ','',0),(48,'Birdsong nectar',5,'Queer concoction that confers a sweet singing voice. Alchemise it!',' ',' ',' ','[3] Nectar + [1] Fresh water + [5] Sleeping hibiscus','',0),(49,'Blue orb',5,'A ridiculously rare orb of cornflower blue. Alchemise it!',' ',' ','(5-10%) Nimzo; (10-15%) Orgodemir',' ','',0),(50,'Brighten rock',5,'A sacred stone alive with the might of light. Alchemise it!','Gather',' ','(6.25%) Goodybag; (12.5%) Cosmic chimaera; (1.56%) Rashaverak',' ','',0),(51,'Butterfly wing',5,'The charming wing of a fluttering thing. Alchemise it!',' ',' ','(1.56%) Batterfly; (6.25%) Betterfly; (12.5%) Dread admiral',' ','',0),(52,'Celestial skein',5,'Mysterious string within which water flows. Alchemise it!',' ',' ','(100%) Lleviathan','[3] Fresh water + [5] Tangleweb','',0),(53,'Chronocrystal',5,'A crystal formed over countless millennia. Alchemise it!','Gather',' ',' ',' ','',0),(54,'Coagulant',5,'Poisonous powder that put a single enemy into a state of paralysis.','Gather','Batsureg; Wormwood Creek; Upover','(12.5%) Betterfly; (1.56%) Cumaulus; (1.56%) Dread admiral; (1.56%) Treevil; (3.13%) Hell niño',' ','',0),(55,'Corundum',5,'An unpolished precious stone with a rusty lustre. Alchemise it!','Gather; Reward for Quest #030 - Wrapper\'s Delight (repeat)',' ','(1.56%) Admirer',' ','',0),(56,'Cowpat',5,'Fragrant fallout from a farmyard favourite. Alchemise it!','Gather',' ','(12.5%) Bag o\' laughs; (6.25%) Mudraker; (12.5%) Bag o\' laughs; (6.25%) Mudraker; (3.13%) Swinoceros',' ','',0),(57,'Crimson coral',5,'A tunning souvenir from the sea. Alchemise it!','Gather',' ','(1.56%) Crabid; (3.13%) Knocktopus; (3.13%) Spinchilla; (3.13%) Belisha beakon',' ','',0),(58,'Densinium',5,'A lump of mysterious metal that\'s drastically dense. Alchemise it!',' ',' ','(0.78%) Drakulard; (3.13%) Wishmaster; (100%) Goreham-Hogg; (100%) Goreham-Hogg','[3] Flintstone + [3] Iron ore','',0),(59,'Emerald moss',5,'A vividly verdant piece of vegetation. Alchemise it!','Gather',' ','(6.25%) Salamarauder; (6.25%) Green dragon; (100%) Lleviathan; (100%) Lleviathan',' ','',0),(60,'Enchanted stone',5,'A pebble possessed by a departed soul. Alchemise it!',' ',' ','(100%) Larstastnaras','[2] Thunderball + [2] Ice crystal + [1] Mystifying mixture','',0),(61,'Ethereal stone',5,'A protective pebble possessed by a phantom spirit. Alchemise it!',' ',' ','(100%) Gadrongo','[1] Enchanted stone + [1] Perfect panacea + [2] Narspicious','',0),(62,'Evencloth',5,'Coal-black cloth cloaked in impenetrable darkness. Alchemise it!','Gather',' ','(6.25%) Ragged reaper; (6.25%) Ragged reaper; (3.13%) Dark skeleton; (3.13%) Geothaum',' ','',0),(63,'Finessence',5,'An extract composed of concentrated combat capabilities. Alchemise it!','Quest #037 (Gus at Pluvi Isle): Trade 3 Belle caps for a Finessence first, Magic beast horn each additional trade.',' ',' ','[2] Fisticup + [1] Slipweed + [1] Superior medicine','',0),(64,'Fisticup',5,'A funny fungus in the form of a fist. Alchemise it!','Gather',' ','(6.25%) Morphean mushroom; (12.5%) Mushroom mage',' ','',0),(65,'Flintstone',5,'A rock that\'s just right for setting off sparks. Alchemise it!','Gather',' ','(0.78%) Mad moai; (1.56%) Grinade; (6.25%) Stone golem; (6.25%) Living statue; (6.25%) Golem; (6.25%) Geothaum',' ','',0),(66,'Flurry feather',5,'A plume plucked from a great big bird. Alchemise it!','Gather',' ','(3.13%) Chimaera; (6.25%) Weaken beakon',' ','',0),(67,'Fresh water',5,'Wondrous water of perfect purity. Alchemise it!','Gather',' ','(6.25%) Cheeky tiki',' ','',0),(68,'Glass frit',5,'Gentle grit that\'s perfect for polishing. Alchemise it!','Gather',' ','(3.13%) Cyclown; (1.56%) Parched peckerel; (3.13%) Power hammer; (6.25%) Stale whale',' ','',0),(69,'Gold bar',5,'A piece of pure gold that\'s heart-warmingly heavy. Alchemise it!',' ',' ','(0.39%) Drakularge; (0.39%) Gem jamboree; (0.78%) Gem slime; (0.78%) AU-1000; (0.78%) Pandora\'s box; (10%) Tyrannosaurus Wrecks','[3] Sainted soma + [2] Ethereal stone + [5] Birdsong nectar','',0),(70,'Green orb',5,'A ridiculously rare orb of verdant green. Alchemise it!',' ',' ','(5-10%) Psaro; (10-15%) Estark',' ','',0),(71,'Grubby bandage',5,'A soiled dressing much-loved by mummies. Alchemise it!',' ',' ','(6.25%) Mummy boy; (12.5%) Mummy; (12.5%) Blood mummy',' ','',0),(72,'Hephaestus\' flame',5,'A fire so fantastically fierce it can melt metal. Alchemise it!',' ',' ','(0.78%) Rockbomb; (0.78%) Magmalice; (1.56%) Flamin\' drayman','[1] Lava lump + [1] Royal soil + [1] Toad oil','',0),(73,'Horse manure',5,'An equine extra that exudes a pungent perfume. Alchemise it!','Gather',' ','(6.25%) White trigertaur; (6.25%) Sick trigertaur; (12.5%) Godsteed; (6.25%) Tantamount',' ','',0),(74,'Ice crystal',5,'A captivating crystal with cryogenic powers. Alchemise it!','Gather',' ','(3.13%) Shivery shrubbery; (3.13%) Brrearthenwarrior; (6.25%) Freezing fog; (6.25%) Firn fiend; (3.13%) Uncommon cold',' ','',0),(75,'Iron nails',5,'Nothing more than normal nails. Alchemise \'em!',' ',' ','(1.56%) Clockwork cuckoo; (3.13%) Shocktopus; (6.25%) Killing machine',' ','',0),(76,'Iron ore',5,'Rock containing an enormous amount of iron. Alchemise it!','Gather',' ','(3.13%) Hunter mech; (6.25%) Robo-robin; (3.13%) Corrupt carter; (6.25%) Bad karmour',' ','',0),(77,'Kitty Litter',5,'A peculiar powder that purring pets apparently prefer. Alchemise it!','Gather',' ','(3.13%) Clawcerer; (3.13%) Parched peckerel; (1.56%) Power hammer; (12.5%) Purrestidigitator',' ','',0),(78,'Lambswool',5,'A fluffy fleece of ovine origins. Alchemise it!',' ','Batsureg','(3.13%) Ram raider; (12.5%) Rampage; (12.5%) Battering ram; (6.25%) Drackal',' ','',0),(79,'Lava lump',5,'A pyroclastic rock possessing the power of fire. Alchemise it!','Gather',' ','(3.13%) Admirer; (3.13%) Terrorhawk; (6.25%) Bagma; (6.25%) Live lava; (6.25%) Magmalice; (6.25%) Scarlet fever; (100%) Master of Nu\'un',' ','',0),(80,'Lucida shard',5,'A fragment formed from some heavenly fallout. Alchemise it!',' ',' ','(0.78%) Cosmic chimaera','[3] Brighten rock + [3] Evencloth','',0),(81,'Magic beast hide',5,'Heavy hide taken from a brutal beast. Alchemise it!',' ',' ','(3.13%) Boppin\' badger; (3.13%) Badger mager; (6.25%) Badboon; (6.25%) Bewarewolf; (1.56%) Rampage; (12.5%) Trigertaur; (12.5%) Scarewolf; (12.5%) Big badboon; (6.25%) Claw hammer; (12.5%) Badja; (12.5%) Swinoceros; (3.13%) Brainy badboon; (12.5%) Tearwolf; (3.13%) Splatterhorn; (6.25%) Moosifer; (6.25%) Dreadful drackal; (3.13%) Octagoon; (12.5%) Master moosifer; (12.5%) Bling badger; (100%) Hexagoon; (100%) Rover',' ','',0),(82,'Magic beast horn',5,'A hard horn taken from a brutal beast. Alchemise it!','Quest #037 (Gus at Pluvi Isle): Trade 3 Belle caps for a Finessence first, Magic beast horn each additional trade.',' ','(6.25%) Knocktopus; (6.25%) Shocktopus; (3.13%) Battering ram; (6.25%) Splatterhorn; (1.56%) Seasaur; (3.13%) Dreadful drackal',' ','',0),(83,'Malicite',5,'A jinxed gem that calls cured curses back on its bearer. Alchemise it!','grotto (rank 4 chest, 1%)',' ','(0.39%) Mummy; (0.78%) Blood mummy; (0.39%) Grrrgoyle; (100%) Hootingham-Gore; (100%) Hootingham-Gore','[1] Pink pearl + [2] Terrible tattoo + [3] Narspicious','',0),(84,'Manky mud',5,'Dangerous dirt that\'s totally toxic. Alchemise it!','Gather; grotto (rank 4 chest, 15%)',' ','(12.5%) Walking corpse; (3.13%) Mortoad; (6.25%) Toxic zombie; (6.25%) Ghoul; (3.13%) Apeckalypse; (12.5%) Stenchurion',' ','',0),(85,'Mirrorstone',5,'A resplendent rock that reflects light like a mirror. Alchemise it!','Gather; grotto (rank 4 chest, 5%)',' ','(3.13%) Mega moai; (3.13%) Alphyn',' ','',0),(86,'Mythril ore',5,'Rock containing a massive amount of mythril. Alchemise it!','Gather; grotto (rank 8 chest, 13%); grotto (rank 6 chest, 10%)',' ','(0.78%) Metal medley; (0.78%) Golem; (3.13%) Void droid',' ','',0),(87,'Narspicious',5,'A peculiar plant with an untrustworthy air. Alchemise it!','Gather; grotto (rank 5 chest, 15%)',' ','(1.56%) Shivery shrubbery; (3.13%) Sculpture vulture; (3.13%) Moai minstrel',' ','',0),(88,'Nectar',5,'The sweet, fragrant essence of a flower in bloom. Alchemise it!','Gather; grotto (rank 4 chest, 15%)',' ','(3.13%) Pink sanguini',' ','',0),(89,'Orichalcum',5,'A highly prized mineral of magnificient hardness. Alchemise it!','Dourbridge (trade in 15 mini-medals to Cap\'n Max); grotto (rank 9 chest, 8%); grotto (rank 10 chest, 5%)',' ','(0.39%) Metal king slime; (0.39%) Gem slime; (5%) Greygnarl',' ','',0),(90,'Platinum ore',5,'Rock containing a high proportion of platinum. Alchemise it!','Gather',' ','(0.78%) Drackal; (0.78%) Octagoon; (12.5%) Platinum king jewel',' ','',0),(91,'Purple orb',5,'A ridiculously rare orb of deep purple. Alchemise it!',' ',' ','(5-10%) Dhoulmagus; (10-15%) Rhapthorne',' ','',0),(92,'Red orb',5,'A ridiculously rare orb of richest red. Alchemise it!',' ',' ','(5-10%) Dragonlord; (10-15%) Malroth; (10-15%) Nokturnus',' ','',0),(93,'Reset stone',5,'A retroactive rock that might undo the effects of alchemy. Alchemise it!','Dourbridge (trade in 10 mini-medals to Cap\'n Max); grotto (rank 10 chest, 10%)',' ','(0.39%) Stone guardian; (0.39%) Firn fiend',' ','',0),(94,'Resurrock',5,'A stone said to hold the secret of restoring life. Alchemise it!','Gather; grotto (rank 3 chest, 10%)',' ','(0.78%) Stone golem; (3.13%) Handsome crab; (0.78%) Sculpture vulture; (0.78%) Living statue; (1.56%) Stone guardian; (3.13%) Grrrgoyle',' ','',0),(95,'Royal soil',5,'A mass of mud with magical characteristics. Alchemise it!','Gather; grotto (rank 2 chest, 8%)',' ','(6.25%) Mad moai; (6.25%) Drastic drackal; (6.25%) Terror troll; (6.25%) Barriearthenwarrior; (100%) Ragin\' Contagion',' ','',0),(96,'Sainted soma',5,'Incredible liquid infused with an angelic essence. Alchemise it!','grotto (rank 10 chest, 10%)',' ',' ','[2] Lucida shard + [2] Sage\'s elixir + [2] Astral plume','',0),(97,'Saint\'s ashes',5,'Abrasive ash that cleans off curses. Alchemise it!','Dourbridge (trade in 8 mini-medals to Cap\'n Max); grotto (rank 7 chest, 10%); grotto (rank 4 chest, 1%)',' ','(0.78%) Sculptrice; (0.78%) Genie sanguini; (3.13%) Seavern',' ','',0),(98,'Seashell',5,'A cute, colourless keepsake from the coast. Alchemise it!','Gather',' ','(6.25%) Spinchilla; (6.25%) Crabber dabber doo',' ','',0),(99,'Silver orb',5,'A ridiculously rare orb of sparkling silver. Alchemise it!',' ',' ','(5-10%) Baramos; (10-15%) Zoma',' ','',0),(100,'Slimedrop',5,'A gooey gumdrop shaped like a lovely little slime. Alchemise it!',' ',' ','(6.25%) Slime; (12.5%) She-slime; (12.5%) Bubble slime; (12.5%) Healslime; (6.25%) Slime knight; (12.5%) Slime stack; (3.13%) Medislime; (12.5%) Metal medley; (12.5%) King slime; (12.5%) Sootheslime; (6.25%) Cureslime; (1.56%) King cureslime; (3.13%) Darkonium slime',' ','',0),(101,'Slipweed',5,'A plant that\'s so slippery it\'s problematic to pick up. Alchemise it!','Gather',' ',' ',' ','',0),(102,'Snakeskin',5,'The sloughed-off skin of a slithering serpent. Alchemise it!',' ',' ','(6.25%) Flython; (12.5%) Diethon; (12.5%) Sail serpent',' ','',0),(103,'Sunstone',5,'A radiant rock that sizzles with solar heat. Alchemise it!',' ',' ',' ','[2] Lucida shard + [3] Mirrorstone + [1] Hephaestus\' flame','',0),(104,'Technicolour dreamcloth',5,'Colourful cloth that glows like a rainbow. Alchemise it!',' ',' ',' ','[3] Grubby bandage + [1] Brighten rock + [1] Celestial skein','',0),(105,'Thinkincense',5,'A peculiar plant with a soothing scent when burned. Alchemise it!','Gather',' ',' ',' ','',0),(106,'Thunderball',5,'A chunk of rock charged with electrical energy. Alchemise it!','Gather',' ','(6.25%) Cumulus rex; (6.25%) Cumulus vex',' ','',0),(107,'Toad oil',5,'The greasy excretion of an enormous amphibian. Alchemise it!','grotto (rank 3 chest, 10%)',' ','(3.13%) Gastropog; (12.5%) Mortoad; (12.5%) Expload; (12.5%) Giddy gastropog; (12.5%) Gloomy gastropog; (12.5%) Blastoad',' ','',0),(108,'Tortoiseshell',5,'A substance stripped from the shell of a tortoise. Alchemise it!',' ',' ','(6.25%) Crabid; (12.5%) Wyrtle; (12.5%) Wyrtoise; (12.5%) Wonder wyrtle',' ','',0),(109,'Wing of bat',5,'The big black wing of a big black bat. Alchemise it!',' ',' ','(6.25%) Drackmage; (3.13%) Flython; (12.5%) Drackyma; (6.25%) Diethon; (12.5%) Manguini; (12.5%) Gruffon; (12.5%) Great gruffon; (6.25%) Gramarye gruffon; (12.5%) Bloody manguini; (12.5%) Boogie manguini',' ','',0),(110,'Yellow orb',5,'A ridiculously rare orb of buttercup yellow. Alchemise it!',' ',' ','(5-10%) Murdaw; (10-15%) Mortamor',' ','',0);
/*!40000 ALTER TABLE `items` ENABLE KEYS */;
UNLOCK TABLES;

--
-- Table structure for table `monsters`
--

DROP TABLE IF EXISTS `monsters`;
/*!40101 SET @saved_cs_client     = @@character_set_client */;
/*!50503 SET character_set_client = utf8mb4 */;
CREATE TABLE `monsters` (
  `name` varchar(100) NOT NULL,
  `id` varchar(10) NOT NULL,
  `family_id` int NOT NULL,
  `exp` int NOT NULL,
  `gold` int NOT NULL,
  `hp` int NOT NULL,
  `mp` int NOT NULL,
  `atk` int NOT NULL,
  `def` int NOT NULL,
  `agi` int NOT NULL,
  `fire` int NOT NULL,
  `ice` int NOT NULL,
  `wind` int NOT NULL,
  `blast` int NOT NULL,
  `earth` int NOT NULL,
  `dark` int NOT NULL,
  `light` int NOT NULL,
  `dazle` int NOT NULL,
  `sleep` int NOT NULL,
  `death` int NOT NULL,
  `drainMP` int NOT NULL,
  `confusion` int NOT NULL,
  `fizle` int NOT NULL,
  `stop` int NOT NULL,
  `poison` int NOT NULL,
  `paralyze` int NOT NULL,
  `decAtk` int NOT NULL,
  `decDef` int NOT NULL,
  `decSpeed` int NOT NULL,
  `decMR` int NOT NULL,
  `mesmerize` int NOT NULL,
  `description` varchar(255) NOT NULL DEFAULT '',
  `haunts` varchar(200) NOT NULL DEFAULT '',
  `item1` varchar(200) NOT NULL DEFAULT '',
  `rate1` varchar(200) NOT NULL DEFAULT '',
  `item2` varchar(200) NOT NULL DEFAULT '',
  `rate2` varchar(200) NOT NULL DEFAULT '',
  `item3` varchar(200) NOT NULL DEFAULT '',
  `rate3` varchar(200) NOT NULL DEFAULT '',
  `item4` varchar(200) NOT NULL DEFAULT '',
  `rate4` varchar(200) NOT NULL DEFAULT '',
  `item5` varchar(200) NOT NULL DEFAULT '',
  `rate5` varchar(200) NOT NULL DEFAULT '',
  `item6` varchar(200) NOT NULL DEFAULT '',
  `rate6` varchar(200) NOT NULL DEFAULT '',
  `item7` varchar(200) NOT NULL DEFAULT '',
  `rate7` varchar(200) NOT NULL DEFAULT '',
  `stolen` varchar(100) NOT NULL DEFAULT '',
  `filename` varchar(200) NOT NULL DEFAULT '',
  PRIMARY KEY (`id`),
  KEY `monsters_fk_familes` (`family_id`),
  CONSTRAINT `monsters_fk_familes` FOREIGN KEY (`family_id`) REFERENCES `families` (`id`) ON UPDATE CASCADE
) ENGINE=InnoDB DEFAULT CHARSET=utf8mb3;
/*!40101 SET character_set_client = @saved_cs_client */;

--
-- Dumping data for table `monsters`
--

LOCK TABLES `monsters` WRITE;
/*!40000 ALTER TABLE `monsters` DISABLE KEYS */;
INSERT INTO `monsters` VALUES ('Slime','001a',13,2,4,8,2,10,7,7,125,125,125,125,125,125,125,100,100,100,100,100,0,100,100,100,100,100,100,100,100,'Common monsters that are found all over the world. Their simple yet lovable form attracts many admirers. They\'re unimpressive alone, but if a few of them focus the force of friendship, they can make a miraculous metamorphosis.','Angel Falls','Medicinal herb','12.5','Slimedrop','6.25',' ','0.00',' ','0.00',' ','0.00',' ','0.00',' ','0.00',' ','slime.png'),('Slime','001b',13,48,16,55,4,42,48,80,125,125,125,125,125,125,125,100,100,100,100,100,0,100,100,100,100,100,100,100,100,'Common monsters that are found all over the world. Their simple yet lovable form attracts many admirers. They\'re unimpressive alone, but if a few of them focus the force of friendship, they can make a miraculous metamorphosis.','Alltrades Abbey','Medicinal herb','12.5','Slimedrop','6.25',' ','0.00',' ','0.00',' ','0.00',' ','0.00',' ','0.00',' ','slime.png'),('Slime','001c',13,72,24,76,4,52,65,128,125,125,125,125,125,125,125,100,100,100,100,100,0,100,100,100,100,100,100,100,100,'Common monsters that are found all over the world. Their simple yet lovable form attracts many admirers. They\'re unimpressive alone, but if a few of them focus the force of friendship, they can make a miraculous metamorphosis.','Bloomingdale','Medicinal herb','12.5','Slimedrop','6.25',' ','0.00',' ','0.00',' ','0.00',' ','0.00',' ','0.00',' ','slime.png'),('Cruelcumber','002',12,3,5,10,2,12,9,10,125,125,125,125,125,125,125,100,100,100,100,100,0,100,100,100,100,100,100,100,100,'Poky little vegetables that often trouble travellers, but are terribly sour losers. The violent vestiges of veggies vetoed by unadventurous eaters. They fight for the favour they didn\'t find as food.','Angel Falls','Antidotal herb','12.5','Moonwort bulb','0.78',' ','0.00',' ','0.00',' ','0.00',' ','0.00',' ','0.00',' ','cruelcumber.png'),('Teeny sanguini','003',6,4,7,13,2,12,6,15,125,125,125,125,125,125,125,100,100,100,100,100,0,100,100,100,100,100,100,100,100,'Cowskin-coloured little deviles who only chase after travellers because they want to play. The cow pattern pales, and patches of pink poke through as they mature. You could say they rose as they rise!','Angel Falls','Medicinal herb','6.25','Holy water','1.56',' ','0.00',' ','0.00',' ','0.00',' ','0.00',' ','0.00',' ','teeny_sanguini.png'),('Sacksquatch','004',11,5,8,15,0,13,8,8,125,125,125,125,100,125,125,100,100,100,0,100,0,100,100,100,100,100,100,100,100,'Smack them with spells before they jump at the chance to blind you by blowing sand in your eyes. Sacks that were stacked at a factory, then left all alone. They split a bit, then split for real to live life as free and easy fiends.','Angel Falls','Antidotal herb','3.13','Boxer shorts','1.56',' ','0.00',' ','0.00',' ','0.00',' ','0.00',' ','0.00',' ','sacksquatch.png'),('Batterfly','005',5,7,12,14,5,14,12,9,125,125,100,125,125,125,125,75,100,100,100,100,100,100,100,100,100,100,100,100,100,'Beastly butterflies who disrupt their enemies with Dazzle, then dash off at the first sign of trouble. They\'re adamant that it\'s not their faces that look like mortals\', it\'s mortals\' faces that look like theirs.','Angel Falls, Zere','Moonwort bulb','6.25','Butterfly wing','1.56',' ','0.00',' ','0.00',' ','0.00',' ','0.00',' ','0.00',' ','batterfly.png'),('Dracky','006',4,10,10,15,3,17,12,18,125,125,125,125,125,125,125,100,75,100,100,100,0,100,100,100,100,100,100,100,100,'These bat-like beasts like nothing better than to gang up and go gallavanting across the night skies. They have crazy cousins called wackies and boastful brothers called brackies. They long to go freckly and be... frackies.','Angel Falls, The Hexagon','Medicinal herb','6.25','Chimaera wing','1.56',' ','0.00',' ','0.00',' ','0.00',' ','0.00',' ','0.00',' ','dracky.png'),('Bodkin archer','007',9,9,16,17,5,16,12,10,125,125,125,125,125,125,125,100,75,100,100,100,100,100,100,100,100,100,100,100,100,'Alert archers who attack from afar, use medicinal herbs when in need, and aren\'t too proud to feel from more formidable foes. Their bodkin betters tease them that they\'re terrible shots, so they target unlucky travellers to try and prove them wrong.','Angel Falls, The Hexagon','Plain clothes','6.25','Leather hat','1.56',' ','0.00',' ','0.00',' ','0.00',' ','0.00',' ','0.00',' ','bodkin_archer.png'),('Bag o\' laughs','008',11,11,26,16,4,19,14,24,125,125,125,125,125,125,125,75,50,100,200,100,0,100,0,50,100,100,75,75,100,'Try and get these nuisances bagged and tagged before they can empty your P with a Weird Dance. They\'re crammed with more jokes than a cartload of Christmas crackers, but have yet to raise even a wry smile.','The Hexagon','Cowpat','12.5','Strong medicine','1.56',' ','0.00',' ','0.00',' ','0.00',' ','0.00',' ','0.00',' ','bag_o_laughs.png'),('Mecha-mynah','009',10,12,20,6,4,20,38,9,100,100,100,200,100,100,100,75,75,50,100,100,100,0,0,0,75,75,75,75,0,'Rapid, robotic birds, adept at upping their work-rate with Accelerate. Mistake them for typical tweeters at your own peril. They can\'t deviate from pre-programmed patters, so they\'re poor team players who can only plod along at a preset pace.','The Hexagon','Chimaera wing','3.13','Feather fan','1.56',' ','0.00',' ','0.00',' ','0.00',' ','0.00',' ','0.00',' ','mecha_mynah.png'),('Firespirit','010',8,12,15,14,3,9,9,9,50,150,100,100,100,100,100,0,50,75,100,100,100,0,0,0,75,75,75,75,50,'These Frizz spell elementals are best beaten with spells or abilities, as weapons will often pass right through them. Not even kids use Frizz these days.\' It was these thoughtless words that forged the furious firespirit.','The Hexagon','Holy water','3.13','Magic water','0.78',' ','0.00',' ','0.00',' ','0.00',' ','0.00',' ','0.00',' ','firespirit.png'),('Spirit','011',14,16,24,20,2,23,20,14,150,100,100,100,100,100,125,75,75,0,100,100,0,50,0,50,100,50,100,100,100,'Formless phantasms who are hard to get a hold of, but are easily eradicated with a fire-based offensive. Restless wraiths who refuse to take their rightful rest. They might look like a laugh, but they\'re far from frolicsome.','The Hexagon, Western Stornway','Holy water','3.13','Silk robe','1.56',' ','0.00',' ','0.00',' ','0.00',' ','0.00',' ','0.00',' ','spirit.png'),('Winkster','012',6,22,25,18,3,19,16,22,100,100,100,100,100,100,125,100,100,100,100,100,100,100,100,100,100,100,100,100,100,'These trainee tricksters have just learnt Frizz, and will fritter away all their MP trying to use it. Their legends tell that they can become fully fledged wizards by flattening a certain foe with Frizz, so they cast it constantly.','Western Stornway, Zere','Cotton trousers','3.13','Oak staff','1.56',' ','0.00',' ','0.00',' ','0.00',' ','0.00',' ','0.00',' ','winkster.png'),('Hammerhood','013',9,20,20,20,2,12,18,17,100,100,100,100,100,125,125,100,100,100,100,100,0,75,100,75,100,100,100,100,100,'Their huge great hammers have them hitting the dirt more often than not, but if they do score a direct hit... They\'re discerning fans of good comedy, which is why they think the bag o\' laughs\' rubbish routine is the biggest joke going.','Western Stornway, Zere','Leather kilt','1.56','Oaken club','1.56',' ','0.00',' ','0.00',' ','0.00',' ','0.00',' ','0.00',' ','hammerhood.png'),('She-slime','014',13,20,22,19,4,23,18,25,100,100,100,100,100,125,125,100,100,100,100,100,0,100,100,100,100,100,100,100,100,'These slimes are the result of a rare genetic mutation, and are also known as \'don\'t-often-see-slimes\'. They\'re bitter rivals of standard slimes, who they match for shape, size and colour, but can\'t beat as far as fan base goes.','Western Stornway, Zere','Medicinal herb','12.5','Slimedrop','12.5',' ','0.00',' ','0.00',' ','0.00',' ','0.00',' ','0.00',' ','she_slime.png'),('Funghoul','015',12,25,20,22,3,25,17,19,125,100,100,100,100,125,125,100,100,100,100,100,0,100,100,100,100,100,100,100,100,'Flamb','Western Stornway, Zere','Medicinal herb','12.5','Sleeping hibiscus','0.78',' ','0.00',' ','0.00',' ','0.00',' ','0.00',' ','0.00',' ','funghoul.png'),('Bubble slime','016',13,24,18,23,4,26,15,8,100,100,100,100,100,100,125,50,75,100,100,100,0,100,0,50,100,100,100,100,100,'Everything these slithering slimes touch is poisoned, so take heed and have some antidotal herbs or a Squelch spell to hand. After a day off spend relaxing in a poisonous pool to invigorate their venomousness, they bubble might more brightly.','Western Stornway, Zere','Antidotal herb','12.5','Slimedrop','12.5',' ','0.00',' ','0.00',' ','0.00',' ','0.00',' ','0.00',' ','bubble_slime.png'),('Wooper trooper','017',2,40,32,30,4,33,24,28,125,100,100,100,100,125,125,75,50,100,100,100,0,100,100,75,100,100,100,100,100,'Amphibious soldiers and adepts of defence who can be found patrolling around bodies of water. They\'re forever scraping their soles on seashells while on beach patrol, and have been saving up to buy boots.','Western Stornway, Zere','Pot Lid','6.25','Soldier\'s sword','1.56',' ','0.00',' ','0.00',' ','0.00',' ','0.00',' ','0.00',' ','wooper_trooper.png'),('Betterfly','018',5,36,28,37,5,30,16,44,125,100,100,100,100,125,125,75,100,100,100,100,100,100,75,50,100,100,100,100,100,'Brutal butterflies that dizzy with Dazzle, then pounce upon their victims with venomous fangs. They\'ve been worried about their weight of late, and are trying to balance their mortal-heavy diet by devouring more fish.','Zere','Coagulant','12.5','Butterfly wing','6.25',' ','0.00',' ','0.00',' ','0.00',' ','0.00',' ','0.00',' ','betterfly.png'),('Meowgician','019',3,40,28,29,5,25,20,32,100,100,100,100,100,125,125,50,75,100,100,75,100,100,100,100,75,75,100,75,100,'Fierce felines also known as Frizzcats because they fire off frequent blasts of Frizz - sometimes to unexpected effect. Before being mages, they were extremely aristocratic cats, and can\'t be seen in public without cleanly washed faces.','Zere','Oak Staff','6.25','Silk robe','3.13',' ','0.00',' ','0.00',' ','0.00',' ','0.00',' ','0.00',' ','meowgician.png'),('Ragged reaper','020',11,56,28,34,4,38,24,36,125,100,100,100,100,100,200,75,0,0,200,75,100,50,0,0,75,75,100,75,100,'Their scythes, robbed from real reapers, ward off Whack, and they can upset enemies with Weird Dance and Snooze. They take out travellers and fellow fiends to use as fertiliser for fields that have fallen fallow.','Zere, Doomingale Forest','Evencloth','6.25','Linen gloves','3.13',' ','0.00',' ','0.00',' ','0.00',' ','0.00',' ','0.00',' ','ragged_reaper.png'),('Gastropog','021',5,48,36,28,0,36,48,22,100,125,100,100,100,125,125,100,50,100,0,100,0,100,100,100,100,75,100,100,100,'They slap their sickeningly long tongues across enemies\' faces, and eject \'orrible ooze to slow their foes. The size of their shells dictates their status, and the competition for cool carapaces is fairly fierce.','Zere, Doomingale Forest','Antidotal herb','6.25','Toad oil','3.13',' ','0.00',' ','0.00',' ','0.00',' ','0.00',' ','0.00',' ','gastropog.png'),('Brownie','022',9,56,32,40,255,29,26,40,100,100,100,100,100,125,125,100,75,50,75,100,0,75,100,100,100,100,100,100,100,'Erratic enemies that can attain an instant state of high tension, only to topple over and go off the boil. Bodkin bowyers often take them on camping trips and trick them into tapping their tent pegs for them.','Zere, Doomingale Forest','Leather kilt','3.13','Seed of strength','0.39',' ','0.00',' ','0.00',' ','0.00',' ','0.00',' ','0.00',' ','brownie.png'),('Boppin\' badger','023',3,60,30,39,4,38,28,33,100,100,100,100,100,125,125,100,100,100,100,100,0,100,100,100,100,75,100,100,100,'Badgers with large leaves and the gift of the groove. Their moves are admired by many in the monster world. They\'d rather be dancing than doing battle, so they beat their bellies like bongos to try and get travellers tapping their toes too.','Zere','Medicinal herb','6.25','Magic beast hide','3.13',' ','0.00',' ','0.00',' ','0.00',' ','0.00',' ','0.00',' ','boppin_badger.png'),('Drackmage','024',4,60,30,35,9,34,28,47,100,100,100,100,100,100,125,75,75,100,100,100,100,100,100,100,100,100,100,100,100,'Green, forest-dwelling drackies who deftly dodge attacks, then strike back with Kasap. They\'re quite short-sighted, and often shower shrups and other similarly sized green things with greetings and good cheer.','Zere, Doomingale Forest','Chimaera wing','6.25','Wing of bat','6.25',' ','0.00',' ','0.00',' ','0.00',' ','0.00',' ','0.00',' ','drackmage.png'),('Bodkin fletcher','025',9,62,44,36,4,42,30,53,100,100,100,100,100,125,125,100,75,100,100,100,0,100,0,100,100,100,100,100,100,'Forest hunters who can call on more of their kind in a pinch to pepper foes with poisoned arrows. Their arrowheads are doused in the bubble slime\'s deadly dribble, and they have to take great care not to get it on their hands.','Zere, Doomingale Forest','Antidotal herb','12.5','Leather gauntlets','1.56',' ','0.00',' ','0.00',' ','0.00',' ','0.00',' ','0.00',' ','bodkin_fletcher.png'),('Ram raider','026',3,70,30,57,4,46,28,40,100,100,100,100,100,125,125,75,75,100,100,75,0,75,75,75,100,100,75,100,100,'These rampant rams will do nothing but nut you, but you\'d do well to defend yourself when their tension is high. They faithfully follow their father\'s advice to get their heads down and charge headlong into all that life hurls at them.','Doomingale Forest','Sleeping hibiscus','6.25','Lambswool','3.13',' ','0.00',' ','0.00',' ','0.00',' ','0.00',' ','0.00',' ','ram_raider.png'),('Cumaulus','027',8,62,42,30,10,28,30,72,100,100,125,100,100,100,125,50,50,100,100,75,100,0,0,50,100,100,100,100,50,'Companionable clouds who crowd around their victims and clobber them with constant facefuls of Frizz. Amalgamations of the ominous air that amasses in the upper atmosphere, forming foul, ferocious clouds.','Doomingale Forest, Brigadoom','Tangleweb','3.13','Coagulant','1.56',' ','0.00',' ','0.00',' ','0.00',' ','0.00',' ','0.00',' ','cumaulus.png'),('Skeleton','028',14,81,60,42,6,48,40,54,125,75,125,100,125,100,125,75,50,0,100,75,0,75,50,50,100,75,100,100,50,'The remains of robust warriors. They hit hard with Helm Splitter, and cannot be defeated with death spells. Deceased soldiers who faithfully patrol though the ruins of Brigadoom, though their king is long dead, and his kingdom a mere memory.','Doomingale Forest, Brigadoom','Cotton gloves','3.13','Copper sword','0.78',' ','0.00',' ','0.00',' ','0.00',' ','0.00',' ','0.00',' ','skeleton.png'),('Healslime','029',13,56,30,30,10,30,26,33,100,100,100,100,100,200,100,75,75,100,100,75,100,75,75,75,100,100,100,100,100,'Unselfish slimes that are always on standby to step in and save others. Often summoned by their monster mates for support. They greet friends with their right tentacles, foes with their left, and everyone else with the others.','Brigadoom, Western Coffinwell','Medicinal herb','12.5','Slimedrop','12.5',' ','0.00',' ','0.00',' ','0.00',' ','0.00',' ','0.00',' ','healslime.png'),('Blinkster','030',6,64,40,33,5,26,26,50,100,100,100,100,100,125,125,75,50,100,100,100,100,100,100,50,100,100,100,100,100,'Wait for these witless wizards to waste their MP on snowy spells, then whack them back! On days off, they don top hats and set out to work the magic circuit. They\'re available for birthdays and other bashes.','Brigadoom, Eastern Coffinwell','Leather shoes','3.13','Wizard\'s staff','0.78',' ','0.00',' ','0.00',' ','0.00',' ','0.00',' ','0.00',' ','blinkster.png'),('Leery lout','031',9,68,34,36,255,40,28,35,100,100,100,100,100,125,125,100,75,100,100,100,0,100,75,75,100,100,100,100,100,'Mostly found cowering behind cover, even when countering, but, interestingly, the originator of the Blockenspiel ability. Their shields are their best buddies, and they spend many a happy hour chatting away to them when not busy battling.','Brigadoom','Leather shield','6.25','Bronze shield','0.78',' ','0.00',' ','0.00',' ','0.00',' ','0.00',' ','0.00',' ','leery_lout.png'),('Lunatick','032',5,70,32,36,8,35,40,41,100,100,100,100,100,100,125,50,50,100,100,75,100,0,75,0,100,100,100,100,50,'They distract enemies by tickling them with their teeming tentacles, then punish them with a paralysing ray. Their enormous eyes evolved to allow them to lurk in long grasses, then pounce when prey passes.','Brigadoom','Leather whip','3.13','Magic water','1.56',' ','0.00',' ','0.00',' ','0.00',' ','0.00',' ','0.00',' ','lunatick.png'),('Leafy larrikin','033',12,42,28,36,6,40,28,66,125,100,100,100,100,125,125,75,100,75,100,75,0,100,100,100,100,100,100,100,75,'They flutter their leafy bodies to evade attack, and sometimes summon their buddies, the badger magers. Cross the breezy autumn\'s eve, Through the dells of Coffinwell, Lo, how the larrikin larks!\' L. Larrikin','Eastern Coffinwell','Moonwort bulb','12.5','Strong medicine','3.13',' ','0.00',' ','0.00',' ','0.00',' ','0.00',' ','0.00',' ','leafy_larrikin.png'),('Clockwork cuckoo','034',10,72,41,27,0,46,80,40,50,50,100,150,100,100,100,50,50,50,0,75,0,0,0,0,100,100,100,100,0,'Mechanical birds that are neither moved by beauty nor motivated to revenge. Fry their circuits with lightning spells. They\'re proudest when pounding all their enemies at once with weapon-like wings by busting out Birdcutter.','Eastern Coffinwell, Western Coffinwell','Chimaera wing','3.13','Iron nails','1.56',' ','0.00',' ','0.00',' ','0.00',' ','0.00',' ','0.00',' ','clockwork_cuckoo.png'),('Slugger','035',5,64,47,48,4,42,34,68,100,100,100,100,100,125,125,0,50,100,100,75,0,100,100,50,100,100,100,100,75,'They know a dazzling array of dastardly dances, but run out of steam rather quickly. They\'re moving every moment, beating bare feet against the ground in time with the unremitting rhythm of the earth.','Eastern Coffinwell, Western Coffinwell','Medicinal herb','6.25','Garish garb','0.78',' ','0.00',' ','0.00',' ','0.00',' ','0.00',' ','0.00',' ','slugger.png'),('Chariot chappie','036',9,90,60,55,5,55,55,46,100,100,125,100,125,100,100,100,100,100,100,100,0,100,75,75,75,100,100,100,75,'These crazy carters career into combat, crashing into the competition and occasionally causing them to cramp up. Nihilistic nutjobs, they wander the wilds with their chattering chariot chumbs, laying waste to all who get in their way.','Eastern Coffinwell, Western Coffinwell','Angel bell','3.13','Iron lance','1.56',' ','0.00',' ','0.00',' ','0.00',' ','0.00',' ','0.00',' ','chariot_chappie.png'),('Morphean mushroom','037',12,75,45,50,5,50,42,40,125,100,100,100,100,125,125,50,75,100,100,50,0,75,50,75,100,100,100,100,75,'Tawdry toadstools that spew forth Sweet Breath, and are slathered in spores that can send foes to sleep. They\'re so small because they\'re always mistaken for seats and sat on by fellow beasts every year at the monster AGM.','Eastern Coffinwell, Western Coffinwell','Belle cap','6.25','Fisticup','6.25',' ','0.00',' ','0.00',' ','0.00',' ','0.00',' ','0.00',' ','morphean_mushroom.png'),('Lost soul','038',8,96,40,62,10,32,32,70,100,100,100,100,100,100,200,50,50,50,100,75,0,0,0,0,100,100,100,100,50,'Self-destructive miseries of the monster realm who shy away from reality, only to implode self-importantly. These wandering wretches would readily renounce their roaming and undo their disrepute. They long to happen upon happiness.','Eastern Coffinwell, Western Coffinwell','Holy water','12.5','Angel bell','1.56',' ','0.00',' ','0.00',' ','0.00',' ','0.00',' ','0.00',' ','lost_soul.png'),('Flython','039',7,100,70,70,6,60,50,55,100,125,100,125,100,125,125,100,50,100,100,50,0,50,0,100,75,75,75,100,75,'Snakes with sail-like gills packed with a potent poison, which they puff out in a venomous vapour. They hate whistlers. Snake-spotters say that they spread their great gills and glide across the skies and over the seas on moonlit nights.','Western Coffinwell','Snakeskin','6.25','Wing of bat','3.13',' ','0.00',' ','0.00',' ','0.00',' ','0.00',' ','0.00',' ','flython.png'),('Badger mager','040',3,105,60,56,12,53,48,54,100,100,100,100,100,125,125,75,75,100,100,75,100,75,100,75,100,100,100,100,75,'Badges who have begun the long journey on the way of the Badja, but have only learnt one spell so far: Woosh. They undergo harsh, hundred-year apprenticeships with cobra cardinals, starting with wood-cutting and making their way up.','Western Coffinwell','Moonwort bulb','6.25','Magic beast hide','3.13',' ','0.00',' ','0.00',' ','0.00',' ','0.00',' ','0.00',' ','badger_mager.png'),('Crabid','041',5,220,96,72,0,72,83,15,100,100,100,100,100,150,150,100,100,100,0,100,0,100,100,75,75,75,100,100,75,'They may look creepy, but these crabs are kind of cowardly, and will call companions or cut and run quite quickly. People think that  clusters of crabids crawl the shoes prowling for prey, but they\'re just pals out on a seaside stroll.','Western Coffinwell, Tywll Cave','Tortoiseshell','6.25','Crimson coral','1.56',' ','0.00',' ','0.00',' ','0.00',' ','0.00',' ','0.00',' ','crabid.png'),('Mean spirit','042',14,99,66,65,8,55,40,62,125,75,100,100,100,75,200,50,50,0,100,50,0,50,0,50,100,50,100,100,50,'These soul-stealing minions of evil may be menacing, but their low defence lets them down. Beware lone lights in the middle of the night. Smells like mean spirits fishing for friends to ferry to the realm of the dead.','Western Coffinwell, Quarantomb','Silk robe','6.25','Pointy hat','0.78',' ','0.00',' ','0.00',' ','0.00',' ','0.00',' ','0.00',' ','mean_spirit.png'),('Magus','043',9,90,80,58,18,48,38,70,100,100,100,100,100,100,150,75,50,50,100,75,75,75,100,50,100,75,75,75,75,'Attacks exclusively with spells, including Fizzle, Woosh, and Magic Barrier, and lives in fear of light-based attacks. Mortals who made a pledge of allegience to a dastardly demon, and had their souls stolen by way of thanks.','Quarantomb, Newid Isle','Wizard\'s staff','1.56','Magic water','0.78',' ','0.00',' ','0.00',' ','0.00',' ','0.00',' ','0.00',' ','magus.png'),('Mummy boy','044',14,105,60,91,8,60,30,22,125,75,100,100,100,75,200,100,75,75,100,75,0,50,75,50,100,100,100,100,50,'Talented tacticians who focus on their more formidable foes first, and are reinforced against wind and darkness. They always bring some spare bandages to bind any beauties they might bump into and want to bring back with them.','Quarantomb','Grubby bandage','6.25','Turban','1.56',' ','0.00',' ','0.00',' ','0.00',' ','0.00',' ','0.00',' ','mummy_boy.png'),('Earthenwarrior','045',11,110,66,55,6,58,65,48,100,100,200,100,75,125,125,100,100,100,0,100,100,50,0,0,100,100,100,100,25,'Fiery-breathed pieces of highly protected pottery which fortify themselves even further with Kabuff. Pottery paladins put in the graves of the great and good to guard them in the beyond, but which grow bored and go AWOL.','Quarantomb','Scale shield','3.13','Soldier\'s sword','1.56',' ','0.00',' ','0.00',' ','0.00',' ','0.00',' ','0.00',' ','earthenwarrior.png'),('Metal slime','046',13,4096,20,4,255,35,256,89,100,100,100,100,100,100,100,0,0,0,100,0,0,0,0,0,0,0,0,0,5,'Those lucky enough to meet one of these and defeat it before it dashes off will find it a very rewarding experience. Warning: Ordinary oozes have recently been wrapping themselves in aluminium foil and masquerading as metal slimes.','Quarantomb, Pluvi Isle','Strong medicine','1.56','Seed of life','0.39',' ','0.00',' ','0.00',' ','0.00',' ','0.00',' ','0.00',' ','metal_slime.png'),('Bodkin bowyer','047',9,112,62,58,255,58,52,56,100,100,100,100,100,100,125,75,75,100,100,75,0,75,100,75,100,100,100,100,75,'These expert archers specialise in trouble travellers with hails of well-aimed arrows. The brown hoods of the bodkin bowyers mark them out as master marksmen, mightier than mere bodkin fletchers.','Newid Isle','Leather hat','3.13','Leather cape','1.56',' ','0.00',' ','0.00',' ','0.00',' ','0.00',' ','0.00',' ','bodkin_bowyer.png'),('Slime knight','048',13,127,74,60,9,62,60,49,100,100,100,100,100,125,100,75,50,75,100,50,75,75,100,75,75,75,75,75,60,'An all-out attack is the only way to best these balanced battlers who use Helm Splitter and Heal. Proud peacekeepers of the slime realm and paragons of chivalry, they protect the powerless and punish oppressors.','Newid Isle, Tower of Trades','Slimedrop','6.25','Iron broadsword','0.78',' ','0.00',' ','0.00',' ','0.00',' ','0.00',' ','0.00',' ','slime_knight.png'),('Cyclown','049',8,108,79,56,8,52,48,78,150,100,50,100,100,125,125,75,50,50,100,75,0,50,0,25,75,100,100,75,75,'Their whipping whirlwinds slice through enemies and stop wind attacks from working. They turn heads with their hypnotic hurricanes and tempt people into their wicked world of whirling winds.','Newid Isle','Glass frit','3.13','Agility ring','0.78',' ','0.00',' ','0.00',' ','0.00',' ','0.00',' ','0.00',' ','cyclown.png'),('Badboon','050',3,171,69,90,6,80,64,40,100,100,100,100,100,125,125,75,75,75,100,75,0,75,100,50,75,100,50,100,75,'Giant apes and lords of the jungle who store up their anger, then attack with full, explosive force. The one with the loudest War Cry wins the leadership, so every spring the forest comes alive with their cacophonous cries.','Newid Isle, Tower of Trades','Magic beast hide','6.25','Strong medicine','3.13',' ','0.00',' ','0.00',' ','0.00',' ','0.00',' ','0.00',' ','badboon.png'),('Slime stack','051',13,317,137,177,24,93,68,102,100,100,100,125,100,200,100,50,50,50,100,50,0,50,75,50,75,75,75,75,60,'You\'d think three slimes would be better than one, but there\'s more bickering than battling with these tetchy towers. Trios of slimes with royal ambitions who banded together to become king slimes, but were too few to do so.','Newid Isle, Tower of Trades','Slimedrop','12.5','Slime earrings','3.13',' ','0.00',' ','0.00',' ','0.00',' ','0.00',' ','0.00',' ','slime_stack.png'),('Mudraker','052',8,188,86,120,12,85,50,26,100,100,125,100,75,100,125,100,50,50,100,75,100,50,0,25,75,100,50,100,25,'These amorphous masses of mud toughen themselves with Kabuff, then set about throwing stones. The souls of travellers who sink in sludge and become clumps of clay so they can try to slip and slither their slow way home.','Newid Isle, Tywll Cave','Cowpat','6.25','Mystifying mixture','0.78',' ','0.00',' ','0.00',' ','0.00',' ','0.00',' ','0.00',' ','mudraker.png'),('Mushroom mage','053',12,144,70,67,18,50,56,56,125,100,100,100,100,100,125,75,100,100,100,75,75,100,50,75,100,100,100,100,75,'Mean mushrooms who go round in groups endeavouring to make ice cubes out of adventurers with constant cold spells. Cooled the once-warm area south of Alltrades Abbey with a century of Crack-casting \'til it became outright autumnal.','Tower of Trades','Belle cap','12.5','Fisticup','12.5',' ','0.00',' ','0.00',' ','0.00',' ','0.00',' ','0.00',' ','mushroom_mage.png'),('Drackyma','054',4,145,74,52,10,58,58,70,100,100,100,125,125,100,125,75,100,100,100,100,75,75,100,75,100,75,100,100,75,'Be grateful that these dukes among drackies can\'t cast Kasnooze too - Snooze is more than enough of an annoyance. Don\'t make drackies really mad - they might morph into the mighty yellow force for justice that is...DRACKYMA(N)!','Newid Isle, Tower of Trades','Wing of bat','12.5','Gold ring','1.56',' ','0.00',' ','0.00',' ','0.00',' ','0.00',' ','0.00',' ','drackyma.png'),('Walking corpse','055',14,155,66,105,9,70,35,35,125,75,100,100,100,75,200,75,75,50,100,50,0,50,75,75,100,75,75,100,25,'These dogged dead bodies fixate on a foe and won\'t leave them alone. They may be brittle, but they\'re tough too. They live by the saying \'tHe ROttEnEr tHE BeTeERer\', and ensure that any midway manky remains are made fully foul.','Newid Isle, Tower of Trades','Manky mud','12.5','Strength ring','0.78',' ','0.00',' ','0.00',' ','0.00',' ','0.00',' ','0.00',' ','walking_corpse.png'),('Jinkster','056',6,127,80,60,11,50,60,78,100,100,100,100,100,100,125,100,100,100,100,100,75,100,100,75,100,100,100,100,75,'Smash these supportive spellcasters before they can bolster their buddies\' tension and tend to their wounds. Court jesters of the monster realm, they make their way in the world by brown-nosing, but are laughed at behind their backs.','Newid Isle, Tower of Trades','Magic water','3.13','Pointy hat','1.56',' ','0.00',' ','0.00',' ','0.00',' ','0.00',' ','0.00',' ','jinkster.png'),('Restless armour','057',11,324,120,100,12,95,97,63,100,100,125,100,100,100,100,75,50,50,100,50,0,50,0,75,75,75,75,100,25,'Chivalrous champions who like to fight fair and square. Beware the tension-trashing Morale Masher. Suits of armour that have soaked up sorrowful swordsmen\'s souls. Healslime helpers make them hard to hurt.','Tower of Trades, Dourbridge','Iron broadsword','1.56','Iron armour','0.78',' ','0.00',' ','0.00',' ','0.00',' ','0.00',' ','0.00',' ','restless_armour.png'),('Knocktopus','058',2,162,64,75,8,68,60,51,125,75,100,100,100,125,125,50,75,100,100,75,0,75,75,75,75,75,75,75,60,'Death spells work well on these awkward octopuses, which shower their enemies with skyborne spikes. They\'re very humane at heart, and have made it their mission to tear up any trawler nets they find and free the fish within.','Tywll Cave, Slurry Coast','Magic beast horn','6.25','Crimson coral','3.13',' ','0.00',' ','0.00',' ','0.00',' ','0.00',' ','0.00',' ','knocktopus.png'),('Chimaera','059',4,180,89,75,9,70,72,86,75,125,100,100,100,100,125,100,50,75,100,50,0,75,100,75,75,75,75,75,60,'Beastly, burning-breathed birds who are almost impervious to fire, but are taken aback by ice attacks. Their wings are a valued commodity, and shopkeepers are regularly singed to a cinder in search of fresh stock.','Tywll Cave, Slurry Coast','Chimaera wing','12.5','Flurry feather','3.13',' ','0.00',' ','0.00',' ','0.00',' ','0.00',' ','0.00',' ','chimaera.png'),('Salamarauder','060',2,171,74,80,8,75,67,70,125,100,100,100,100,125,125,50,50,75,100,75,0,75,75,50,75,75,100,100,60,'These piratical pests freeze foes with their breath, and evade attacks while summoning support. They\'re woopers troopers who set sail on a new career after a medalsome king told them that now is the new dawn of piracy.','Tywll Cave, Slurry Coast','Emerald moss','6.25','Iron shield','1.56',' ','0.00',' ','0.00',' ','0.00',' ','0.00',' ','0.00',' ','salamarauder.png'),('Man o\' war','061',2,200,72,70,10,72,68,80,125,100,100,75,100,125,100,100,100,100,100,100,0,100,75,0,100,100,100,100,60,'Slippery squid with tentacles that leave foes transfixed, they travel together to try and send seafarers to Davy Jones\' locker. They get annoyed if anyone interferes when they\'re staring serenely out to sea with their tentacles trailing in the breeze.','Tywll Cave, Ocean','Moonwort bulb','6.25','Softwort','3.13',' ','0.00',' ','0.00',' ','0.00',' ','0.00',' ','0.00',' ','man_o_war.png'),('Mortoad','062',2,290,90,140,10,80,70,48,75,125,100,100,100,125,125,75,75,100,100,100,0,75,50,50,75,75,100,100,60,'Hopping powder kegs with a whole heap of heavy artillery. Keep a particular eye out for the sickening Snot Shot. Their mountain-shaped mouths are meant to be marvelous omens, and are treasured by travellers as goodwill gifts.','Tywll Cave, Slurry Coast','Toad oil','12.5','Manky mud','3.13',' ','0.00',' ','0.00',' ','0.00',' ','0.00',' ','0.00',' ','mortoad.png'),('Dread admiral','063',5,192,80,76,9,75,76,80,100,100,75,100,100,200,100,50,50,100,100,75,0,25,50,0,50,50,50,100,50,'Swat these big, brutish butterflies before they swarm all over the battlefield and paralyse everyone with Burning Breath. Seen from behind, they\'re beautiful butterflies, but flip them around and you\'ll find they\'re far from fair of face.','Slurry Coast, Dourbridge','Butterfly wing','12.5','Coagulant','1.56',' ','0.00',' ','0.00',' ','0.00',' ','0.00',' ','0.00',' ','dread_admiral.png'),('Zumeanie','064',12,212,104,85,9,82,80,62,100,150,100,100,100,100,100,75,50,100,100,75,0,75,75,50,75,75,75,75,50,'Trop-pickle vegetables, ripened in the sun, and unable to cope with ice conditions. Can confuse with their spinning spears. Went away to warmer climes and couldn\'t bring themselves to leave. They settled there and the sun stained them scarlet.','Slurry Coast, Dourbridge','Strong medicine','6.25','Long spear','0.78',' ','0.00',' ','0.00',' ','0.00',' ','0.00',' ','0.00',' ','zumeanie.png'),('Bud brother','065',12,100,62,65,6,68,55,90,125,125,100,100,100,100,125,50,75,75,100,50,0,75,75,75,100,100,75,100,50,'They like to bring buddies into battle to beef up the bloodshed, or if they\'re feeling inferior, they\'ll beckon forth a badja. They rustle round the forest, kicking up clumps of fallen foliage and attacking adventurers who interrupt them.','Slurry Coast','Superior medicine','3.13','Softwort','1.56',' ','0.00',' ','0.00',' ','0.00',' ','0.00',' ','0.00',' ','bud_brother.png'),('Spinchilla','066',2,300,112,126,30,88,78,96,125,75,100,100,100,125,125,50,50,50,100,50,75,50,0,25,75,75,100,75,25,'They ride atop a raging torrent, spinning their bodies to cast Crackle, and swirling like a stormy sea to evade attack. They\'re sea spirits who sit inside their twisting aquatic tornadoes trying to turn travellers into so many tons of tundra.','Slurry Coast, Dourbridge','Seashell','6.25','Crimson coral','3.13',' ','0.00',' ','0.00',' ','0.00',' ','0.00',' ','0.00',' ','spinchilla.png'),('Bewarewolf','067',3,225,98,87,255,83,89,77,100,100,100,125,100,100,100,100,50,75,100,50,0,75,100,75,75,75,75,100,50,'It\'s best to bash these baddies quickly, as their tension is turned up a notch every time they take damage. They\'ve come out of retirement to show the poser pups of today that the coolest course is to shut up and get the job done.','Slurry Coast, Dourbridge','Magic beast hide','6.25','Iron claws','1.56',' ','0.00',' ','0.00',' ','0.00',' ','0.00',' ','0.00',' ','bewarewolf.png'),('Clawcerer','068',3,212,104,75,17,75,75,81,100,125,100,100,125,100,125,50,50,50,100,50,50,75,75,50,100,75,75,50,50,'First-rate feline mages who can addle with Dazzle, and whose long tails aren\'t just for show. When meowgicians eat up all their fish like good kitties, Omeowga 3 oils make them brainier, and they become clawcerers.','Dourbridge, Lonely Plains','Kitty litter','3.13','Staff of sentencing','0.78',' ','0.00',' ','0.00',' ','0.00',' ','0.00',' ','0.00',' ','clawcerer.png'),('Rampage','069',3,224,114,100,12,80,80,60,125,75,100,100,125,100,100,50,100,75,100,50,75,75,100,50,75,75,50,75,50,'Barbaric blue sheep that sap foes\' speed with Deceleratle, then smash into them as soon as they see them sagging. Chimaeras and clockwork cuckoos congregate in their cosy coats to weather out wintry nights.','Dourbridge, Lonely Plains','Lambswool','12.5','Magic beast hide','1.56',' ','0.00',' ','0.00',' ','0.00',' ','0.00',' ','0.00',' ','rampage.png'),('Beakon','070',4,153,78,65,9,68,65,68,125,100,100,100,100,100,100,100,100,100,100,50,0,75,100,100,75,75,75,100,50,'Barbaric birds that attack twice with deadly drumsticks and cry cacophonously to creep out foes and call forth friends. They evolved from big birds who swooped down from the skies to settle on the land, and had no further need of their wings.','Lonely Plains','Chimaera wing','6.25','Clogs','3.13',' ','0.00',' ','0.00',' ','0.00',' ','0.00',' ','0.00',' ','beakon.png'),('Mad moai','071',11,350,120,125,0,100,125,9,100,100,200,100,75,100,100,50,75,0,0,50,0,50,0,0,75,75,75,100,25,'Stern statues that flatten foes with their breathtakign bulk and blind them with blasts of light. The first mega moai was made when a mad old mystic sculpted a statue of himself that soaked up some sorcery and sprang to life.','Lonely Plains, Heights of Loneliness','Royal soil','6.25','Flintstone','0.78',' ','0.00',' ','0.00',' ','0.00',' ','0.00',' ','0.00',' ','mad_moai.png'),('Trigertaur','072',3,350,136,100,12,98,100,85,100,125,100,100,100,100,100,75,75,50,100,50,75,75,100,50,75,75,75,75,50,'Intimidating enemies who damage defense with Sap, then take foes to task with their tridents. Whistle to really rile them. Created when top-flight tiger knights merged with their mounts to make themselves faster on the field of battle.','Lonely Plains, Bloomingdale','Magic beast hide','12.5','Holy lance','0.78',' ','0.00',' ','0.00',' ','0.00',' ','0.00',' ','0.00',' ','trigertaur.png'),('Grinade','073',11,288,86,75,0,77,103,67,100,100,125,100,100,100,100,50,50,50,0,50,0,25,0,50,75,75,100,100,25,'These suspiciously sprightly stones merrily maul opponents, beaming all the while, and bring their boulder buddies into battle. Although rough and ready in their younger years, the hard edges wear off with time, and most make well-rounded adults.','Heights of Loneliness','Rockbomb shard','6.25','Flintstone','1.56',' ','0.00',' ','0.00',' ','0.00',' ','0.00',' ','0.00',' ','grinade.png'),('Toxic zombie','074',14,270,100,150,10,82,35,32,150,50,100,100,100,100,200,50,50,50,100,50,0,50,0,75,75,75,75,75,25,'Flatted these foetid foes with fire and light spells before they blight body and mind with their filthy fingernails and foul breath. They slither up slowly from beneath poisonous ponds to take hold of travellers and drag them down into the dank depths.','Dourbridge, Lonely Plains','Manky mud','6.25','Boomer briefs','1.56',' ','0.00',' ','0.00',' ','0.00',' ','0.00',' ','0.00',' ','toxic_zombie.png'),('Metal slime knight','075',13,305,82,46,8,82,140,80,50,50,50,50,100,200,100,100,50,50,100,50,75,50,0,50,75,75,75,75,25,'Well-rounded warriors who are battle naturals, and can attack twice in one turn with their falcon-like fleetness. Although captive metal slimes may seem like easy experience, they get caught because they\'re the least experienced ones.','Heights of Loneliness','Light shield','1.56','Iron helmet','0.78',' ','0.00',' ','0.00',' ','0.00',' ','0.00',' ','0.00',' ','metal_slime_knight.png'),('Hocus chimaera','076',4,288,126,80,12,80,80,86,75,125,100,100,100,100,100,50,50,75,100,50,75,50,75,50,75,50,75,50,50,'Blazing-breathed mountain birds of the chimaera family who are tough against fire, and may lay some good eggstras when licked. Their sepia tone puts people in a misty-eyed mind of yesteryear, but they themselves are young, dump, and full of fun.','Heights of Loneliness, Bloomingdale','Chimaera wing','6.25','Prayer ring','0.78',' ','0.00',' ','0.00',' ','0.00',' ','0.00',' ','0.00',' ','hocus_chimaera.png'),('Treeface','077',12,315,102,95,12,83,78,63,125,100,100,100,100,100,100,75,50,100,200,50,0,50,75,75,100,75,100,100,50,'These troublesome trees lower MP with Weird Dance and can cure with the medicinal herbs that blossom in their branches. They often hide in the forest so they can pounce on and punish people who think it\'s clever to carve their initials into trees.','Lonely Coast, Heights of Loneliness','Strong medicine','3.13','Strong antidote','1.56',' ','0.00',' ','0.00',' ','0.00',' ','0.00',' ','0.00',' ','treeface.png'),('Stone golem','078',11,400,126,156,0,104,130,55,100,100,200,100,75,100,100,50,50,50,0,50,0,50,0,0,75,75,75,100,25,'They protect their pals with their bulky bodies, and brush off bog-standard blows with ease. Hit them hard or not at all. The rock blocks of a ruined temple absorbed an evil aura and assembled to form the first stone golem.','Heights of Loneliness, Bloomingdale','Flintstone','6.25','Resurrock','0.78',' ','0.00',' ','0.00',' ','0.00',' ','0.00',' ','0.00',' ','stone_golem.png'),('Gum shield','079',9,226,108,80,255,80,101,81,100,100,100,100,100,100,125,75,75,75,100,75,0,75,100,50,100,75,100,100,50,'Be extra careful what you send this monster\'s way - you might find it coming right Back Atcha. Luckily for them, the sheer scale of their faces forces the eyes to focus on size rather than sex appeal.','Bloomingdale','Light shield','1.56','Iron broadsword','0.78',' ','0.00',' ','0.00',' ','0.00',' ','0.00',' ','0.00',' ','gum_shield.png'),('Pink sanguini','080',6,236,112,85,9,85,92,104,125,100,100,100,100,125,125,100,75,100,100,100,0,75,100,100,75,75,100,100,50,'Sanguinis who have cast off their cowskin kiddie coats for pink adolescent pelts. They love to have travellers for tea! Although adolescents, they\'re far from fully fledged. Ahh, if only they could stay like this forever...','Bloomingdale','Moonwort bulb','6.25','Nectar','3.13',' ','0.00',' ','0.00',' ','0.00',' ','0.00',' ','0.00',' ','pink_sanguini.png'),('Scarewolf','081',3,325,126,102,32,94,105,87,100,75,100,125,100,100,100,50,50,75,100,50,0,75,75,75,75,75,50,100,50,'They\'re not just razor-taloned terrors, their tension also increases every time they\'re attacked. Handle with care. They bring out their eye colour by accessorising matching grey boots and mini-dresses with striking blue belts.','Lonely Coast, Bloomingdale','Magic beast hide','12.5','Sacred claws','1.56',' ','0.00',' ','0.00',' ','0.00',' ','0.00',' ','0.00',' ','scarewolf.png'),('Big badboon','082',3,420,96,147,8,106,74,62,100,125,100,100,100,100,100,100,100,75,100,100,0,75,100,75,75,75,100,100,50,'Swirling whirlwings of unstoppable power. If they call for a friend, prepare for the end! Dwelling in the dank depths of the forest makes a mossy mess of their fur, but fresh, fragrant flowers also flourish there.','Bloomingdale','Magic beast hide','12.5','Strength ring','0.78',' ','0.00',' ','0.00',' ','0.00',' ','0.00',' ','0.00',' ','big_badboon.png'),('Medislime','083',13,300,110,82,20,82,80,70,100,100,100,100,100,200,75,75,75,75,100,75,75,75,75,50,100,100,100,100,35,'Monsters are always made up to see these support slimes\' yellow faces when they turn up to tend them with Midheal. In a bid to be the best-beloved of beasts, they make a meal of healing, mending with Midheal when Heal will do.','The Bad Cave','Strong medicine','6.25','Slimedrop','3.13',' ','0.00',' ','0.00',' ','0.00',' ','0.00',' ','0.00',' ','medislime.png'),('Shaman','084',9,290,134,90,33,76,64,90,100,100,100,100,150,100,125,50,50,50,100,50,50,50,75,75,75,100,75,50,35,'Fearsome fiends who launch a weird light to weaken foes aaginst spells, then maul them with all manner of magic. Bishops who bargained away their souls to become beasts, they seek out travellers to use as sacrifices to their masters.','The Bad Cave','Magical robes','1.56','Ultramarine mittens','1.56',' ','0.00',' ','0.00',' ','0.00',' ','0.00',' ','0.00',' ','shaman.png'),('Weaken beakon','085',4,266,88,78,10,72,90,88,100,150,75,100,125,100,100,50,100,75,100,50,100,75,100,75,75,50,75,75,35,'They love to cast Kasap then come back for a second attack with their big old beaks. Freeze them out if you can. The daycare workers of the monster kingdom, they hang upside-down from trees and let baby beasties swing on them.','The Bad Cave','Flurry feather','6.25','Crow\'s claws','0.78',' ','0.00',' ','0.00',' ','0.00',' ','0.00',' ','0.00',' ','weaken_beakon.png'),('Raving lunatick','086',5,310,98,85,21,86,100,90,100,100,100,75,100,75,150,75,50,100,100,50,75,75,50,75,75,75,75,50,25,'They banish their enemies to the underworld by zapping them with Zammle. Weak against light due to their shady origins. Raised on a diet of darkness in a world without light, they were once regular lunatics, but mutated after overdosing on evil.','Bloomingdale, The Bad Cave','Thorn whip','3.13','Strong antidote','1.56',' ','0.00',' ','0.00',' ','0.00',' ','0.00',' ','0.00',' ','raving_lunatick.png'),('Hunter mech','087',10,450,144,95,5,95,110,100,75,75,100,200,100,100,100,0,0,0,0,75,0,25,0,0,75,75,75,50,0,'Robotic seekers of little metal blobs who don\'t take kindly to adventurers trying to poach their prey. If one of these metal-hunting mechanical marauders is nearby, surely its mark can\'t be far off...','The Bad Cave, Pluvi Isle','Iron ore','3.13','Hunter\'s bow','1.56',' ','0.00',' ','0.00',' ','0.00',' ','0.00',' ','0.00',' ','hunter_mech.png'),('Riptide','088',2,540,156,102,18,102,105,105,100,100,100,100,125,100,125,100,50,0,100,100,75,75,75,50,75,75,75,100,35,'They hit back with Whack at survivors of Thunder Slash or Roundaclout. Be canny and keep them from casting Midheal. Rumour has it that they\'re salamarauders who trained so intensely that they turned into tough guys.','The Bad Cave, Ocean','Dragon scale','3.13','Razor claws','1.56',' ','0.00',' ','0.00',' ','0.00',' ','0.00',' ','0.00',' ','riptide.png'),('Metal medley','089',13,12288,60,6,255,70,256,135,100,100,100,100,100,100,100,0,0,0,100,0,0,0,0,0,0,0,0,0,5,'A towering team of titanium tykes who can combine their clout to cast Kerfrizz. Some say that the stout slime playing the supporting role in the stack is made of steel instead of the standard metal slime stuff.','Lonely Coast, The Bad Cave','Slimedrop','12.5','Mythril ore','0.78',' ','0.00',' ','0.00',' ','0.00',' ','0.00',' ','0.00',' ','metal_medley.png'),('King slime','090',13,600,164,245,32,136,95,75,100,100,100,100,100,200,50,50,50,50,100,50,75,25,100,25,75,75,75,75,50,'These superior slimes ooze authority, bringing their bulk to bear on opponents and mending mates with Midheal. They\'re built when bands of blobby buddies stick together to find strength in numbers.','Bloomingdale, Pluvi Isle','Slimedrop','12.5','Slime crown','0.39',' ','0.00',' ','0.00',' ','0.00',' ','0.00',' ','0.00',' ','king_slime.png'),('Claw hammer','091',2,432,126,98,9,108,90,90,125,50,100,200,100,100,100,100,0,75,100,100,0,50,50,75,75,75,75,100,50,'Giant sharks that topple enemies with Trip of a Deathtime, then hit them when they\'re down. Strong against ice magic. Their cruel claws have scuppered so many ships that sailors are more scared of them than they are of storms.','Lonely Coast, Ocean','Magic beast hide','6.25','Tough guy tattoo','0.78',' ','0.00',' ','0.00',' ','0.00',' ','0.00',' ','0.00',' ','claw_hammer.png'),('Shocktopus','092',10,375,144,75,0,85,156,90,75,75,100,150,100,100,100,0,0,150,0,50,0,50,0,0,50,75,50,50,0,'Betentacled terrors that are immune to poison, paralysis and sleep. Whack them silly before they launch a Spike Strike. Explosive octopuses assembled in the underworld. The smooth movement of their many legs is ludicrously lifelike.','Djust Desert, Ocean','Magic beast horn','6.25','Iron nails','3.13',' ','0.00',' ','0.00',' ','0.00',' ','0.00',' ','0.00',' ','shocktopus.png'),('Axolhotl','093',2,360,104,92,8,90,100,83,75,125,100,100,100,125,125,50,75,75,100,100,0,75,75,75,75,75,75,75,35,'Nihilistic, flame-retarded desert warriors that use Flame Slash and Flame Breath, and are experts on selflessness. Their radiantly sun-kissed skin is a real hit with the ladies, but these dedicated swordsmen don\'t have time for dating.','Bloomingdale, Djust Desert','Iron helmet','3.13','Cautery sword','1.56',' ','0.00',' ','0.00',' ','0.00',' ','0.00',' ','0.00',' ','axolhotl.png'),('Parched peckerel','094',4,405,108,101,9,93,98,99,100,125,100,100,100,100,100,75,50,75,100,75,75,75,50,50,75,75,50,75,35,'Known as \'sandstreakers\' for their insane speed, which is added to with Acceleratle, and supplemented with sleep atttacks. Evolved with an ostrich was so captivated by a cobra that it copied its every quality and become a new breed of bird.','Djust Desert','Kitty litter','3.13','Glass frit','1.56',' ','0.00',' ','0.00',' ','0.00',' ','0.00',' ','0.00',' ','parched_peckerel.png'),('Power hammer','095',2,450,168,110,7,85,105,100,100,125,100,100,100,100,100,75,50,75,100,50,100,75,75,75,75,100,75,75,25,'Not content just to be strong, they get tough with Kabuff, then try to get critical. Watch out for their Sandstorm strikes. Desert predators, they sit silently below the sands masking their scent, then pounce when prey approaches.','Lonely Coast, Djust Desert','Glass frit','3.13','Kitty litter','1.56',' ','0.00',' ','0.00',' ','0.00',' ','0.00',' ','0.00',' ','power_hammer.png'),('Gold golem','096',11,414,505,250,0,136,130,77,100,75,125,100,100,125,100,50,50,50,0,50,0,50,0,0,75,75,75,100,25,'Heavyweights who save up their strength, then hit hard. Beat them, though, and you just might break the bank. Some say that the storied city of gold said to stand somewhere in the Djust Desert is only a gold golem seen through a heat haze.','Djust Desert','Gold ring','3.13','Gleeban gold piece','0.39',' ','0.00',' ','0.00',' ','0.00',' ','0.00',' ','0.00',' ','gold_golem.png'),('Expload','097',3,522,146,142,10,102,116,64,75,100,100,150,100,100,100,50,75,75,100,100,0,50,50,50,75,75,50,100,35,'Slow they may be, but their heavy weapons, in particular their ribbit launchers, are the terror of travellers everywhere. Toad tanks dressed in drab for desert warfare. They work like well-oiled machines thanks to magnificent maintenance.','Djust Desert','Toad oil','12.5','Bow tie','1.56',' ','0.00',' ','0.00',' ','0.00',' ','0.00',' ','0.00',' ','expload.png'),('Mummy','098',14,455,96,138,12,112,80,66,125,75,100,100,100,75,200,75,50,50,100,50,0,50,50,50,75,75,100,100,25,'They envy the living, and torment them tirelessly. Their terrifying attacks may also sap tension, so take due care. Reanimated retainers who have returned to revenge themselves upon the regent who ruled that they be buried alive beside them.','Djust Desert, The Plumbed Depths','Grubby bandage','12.5','Malicite','0.39',' ','0.00',' ','0.00',' ','0.00',' ','0.00',' ','0.00',' ','mummy.png'),('Admirer','099',8,440,168,120,16,102,85,75,125,125,100,100,75,100,100,75,50,50,100,50,75,75,0,25,50,75,50,100,25,'Monsters made of amorphous goo that are best subdued with spells. Try frying or freezing them for the best results. Their green bodies are apparently the result of being raised by bubble slimes after misplacing their parents.','The Plumbed Depths','Lava lump','3.13','Corundum','1.56',' ','0.00',' ','0.00',' ','0.00',' ','0.00',' ','0.00',' ','admirer.png'),('Lesionnaire','100',14,410,100,99,9,106,115,99,125,75,100,100,100,75,200,50,75,50,100,75,0,25,0,50,75,75,100,100,25,'Lay into these bags of bones with light attacks before the pump you full of poison or mash you with a Mercurial Thrust. Stinking skeletons, dead set on destruction. They were summoned back from the depths of hell to serve as soldiers.','The Plumbed Depths','Gold rosary','6.25','Iron cuirass','1.56',' ','0.00',' ','0.00',' ','0.00',' ','0.00',' ','0.00',' ','lesionnaire.png'),('Diethon','101',7,432,110,109,10,104,108,102,100,125,100,100,125,100,100,75,50,75,100,50,0,50,0,50,75,75,50,100,35,'These sickening snakes are immune to poison, can vomit up a Venom Mist, and will run at the sight of superior strength. Superstition says to take three steps back and set off somewhere else if a diethon crosses your path at night.','The Plumbed Depths','Snakeskin','12.5','Wing of bat','6.25',' ','0.00',' ','0.00',' ','0.00',' ','0.00',' ','0.00',' ','diethon.png'),('Purrestidigitator','102',3,423,126,96,30,84,110,102,100,125,100,100,125,100,100,50,50,50,100,50,50,75,75,50,100,75,75,50,35,'No cats on a hot tin roof, these fearless, peerless, fire-loving felines enjoy frying foes with Frizzle. They think it right and purroper that cats so comely, clever and charismatic should have such an impurressive name.','Lonely Coast, The Plumbed Depths','Kitty litter','12.5','Stolos\' staff','0.39',' ','0.00',' ','0.00',' ','0.00',' ','0.00',' ','0.00',' ','purrestidigitator.png'),('Manguini','103',6,477,126,108,11,112,114,117,100,100,100,125,100,75,150,100,50,50,100,50,0,75,75,75,50,50,50,100,50,'They rake their vicious claws through enemies with glee, and make use of their slim stature to sidestep strikes. Their chins get longer and longer with age until, when they finally touch the ground, it\'s time for the manguini to meet its maker.','The Plumbed Depths, Hermany','Wing of bat','12.5','Terrible tattoo','3.13',' ','0.00',' ','0.00',' ','0.00',' ','0.00',' ','0.00',' ','manguini.png'),('Mandrake major','104',7,510,128,107,16,98,107,87,100,125,100,100,100,100,100,50,0,100,100,50,100,75,75,50,100,75,75,100,35,'These reptilian raiders love to enhance their attacks with Oomph, then show off their razor-sharp sword skills. Obsessed with swordplay, they thrive on blade battles, and keep their swords and skills sharp by slicing up travellers.','Urdus Marshland, Hermany','Dragon scale','6.25','Heavy armour','0.78',' ','0.00',' ','0.00',' ','0.00',' ','0.00',' ','0.00',' ','mandrake_major.png'),('Scourgette','105',12,500,130,96,20,90,98,81,150,100,100,100,100,75,150,75,75,50,100,50,50,75,75,50,100,75,75,50,35,'These veteran vegetables are very versatile, and can batter with Boom, and resurrect perished pals with Zing. The white design on their bellies is the mark of a misspent youth. It seemed like a good idea once, but now they\'re not so sure.','Hermany, Pluvi Isle','Rockbomb shard','3.13','Long spear','0.78',' ','0.00',' ','0.00',' ','0.00',' ','0.00',' ','0.00',' ','scourgette.png'),('Wyrtle','106',7,600,116,105,0,105,150,47,75,100,100,150,100,150,100,100,100,100,0,75,0,75,100,75,75,75,100,100,35,'Hurtful turtles that like to frazzle foes with Flame Breath. Watch out for their critical attacks and hellish shells. Turtles become wyrtles by eating the meat of a dragon god, but must live a thousand long years before doing so.','Urdus Marshland, Hermany','Tortoiseshell','12.5','Dragon scale','6.25',' ','0.00',' ','0.00',' ','0.00',' ','0.00',' ','0.00',' ','wyrtle.png'),('Crabber dabber doo','107',2,670,118,112,7,115,121,78,125,100,125,100,50,100,100,100,100,100,100,100,0,75,100,75,75,100,100,100,25,'Cruel crabs who toughen up with Kabuff, then strike with their sizable claws. Not too troubled by earth attacks. Never to full to turn down a feed, the though of feasting on freshly fallen adventurers sets them salivation salaciously.','Slurry Coast, Urdus Marshland','Seashell','6.25','Poison moth knife','1.56',' ','0.00',' ','0.00',' ','0.00',' ','0.00',' ','0.00',' ','crabber_dabber_doo.png'),('Badja','108',3,570,144,105,20,98,101,104,100,100,100,100,150,100,150,50,50,100,100,50,75,75,75,50,50,50,50,100,35,'Pure-hearted masters of the mighty way of the Badja, they evade blows with a mysterious mist, and foil magic with Fizzle. Badjas are entrusted with the scroll detailing the art of evasion when they grow old enough to leave the ninja village.','Djust Desert, Urdus Marshland','Magic beast hide','12.5','Special medicine','1.56',' ','0.00',' ','0.00',' ','0.00',' ','0.00',' ','0.00',' ','badja.png'),('Giddy gastropog','109',5,580,100,90,15,104,140,50,100,125,100,100,100,100,100,75,75,100,100,25,75,75,50,25,75,75,100,100,25,'Strange snails that are fond of Fuddle. They\'re darned durable, and entirely untouchable when they shrink into their shells. They have to watch their backs constantly, as gastropogs are always trying to pinch their slightly snazzier shells.','Urdus Marshland, Pluvi Isle','Toad oil','12.5','Silver bracelets','1.56',' ','0.00',' ','0.00',' ','0.00',' ','0.00',' ','0.00',' ','giddy_gastropog.png'),('Treevil','110',12,600,106,111,14,101,101,99,150,100,75,100,75,100,100,75,50,50,200,50,0,50,50,50,75,75,75,100,35,'They keep Yggdrasil leaves concealed in their canopies to bring back their buddies. Fry them with fire fast. They love a party, and enjoy nothing more than standing in a big circle of a hundred or more friends doing the Weird Dance.','Urdus Marshland, Iluugazar Plains','Superior medicine','6.25','Coagulant','1.56',' ','0.00',' ','0.00',' ','0.00',' ','0.00',' ','0.00',' ','treevil.png'),('Ghoul','111',14,760,124,162,12,112,65,90,150,50,125,100,100,75,200,50,50,75,100,75,0,50,50,25,75,100,75,100,25,'They\'re pretty strong for stiffs, and although they don\'t have any special attacks, beware of them bellowing for backup. When they begin to rot, their breath and nails grow thick with toxins, but these dissipate as they deteriorate further.','The Plumbed Depths, Urdus Marshland','Manky mud','6.25','Tough guy tattoo','1.56',' ','0.00',' ','0.00',' ','0.00',' ','0.00',' ','0.00',' ','ghoul.png'),('Robo-robin','112',10,580,98,75,0,100,210,113,75,75,100,150,100,100,100,0,0,0,0,50,0,0,0,0,50,50,50,50,0,'They may look like sweet little songbirds, but these mechanical murder machines are set to explode when their HP gets low. Their main aim in exterminating adventurers is to take their armour and other items as parts for producing more of their kind.','Iluugazar Plains, Mt Ulbaruun','Iron ore','6.25','Handrills','0.78',' ','0.00',' ','0.00',' ','0.00',' ','0.00',' ','0.00',' ','robo_robin.png'),('Swinoceros','113',3,610,102,120,8,105,121,91,100,75,100,75,100,200,100,75,50,75,100,50,0,75,75,50,75,75,75,100,35,'These raging rhinos love to hit hard with their horns, which often put enemies out of action. Prone to sickness as children, they grow hale and hearty through the ancient shamanic ritual of rolling in cowpats.','Iluugazar Plains, Mt Ulbaruun','Magic beast hide','12.5','Cowpat','3.13',' ','0.00',' ','0.00',' ','0.00',' ','0.00',' ','0.00',' ','swinoceros.png'),('Peckerel','114',4,580,132,107,6,107,107,107,100,125,75,100,100,100,100,75,50,50,100,50,0,50,75,0,75,75,75,100,35,'They fly fast at their foes with paralysing attacks, and treat troublesome opponents to an Assassin\'s Stab. They\'re forever forgetting the paralysing poison on the points of their tails, and itching themselves immobile by accident.','Iluugazar Plains, Mt Ulbaruun','Strong antidote','6.25','Poison needle','1.56',' ','0.00',' ','0.00',' ','0.00',' ','0.00',' ','0.00',' ','peckerel.png'),('Battering ram','115',3,600,108,105,9,113,122,104,150,75,100,100,100,150,100,50,100,50,100,50,0,50,75,50,75,75,75,100,35,'Their hairy hides are hard to harm with ice. They send enemies to sleep with Sweet Breath, build tension, and then batter them. They feast on funghouls so they can send insomniacs on their way to slumberland with Sweet Breath.','Iluugazar Plains, Mt Ulbaruun','Lambswool','12.5','Magic beast horn','3.13',' ','0.00',' ','0.00',' ','0.00',' ','0.00',' ','0.00',' ','battering_ram.png'),('Rockbomb','116',11,700,95,100,5,100,156,76,100,100,125,100,75,100,125,75,50,50,100,50,50,25,0,0,75,75,75,100,25,'Don\'t dismiss these beaming boulders due to their funny faces - they can take out entire teams with Kamikazee. Grabbers of the Greatest Grin gong at the Monscars, their moods are measured by minute shifts in the slope of their smile.','Iluugazar Plains, Mt Ulbaruun','Rockbomb shard','12.5','Hephaestus\' flame','0.78',' ','0.00',' ','0.00',' ','0.00',' ','0.00',' ','0.00',' ','rockbomb.png'),('Brainy badboon','117',3,800,108,150,16,120,99,95,75,125,100,100,100,200,100,50,100,50,100,75,75,75,75,50,75,75,75,75,50,'Astute apes that weaken enemies with Dazzle and Kasap, then smack them silly. Whistle if you want to get them worked up. Big badboons who\'ve breakfasted on raging rubies, giving them superhuman strength and a brain boost to boot.','Iluugazar Plains, Mt Ulzuun','Magic beast hide','3.13','Raging ruby','3.13',' ','0.00',' ','0.00',' ','0.00',' ','0.00',' ','0.00',' ','brainy_badboon.png'),('Drackal','118',3,1000,150,230,20,148,123,87,100,125,100,100,100,150,100,50,50,50,100,50,0,50,75,50,75,75,75,75,35,'They bite with the best of them, and batter their big bodies to boot, but sometimes prefer just to bail from battle. Mention \'those huge, scary things\' to a seasoned traveller to set them squirming at the mere memory of these monsters.','Mt Ulzuun','Lambswool','6.25','Platinum ore','0.78',' ','0.00',' ','0.00',' ','0.00',' ','0.00',' ','0.00',' ','drackal.png'),('Gruffon','119',6,540,136,136,12,118,106,76,125,100,100,100,100,100,125,50,75,50,100,50,0,50,75,50,75,75,75,50,50,'They may be strong have have high HP, but they\'re just to laid back to last. Strike first, and you\'re bound to beat them. They\'re so lazy that sometimes they can\'t even be bothered to eat, and they throw rocks to avoid having to move to attack.','Lonely Coast, Mt Ulzuun','Wing of bat','12.5','Terrible tattoo','3.13',' ','0.00',' ','0.00',' ','0.00',' ','0.00',' ','0.00',' ','gruffon.png'),('Sorcerer','120',9,690,130,99,66,94,114,114,100,75,125,100,125,100,150,50,50,50,100,50,50,50,0,50,50,100,50,75,35,'Supreme spellcasters whose repertoire includes Boom, Zammle and Fizzle, and who are impervious to poison. Excommunicated from the faith after dabbling in the dark arts, they now know every spell there is.','Gerzuun','Magical robes','3.13','Seed of magic','0.39',' ','0.00',' ','0.00',' ','0.00',' ','0.00',' ','0.00',' ','sorcerer.png'),('Cheeky tiki','121',11,660,100,117,9,107,127,100,200,100,100,100,100,100,100,100,50,100,100,50,0,75,0,25,75,75,75,100,35,'With their dazzling defensive dexterity, these selfless souls often step in to protect their pals. Wallop \'em one by one. Controversy rages in the world of zoology as to whether they\'re giant masks or winged mammals with widespread arms.','Gerzuun','Fresh water','6.25','Magic shield','0.78',' ','0.00',' ','0.00',' ','0.00',' ','0.00',' ','0.00',' ','cheeky_tiki.png'),('Deadcurion','122',14,790,127,112,4,115,117,98,200,50,100,100,100,50,200,50,75,0,100,50,0,50,50,0,50,75,75,75,25,'They paralyse enemies, then poke them with Pressure Pointer. Ice doesn\'t irk them much, but fire will fry them good. Especially stagnant soldiers selected from the rank ranks of the lesionnaires to lead them to gory glory.','Gerzuun','Iron mask','1.56','Battle fork','0.78',' ','0.00',' ','0.00',' ','0.00',' ','0.00',' ','0.00',' ','deadcurion.png'),('Infernal armour','123',11,850,150,125,8,135,130,102,75,125,100,100,100,75,125,75,50,50,100,50,0,50,0,0,50,75,75,75,25,'They can conduct lightning to engulf all enemies, and sometimes summon healslimes to lend a helping hand. The souls of soldiers who died awful deaths, and were brought back in suits of armor forged in the fires of hell.','Gerzuun','Cautery sword','1.56','Silver mail','0.78',' ','0.00',' ','0.00',' ','0.00',' ','0.00',' ','0.00',' ','infernal_armour.png'),('Troll','124',6,1500,52,413,255,158,70,60,100,100,100,125,75,100,150,50,50,50,75,50,0,50,75,50,75,75,75,100,25,'These enormous enemies\' attacks are enough to level mountains. Beware of the bothersome Bagsy Last. They\'ve been licking their clubs like loonies ever since some sorcerer said a drop of dribble might improve their accuracy.','Mt Ulzuun, Gerzuun','Oaken club','12.5','Seed of strength','0.39',' ','0.00',' ','0.00',' ','0.00',' ','0.00',' ','0.00',' ','troll.png'),('Shivery shrubbery','125',8,680,98,81,14,96,99,102,150,50,100,100,100,75,150,75,75,75,200,50,75,75,0,50,75,50,50,75,25,'They go around in gangs trying to turn the world to ice by stealing MP with Drain Magic and using it to cast Crackle. Ice crystal critters with an insatiable lust for life, they try to live fast before they die young in the spring thaw.','Snowberia, Snowberian Coast','Ice crystal','3.13','Narspicious','1.56',' ','0.00',' ','0.00',' ','0.00',' ','0.00',' ','0.00',' ','shivery_shrubbery.png'),('Tearwolf','126',3,730,140,136,44,121,125,112,100,75,100,125,100,100,100,50,50,50,100,75,100,75,50,50,75,100,75,50,25,'Ultimate assassins of the wolf family, their claws are razor-sharp and lightning-fast, and they love to Feel the Burn. Often unable to find food due to severe snow blindless, they\'re always famished, and short of fuse as a result.','Snowberia, Snowberian Coast','Magic beast hide','12.5','Cloak of evasion','1.56',' ','0.00',' ','0.00',' ','0.00',' ','0.00',' ','0.00',' ','tearwolf.png'),('Brrearthenwarrior','127',11,800,149,125,0,125,135,105,150,50,100,100,75,100,100,50,50,50,0,25,0,50,0,0,75,75,75,100,25,'Nippy knights on a quest to rid the world of evil with Chilly Breath and Kacrackle Slash. They say that the first frost is the worst frost, but the best frost is the one the brrearthenwarrior brings.','Snowberia, Snowberian Coast','Ice crystal','3.13','Ice shield','0.39',' ','0.00',' ','0.00',' ','0.00',' ','0.00',' ','0.00',' ','brrearthenwarrior.png'),('Apeckalypse','128',4,740,114,130,9,118,118,121,125,75,100,100,100,100,100,50,50,75,100,50,0,75,0,0,75,75,50,100,25,'Blighted birds that live on poisonous plants. They frighten foes with War Cry, and vex them with venomous attacks. Profuse, protected plumage keeps out even the most crippling cold. Originally from the legendary Peckerel Mountains.','Snowberia, Snowberian Coast','Manky mud','3.13','Assassin\'s dagger','0.78',' ','0.00',' ','0.00',' ','0.00',' ','0.00',' ','0.00',' ','apeckalypse.png'),('Great gruffon','129',6,1180,126,150,12,120,120,70,125,50,100,150,100,75,125,50,100,50,100,50,0,75,100,50,75,75,75,100,35,'Thick fur means the cold doesn\'t concern them, and great might makes them formidable when they muster their strength. Brigadiers of the brrearthenwarrior\'s battalions, they patrol icy parts, checking that they\'re chilly enough.','Snowberia, Cringle Coast','Wing of bat','12.5','Fur poncho','1.56',' ','0.00',' ','0.00',' ','0.00',' ','0.00',' ','0.00',' ','great_gruffon.png'),('White trigertaur','130',3,940,167,128,10,130,135,116,125,75,75,100,100,100,100,75,50,0,100,75,0,75,100,50,75,75,75,100,25,'Monstrous masters of ice who are super-skilled with their icicle-like spears, and also adept at using Thin Air. Ex-tigers who attain eternal life by pledging themselves to the brrearthenwarriors, they sow snowstorms wherever they step.','Snowberia, Cringle Coast','Horse manure','6.25','Seed of deftness','0.39',' ','0.00',' ','0.00',' ','0.00',' ','0.00',' ','0.00',' ','white_trigertaur.png'),('Sootheslime','131',13,1050,172,138,40,113,125,105,100,100,100,100,100,200,75,75,75,100,100,75,75,75,75,50,100,100,100,100,25,'Healslimes who\'ve mastered the mighty Moreheal. So selfless that they often offload MP onto allies. They\'re so sick of people saying their name is stale that they\'re considering \'sublime slime\' as a slick new substitute.','Cringle Coast, The Old School','Medicinal herb','12.5','Slimedrop','12.5',' ','0.00',' ','0.00',' ','0.00',' ','0.00',' ','0.00',' ','sootheslime.png'),('Icikiller','132',9,1050,172,140,24,140,144,136,150,50,100,100,100,100,100,75,50,50,100,50,50,50,75,50,75,75,75,100,15,'Impervious to ice attacks, these long-nailed nightmares cast Moreheal and Bounce to keep things on an even keel. Their claws of cold are built by brrearthenwarriors, who hone them to the heights of hardness by tearing down frozen trees.','Snowberia, Cringle Coast','Scale armour','6.25','Crow\'s claws','1.56',' ','0.00',' ','0.00',' ','0.00',' ','0.00',' ','0.00',' ','icikiller.png'),('Teaky mask','133',11,860,117,98,26,111,131,114,150,75,150,100,75,100,100,50,50,50,100,50,0,75,50,25,75,75,100,100,25,'Real nuisances who cover companions who are under attack, and even explode when the going gets tough. Sir Sternivus bought back some of these as souvenirs from a scholarly excursion. They set him back six gold coins apiece.','The Old School','Hardwood headwear','6.25','Ice shield','0.39',' ','0.00',' ','0.00',' ','0.00',' ','0.00',' ','0.00',' ','teaky_mask.png'),('Raving reaper','134',11,1050,138,134,22,135,134,119,125,100,100,100,50,50,150,50,0,0,100,25,75,25,0,0,75,75,75,50,15,'Scary scythe swingers who like to aim for the vitals, and are sometimes so drunk on the darkness that they go haywire. Some have no sympathy for the seamstresses who stitch them together only to get scythed. After all, you reap what you sew!','The Old School','Thief\'s turban','1.56','Assassin\'s dagger','0.78',' ','0.00',' ','0.00',' ','0.00',' ','0.00',' ','0.00',' ','raving_reaper.png'),('Wight priest','135',14,940,147,126,80,108,136,125,150,50,100,100,150,100,200,75,0,0,100,50,50,25,75,50,75,50,0,50,25,'Always take these maleficient ministers out first, as they can raise their dead with Zing, and send foes back with Thwack. Their robes may look manky, but they\'ve been deliberately aged to give them the lived-in look that\'s so huge this season.','The Old School','Gold rosary','3.13','Ascetic robe','0.78',' ','0.00',' ','0.00',' ','0.00',' ','0.00',' ','0.00',' ','wight_priest.png'),('Sculptrice','136',6,920,178,145,36,145,144,89,100,100,125,100,75,100,200,0,0,50,100,25,75,25,0,0,50,100,75,75,15,'Snowy statues that can disconcert with Dazzleflash and cast the catastrophic Crackle to encase the very soul in ice. Built when billions of bits of blizzard blow together and bond over their ambition to bash traveller\'s brains in.','Cringle Coast, The Old School','Galvanised geta','1.56','Saint\'s ashes','0.78',' ','0.00',' ','0.00',' ','0.00',' ','0.00',' ','0.00',' ','sculptrice.png'),('Handsome crab','137',2,1350,156,121,6,68,195,56,150,50,100,100,100,100,100,75,75,100,100,75,0,75,100,50,75,75,75,75,25,'Deft defenders and cool critical critters, these colossal crabs are the scourge of the seas. Flash-fry them with a little fire. Every full moon, they assemble under the ocean and quiety clack their claws to mark the start of their monthly meeting.','Lonely Coast, Pluvi Isle','Resurrock','3.13','Deadly nightblade','0.78',' ','0.00',' ','0.00',' ','0.00',' ','0.00',' ','0.00',' ','handsome_crab.png'),('Sail serpent','138',7,850,114,148,14,144,143,125,100,150,100,100,100,125,100,75,50,100,100,50,0,50,0,0,75,75,75,100,25,'Spiteful serpents that love to paralyze people with Burning Breath and vex them with venomous attacks. Chose \'sail serpent\' because they thought it was cool, but now they worry that it makes a mockery of their massive ears.','Lonely Coast, Wyrmwing','Snakeskin','12.5','Snakeskin whip','0.78',' ','0.00',' ','0.00',' ','0.00',' ','0.00',' ','0.00',' ','sail_serpent.png'),('Grim grinner','139',9,760,118,110,24,115,176,110,100,75,150,100,100,75,150,75,50,75,100,50,0,75,100,50,75,75,75,100,25,'Hellish, ice-breathing gnomes that wield a mean shield, and supplement their defence with Defending Champion. They come from families of long standing in the world of shield collecting, and have stacks of spares.','Eastern Wormwood, Western Wormwood','Cautery sword','1.56','Magic shield','1.56',' ','0.00',' ','0.00',' ','0.00',' ','0.00',' ','0.00',' ','grim_grinner.png'),('Sluggernaut','140',5,720,120,118,16,96,123,124,75,125,75,100,100,150,100,50,75,75,200,50,0,75,75,50,100,75,75,100,25,'They can turn up the tension with a bit of Egg On, and do their best to dance up a defensive storm for their allies. They do their apprenticeships in the dances of the world by donning wigs and joining the Mirage Mahal\'s dancing troupe.','Eastern Wormwood, Western Wormwood','Cloak of evasion','3.13','Starlet sandals','0.78',' ','0.00',' ','0.00',' ','0.00',' ','0.00',' ','0.00',' ','sluggernaut.png'),('Splatterhorn','141',3,980,122,134,15,120,164,118,50,125,100,75,100,150,100,75,50,50,100,75,0,75,50,50,75,75,75,100,25,'They stoically soak up damage while stacking up strength with Double Up. Deck them with darkness before they strike. The standard splatterhorn greeting is to smash one\'s horn straight into one\'s counterpart\'s countenance.','Eastern Wormwood, Western Wormwood','Magic beast horn','6.25','Magic beast hide','3.13',' ','0.00',' ','0.00',' ','0.00',' ','0.00',' ','0.00',' ','splatterhorn.png'),('Whirly girly','142',8,1020,132,144,17,120,150,131,100,125,50,100,100,150,100,0,0,50,100,50,50,75,0,25,75,75,75,50,15,'Wild women of the weather world who work wonders with wind spells, and push Swoosh from beneath their squalling skirts. Experts believe that the reddish colour of the cyclones that surround them is caused by the colour of their skin.','Eastern Wormwood, Wormwood Canyon','Agility ring','3.13','Pretty betsy','0.39',' ','0.00',' ','0.00',' ','0.00',' ','0.00',' ','0.00',' ','whirly_girly.png'),('Gramarye gruffon','143',6,1310,145,215,22,150,125,76,100,100,100,150,100,50,100,50,50,50,100,75,75,50,100,50,75,75,75,75,25,'Grown-up gruffons who are beyond the boulder-throwing badness of their boyhoods, and now know Zammle as well. They bought books to learn about Zammle, but were so busy slacking off that it took them a century to study it.','Eastern Wormwood, Western Wormwood','Wing of bat','6.25','Safety shoes','1.56',' ','0.00',' ','0.00',' ','0.00',' ','0.00',' ','0.00',' ','gramarye_gruffon.png'),('Skeleton soldier','144',14,1100,149,146,12,136,160,126,125,75,100,100,125,100,150,75,50,50,100,50,75,25,75,25,75,75,75,100,15,'Bony bruisers who give of their best whoever they\'re battling. They serve up sleep attacks and mend themselves with Midheal. Proud in the extreme, they follow the chivalric path even in death, and will smite all who stand against their liege lord.','Eastern Wormwood, Western Wormwood','Chain mail','3.13','Platinum sword','1.56',' ','0.00',' ','0.00',' ','0.00',' ','0.00',' ','0.00',' ','skeleton_soldier.png'),('Bloody manguini','145',6,1000,148,154,16,133,148,139,75,100,150,100,100,75,150,75,50,0,200,50,75,75,75,50,75,75,75,50,25,'Freaky beasts who drain adventurers of their blood and MP, and sometimes flip them out with Fuddle Dance. When a pink sanguini goes to bed with a belly fully of lovely blood, this is the fab form it will have taken when it wakes.','Western Wormwood, The Bowhole','Wing of bat','12.5','Terrible tattoo','6.25',' ','0.00',' ','0.00',' ','0.00',' ','0.00',' ','0.00',' ','bloody_manguini.png'),('Blood mummy','146',14,1200,108,166,12,138,135,67,150,75,75,100,100,75,150,75,50,50,100,50,0,25,50,25,50,75,75,75,15,'Set these blood-stained mummies on fire before they trash team members\' tension with their spite-filled strikes. They\'re so completely concentrated on coping with their crippling contempt that it impairs their ability to act.','The Bowhole','Grubby bandage','12.5','Malicite','0.78',' ','0.00',' ','0.00',' ','0.00',' ','0.00',' ','0.00',' ','blood_mummy.png'),('Harmour','147',11,1300,120,145,0,135,180,108,100,100,100,50,150,100,150,0,0,50,0,25,0,50,0,0,50,75,75,100,5,'Suits of armour animated by evil forces. Not just masters of Multithrust, but deft users of Double Up as well. Upset with the stone guardians for saying that if you speak to them from the left-hand side, they\'ll reply in a girlie voice.','Western Wormwood, The Bowhole','Silver mail','1.56','Iron mask','0.78',' ','0.00',' ','0.00',' ','0.00',' ','0.00',' ','0.00',' ','harmour.png'),('Python priest','148',6,950,164,136,60,120,160,130,100,100,100,150,100,50,150,50,75,50,100,50,50,50,75,50,75,50,75,75,15,'Reptilian reverends who can cast Swoosh, and make use of Multiheal when their mates are in trouble. They have no bodies as such, and all that lurks beneath their red robes is a seething sea of snakes.','The Bowhole','Watermaul wand','1.56','Fizzle-retardant suit','0.78',' ','0.00',' ','0.00',' ','0.00',' ','0.00',' ','0.00',' ','python_priest.png'),('Sculpture vulture','149',11,1320,160,153,33,140,190,110,50,150,150,100,100,100,100,0,0,50,100,25,50,25,0,0,50,100,75,100,10,'Monumental monsters who bolster their unbreakable bodies with Buff, and chuck out Chilly Breath like there\'s no tomorrow. They stand stock-still like statues by shrines and suchlike, then pounce on anyone uncautious enough to approach.','The Bowhole, Wyrmtail','Narspicious','3.13','Resurrock','0.78',' ','0.00',' ','0.00',' ','0.00',' ','0.00',' ','0.00',' ','sculpture_vulture.png'),('Living statue','150',11,1500,172,236,0,155,200,99,100,100,125,100,75,100,100,50,0,50,0,50,0,50,0,0,75,75,75,75,10,'They pump their massive bodies full of power, then pound the ground. Cure quickly if flattened by their frightening feet. They heard on the breeze that there\'s a sanctuary for statues atop the Heights of Lonlieness, and are keen to check it out.','The Bowhole, Wyrmtail','Flintstone','6.25','Resurrock','0.78',' ','0.00',' ','0.00',' ','0.00',' ','0.00',' ','0.00',' ','living_statue.png'),('Goodybag','151',11,500,336,126,48,115,130,146,100,100,125,100,100,125,125,0,50,75,75,50,75,50,0,50,100,75,75,75,30,'Jangling bags of jewels, each of which has the power to render its foes unable to act. They can also carry off a Sultry Dance. The first goodybag was made by a major sage as a birthday gift for the kindly king of an ancient desert realm.','Iluugazar Plains, The Bowhole','Brighten rock','6.25','Pink pearl','1.56',' ','0.00',' ','0.00',' ','0.00',' ','0.00',' ','0.00',' ','goodybag.png'),('Drakularge','152',7,1600,187,286,9,160,175,106,100,100,100,150,100,100,100,50,75,50,100,50,0,75,100,50,75,75,75,100,25,'Defeating these doughy dragons yields useful loot, but stacked stats, crazy claws and Flame Breath don\'t make it a doddle. They worry about the badjas that follow them wherever they go, as they don\'t want to go stepping on one by accident.','The Bowhole, Wyrmtail','Dragon scale','6.25','Gold bar','0.39',' ','0.00',' ','0.00',' ','0.00',' ','0.00',' ','0.00',' ','drakularge.png'),('Liquid metal slime','153',13,40200,40,8,255,100,256,179,100,100,100,100,100,100,100,0,0,0,100,0,0,0,0,0,0,0,0,0,5,'Their defence and speed are pretty impressive, but nowhere near as amazing as the amount of experience they give! They\'re constantly striving to see who can last the longest without getting whacked and still succeed in scarpering.','The Bowhole','Agility ring','3.13','Depressing shoes','0.78',' ','0.00',' ','0.00',' ','0.00',' ','0.00',' ','0.00',' ','liquid_metal_slime.png'),('Moosifer','154',6,1240,152,156,18,140,155,133,50,100,150,100,100,50,150,50,50,50,100,50,75,75,75,50,75,75,75,75,25,'They blow Flame Breath from their nostrils, attack with pure, undiluted rage and use Multiheal to be even more annoying. They\'re so short-tempered that their continuous tantrums have turned their skin an angry shade of puce.','Lonely Coast, Wormwood Canyon','Magic beast hide','6.25','Seed of life','0.39',' ','0.00',' ','0.00',' ','0.00',' ','0.00',' ','0.00',' ','moosifer.png'),('Drastic drackal','155',3,1380,160,225,9,165,164,124,150,50,100,100,100,50,150,75,50,75,100,50,0,50,100,50,75,75,75,100,30,'Chilly Breath and Stomp make the whole party suffer, and they\'re not afraid to throw their weight around either. Fry them with fire. As pups, they\'re cute and cuddly and covered in the same fur as their manes, but they soon grow into grizzly grown-ups.','Wormwood Canyon, Wyrmtail','Royal soil','6.25','Raging ruby','1.56',' ','0.00',' ','0.00',' ','0.00',' ','0.00',' ','0.00',' ','drastic_drackal.png'),('Terrorhawk','156',4,1080,132,146,10,128,160,140,100,150,100,100,100,150,100,75,50,50,100,25,75,75,75,50,75,75,50,75,25,'Raised on molten magma, these fiery, feathered fiends ignite enemies with Flame Breath, and fox them with Fuddle. They were once very docile birds, but went batty when bashed on the bonce by boulders when the Magmaroo erupted.','Wyrmtail, Wyrmwing','Lava lump','3.13','Fowl fan','1.56',' ','0.00',' ','0.00',' ','0.00',' ','0.00',' ','0.00',' ','terrorhawk.png'),('Cyclops','157',6,1400,84,355,8,170,150,75,100,50,100,150,100,100,150,50,50,50,100,50,0,50,75,25,75,75,75,100,25,'Towering titans who may be sort of sluggish, but more than make up for it with insane strength, huge HP and crippling criticals. Their clubs are incredibly useful, doubling as backscratchers, pillows and any number of other advantageous items.','Wyrmtail, Wyrmwing','Oaken club','6.25','Fur vest','0.78',' ','0.00',' ','0.00',' ','0.00',' ','0.00',' ','0.00',' ','cyclops.png'),('Cumulus rex','158',8,1400,144,252,18,140,151,134,150,100,50,50,100,100,150,0,50,50,100,25,50,0,0,0,50,50,50,50,0,'They hold sway over hordes of hell ninos, and maul mortals with deadly discharges. Well-armed against wind and lightning. They cut up their cloudy thrones to create hell nino helpers to tend their bushy beards.','Wyrmtail, Wyrmsmaw','Thunderball','6.25','Lightning staff','0.78',' ','0.00',' ','0.00',' ','0.00',' ','0.00',' ','0.00',' ','cumulus_rex.png'),('Bomboulder','159',11,1300,144,146,26,78,180,100,75,100,150,100,75,100,150,50,50,50,100,25,50,25,0,0,25,25,25,50,15,'They\'re not fond of fighting, and mostly just sit there smiling, but if an ally expires, they kick in with Kerplunk to bring them back. Sensible, soft-hearted senior citizens who keep a supply of amazing medicine handy in case of emergencies.','Wyrmtail, Wyrmsmaw','Rockbomb shard','6.25','Yggdrasil dew','0.78',' ','0.00',' ','0.00',' ','0.00',' ','0.00',' ','0.00',' ','bomboulder.png'),('Bagma','160',11,840,102,120,9,120,120,120,50,200,100,100,100,100,150,50,50,50,0,50,0,75,50,50,100,100,100,100,25,'Their HP\'s not so hot, but these burning bags can turn up the heat with their baking breath, and summon live lavas too. They\'re huge fans of hot foods, and will wolf down anything, living or dead, if they like the look of it.','Wyrmsmaw, The Magmaroo','Lava lump','6.25','Softwort','1.56',' ','0.00',' ','0.00',' ','0.00',' ','0.00',' ','0.00',' ','bagma.png'),('Golem','161',11,1700,174,300,0,175,210,99,75,50,150,100,100,100,150,50,50,0,0,25,0,25,0,0,75,75,75,100,15,'Though weak against wind, these stony souls will weather a storm of blows before unleashing a cataclysmic critical attack. If you ask them which monster has the most mates, they won\'t hesitate to suggest their own big-headed, bricky selves.','Lonely Coast, Wyrmwing','Flintstone','6.25','Mythril ore','0.78',' ','0.00',' ','0.00',' ','0.00',' ','0.00',' ','0.00',' ','golem.png'),('Seasaur','162',2,1900,160,304,24,180,192,101,50,50,100,125,100,100,150,75,100,50,100,50,0,50,75,50,75,75,75,75,25,'These super-strong sea serpents have sunk many a ship with their ear-splitting roars and brutal hot and cold breath. Sailors say that if you hear the song of a seasaur on a stormy night, you\'ll never set foot on the safety of dry land again.','Ocean','Dragon scale','6.25','Magic beast horn','1.56',' ','0.00',' ','0.00',' ','0.00',' ','0.00',' ','0.00',' ','seasaur.png'),('Hell nino','163',8,960,108,125,11,115,145,117,50,150,100,100,75,100,200,50,50,50,100,25,0,75,0,0,50,50,75,75,0,'Super-heated clouds that travel in packs of Flame-Breath-firing mayhem, trying to turn all to ash. They attack twice at times too. They see the clouds of the sunset sky as their mothers, and can often be seen gazing heavenward in times of trouble.','Wyrmtail, Wyrmsmaw','Coagulant','3.13','Flame shield','0.78',' ','0.00',' ','0.00',' ','0.00',' ','0.00',' ','0.00',' ','hell_nino.png'),('Corrupt carter','164',9,1550,120,155,12,138,200,147,100,100,100,150,100,100,150,50,75,50,100,50,75,75,50,25,75,100,50,100,25,'Armoured chariots that are bolstered even further with Buff, then battered at breakneck speed into the enemy. The drivers tried to paint cool designs on their carts, but they hated them, so they had to clean them off.','The Magmaroo','Iron ore','3.13','Handrills','1.56',' ','0.00',' ','0.00',' ','0.00',' ','0.00',' ','0.00',' ','corrupt_carter.png'),('Live lava','165',8,1620,110,165,24,140,186,124,50,150,100,100,100,100,100,50,50,50,100,25,75,50,0,25,75,75,50,75,0,'Molten masses that frazzle foes feverishly with Frizzle, but won\'t last long if attacked with ice. The spirits of those who trip and fall into volcanoes. They murder mortals in search of subsititues for their burned bodies.','The Magmaroo','Lava lump','6.25','Magma staff','0.78',' ','0.00',' ','0.00',' ','0.00',' ','0.00',' ','0.00',' ','live_lava.png'),('Mandrake marauder','166',7,1760,124,172,20,132,198,144,75,100,100,150,150,100,100,50,50,50,100,50,0,50,75,50,50,75,75,100,25,'Dragon dragoons and masters of fire. Fiercely loyal, their friends are never far off, and when called, will come running. Their flame-red bodies are clothed in fire, and they incinerate anyone insane enough to approach them.','The Magmaroo','Dragon scale','6.25','Bandit blade','0.78',' ','0.00',' ','0.00',' ','0.00',' ','0.00',' ','0.00',' ','mandrake_marauder.png'),('Mega moai','167',11,2100,144,180,0,162,235,88,75,100,150,100,100,100,150,0,50,0,0,75,0,0,0,0,75,75,50,100,15,'Their igneous bodies are helluva hard, but their HP\'s not too hot. If one musters its strength, batter it before it blasts you. They used to be full statues, but they were blasted to bits when the Magmaroo erupted, and only their heads were left.','The Magmaroo','Mirrorstone','3.13','Tough guy tattoo','0.78',' ','0.00',' ','0.00',' ','0.00',' ','0.00',' ','0.00',' ','mega_moai.png'),('Magmalice','168',8,2000,160,200,18,158,225,105,50,150,100,100,75,100,150,0,50,0,100,75,0,0,0,0,75,75,50,100,0,'They might look like champion rock chuckers, but it\'s their slap you want to watch out for. Hard to harm with earth or fire. One theory suggests that they are the lava limbs of mega moai that went the way of most magma and flowed free.','The Magmaroo, Wyrmneck','Lava lump','6.25','Hephaestus\' flame','0.78',' ','0.00',' ','0.00',' ','0.00',' ','0.00',' ','0.00',' ','magmalice.png'),('Green dragon','169',7,2200,120,245,12,178,208,109,100,100,100,100,150,100,150,50,0,50,100,50,0,50,0,50,50,50,50,75,25,'These venom-vomiting dragons see humans as mere worms, and will absent-mindedly squish them as soon as they see them. Even the purest of plants are processed into powerful poisons into their terrifically toxic tummies.','Lonely Coast, The Magmaroo','Emerald moss','6.25','Dragon scale','6.25',' ','0.00',' ','0.00',' ','0.00',' ','0.00',' ','0.00',' ','green_dragon.png'),('Abyss diver','170',2,2700,92,600,28,200,220,126,50,50,100,150,100,100,150,50,50,75,100,50,50,50,75,25,50,50,50,50,25,'Devilishly devastating dinosaurs that cast Crackle and breathe fire, and cannot be bested with bog-standard blows. Longed for loud colours after decades spent in dim depths, and tried to jazz themselves up, but to underwhelming effect.','Wyrmneck, Oubliette','Dragon scale','3.13','Watermaul wand','0.78',' ','0.00',' ','0.00',' ','0.00',' ','0.00',' ','0.00',' ','abyss_diver.png'),('Stenchurion','171',14,1380,122,160,16,148,175,136,150,50,100,100,100,50,200,50,50,0,100,50,0,75,0,0,75,75,75,100,10,'They specialise in toxic attacks, and in transfixing all and sundry with Multithrust. Fight them with the light. Their dream is to bring together walking corpses, ghouls and other undead allies for an all-zombie party of epic proportions.','The Gittish Empire, Gittingham Palace','Manky mud','12.5','Partisan','0.78',' ','0.00',' ','0.00',' ','0.00',' ','0.00',' ','0.00',' ','stenchurion.png'),('Gloomy gastropog','172',5,1400,118,144,70,133,210,144,100,50,100,100,100,50,200,50,0,50,100,25,50,50,50,50,50,50,100,50,10,'The believe that the best offence is the dogged defence afforded by foiling attacks with Pincushion, Sweet Breath, and Kafuddle. Corrupt carters often steal the shiny shells of these belligerent beasties to customize their carts with.','The Gittish Empire, Pluvi Isle','Toad oil','12.5','Spiked armour','0.39',' ','0.00',' ','0.00',' ','0.00',' ','0.00',' ','0.00',' ','gloomy_gastropog.png'),('Dark skeleton','173',14,1780,162,186,17,153,194,155,125,50,100,100,100,50,200,50,0,50,100,50,50,25,50,25,75,75,75,50,10,'These shameful shams of chivalry cripple enemies with Kasap and Blunt, then clobber them clueless. Shaped when the shadows of noble knights come alive and kill their carriers so that they can run free.','The Gittish Empire, Gittingham Palace','Evencloth','3.13','Smart suit','0.78',' ','0.00',' ','0.00',' ','0.00',' ','0.00',' ','0.00',' ','dark_skeleton.png'),('Killing machine','174',10,1880,168,182,0,155,216,164,75,100,100,125,100,100,150,0,0,0,0,25,0,25,0,0,75,75,75,75,0,'These super-fast, multi-tasking, military machines always attack twice per turn, and know an astounding amount of abilities. Fervent fans of their flawlessly efficient forms assert that an adventure without one is a waste of everyone\'s time.','The Gittish Empire, Gittingham Palace','Iron nails','6.25','Seed of agility','0.39',' ','0.00',' ','0.00',' ','0.00',' ','0.00',' ','0.00',' ','killing_machine.png'),('Dreadful drackal','175',3,2000,180,240,10,170,165,143,50,100,100,50,150,100,100,75,75,50,100,75,0,75,50,50,75,75,75,75,25,'They might look frightening, but they\'re scaredy-cats really. If their bark doesn\'t scare people stiff, their bite surely will. When two of them meet at night, both will howl so loud with surprise that they scare each other into a sociable stupour.','The Gittish Empire','Magic beast hide','6.25','Magic beast horn','3.13',' ','0.00',' ','0.00',' ','0.00',' ','0.00',' ','0.00',' ','dreadful_drackal.png'),('Lethal armour','176',11,1680,164,194,16,158,210,117,75,75,150,100,100,75,150,75,50,50,100,50,50,50,0,25,75,75,75,75,10,'Unfair foes who send enemies into a slumber with Kasnooze, then upset their attacks by snapping their weapons. Their once-white armour is coloured crimson by the gouts of gore they gush from the victims they roam the land vanquishing.','The Gittish Empire, Gittingham Palace','Magic armour','0.78','Seed of defence','0.39',' ','0.00',' ','0.00',' ','0.00',' ','0.00',' ','0.00',' ','lethal_armour.png'),('Freezing fog','177',8,1360,120,126,10,126,156,162,150,50,100,100,100,50,200,0,0,25,100,25,0,50,0,0,50,50,50,50,0,'Savage snowclouds that control the cold, are impervious to ice, and can call forth a fog to deepen their defence. They may look soft and fluffy, but there\'s a hard, icy core at the centre of every one.','The Gittish Empire, Gittingham Palace','Ice crystal','6.25','Sage\'s elixir','1.56',' ','0.00',' ','0.00',' ','0.00',' ','0.00',' ','0.00',' ','freezing_fog.png'),('Stone guardian','178',11,2040,182,255,0,160,255,102,75,75,150,100,100,75,100,50,0,0,0,25,0,25,0,0,50,50,75,50,10,'Normal blows won\'t blemish these blighter\'s bodies, and those who aren\'t quaking before they save up a Stomp will be once it lands! They hold their arms aloft in preparation for holding on tight when they finally get the chance to ride the Starflight Expr','The Gittish Empire, Gittingham Palace','Resurrock','1.56','Reset stone','0.39',' ','0.00',' ','0.00',' ','0.00',' ','0.00',' ','0.00',' ','stone_guardian.png'),('Boss troll','179',6,2400,98,496,10,186,86,95,100,100,100,100,100,50,150,50,50,50,100,75,0,50,75,25,75,75,75,75,25,'Super-sized swingers who can smack foes into next week with one whack of their colossal clubs. They sometimes put their furry outfits on back-to-front in the bleary hours of early morning, but no one ever notices.','Gittingham Palace, Oubliette','Oaken club','6.25','Boomer briefs','1.56',' ','0.00',' ','0.00',' ','0.00',' ','0.00',' ','0.00',' ','boss_troll.png'),('Blastoad','180',3,2100,156,356,15,163,160,101,50,100,100,150,100,100,100,0,50,50,100,50,0,50,75,25,75,75,75,75,15,'Heavy toad tanks that pound enemies with poisonous rounds, and whose tongue lashings would make even the toughest tremble. Their favourite foods are gunpowder and bombs, but the beam-blasting killer machine has had them licking their lips of late.','Gittingham Palace','Toad oil','12.5','Panacea','1.56',' ','0.00',' ','0.00',' ','0.00',' ','0.00',' ','0.00',' ','blastoad.png'),('Fright knight','181',14,2180,180,226,33,161,206,130,125,50,100,100,100,50,200,50,0,0,100,25,50,25,50,0,75,75,75,100,5,'Destroy these dastardly masters of Freezing Blizzard first so they can\'t zap everyone back to life with Zing. Knightly nightmares, they\'re forever barking orders at their stenchurion flunkies, who obey without question.','Gittingham Palace, Oubliette','Sword breaker','1.56','Dark shield','0.39',' ','0.00',' ','0.00',' ','0.00',' ','0.00',' ','0.00',' ','fright_knight.png'),('Wight king','182',14,1680,165,186,75,143,196,149,150,50,100,100,100,50,200,50,0,0,100,25,50,50,75,25,100,50,50,50,10,'They foil magic with Fizzle, slash spell resistance with Divine Intervention, and stir up a storm with Swoosh. Recently quoted as saying: \'wE MigHT bE No MoRe tHaN STiNkINg zoMbiEs, bUT aT LEaSt We\'Re tHE KinGs Of STInKing!\'','Gittingham Palace, Oubliette','Priestess\'s pinafore','0.78','Seed of therapeusis','0.39',' ','0.00',' ','0.00',' ','0.00',' ','0.00',' ','0.00',' ','wight_king.png'),('Claws','183',9,1980,187,206,24,153,198,178,100,50,50,100,125,100,150,50,0,0,100,50,50,25,75,25,75,75,50,50,15,'They sweep enemy attacks aside in one smooth movement, then spin around to smack back the next. Weak against light. Wandering assassins employed by the Empire. Ordered to obliterate all who attempt to enter the imperial stronghold.','Oubliette','Sacred claws','1.56','Dragon mail','0.78',' ','0.00',' ','0.00',' ','0.00',' ','0.00',' ','0.00',' ','claws.png'),('Aggrosculpture','184',6,2280,132,220,18,150,220,153,100,100,100,100,100,100,100,0,50,50,100,25,50,25,50,25,75,75,75,75,10,'Malicious monsters who batter adventurers with Boom and Freezing Blizzard, and have no real weaknesses to bite back at. Their wings are where their souls reside, and as long as they remain, they can always be brought back to life.','Oubliette, Ocean','Gold ring','3.13','Skull ring','0.39',' ','0.00',' ','0.00',' ','0.00',' ','0.00',' ','0.00',' ','aggrosculpture.png'),('Mandrake marshal','185',7,2200,140,222,24,163,212,152,100,50,100,50,150,150,100,50,50,100,100,50,50,50,75,25,50,100,50,50,15,'Fierce fighters backed up by an array of support spells. They look scary but don\'t do well against death spells. They studied with the wight kings to learn the ways of wizardry, and are always up for improving their abilities further.','Oubliette, Realm of the Mighty','Dragon scale','1.56','Dragonsbane','0.78',' ','0.00',' ','0.00',' ','0.00',' ','0.00',' ','0.00',' ','mandrake_marshal.png'),('Bad karmour','186',11,2280,132,188,10,161,262,98,50,100,50,50,150,100,150,75,0,50,100,0,50,0,100,0,50,100,50,100,5,'Steely devils who harm with Helm Splitter and Double-Edged Slash, and like to protect their pals. Don\'t let them cast Kabuff. They\'re possessed by the souls of soldiers who sacrificed themselves for the sake of Godwyn of the House of Gitt.','Oubliette','Iron ore','6.25','Hades\' helm','0.78',' ','0.00',' ','0.00',' ','0.00',' ','0.00',' ','0.00',' ','bad_karmour.png'),('Wyrtoise','187',7,2500,188,215,8,171,240,103,50,150,100,50,100,100,100,50,50,75,100,50,75,0,75,25,50,50,75,100,15,'Shelled fellows who are no suckers, and can send back spells with Bounce and push back attacks with Pincushion. They\'re famed for being fearsome, but at home, they like nothing more than rolling over to have their tummies tickled.','Oubliette','Tortoiseshell','12.5','Dragon scale','3.13',' ','0.00',' ','0.00',' ','0.00',' ','0.00',' ','0.00',' ','wyrtoise.png'),('King crab','188',2,2800,146,270,12,181,235,158,100,75,100,125,50,100,100,50,50,75,100,50,75,50,100,25,75,75,50,50,15,'They send foes to sleep with Snooze, then snip them silly with their claws. Whistling and the Eyes on Me ability upset them. Jealous of the slime stack\'s popularity, they\'ve been considering competing with a three-crab pile-up of their own.','Oubliette, Realm of the Mighty','Sleeping hibiscus','6.25','Poison moth knife','0.78',' ','0.00',' ','0.00',' ','0.00',' ','0.00',' ','0.00',' ','king_crab.png'),('Genie sanguini','189',6,1260,96,155,37,89,155,162,100,100,100,100,100,200,50,0,0,25,75,25,0,50,100,25,100,100,50,25,15,'Cute little critters that can sing a Gritty Ditty to pump up their pals, or do the Kerplunk Dance to bring them back from beyond. Little sanguinis who were supposed to mature into bloody manguinis, but grew into these lovable lumps instead.','Realm of the Mighty','Prayer ring','1.56','Saint\'s ashes','0.78',' ','0.00',' ','0.00',' ','0.00',' ','0.00',' ','0.00',' ','genie_sanguini.png'),('Cumulus vex','190',8,2300,178,268,40,169,246,161,100,100,50,50,50,100,200,0,0,0,100,25,0,0,0,0,75,50,75,75,0,'These kings among clouds rule the skies of hell, and can channel the power of lightning into a Weakening Wave. These monsters may be the result of a mutation in the misty genes of the freezing fog.','Realm of the Mighty','Thunderball','6.25','Seed of sorcery','0.39',' ','0.00',' ','0.00',' ','0.00',' ','0.00',' ','0.00',' ','cumulus_vex.png'),('Red dragon','191',7,3000,98,325,9,198,230,121,50,50,100,100,100,100,200,50,50,0,100,50,0,50,75,25,50,50,75,75,10,'Fiery dragons that engulf enemies in all manner of intense infernos, but fear the might of light. It\'s only when pups shed their skins to become adults that they discover if they\'ve developed into red or green dragons.','Realm of the Mighty','Dragon scale','6.25','Dragon claws','0.78',' ','0.00',' ','0.00',' ','0.00',' ','0.00',' ','0.00',' ','red_dragon.png'),('Gigantes','192',6,3200,110,640,9,212,190,115,100,50,100,150,100,100,100,50,50,1,100,50,0,50,50,25,75,75,75,75,15,'Stupidly strong, stamina-heavy and slightly slapdash smashers who can be licked with lightning. Some say they\'re massive sports fans, so much so that they\'ve named their race after their favourite team.','Realm of the Mighty','Strength ring','1.56','Ace of clubs','0.78',' ','0.00',' ','0.00',' ','0.00',' ','0.00',' ','0.00',' ','gigantes.png'),('Belisha beakon','193',4,1460,104,136,10,146,143,167,150,50,50,100,100,100,150,50,50,50,100,50,75,75,50,50,75,50,75,75,15,'Their whirlwind speed allows them to attack twice per turn, wards off wind spells and makes them masters of Swoosh. Big fans of clean air and a fresh breeze, they are keen climbers, but don\'t care for Upover on account of its close climate.','Realm of the Mighty','Crimson coral','3.13','Red tights','0.78',' ','0.00',' ','0.00',' ','0.00',' ','0.00',' ','0.00',' ','belisha_beakon.png'),('Charmour','194',11,2450,192,220,50,171,270,134,75,75,50,50,200,75,100,50,100,50,100,0,25,25,0,0,50,75,50,50,5,'Enchanted suits of armour that are well-protected against all manner of magic, and can cast sleep. Attack them with earth. Their armour isn\'t made of iron, or even platinum, but of crystals of concentrated conjury, which give it mighty magical power.','Realm of the Mighty','Magic armour','3.13','Halberd','0.78',' ','0.00',' ','0.00',' ','0.00',' ','0.00',' ','0.00',' ','charmour.png'),('Cureslime','195',13,1350,167,165,120,158,172,143,100,100,100,100,100,150,75,75,50,50,100,50,50,50,75,50,100,100,100,100,25,'Kind-hearted slimes who care more about curing than killing. Commonly called on by the similarly coloured lethal armour. They\'d love to help travellers with healing spells too, but they\'re terrified of being told off by uptight king slimes.','Realm of the Mighty','Slimedrop','6.25','Panacea','1.56',' ','0.00',' ','0.00',' ','0.00',' ','0.00',' ','0.00',' ','cureslime.png'),('Great troll','196',6,3800,78,768,36,220,132,107,100,100,100,100,50,50,200,50,50,50,75,50,0,50,75,0,75,75,75,75,15,'Kings among trolls, they might be big dunces, but their insane stamina more than makes up for it. They use their strength to keep the other trolls down, but can\'t quite fit their heads into their tiny crowns.','Realm of the Mighty','Special medicine','3.13','Marauder\'s maul','0.78',' ','0.00',' ','0.00',' ','0.00',' ','0.00',' ','0.00',' ','great_troll.png'),('Cobra cardinal','197',6,2180,184,236,90,163,198,160,100,100,100,150,50,50,200,0,50,0,100,50,25,50,50,25,100,50,50,50,5,'Masters of most forms of magic, who are admired by many monsters, and cause chaos with Kazing, Kasnooze and Zammle. They like to joke that studying all the spells in the world takes a lot of \'cobrains\' because it\'s \'cardinally hard\'.','Realm of the Mighty','Fizzle-retardant blouse','0.78','Elfin elixir','0.39',' ','0.00',' ','0.00',' ','0.00',' ','0.00',' ','0.00',' ','cobra_cardinal.png'),('Prism peacock','198',4,2300,168,246,40,171,234,177,50,125,100,100,100,150,50,0,0,0,100,25,50,25,75,25,75,75,50,50,15,'Brightly coloured, burning birds that fry all foes with their Flame Breath, and cremate those who confound them with Kafrizz. People say that aging prism peacocks throw themselves into volcanoes to be reborn as comsic chimaeras.','Realm of the Mighty','Lunaria','3.13','Tint-tastic tutu','0.39',' ','0.00',' ','0.00',' ','0.00',' ','0.00',' ','0.00',' ','prism_peacock.png'),('Night knight','199',14,2980,182,256,48,186,225,169,150,50,100,100,100,50,200,0,0,0,100,25,50,25,50,0,50,50,75,75,5,'Emperors of the undead who can mend friends with Fullheal, batter foes with critical blows, and smack hard with Kacrack. Cruel kings who forced their followers to travel with them into the underworld so their kingdoms could continue.','Realm of the Mighty','Dark shield','1.56','Skull helm','0.39',' ','0.00',' ','0.00',' ','0.00',' ','0.00',' ','0.00',' ','night_knight.png'),('Drakulard','200',7,3450,152,520,18,203,203,112,100,150,50,100,50,100,150,50,0,50,100,25,50,50,50,25,50,50,50,50,15,'Serpentine sovereigns of the wind who smash enemies with Swoosh, burn them with Inferno, then conclude with their claws. Once, when some of them were sleeping, some belisha beakons mistook them for mountains and scaled their scaly sides.','Realm of the Mighty','Dragon scale','6.25','Densinium','0.78',' ','0.00',' ','0.00',' ','0.00',' ','0.00',' ','0.00',' ','drakulard.png'),('Barbatos','201',6,3400,187,355,30,199,255,178,50,150,100,100,100,100,100,0,0,50,100,25,75,25,25,0,50,50,50,75,10,'Beasts whose burning rage causes them to spit flames and cast Kaboom. Protected against pyrotechnical techniques. The weeny wings on their backs bloom into spectacular, sky-soaring sails when they return to their hellish home.','Realm of the Mighty','Terrible tattoo','6.25','Raging bull helm','0.78',' ','0.00',' ','0.00',' ','0.00',' ','0.00',' ','0.00',' ','barbatos.png'),('Firn fiend','202',8,3200,172,365,0,195,268,104,200,50,100,100,50,100,150,50,50,0,0,25,0,0,0,0,50,50,75,75,0,'Should be fried with fire before they induce indolence with Sweet Breath and follow up with Freezing Blizzard. Ice elementals born from glaciers. They absorb treasures left by fallen adventurers and stash them inside themselves.','Realm of the Mighty','Ice crystal','6.25','Reset stone','0.39',' ','0.00',' ','0.00',' ','0.00',' ','0.00',' ','0.00',' ','firn_fiend.png'),('Sick trigertaur','203',3,3600,195,480,32,208,222,156,100,50,150,50,100,50,150,50,0,0,100,25,50,50,25,0,50,75,75,50,10,'They enjoy attacks that damage all enemies like Party Pooper and Boom, and like to rub it in by whistling at weakened foes. Believed until not long ago that they could change forms by holding their tridents aloft and shouting out \'Traaansfooorm!\'','Realm of the Mighty','Horse manure','6.25','Partisan','0.78',' ','0.00',' ','0.00',' ','0.00',' ','0.00',' ','0.00',' ','sick_trigertaur.png'),('Cannibox','204',11,960,210,187,10,140,108,140,125,100,125,100,100,100,125,0,0,0,100,0,100,100,0,0,100,100,100,100,10,'Shut these big, bad boxes up with Fizzle before they send you to sleep with Sweet Breath or waste you with Whack. Monsters who\'ve morphed into boxes to ambush adventurers. What treasures wait inside their well-guarded wooden depths?','Tower of Trades, The Bad Cave','Mini medal','6.25','Gold bracer','0.78',' ','0.00',' ','0.00',' ','0.00',' ','0.00',' ','0.00',' ','cannibox.png'),('Mimic','205',11,4120,315,627,12,256,218,173,100,100,125,100,100,100,100,50,0,0,200,50,0,50,0,0,50,50,50,50,5,'Those who weather the storm of these bedevilled boxes\' Chilly Breath still have to worry about Whack and critical attacks. Their appetites are insatiable, and the souls of those they swallow stay in their bottomless, boxy bellies forever.','The Bowhole, Gittingham Palace','Mini medal','6.25','Gold Rosary','1.56',' ','0.00',' ','0.00',' ','0.00',' ','0.00',' ','0.00',' ','mimic.png'),('King cureslime','206',13,3030,174,256,255,216,235,101,100,100,100,100,100,150,50,50,50,0,100,50,50,50,50,0,100,100,50,100,10,'They may look like mere support slimes, but as well as Fullheal and Omniheal, they can put their weight behind their big body blows. Their emerald insides are stuffed with the stuff spells are made of, and any magic they cast is built to last.','Grotto','Slimedrop','1.56','Slime crown','0.78',' ','0.00',' ','0.00',' ','0.00',' ','0.00',' ','0.00',' ','king_cureslime.png'),('Gem jamboree','207',13,960,1130,5,255,208,512,296,100,100,100,100,100,100,100,0,0,0,100,0,0,0,0,0,0,0,0,0,5,'Bevies of blobs bonded by their love of beauty and booty. If you\'re lucky enough to meet one, don\'t let it get away. Being at the bottom of a monolith of heavy metal makes the lowest slimes in these stacks a shade short-tempered.','Grotto','Gleeban gold piece','6.25','Gold bar','0.39',' ','0.00',' ','0.00',' ','0.00',' ','0.00',' ','0.00',' ','gem_jamboree.png'),('Sluggerslaught','208',5,4600,148,468,36,324,324,246,100,100,100,125,50,100,125,0,0,50,100,50,0,50,75,0,0,0,50,0,10,'These non-stop boppers can crank up their allies\' tension with a twirl, heal them with a handclap and vogue their way to victory. Suffered a crisis of confidence and had to reassess their style when the boogie manguinis said their steps lacked soul.','Grotto','Heavy handwear','1.56','Bardic boots','0.78',' ','0.00',' ','0.00',' ','0.00',' ','0.00',' ','0.00',' ','sluggerslaught.png'),('Terror troll','209',6,4880,58,1176,40,454,263,84,100,100,100,100,50,50,200,50,50,50,100,50,0,50,75,0,75,75,75,75,10,'It\'s hard to hurt these denizens of the depths with darkness or earth abilities. They hit hideously hard but mostly miss their mark. Often sought out by adventurers in training, as their incredibly durable bodies make perfect punchbags.','Grotto','Royal soil','6.25','Roguess\'s robes','0.78',' ','0.00',' ','0.00',' ','0.00',' ','0.00',' ','0.00',' ','terror_troll.png'),('Cosmic chimaera','210',4,5200,178,516,48,378,396,275,100,100,100,100,100,200,50,50,50,50,100,50,50,50,50,50,50,50,50,50,10,'These captains of the chimaera clan show their extreme enmity with blazing breath, and their exemplary amity with Multiheal. They have a rather high opinion of themselves, and those they meet are unlikely to merit more than a momentary glance.','Grotto','Brighten rock','12.5','Lucida shard','0.78',' ','0.00',' ','0.00',' ','0.00',' ','0.00',' ','0.00',' ','cosmic_chimaera.png'),('Wishmaster','211',3,5500,75,663,255,513,563,96,100,150,100,100,50,50,150,50,50,50,100,50,50,50,50,50,50,50,50,50,10,'They pound the ground, toppling enemies all around, then, as if that wasn\'t enough, they clobber them with Kaboom as well. Demons once worshipped by a long-forgotten civilisation. They granted wishes to those who made sacrifices in their name.','Grotto','Densinium','3.13','Holy femail','0.78',' ','0.00',' ','0.00',' ','0.00',' ','0.00',' ','0.00',' ','wishmaster.png'),('Cumulus hex','212',8,5850,197,796,255,462,472,282,150,100,50,50,50,100,150,50,50,0,100,0,0,50,0,0,100,100,100,100,0,'Mental elementals that mislead with Mist Me, and dish out Disruptive Waves and Freezing Blizzards. Afraid of fire and light. Drawn to the battlefield by the scent of blood, they beckon warriors to the red clouds they ride on, never to return.','Grotto','Mistick','3.13','Flowing dress','1.56',' ','0.00',' ','0.00',' ','0.00',' ','0.00',' ','0.00',' ','cumulus_hex.png'),('Stale whale','213',2,5700,84,1244,24,584,496,106,100,100,100,150,100,100,100,0,0,50,100,0,50,0,50,0,75,75,75,75,10,'Woeful wales who singe foes with Scorch, and whose rancid spines are rank enough to confuse anyone they touch. Companions of Lleviathan who made a pact with an evil god to remain in the mortal realm as monsters rather than be ruined.','Grotto','Glass frit','6.25','Trident','1.56',' ','0.00',' ','0.00',' ','0.00',' ','0.00',' ','0.00',' ','stale_whale.png'),('Metal king slime','214',13,120040,80,16,0,318,512,349,100,100,100,100,100,100,100,0,0,0,100,0,0,0,0,0,0,0,0,0,5,'Big bundles of shiny joy whose ample insides hide the ingredients for an incredible experience. They admire a certain medal-mad monarch, and like to collect mini medals from their mini metal friends to mimic his methods.','Grotto','Slime crown','0.78','Orichalcum','0.39',' ','0.00',' ','0.00',' ','0.00',' ','0.00',' ','0.00',' ','metal_king_slime.png'),('Slionheart','215',13,6200,184,825,72,506,512,336,100,100,100,75,100,150,100,50,0,0,100,0,0,50,0,0,0,50,50,0,10,'Supreme slimes who ooze class, and whose incredible strength and insane speed are second only those of the gods. They may see themselves as superior to slimes, but they still return to see in the new year with their bouncy brethren.','Grotto','Falcon blade','0.78','Pallium Regale','0.39',' ','0.00',' ','0.00',' ','0.00',' ','0.00',' ','0.00',' ','slionheart.png'),('Godsteed','216',3,6000,172,686,20,575,566,415,100,100,100,100,100,150,50,0,50,50,100,50,50,0,0,0,50,50,50,50,5,'It\'s said that when their crystal-clear eyes shine, even the most grizzled veterans will be laid to rest. Beware their bright breath. The shoes that guard their hooves are incredible artefacts made from the same material as platinum king jewels\' crowns.','Grotto','Horse manure','12.5','Friendly fan','0.39',' ','0.00',' ','0.00',' ','0.00',' ','0.00',' ','0.00',' ','godsteed.png'),('Wonder wyrtle','217',7,6900,98,1040,0,606,720,52,50,150,100,50,100,150,100,0,75,0,0,0,50,0,0,0,50,75,0,0,10,'These reptilian regents can bring down bolts of lightning and exhale gouts of flame, but aren\'t wild about water or darkness. Supposedly, when wyrtles\' souls depart their bodies, they are absorbed by wonder wyrtles, and earn eternal life.','Grotto','Tortoiseshell','12.5','Dragon shield','1.56',' ','0.00',' ','0.00',' ','0.00',' ','0.00',' ','0.00',' ','wonder_wyrtle.png'),('Widow\'s pique','218',5,6800,189,955,0,595,625,302,50,100,150,100,100,100,150,0,50,50,0,0,0,50,0,0,50,50,50,50,5,'They wrap their victims in sticky silk, then smack them with a stinker of an attack. Firmly insulated against fire attacks. The reincarnated souls of spurned lovers, they spend their days as poisonous spiders weaving webs of eternal woe.','Grotto','Tangleweb','12.5','Rogue\'s robes','0.78',' ','0.00',' ','0.00',' ','0.00',' ','0.00',' ','0.00',' ','widows_pique.png'),('Octagoon','219',3,4620,110,522,36,420,516,129,150,100,100,100,100,100,100,0,0,0,100,0,0,0,0,0,10,25,50,50,5,'As strong as steel, and with horns hard enough to hew rocks in two, only the toughest will best these heavyweight beasts. They might look pretty po-faced, but they\'re actually rather amiable, even if they do like to live alone in quiet caves.','Grotto','Magic beast hide','3.13','Platinum ore','0.78',' ','0.00',' ','0.00',' ','0.00',' ','0.00',' ','0.00',' ','octagoon.png'),('Darkonium slime','220',13,5880,150,420,48,400,500,403,0,0,0,0,0,0,0,0,0,0,100,0,0,0,0,0,0,0,0,0,5,'There\'s not a single spell that will scratch these superslimes, who crush the competition with a powerful particle ray. They spend their days proudly polishing their faultless facets and likening them to twinkling stars and priceless pearls.','Grotto','Slimedrop','3.13','Thinking cap','0.78',' ','0.00',' ','0.00',' ','0.00',' ','0.00',' ','0.00',' ','darkonium_slime.png'),('Freaky tiki','221',11,5100,158,596,21,442,498,245,75,75,150,75,75,75,150,0,50,75,100,50,50,0,0,0,75,75,75,75,15,'Menacing masks with mega defence who enfeeble foes with Eerie Light and Dazzleflash, then dish out some serious damage. The first of their race was made when the mask jumped from the face of an ancient king and came alive under an evil spell.','Grotto','Terrible tattoo','3.13','Boss shield','0.78',' ','0.00',' ','0.00',' ','0.00',' ','0.00',' ','0.00',' ','freaky_tiki.png'),('Alarmour','222',11,5200,134,454,24,454,612,109,100,100,50,50,150,50,150,50,0,50,100,0,0,50,0,0,50,75,75,100,10,'Animated suits of armour that have high defence, don\'t feel wind, lightning or dark attacks, and cause bother with Bounce. Lately, they\'ve been getting a little tired of having to be at the beck and call of their fickle masters all the time.','Grotto','Iron mask','1.56','Ruinous shield','0.39',' ','0.00',' ','0.00',' ','0.00',' ','0.00',' ','0.00',' ','alarmour.png'),('Boa bishop','223',6,4400,168,633,136,309,296,264,125,75,100,125,100,75,75,0,50,50,100,0,50,50,0,0,0,0,0,0,10,'Masterly mages of the reptile kingdom. They attack twice, and can bring buddies back from the brink with Omniheal. Their mesmerising eyes, which sap the will of those they stare at and send them to sleep, still shine even in death.','Grotto','Wizard\'s hat','1.56','Wizard\'s robe','0.39',' ','0.00',' ','0.00',' ','0.00',' ','0.00',' ','0.00',' ','boa_bishop.png'),('Cyber spider','224',5,5800,184,596,24,478,488,255,125,125,125,125,75,125,125,50,50,50,100,50,50,50,50,50,50,100,50,50,5,'Magic will make mincement of these mechanical web weavers, who mainly make use of mucus-based ammo and dazzling rounds. Secret weapons assembled by the Empire, the flit just as fast up and down cliffs and ravines as on flat fields.','Grotto','Tangleweb','12.5','Handrills','0.78',' ','0.00',' ','0.00',' ','0.00',' ','0.00',' ','0.00',' ','cyber_spider.png'),('Alphyn','225',3,6200,195,1246,135,525,556,436,75,75,150,75,100,150,100,0,50,0,100,0,0,50,75,50,50,75,50,50,15,'They may be made of a muddle of bits, but these fast foes attack twice, and cast Kaboom, Bounce and Feel the Burn. They were created by the Grand Architect, Zenus, to massacre the mortals, and faithfully follow his orders still.','Grotto','Mirrorstone','3.13','Demon whip','1.56',' ','0.00',' ','0.00',' ','0.00',' ','0.00',' ','0.00',' ','alphyn.png'),('Gem slime','226',13,6000,10080,20,88,455,512,456,100,100,100,100,100,100,100,0,0,0,100,0,0,0,0,0,0,0,0,0,5,'They await adventurers with a graceful grin, then maul them with Magic Burst. Immune to all magic. These shining slimes were long sought by adventurers, thanks to a tale that told of all they touched turned to gold.','Grotto','Gold bar','0.78','Orichalcum','0.39',' ','0.00',' ','0.00',' ','0.00',' ','0.00',' ','0.00',' ','gem_slime.png'),('AU-1000','227',10,6800,216,996,0,567,798,124,100,100,100,100,100,200,75,0,0,0,0,0,0,50,0,0,50,75,75,50,0,'Reinforced robots that render attack impossible with a blast of blinding light, then slice foes silly. They secretly scrape shavings off gem slimes to repair their gold plating when it gets patchy.','Grotto','Gold bar','0.78','Heavy hatchet','0.39',' ','0.00',' ','0.00',' ','0.00',' ','0.00',' ','0.00',' ','au_1000.png'),('Void droid','228',10,7800,156,1325,0,575,625,348,75,75,75,200,75,100,100,0,0,0,0,0,0,50,0,0,75,75,75,50,0,'They shoot showers of arrows, slice savagely with their swords, and use any means available to annihilate enemies. Brainchild of a scientist who made many weapons before crowning his career with these massively murderous machines.','Grotto','Mythril ore','3.13','Brawling brynie','0.78',' ','0.00',' ','0.00',' ','0.00',' ','0.00',' ','0.00',' ','void_droid.png'),('Platinum king jewel','229',13,240000,1000,20,20,356,546,505,100,100,100,100,100,100,100,0,0,0,100,0,0,0,0,0,0,0,0,0,5,'The unrivalled experience of besting these hard-to-hit, Dazzle-dispensing diamonds makes them a dream come true. They spend their days off with their metal king slime mates, gazing rapt at their reflections in their buddies\' bulbous bodies.','Grotto','Platinum ore','12.5','Seed of skill','0.39',' ','0.00',' ','0.00',' ','0.00',' ','0.00',' ','0.00',' ','platinum_king_jewel.png'),('Cannibelle','230',6,4250,156,468,90,396,396,228,50,150,100,100,100,100,150,0,0,0,100,0,0,0,0,0,25,25,25,25,0,'They wander the world searching for souls to consume, believing that each victim\'s cry of despair makes them ever more beautiful. Made when misunderstood maidens, bitter at being badly treated, sell their souls to become beautiful beasts.','Grotto','Spangled dress','6.25','Fencing rock','0.78',' ','0.00',' ','0.00',' ','0.00',' ','0.00',' ','0.00',' ','cannibelle.png'),('Grim reaper','231',11,5000,165,596,60,476,448,383,100,50,100,100,100,50,200,50,0,0,75,50,50,50,0,0,0,0,50,100,5,'They render victims helpless with Deceleratle and Kasap, then swoop in to swipe their souls with their savage scythes. Took on their innocent, doll-like shape to lull travellers into a false sense of security. Their true form is utterly hideous.','Grotto','Minister\'s mittens','1.56','Blessed boots','0.78',' ','0.00',' ','0.00',' ','0.00',' ','0.00',' ','0.00',' ','grim_reaper.png'),('Wight emperor','232',14,5250,185,488,120,465,455,242,150,50,100,100,100,50,200,50,0,0,75,0,50,50,0,0,50,50,50,50,5,'Spine-chilling sorcerers who cast Kazam, Kafuddle and Kathwack. Face them unprepared at your own peril. They believe that life is pain and death is eternal happiness, and love treating travellers to a taste of \'contentment\'.','Grotto','Mitre','1.56','Surplice','0.78',' ','0.00',' ','0.00',' ','0.00',' ','0.00',' ','0.00',' ','wight_emperor.png'),('Grrrgoyle','233',3,5880,170,636,60,538,598,255,100,100,150,100,50,100,100,0,50,50,100,0,0,0,50,50,50,50,50,50,5,'They stun enemies into inaction with a sickening cry, and must be whipped with wind if they cast Kacrack. Born from the tales told to terrified children of malicious monsters who will come and munch them if they misbehave.','Grotto','Resurrock','3.13','Malicite','0.39',' ','0.00',' ','0.00',' ','0.00',' ','0.00',' ','0.00',' ','grrrgoyle.png'),('Pandora\'s box','234',11,5990,600,868,9,623,623,407,100,50,150,100,100,50,150,50,0,0,200,50,0,50,0,0,50,50,50,50,10,'Countless careless kids have fallen foul of these cruel casks, which are inured against ice and wind attacks. They love to spend their days off lolling around on the ground with their lids open, lapping up the sun and airing their insides.','Grotto','Mini medal','12.5','Gold bar','0.78',' ','0.00',' ','0.00',' ','0.00',' ','0.00',' ','0.00',' ','pandoras_box.png'),('Uncommon cold','235',8,6200,104,907,28,528,487,356,150,50,100,100,100,100,150,0,0,0,100,0,0,0,0,0,0,0,0,0,0,'Snow elementals that could freeze even fire, and will pitilessly turn all before them to ice unless taken out of play. The souls of travellers who snuff it in snowstorms are set adrift on sleety winds to be consumed by the uncommon cold.','Grotto','Ice crystal','3.13','Icicle dirk','0.78',' ','0.00',' ','0.00',' ','0.00',' ','0.00',' ','0.00',' ','uncommon_cold.png'),('Geothaum','236',8,6600,86,708,0,708,668,72,100,100,100,100,50,50,200,50,50,0,0,50,0,0,0,0,50,75,0,50,0,'They emit waves of darkness which lower the agility and defence of all enemies. Hard to harm with earth or darkness. All they feel is a burning need to slap the living into an endless nightmare. No one knows what the rest of their bodies look like.','Grotto','Flintstone','6.25','Evencloth','3.13',' ','0.00',' ','0.00',' ','0.00',' ','0.00',' ','0.00',' ','geothaum.png'),('Blight knight','237',14,7000,192,965,24,695,598,298,150,50,100,100,100,50,150,0,0,0,100,0,50,50,0,0,50,50,50,50,5,'These demonic masters of battle know no fear, and calmly await attacks, then counter them with catastrophic quickness. They burgle the bones from brawny enemies they\'ve beaten to beef up their bodies and get better at battle.','Grotto','Skull helm','1.56','Veteran\'s helm','0.78',' ','0.00',' ','0.00',' ','0.00',' ','0.00',' ','0.00',' ','blight_knight.png'),('Flamin\' drayman','238',9,4700,145,480,80,416,452,229,50,150,100,100,100,100,150,50,50,50,100,50,50,50,50,50,50,50,50,50,15,'These fire-powered four-wheeled fighting machines will knock foes for six or fry them with Kafrizz. The drivers are fond of their flame-retardant unitards, and are forever fighting the flab, as it spoils the flattering fit.','Grotto','Rockbomb shard','3.13','Hephaestus\' flame','1.56',' ','0.00',' ','0.00',' ','0.00',' ','0.00',' ','0.00',' ','flamin_drayman.png'),('Tantamount','239',3,4600,167,1056,60,358,388,338,50,150,100,75,100,100,100,0,50,0,100,50,50,75,50,50,75,75,0,75,5,'These heavenly horses lash out with Lightning Storm, sometimes strike twice, and read the battlefield like a book. Some believe that the moon\'s craters are made by tantamounts\' flaming manes as they gallop across the night sky.','Grotto','Horse manure','6.25','Friendly fan','0.39',' ','0.00',' ','0.00',' ','0.00',' ','0.00',' ','0.00',' ','tantamount.png'),('Barriearthenwarrior','240',11,5120,176,512,18,432,596,239,100,100,150,100,50,100,100,50,0,0,100,50,50,50,0,0,100,50,50,50,5,'Hard horsemen who may not say much, but whose actions speak louder than words. They soup up sub-par strength with Oomph. Built by ancient sages who sank their spellcraft into sculpting statues strong enough to smash the soldiers of the underworld.','Grotto','Royal soil','6.25','Warrior\'s sword','0.78',' ','0.00',' ','0.00',' ','0.00',' ','0.00',' ','0.00',' ','barriearthenwarrior.png'),('Bird of terrordise','241',4,5560,185,648,40,514,528,285,50,150,100,100,100,100,100,0,0,50,100,50,0,0,50,50,75,75,0,75,10,'Brutish birds that bring things to a boil with their burning breath, and drive enemies dotty with Kafuddle. Supposedly named after world champion strongman Terry Terrordise, who is said to have discovered them on his travels.','Grotto','Fowl fan','1.56','Flame shield','0.78',' ','0.00',' ','0.00',' ','0.00',' ','0.00',' ','0.00',' ','bird_of_terrordise.png'),('Scarlet fever','242',8,5600,115,743,28,429,478,319,50,150,100,100,100,100,150,0,0,0,100,0,0,0,0,0,25,25,25,25,0,'Rivers run dry, animals die, and the grass and trees are burnt to cinders when the scarlet fever walks the land. These hellfire-exhaling horrors are born when souls that cannot rest are engulfed in evil auras. None can rest while they live.','Grotto','Lava lump','6.25','Fire blade','0.78',' ','0.00',' ','0.00',' ','0.00',' ','0.00',' ','0.00',' ','scarlet_fever.png'),('Hell\'s gatekeeper','243',3,6200,95,996,26,535,645,115,100,100,100,150,100,75,150,50,75,50,100,50,50,50,50,50,50,50,50,50,10,'These big-boned fellows are no fans of magic, and prefer to protect their pals while waiting for a critical to come good. Statues possessed by ruinous spirits, they blindly obey their master\'s orders, and stamp out all who stand against them.','Grotto','Hades\' helm','1.56','Hela\'s hammer','0.78',' ','0.00',' ','0.00',' ','0.00',' ','0.00',' ','0.00',' ','hells_gatekeeper.png'),('Rashaverak','244',7,6600,36,1124,30,707,604,98,50,100,150,100,100,100,100,75,0,0,100,50,0,0,75,0,50,50,75,75,10,'Worryingly weighty wyrms whose sheer size will shock anyone not sufficiently impressed by their spine-chilling strength. Should day suddenly turn to night, turn a wary eye to the skies -- it could be a company of rampaging rashaveraks.','Grotto','Dragon scale','12.5','Brighten rock','1.56',' ','0.00',' ','0.00',' ','0.00',' ','0.00',' ','0.00',' ','rashaverak.png'),('Master moosifer','245',6,7600,175,1056,40,684,648,308,50,125,100,100,100,75,150,0,0,0,100,0,0,50,0,0,0,50,50,50,10,'They can tense up in an instant, and have hellishly hot halitosis. Also able to impair attack with a filthy fog. When they know their time has come, they voyage to the valley at the end of the underworld, and calmly breathe their last.','Grotto','Magic beast hide','12.5','Raging ruby','0.78',' ','0.00',' ','0.00',' ','0.00',' ','0.00',' ','0.00',' ','master_moosifer.png'),('Vermil lion','246',3,8120,200,1378,36,564,626,455,50,100,100,100,100,50,150,0,0,0,100,0,50,50,75,50,75,75,75,75,15,'They expunge spells with Disruptive Wave and burp forth black breath. Also able to mend themselves by meditating. Cobbled together from bits of various beasts by dengerate demons, they curse their unhappy existence.','Grotto','Beast claws','0.78','Divine dress','0.78',' ','0.00',' ','0.00',' ','0.00',' ','0.00',' ','0.00',' ','vermil_lion.png'),('Slugly betsy','247',6,5500,158,1477,120,404,236,170,150,50,100,100,50,150,100,0,50,0,200,50,75,50,0,0,50,100,50,0,10,'Warty, weighty witches who watch over their own with support spells. Irksome if they cast Kazing or Magic Barrier. They may look monstrous but love nothing more than looking after the little beasties of river, sea and shore.','Grotto','Watermaul wand','1.56','Nomadic dell','0.78',' ','0.00',' ','0.00',' ','0.00',' ','0.00',' ','0.00',' ','slugly_betsy.png'),('Moai minstrel','248',11,5880,103,518,20,368,567,206,100,100,125,100,75,100,100,0,50,0,100,50,0,0,0,0,50,50,50,50,10,'Those facing these po-faced Pierrots should overcome the urge to laugh -- a clout with Kamikazee just isn\'t funny. Their face paint is put on by boa bishops, who say it brings victory. Their real faces are rather handsome.','Grotto','Narspicious','3.13','Witch\'s hat','1.56',' ','0.00',' ','0.00',' ','0.00',' ','0.00',' ','0.00',' ','moai_minstrel.png'),('Boogie manguini','249',6,5230,149,488,20,402,478,393,100,100,100,75,125,75,125,50,50,50,100,50,50,50,50,50,50,50,50,50,15,'Dancing yellow devils who know every step there is -- not just the support steps, but tension-building tactical ones too. The young ones are nicknamed \'yellow-bellies\', but they\'re not too pleased to have this pointed out by their beastly brethren.','Grotto','Wing of bat','12.5','Lunaria','1.56',' ','0.00',' ','0.00',' ','0.00',' ','0.00',' ','0.00',' ','boogie_manguini.png'),('Mandrake monarch','250',7,5000,167,735,32,486,496,250,75,75,150,100,100,75,125,50,50,50,100,50,50,50,50,50,50,50,50,50,10,'Well-balanced, wickedly talented warriors. When they meet with awkward opposition, they call on their companions. The rings around their wrists and ankles aren\'t armour -- they\'re weights to keep them working out even while warring.','Grotto','Dragon scale','6.25','Veteran\'s helm','0.78',' ','0.00',' ','0.00',' ','0.00',' ','0.00',' ','0.00',' ','mandrake_monarch.png'),('Bling badger','251',3,5800,196,445,80,394,495,315,100,100,100,75,150,150,50,0,50,50,100,0,50,0,100,100,100,100,100,100,10,'Grandmasters of the Way of the Badja, these shining paragons bring both brains and brawn to bear in their supreme style. Legends tells that when the badjas bow down to their sacred solid-gold statue, the bling badgers will come to save them.','Grotto','Magic beast hide','12.5','Yggdrasil leaf','0.78',' ','0.00',' ','0.00',' ','0.00',' ','0.00',' ','0.00',' ','bling_badger.png'),('Prime slime','252',13,5600,178,914,24,445,375,432,100,100,100,50,100,150,100,50,0,50,100,0,50,50,0,0,100,50,50,0,10,'Legendary slime soldiers who amplify their attack with Oomph, and whose lightning speed lets them attack twice on the trot. Rumours abound about these brutal blobs. Some say they\'re heaven-sent, others that they\'re the saviours of slimekind.','Grotto','Valkyrie sword','1.56','Falcon blade','0.78',' ','0.00',' ','0.00',' ','0.00',' ','0.00',' ','0.00',' ','prime_slime.png'),('Hammer horror','253',2,6400,145,874,54,586,586,375,100,100,100,150,100,50,150,0,0,0,100,75,0,0,0,75,75,50,50,100,10,'They whip up a storm with Thin Air, and engulf all in evil with their dark breath. Embrace the light to end their existence. They loathe the light, and long to lord it over a world wrapped in the dank darkness of the ocean depths.','Grotto','Heavy handwear','3.13','Cobra claws','0.78',' ','0.00',' ','0.00',' ','0.00',' ','0.00',' ','0.00',' ','hammer_horror.png'),('Drakulord','254',7,6800,65,1414,255,725,404,286,50,150,100,100,50,100,150,50,0,0,75,0,0,50,75,0,75,75,75,75,10,'Their HP is so high they\'re nigh unkillable, they\'re hard to hurt with earth and fire, and their skills hit everyone. Watch out! They\'re named for the fact that they\'re lords of the lizardly martial arts, but they have the potential to grow even greater.','Grotto','Dragon scale','12.5','Dragon claws','1.56',' ','0.00',' ','0.00',' ','0.00',' ','0.00',' ','0.00',' ','drakulord.png'),('Pale whale','255',2,7500,126,1456,126,748,586,79,100,100,100,100,100,150,50,0,0,0,100,0,0,0,0,0,50,50,50,50,5,'Deep-sea dwellers who blind foes with Dazzleflash and blaze a trail with their bright breath. Darkness will defeat them. They were the first beasts that the Great Architect Zenus placed in the oceans in the days of creation.','Grotto','Superior medicine','6.25','Wizard\'s hat','0.78',' ','0.00',' ','0.00',' ','0.00',' ','0.00',' ','0.00',' ','pale_whale.png'),('Seavern','256',2,7000,87,1127,64,686,546,126,50,50,100,150,100,100,150,0,50,50,100,0,0,0,0,0,50,75,50,100,10,'True masters of the sea, these supreme seasaurs scare foes silly with a blood-curdling cry, then smash them with a tsunami. Dealers of watery death, they rise from the depths to bring terror and destruction to all the oceans of the world.','Grotto','Saint\'s ashes','3.13','Cobra fan','1.56',' ','0.00',' ','0.00',' ','0.00',' ','0.00',' ','0.00',' ','seavern.png'),('Hexagoon','257',3,175,100,93,18,30,22,11,100,100,100,100,100,100,100,0,0,0,100,0,0,100,0,0,100,100,100,100,10,'Hideous hulk that once prowled the passages of the Hexagon, preying on travellers. The earth shakes with its every step. Its diet consists mainly of rocks and boulders, and it loves dark places, so the Hexagon made a marvellous home.','The Hexagon','Magic beast hide','100',' ','0.00 ',' ','0.00',' ','0.00',' ','0.00',' ','0.00',' ','0.00',' ','hexagoon.png'),('Wight knight','258',14,800,200,296,255,53,50,45,125,50,125,75,125,100,100,0,0,0,100,0,25,0,0,0,50,100,75,100,5,'Black-clad knight errant who once terrorised the people of Stornway in mistaken search of his long-lost love. He was actually once a handsome young chevalier whose fair face set hearts aflutter in the castle.','Loch Storn','Iron gauntlets','100',' ','0.00 ',' ','0.00',' ','0.00',' ','0.00',' ','0.00',' ','0.00',' ','wight_knight.png'),('Morag','259',6,1600,350,456,255,56,58,54,100,50,125,100,125,75,125,0,0,0,100,0,25,25,0,0,50,100,75,100,10,'Came to bring destruction to Brigadoom, but was rather taken with the Wight Knight, so sealed herself away with him instead. She chose to bring gloom to Brigadoom for reasons related to the darkest parts of the heart.','Brigadoom','High heels','100',' ','0.00 ',' ','0.00',' ','0.00',' ','0.00',' ','0.00',' ','0.00',' ','morag.png'),('Ragin\' Contagion','260',8,2295,600,696,255,68,68,50,125,100,75,100,75,75,125,0,0,0,100,0,0,25,0,0,0,75,50,50,0,'The very essence of illness, it was sealed up in the Quarantomb for a century, but came back to curse Coffinwell once more. This toxic pox was created to ensure that the nameless terror that slept in the Qurantomb stayed sealed inside forever.','Quarantomb','Royal soil','100',' ','0.00 ',' ','0.00',' ','0.00',' ','0.00',' ','0.00',' ','0.00',' ','ragin_contagion.png'),('Master of Nu\'un','261',1,2904,780,796,255,80,78,56,100,100,50,100,125,50,125,25,0,0,200,0,25,25,0,0,25,100,50,50,5,'Jack of Alltrades ate a fygg that had fallen from above in a bid to become god-like, but turned into this hideous beast instead. Jack spent some time thinking up his god name, toying with \'High Jack\' and \'Jackrilege\' before settling on \'Master of Nu\'un\'.','Tower of Trades','Lava lump','100',' ','0.00 ',' ','0.00',' ','0.00',' ','0.00',' ','0.00',' ','0.00',' ','master_of_nuun.png'),('Lleviathan','262a',2,4134,960,1256,32,110,90,36,100,100,100,125,100,100,100,0,0,0,100,0,0,0,0,0,0,50,50,75,5,'The people of Porth Llaffan worshipped this watery diety, which was really Dylan Jones in fygg-changed form. He once swam with countless companions in the seas around Newid Isle, but Lleviathan is sadly the last of his kind.','Cuddiedig Cliff','Emerald moss','100','Celestial skein','100',' ','0.00',' ','0.00',' ','0.00',' ','0.00',' ','0.00',' ','lleviathan.png'),('Lleviathan','262b',2,32000,4000,3520,50,278,256,128,100,100,100,125,100,100,100,0,0,0,100,0,0,0,0,0,0,50,50,75,5,'The people of Porth Llaffan worshipped this watery diety, which was really Dylan Jones in fygg-changed form. He once swam with countless companions in the seas around Newid Isle, but Lleviathan is sadly the last of his kind.','Cuddiedig Cliff','Emerald moss','100','Celestial skein','100',' ','0.00',' ','0.00',' ','0.00',' ','0.00',' ','0.00',' ','lleviathan.png'),('Garth Goyle','263',11,4134,1250,1054,255,120,125,66,50,100,125,100,50,100,100,0,0,0,100,0,0,0,0,0,0,100,50,75,0,'This stone sentry was created to stand guard over Zere Rocks. It seemed to be looking for someone called Mason... Having lost its granite guardian, the statuesque town of Zere Rocks will surely now crumble into dust and blow away...','Zere Rocks','Terrible tattoo','100',' ','0.00 ',' ','0.00',' ','0.00',' ','0.00',' ','0.00',' ','0.00',' ','garth_goyle.png'),('Tyrantula','264',5,5231,1500,1098,36,100,154,96,75,75,75,125,100,125,125,0,0,0,100,0,0,0,0,0,25,75,50,75,5,'An enormous arachnid who dwelt deep in the Bad Cave, soaking up poison and perniciousness until she morphed into a man-eater. It is said she made meals of travellers lost in her cave to feed her clutch of countless eggs.','The Bad Cave','Tangleweb','100',' ','0.00 ',' ','0.00',' ','0.00',' ','0.00',' ','0.00',' ','0.00',' ','tyrantula.png'),('Grand Lizzier','265',7,6200,1750,1276,40,200,158,85,100,125,50,50,50,150,150,0,0,0,100,0,0,25,0,0,0,25,50,75,10,'The fygg-altered form of the Queen of Gleeba\'s little lizard pal, who it turned out held a torch for his mistress all along. He thought that eating a fygg would turn him into a mortal, but it only moved him up a short rung on the evolutionary ladder.','The Plumbed Depths','Dragon scale','100',' ','0.00 ',' ','0.00',' ','0.00',' ','0.00',' ','0.00',' ','0.00',' ','grand_lizzier.png'),('Larstastnaras','266',6,8200,2000,1562,255,140,150,95,125,125,75,75,50,100,150,0,0,0,100,0,0,25,0,0,25,50,50,75,5,'The true form of Sarantsatsral, the wicked witch who tried to take control of the plains by bending Batkhaan\'s ear. She was once a run-of-the-mill nobody of a monster, but found a fygg and her fortunes changed for the fatter.','Batsureg','Enchanted stone','100',' ','0.00 ',' ','0.00',' ','0.00',' ','0.00',' ','0.00',' ','0.00',' ','larstastnaras.png'),('Dreadmaster','267',9,10000,2550,1680,255,160,170,125,100,100,100,100,100,100,100,0,0,0,100,0,25,0,0,0,25,50,50,75,5,'Harsh master of old-fashioned teaching techniques who held his extra-cirricular sessions in the basement of Swinedimples. He built his academy in the wintry wastelands to toughen up his pupils. The cheap land prices didn\'t hurt, either...','The Old School','Sage\'s elixir','100',' ','0.00 ',' ','0.00',' ','0.00',' ','0.00',' ','0.00',' ','0.00',' ','dreadmaster.png'),('Gadrongo','268',3,12500,3050,2000,255,206,214,138,75,100,150,100,50,125,100,0,0,0,100,0,0,25,0,0,0,50,50,75,10,'A stalwart soul sealed in a statue and bunged into the Bowhole to test contenders in combat when the time came. Wormwood Creekers once thought the wyrmlight bow and Gadrongo were guises of a spirit who watched over the Wyrmward.','The Bowhole','Ethereal stone','100',' ','0.00 ',' ','0.00',' ','0.00',' ','0.00',' ','0.00',' ','0.00',' ','gadrongo.png'),('Greygnarl','269',7,15500,0,2280,50,188,214,145,50,150,100,100,100,150,50,0,0,0,100,0,0,25,0,0,0,50,50,75,0,'One-time hero of the skies who watches over the world from up over Upover. Not too fond of Celestrians for some reason. The lizard lord of light chased the Empire out of Upover three hundred years ago, and they\'ve never forgotten the slight.','The Magmaroo','Dragon scale','100',' ','0.00 ',' ','0.00',' ','0.00',' ','0.00',' ','0.00',' ','0.00',' ','greygnarl.png'),('Goreham-Hogg','270a',3,17500,3550,2470,40,196,192,130,75,125,100,100,100,50,150,0,0,0,100,0,0,25,0,0,0,75,50,75,10,'One of the Triumgorate. He sealed those who fell from the skies in cells and sucked out their power. Was burnt to a cinder by Greygnarl\'s blazing breath three centuries ago, and brought back as a horrific hog.','Realm of the Mighty','Tough guy tattoo','100','Densinium','100',' ','0.00',' ','0.00',' ','0.00',' ','0.00',' ','0.00',' ','goreham_hogg.png'),('Goreham-Hogg','270b',3,15500,0,1235,40,206,192,136,75,125,100,100,100,50,150,0,0,0,100,0,0,25,0,0,0,75,50,75,10,'One of the Triumgorate. He sealed those who fell from the skies in cells and sucked out their power. Was burnt to a cinder by Greygnarl\'s blazing breath three centuries ago, and brought back as a horrific hog.','Gortress','Tough guy tattoo','100','Densinium','100',' ','0.00',' ','0.00',' ','0.00',' ','0.00',' ','0.00',' ','goreham_hogg.png'),('Hootingham-Gore','271a',4,18500,4050,1854,255,125,238,148,100,100,50,125,125,50,150,25,0,0,100,0,0,25,0,0,50,25,25,75,5,'One of the Triumgorate. Used stolen celestial power to bring back Barbarus and bend him to the will of the Empire. Threw his lot in with the ghastly Gittish Empire three hundred years ago, and was brought back as a beastly bird.','Realm of the Mighty','Sage\'s elixir','100','Malicite','100',' ','0.00',' ','0.00',' ','0.00',' ','0.00',' ','0.00',' ','hootingham_gore.png'),('Hootingham-Gore','271b',4,16500,0,1027,255,125,238,156,100,100,50,125,125,50,150,25,0,0,100,0,0,25,0,0,50,25,25,50,5,'One of the Triumgorate. Used stolen celestial power to bring back Barbarus and bend him to the will of the Empire. Threw his lot in with the ghastly Gittish Empire three hundred years ago, and was brought back as a beastly bird.','Gittingham Palace','Sage\'s elixir','100','Malicite','100',' ','0.00',' ','0.00',' ','0.00',' ','0.00',' ','0.00',' ','hootingham_gore.png'),('Goresby-Purrvis','272a',3,20000,4550,2306,25,220,256,162,75,75,125,125,100,125,75,0,0,0,100,0,0,25,0,0,0,50,25,50,0,'One of the Triumgorate. A swordsman who swore allegiance to the Empire hoping to meet with some worthy adversaries. Died faithfully protecting his master some three hundred years ago, and was brought back in a new, feline form.','Realm of the Mighty','Fizzle foil','100','Agility ring','100',' ','0.00',' ','0.00',' ','0.00',' ','0.00',' ','0.00',' ','goresby_purrvis.png'),('Goresby-Purrvis','272b',3,18000,0,1653,25,234,256,172,75,75,125,125,100,125,75,0,0,0,100,0,0,25,0,0,0,50,25,75,0,'One of the Triumgorate. A swordsman who swore allegiance to the Empire hoping to meet with some worthy adversaries. Died faithfully protecting his master some three hundred years ago, and was brought back in a new, feline form.','Gittingham Palace','Fizzle foil','100','Agility ring','100',' ','0.00',' ','0.00',' ','0.00',' ','0.00',' ','0.00',' ','goresby_purrvis.png'),('King Godwyn','273',1,0,0,1970,255,168,266,145,100,100,125,100,100,50,125,0,0,0,100,0,25,25,0,0,25,75,25,75,0,'Cruel king of the Gittish Empire who tasked the Triumgorate with seeking out the fyggs so he could rule the world. His evil spread across the world three centuries ago, when he fought Greygnarl and his gang. His death is shrouded in mystery.','Gittingham Palace	',' ','0.00',' ','0.00 ',' ','0.00',' ','0.00',' ','0.00',' ','0.00',' ','0.00',' ','king_godwyn.png'),('King Godwyn','274',1,26500,6000,3250,255,220,266,155,125,75,125,100,75,50,150,0,0,0,100,0,0,0,0,0,0,75,50,50,0,'King Godwyn of the House of Gitt\'s ultimate form. Far fiercer than any of the Triumgorate, he was truly a formidable foe. Consumed by his ambitions of three centuries ago, he tried to use the fyggs to take over the world. He also murdered Aquila.','Gittingham Palace','Sceptre of Gitt','100',' ','0.00 ',' ','0.00',' ','0.00',' ','0.00',' ','0.00',' ','0.00',' ','king_godwyn.png'),('Barbarus','275',7,32500,0,3098,255,238,288,160,75,75,100,100,100,50,150,0,0,0,100,0,0,0,0,0,0,50,25,50,5,'Greygnarl\'s nefarious nemesis. He was defeated long ago, but the Empire brought him back to wreak havoc once more. He and Greygnarl once formed a duality of darkness and light, but his memory of this beneficial balance has been obliterated.','Realm of the Mighty','Yggdrasil leaf','100',' ','0.00 ',' ','0.00',' ','0.00',' ','0.00',' ','0.00',' ','0.00',' ','barbarus.png'),('Corvus','276',1,28500,0,2790,255,214,272,167,125,75,75,125,100,50,150,0,0,0,100,0,0,0,0,0,0,50,25,50,0,'One-time Guardian of Wormwood Creek. His tragic fate drove him to renounce his faith in gods, mortals and Celestrians alike. Met Serena in Wormwood Creek three centuries ago. Tried to protect the mortals, but was entrapped by the Empire.','Realm of the Mighty	',' ','0.00',' ','0.00 ',' ','0.00',' ','0.00',' ','0.00',' ','0.00',' ','0.00',' ','corvus.png'),('Corvus','277',1,40000,0,4800,255,248,278,157,125,50,50,125,75,50,150,0,0,0,100,0,0,0,0,0,0,50,25,50,0,'Brought the broken Gittish Empire back from beyond to help him wreak vengeance on the mortals and gods he so despised. Aquila\'s former teacher, his sad fate led him to lose himself in his hatred of mortalkind and try to destroy the world.','Realm of the Mighty	',' ','0.00',' ','0.00 ',' ','0.00',' ','0.00',' ','0.00',' ','0.00',' ','0.00',' ','corvus.png'),('Yore','278',1,36500,4200,4220,255,258,328,148,100,125,150,75,125,50,75,0,0,0,100,0,0,0,0,0,50,75,100,50,5,'An ancient evil confined in a casket beneath Stornway castle three hundred years ago by the King of that bygone age. Had a contract with the evil Empire to wipe out not just the people of Stornway, but the entire population of the world.','Stornway Castle','Aggressence','100',' ','0.00 ',' ','0.00',' ','0.00',' ','0.00',' ','0.00',' ','0.00',' ','yore.png'),('Rover','279',3,42500,3750,5000,50,325,278,152,150,50,100,100,100,50,150,25,0,0,100,0,0,25,0,0,0,50,50,50,15,'Vicious guard dog of the Inntouchables. Only heeds the instructions of the innfamous Al Capinne. Was left as a pup on Al Capinne\'s doorstep. He raised the little rascal, and watched him grow into a deadly drastic drackal!','The Plumbed Depths','Magic beast hide','100',' ','0.00 ',' ','0.00',' ','0.00',' ','0.00',' ','0.00',' ','0.00',' ','rover.png'),('King Godfrey','280',1,42000,4750,4575,255,295,300,159,100,100,125,100,100,50,125,0,0,0,100,0,0,0,0,0,15,50,50,25,5,'Spirit of Godfrey of the House of Gitt, who dozed in the depths of the Quarantomb, north-west of Coffinwell. Planned to hand over the castle and kingship of Coffinwell when his son Godwyn came of age, but was killed before he could.','Gittingham Palace','Ruby of protection','100',' ','0.00 ',' ','0.00',' ','0.00',' ','0.00',' ','0.00',' ','0.00',' ','king_godfrey.png'),('Tyrannosaura Wrecks','281',1,45550,5000,5000,255,285,325,163,125,50,75,150,75,75,150,0,0,0,100,0,0,0,0,0,15,50,50,25,10,'Goddess of destruction from a different dimension. She can reduce continents to dust with a single digit. Eldest girl of the Hackson Five, she killed older brother Tyrannousaurus Wrocks, and youngsters Wracks and Wrucks.','Starlight Express','Raging ruby','100',' ','0.00 ',' ','0.00',' ','0.00',' ','0.00',' ','0.00',' ','0.00',' ','tyrannosaura_wrecks.png'),('Nodoph','282',3,46800,5120,5600,60,352,340,185,75,75,75,75,75,150,150,25,0,0,100,0,0,0,0,0,0,50,25,50,10,'Sleeps atop the tower of Nod. Lost his powers three hundred years ago when he and Celestria went to Gittingham Palace. Created by the Grand Architect Zenus to destroy mortalkind, but had his hatred for humanity soothed by Serena.','Tower of Nod','Dragon scale','100',' ','0.00 ',' ','0.00',' ','0.00',' ','0.00',' ','0.00',' ','0.00',' ','nodoph.png'),('Equinox','283',3,10000,825,1800,255,180,180,117,100,100,100,100,100,50,200,25,0,0,100,0,25,25,0,0,25,50,50,50,5,'Ceaseless steed of death, who tirelessly travels the skies, taking the lives of all in his path. Also known as the Black Star. Gallops freely through the night skies, and answers only to the stars. Once had an entirely different form...','Grotto (Boss)','Dragontail whip','10','Vesta gauntlets','2',' ','0.00',' ','0.00',' ','0.00',' ','0.00',' ','0.00','Dragon scale','equinox.png'),('Nemean','284',3,15000,967,2800,255,225,240,132,100,100,100,100,100,200,100,0,0,0,100,0,0,25,0,0,15,25,75,50,10,'This ultimate being combines the best of nature\'s creations, and its heavenly form has earned it the nickname \'Godbeloved\'. It was once able to speak the mortal tongue, but has forgotten both that and its true form in its long years of captivity.','Grotto (Boss)','Fire claws','10','Invincible trousers','2',' ','0.00',' ','0.00',' ','0.00',' ','0.00',' ','0.00','White tights','nemean.png'),('Shogum','285',13,19000,1110,3600,255,242,298,130,100,100,100,100,100,200,100,0,0,0,100,0,0,25,0,0,15,25,50,50,10,'A slime so saturated with fighting spirit that its body has turned from blue to red. Doesn\'t know the meaning of defeat. Master of the slime armies, he searches ceaselessly for his nine long-lost companions.','Grotto (Boss)','Miracle sword','5','Apprentice\'s gloves','2',' ','0.00',' ','0.00',' ','0.00',' ','0.00',' ','0.00','Platinum headgear','shogum.png'),('Trauminator','286',10,25500,1252,4000,255,264,354,148,100,100,100,150,100,100,100,0,0,0,100,0,0,0,0,0,15,25,50,50,0,'Senses the life force of flesh-and-blood beings, and can\'t stop killing until every trace is erased from its environs. This mad mechanical murder machine is thought to have existed since the very dawn of time itself.','Grotto (Boss)','Pro\'s axe','5','Hero\'s boots','2',' ','0.00',' ','0.00',' ','0.00',' ','0.00',' ','0.00','Handrills','trauminator.png'),('Elusid','287',7,25500,1395,4300,255,264,338,160,75,75,75,75,150,75,100,25,0,0,100,0,25,25,0,0,15,25,75,25,15,'Mere mention of this paragon of perniciousness is enough to send even practised pugilists into paroxysms of panic. This myth-enshrouded monster is the main focus of many a mad theory, but only the Almighty knows the truth of its origins...','Grotto (Boss)','Supernatural specs','5','Sensible sandals','2',' ','0.00',' ','0.00',' ','0.00',' ','0.00',' ','0.00','Star\'s suit','elusid.png'),('Sir Sanguinus','288',14,40000,1537,5200,255,319,377,182,100,50,100,150,100,50,150,50,0,0,100,0,50,50,0,0,75,50,75,50,15,'A crimson crusader who spurs his steed ever onward in search of victims in whose blood he can bathe. Not just his armour, but his body itself is built of blood, and he uses the claret of those he kills to strengthen his sanguine self.','Grotto (Boss)','Sacred armour','5','Brain drainer','2',' ','0.00',' ','0.00',' ','0.00',' ','0.00',' ','0.00','Crimson boots','sir_sanguinus.png'),('Atlas','289',6,50000,1680,6500,255,462,274,163,100,100,100,100,100,100,200,0,25,0,100,0,0,25,0,0,15,25,50,50,15,'A humongous hulk who\'s as big as house. Ponds appearing in towns and villages are duly dubbed \'Atlas\' footprints\'. A giant thought to be older than time itself. Some say that he lived in the palace of an almighty realm before being sealed away.','Grotto (Boss)','Giant\'s hammer','5','Tropotoga','2',' ','0.00',' ','0.00',' ','0.00',' ','0.00',' ','0.00','Tough guy tattoo','atlas.png'),('Hammibal','290',3,60000,1822,6000,100,372,442,188,100,150,100,100,100,100,100,0,0,0,100,0,0,25,0,0,15,25,75,50,5,'An impeccably-armoured and impressively massive monster who may look mean, but has a huge heart as well. Once lived in a lovely palace with his equally lovely daughter, but woke one day to find himself sealed away in a grotto.','Grotto (Boss)','Warrior\'s armour','5','Hallowed helm','2',' ','0.00',' ','0.00',' ','0.00',' ','0.00',' ','0.00','Aggressence','hammibal.png'),('Fowleye','291',4,65000,1965,5200,255,382,418,216,150,100,100,100,100,100,100,25,0,0,100,0,0,0,0,0,25,25,50,25,5,'His evil eyes bring calamity wherever their gaze falls. When not fighting, he keeps them closed and feigns friendliness. An unbelievable evil who feasts on the souls of the weak to feed the dour power that resides in his almighty eyes.','Grotto (Boss)','Minerva\'s mitre','5','Spring breeze hat','2',' ','0.00',' ','0.00',' ','0.00',' ','0.00',' ','0.00','Sage\'s elixir','fowleye.png'),('Excalipurr','292',3,70000,2107,6600,255,430,430,232,100,150,100,100,100,100,100,0,0,0,100,0,0,0,0,0,15,15,50,50,5,'A spectacularly skilled lord of the sword, and wielder of a bewitching blade that can only be used by those it chooses. Deems very few worthy of facing him, as his sword is said to sing with the power of the Almighty Himself.','Grotto (Boss)','Tactical vest','5','Victorious armour','2',' ','0.00',' ','0.00',' ','0.00',' ','0.00',' ','0.00','Fencing jacket','excalipurr.png'),('Tyrannosaurus Wrecks','293',1,75000,2250,7000,255,528,452,239,100,100,150,100,100,100,150,0,25,0,100,0,0,0,0,0,10,25,50,50,5,'A supremely destructive demon who broke free from the book into which he was sealed by a supreme sage ages ago. The wickedest of the Hackson Five. He wanted to destroy the world, but was stopped by a saintly sage.','Grotto (Boss)','Gold bar','10','Angel\'s robe','2',' ','0.00',' ','0.00',' ','0.00',' ','0.00',' ','0.00','Narspicious','tyrannosaurus_wrecks.png'),('Greygnarl','294',7,80000,2392,7400,255,478,478,252,50,150,100,100,100,150,50,25,0,0,100,0,0,0,0,0,10,25,50,50,5,'The hero of the skies, back from the dead after his supposed slaying, and more mind-blowingly mighty than ever. It was Barbarus the dark who brought back Greygnarl the light, his second brother after Styrmling the sacred.','Grotto (Boss)','Yggdrasil leaf','100','Orichalcum','5',' ','0.00',' ','0.00',' ','0.00',' ','0.00',' ','0.00','Yggdrasil leaf','greygnarl.png'),('Dragonlord','295',1,63600,2490,7500,255,630,450,190,75,100,100,150,100,100,100,25,0,0,100,0,0,0,0,0,10,25,75,50,5,'Lizard lord who ravages all with great gouts of flame, and whose fire-retardant scales stop any such scorching in return. This proud and mighty beast rules over all the dragon clans of the world with a high and haughty hand.','Grotto','Mini medal','100','Red Orb','5-10%','Alefgard Boots','15% at levels 1-3','Alefgard Helm',' at levels 4-8','Alefgard Armour','15% at levels 9-15','Psaro\'s Map','10-40% at levels 16-99',' ','0.00',' ','dragonlord.png'),('Malroth','296',1,64600,2490,7500,255,630,480,260,100,100,150,100,100,50,100,0,0,0,100,0,0,0,0,0,5,25,75,50,5,'Brings about destruction by breathing both fire and ice, and disruption with Disruptive Wave. Hard to harm with darkness. This diety of the damned enjoys nothing more than the sacrificed souls of his most sincere followers. Mmmmm!','Grotto','Mini medal','100','Red Orb','10-15%','Midenhall Boots','15% at levels 1-3 and 20% at levels 41-56','Midenhall Trousers','15% at levels 4-8 and 20% at levels 57-68','Midenhall Gloves','15% at levels 9-15 and 20% at levels 69-80','Midenhall Garb','15% at levels 16-25 and 20% at levels 81-90','Midenhall Helm','15% at levels 26-40 and 20% at levels 91-99',' ','malroth.png'),('Baramos','297',1,59600,2490,6500,255,400,400,200,100,150,50,100,100,100,100,0,0,0,100,0,0,25,0,0,5,25,75,50,5,'Windproof king and wizard who wastes no time whipping out Kaboom, Kafrizz and all kinds of calamity-inducing conjury. Takes great pleasure in obliterating people while they\'re busy poking fun at his bizarre appearance.','Grotto','Mini medal','100','Silver Orb','5-10%','Aliahan Boots','20-25% at levels 1-8','Aliahan Clothes','20% at levels 9-15','Murdaw\'s Map','10-40% at levels 16-99',' ','0.00',' ','0.00',' ','baramos.png'),('Zoma','298',1,70600,2490,8000,255,680,570,350,100,50,100,100,100,100,150,0,25,0,100,0,0,0,0,0,5,15,75,25,5,'A truly intimidating opponent who can attack twice and use seriously strong spells. Lay into him with the power of light. His unparalleled evil made him very popular with monsters, but he left the lands above to escape his screaming fans.','Grotto','Mini medal','100','Silver orb','10-15%','Aliahan Gloves','15-25% at levels 1-15','Aliahan Trousers','15-25% at levels 16-56','Aliahan Clothes','25% at levels 57-68','Aliahan Headpiece','15-25% at levels 69-99',' ','0.00',' ','zoma.png'),('Psaro','299',1,65600,2490,7500,255,640,510,280,100,150,100,50,100,100,100,0,0,0,100,0,25,0,0,0,5,25,75,50,5,'Toughens up with Kabuff, then -- Shazam! -- hits hard with Kazam. Keep him under control with water-based warcraft. A tragic figure who forsook his normal form to wreak revenge on the mortals who murdered his beloved.','Grotto','Mini medal','100','Green Orb','5-10%','Zenithian Boots','15-25% at levels 1-15','Nimzo\'s Map','10-40% at levels 16-99',' ','0.00',' ','0.00',' ','0.00',' ','psaro.png'),('Estark','300',1,72600,2490,8000,255,710,590,320,50,100,100,100,100,150,100,0,0,0,100,0,0,0,0,0,10,25,75,50,5,'Not only can he pound opponents with Kafrizzle and Kaboom, he packs a powerful punch as well. Good luck! This emperor of the underworld evolved into his horrific form after hibernating for many milennia.','Grotto','Mini medal','100','Green orb','10-15%','Zenithian Gauntlets','15-25% at levels 1-15','Zenithian Leggings','15-25% at levels 16-56','Zenithian Helm','25% at levels 57-68','Zenithian Leotard','15-25% at levels 69-99',' ','0.00',' ','estark.png'),('Nimzo','301',1,66600,2490,7500,255,650,520,170,100,100,150,100,50,100,100,0,0,0,100,0,0,0,0,0,5,25,75,50,5,'Likes to kick in with Kaboom after taking the edge off his enemies by casting Bounce and Kasap. Some thought he could only command from afar, but he has more than enough mental and physical ability to rule the world.','Grotto','Mini medal','100','Gothan Wristband','15-25% at level 1-15','Gothan Turbin','20-25% at level 16-40','Gothan Gumboots','20-25% at level 41-68','Gothan Robe','15-25% at level 69-99','Blue Orb','5-10%',' ','0.00',' ','nimzo.png'),('Murdaw','302',1,60600,2490,6750,255,520,415,240,100,150,100,100,100,50,100,0,0,0,100,0,0,25,0,0,5,15,50,50,10,'Casts Kasap to curb his enemies\' enthusiasm, then curbs it further with Dazzleflash and Disruptive Wave. Gains a hold over people by plunging them into a world of nightmares from which they can\'t escape. Never sleeps himself.','Grotto','Mini medal','100','Yellow Orb','5-10%','Somnia Boots','20-25% at levels 1-8','Somnia Clothes','15% at levels 9-15','Dhoulmagus\' Map','10-40% at levels 16-99',' ','0.00',' ','0.00',' ','murdaw.png'),('Mortamor','303a',1,67600,2490,6000,255,640,520,300,100,50,100,100,100,150,100,0,0,0,100,0,0,0,0,0,5,25,75,25,5,'Stares enemies into a slumber, then clobbers them with Kafrizz and Kafrizzle. Can be damaged with darkness. Assesses opponents\' strength, then assumes a disguise to suit the situation. No one knows what he really looks like...','Grotto','Mini medal','100','Yellow Orb','10-15%','Somnia Gloves','20-25% at levels 1-8','Somnia Clothes','20-25% at levels 9-25','Somnia Shorts','','Somnia Hair','15-25% at levels 69-99',' ','0.00',' ','mortamor.png'),('Mortamor (Left Claw)','303b',1,0,0,4550,255,600,490,220,100,100,100,100,100,100,100,0,0,0,0,0,0,0,0,0,15,25,75,50,0,'Stares enemies into a slumber, then clobbers them with Kafrizz and Kafrizzle. Can be damaged with darkness. Assesses opponents\' strength, then assumes a disguise to suit the situation. No one knows what he really looks like...','Grotto	',' ','0.00',' ','0.00 ',' ','0.00',' ','0.00',' ','0.00',' ','0.00',' ','0.00',' ','mortamor_(left_claw).png'),('Mortamor (Right Claw)','303c',1,0,0,3550,255,580,490,250,100,100,100,100,100,100,100,0,0,0,0,0,0,0,0,0,15,25,75,50,0,'Stares enemies into a slumber, then clobbers them with Kafrizz and Kafrizzle. Can be damaged with darkness. Assesses opponents\' strength, then assumes a disguise to suit the situation. No one knows what he really looks like...','Grotto	',' ','0.00',' ','0.00 ',' ','0.00',' ','0.00',' ','0.00',' ','0.00',' ','0.00',' ','mortamor_(right_claw).png'),('Nokturnus','304',1,74600,2490,8250,255,700,610,350,100,100,100,100,100,50,150,0,0,0,100,0,0,0,0,0,10,25,75,50,5,'Improves his already eye-watering attack with Oomph, then smacks foes silly with a stupidly speedy assault. Brutal bad-dream demon from another dimension. So strong that he makes Mortamor seem more like Snoretamore.','Grotto','Mini medal','100','Red Orb','10-15%','Alefgard Boots','20-25% at levels 16-40','Zenithian Helm','20% at levels 41-56','Alefgard Armor','20-25% at levels 57-80','Alefgard Helm','20% at levels 81-90','Alefgad Helm','25% at levels 91-99',' ','nokturnus.png'),('Orgodemir','305',1,68600,2490,8000,255,660,540,260,150,100,100,100,50,100,100,25,0,0,100,0,0,0,0,0,5,25,75,50,10,'Screams enemies into submission with a blood-curdling cry, then hits hard with Hellfire. Always attacks twice. Doesn\'t like people to know that he\'s a dumpy dragon, so disguises himself as a dashing young dandy.','Grotto','Mini medal','100','Blue orb','10-15%','Estard Shoes','15-25% at levels 1-15','Estard Pants','15% at levels 16-25','Estard Trousers','20-15% at levels 26-56','Estard Hood','20-15% at levels 57-80','Estard Clothes','20-15% at levels 81-99',' ','orgodemir.png'),('Dhoulmagus','306',1,61600,2490,7000,255,540,430,300,100,100,50,100,150,100,100,0,0,0,100,0,0,0,0,0,5,25,50,50,10,'Superfast attacker who likes to rush his foes off their feet, and whose Kacrack packs a kick. Not a fan of earth attacks. Try not to be too annoyed by this self-satisfied clown laughing down his nose at you. Smack the smile off his smug old face!','Grotto','Mini medal','100','Purple Orb','5-10%','Trodainers','10-25% at levels 1-8','Trodain Bandana','15% at levels 9-15','Zenithian Trousers','15-25% at levels 16-56','Zenithian Helm','15% at levels 57-68','Zenithian Clothes','15-25% at levels 69-99',' ','dhoulmagus.png'),('Rhapthorne','307',1,69600,2490,8500,255,670,550,230,100,100,100,50,100,100,150,0,0,0,100,0,0,0,0,0,5,25,75,50,5,'Evil incantations and Kafrizz form just part of this portly demon\'s plan to exterminate his enemies. Lick him with light. Some say his body is so big that it contains enough cursed power to contort the space-time continuum itself.','Grotto','Mini medal','100','Purple Orb','10-15%','Alefgard Gloves','20-25% at levels 1-8','Trodain Trousers','15-25% at levels 9-40','Trodain Bandana','20-25% at levels 41-68','Trodain Togs','15-25% at levels 69-99',' ','0.00',' ','rhapthorne.png');
/*!40000 ALTER TABLE `monsters` ENABLE KEYS */;
UNLOCK TABLES;

--
-- Table structure for table `quests`
--

DROP TABLE IF EXISTS `quests`;
/*!40101 SET @saved_cs_client     = @@character_set_client */;
/*!50503 SET character_set_client = utf8mb4 */;
CREATE TABLE `quests` (
  `id` int NOT NULL AUTO_INCREMENT,
  `code` varchar(3) NOT NULL DEFAULT '',
  `title` varchar(100) NOT NULL DEFAULT '',
  `location` varchar(150) DEFAULT NULL,
  `available` varchar(200) DEFAULT NULL,
  `requested_by` varchar(50) DEFAULT NULL,
  `response_to` varchar(50) DEFAULT NULL,
  `requirement` varchar(500) DEFAULT NULL,
  `reward` varchar(500) DEFAULT NULL,
  `detail` varchar(1000) DEFAULT NULL,
  `hint` varchar(1000) DEFAULT NULL,
  PRIMARY KEY (`id`)
) ENGINE=InnoDB AUTO_INCREMENT=185 DEFAULT CHARSET=utf8mb4 COLLATE=utf8mb4_0900_ai_ci;
/*!40101 SET character_set_client = @saved_cs_client */;

--
-- Dumping data for table `quests`
--

LOCK TABLES `quests` WRITE;
/*!40000 ALTER TABLE `quests` DISABLE KEYS */;
INSERT INTO `quests` VALUES (1,'1','One Good Turn','Angel Falls','After defeating Hexagoon','Questelle','Questelle','Tangleweb','Sleeping Hibiscus','You\'ve been asked by a girl called Questelle in Angel Falls to go and find a Tangleweb. Try investigating the big spider\'s web on the other side of the river just outside the village. Keep your eyes peeled for something twinkly... You found a tangleweb for Questelle in Angel Falls, and she gave you a sleeping hibiscus in return. She told you to look for twinkly spots, as they show there\'s an item in that location. You can do this quest as many times as you like.','Tangleweb at the giant cobweb outside of the village. This quest is repeatable.'),(2,'2','Pleased as Punch','Stornway church','Upon arriving Stornway','Ricki','Ricki','Perform the party trick \'Air Punch\' to Ricki','Pirouette (party trick)','A girl named Ricki in the church in Stornway wants you to egg her on with an air punch.','You can assign party tricks by using the Misc. menu.'),(3,'3','We Like to Party','Stornway church','After completing Quest #002 and Accepted King Schott\'s request to go to Loch Storn to slay the Wight Knight.','Ricki','Ricki','Egg on Ricki','Pray (party trick)','Ricki in the church in Stornway has asked you to egg her on with another party trick.','You can assign a combination of four party tricks to be used right after another by using the Down party trick slot.'),(4,'4','Pick Me Up A Panacea','Stornway plaza','After defeating Morag, Alchemy enabled','Bill','Bill','Panacea','Gleeban Guinea and Recipes for the following: Strength Ring, Slime Earrings, Bow Tie, Agility Ring, Prayer Ring, and Life Ring','Bill, a scholar from Stornway, wants you to make him some Panacea. Apparently you can make it using alchemy.','To complete this quest, you need to collect 7 Medicinal herb and 1 Moonwort bulb. First go to Krak Pot, use Alchemy to Convert items to a Panacea. Give Panacea to Bill to complete the quest.'),(5,'5','Herb\'list','Northwestern tower of Stornway Castle','Upon arriving at Stornway Castle','Angus','Angus','Medical herb, Antidotal herb, Moonwort bulb','Gleeban Groat','A soldier called Angus has asked you to bring him one each of the following: a medical herb, an antidotal herb and a moonwort bulb. He can be found upstair in Stornway Castle.','Medical herb, Antidotal herb can be bought in item store of Stornway. Moonwort bulb can be bought in Zere.'),(6,'6','Get Well Water','Northwestern tower of Stornway Castle','After finishes Quest #5 and defeated Wight Knight','Angus','Angus','Angel\'s Tears','Seed of Life','Angus, the soldier who can be found upstairs in Stornway Castle, has asked you to bring him a remedy from Angel Falls that\'s supposed to be good for curing headaches. You\'ve agreed to look for a remedy that Angus in Stornway Castle needs. According to the man in front of the waterfall at Angel Falls, you\'ll need to find some fresh water if you want him to make the necessary medicine. ','After receiving this quest, go to Angel Falls. Talk to the man on the bridge in front of the waterfall, and he will tell you that he need some fresh water to dilute the water from Angel Falls lest whoever drinks it will have tummy problem. You can find a jug of Fresh water in the northwest corner of Slurry Coast. Take the fresh water to the man before the water fall and you will receive a bottle of Angel\'s Tears, take the Angel\'s Tears to Angus and you can complete the quest.'),(7,'7','Curious Crevice','The well at northeastern corner of Stornway Castle','Upon arriving at Stornway Castle','Hamish','Hamish','Slimedrop','Seed of Strength','You met a bit of a ruffian called Hamish down the well in Stornway Castle, and he asked you to bring him a slimedrop. He seems to think he can use it to squeeze through a narrow gap.','All monsters from Slime family has 1/64 - 1/8 of chance to drop a Slimedrop'),(8,'8','Don\'t Cry Over Spilt Ink','The study at northwestern corner of the Central Hall of Stornway Castle','Upon arriving at Stornway Castle','Earnan','Earnan','Magic Water','Seed of Magic','An old man in Stornway Castle wants you to bring him some magic water. He says he needs to remove some black ink from a very important-sounding book.','Magic Water can be created with Holy Water x1, Royal Soil x1, Nectar x1. Its recipe can be found in Coffinwell, Dr. Phlegming\'s laboratory. You can also find Magic water on: Fire spirit in The Hexagon, drop rate 1/128; Lunatick in Brigadoom, drop rate 1/64; Magus in Quarantomb or Newid Isle, drop rate 1/128; Jinkster in Newid Isle or Tower of Trades, drop rate 1/32; Item store at Porth Llaffan for 500 G; North-east of Swinedimples Academy, via the coast, multiple spawns'),(9,'9','Labour of Love','Stornway - Armour Store','After defeating Morag','Julia','Julia','Evencloth','Pretty Betsy','Julia from Stornway has asked you to bring her an Evencloth. She seems to think the Ragged Reapers around Zere drop them from time to time.','Fight Ragged Reapers in Zere region, there is 1/16 chance of dropping evencloth.'),(10,'10','Wings of Love','Stornway Checkpoint','Upon arriving at the checkpoint','Romeo','Romeo','Wing of Bat','200 G','Romeo, the soldier at the Stornway checkpoint, asked you to bring him a wing of bat. He says the Drackmages near Zere often drop them.','You can find Wing of Bat on: Drackmage in Zere and Doomingale Forest, drop rate 1/16'),(11,'11','The Not-So-Great Escape','Coffinwell well','After acquired the Ultimate key','Prisoner in the well','Prisoner in the well','Hammer handrills','Unhappy hat','There\'s a prisoner in the cell in the well in Coffinwell who wants you to bring him some hammer handrills to help him break out!','Alchemy pot: 1 Handrills + 5 Iron nails + 1 Iron ore = Hammer handrills'),(12,'12','Putting on the Glitz','Porth Llaffan','After completing the Jona Quests at Porth Llaffan','Glitzy','Glitzy','Equip as much precious metal armor and weapons as possible.  This includes Platinum, Gold, etc.  There are multiple combinations that work all of which involved shiny and glitzy metals, hence the title of the quest.  Style points are unrelated to completion.','Majestic mantle','There\'s an young woman with white bunny ears in Porth Llaffan who wants you to put on an outfit that will wow her.','Your equipment has to raise your Style past 230.'),(13,'13','All Fired Up','Dourbridge','Upon arriving at Dourbridge','An old man outside the pub','An old man outside the pub','Any item that can burn','1G','There\'s an old man in Dourbridge who need something to stoke his fire. Anything will do!','Give him something not-so-rare, but also not-so-cheap to receive a better cash reward. For example Horse Manure will do fine.'),(14,'14','Snug as a Thug','Dourbridge','After defeating the Garth Goyle','Colden','Colden','Something snug and warm will do.','Utility belt','Colden wants your party to bring him something soft and snug to keep him warm.','Lambswool is sold at Batsureg and dropped by several different monsters.'),(15,'15','Collapsus\'s Call','Heights of Loneliness - L7','Upon arriving at Heights of Loneliness','Christopher Collapusus','Christopher Collapusus','Special Medicine','Treasure Map - Granite Tunnel of Woe Lv. 1','An explorer called Christopher Collapsus wants some special medicine to help him out of tight spot at the Height of Loneliness.','You can alchemise Special medicine before you come here with 2x Strong Medicine.'),(16,'16','Help Meowt Here!','Bloomingdale - Second floor of Inn','Upon arriving in Bloomingdale. Cat ears equipped on any member ','Meowser','Meowser','Cat Ears','Kitty Shield','A cat called Meowser in Bloomingdale has meowed a request at you!','Buy them from the armour shop or alchemise them using x2 Kitty Litter and a hairband. '),(17,'17','You Shouldn\'t Have... Really','Angel Falls','After visiting Alltrades Abbey','Chanterelle','Chanterelle','5 Belle Caps & 5 Fisticups ','Prayer Ring','Chanterelle from Angel Falls wants you to bring her some mushrooms that she can use to make a packed lunch for her father who is busy with his research. She\'d like five belle caps and five fisticups','Belle Caps and Fisticups are dropped by the Morphean Mushrooms in Coffinwell. They can also be found on the map at various places as grouped shiny dots on the floor. After you have found them you should report back to her. She then asks you to go the Hexagon to give it to \'papa\' . You then have to return back to Chanterelle to get your reward.'),(18,'18','Our Precious Precious','Mountain Pass','After completing Bloomingdale','Pauline','Pauline','Precious','Seed of Skill','Pauline, a woman you bumped into at mountain pass, wants you to help find her children\'s beloved pet, Precious.  Apparently, Precious is very shy, and won\'t come out unless he feels safe.','According to the kids you should dress up as a slime and go hunt slimes alone (unless you really want to make a slime costume for all your characters) after a while a slime with a sad face will follow you out of battle. Go back and talk to Pauline. You will need to wear only slime gear. Examples include a Slood, Gooey gear, and Slime earrings.'),(19,'19','Moving House','Stornway - Outside northwest house','After visiting Alltrades Abbey','Old Man','Old Man','Raging ruby','Life ring','The old man who\'s trying to move his house gives you a Strength Ring. Now you just need to use alchemy to turn it into a Raging Ruby.','Prepare a Raging Ruby by combining the strength ring he gives you. It can be created by combining a Strength Ring with a Corundum. You can find a Corundum in Slurry Coast.'),(20,'20','A Masky Task','Stornway - Northwest house','After Alchemy is enabled','Malinda','Malinda','Papillon Mask','Jaguarment','Malinda from Stornway wants to see if you can make a Malleable Mask even more beautiful with alchemy. She said she would be happy enough just to see the result, but if you give it to her, she\'ll swap it for a Stiletto Heels and a Jaguarment.','First you\'ll need to make a Malleable Mask through alchemy. This requires a Circlet, x2 Butterfly Wing and x2 Narspicious. Next of all you\'ll need to make your Papillon Mask. To make this you will need a Malleable Mask, Dread dagger and x3 Narspicious.'),(21,'21','Spud-She-Like','Stornway - West house','After Alchemy is enabled','Alison','Alison','Sunstone','Saint\'s Ashes','Alison from Stornway wants you to make her a Sunstone. She says you can make one using Mirrorstones, Lucida shards and Hephaestus\' flames, but she doesn\'t know how many you\'ll need of each ingredient.','To make a Sunstone by combining x3 Mirrorstones, x2 Lucida shard and a Hephaestus\' flame. '),(22,'22','Mantle à La Mode','Stornway - Armour Store','After Alchemy is enabled','Kalvin','Kalvin','Macrabre Mantle','Lunar Fan','Stornway fashion designer Kalvin wants you to make him a Macabre Mantle. He says he\'d be happy enough just to see it, but he\'ll swap it for a Lunar Fan if you\'re willing to actually give it to him.','Talk to Kalvin in the Stornway armour shop to start this quest. Next, head to the inn and to make a Macrabre Mantle combine a Dark Robe, x4 Wings of Bat, and x3 Terrible Tattoos. Bring it back to Kalvin to finish the quest.'),(23,'23','Research Assistant','Stornway - Castle Library','After completing Quest 8','Earnan','Earnan','Find an ancient manuscript showing the connection between Brigadoom and Stornway in the Stornway Castle.','3 Seed of Sorcery','Earnan wants you to try and find an ancient manuscript showing the connection between Brigadoom and Stornway in the Stornway Castle.','Make your way towards the Castle\'s treasure\'s room. Examine the opened red box in the middle and you should find a crumpled piece of paper. Go back to Earnan. Then bring him three vials of Magic Water and you\'re done.'),(24,'24','Battering Betterflies','Zere - Outside Church','Reach Level 25','George','George','Drive Betterflies from George\'s Farm','Seed of Defence','Scare 10 Betterflies while in George\'s Farm','Have someone at a high enough level to make the Betterflies flee from you in battle, guard from them until they flee. Level 25 is sufficient enough for them to flee from you.'),(25,'25','Warbling Wellard','Zere - Outside Church','After visiting Alltrades Abbey','Wellard','Wellard','Birdsong nectar','Gleeban gold piece','Thick-voiced thug Wellard from Zere wants you to bring him some Birdsong nectar to smooth his voice.','You can make Birdsong nectar by combining x3 Nectar, x1 Fresh Water and x5 Sleeping Hibiscus. The quest can be repeated.'),(26,'26','Doug and the Sluggers','Coffinwell - Outside the Mayor\'s House','After visiting Alltrades Abbey','Doug','Doug','Kill 10 Sluggers','Mini Medal','Poor old Doug in Coffinwell has had his feelings hurt by his granddaughter, who said he looked like a slugger.  He wants you to make him feel better by going just outside town and battering ten of them.','Sluggers are located in Coffinwell. '),(27,'27','Big-Headed Bard','Coffinwell - Between the armor and item shop','After visiting Alltrades Abbey','Earnest','The nun in Coffinwell Church','Technicolour dreamcloth','Elfin Charm','A poet in Coffinwell called Earnest wants you to find him a bolt of Technicolour dreamcloth. Once you\'ve found it, he wants you to present it to the nun in the church, along with a love poem he wrote for her.','To make a Technicolour dreamcloth combine x3 Grubby Bandage, a Brighten rock and a Celestial Skein. The nun is located outside Coffinwell Church, find her and give all the Technicolour dreamcloth and the love poem to her.'),(28,'28','Desert Foxes','Djust Desert','Upon arriving at Gleeba','Back of sign SW of Gleeba','Back of sign SW of Gleeba','Ten Duneberry','Platinum ore for first completion. Silver platter for subsequent quest completions.','According to the back of a sign you saw just outside Gleeba, A Gleeban beauty who runs a group called the Desert Foxes is looking for ten duneberries that Parched peckerel tend to drop. This quest is repeatable.','Once obtaining all the Ten Duneberries talk to the dancer in the upper left side of the dancing hall.'),(29,'29','Fool\'s Gold','Gleeba - Headquarter of Gleeban Royal Guard','Upon arriving at Gleeba','Ruki','Ruki','Defeat Gold Plated Golem','1000 gold, 500 gold for subsequent quest completions.','Ruki, a trainee guard from Gleeba, told you about a strange request he\'d received. Apparently, the Gold golem who roam the Djust Desert want someone to go after the fake gold-plated golem in their midst. ','Keep fighting Gold golem. When you defeat the right one, the fake\'s plating will fall off and the quest will be completed.'),(30,'30','Wrapper\'s Delight','Gleeba -  Headquarter of Gleeban Royal Guard','Upon arriving at Gleeba','Mehdik','Mehdik','Five Grubby Bandage','Ruby of Protection','Mehdik, a guard from Gleeba, asked you to grab five Grubby Bandages from Manky mummies.','You can find Manky mummies in The Plumbed Depths, steal Grubby Bandage from them using a thief party member who has learnt Half-inch\" or kill them and hope they drop some.\"'),(31,'31','Feathers for a Fan','Gleeba - Dance hall','Upon arriving at Gleeba','Afan','Afan','3 Hocus Chimaera Feather','Magical Skirt','Afan, a young man who hangs around in the dance hall in Gleeba wants you to bring him three hocus chimaera feather so he can impress Belinda, a girl who struts her stuff there.','Use you thief party member to cast Half-inch on Hocus chimaera, then it would have higher rate of dropping the feather.'),(32,'32','Oil Get It!','Gleeba -  Middle of Town','After completing main story','Peregrine','Peregrine','turbo toad oil','two thousand gold coins','A Peddler called Peregrine in Gleeba has asked you to fetch some turbo toad oil. You can get hold of some by defeating an expload with a critical attack.','Kill an Expload with a critical attack. Use Hatchet Man or Thunder Thrust to get critical hits more easily.'),(33,'33','Lady of the Dance','Gleeba - Mirage Mahal - L1 library ','Upon arriving at Gleeba','A book','A book','???','Belly Dance party trick','You read a book in the Mirage Mahal begging someone to seek out the legendary belly-dancing teacher of the Iluugazar Plains. Apparently, he\'s very pretty, and always adorn with jewels...','Go to Iluugazar Plains and kill the Goodybags there. Eventually the dancer (a special Goodybag) will show up and teach you how to belly dance.'),(34,'34','A Simple Task','Batsureg','After defeating Larstastnaras.','Chuluun','Chuluun','Simple Simon or Simple Simone accolade','Veteran\'s Helm','A girl called Chuluun from Batsureg wants to know just how simple a Simple Simon and a Simple Simone would be. Attain one or the other accolade and show Chuluun what she needs to see.','It seems like you\'ll get the accolade after equipping Erdrick\'s Helmet and checking the Battle Records screen.'),(35,'35','All Dolled Up','Batsureg','Upon arriving at Batsureg','Enkh','Enkh','Rag doll','Einhänder','Enkh from Batsureg needs you to recover Batkhaan\'s doll.  You have to search the Iluugazar Plains for a brainy badboon and use Half-Inch after putting the beast to sleep.  If you\'re lucky, you\'ll be able to snatch back the doll.','More info collecting...'),(36,'36','Little Miss Bossy Boots','Swinedimples Academy - Level 1, in front of the bulletin board','After speaking with the gangs','Alchemilla','Alchemilla','2 Royal soil holy water','swinedimples salute','Alchemilla, a pupil at Swinedimples, wants to know if you\'ve got what it takes to enter the academy. It sounds like she\'ll be satisfied if you just bring her two lots of royal soil.','Royal soil appears by Porth Llaffan and the forest near Batzorig\'s mother\'s grave.'),(37,'37','Funghi for a Fun Guy','Pluvi Isle - Southwestern island (inside the Well)','Upon arriving at Pluvi Isle','Gus','Gus','3x Belle cap','Finessence. Magic Beast Horn (if quest is repeated)','Gus, the artist at the well faraway, wants to create a belle cap paradise. He needs you to bring him three belle caps, which apparently grow on the little island in the sea to the east of Gleeba.','List of alchemy ingredients in Dragon Quest IX provides information on where Belle caps can be found. This quest is repeatable.'),(38,'38','Muffled Admiration','Wormwood Creek - Weapon Shop','not sure','Scarface','Scarface','More info collecting...','Elfin Elixir','A warrior from Wormwood Creek wants you to pass on some handmade scarves he made for a selection of sanguinis.','Find and defeat: Teeny sanguini, Pink Sanguini, and Genie Sanguini.'),(39,'39','Follow That Fish!','Porth Llaffan - Jona\'s House ','after finishing the main story','Jona Jones','Jona Jones','Flowing Dress, Watermaul Wand, Silver Shield','Starflight Express become summonable and able to embark anywhere.','Jona Jones from Porth Llaffan thinks she might have seen the real Leviathan, and has asked you to find a way of summoning the great sea-beast. It seems there was once a woman known as Lleviathan\'s serenader in the village...','???'),(40,'40','Man Eating Vegetables','Angel Falls','after completing main story','Veginia','Veginia','Medicinal Herb','Yggdrasil Dew x3','A worried woman in the village shop in Angel Falls wants you to earn the \'Herbalist\' accolade and hopefully set her mind at rest.','Use 100 Medicinal Herbs to get the accolade, then set it as your active title and talk to Veginia again.'),(41,'41','Style Gooru','Angel Falls','after completing main story','Dr. Slimon','Dr. Slimon','Goododendron','Seed of Agility','Researcher Dr Slimon in Angel Falls wants you to find hum a style gooru among the slimes who inhabit the area.','Keep killing slimes outside Angel Falls until one drops.'),(42,'42','Letter Getter','Stornway','after completing quest 047','Rufus','Rufus','More info collecting...','Glombolero','Rufus from Stornway needs you to retrieve a woman\'s final letter and deliver it to a boy named Bryson in a place called Porth something. Defeat a bling badger in a grotto with lots of water, and you may well find the letter.','Gain access to high level water grotto\'s.'),(43,'43','Maid to Wait','Stornway','after completing main story','Gulliver','Gulliver','Maid\'s Mop and the Maid\'s Outfit','Halo','There\'s an old man called Gulliver in Stornway who seems to have been waiting for a maid to come and visit him for fifty years...','Items buyable in the secret shop in Dourbridge.'),(44,'44','A Climber for a Climber','Coffinwell','after completing main story','Mrs. Tofferton','Mrs. Tofferton','More info collecting...','Mini Medal','Mrs. Tofferton, the richest lady in Coffinwell, wants you to find her a beardy weirdy. Apparently, it\'s fashionable among certain circles to keep one as a pet.','Defeat a Treevil with Stone\'s Throw. If the beardy weirdy\'s beard is less than 100 cm long, it will not count toward completing the quest.  This quest is repeatable.'),(45,'45','Tale of the Paper Trail','Coffinwell','after completing main story','Jade','Jade','More info collecting...','Brainy Bracer','A worried mother wants you to find her son\'s test paper, which has blown off somewhere outside of Coffinwell.','Fight random Monsters around Coffinwell until you obtain all three pieces of the torn exam paper.'),(46,'46','Puttin\' \'Em in Platinum','Coffinwell','after completing main story','Dominique','Dominique','More info collecting...','Divine Dress','Dominique from Coffinwell wants you to help her son pass his all-important entrance examination.  All you need to do is find a platinum sword, platinum shield, some platinum mail, and some platinum headgear.','More info collecting...'),(47,'47','Dozy Mayor','Porth Llafan','after completing main story','Man inside Mayor\'s house','Man inside Mayor\'s house','More info collecting...','Seed of Magic','A man in Porth Llaffan asked you to help wake Mayor Bryce, so you gave him some Angel\'s Tears.  The Mayor now seems to be on the mend.','More info collecting...'),(48,'48','A Task for a Cask','Slurry Quay','after completing main story','Barrel on the southern edge of dock','Barrel on the southern edge of dock','Holy Water, Fresh Water, and Magic Water ','Seed of Defence','You heard a voice from inside a barrel on Slurry Quay.  Whoever it is seems to be in need of water.','More info collecting...'),(49,'49','Rock On!','Zere Rocks','after finishing the main story','Rocky','Rocky','Resurrock, Enchanted Stone, Agate of Evolution','Rusty Shield','Rock-obsessed Rocky from Zere Rocks wants you to show him a resurrock, an enchanted stone and an agate of evolution.','See List of alchemy ingredients in Dragon Quest IX for info on where to obtain a resurrock. See List of alchemy recipes in Dragon Quest IX for info on how to alchemise an Enchanted Stone and an Agate of Evolution.'),(50,'50','Confession of Cin\'s','Bloomingdale','Upon arriving at Bloomingdale','Sister Cindy','Sister Cindy','dead man\'s dagger','Seed of therapeusis (Sage\'s Elixir for repeat)','Sister Cindy at the church in Bloomingdale wants you defeat a blood mummy and retrieve a dead man\'s dagger for her.','More info collecting...'),(51,'51','A Martyr to His Ma','Gleeba - Solider barracks','After completing the main story','Walter','Walter\'s mother in Wormwood Creek','Sainted_Soma','Ethereal Stone','A soldier called Walter from Gleeba wants you to get hold of some sainted soma and deliver it to his deer old mother in Wormwood Creek.','Alchemy: 2x Lucida shard + 2x Sage\'s elixir + 2x Astral plume = Sainted soma'),(52,'52','Tall Order Cook','Mirage Mahal - Kitchen','After completing the main story','Fry','Fry','3x Horse_Manure, 7x Cowpat','Gleeban gold piece','Fry, the chef at the Mirage Mahal kitchen, wants you to ask farmer George Crofter from Zere to send lots of vegetables!','List of alchemy ingredients in Dragon Quest IX provides information on where horse manure and cowpats can be found.'),(53,'53','Magmalice Mania','Wormwood Creek - small house next door to inn','After completing the main story','Hordy','Hordy','Magmalice handprint','Prince\'s pea coat for first completion. Bow Tie for subsequent completions.','Hordy from Wormwood Creek wants you to get him a magmalice handprint. He\'s given you a big bit of paper. If you\'re lucky, you should be able to get a magmalice handprint by defeating a magmalice at the Magmaroo.  This quest is repeatable.','Quest description tells you everything you need to know.'),(54,'54','Moai Memorabilia','Wormwood Creek - inn','After completing the main story','Stasha','Stasha','Mega moai headprint','Princess\'s robe for first completion. Pink pearl for subsequent completions.','Stasha from Wormwood Creek wants you to get her a mega moai headprint. She\'s given you a big bit of paper. If you\'re lucky, you should be able to get a print by defeating a mega moai at the Magmaroo.  This quest is repeatable.','Quest description tells you everything you need to know.'),(55,'55','Mummy\'s Little Hero','Pool of Spirits / Angel Falls Region','after doing quest #39','Timmy','Timmy','Wakerobin','Rockbomb Shard','Timmy, the boy you met at the Pool of Spirits near Angel Falls, wants you to bring him a wakerobin.','List of alchemy ingredients in Dragon Quest IX provides information on where Wakerobins can be found.'),(56,'56','Nicholas\'s Necklace','small island in Eastern Stornway','after doing quest #039','Nicholas','Nicholas','none','Seed of Defence','Nicholas, who lives on a small island east of Stornway, wants you to retrieve a memento of his lost Anabella, which he says was stolen by a man named Woody Nickitt.','Go to the house of Woody Nickitt (to the north) at night and try to speak to him while he\'s sleeping. He\'ll tell you that an Abyss Diver stole the necklace. Sail along the west border of the world map until one of these beasts spawns. After the fight, one will drop a treasure cheast containing a memento necklace. Take it back to Nicholas.'),(57,'57','Not Nicholas\'s Necklace','small island in Eastern Stornway','after quest #056','Woody Nickitt','Woody Nickitt','none','Seed of Agility','Woody Nickitt, who lives on a small island east of Stornway, wants you to retrieve the memento of his lost love, Annabella, that he says was stolen by a man named Nicholas.','Go to Nicholas\' house at night and try to speak to him while he\'s sleeping. He\'ll tell you that (this time) a Pink Sanguini stole the necklace. Zoom to Bloomingdale and fight some of them, until one finally drops the necklace.'),(58,'58','Fixing the Sicklops','Newid Isle','Complete Quest #39','boy standing next to a cyclops','boy standing next to a cyclops','More info collecting...','A random treasure map','A boy you met at the lakeside tree on Newid Isle wants you to cure a sick cyclops.  go to a grotto and fight Atlas until his HP is seven hundred or below, and then steal his titanic tincture.','Atlas hides in grotos 52 and up'),(59,'59','Runny Bunny','Eastern Wormwood','after finishing the main story and doing quest #39','Shanice','Shanice','Metal Slime Sollerets','Venus\'s Tear','Shanice, the bunny girl in the northern well at the top of the mountain in Eastern Wormwood, wants you to bring her some shoes that will help her run as fast as a metal slime.','The Metal Slime Sollerets can rarely be found in a rank A blue treasure chest in a level 60+ grotto.'),(60,'60','That Makes Scents','Eastern Wormwood','after doing quest #039','Myrrhia','Myrrhia','Nectar, Thinkincense, Narspicious','Enchanted Stone','Myrrhia from the southern well at the top of the mountain in Eastern Wormwood has asked you to bring her something calming, something sweet-smelling and something spicy, yet suspicious, for an incense for King Considerate.','Look for a thinkensense, a narspicious, and a nectar.'),(61,'61','Mager Migraine','Western Wormwood','after doing quest #039','Cephalgernon','Cephalgernon','Hexite','Lucida Shard','The Grand Wizard Cephalgernon in the well in Western Wormwood says he\'ll grant you a wish if you bring him some hexite.  Find and defeat Shogum in his grotto lair to come up ith the goods!','More info collecting...'),(62,'62','Brian\'s Dyin\' Wish','Cringle Coast - Cave on the island in the North/East corner of the world map','after doing quest #039','found on a scrap of paper near Brian\'s Corpse','Brian\'s corpse','Larrrst letter','Baramos\'s Map (Legacy Boss Treasure Map)','A scrap of paper you found on a corpse in a cave on an island off the Cringle Coast implores you to locate a sea captain who set off across the sea in search of a certain grotto. Some salamarauders were apparently going to the very same grotto.','Salamarauders can be found at Tywll Cave and Slurry Coast. Keep fighting them until one drops a treasure chest containing a \'bedraggled piece of paper\', turns out this is the larrrst letter of the captain. Return with it and read it to Brian\'s corpse.'),(63,'63','Keep your Eyes Peeled','Swinedimples Academy - Church','After defeating the Dreadmster, with a party member with 30+ sword ability','Marco','Marco','More info collecting...','Warrior\'s Sword','Marco, who teaches swordmanship at Swinedimples, wants to put you to the test. He\'s asked you to find a red signpost that\'s somewhere out there in the world, then come back and tell him what\'s written on it.','The sign is on an island in Western Wormwood. Don\'t forget to look at the back of the sign!'),(64,'64','Turn in Your Badges','Swinedimples Academy - Church','After defeating the Dreadmster, with a party member with 100 sword ability','Marco','Marco','More info collecting...','Gigagash sword technique','Marco, who teaches swordmanship at Swinedimples, wants to put you to the test. On his travels he buried badges by the cities he visited, retrieve them all.','Marco\'s diary is on the bookshelves in the Swinedimples teachers lounge and will tell you all of the badge locations. You must obtain them in the order Marco visited the towns. Bloomingdale, Gleeba, Angel Falls, Coffinwell, and Swinedimples. Obtain the badges by fighting the monsters outside of the towns until they drop a badge, it often helps if your warrior deals the finishing blow on these monsters'),(65,'65','Operation Mercury','Swinedimples Academy','After defeating the Dreadmster, with a party member with 30+ spear ability','Lance','Lance','More info collecting...','Halberd','Lance the spear teacher at Swindeimples asked you to kill three metal slime stacks with pressure pointer.','You can encounter metal slime stacks in the Bad Cave near Bloomingdale, or on Slime Hill (but you need control of the starflight express to go there).'),(66,'66','Operation Multithrust','Swinedimples Academy','After defeating the Dreadmster, with a party member with max spear(100) ability','Lance','Lance','More info collecting...','Lightning Storm ability','Lance\'s final exam, defeat a group of gloomy gastropods (found in Gittingham palace area) at the same time with Multithrust ability five times','If you have completed the game, go to Stornway and buy Demon Spear.  The Demon Spear can kill instantly, leaving more attack for the other gastropod'),(67,'67','Nab the Knife-Nicker','Swinedimples Academy','After defeating the Dreadmster, with a party member with 30+ knife ability','Madame Couteau','Madame Couteau','broken blade','Icicle Dirk','Retrieve Madame Couteau\'s kitchen knife! When the offending shivery shrubbery is sleeping, finish it off with a Toxic Dagger attack.','More info collecting...'),(68,'68','Spice Up Your Knife','Swinedimples Academy','After defeating the Dreadmster, with a party member with 100 knife ability','Madame Couteau','Madame Couteau','More info collecting...','\'Knifing Know-How\'','Can you pass Madame Couteau\'s test and gain acces to the ultimate knife knowledge? Your task is to finish off an envenomated bad karmour with Victimiser in ten separate battles.','No matter how many bad karmours you kill this way per battle, it will only count as 1 towards your total. Make sure you don\'t have a weapon like Assassin\'s Dagger equipped as it could ruin any potentional kill by Victimiser.'),(69,'69','You Scratch My Back','Swinedimples Academy','After defeating the Dreadmster, with a party member with 30+ wand ability','An old man','An old man','Backscratcher','Brouhaha boomstick','There\'s an old man at Swinedimples Academy who need his back scratching, but first you\'ll need to find the perfect wand for the job.','head for Twyll Cave north of Port Llaffan, one of the salamarauders will have the backscratcher.'),(70,'70','Look, Back in Anger','Swinedimples Academy','Complete Quest 69, Wand Skill 100','An old man','An old man','Molten Magma, Toad Oil','“Wands and Beyond”: Zing Stick ability','There\'s an old man at Swinedimples Academy who needs some medicine, but first you\'ll need to find the ingredients!','The Molten Magma is a special item drop so the quest must be accepted in order for this item to drop. It can be found at Magmaroo upon defeating live lavas.'),(71,'71','Staunch the Stench','Swinedimples Academy','After defeating the Dreadmster, with a party member with 30+ staff ability','Paulo','Paulo','More info collecting...','Killer Piller','Paulo from Swinedimples, wants to use the Deliverance staff ability to defeat a stenchurion in the sea to the north of Gleeba, and bring back the mirror it stole from him.','Discription tells you all you need to know.'),(72,'72','Jump for Joy','Swinedimples  Academy','Once a character has 100 skill points in staff skills and quest 071: Staunch The Stench is complete','Joy [only at night]','Joy [only at night]','Laundry pole, staff scroll','\'Staff Studies\' - gains use of Counter Wait abilty when put in characters inventory','Talk to Paulo at night and the ghost of Joy will appear and will ask you to go into a grotto and kill Nemean with a blow from the laundry pole (the weakest staff in the game). Once defeated, he will drop the staff scroll.','Increase tension, use sap spells to decrease Nemean\'s defence, and attack improvements to make the job easier.'),(73,'73','Whipping Boy\'s Wish','Swinedimples Academy','After defeating the Dreadmster','Toadie','Toadie','Whip','Spiked Steel Whip','Toadie, a pupil at Swinedimples, wants to buy his teacher Mr. Whippy a new whip. See if you can find one that he will be happy with.','Go to the island with the lighthouse near bloomingdale and talk to the girl in the bunny suit. She will ask for some ingrediants for a whip. Give them to her then meet Toadie to get your reward.'),(74,'74','Mr Whippy\'s Wish','Swinedimples Academy','After defeating the Dreadmaster','Mr Whippy','Mr Whippy','none','\'Working with Whips\'','Mr Whippy, a teacher at Swinedimples Academy wants you to pass a test so he can give you the ultimate whip ability.','Talk to the bunny girl at the blooming beacon to get the test. She will ask you to defeat a Dreadful Drackal and a Drastic Drackal with a normal attack from a leather whip. It must be the final strike to count.'),(75,'75','Rake a Tail Feather','Swinedimples Academy','After defeating the Dreadmster, with a party member with 30+ claw ability','Klaus','Klaus','10 Tiny feathers (Obtained by killing robo robins with can opener)','Kestrel Claw','Klaus, the claw teacher at Swinedimples, wants you to find him ten tinny tail feathers. Apparently, robo-robins drop them when they\'re defeated with Can Opener.','Go to Iluugzar Plains and you should be able to find some Robo Robins. When your in the battle make your claw user(s) attack the robo robins with can opener and make the rest of your party defend to do this quest easily. '),(76,'76','Talonted Trio','Swinedimples Academy','After defeating the Dreadmster and completing quest # 75, with a party member with 100 claw ability','Klaus','Klaus','More info collecting...','book \'The Core of the Claw\', technique Hand of God','Time to take on Klaus\'s challenge and defeat his three apprentices with your claws. The first has sharp talons and looks like a wolf. Hes somewhere near the Snowberian Coast, to the south of Swinedimples. The second apprentice is a man like monster with iron claws, who is currently lurking in a palace dungeon somewhere. The final apprentice lives at the end of the ocean and has huge, hardy claws and a rock solid shell.','Defeat Tearwolfs on the Snowberian Coast. Report to Klaus for the second clue. Go to Oubliette, it is a dungeon located in the depths of Gittingham Palace. Defeat Claws. Report to Klaus for the third clue. Sail around the edges of your map looking for King Crabs, they are tan and orange.'),(77,'77','Cool-Fanned Kook','Swinedimples Academy','After defeating the Dreadmster','Fanny','Fanny','freezing feather','White Tiger fan','Fanny, a teacher from Swinedimples, has asked you to bring her a freezing feather, an item that monsters in the snowfields apparently sometimes drop. She says she want to cool herself down by making a fan out of it.','The freezing feather drops from Apeckalypse after you have accepted the quest.'),(78,'78','Oh, the Indignity','Swinedimples Academy, 2nd floor','After completion of quest #77, with a party memeber with a fan skill of 100','Fanny','Fanny','???','???','Kill a liquid metal slime using the fan dango ability. (must also have bunny ears and bunny tail equipped)','Make sure to talk to Fanny again with the necessary items equipped! Otherwise, the kills will not count.'),(79,'79','Bring Oi Back Me Axe','Swinedimples Academy','After defeating the Dreadmster, with a party member with an axe skill of 30','Mike the Axe Teacher','Mike the Axe Teacher','Teacher\'s Axe','Pro\'s Axe','Retrieve the axe for the axe teacher.','Head to the Urdus Marshland and find Treevils. Kill a few and eventually one will drop Max\'s Axe.'),(80,'80','\'Achet Job','Swinedimples Academy','full axe skill, quest #79 complete','Max the Axe Teacher','Max the Axe Teacher','Kill 3 Magmalices, 3 Stone Guardians and 3 Bad Karmours using Hatchet Man','\'Advanced Axecraft\'','Use the Hatchet Man ability in battle to kill the required monsters.','Magmalices are in the Magmaroo, Stone Guardians are found in Gittingham Palace and Bad Karmours can be found in the Oubliette.'),(81,'81','Mallets Mallet','Swinedimples Academy','After defeating the Dreadmster','Bumbles','Bumbles','More info collecting...','Terra Firmer','Bumbles from Swinedimples has confessed to you that she broke her teachers hammer. You should be able to find some information in the library that will help you fix it.','the book is in the first shelf in the library. admirers are in the plumbed depths'),(82,'82','To Shell and Back','Swinedimples Academy','Hammer skill 100, quest #81 complete.','Mrs Mallet','Mrs Mallet','Use Bagsy Last to kill a Liquid metal slime while wearing a tortoise shell','\'Hardcore Hammering\'','???','You can buy a tortoise shell in Port Llaffan and Slurry Quay. The liquid metal slime is in The Bowhole.'),(83,'83','Beautiful Bowginnings','Swinedimples Academy','After defeating feating the Dreadmster','Archie','Archie','More info collecting...','Billowing Bow','Archie, a teacher from Swinedimples, has asked you to defeat ten (10) Peckerals with the ability of Flutter Disaster.','A good place to find the Peckera is in Batsureg.  Don\'t forget to level up your bow skill to get the ability.'),(84,'84','Beauty and Beyond','Swinedimples Academy Theater','After Quest 84','Archie','Archie','More info collecting...','\'Archery for the Adept\'','You need to kill 10 Boss Trolls with Rain of Pain being the killing blow.','Boss Trolls have roughly 500 HP.  Monitor your damage and plan Rain of Pain accordingly.'),(85,'85','Comeback Kid','Swinedimples Academy','After defeating the Dreadmster, with a party member with 30+ boomerang ability','A student','A student','More info collecting...','Eaglewing','A student at Swinedimples is troubled, and wants you to defeat a metal slime with a Power Throw to prove your boomerang skills. Once you\'ve done that, it sounds like he has something else he needs to ask you to do.','More info collecting...'),(86,'86','Brave the Caves','Swinedimples','After defeating Dreadmaster, 100 points in bow, completed quest 85','Kylie','Kylie','Bonzer Boomeranging, Better Boomeranging, Basic Boomeranging','\'The Boomerang Bible\'','Kylie, a student at Swinedimples, wants you to take on the boomerang teacher\'s challenge, but first you\'ll to find out what it is!','Go the art room on the second floor and grab the piece of paper under the desk. Travel to Tywill Cave and fight Mortoads until you receive Bonzer Boomeranging. Next, head to the Bad Cave and defeat Hunter Mechs until one drops Better Boomeranging. Go toward the BowHole and kill Living Statues until you get Basic Boomeranging. Then head back to Kylie to finish the quest.'),(87,'87','Sucking Up to Buckler','Swinedimples Academy','After defeating the Dreadmaster','Buckler','Buckler','More info collecting...','White Shield','Buckler, the shield teacher at Swinedimples, said that if you want to improve your skills, you just need to practise by defending against enemy attacks with your shield.','Equip a shield with a high block chance and battle grotto bosses.'),(88,'88','Buckler\'s Buckler','Swinedimples Academy - room adjacent to the headmaster','After defeating the Dreadmaster, when a party member has 100 shield ability','Buckler','Buckler','More info collecting...','\'Secrets of the Shield\' - guaranteed block of critical hits when equipped with a shield','Cecil, the fisticuff teacher at Swinedimples, wants you to finish off 10 Killer Machines with the Blockenspiel ability.','Find them in Gittingham Palace or the surrounding areas.'),(89,'89','Way of the Fitht','Swinedimples Academy','After defeating the Dreadmster, with a party member with 30+ fisticuff ability','Cecil','Cecil','More info collecting...','Tought Guy Tattoo','Cecil, the fisticuff teacher at Swinedimples, wants you to finish off ten wyrtles with Knuckle Sandwich ability. He\'s promised you something good in return if you manage it!','More info collecting...'),(90,'90','One Latht Tetht','Swinedimples Academy','After completing Quest 89 with a party with 100 fistcuff ability','Cecil','Cecil','More info collecting...','Reward(s) unknown yet...','Defeat 50 monster in a grotto on or below level ten while wearing no equipment. Only then will he give you the book containing the final secret of fisticuffing.','The wording on this quest make it difficult to understand at the beginning. it actually means the level has you go futher into the grotto (e.g. b10, b11) the requirement is still the same though.'),(91,'91','Critical Appraisal','Wormwood Creek - by the fence on the south edge of town','With a level 15 Warrior in your party','Kevo','Kevo','Enrage two monsters, then kill them with a critical hit from the Attack action while they\'re still angry.','warrior\'s armour','Kevo from Wormwood Creek wants to know just how formidable you are! He wants you to get two monsters really angry and then finish them off with regular critical attacks.','Use Whistle (or Eyes On Me if you\'ve got a Luminary handy) to enrage the monsters; the monster doesn\'t have to be angry with the character who kills them'),(92,'92','Warriors Three','Wormwood Creek - by the fence on the south edge of town','With a level 40 Warrior in your party after completing quest 091','Kevo','Kevo','Enrage ten mandrake marauders at the Magmaroo and kill them.','5000G and \'Warrior\'s Workbook\'','Farmer Kevo in Wormwood Creek needs you to protect his hometown! He wants you to get the attention of ten mandrake marauders at the Magmaroo and make them really angry before polishing them off.','Use Whistle (or Eyes On Me if you\'ve got Luminary experience) to enrage the required monsters. '),(93,'93','Eggclesiastics','Down the well in Wormwood Creek','With a level 15 Priest in your party','Old Man','Old Man','Defend yourself from attack 30 times.','Ascetic Robe and Priestess\'s Pinafore ','An old man you met down the well in Wormwood Creek wants you to look after his egg. It appears to thrive off its carer\'s love and affection. All you need to do is defend yourself from attack thirty times, and you\'ll be a winner.','Find monsters in Eastern Wormwood that can attack the whole party and have everyone defend. Every defended hit counts!'),(94,'94','Nurtural Selection','Down the well in Wormwood','With a level 40 Priest in your party, and finished Quest #93','Old Man','Old Man','Heal party members at critical HP (when their name/hp is an orange color) with Moreheal 20 times. This must be done during a battle.','Priest\'s Primer Scroll','???','First, go to the Magmaroo and walk in the lava until your HP reaches 1. Then fight with monsters and use Moreheal 20 times.'),(95,'95','Free the Faerie Two','Alltrades Abbey - Inn','With a level 15 Mage in your party','Wanda & Wandine (by staying in the inn)','Wanda & Wandine (by staying in the inn)','Defeat 10 monsters using Frizz with that character that has the Faerie Staff equipped.','Fizzle-retardant suit, Fizzle-retardant blouse','While staying at the inn in Alltrades Abbey, you had a dream of two faeries, Wanda and Wandine, trapped inside a wand. Equip the faerie staff they gave you and use Frizz to defeat ten monsters and release the faeries from their prison.','Only the monsters that are defeated with Frizz by the mage party member equipped with Faerie staff counts. Fight with the slime that will form a stack, by defeating all but one slime, the remaining one will keep calling for backups.'),(96,'96','Faerie Nearly There','Alltrades Abbey - Inn','With a level 40 Mage in your party, and finished Quest #095','Wanda and Wandine (by staying in the inn)','Wanda and Wandine (by staying in the inn)','Faerie staff','\'Mage\'s Manual\', Faerie staff ','While staying at the inn in Alltrades Abbey, you had a dream of two faeries, Wanda and Wandine, trapped inside a wand. Equip the faerie staff they gave you and defeat ten wight priests with regular attack to release them...','Only the monsters that are hit by the mage party member equipped with Faerie staff counts. Wight priests can be found in The Old School. If a wight priest resurrects another wight priest with zing he can be killed again count multiple times towards the quest.'),(97,'97','Cry Wolf','Alltrades Abbey - Outside','After defeating Master of Nu\'Un, with a level 15 Martial Artist in your party ','Brusque Lee','Brusque Lee','Defeat 5 scarewolves with a terrifying War Cry.','slick slacks','Brusque Lee at Alltrades Abbey has set you a  challenge in return for the ultimate secret of martial arts: make five scarewolves quail with a terrifying War Cry before dealing the final blow.','Only the monsters that are defeated at the same turn they are stricken with terror by War Cry counts. Adjust your equipments so that your Martial artist can be the first one to act, and your other party member can defeat the monster after him/her. '),(98,'98','Slowly, Slowly, Critty Golem','Alltrades Abbey - Outside','After completing Quest #097, with a level 40 Martial Artist in your party','Grandmaster Hun Tun Punch','Grandmaster Hun Tun Punch','Defeat 3 golems with regular critical hits','Martial Artist\'s Manual','If you want to learn the ultimate secret of the martial arts from the Grandmaster, you\'ll need to complete his challenge! Defeat three golems with regular critical attacks to show your strength.','Kill golems with regular attacks until you kill 3 with regular critical hit.'),(99,'99','B-Coming One of the B-Team','Dourbridge Pub','Upon arriving at Dourbridge','Buster','Buster','Tycoon\'s trove','Rogue\'s Robe, Roguess\' Robe, 1000 coins','You met Buster in the pub in Dourbridge, and were invited to join his infamous gang, the B-Team. All you have to do is steal back the tycoon\'s trove swiped by a hunter mech last seen in the Bad Cave north of Bloomingdale. ','Go to the Bad Cave, and when you see a Hunter Mech use Half-Inch until you steal the \'tycoon\'s trove\' and you might get luck and steal a hunters bow durring the procces.'),(100,'100','Busted','Dourbridge Pub','After completed Quest #099, with a level 40 Thief in your party','Buster','Buster','Lunar diamond','\'Thief\'s Theory\' and 10,000 G','Buster, the thief you met in the pub in Dourbridge, wants you to help him get revenge. He need you to steal back a lunar diamond from a sorcerer in the basement level of Gerzuun.','Go to Gerzuun and head to basement, use Half-inch when you meet a sorcerer.'),(101,'101','Eggstreme Sports','Alltrades Abbey','After defeating Master of Nu\'Un, with a level 15 Minstrel in your party','Tom Foolery','Tom Foolery','Egg Up one ally to the maximum tension 5 times.','Flamenco Shirt, Dancer\'s Dress','You\'ve become an apprentice to Tom Foolery, a spirit minstrel at Alltrades Abbey. Your first task is to Egg On your party members into a state of super-high tension five times.','This can be done together with Quest #103 Gladiator Graduator to save some time.'),(102,'102','Prat\'s the Way to Do It!','Alltrades Abbey','With a level 40 Minstrel in your party, and finished Quest #101','Tom Foolery','Tom Foolery','Use a critical pratfall on two monsters','\'minstrel\'s manual\'','Tom Foolery at Alltrades Abbey wants you to get into training to make a special someone laugh by splitting the sides of two monsters with critical Pratfalls first!','Use the skill Pratfalls\" on two monsters until you got \"Critical Pratfall\". Then go to Stornway Castle  take the staircase on the southwest corner  and talk with the prisoner in the east cell. Select \"No\" when he ask you a question. After that go back to Alltrade Abbey and report to Tom Foolery.\"'),(103,'103','Gladiator Graduator','Alltrades Abbey - in front of the inn','After defeating Master of Nu\'Un','a priest','a priest','Use Egg On to maximize a party member who knows Dragon Slash, and kill 3 slimes.','Gladiator class becomes available','A priest at Alltrades Abbey has told you that a gladiator need not only strength, but also composure. You must demonstrate this by defeating three slimes using Dragon Slash while you\'re in a state of super-high tension.','Go to Angel Falls to fight the weakest slimes, and use Sleeping Hibiscus to stop them from fleeing. Another method is to use a martial artists war cry to paralyze the enemy with fear to prevent them from fleeing. '),(104,'104','Glad to be of Service','Hermany - island east of Snowberia','After completing quest 103 and have a level 15+ gladiator on team','Maximus Unscrupulus','Maximus Unscrupulus','More info collecting...','Tactical Vest and Brawling Byrnie','deafet 10 drackals with the gladiator skill double up','use zoom to blasteg go south-east go into an area that looks like a lake, here 3 monsters appear a troll(fat and has club), gruffon(2 legged dragon), and finnaly a drackal(a dragon with no wings) the only thing here that doesn\'t team up is the troll so look for a drackal mainly then for gruffons.'),(105,'105','Challengus Maximus','Hermany - island east of Snowberia','After completing quest 104 with level 40+ Gladiator','Maximus Unscrupulus','Maximus Unscrupulus','Get envenomated, then use Double Up and finish off three green dragons with Double-Edged Slash.','Gladiator Guide which allows you to attack twice per turn sometimes','Unscrupulus Maximus gave you his final challenge, to be subject to envenomation, use Double up, and finish off three green dragons with Double-Edged Slash.','Green dragons can be found in Lonely Coast and Magmaroo. '),(106,'106','Taking Soul Control','Gleeba, on the roof of the palace','Upon arrival in Gleeba','Brunhild','Brunhild','Take 10 hits meant for party members using the Warrior skill Whipping Boy.','Paladin class becomes available','Brunhild at the Mirage Mahal wants to see if you\'ve got what it takes to be a paladin. You need to use the Whipping Boy ability to protect your companions ten times in battle in the Djust Desert.','Find monsters that hit several times or a group of monsters.'),(107,'107','Off the Record','Gleeba, on the roof of the palace','After reaching lvl 15 as a Paladin.','Brunhild','Brunhild','Defeat three infernal armours with the Pincushion ability.','Holy mail, Holy femail','Time to prove who\'s the most superior paladin: you or Brunhild of the Mirage Mahal. Your task is to defeat three infernal armours with damage deflected by the Pincushion ability.','Attack with care (they have 110 hp, but also have healing spells, so if you\'re too gentle they won\'t be low enough to pop themselves on your spikes), and don\'t wear your best armour because there might not be any damage for Pincushion to reflect if you do.'),(108,'108','Top-Flight Knight Fight','Gleeba, on the roof of the palace','After reaching lvl 40 as a Paladin.','Brunhild','Brunhild','Use H-Pathy ability on a party member that only have 1 HP left five time.','Paladin’s Primer','Time to decide once and for all who’s the best; you or Brunhild of the Mirage Mahal! You need to bring a companion with only one health point remaining back from the brink with H-Pathy in five separate battles!','Go make a new character or take your lowest character to a damaging area like Doomingale Forest and low it up by moving in it till it only have 1 HP left, then go enter a battle with one of the monster roaming around there. Once in the battle simply use H-Pathy on it and kill the monsters afterward. Then simply repeat the process four more time.'),(109,'109','Elementary Training','Alltrades Abbey','After defeating Master of Nu\'Un','Windy','Windy','Defeating 2 Metal slime by a mage casted Wizard Ward ','Armamentalist class become available.','Windy at Alltrades Abbey says you must use the Fource of Mother Nature if you want to join the great fellowship of armamentalists. He wants you to erect a Wizard Ward before defeating two metal slimes in battle.','Equip your mage party member with Poison needle, and weaken the slime with a Metal Slash, a sword skill, after you have casted Wizard Ward. '),(110,'110','Fource In the Field','Alltrades Abbey','After reaching lvl 15 as an Armamentalist','Windy','Windy','Defeat 10 White Tigertaur by an armamentalist that decresed its defence with Sap and used Fire Fource to defeat it with a regular attack.','Fencing jacket, Fencing frock','You\'ve risen to armamentalist Windy\'s challenge at Alltrades Abbey! He wants you to sap the defence of ten white trigertaurs by two levels, and then defeat them with a regular attack fuelled with Fire Fource.','Go to Cringle Coast. First round cast Fire Force on the melee character of your choice whil a secondary caster cast Sap. Second round have your melee character attack, while both casters use Sap. Rinse and repeat till you have a total of 10 White Tigertaur. '),(111,'111','The Fource...Forever','Alltrades Abbey','With a lvl 40 or higher an Armamentalist in the party','Windy','Windy','Kill the requested monsters with the appropriate Fource.','\'Armamentalist\'s Album\'','Windy at Alltrades Abbey wants you to defeat five monsters with the five Fources: a magmalice with Fire, a great gruffon with Frost, a cumulus rex with Gale, a king slime with Life, and a raving reaper with Funereal. ','None of the monsters are particularly hard to find. In every case, you\'re being asked to use the worst possible Fource for that monster.'),(112,'112','Ranger Changer','Heights of Loneliness - Entrance','Upon arriving at Heights of Loneliness','Odval','Odval','Kill 3 Hocus Chimaera using poison.','Ranger class become available.','you accepted Odval\'s challenge at the Heights of Loneliness. She wants you to use Toxic Dagger to envenom three hocus chimeras and polish them off with poison alone','Have a thief equipped with a knife in order to use the skill. Then equip your party member with Poison needle, this make sure that you can poison the enemy but don\'t kill them. When you poison a Hocus Chimaera, defend and wait until it finishes its miserable life. Cast Antimagic if you can to prevent it from healing as it is prone to using midheal.'),(113,'113','Hoarse Whisper','Heights of Loneliness - Entrance','With a level 15 Ranger in your party','Odval','Odval','More info collecting...','Nomadic deel','Odval at the Heights of Loneliness says that a true ranger must be able to talk to the animals. She wants you to attract the attention of twenty beasts by angering them, and then calm them down again with Soothe Sayer.','Keep hitting monsters until they get angry. Boss monsters are good targets because they are not as easily to beat as normal monsters, so remember to cast Soothe Sayer when they get angry. Use Whistle and Eyes on Me to enrage monsters faster.'),(114,'114','One-Turn Wonder','Heights of Loneliness - Entrance','With a level 40 Ranger in your party','Odval','Odval','More info collecting...','\'Ranger\'s Revalations\'','???','More info collecting...'),(115,'115','Sages in the Pages','Gittingham Palace - L2 North','Upon arriving at Gittingham Palace','Supreme Sage','Supreme Sage','Kill 5 Great trolls with Frizz.','Sage class becomes available.','The Supreme Sage, who sleeps between the pages of a book on the shelves of Glittengham Palace, asked if you\'d like to become a sage too. To do so, you have to finish off five great trolls with Frizz.','Great troll could be found in realm of the mighty. If you could tension up(egg on)your mage and use channel anger(to increase magic might a lot), that shall do the trick.'),(116,'116','Sagier and Pagier','Gittingham Palace - Bookshelf in Gittingham Palace - L2 North','WIth level 15 Sage in party and after quest #115','Supreme Sage','Supreme Sage','Kill Equinox with Bang.','Sage\'s Robe','???','Equinox has 1800hp. keep track on how much HP he has left, then kill him with bang when he\'s at around 100hp.'),(117,'117','Engaging the Sage','Gittingham Palace - Bookshelf in Gittingham Palace - L2 North','With a level 40 Sage in the party and after quest #116','Supreme Sage','Supreme Sage','Kill Atlas with Zam. ','\'Sages\'s Scripture\'','If you want to know the Supreme Sage\'s most sacred secret, you\'ll have to put on a real command performance. Finish Atlas off with Zam to satisfy the absent-minded, book-dwelling mystic from Gittingham Palace.','Atlas can potentially be found in grottos of Regret, Bane, Fear, Dread, Hurt, or Gloom. Grind for maps of quality 81-180 or 201-248 if you haven\'t got an Atlas map already.'),(118,'118','A Star is Born','Gleeba','after finishing the main story','Applaudia','Applaudia','Kill a moai minstrel with Hot Lick.','Luminary class becomes available.','Applaudia in Gleeba says that the path to becoming a great luminary is paved with blood, sweat and tears.  She wants you to defeat a moai minstrel with the Hot Lick ability to prove your worth.','Moai minstrels live in higher level grottos.'),(119,'119','Sign for Your Supper','Gleeba','Luminary of at least level 15','???','???','Kill a monster with a critical Autograph','Star\'s Suit','???','???'),(120,'120','A Star is Born','Gleeba - dance hall','with a level 40 Luminary in the party, after completing quest 119.','Applaudia','Applaudia','Anger 10 moai minstrels with Eyes On Me while under the influence of Extreme Makeover, and kill them.','Reward(s) unknown yet...','You have accepted Applaudia\'s final challenge: use Extreme Makeover to optimise your appeal, then employ Eyes on Me to attract ten moai minstrels\' attention before exterminating them.','Moai minstrels live in higher level grottos.'),(121,'121','A Cloudless Skye','Upover','after finishing the main story','Skye','Skye','Miracle sword or Über miracle sword ','Astral plume','A girl called Skye from Upover wants you to bring her a cloud. Apparently, if you make a miracle happen, you might just be able to touch one.','Defeat some Cumulus rexes (around Upover) with either the Miracle sword or the Über miracle sword until one drops \'something fluffy\'.'),(122,'122','Bert\'s Berfday','Bloomingdale','after finishing the main story','Bert','Bert','More info collecting...','Fingerless gloves','Bert at the inn in Blomingdale wants you to get him a birthday cake and a party popper.','Change your birthday in the profile settings to today and talk to the special guests in Erinn\'s inn.'),(123,'123','A Present from the Past','Stornway - Quester\'s Rest','after finishing the main story','Erinn','Erinn','More info collecting...','Yggdrasil dew','Erinn has asked you to help her find a grotto with the words \'of dolour\' in the name, where her mother apparently left a gift for her. Find the dolorous treasure map, and follow it to the grotto.','More info collecting...'),(124,'124','Risqué Respects','Stornway','after finishing the main story','Cosette','Cosette','More info collecting...','Gloomy Gloves, learn new recipes','An old woman paying her respects at a grave in Stornway need you to bring her a dangerous bustier! You can apparently find them in treasure chests in grottoes.','If you\'re lucky, you can pick one up on DQVC.'),(125,'125','Perk Up, Patty!','Quester\'s Rest','after finishing quest #123','Erinn','Erinn','More info collecting...','Patty becomes a playable character starting as a minimally eqipped Lv. 28 Thief with 62 skill points ready to allocate.','Erinn has asked you to try and cheer Patty up.  Patty seems to be reminiscing about her time as an explorer, and feeling sad about her long lost friend Phoebe.','Talk to Erinn behind the counter in the Stornway Inn. She will ask you to try and cheer up Patty. Talk to Patty to see what\'s bugging her. She will talk about Pheobie, an old friend she used to adventure with but parted ways in a nomad village. Talk to Erinn again and then head out to find the nomad village. Fly to Batsureg and talk to the former chief. He will tell you that Pheobie is dead. Fly back to Stornway and talk to Patty again. Go back to Batsureg at night to talk to Pheobie\'s ghost. She will ask you to visit her grave. You must take the ship to the Khaalag Coast (coast north of Batsureg). DO NOT FLY; if you do so, she will not meet you at her grave. Find her grave to receive a friendant. Show this to Patty. Patty will now be able to join your party!!!'),(126,'126','Puff-Puff Performance','Hunters\' Yurts','after finishing the main story','Tuya','Tuya','More info collecting...','Lambswool','If you want Tuya from the hunters\' yurts to perform a proper puff-puff, you\'ll have to bring her some cheer-me-up.  Pick your moment well, and you should easily be able to steal some from a boss troll.','Boss Trolls can be found in the Oubliette, but not the main part of the fortress.  Just keep stealing from them until you get the cheer-me-up.'),(127,'127','A Right Royal Nightmare','Stornway Castle - Wormwood Creek','after finishing the main story and completing Quest #6','King Schott','King Schott','More info collecting...','Minister\'s mittens and Blessed boots','You\'ve been asked to put an end to King Schott of Stornway\'s recurring nightmare. Apparently, there\'s some kind of dream expert in the village of Wormwood Creek who might be able to help. ','Clare Voyant sits in Wormwood Creek\'s church. She asks for a malicite, a manky mud, and a sage\'s elixir. '),(128,'128','P-P-Pick Up a Pickaxe','Well in Stornway Castle','after finishing the main story and completing Quest #7','Hamish','Hamish','More info collecting...','Mighty Armlet','Hamish, the man down the well in Stornway Castle, wants you to bring him a legendary item called a platinum pick. Apparently, the mosters who carry them are called darkonium slimes, and can only be found in grottoes.','Darkonium slimes are found in high-level grottos and deep in mid-level grottos; a Ruins theme is required.'),(129,'129','A Spot of Book-Keyping','Stornway Castle','after finishing the main story and completing Quests #23 and #127','Princess Simona','Princess Simona','More info collecting...','Royal Regards Party Trick','Princess Simona has asked you to help her open a mysterious locked book.  It was given to her by a former servant, who\'s apparently hanging around at the item shop.','Clear a grotto with the word \'silver\' in its name.'),(130,'130','Exhume the Heirloom','Uhohasis in the Djust Desert','after finishing the main story','Barney','Barney','\'Wisdom of the Ancients\' and Old Ring','Full Moon Ring','Barney, a ghost at the Uhohasis in the Djust Desert, wants you to find his family heirloom, which has apparently been hidden somewhere in a watery grotto.','Barney only appears at night.  I got the ring and letter by beating the Bronze Marsh of Bliss Lv. 15 grotto.  I believe that they can be found in any water based grotto, though i\'m not sure'),(131,'131','Making Room in Bridgadoom','Stornway','after finishing quest #129','Maeve','Maeve','More info collecting...','Enchantress\'s Gloves','Maeve the mage from Stornway wants you to defeat some fearsome monsters that have appeared in Brigadoom.','You must defeat a Scarlet Fever in L1, and two Scarlet Fevers in L2. If you\'ve found your own Silver grotto for quest 129, these should be no problem for you.\r'),(132,'132','Tree-Hugging Titan','Newid Isle','after completing Quest #58','Cyclops standing next to a tree','Cyclops standing next to a tree','More info collecting...','Seed of life','A cyclops at the lakeside tree on Newid Isle wants you to sort out a gigantes that keeps damaging the tree. GRAARRRGHH! Fight the gigantes until it\'s on its last legs and then show it Mercy by letting it go.','Be at least Level 40 and deplete about 500 of the gigante\'s HP before using Mercy.'),(133,'133','Recruitment Drive','Stornway','after finishing quest #131','Calhoun','Calhoun','Full Moon Axe','Combat Boots','Calhoun, a martial artist from Stornway, wants you to ask a particular castle maid to join the Back to Brigadoom Brigade.  The maid in question wants a full moon axe before she\'ll agree to join.','More info collecting...'),(134,'134','When Tax Attacks','Hermany','Upon arriving at Hermany','Herman','Herman','More info collecting...','Wizard\'s Hat','Herman from Hermany wants you to pay his sixty gold coin town council tax bill for him.  The person who delivers the letters from the council comes in the middle of the night and makes a clanking noise outside the house.','Kill a Hunter Mech outside his house at night.'),(135,'135','To Bridgadoom!','Stornway','after finishing quest #133','Maeve','Maeve','More info collecting...','Witch\'s Hat','Maeve, a mage from Stornway, wants you to attend the inaugural meeting of the Back to Brigadoom Brigade.  The meeting is going to take place in the throne room of Brigadoom Castle.','More info collecting...'),(136,'136','EXTERMINATE!','Hermany','Upon arriving at Hermany','Note in bookshelf north of Herman','Note in bookshelf north of Herman','More info collecting...','Metal Slime Shield for first win. Mini Medal for subsequent wins. ','You found a letter announcing the beginning of the metal slime hunting season in the house on the high plateau in Hermany.  Beat three or more metal slimes in one battle on the high plateau near Angel Falls three times to earn a reward.','Metal Medlies and Liquid Metal Slimes do not count.  This quest is repeatable.'),(137,'137','Yore for it Now!','Stornway Castle','after finishing quest #135 and #128','King Schott','King Schott','More info collecting...','Wyrmwand and alchemy recipies for Stratotoga, Archangel\'s Robe, Master\'s Gloves, Immortal Trousers, and Sagacious Sandals. ','King Schott of Stornway wants you to check on the big coffin that\'s been discovered beneath the castle well.','Yore is about as difficult as a mid-level grotto boss.  Approx 4,500HP and gives 36,500XP when killed.'),(138,'138','Shaman You!','Island on Western Coffinwell map','after finishing the main story','Shaman','Shaman','More info collecting...','Mitre','The shaman at the shrine on the small island in Loch Storn wants you to try equipping at least three cursed items.','The three cursed items must be equiped on the same character.'),(139,'139','Has Sellma Sold Out?','Quester\'s Rest','after finishing quest #125','Sellma','Sellma','More info collecting...','Sellma becomes a playable character starting as a Lv. 1 Priest with 0 skill points ready to allocate.','Sellma asked you to borrow the Quester\'s Rest guestbook. First, speak to Erinn then speak to Ginny. Then, talk to Sellma to give her the questbook. Walk outside. After cutscene, go to the The Plumbed Depths (Gleeba underground). ','When looking for the guestbook thief, look in The Plumbed Depths. In B1, when you heading to B2, You will see them. They will run away, and you have to go through the magic seal.Then, go to B3, using the stairs. In the next cutscene, Al Capinne will call Rover to stop you!'),(140,'140','Apt Pupil','Swinedimples - The Old School','after finishing the main story','Sir Sternivus Swinedimple','Sir Sternivus Swinedimple','More info collecting...','Blessed Bindings, Tantric Trousers, and Brahman Boots for first completion. Brainy Bracer in subsequent completions. ','Sir Sternivus Swinedimple has asked you to do some extra-curricular activities.  Dress all of your party in Swinedimples blazers and go to a grotto to defeat Sir Sanguinus.  This quest is repeatable.','Only a grotto of Doubt, Woe, Dolour, Regret, Bane, or Fear can have Sir Sanguinus in it.'),(141,'141','Coffinwell Conundrum','Coffinwell','after finishing quest #137 and #46','Dr Phlegming','Dr Phlegming','More info collecting...','Learn Professor\'s Pose party trick','Dr Phlegming needs your help to decipher an old manuscript detailing historical links between Coffinwell and the Gittish Empire. He wants you to try and find a book on the Gittish Empire for him.','Look in a previously uninteresting bookshelf found in the the Oubliette.'),(142,'142','Prayermongering','Angel Falls - Pool of Spirits','Upon arriving at Angel Falls - Pool of Spirits','Enid','Enid','More info collecting...','Metal Slime Helmet for first completion. Brighten rock for subsequent completions.','Enid, a spirit you met at the Pool of Spirits near Angel Falls, wants you to fill a piece of gratite with the power of heartfelt thanks by succeeding in give or more other quests.  This quest is repeatable.','Enid indicates that you can use the repeatable version of repeatable quests.'),(143,'143','Thingy, King of, er...','Quarantomb - B1','after finishing quest #141','Unknown King\'s Ghost in level B1','Unknown King\'s Ghost in level B1','Royal Seal','Catholicon Ring','The ghost in the Quarantomb has lost his memory, and needs your help.  If you can steal back the important possession he lost from whoever took it, his memory might return, and there\'ll be a reward in it for you too.','Use Half-Inch to steal the seal from Trauminator, boss of low-to-mid level grottoes.'),(144,'144','Claws for Thought','Stornway weapon shop at night','Upon arriving at Stornway weapon shop at night','Claude','Claude','More info collecting...','Orichalcum; recipies','The ghost in the weapon shop in Stornway wants you to show him some beastmaster claws.  Apparently, you can make them using alchemy.','Beastmaster claws = Beast claws + Monarchic mark + 9 Magic beast horns'),(145,'145','Mysterious Monarch','Gittingham Palace','after finishing quest #143','Lieutenant Goresby-Purrvis','Lieutenant Goresby-Purrvis','More info collecting...','Pallium Regale and recipies for Psyche swiper, Blessed helm, Glorious armor, Diana gauntlets, and Basilic boots. ','At Gittingham Palace, the ghost of Lieutenant Goresby-Purrvis asked you to put the confused former monarch, King Godfrey of the House of Gitt, to rest.','More info collecting...'),(146,'146','Hail to the Queen','Starlight Express - Carriage 1','after finishing quest #145','Stella','Stella','Butterfly Wing, Technicolour Tutu, Sleeping Hibiscus, and Mythril Ore ','Stellar Suit','Stella has ordered you to call her \'Stella, Queen of the Starflight\' from now on!','Use the whistle to call the train, then cancel to get an option to switch to the internal view of the train. Tint-tasktic Tutu can be bought from the item vendor in Stornway.  Technicolour Tutu = Technicolour Dreamcloth + Tint-tastic Tutu'),(147,'147','Licensed to Drive','Starlight Express - Carriage 1','after finishing quest #146','Sterling','Sterling','More info collecting...','Driver\'s License','Sterling has asked you to take the Starflight Express driving test to prove that you\'re a top-flight pilot.','1) Sterling in Starlight Express. 2) Conner in Batsureg. 3) Victor near the house in Lonely Plains. 4) Dusty on the roof of the church in Bloomingdale. 5) Godfrey west of the waterfall in Angel Falls. 6) Dodger behind the house in the northwest corner of Coffinwell. 7) Cribber by the stairs going down in Alltrades Abbey L1. 8) Forger in the weapon shop of Wormwood. 9) Digby on the top of the tower in the Goretress.'),(148,'148','Flaptricide','Starlight Express - Carriage 1','after finishing quest #147','Stella','Stella','Elfin Elixer, Perfect Panacea, Special Medicine, and Yggdrasil bud.','Stellar Stockings and Blahnolo Maniks','You\'ve been told by a very flustered Stella that she thinks she might have killed someone, and she really needs your help.','The sick girl can be located in Dourbridge\'s Inn.'),(149,'149','Intreeguing Mystery','Bloomingdale','after finishing quest #148','Rayne','Rayne','More info collecting...','Supernatural Specs','You\'ve been asked by a researcher who\'s visiting Bloomingdale to go to find out some information about Pluvi Isle, a small island in the sea to the east.','First, go to the Phantom Tree at Puvi Isle. Check the sparkling spot to find a grave. After a short Cut scene, go report back to Rayne. Then return to Gleeba to find the Priest from the Cut scene. then Report to Rayne again, before going to the Ondor Cliffs, west of Batsureg, and look along the shore. Read the three indicated graves then return to Rayne.'),(150,'150','Annihilimobliteraion!?','Starlight Express - Carriage 3','after finishing quest #149','Stella','Stella','More info collecting...','Stellar Starflower and access to Stella\'s previously locked room in Carriage 3.','Stella has asked you if you\'ll take on a \'flapping deadly\' monster in a little room in the third carriage of the Starflight Express.','Tyrannosaura Wrecks has 7250 HP.  If you can handle Grottos Level 50 or higher, you should have no problem. Bear in mind Wrecks uses a lot of magic, including Fizzle; a high-level Paladin with Magic Mirror and Forbearance should be enough to protect your casters. She\'s also prone to attacking thrice per turn, and enjoys critical hits.'),(151,'151','Pushy Peddler','Cave in Lonely Coast','after aquiring Sterling\'s Whistle','Selwyn','Selwyn','Ethereal Stone','Malroth\'s Map Lv. 1 for first completion.  Mythril Ore for subsequent completions.','A suspicious-looking trader in a cave on the Lonely Coast says he\'ll give you a treasure map if you bring him an ethereal stone.  This quest is repeatable.','The cave you need is the same one with the NPC that sells Chronocrystal for 50,000 Gold.'),(152,'152','Marey Questmas','Cringle Coast','Upon arriving at Cringle Coast','Chris Cringle','Chris Cringle','Heavenly Horseshoe','Estark\'s Map Lv. 1 for first completion.  Technicolour Dreamcloth for subsequent completions.','Chris Cringle, who lives on a small island off the Cringle Coast, is interested in heavenly horseshoes.  You can get hold of them by defeating a tantamount within five turns.  This quest is repeatable.','More info collecting...'),(153,'153','Not-So-Jolly Roger','Wyrmtail','Upon arriving at Wyrmtail','Billy Bones','Billy Bones','More info collecting...','Silver Orb','Billy Bones, a skeleton in a cave in the Wyrmtail, wants you to retrieve the spirit of his best friend.  Go to a grotto and defeat Fowleye within fifteen turns, and the spirit will be restored.','fowleye hides in grottos 78 and up.'),(154,'154','Nightmarey Questmas','Cringle Coast','Upon arriving at Cringle Coast','Chris Chringle\'s Diary','Chris Chringle\'s Diary','More info collecting...','Cape of Good Karma','According to the diary you found on the island off the Cringle Coast, Chris Cringle was upset not to have been able to help a young boy who was having nightmares. Defeat a night knight with some holy water to help the boy out.','Night Knights are on the island. Return to the Diary once you\'ve completed the task. Note: The holy water can do around 24 damage to the Night knights'),(155,'155','Christinamas Cake','Bloomingdale','after finishing quest #152','Christina','Christina','Christmas Cake','Spirit Bracer and Party Popper','Christina from Bloomingdale asks you to take some Christmas cake to Santa. She tells you that you can obtain a Christmas cake from the DQVC','Christina is right near the entrance in a pink dress.'),(156,'156','Inn Search of an Inny','Stornway Inn','after finishing quests #137 and #139','Patty','Patty','Astral Plume, Technicolour Dreamcloth, Birdsong Nectar, and Brilliant Biscuit ','Veteran\'s Armour','Patty\'s asked you to get some first-rate goods together for the upcoming visit by the King of Stornway, who\'ll be judging the Quester\'s Rest for the Innys.','Brilliant Biscuits are dropped off of Gem Jamborees.'),(157,'157','Inn for a Penny, Inn for an Inny','Stornway Inn','after finishing quest #156','Erinn','Erinn','More info collecting...','Erinn becomes a playable character starting as a Lv. 1 Mage with 0 skill points ready to allocate.','Erinn, owner of the Quester\'s Rest in Stornway, has asked you if you\'ll be her partner for the upcoming Inny Final!','Must kill 20 Octagoons in grottoes to find what you\'re looking for.'),(158,'158','Battle Buff','Heights of Loneliness','Upon arriving at Heights of Loneliness','Ardaz Nayuls','Ardaz Nayuls','More info collecting...','Mortamor Map. Raging Ruby for subsequent completions.','Ardaz Nayuls, a warrior on the Heights of Loneliness, wants you to prove your strength. He\'s challenged you to go to a grotto and finish off the Trauminator with nothing equipped whatsover. This quest is repeatable.','Trauminator has about 4000HP and is weak to blast attacks.  With a Mage or Sage cast any of the Bang family spells (Bang, Boom, Kaboom, Kaboomle).  Also a high level warrior or gladiator with fisticuffs helps.'),(159,'159','Have You Seen Charlene?','Wormwood Creek\'s Mayor\'s house','Upon arriving at Wormwood Creek\'s Mayor\'s house','Mayor Doffish','Mayor Doffish','5 Sleeping Hibiscuses + 2 Celestial Skeins ','Three Mini Medals','Mayor Doffish of Wormwood Creek wants you to go and find his daughter, Charlene, who\'s gone off playing outside the village.  The Mayor doesn\'t think she would have gone far...','Charlene can be found in the cave north of Wormwood Creek.'),(160,'160','Chronic Delay','Wormwood Creek\'s Mayor\'s house','after finishing quest #159','Mayoress Daff','Mayoress Daff','Lunaria, Aggressence, and Trailblazing Bandana','Yggdrasil Leaf','Mayor Doffish of Wormwood Creek has asked you if you\'ll go and fetch a chronicler from Upover who\'s supposed to have come to the village.','The dragon chronicler is in the Upover Inn.'),(161,'161','Here With Nod\'s Tear','Bloomingdale\'s Mayoress\'s House','after finishing quest #160','Mayoress Daff','Mayoress Daff','Crown Jewel','Gold Bar','Mayoress Daff of Bloomingdale has asked you if you\'ll go to Gleeba and get her a precious jewel called a Nod\'s tear from a jeweller there.','The man next to the item shop in Gleeba will trade his Dragon\'s Tear for a Crown Jewel, achieved by clearing a grottoe with more than 8 floors with name ending in \'of Fear\'.  You probably have to have a grotto level of at least 60.'),(162,'162','Do Nod Disturb','Tower of Nod','after finishing quest #161','Slime at Tower\'s Front Door','Slime at Tower\'s Front Door','Nod\'s Tear','Orichalcum','A slime you met at the entrance to the Tower of Nod has asked you if you\'ll escort him to the top of the tower, where his friend Nodoph is sleeping.','More info collecting...'),(163,'163','When a Star Wishes Upon You','Stornway Inn','after finishing quest #157','Pavo','Pavo','More info collecting...','Aquila becomes a playable character starting as a Lv. 60 with ??? skill points ready to allocate.','Pavo wants you to answer the call of a glistering star, and bring her a prayer pearl.','Defeat Excalipurr in a high-level grottoe to aquire the Prayer Pearl.'),(164,'164','Fixing Fickser\'s Fix','Bowhole','after finishing quest #61','Fickser','Fickser','Lucky Pendant','Crown of Clarity. Sorcerer\'s Ring for subsequent completions.','Fickser, apprentice to the Grand Wizard Caphalgernon, wants you to take him a lucky pendant.  This quest is repeatable.','More info collecting...'),(165,'165','Shame on Goo','Angel Falls in a well','Upon arriving at Angel Falls in a well','Sootheslime in the well','Sootheslime in the well','More info collecting...','Metal Slime Sword. Slime Crown for subsequent completions.','A sootheslime at the bottom of the well in Angel Falls is angry with some slimes who he says are a disgrace to the slime race. He\'s given you a list of eight slimes he wants you to teach a lesson to.  This quest is repeatable.','Kill one of each of Metal Medley, Liquid Metal Slime, Metal Slime Knight, Gem Jamboree, Metal King Slime, Platinum King Jewel, Slionheart, and Prime Slime'),(166,'166','Research and Destroy','Ondor Cliffs in a well on a high plateau west of Batsureg. ','Upon arriving at Ondor Cliffs in a well on a high plateau west of Batsureg. ','Doktor Münster','Doktor Münster','More info collecting...','Red Orb. Sorcerer\'s Stone for subsequent completions.','An acedemic called Doktor Münster is writing a report on the monster kingdom in his lab on the Ondor Cliffs, and he wants you to try to defeat the mysterious Elusid as quickly as possible to help him with his research. This quest is repeatable.','Eight turns or less should do it.'),(167,'167','Who\'s a Pretty Boy?','Snowberia - Cringle Coast which is north of Swinedimples Academy. ','Post game','Graham the Bird','Graham the Bird','More info collecting...','Zoma Map(Legacy Boss)','Defeat Bird Of Terrordise (#241) for the Jewellery Box and Terrodise Tail Feather.','go to a rank B and up grotto and defeat several birds of terrodise'),(168,'168','Potty About Pots','Well in Zere','Post game','Jared','Jared','More info collecting...','Hela\'s Hammer; Hephaestus\'s Flame for repeat','An old man named Jared in the well in Zere wants you to bring him some good clay from a nature grotto.','Access to a high level nautre grotto with more than twelve floors'),(169,'169','Competition Commission','Stornway Castle','DQVC','Dick Branton','Dick Branton','you need a Sage\'s Stone','green orb','Dick Branton asks you to make him a Sage\'s Stone and bring it back to him.','More info collecting...'),(170,'170','Maiding and Abetting','Stornway Castle','DQVC','Maid in castle kitchen','Maid in castle kitchen','Heavy hatchet','Maid\'s outfit and maid\'s mop','The maid in stornway castle needs a heavy hatchet for something.','Heavy hatchet is a rare drop from AU-1000, found in ruins grottos'),(171,'171','I Would Do Anyfang for Love','Batsureg Hunters\' Yurts','DQVC','Nergui','Nergui','Drakulord\'s tooth','???','Nergui at the hunters\' yurts needs your help to woo a girl he\'s keen on. Defeat a drakulord in three turns or less to win a drakulord\'s tooth for him.','Drakulords are found in the Realm of the Almighty and level 40s grottoes post-game. Bring either a high-level group or a thief, ranger, and priest for their one-shot kill abilities.'),(172,'172','Namesake maker','Loch storn','???','Flame tang in human form','Flame tang in human form','Flame tang','Trinity tights','???','Flame tangs are made from a Gladius x 1, Sunstone x 1 and 3x crimson coral. gladiuses are found in stornway.'),(173,'173','Plum Duffer','Gleeba','DQVC','Duff','Duff','Plumsx10','Chronocrystal','Duff wants you to retrieve the evidence that the plums his wife packed for him were eaten by seasaurs, which turned into seaverns. Find a watery grotto and defeat ten seaverns there to secure the evidence.','???'),(174,'174','Agates are great aren\'t they','Stornway castle','???','Ghost on 3F','Ghost on 3F','Agate of evolution','Hero spear','???','???'),(175,'175','If I \'Ad an \'Ammer','Hexagon','???','Man on hill','Man on hill','Megaton hammer','Yellow orb','???','Megaton hammer is made from a hela\'s hammer, an orichalcum and two densiums'),(176,'176','Well forgetful','Well south of batsureg','???','Man in well','Man in well','Cannibelle rage','Orgodemir Map','???','Use a Warrior\'s whistle ability at cannibelle 10 times.'),(177,'177','Tones of the bones','Wyrmtail','???','Skeleton in cave','Skeleton in cave','A bone chimer','Rusty armour','???','Use heart breaker (Hammer ability) on a Blight night.'),(178,'178','From Rust To Riches','Brigadoom','after completing quest 169','Grave northeast of entrance','Grave northeast of entrance','All erdrick\'s armour equipped','Agate of evolution and recipes','???','Sword from Realm of the mighty 8F, Shield from Quest 49, Armor from Quest 177, Gauntlets from the grave for this quest, Helmet from 62 mini medals to Max meddlin\', All you need is 9 glass frit and an orichalcum to turn into erdrick\'s things.'),(179,'179','Pants Macabre','Wyrmtail','???','Skeleton in cave','Skeleton in cave','Grundies','Rhapthorne map','???','Grundies can be stolen from cumulus hexes,use a minstrel\'s pratfall to make him laugh and then use half-inch to steal them'),(180,'180','Wrecking wrecks','Gittingham palace','After completing quest 117, and have a LV.70 sage.','The supreme sage ( book on north 1F )','The supreme sage ( book on north 1F )','Just defeat Tyrannosaurus wrecks','Blue orb','???','Tyrannosaurus wrecks is a grotto boss'),(181,'181','Can we Borya for a Second?','Tower of Nod','???','Man south of the tower','Man south of the tower','Talk to him while dressed as Borya.','Depressing shoes','Equip Borya\'s bouffant, Borya\'s robe &amp; Borya\'s boots','Talk to Borya in the inn in Stornway then again on your birthday and again when the inn is full and he gives you the pieces of equipment. You need to canvass 30 guests via Tag Mode to fill the inn, and wi-fi to obtain Borya as a special guest.'),(182,'182','An Immaculate Conception','Stornway Castle','After completing Quest 169','Man on 1F','Man on 1F','goddess shield','purple orb','???','Goddess shield= an oricalcum, a saintess shield and a goddess ring'),(183,'183','Poison Needle 1 Ow 1','Swinedinples academy','???','Female ghost in the old school','Female ghost in the old school','Poison needle','Pruning needle','???','Get master moosifier down to 1hp and defeat him with the poison needle'),(184,'184','Bleats Me','Inside the cave at the lonely coast','after you beat the game and have started the grotto missions','A sheep','A sheep','The sheep wants a Venus tear','Nokturnus\' Map Lv.1','A sheep in the cave at the lonely coast wants something','A Venus\'s tear can be obtained by completing quest #59.');
/*!40000 ALTER TABLE `quests` ENABLE KEYS */;
UNLOCK TABLES;

--
-- Table structure for table `spells`
--

DROP TABLE IF EXISTS `spells`;
/*!40101 SET @saved_cs_client     = @@character_set_client */;
/*!50503 SET character_set_client = utf8mb4 */;
CREATE TABLE `spells` (
  `id` int NOT NULL AUTO_INCREMENT,
  `name` varchar(100) NOT NULL DEFAULT '',
  `mp` int NOT NULL,
  `target_type` int NOT NULL,
  `caster` varchar(200) NOT NULL,
  `description` varchar(255) NOT NULL,
  `filename` varchar(50) NOT NULL DEFAULT '',
  PRIMARY KEY (`id`),
  UNIQUE KEY `name` (`name`),
  KEY `spells_fk_target_types` (`target_type`),
  CONSTRAINT `spells_fk_target_types` FOREIGN KEY (`target_type`) REFERENCES `target_types` (`id`) ON UPDATE CASCADE
) ENGINE=InnoDB AUTO_INCREMENT=62 DEFAULT CHARSET=utf8mb3;
/*!40101 SET character_set_client = @saved_cs_client */;

--
-- Dumping data for table `spells`
--

LOCK TABLES `spells` WRITE;
/*!40000 ALTER TABLE `spells` DISABLE KEYS */;
INSERT INTO `spells` VALUES (1,'Accelerate',2,4,'thief:16','Raises agility of one ally','accelerate.jpg'),(2,'Acceleratle',4,1,'armamentalist:12, mage:4','Raises agility of all allies','acceleratle.jpg'),(3,'Bang',5,2,'mage:11, sage:8','Hits all enemies for about 25 pts of damage','bang.jpg'),(4,'Blunt',8,5,'mage:42','Lowers attack of one enemy','blunt.jpg'),(5,'Boom',10,2,'mage:28, sage:27','Hits all enemies for about 60 pts of damage','boom.jpg'),(6,'Bounce',4,4,'luminary:18, mage:21','Barrier that reflects all spells back at the enemy','bounce.jpg'),(7,'Buff',3,4,'paladin:2, priest:8','Raises defense of one ally','buff.jpg'),(8,'Cock-A-Doodle-Doo',2,1,'priest:11, ranger:18','Awakens allies','cock-a-doodle-doo.jpg'),(9,'Crack',3,5,'mage:6, minstrel:8','Pierces one enemy for about 30 pts of damage','crack.jpg'),(10,'Crackle',8,3,'mage:16, minstrel:16','Pierces a group for about 50 pts of damage','crackle.jpg'),(11,'Dazzle',5,2,'armamentalist:2','Enemies may see illusions','dazzle.jpg'),(12,'Decelerate',3,5,'armamentalist:10','Lowers agility of one enemy','decelerate.jpg'),(13,'Deceleratle',5,3,'armamentalist:24','Lowers agility of a group','deceleratle.jpg'),(14,'Divine Intervention',4,3,'sage:13','Weakens a group to attack spells','divine_intervention.jpg'),(15,'Evac',3,1,'mage:8, minstrel:10, ranger:7, sage:5, thief:12','Teleports out of a dungeon','evac.jpg'),(16,'Fizzle',3,3,'armamentalist:14','May stop a group of enemies from using magic','fizzle.jpg'),(17,'Frizz',2,5,'mage:0','Singes one enemy for about 15 pts of damage','frizz.jpg'),(18,'Frizzle',6,5,'mage:30','Hits one enemy with a fireball for about 80 pts of damage','frizzle.jpg'),(19,'Fuddle',5,3,'armamentalist:20, mage:19','May confuse a group','fuddle.jpg'),(20,'Fullheal',24,4,'priest:47','Fully heals one ally','fullheal.jpg'),(21,'Heal',2,4,'luminary:4, minstrel:3, paladin:7, priest:0, ranger:10, sage:2, thief:9','Heals for about 30 HP','heal.jpg'),(22,'Insulate',4,4,'priest:14, ranger:12','Protects from breath attacks','insulate.jpg'),(23,'Insulatle',8,1,'priest:43, ranger:26','Protects the whole party from breath attacks','insulatle.jpg'),(24,'Kaboom',28,2,'mage:47, sage:48','Hits all enemies for about 140 pts of damage','kaboom.jpg'),(25,'Kaboomle',56,2,'sage:66','Hits all enemies for about 210 pts of damage','kaboomle.jpg'),(26,'Kabuff',6,1,'paladin:26, sage:30','Raises all allies defense','kabuff.jpg'),(27,'Kacrack',24,2,'mage:40','Hits all enemies for about 92 pts of damage','kacrack.jpg'),(28,'Kacrackle',50,2,'mage:68','Hits all enemies for about 185 pts of damage','kacrackle.jpg'),(29,'Kafrizz',18,5,'mage:53','Hits one enemy with fire for about 190 pts of damage','kafrizz.jpg'),(30,'Kafrizzle',45,5,'mage:64','Hits one enemy with fire for about 292 pts of damage','kafrizzle.jpg'),(31,'Kafuddle',10,2,'armamentalist:31','May confuse all enemies','kafuddle.jpg'),(32,'Kamikazee',1,2,'paladin:33','Sacrifices caster to hurt/kill all monsters','kamikazee.jpg'),(33,'Kasap',8,3,'armamentalist:16, mage:25','Lowers defense of a group','kasap.jpg'),(34,'Kasnooze',8,2,'armamentalist:28','May put all enemies to sleep','kasnooze.jpg'),(35,'Kaswoosh',26,3,'luminary:45, minstrel:36','Hits a group with wind for about 130 pts of damage','kaswoosh.jpg'),(36,'Kaswooshle',50,3,'luminary:58','Hits a group with wind for about 200 pts of damage','kaswooshle.jpg'),(37,'Kathwack',20,2,'priest:55','May instantly kill all enemies','kathwack.jpg'),(38,'Kazam',20,5,'sage:43','Dark attack that hits for about 150 pts of damage','kazam.jpg'),(39,'Kazammle',45,5,'sage:61','Hits with lightning for about 285 pts of damage','kazammle.jpg'),(40,'Kazing',15,4,'sage:45','100% Resurrects a ally','kazing.jpg'),(41,'Kerplunk',9999,1,'paladin:46','Sacrifices caster to resurrect all allies','kerplunk.jpg'),(42,'Magic Barrier',6,1,'paladin:28, sage:38','Protects all allies from attack spells','magic_barrier.jpg'),(43,'Magic Burst',9999,2,'sage:78','Attacks everything about 1.5x MP used','magic_burst.jpg'),(44,'Midheal',4,4,'luminary:23, minstrel:21, paladin:20, priest:16, ranger:22, sage:16','Heals for about 75 HP','midheal.jpg'),(45,'Moreheal',8,4,'priest:31, ranger:34, sage:33','Heals for about 165 HP','moreheal.jpg'),(46,'Multiheal',16,4,'priest:38, sage:24','Heals for about 100 HP to all allies','multiheal.jpg'),(47,'Omniheal',128,1,'priest:65','Fully heals all allies','omniheal.jpg'),(48,'Oomph',8,4,'armamentalist:39, mage:33','Raises attack of one ally','oomph.jpg'),(49,'Safe Passage',2,1,'mage:13, ranger:3','Can travel through any terrain without damage','safe_passage.jpg'),(50,'Sap',4,5,'armamentalist:5, mage:7','Lowers defense of one enemy','sap.jpg'),(51,'Snooze',3,3,'armamentalist:8, priest:6','May put a group to sleep','snooze.jpg'),(52,'Spell Checker',3,4,'paladin:10','Protects one ally from attack spells','spell_checker.jpg'),(53,'Squelch',2,4,'priest:3, ranger:4, sage:5, thief:4','Cures poison on one ally','squelch.jpg'),(54,'Swoosh',8,3,'luminary:36, minstrel:30','Hits a group with wind for about 40 pts of damage','swoosh.jpg'),(55,'Thwack',10,3,'priest:34','May instantly kill a group of enemies','thwack.jpg'),(56,'Tingle',2,4,'priest:22, ranger:16','Cures paralysis on one ally','tingle.jpg'),(57,'Whack',5,5,'priest:20','May instantly kill an enemy','whack.jpg'),(58,'Woosh',3,3,'luminary:11, minstrel:12','Hits a group with wind for about 16 pts of damage','woosh.jpg'),(59,'Zam',4,5,'sage:2','Dark attack that hits for about 24 pts of damage','zam.jpg'),(60,'Zammle',7,5,'sage:8','Dark attack that hits for about 65 pts of damage','zammle.jpg'),(61,'Zing',8,4,'minstrel:24, priest:18, ranger:24, sage:20','50% chance to resurrect an ally','zing.jpg');
/*!40000 ALTER TABLE `spells` ENABLE KEYS */;
UNLOCK TABLES;

--
-- Table structure for table `target_types`
--

DROP TABLE IF EXISTS `target_types`;
/*!40101 SET @saved_cs_client     = @@character_set_client */;
/*!50503 SET character_set_client = utf8mb4 */;
CREATE TABLE `target_types` (
  `id` int NOT NULL AUTO_INCREMENT,
  `name` varchar(100) NOT NULL,
  PRIMARY KEY (`id`),
  UNIQUE KEY `name` (`name`)
) ENGINE=InnoDB AUTO_INCREMENT=8 DEFAULT CHARSET=utf8mb3;
/*!40101 SET character_set_client = @saved_cs_client */;

--
-- Dumping data for table `target_types`
--

LOCK TABLES `target_types` WRITE;
/*!40000 ALTER TABLE `target_types` DISABLE KEYS */;
INSERT INTO `target_types` VALUES (7,'<Passive>'),(1,'All Allies'),(2,'All Enemies'),(3,'Enemy Group'),(4,'One Ally'),(5,'One Enemy'),(6,'Self');
/*!40000 ALTER TABLE `target_types` ENABLE KEYS */;
UNLOCK TABLES;

--
-- Table structure for table `users`
--

DROP TABLE IF EXISTS `users`;
/*!40101 SET @saved_cs_client     = @@character_set_client */;
/*!50503 SET character_set_client = utf8mb4 */;
CREATE TABLE `users` (
  `username` varchar(50) NOT NULL,
  `password` varchar(100) NOT NULL,
  `is_admin` tinyint(1) NOT NULL DEFAULT '0',
  PRIMARY KEY (`username`),
  UNIQUE KEY `username` (`username`)
) ENGINE=InnoDB DEFAULT CHARSET=utf8mb3;
/*!40101 SET character_set_client = @saved_cs_client */;

--
-- Dumping data for table `users`
--

LOCK TABLES `users` WRITE;
/*!40000 ALTER TABLE `users` DISABLE KEYS */;
INSERT INTO `users` VALUES ('neil','armstrong',1),('user','generic',0);
/*!40000 ALTER TABLE `users` ENABLE KEYS */;
UNLOCK TABLES;

--
-- Table structure for table `vocation_skills`
--

DROP TABLE IF EXISTS `vocation_skills`;
/*!40101 SET @saved_cs_client     = @@character_set_client */;
/*!50503 SET character_set_client = utf8mb4 */;
CREATE TABLE `vocation_skills` (
  `id` int NOT NULL AUTO_INCREMENT,
  `vocation_id` int NOT NULL,
  `skill_point` int NOT NULL,
  `skill` varchar(255) NOT NULL,
  `mp` int DEFAULT NULL,
  `description` varchar(255) NOT NULL,
  `filename` varchar(100) DEFAULT '',
  PRIMARY KEY (`id`),
  UNIQUE KEY `vocation_id` (`vocation_id`,`skill_point`),
  CONSTRAINT `vocation_skills_fk_vocations` FOREIGN KEY (`vocation_id`) REFERENCES `vocations` (`id`) ON UPDATE CASCADE
) ENGINE=InnoDB AUTO_INCREMENT=111 DEFAULT CHARSET=utf8mb3;
/*!40101 SET character_set_client = @saved_cs_client */;

--
-- Dumping data for table `vocation_skills`
--

LOCK TABLES `vocation_skills` WRITE;
/*!40000 ALTER TABLE `vocation_skills` DISABLE KEYS */;
INSERT INTO `vocation_skills` VALUES (1,6,4,'Hot Lick',2,'attack enemy with fire',''),(2,6,10,'Spry in Crisis',NULL,'increase evasion when in danger (red HP)',''),(3,6,16,'Pratfall',0,'may make one group of enemies giggle (inactive)',''),(4,6,22,'Natural Charm +30',NULL,'increase your charm status',''),(5,6,32,'sobering slap',2,'cure sleep and confusion',''),(6,6,42,'Natural Magical Might +30',NULL,'increase your magic damage',''),(7,6,55,'Tap Dance',0,'increase your evasion rate',''),(8,6,68,'Natural Magical Mending +30',NULL,'increase your healing point',''),(9,6,82,'Have a Ball',8,'multiple hit to all enemies',''),(10,6,100,'Natural Deftness +50',NULL,'increase your deftness (increase steal success rate)',''),(11,12,8,'Whipping Boy',0,'protect single character from enemies attack',''),(12,12,16,'Natural Strength +10',NULL,'increase your attack',''),(13,12,28,'Whistle',0,'provoke the enemy so it only attack you(in battle) or call the enemy (outside battle)',''),(14,12,40,'Natural Resilience +20',NULL,'increase your defence',''),(15,12,48,'Body Slam',0,'hit one enemy with your body',''),(16,12,56,'Natural Strength +30',NULL,'increase your attack',''),(17,12,70,'Morale Masher',3,'attack and reduce enemy\'s tension',''),(18,12,80,'Natural Resilience +40',NULL,'increase your defence',''),(19,12,90,'Natural Max HP +60',NULL,'increase your max HP',''),(20,12,100,'Attack Attacker',4,'attack one enemy and lower its attack',''),(21,11,4,'Natural Deftness +20',NULL,'increase your deftness (improve steal success rate)',''),(22,11,10,'Half-Inch',0,'steal the item form enemies',''),(23,11,16,'Natural Agility +20',NULL,'increase your speed',''),(24,11,22,'Pitfall',0,'set a trap for a monster',''),(25,11,32,'Natural Max. HP +20',NULL,'increase your maximum HP',''),(26,11,42,'Nose for Treasure',0,'Detect treasure in the room',''),(27,11,55,'Natural Deftness +40',NULL,'increase your deftness (improve steal success rate)',''),(28,11,68,'Eye for Trouble',0,'see enemy\'s HP',''),(29,11,82,'Natural Agility +40',NULL,'increase your speed',''),(30,11,100,'Treasure Eye Land',2,'reveal treasure in dungeon map',''),(31,4,8,'Wizard Ward',4,'increase caster\'s magic resistance',''),(32,4,18,'Natural Magical Might +20',NULL,'increase magic damage',''),(33,4,26,'Spooky Aura',5,'reduce an enemy magic resistance',''),(34,4,38,'Natural Max. MP +10',NULL,'increase your maximum MP',''),(35,4,46,'Focus Pocus',3,'regen caster\'s Mp every turn',''),(36,4,54,'Critical Spell Rate Up',NULL,'like its name',''),(37,4,68,'Channel Anger',4,'increase a lot of magical might (magical damage)',''),(38,4,78,'Natural Magical Might +60',NULL,'increase magic damage',''),(39,4,88,'Natural Max MP +20',NULL,'increase your maximum MP',''),(40,4,100,'Natural Magical Might +100',NULL,'increase magic damage',''),(41,8,8,'Divination',0,'Let you know how much exp needed to level up',''),(42,8,16,'Natural Magical Mending +20',NULL,'Increase healing point',''),(43,8,28,'Benediction',2,'remove curse from character',''),(44,8,40,'Natural Max. MP +10',NULL,'increase your max MP',''),(45,8,48,'Rotstopper',4,'protects party from undead attacks',''),(46,8,56,'Natural Magical Mending +60',NULL,'Increase healing point',''),(47,8,70,'Alma Mater',3,'prevent instant death attack (i.e. twhak)',''),(48,8,80,'Natural Max MP+20',NULL,'increase your MP',''),(49,8,90,'Care Prayer',2,'increase magical mending (increase healing point)',''),(50,8,100,'Natural Magical Mending +100',NULL,'Increase healing point',''),(51,5,4,'War Cry',0,'Scared the enemy (makes them inactive)',''),(52,5,10,'Natural Agility +10',NULL,'increase your speed',''),(53,5,16,'Psyche Up',0,'increase your tension one level',''),(54,5,22,'Natural Strength +10',NULL,'increase your attack',''),(55,5,32,'Mens Sana',2,'Recover the user from bad status',''),(56,5,42,'Natural Max. HP +30',NULL,'increase your max Hp',''),(57,5,55,'Mind Over Matter',4,'protect againts breath attack',''),(58,5,68,'Natural Agility +30',NULL,'increase your speed',''),(59,5,82,'Meditation',3,'recover your HP at least 80 HP',''),(60,5,100,'Natural Agility +60',NULL,'increase your speed',''),(61,1,4,'Fire Fource',3,'add fire element to caster',''),(62,1,10,'Natural Strength +10',NULL,'increase your attack',''),(63,1,16,'Frost Fource',3,'add ice element to caster',''),(64,1,22,'Natural Resilience +20',NULL,'increase your defense',''),(65,1,32,'Gale Fource',3,'add wind element to caster',''),(66,1,42,'Natural Charm+10',NULL,'increase your charm',''),(67,1,55,'Funeral Fource',3,'add dark element to caster',''),(68,1,68,'Natural Magical Might +30',NULL,'increase magical damage',''),(69,1,82,'Life Fource',3,'add light element to caster',''),(70,1,100,'Natural Max. HP +30',NULL,'increase your max HP',''),(71,2,4,'Natural Max. HP +10',NULL,'increase your max hp',''),(72,2,10,'Clap Trap',1,'attack one enemies',''),(73,2,16,'Natural Strength +10',NULL,'increase your attack',''),(74,2,22,'Double Up',0,'reduce defence to increase attack power',''),(75,2,32,'Natural max. HP +20',NULL,'increase your max hp',''),(76,2,42,'Double Edged Slash',0,'deals high damage to enemy but also damage the user',''),(77,2,55,'Natural Strength +30',NULL,'increase your attack',''),(78,2,68,'Blind Man\'s Biff',4,'attack one random enemies',''),(79,2,82,'Natural Max. HP +30',NULL,'increase your max hp',''),(80,2,100,'Feel the Burn',6,'increase your tension every time you got hit',''),(81,7,4,'Pincushion',0,'Damage the enemy that attack you physically (must be cast first)',''),(82,7,10,'Natural Resilience +10',NULL,'Increase your defence',''),(83,7,16,'H-Pathy',3,'Share your hp to other character (only in battle)',''),(84,7,22,'Natural Magical Mending+30',NULL,'passive skill that boost healing capability',''),(85,7,32,'M-Pathy',0,'share your MP to other character (only in battle)',''),(86,7,42,'Natural Resillience +20',NULL,'Increase your defence',''),(87,7,55,'Selflessness',0,'Protect dying party member (sometimes do not work)',''),(88,7,68,'Natural Resilience +20',NULL,'Increase your defence',''),(89,7,82,'Forbearance',0,'This is what makes paladin into tanks. Taking all damages in the turn you use this skill (if enemy use multi hit or all target skill you will take all the damage. Your paladin probably died if you don\'t equip it with proper equipment)',''),(90,7,100,'Maximum HP +80',NULL,'increase your max HP',''),(91,10,4,'Natural Magical Mending + 20',NULL,'passive skill that boost healing capability',''),(92,10,10,'Jack\'s Knack',0,'Allow you to change vocation every where',''),(93,10,16,'Natural Magical Might + 20',NULL,'passive skill that increase magical damage',''),(94,10,22,'Right as Rain',5,'Recover small amount Hp to every character each turn (like regen spell in final fantasy)',''),(95,10,32,'Natural Magical Mending + 40',NULL,'passive skill that boost healing capability',''),(96,10,42,'Disruptive Wave',8,'Dispel positive buff from the enemies',''),(97,10,55,'Natural Magical Might +40',NULL,'passive skill that increase magical damage',''),(98,10,68,'Caster Sugar',6,'increase magical might and magical mending by little amount',''),(99,10,82,'Natural Max. MP +60',NULL,'Increase maximum MP',''),(100,10,100,'MP Consumption -25%',NULL,'reduce Mp consumption by 25%',''),(101,9,4,'Soothe Sayer',2,'reduce enemy\'s tension',''),(102,9,10,'Natural Deftness +10',NULL,'increase your deftness (useful for steal success rate)',''),(103,9,16,'Mercy',0,'let weak enemy run',''),(104,9,22,'Natural Agility +20',NULL,'increase your speed',''),(105,9,32,'Vanish',3,'become stealth (like using holy water)',''),(106,9,42,'Natural Resilience +20',NULL,'increase your defence',''),(107,9,55,'Mist Me',5,'increase evasion',''),(108,9,68,'Natural Deftness +20',NULL,'increase your deftness (useful for steal success rate)',''),(109,9,82,'Wolf Whistle',16,'2 hit to one enemy',''),(110,9,100,'Natural Deftness +60',NULL,'increase your deftness (useful for steal success rate)','');
/*!40000 ALTER TABLE `vocation_skills` ENABLE KEYS */;
UNLOCK TABLES;

--
-- Table structure for table `vocation_spells`
--

DROP TABLE IF EXISTS `vocation_spells`;
/*!40101 SET @saved_cs_client     = @@character_set_client */;
/*!50503 SET character_set_client = utf8mb4 */;
CREATE TABLE `vocation_spells` (
  `id` int NOT NULL AUTO_INCREMENT,
  `voc_level` int NOT NULL,
  `voc_id` int NOT NULL DEFAULT '0',
  `spell_id` int NOT NULL DEFAULT '0',
  PRIMARY KEY (`id`),
  KEY `vocation_spells_fk_vocations_idx` (`voc_id`),
  KEY `vocation_spells_fk_spells_idx` (`spell_id`),
  CONSTRAINT `vocation_spells_fk_spells` FOREIGN KEY (`spell_id`) REFERENCES `spells` (`id`) ON DELETE RESTRICT ON UPDATE CASCADE,
  CONSTRAINT `vocation_spells_fk_vocations` FOREIGN KEY (`voc_id`) REFERENCES `vocations` (`id`) ON DELETE RESTRICT ON UPDATE CASCADE
) ENGINE=InnoDB AUTO_INCREMENT=109 DEFAULT CHARSET=utf8mb4 COLLATE=utf8mb4_0900_ai_ci;
/*!40101 SET character_set_client = @saved_cs_client */;

--
-- Dumping data for table `vocation_spells`
--

LOCK TABLES `vocation_spells` WRITE;
/*!40000 ALTER TABLE `vocation_spells` DISABLE KEYS */;
INSERT INTO `vocation_spells` VALUES (1,16,11,1),(2,4,4,2),(3,12,1,2),(4,8,10,3),(5,11,4,3),(6,42,4,4),(7,27,10,5),(8,28,4,5),(9,18,3,6),(10,21,4,6),(11,2,7,7),(12,8,8,7),(13,11,8,8),(14,18,9,8),(15,6,4,9),(16,8,6,9),(17,16,4,10),(18,16,6,10),(19,2,1,11),(20,10,1,12),(21,24,1,13),(22,13,10,14),(23,8,4,15),(24,10,6,15),(25,7,9,15),(26,5,10,15),(27,12,11,15),(28,14,1,16),(29,0,4,17),(30,30,4,18),(31,19,4,19),(32,20,1,19),(33,47,8,20),(34,4,3,21),(35,3,6,21),(36,7,7,21),(37,0,8,21),(38,10,9,21),(39,2,10,21),(40,9,11,21),(41,14,8,22),(42,12,9,22),(43,43,8,23),(44,26,9,23),(45,47,4,24),(46,48,10,24),(47,66,10,25),(48,26,7,26),(49,30,10,26),(50,40,4,27),(51,68,4,28),(52,53,4,29),(53,64,4,30),(54,31,1,31),(55,33,7,32),(56,16,1,33),(57,25,4,33),(58,28,1,34),(59,45,3,35),(60,36,6,35),(61,58,3,36),(62,55,8,37),(63,43,10,38),(64,61,10,39),(65,45,10,40),(66,46,7,41),(67,28,7,42),(68,38,10,42),(69,78,10,43),(70,23,3,44),(71,21,6,44),(72,20,7,44),(73,16,8,44),(74,22,9,44),(75,16,10,44),(76,31,8,45),(77,34,9,45),(78,33,10,45),(79,24,10,46),(80,38,8,46),(81,65,8,47),(82,33,4,48),(83,39,1,48),(84,3,9,49),(85,13,4,49),(86,5,1,50),(87,7,4,50),(88,8,1,51),(89,6,8,51),(90,10,7,52),(91,3,8,53),(92,4,9,53),(93,5,10,53),(94,4,11,53),(95,30,6,54),(96,36,3,54),(97,34,8,55),(98,22,8,56),(99,16,9,56),(100,20,8,57),(101,11,3,58),(102,12,6,58),(103,2,10,59),(104,8,10,60),(105,24,6,61),(106,18,8,61),(107,24,9,61),(108,20,10,61);
/*!40000 ALTER TABLE `vocation_spells` ENABLE KEYS */;
UNLOCK TABLES;

--
-- Table structure for table `vocations`
--

DROP TABLE IF EXISTS `vocations`;
/*!40101 SET @saved_cs_client     = @@character_set_client */;
/*!50503 SET character_set_client = utf8mb4 */;
CREATE TABLE `vocations` (
  `id` int NOT NULL AUTO_INCREMENT,
  `name` varchar(50) NOT NULL,
  `ability` varchar(50) NOT NULL,
  `is_axes` tinyint(1) NOT NULL DEFAULT '0',
  `is_boomerangs` tinyint(1) NOT NULL DEFAULT '0',
  `is_bows` tinyint(1) NOT NULL DEFAULT '0',
  `is_claws` tinyint(1) NOT NULL DEFAULT '0',
  `is_fans` tinyint(1) NOT NULL DEFAULT '0',
  `is_fisticuffs` tinyint(1) NOT NULL DEFAULT '0',
  `is_hammers` tinyint(1) NOT NULL DEFAULT '0',
  `is_knives` tinyint(1) NOT NULL DEFAULT '0',
  `is_shields` tinyint(1) NOT NULL DEFAULT '0',
  `is_spears` tinyint(1) NOT NULL DEFAULT '0',
  `is_staves` tinyint(1) NOT NULL DEFAULT '0',
  `is_swords` tinyint(1) NOT NULL DEFAULT '0',
  `is_wands` tinyint(1) NOT NULL DEFAULT '0',
  `is_whips` tinyint(1) NOT NULL DEFAULT '0',
  `description` varchar(255) NOT NULL,
  `coup` varchar(100) NOT NULL,
  `coup_desc` varchar(255) NOT NULL,
  `build` varchar(100) NOT NULL,
  `filename` varchar(50) DEFAULT NULL,
  PRIMARY KEY (`id`),
  UNIQUE KEY `name` (`name`)
) ENGINE=InnoDB AUTO_INCREMENT=13 DEFAULT CHARSET=utf8mb3;
/*!40101 SET character_set_client = @saved_cs_client */;

--
-- Dumping data for table `vocations`
--

LOCK TABLES `vocations` WRITE;
/*!40000 ALTER TABLE `vocations` DISABLE KEYS */;
INSERT INTO `vocations` VALUES (1,'Armamentalist','Fource',0,0,1,0,0,0,0,0,1,0,0,1,1,0,'Powerful proponents of the formidable fource.','Voice of Experience','gives the user a chance to earn more exp','Attacker / Tank / Spellcaster','armamentalist.png'),(2,'Gladiator','Guts',1,0,0,0,0,1,1,0,0,0,0,1,0,0,'Fierce fighters who rain continuous carnage on the foes.','Tension Boost','turns the tension up a notch or ten!','Attacker / Tank','gladiator.png'),(3,'Luminary','Je Ne Sais Quoi',0,1,0,0,1,0,0,0,1,0,0,0,0,1,'???','Disco Tech','Turns up tension and gets enemies to dance','???','luminary.png'),(4,'Mage','Spellcraft',0,0,0,0,0,0,0,1,1,0,0,0,1,1,'Specialist in martial magic that can make mincemeat of many monsters','Ozone','reduces MP cost to zero (0) for a while','Spellcaster','mage.png'),(5,'Martial Artist','Focus',0,0,0,1,1,1,0,0,0,0,1,0,0,0,'Able employers of the potential of tension, they value strength and agility above all.','Roaring Tirade','shocks enemiew into inaction and raises tension','Attacker / Tank','martial_artist.png'),(6,'Minstrel','Litheness',0,0,0,0,1,0,0,0,1,0,0,1,0,1,'All-round entertainers who encourage those around them with all manner of marvels.','Rough N\' Tumble','increases evasion and counter-attack chances','Healer / Spellcaster','minstrel.png'),(7,'Paladin','Virtue',0,0,0,0,0,0,1,0,1,1,0,0,1,0,'Noble knights whose purpose is to protect the powerless.','Knight Watch','renders all enemy attacks ineffective for 1-2 turns','Attacker / Tank / Healer','paladin.png'),(8,'Priest','Faith',0,0,0,0,0,0,0,0,1,1,1,0,1,0,'Specialist in medical magic.','Choir of Angels','heals allies and cures status defects','Healer','priest.png'),(9,'Ranger','Ruggedness',1,1,1,0,0,1,0,0,0,0,0,0,0,0,'Wild warriors who are at one with nature and call on its power at will.','Brownie Boost','boosts attack','Tank','ranger.png'),(10,'Sage','Enlightenment',0,1,1,0,0,0,0,0,1,0,0,0,1,0,'Mighty mystics who have learned to make use of some seriously sacred skill.','Spelly Belly','restores MP','Healer / Spellcaster','sage.png'),(11,'Thief','Acquisitiveness',0,0,0,1,0,1,0,1,0,0,0,1,0,0,'Versatile vagabonds with keen nose for treasure.','Itemised Kill','makes after-battle item a certainty.','Attacker','thief.png'),(12,'Warrior','Courage',0,0,0,0,0,0,0,1,1,1,0,1,0,0,'Migthy fighters who courageously cover their companions.','Critical Claim','cranks out a critical hit every time.','Attacker / Tank','warrior.png');
/*!40000 ALTER TABLE `vocations` ENABLE KEYS */;
UNLOCK TABLES;

--
-- Table structure for table `weapon_skills`
--

DROP TABLE IF EXISTS `weapon_skills`;
/*!40101 SET @saved_cs_client     = @@character_set_client */;
/*!50503 SET character_set_client = utf8mb4 */;
CREATE TABLE `weapon_skills` (
  `id` int NOT NULL AUTO_INCREMENT,
  `weapon_id` int NOT NULL,
  `skill_point` int NOT NULL,
  `skill` varchar(255) NOT NULL,
  `mp` int DEFAULT NULL,
  `description` varchar(255) NOT NULL,
  `filename` varchar(100) DEFAULT '',
  PRIMARY KEY (`id`),
  KEY `weapon_skills_fk_weapons` (`weapon_id`),
  CONSTRAINT `weapon_skills_fk_weapons` FOREIGN KEY (`weapon_id`) REFERENCES `weapons` (`id`) ON UPDATE CASCADE
) ENGINE=InnoDB AUTO_INCREMENT=141 DEFAULT CHARSET=utf8mb3;
/*!40101 SET character_set_client = @saved_cs_client */;

--
-- Dumping data for table `weapon_skills`
--

LOCK TABLES `weapon_skills` WRITE;
/*!40000 ALTER TABLE `weapon_skills` DISABLE KEYS */;
INSERT INTO `weapon_skills` VALUES (1,12,3,'Dragon Slash',0,'deals high damage to dragon type enemies',''),(2,12,7,'Attack +10 with Sword',NULL,'Passive ability',''),(3,12,13,'Metal Slash',0,'deals high damage to metal enemies. Useful for killing metal slime family',''),(4,12,22,'Critical Up',NULL,'passive skill that increase sword critical rate',''),(5,12,35,'Miracle Slash',4,'Drain some Hp when you attack enemy (you can gain this as passive ability when you equip miracle sword/uber miracle sword)',''),(6,12,42,'Attack +20 with Sword',NULL,'Passive ability',''),(7,12,58,'Falcon Slash',2,'My favorite skill, 2 hit attack to one enemy (4 if you use uber falcon sword)',''),(8,12,76,'Attack +30 with Sword',NULL,'passive ability',''),(9,12,88,'Gigaslash',15,'Attack one enemy group in battle (good damage but cost Mp too much;15)',''),(10,12,100,'Omnivocational Swordmaster',NULL,'allow you to equip sword on every vocation',''),(11,9,6,'Blockenspiel',4,'attack and defend at the same turn',''),(12,9,12,'Block chance+2%',NULL,'increase shield block chance',''),(13,9,18,'Defending Champion',3,'increase your defence',''),(14,9,25,'Block chance+2%',NULL,'increase shield block chance',''),(15,9,32,'Immense Defence',4,'increase shield block chance (must be casted first)',''),(16,9,40,'Magic Mirror',4,'reflect magical attack',''),(17,9,52,'Block chance+2%',NULL,'increase shield block chance',''),(18,9,66,'Holy Impregnable',0,'remove bad status',''),(19,9,82,'Back Atcha',12,'counter enemy\'s attack while evading it',''),(20,9,100,'Omnivocational Shieldmaster',NULL,'can equip shield on every vocation',''),(21,10,3,'Mercurial Thrust',0,'guaranted first but weak attack',''),(22,10,7,'Attack +10 with Spear',NULL,'increase spear damage',''),(23,10,13,'Cattle Prod',0,'deals extra damage to beast',''),(24,10,22,'Pressure Pointer',3,'chance to kill enemy with one hit',''),(25,10,35,'Critical Hit rate Up with Spear',NULL,'increase critical ratio whne using spear',''),(26,10,42,'Attack +20 with Spear',NULL,'increase spear damage',''),(27,10,58,'Thunder Thrust',8,'50 % chance to hit (critical)',''),(28,10,76,'Attack +30 with Spear',NULL,'increase spear damage',''),(29,10,88,'Multithrust',4,'multiple hit to all enemies',''),(30,10,100,'Omnivocational Spearmaster',NULL,'can equip spear on every vocation',''),(31,8,3,'Toxic Dagger',2,'poison enemy with knife',''),(32,8,7,'Attack +10 with Knife',NULL,'boost knife attack',''),(33,8,13,'Fly Swat',0,'deals high damage to insect type enemy',''),(34,8,22,'Critical Hit Rate Up with Knife',NULL,'increase critical hit ratio',''),(35,8,35,'Victimiser',3,'increase damage when attack paralyzed and poisoned enemy',''),(36,8,42,'Attack +20 with Knife',NULL,'boost knife damage',''),(37,8,58,'Assassin\'s Stab',3,'One hit kill to enemy if it hits',''),(38,8,76,'Attack +30 with Knife',NULL,'boost knife damage',''),(39,8,88,'Hp Hoover',4,'steal Hp when attack the enemy',''),(40,8,100,'Omnivocational Knifemaster',NULL,'allow you to equip knife on every vocation',''),(41,3,3,'Conjury Conductor',3,'attack and reduce enemy\'s resistance to magic',''),(42,3,7,'Attack +10 with Bow',NULL,'increase bow\'s damage',''),(43,3,13,'Flutter Disaster',0,'deals high damage to bird monster',''),(44,3,22,'Critical Hit Rate Up with Bow',NULL,'increase critical ratio when using bow',''),(45,3,35,'Needle Shot',1,'one hit kill if it hits the enemy',''),(46,3,42,'Attack +20 with Bow',NULL,'increase bow\'s damage',''),(47,3,58,'Rain of Pain',4,'multiple hits to enemies',''),(48,3,76,'Attack +30 with Bow',NULL,'increase bow\'s damage',''),(49,3,88,'Hallowed Arrow',0,'attack one enemy and steal some MP',''),(50,3,100,'Omnivocational Bowmaster',NULL,'can equip bow on all vocation',''),(51,13,3,'Max Mp+10 with Wand',NULL,'increase max mp when equip wand',''),(52,13,7,'Antimagic',3,'stop single enemy from casting spell',''),(53,13,13,'Mp. Absorption +2% with Wand',NULL,'like its name',''),(54,13,21,'Beelfreeze',0,'has high chance paralysing demon enemies',''),(55,13,31,'Max Mp+30 with Wand',NULL,'increase max mp when equip wand',''),(56,13,44,'Caduceus',2,'heal single character',''),(57,13,57,'MP Absorption +4% with Wand',NULL,'like its name',''),(58,13,70,'Max MP+60 with Wand',NULL,'increase max mp when equip wand',''),(59,13,84,'Auto MP Recovery with Wand',NULL,'regenerates Mp every turn when equip wand',''),(60,13,100,'Omnivocational Wandmaster',NULL,'can equip wand on all vocation',''),(61,5,3,'Flower Power',2,'attack one group of enemies and may cause confusion',''),(62,5,7,'Attack +10 with Fan',NULL,'increase fan\'s damage',''),(63,5,13,'Reverse Cycle',4,'counter breath attacks',''),(64,5,22,'Critical Hit Rate Up with Fan',NULL,'increase critical hit ration when using fan',''),(65,5,35,'Water Slaughterer',0,'deals high damage to aquatic enemy',''),(66,5,42,'Atttack +20 with Fan',NULL,'increase fan\'s damage',''),(67,5,58,'Schizofanic',3,'may avoid enemy\'s attack',''),(68,5,76,'Attack +30 with Fan',NULL,'increase fan\'s damage',''),(69,5,88,'Fan Dango',8,'multiple hits to enemies',''),(70,5,100,'Omnivocational Fanmaster',NULL,'can equip fan on all vocation',''),(71,14,3,'Hypnowhip',3,'make enemy confuse',''),(72,14,7,'Lashings of Love',0,'attack one group of enemies',''),(73,14,13,'Attack +10 with Whip',NULL,'increase whip\'s damage',''),(74,14,22,'Trammel Lash',3,'attack one enemy and have a chance to paralyze it',''),(75,14,35,'Attack +20 with Whip',NULL,'increase whip\'s damage',''),(76,14,42,'Hit the Hay',3,'attack one group of enemies and have a chance to make them sleep',''),(77,14,58,'Attack +30 with Whip',NULL,'increase whip\'s damage',''),(78,14,76,'Schadenfreude',5,'attack one group of enemies and steal their HP',''),(79,14,88,'Twin Dragon Lash',10,'Hit 2 enemies (random)',''),(80,14,100,'Onivocational Whipmaster',NULL,'can equip whip on all vocation',''),(81,4,3,'Propeller Blade',2,'2 hit attack on enemy',''),(82,4,7,'Attack +10 with Claw',NULL,'increase your claw damage',''),(83,4,13,'Can Opener',0,'deal extra damage to machine enemy',''),(84,4,22,'Critical Hit Rate Up with Claw',NULL,'increase critical hit ratio when using claw',''),(85,4,35,'Flailing Nails',0,'4 hit attack to one enemy (useful for metal slime farming)',''),(86,4,42,'Attack +20 with Claw',NULL,'increase your claw damage',''),(87,4,58,'Hardclaw',0,'2 hit attack on enemy',''),(88,4,76,'Attack +30 with Claw',NULL,'increase your claw damage',''),(89,4,88,'Rake \'n\' Break',6,'attack and dispels enemy positive buff',''),(90,4,100,'Omnivocational Clawmaster',NULL,'can equip claw on all vocation',''),(91,6,3,'Stone\'s Throw',0,'hit random enemy',''),(92,6,7,'Attack +10 with Fist',NULL,'increase fist\'s damage',''),(93,6,12,'Wind Sickles',0,'attack one group of enemies',''),(94,6,18,'Critical Hit Rate Up with Fist',NULL,'increase your critical ration when using fist',''),(95,6,25,'Knuckle Sandwich',1,'high damage to single enemy',''),(96,6,30,'Evasion Chance +4% with Fist',NULL,'increase evasion rate when using fist',''),(97,6,42,'Multifists',0,'multiple hits attack to enemies',''),(98,6,60,'Attack +30 with Fist',NULL,'increase fist\'s damage',''),(99,6,77,'Boulder Toss',8,'attack all enemies',''),(100,6,100,'Attack +60 with Fist',NULL,'increase fist\'s damage',''),(101,7,3,'Heart Breaker',2,'attack one enemy and may cause inactive status',''),(102,7,7,'Attack +10 with Hammer',NULL,'increase hammer\'s damage',''),(103,7,13,'Penny Pincher',2,'steal some gold while attack the enemies',''),(104,7,22,'Critical Hit Rate Up with Hammer',NULL,'increase critical ratio when using hammer',''),(105,7,35,'Bagsy Last',3,'Allow user to attack last of all',''),(106,7,42,'Attack +20 with Hammer',NULL,'increase hammer\'s damage',''),(107,7,58,'Monster Masher',0,'deals high damage to material enemy',''),(108,7,76,'Attack +30 with Hammer',NULL,'increase hammer\'s damage',''),(109,7,88,'Crackerwhack',12,'earth attack to all enemies',''),(110,7,100,'Omnivocational Hammermaster',NULL,'can equip hammer on all vocation',''),(111,11,3,'Attack +10 with Staff',NULL,'increase staff\'s damage',''),(112,11,7,'Trip of a Deathtime',0,'attack one group of enemy and may cause death',''),(113,11,13,'Critical Rate Up with Staff',NULL,'increase critical ratio when using staff',''),(114,11,22,'Deliverance',0,'deals high damage to zombie enemy',''),(115,11,35,'Attack +20 with Staff',NULL,'increase staff\'s damage',''),(116,11,42,'Party Pooper',0,'attack one group of enemies',''),(117,11,58,'Evasion Chance +4% with Staff',NULL,'increase your evasion when using staff',''),(118,11,76,'Crushed Ice',5,'deals high damage to ice enemy',''),(119,11,88,'Attack +30 with Staff',NULL,'increase staff\'s damage',''),(120,11,100,'Omnivocational Staffmaster',NULL,'can equip staff on all vocation',''),(121,2,3,'Crosscutter Throw',2,'attack one enemy',''),(122,2,7,'Power Throw',4,'attack all enemies',''),(123,2,13,'Attack +10 with Boomerang',NULL,'increase boomerang\'s damage',''),(124,2,22,'Ooze Bruiser',0,'deals high damage to slime',''),(125,2,35,'Attack +20 with Boomerang',NULL,'increase boomerang\'s damage',''),(126,2,42,'Starbust Throw',6,'attack all enemies with light attack',''),(127,2,58,'Firebird Throw',4,'attack all enemies with fire attack',''),(128,2,76,'Attack +30 with Boomerang',NULL,'increase boomerang\'s damage',''),(129,2,88,'Metalicker',3,'slices through metal bodied foes like butter',''),(130,2,100,'Omnivocational Rangmaster',NULL,'can equip boomerang on all vocation',''),(131,1,3,'Poplar Toppler',0,'deals high damage to plant enemy',''),(132,1,7,'Attack +10 with Axe',NULL,'increase axe\'s damage',''),(133,1,13,'Parallax',2,'attack one enemy and may cause paralyze',''),(134,1,22,'Critical Hit Rate Up with Axe',NULL,'increase critical ratio when using axe',''),(135,1,35,'Helm Splitter',2,'attack one enemy and may dispel positife status from enemy',''),(136,1,42,'Attack +20 with Axe',NULL,'increase axe\'s damage',''),(137,1,58,'Hatchet Man',8,'crtical attack to enemy (50% chance)',''),(138,1,76,'Attack +30 with Axe',NULL,'increase axe\'s damage',''),(139,1,88,'Axes of Evil',0,'attack one group of enemies',''),(140,1,100,'Omnivocational Axe Master',NULL,'can equip axe on all vocation','');
/*!40000 ALTER TABLE `weapon_skills` ENABLE KEYS */;
UNLOCK TABLES;

--
-- Table structure for table `weapons`
--

DROP TABLE IF EXISTS `weapons`;
/*!40101 SET @saved_cs_client     = @@character_set_client */;
/*!50503 SET character_set_client = utf8mb4 */;
CREATE TABLE `weapons` (
  `id` int NOT NULL AUTO_INCREMENT,
  `name` varchar(50) NOT NULL,
  `is_armamentalist` tinyint(1) NOT NULL DEFAULT '0',
  `is_gladiator` tinyint(1) NOT NULL DEFAULT '0',
  `is_luminary` tinyint(1) NOT NULL DEFAULT '0',
  `is_mage` tinyint(1) NOT NULL DEFAULT '0',
  `is_martial_artist` tinyint(1) NOT NULL DEFAULT '0',
  `is_minstrel` tinyint(1) NOT NULL DEFAULT '0',
  `is_paladin` tinyint(1) NOT NULL DEFAULT '0',
  `is_priest` tinyint(1) NOT NULL DEFAULT '0',
  `is_ranger` tinyint(1) NOT NULL DEFAULT '0',
  `is_sage` tinyint(1) NOT NULL DEFAULT '0',
  `is_thief` tinyint(1) NOT NULL DEFAULT '0',
  `is_warrior` tinyint(1) NOT NULL DEFAULT '0',
  PRIMARY KEY (`id`),
  UNIQUE KEY `name` (`name`)
) ENGINE=InnoDB AUTO_INCREMENT=15 DEFAULT CHARSET=utf8mb3;
/*!40101 SET character_set_client = @saved_cs_client */;

--
-- Dumping data for table `weapons`
--

LOCK TABLES `weapons` WRITE;
/*!40000 ALTER TABLE `weapons` DISABLE KEYS */;
INSERT INTO `weapons` VALUES (1,'Axes',0,1,0,0,0,0,0,0,1,0,0,0),(2,'Boomerangs',0,0,1,0,0,0,0,0,1,1,0,0),(3,'Bows',1,0,0,0,0,0,0,0,1,1,0,0),(4,'Claws',0,0,0,0,1,0,0,0,0,0,1,0),(5,'Fans',0,0,1,0,1,1,0,0,0,0,0,0),(6,'Fisticuffs',0,1,0,0,1,0,0,0,1,0,1,0),(7,'Hammers',0,1,0,0,0,0,1,0,0,0,0,0),(8,'Knives',0,0,0,1,0,0,0,0,0,0,1,1),(9,'Shields',1,0,1,1,0,1,1,1,0,1,0,1),(10,'Spears',0,0,0,0,0,0,1,1,0,0,0,1),(11,'Staves',0,0,0,0,1,0,0,1,0,0,0,0),(12,'Swords',1,1,0,0,0,1,0,0,0,0,1,1),(13,'Wands',1,0,0,1,0,0,1,1,0,1,0,0),(14,'Whips',0,0,1,1,0,1,0,0,0,0,0,0);
/*!40000 ALTER TABLE `weapons` ENABLE KEYS */;
UNLOCK TABLES;

--
-- Final view structure for view `active_skills`
--

/*!50001 DROP VIEW IF EXISTS `active_skills`*/;
/*!50001 SET @saved_cs_client          = @@character_set_client */;
/*!50001 SET @saved_cs_results         = @@character_set_results */;
/*!50001 SET @saved_col_connection     = @@collation_connection */;
/*!50001 SET character_set_client      = utf8mb4 */;
/*!50001 SET character_set_results     = utf8mb4 */;
/*!50001 SET collation_connection      = utf8mb4_0900_ai_ci */;
/*!50001 CREATE ALGORITHM=UNDEFINED */
/*!50013 DEFINER=`root`@`localhost` SQL SECURITY DEFINER */
/*!50001 VIEW `active_skills` AS select `query1`.`id` AS `id`,`query1`.`skill_type` AS `skill_type`,`query1`.`skill_for` AS `skill_for`,`query1`.`name` AS `name`,`query1`.`skill_point` AS `skill_point`,`query1`.`description` AS `description`,`query1`.`mp` AS `mp`,`query1`.`is_active` AS `is_active`,`query1`.`filename` AS `filename` from (select `s`.`id` AS `id`,'V' AS `skill_type`,`v`.`name` AS `skill_for`,`s`.`skill` AS `name`,`s`.`skill_point` AS `skill_point`,`s`.`description` AS `description`,`s`.`mp` AS `mp`,`s`.`filename` AS `filename`,(`s`.`mp` is not null) AS `is_active` from (`vocation_skills` `s` join `vocations` `v` on((`v`.`id` = `s`.`vocation_id`))) union select `s`.`id` AS `id`,'W' AS `skill_type`,`w`.`name` AS `skill_for`,`s`.`skill` AS `name`,`s`.`skill_point` AS `skill_point`,`s`.`description` AS `description`,`s`.`mp` AS `mp`,`s`.`filename` AS `filename`,(`s`.`mp` is not null) AS `is_active` from (`weapon_skills` `s` join `weapons` `w` on((`w`.`id` = `s`.`weapon_id`)))) `query1` where (`query1`.`is_active` = 1) */;
/*!50001 SET character_set_client      = @saved_cs_client */;
/*!50001 SET character_set_results     = @saved_cs_results */;
/*!50001 SET collation_connection      = @saved_col_connection */;
/*!40103 SET TIME_ZONE=@OLD_TIME_ZONE */;

/*!40101 SET SQL_MODE=@OLD_SQL_MODE */;
/*!40014 SET FOREIGN_KEY_CHECKS=@OLD_FOREIGN_KEY_CHECKS */;
/*!40014 SET UNIQUE_CHECKS=@OLD_UNIQUE_CHECKS */;
/*!40101 SET CHARACTER_SET_CLIENT=@OLD_CHARACTER_SET_CLIENT */;
/*!40101 SET CHARACTER_SET_RESULTS=@OLD_CHARACTER_SET_RESULTS */;
/*!40101 SET COLLATION_CONNECTION=@OLD_COLLATION_CONNECTION */;
/*!40111 SET SQL_NOTES=@OLD_SQL_NOTES */;

-- Dump completed on 2023-02-18  1:04:33
