-- phpMyAdmin SQL Dump
-- version 4.9.4
-- https://www.phpmyadmin.net/
--
-- Host: localhost:3306
-- Waktu pembuatan: 08 Bulan Mei 2020 pada 21.52
-- Versi server: 10.2.31-MariaDB-log-cll-lve
-- Versi PHP: 7.3.6

SET SQL_MODE = "NO_AUTO_VALUE_ON_ZERO";
SET AUTOCOMMIT = 0;
START TRANSACTION;
SET time_zone = "+00:00";


/*!40101 SET @OLD_CHARACTER_SET_CLIENT=@@CHARACTER_SET_CLIENT */;
/*!40101 SET @OLD_CHARACTER_SET_RESULTS=@@CHARACTER_SET_RESULTS */;
/*!40101 SET @OLD_COLLATION_CONNECTION=@@COLLATION_CONNECTION */;
/*!40101 SET NAMES utf8mb4 */;

--
-- Database: `rotigsmc_dbpos`
--

-- --------------------------------------------------------

--
-- Struktur dari tabel `category`
--

CREATE TABLE `category` (
  `id` int(11) NOT NULL,
  `name` varchar(499) COLLATE utf8_unicode_ci NOT NULL,
  `created_user_id` int(11) NOT NULL,
  `created_datetime` datetime NOT NULL,
  `updated_user_id` int(11) NOT NULL,
  `updated_datetime` datetime NOT NULL,
  `status` int(1) NOT NULL
) ENGINE=MyISAM DEFAULT CHARSET=utf8 COLLATE=utf8_unicode_ci;

--
-- Dumping data untuk tabel `category`
--

INSERT INTO `category` (`id`, `name`, `created_user_id`, `created_datetime`, `updated_user_id`, `updated_datetime`, `status`) VALUES
(9, 'Makanan', 1, '2020-03-24 09:58:08', 1, '2020-04-05 12:49:09', 0),
(10, 'Menu', 1, '2020-03-28 16:44:52', 1, '2020-04-05 12:49:39', 1),
(7, 'Peralatan', 1, '2016-09-11 19:31:18', 1, '2020-03-28 16:44:42', 0),
(8, 'Bahan ', 1, '2016-09-11 19:31:27', 1, '2020-04-05 12:49:00', 0),
(11, 'Grab', 1, '2020-04-20 19:41:39', 0, '0000-00-00 00:00:00', 1),
(12, 'Gojek', 1, '2020-04-20 19:41:43', 0, '0000-00-00 00:00:00', 1);

-- --------------------------------------------------------

--
-- Struktur dari tabel `ci_sessions`
--

CREATE TABLE `ci_sessions` (
  `id` varchar(40) COLLATE utf8_unicode_ci NOT NULL,
  `ip_address` varchar(45) COLLATE utf8_unicode_ci NOT NULL,
  `timestamp` int(10) UNSIGNED NOT NULL DEFAULT 0,
  `data` blob NOT NULL
) ENGINE=MyISAM DEFAULT CHARSET=utf8 COLLATE=utf8_unicode_ci;

--
-- Dumping data untuk tabel `ci_sessions`
--

INSERT INTO `ci_sessions` (`id`, `ip_address`, `timestamp`, `data`) VALUES
('485cvlnad84motf1l8r12714vp', '::1', 1586466954, 0x5f5f63695f6c6173745f726567656e65726174657c693a313538363436363935343b757365725f69647c693a313b),
('ri5kggm4p00hkddjj3bmau0lbk', '::1', 1586466928, 0x5f5f63695f6c6173745f726567656e65726174657c693a313538363436363932383b757365725f69647c693a313b),
('8lg6pgvhsfm2a9hd9p51hph1oq', '::1', 1586466931, 0x5f5f63695f6c6173745f726567656e65726174657c693a313538363436363933313b757365725f69647c693a313b),
('tpfk19a1l905tsm4moko76fkpv', '::1', 1586466921, 0x5f5f63695f6c6173745f726567656e65726174657c693a313538363436363932313b757365725f69647c693a313b),
('56a7bteq1q1r00c3nd8qet8rr0', '::1', 1586466919, 0x5f5f63695f6c6173745f726567656e65726174657c693a313538363436363931393b757365725f69647c693a313b),
('347nlvr9smkd45rahdo823e75j', '::1', 1586466916, 0x5f5f63695f6c6173745f726567656e65726174657c693a313538363436363931363b757365725f69647c693a313b),
('krff90i7pj2fsg3gmeogfaf3u8', '::1', 1586466916, 0x5f5f63695f6c6173745f726567656e65726174657c693a313538363436363931363b616c6572747c733a36383a223c64697620636c6173733d27616c65727420616c6572742d73756363657373273e426572686173696c2074616d62616820626168616e206d656e746168203c2f6469763e223b),
('574d1g5bsna1n9c6j3r6d5i5m2', '::1', 1586466687, 0x5f5f63695f6c6173745f726567656e65726174657c693a313538363436363638373b757365725f69647c693a313b),
('ibj1q4ogclgq702grhb7kare52', '::1', 1586466675, 0x5f5f63695f6c6173745f726567656e65726174657c693a313538363436363637353b757365725f69647c693a313b),
('k0usmk6pe6g7bjsarv3utkl99e', '::1', 1586466680, 0x5f5f63695f6c6173745f726567656e65726174657c693a313538363436363638303b757365725f69647c693a313b),
('aqnd5ol8k4mukr8a9dcqo6uuhv', '::1', 1586466674, 0x5f5f63695f6c6173745f726567656e65726174657c693a313538363436363637343b757365725f69647c693a313b),
('aqejm8ppb4vbno09hfjc3fhjj2', '::1', 1586447006, 0x5f5f63695f6c6173745f726567656e65726174657c693a313538363434373030363b757365725f69647c693a313b),
('cqljhqjm69pplroj3ske17j7bu', '::1', 1586466672, 0x5f5f63695f6c6173745f726567656e65726174657c693a313538363436363637323b757365725f69647c693a313b),
('hi677qprr0kq4q949jd0qnmtol', '::1', 1586440786, 0x5f5f63695f6c6173745f726567656e65726174657c693a313538363434303738363b757365725f69647c693a313b),
('06f030t15ahj4l6jhtbeduj9m4', '::1', 1586447004, 0x5f5f63695f6c6173745f726567656e65726174657c693a313538363434373030343b757365725f69647c693a313b),
('esbpu5eu282ccmtvk7n5f3becd', '::1', 1586440784, 0x5f5f63695f6c6173745f726567656e65726174657c693a313538363434303738343b757365725f69647c693a313b),
('12qu3v2k4ihttmgasrpkhm9b8e', '::1', 1586440775, 0x5f5f63695f6c6173745f726567656e65726174657c693a313538363434303737353b757365725f69647c693a313b),
('u3ajaphikqhvud155fobu8qaqj', '::1', 1586440735, 0x5f5f63695f6c6173745f726567656e65726174657c693a313538363434303733353b757365725f69647c693a313b),
('u4p2r1l4t1fqfb7pom91qa7cnq', '::1', 1586440743, 0x5f5f63695f6c6173745f726567656e65726174657c693a313538363434303734333b757365725f69647c693a313b),
('bpotunmc3rehdsv9dvqa69hf6m', '::1', 1586440706, 0x5f5f63695f6c6173745f726567656e65726174657c693a313538363434303730363b757365725f69647c693a313b),
('dm5078upb3bbnh9o70v8lifm6v', '::1', 1586440723, 0x5f5f63695f6c6173745f726567656e65726174657c693a313538363434303732333b757365725f69647c693a313b),
('cvccfp3s5ucjmm4n4n91g5nov4', '::1', 1586440652, 0x5f5f63695f6c6173745f726567656e65726174657c693a313538363434303635313b757365725f69647c693a313b),
('470hrpufctk8gjd5ivr851bv37', '::1', 1586440513, 0x5f5f63695f6c6173745f726567656e65726174657c693a313538363434303531333b757365725f69647c693a313b),
('adff3jfhhn8l4d7holfjdod71e', '::1', 1586440571, 0x5f5f63695f6c6173745f726567656e65726174657c693a313538363434303537313b757365725f69647c693a313b),
('lf7djo4e4ab72g3pjrd429e53n', '::1', 1586440423, 0x5f5f63695f6c6173745f726567656e65726174657c693a313538363434303432333b757365725f69647c693a313b),
('2jh9ti4rd1jt110b8qnh6tkdha', '::1', 1586440428, 0x5f5f63695f6c6173745f726567656e65726174657c693a313538363434303432383b757365725f69647c693a313b),
('t4imtvbut3seq8h6tmucqr09dq', '::1', 1586440430, 0x5f5f63695f6c6173745f726567656e65726174657c693a313538363434303433303b757365725f69647c693a313b),
('asj71th71571tq1fjs3rirbm85', '::1', 1586440184, 0x5f5f63695f6c6173745f726567656e65726174657c693a313538363434303138343b757365725f69647c693a313b),
('cfr1o9ajcubnfaoh3t77f9blq9', '::1', 1586440349, 0x5f5f63695f6c6173745f726567656e65726174657c693a313538363434303334393b757365725f69647c693a313b),
('on85iv9oc9ojbc2ia2vopks9dd', '::1', 1586440181, 0x5f5f63695f6c6173745f726567656e65726174657c693a313538363434303138313b757365725f69647c693a313b),
('peertcmo5i7oj6s1ajusm1jl0c', '::1', 1586440182, 0x5f5f63695f6c6173745f726567656e65726174657c693a313538363434303138323b757365725f69647c693a313b),
('4j8ss3ltuejin7e3h0rr26qfdc', '::1', 1586440167, 0x5f5f63695f6c6173745f726567656e65726174657c693a313538363434303136373b757365725f69647c693a313b),
('9jrnqp33v8nqis45aeaiajcu3i', '::1', 1586440166, 0x5f5f63695f6c6173745f726567656e65726174657c693a313538363434303136363b616c6572747c733a36383a223c64697620636c6173733d27616c65727420616c6572742d73756363657373273e426572686173696c2074616d62616820626168616e206d656e746168203c2f6469763e223b),
('vi54252m8su6le51m0ishh6l6r', '::1', 1586440166, 0x5f5f63695f6c6173745f726567656e65726174657c693a313538363434303136363b757365725f69647c693a313b),
('n3hro1d6cbpkffrfr4sd49vd5v', '::1', 1586440161, 0x5f5f63695f6c6173745f726567656e65726174657c693a313538363434303136313b757365725f69647c693a313b),
('saoll9k1uki81hrps5ss5d5s37', '::1', 1586440151, 0x5f5f63695f6c6173745f726567656e65726174657c693a313538363434303135313b757365725f69647c693a313b),
('gthf3eunvuocqbvrm5uh708bpv', '::1', 1586440160, 0x5f5f63695f6c6173745f726567656e65726174657c693a313538363434303136303b616c6572747c733a36383a223c64697620636c6173733d27616c65727420616c6572742d73756363657373273e426572686173696c2074616d62616820626168616e206d656e746168203c2f6469763e223b),
('lk9m9e4jqe8v00uhctpri3ot7g', '::1', 1586439953, 0x5f5f63695f6c6173745f726567656e65726174657c693a313538363433393935333b),
('k0f7tur2ldduq9fhoggssca62l', '::1', 1586439966, 0x5f5f63695f6c6173745f726567656e65726174657c693a313538363433393936363b757365725f69647c693a313b),
('c8vcho3fjdp6nfarh127o8kcj6', '::1', 1586440135, 0x5f5f63695f6c6173745f726567656e65726174657c693a313538363434303133353b757365725f69647c693a313b),
('h70dgar10ohd43l2s9us14o5m3', '::1', 1586439883, 0x5f5f63695f6c6173745f726567656e65726174657c693a313538363433393838333b757365725f69647c693a313b),
('tldr8i0opvotk107e7o4vnnv5u', '::1', 1586439824, 0x5f5f63695f6c6173745f726567656e65726174657c693a313538363433393832333b),
('ff8c53uj8rep3talj69fcrepvl', '::1', 1586439513, 0x5f5f63695f6c6173745f726567656e65726174657c693a313538363433393531333b757365725f69647c693a313b),
('co9bgli5fcatfbo54mhohagr05', '::1', 1586439526, 0x5f5f63695f6c6173745f726567656e65726174657c693a313538363433393532353b757365725f69647c693a313b),
('r08pn9vbn5hj5vabsuf1e5oonu', '::1', 1586439486, 0x5f5f63695f6c6173745f726567656e65726174657c693a313538363433393438363b),
('ge1bpblhovg986jr372p57cbke', '::1', 1586439513, 0x5f5f63695f6c6173745f726567656e65726174657c693a313538363433393531333b616c6572747c733a36383a223c64697620636c6173733d27616c65727420616c6572742d73756363657373273e426572686173696c2074616d62616820626168616e206d656e746168203c2f6469763e223b),
('qlkd0nppg5ta2r0tjoadm3m782', '::1', 1586439483, 0x5f5f63695f6c6173745f726567656e65726174657c693a313538363433393438333b),
('phb31qs40fctkdg0mh9m1s68a3', '::1', 1586439484, 0x5f5f63695f6c6173745f726567656e65726174657c693a313538363433393438343b757365725f69647c693a313b),
('4h109e6oi762edguqiqaac0dfr', '::1', 1586439447, 0x5f5f63695f6c6173745f726567656e65726174657c693a313538363433393434373b757365725f69647c693a313b),
('sdev071sf1c9t4p7tqsi9rmio0', '::1', 1586439455, 0x5f5f63695f6c6173745f726567656e65726174657c693a313538363433393435353b),
('oheghc22doan5n796djagqgs2g', '::1', 1586439473, 0x5f5f63695f6c6173745f726567656e65726174657c693a313538363433393437333b),
('jvepq9ak7fg33tt4kt1tst5bk7', '::1', 1586439238, 0x5f5f63695f6c6173745f726567656e65726174657c693a313538363433393233383b757365725f69647c693a313b),
('5ca4bnicg5tmv75o2jb0etriep', '::1', 1586439241, 0x5f5f63695f6c6173745f726567656e65726174657c693a313538363433393234313b),
('jsgr8edvv2d6cukg6kel45vk7q', '::1', 1586439203, 0x5f5f63695f6c6173745f726567656e65726174657c693a313538363433393230333b757365725f69647c693a313b),
('m6hn62veee8vk5upjburl5n87l', '::1', 1586439113, 0x5f5f63695f6c6173745f726567656e65726174657c693a313538363433393131333b757365725f69647c693a313b),
('g3evbu66j2fdbrmvad611kstrm', '::1', 1586439117, 0x5f5f63695f6c6173745f726567656e65726174657c693a313538363433393131373b757365725f69647c693a313b),
('qu2h49jik6unu0q3snji61p6e0', '::1', 1586439171, 0x5f5f63695f6c6173745f726567656e65726174657c693a313538363433393137313b757365725f69647c693a313b),
('c0q1dom41qpf4rgbm3slhppj9a', '::1', 1586439107, 0x5f5f63695f6c6173745f726567656e65726174657c693a313538363433393130373b757365725f69647c693a313b),
('igu7li012336bivvilu3qea37i', '::1', 1586438973, 0x5f5f63695f6c6173745f726567656e65726174657c693a313538363433383937333b),
('kivpe2da2o4a9drrs1n8kagfd7', '::1', 1586438984, 0x5f5f63695f6c6173745f726567656e65726174657c693a313538363433383938343b757365725f69647c693a313b),
('m4h2gt1la5pgcm49jdetf2d0hi', '::1', 1586438927, 0x5f5f63695f6c6173745f726567656e65726174657c693a313538363433383932373b),
('2s53m5hc2hsjantd27m6nc85u3', '::1', 1586438868, 0x5f5f63695f6c6173745f726567656e65726174657c693a313538363433383836383b),
('4t1s0ebllspvdd6lh1ru1uv3v6', '::1', 1586438908, 0x5f5f63695f6c6173745f726567656e65726174657c693a313538363433383930383b),
('bphkvb6aub0p1ql8ujpdj1bcir', '::1', 1586438740, 0x5f5f63695f6c6173745f726567656e65726174657c693a313538363433383733393b),
('qqbj55ob1s4tiub4ego5cbbsbe', '::1', 1586438767, 0x5f5f63695f6c6173745f726567656e65726174657c693a313538363433383736373b757365725f69647c693a313b),
('m32rmbgjttbtcbat7qs702ndg8', '::1', 1586438822, 0x5f5f63695f6c6173745f726567656e65726174657c693a313538363433383832323b757365725f69647c693a313b),
('cs681l4tc73805fqa738c4av4q', '::1', 1586438676, 0x5f5f63695f6c6173745f726567656e65726174657c693a313538363433383637363b757365725f69647c693a313b),
('at58buuho64339tvqv1ubkelup', '::1', 1586438673, 0x5f5f63695f6c6173745f726567656e65726174657c693a313538363433383637333b757365725f69647c693a313b),
('8g1j6ja77pmrhtvp4tv3l33koi', '::1', 1586438661, 0x5f5f63695f6c6173745f726567656e65726174657c693a313538363433383636313b757365725f69647c693a313b),
('p90jnl4n5kbi7mumf0582lcbfc', '::1', 1586438601, 0x5f5f63695f6c6173745f726567656e65726174657c693a313538363433383630313b),
('oks4cc9uevqfq1lbfb6vi0670k', '::1', 1586438617, 0x5f5f63695f6c6173745f726567656e65726174657c693a313538363433383631373b),
('s4vhud2mbtd0oudiifaa485mgc', '::1', 1586438107, 0x5f5f63695f6c6173745f726567656e65726174657c693a313538363433383130373b757365725f69647c693a313b),
('iui7eo4gicfs7cmcfeq0ifi980', '::1', 1586438062, 0x5f5f63695f6c6173745f726567656e65726174657c693a313538363433383036323b757365725f69647c693a313b),
('ovcavv68sme4vqk8t1lbk8654q', '::1', 1586438084, 0x5f5f63695f6c6173745f726567656e65726174657c693a313538363433383038343b757365725f69647c693a313b),
('a2ppn17ub85bglotfh31828k53', '::1', 1586437894, 0x5f5f63695f6c6173745f726567656e65726174657c693a313538363433373839343b757365725f69647c693a313b),
('fgtmdn7rmuo9jhh0slmhen9ig2', '::1', 1586437896, 0x5f5f63695f6c6173745f726567656e65726174657c693a313538363433373839363b757365725f69647c693a313b),
('isargtdpeakkb14knh7qiu4cd2', '::1', 1586437894, 0x5f5f63695f6c6173745f726567656e65726174657c693a313538363433373839343b616c6572747c733a36383a223c64697620636c6173733d27616c65727420616c6572742d73756363657373273e426572686173696c2064656c65746520626168616e206d656e746168203c2f6469763e223b),
('14nanb9pue64j4rpd3s8eshhpq', '::1', 1586437891, 0x5f5f63695f6c6173745f726567656e65726174657c693a313538363433373839313b616c6572747c733a36383a223c64697620636c6173733d27616c65727420616c6572742d73756363657373273e426572686173696c2064656c65746520626168616e206d656e746168203c2f6469763e223b),
('rvgbvi93q79qkpf4anl5l5vfmp', '::1', 1586437891, 0x5f5f63695f6c6173745f726567656e65726174657c693a313538363433373839313b757365725f69647c693a313b),
('hu2nthk8s9so5co4vq399dhmgg', '::1', 1586437883, 0x5f5f63695f6c6173745f726567656e65726174657c693a313538363433373838333b757365725f69647c693a313b),
('atq1ubkpc182pmrn0iv8ajved4', '::1', 1586437887, 0x5f5f63695f6c6173745f726567656e65726174657c693a313538363433373838363b757365725f69647c693a313b),
('e90ob0il4p0s0gh5a7t7ifluko', '::1', 1586437741, 0x5f5f63695f6c6173745f726567656e65726174657c693a313538363433373734313b757365725f69647c693a313b),
('90mfghh4a366t0nsdthd3cqtik', '::1', 1586437883, 0x5f5f63695f6c6173745f726567656e65726174657c693a313538363433373838333b616c6572747c733a36383a223c64697620636c6173733d27616c65727420616c6572742d73756363657373273e426572686173696c2064656c65746520626168616e206d656e746168203c2f6469763e223b),
('2jnfenq1isnj0oolrvokcpqbfv', '::1', 1586437737, 0x5f5f63695f6c6173745f726567656e65726174657c693a313538363433373733373b757365725f69647c693a313b),
('jbl8kb9d95i52jcjquejoj2kli', '::1', 1586437735, 0x5f5f63695f6c6173745f726567656e65726174657c693a313538363433373733353b),
('hu0mndn2aumsnikv6j89r44s4c', '::1', 1586437728, 0x5f5f63695f6c6173745f726567656e65726174657c693a313538363433373732383b757365725f69647c693a313b),
('6rj4i084ba3sq3tf52u9l5o95a', '::1', 1586437735, 0x5f5f63695f6c6173745f726567656e65726174657c693a313538363433373733353b),
('01qjjormnbuk7hq0pr73f9uhn9', '::1', 1586437728, 0x5f5f63695f6c6173745f726567656e65726174657c693a313538363433373732383b73657373696f6e69647c733a333a22706f73223b757365725f69647c733a313a2231223b757365725f656d61696c7c733a31373a226f776e657240726f746967736d2e636f6d223b757365725f726f6c657c733a313a2231223b757365725f6f75746c65747c733a313a2230223b),
('mh3d12ql8gjsg6u3crpk1jtf71', '::1', 1586437719, 0x5f5f63695f6c6173745f726567656e65726174657c693a313538363433373731393b757365725f69647c693a313b),
('f4bhaahc6n3vj4hu6c6rim1cu8', '::1', 1586437722, 0x5f5f63695f6c6173745f726567656e65726174657c693a313538363433373732323b),
('03tbm97frumbpm0pd2qf9e90pa', '::1', 1586437718, 0x5f5f63695f6c6173745f726567656e65726174657c693a313538363433373731383b),
('q9k0ddnf7i4lnh06hukc6kmj6o', '::1', 1586437718, 0x5f5f63695f6c6173745f726567656e65726174657c693a313538363433373731383b),
('1b30gnccog3bb68r2bvrpb0aps', '::1', 1586437714, 0x5f5f63695f6c6173745f726567656e65726174657c693a313538363433373731343b616c6572747c733a36383a223c64697620636c6173733d27616c65727420616c6572742d73756363657373273e426572686173696c2074616d62616820626168616e206d656e746168203c2f6469763e223b),
('i4q2t0rpenmorkf9sisq05hdk1', '::1', 1586437714, 0x5f5f63695f6c6173745f726567656e65726174657c693a313538363433373731343b757365725f69647c693a313b),
('g7klgqtjnv7779pa8knfeo38g3', '::1', 1586437708, 0x5f5f63695f6c6173745f726567656e65726174657c693a313538363433373730383b757365725f69647c693a313b),
('obv3cthe6l2i4avdf09iai8hbb', '::1', 1586437707, 0x5f5f63695f6c6173745f726567656e65726174657c693a313538363433373730373b616c6572747c733a36383a223c64697620636c6173733d27616c65727420616c6572742d73756363657373273e426572686173696c2074616d62616820626168616e206d656e746168203c2f6469763e223b),
('osn5cg8ila6eqlbvs18ug77lfc', '::1', 1586437280, 0x5f5f63695f6c6173745f726567656e65726174657c693a313538363433373238303b757365725f69647c693a313b),
('v0adbrnmq9e5okohuandtn83rr', '::1', 1586437278, 0x5f5f63695f6c6173745f726567656e65726174657c693a313538363433373237383b757365725f69647c693a313b),
('u9lb5v27cpmb79nhha75rlp402', '::1', 1586437262, 0x5f5f63695f6c6173745f726567656e65726174657c693a313538363433373236323b757365725f69647c693a313b),
('8pt8hg7gtmd5tlm3qqkboav6ke', '::1', 1586437275, 0x5f5f63695f6c6173745f726567656e65726174657c693a313538363433373237353b757365725f69647c693a313b),
('a48s182p0f9qu4e3fp7kb94bak', '::1', 1586437258, 0x5f5f63695f6c6173745f726567656e65726174657c693a313538363433373235383b757365725f69647c693a313b),
('num7ms22m008ijke1ctq9qlb2s', '::1', 1586437260, 0x5f5f63695f6c6173745f726567656e65726174657c693a313538363433373236303b757365725f69647c693a313b),
('f82klhp6k8cl7d04hb6k144gh8', '::1', 1586437258, 0x5f5f63695f6c6173745f726567656e65726174657c693a313538363433373235383b616c6572747c733a36383a223c64697620636c6173733d27616c65727420616c6572742d73756363657373273e426572686173696c2074616d62616820626168616e206d656e746168203c2f6469763e223b),
('hh89kil8o4pgd711i54300m1pq', '::1', 1586437253, 0x5f5f63695f6c6173745f726567656e65726174657c693a313538363433373235323b757365725f69647c693a313b),
('srpnvk229ff1a4ejb09n708bpc', '::1', 1586437255, 0x5f5f63695f6c6173745f726567656e65726174657c693a313538363433373235353b757365725f69647c693a313b),
('406fsldmj1n627mqrkf96eiq8g', '::1', 1586437251, 0x5f5f63695f6c6173745f726567656e65726174657c693a313538363433373235313b757365725f69647c693a313b),
('a9v5v35jd34b3g18tc2jt104d8', '::1', 1586437108, 0x5f5f63695f6c6173745f726567656e65726174657c693a313538363433373130383b),
('tsg0dbaa83bt84ncjst5liuvi4', '::1', 1586437105, 0x5f5f63695f6c6173745f726567656e65726174657c693a313538363433373130353b757365725f69647c693a313b),
('1v8kp9t61gpkl69bvmh503u27l', '::1', 1586437103, 0x5f5f63695f6c6173745f726567656e65726174657c693a313538363433373130333b757365725f69647c693a313b),
('pd0pl4ip15dt1qpv375r46vss1', '::1', 1586437079, 0x5f5f63695f6c6173745f726567656e65726174657c693a313538363433373037393b),
('kk09phtqqf9hkufqs6um5jerhr', '::1', 1586437046, 0x5f5f63695f6c6173745f726567656e65726174657c693a313538363433373034363b),
('neafemk0okteu34vs7n6os883g', '::1', 1586437023, 0x5f5f63695f6c6173745f726567656e65726174657c693a313538363433373032333b),
('88f41vsl4chhlebmoisa3gen5p', '::1', 1586437007, 0x5f5f63695f6c6173745f726567656e65726174657c693a313538363433373030373b),
('lvh1s1tfujlasvcs6b234nopgt', '::1', 1586436967, 0x5f5f63695f6c6173745f726567656e65726174657c693a313538363433363936373b757365725f69647c693a313b),
('eui8t1hsrpqeitrcaujuf46ku2', '::1', 1586436938, 0x5f5f63695f6c6173745f726567656e65726174657c693a313538363433363933383b757365725f69647c693a313b),
('s5kco2e1kmncacuv8h3f03ppiq', '::1', 1586436937, 0x5f5f63695f6c6173745f726567656e65726174657c693a313538363433363933373b757365725f69647c693a313b),
('qr8v1ddm28g85u220im9kp4use', '::1', 1586436924, 0x5f5f63695f6c6173745f726567656e65726174657c693a313538363433363932343b757365725f69647c693a313b),
('0rmgoujba1ng5svc41751g1t64', '::1', 1586436920, 0x5f5f63695f6c6173745f726567656e65726174657c693a313538363433363932303b757365725f69647c693a313b),
('800q42tmjam44igph0g9gd8dhk', '::1', 1586436915, 0x5f5f63695f6c6173745f726567656e65726174657c693a313538363433363931353b757365725f69647c693a313b),
('4iqcdrhmfqpvqc764orhdcc3p3', '::1', 1586436895, 0x5f5f63695f6c6173745f726567656e65726174657c693a313538363433363839353b757365725f69647c693a313b),
('euhsdnkemuvee4gcdasj877db0', '::1', 1586436598, 0x5f5f63695f6c6173745f726567656e65726174657c693a313538363433363539383b757365725f69647c693a313b),
('0fvdff8sc6rv2fjhermmt0ftri', '::1', 1586436589, 0x5f5f63695f6c6173745f726567656e65726174657c693a313538363433363538393b757365725f69647c693a313b),
('hiil50se2lhhpuq8eq3fj3hjk3', '::1', 1586436592, 0x5f5f63695f6c6173745f726567656e65726174657c693a313538363433363539323b757365725f69647c693a313b),
('o56jf0q7pnlc51bl0oqd7t0lj2', '::1', 1586436592, 0x5f5f63695f6c6173745f726567656e65726174657c693a313538363433363539323b757365725f69647c693a313b),
('t3n83501id2ljlpllpvrqlqt19', '::1', 1586436588, 0x5f5f63695f6c6173745f726567656e65726174657c693a313538363433363538383b757365725f69647c693a313b),
('lfvemjnera6tn3cbk103aq1e9n', '::1', 1586436589, 0x5f5f63695f6c6173745f726567656e65726174657c693a313538363433363538393b616c6572747c733a36383a223c64697620636c6173733d27616c65727420616c6572742d73756363657373273e426572686173696c2075706461746520626168616e206d656e746168203c2f6469763e223b),
('tb39bf8hfrdnta80mnhlk24v54', '::1', 1586436584, 0x5f5f63695f6c6173745f726567656e65726174657c693a313538363433363538343b757365725f69647c693a313b),
('am2apps3otc4s39hs5host34j8', '::1', 1586436581, 0x5f5f63695f6c6173745f726567656e65726174657c693a313538363433363538313b616c6572747c733a36383a223c64697620636c6173733d27616c65727420616c6572742d73756363657373273e426572686173696c2064656c65746520626168616e206d656e746168203c2f6469763e223b),
('0o04l2egig13r0u86jv3910c5q', '::1', 1586436581, 0x5f5f63695f6c6173745f726567656e65726174657c693a313538363433363538313b757365725f69647c693a313b),
('6ep8gti6dai9b856ligqkqn6ee', '::1', 1586436544, 0x5f5f63695f6c6173745f726567656e65726174657c693a313538363433363534343b757365725f69647c693a313b),
('is3j4ar1mjtq32afqau0ng6qdl', '::1', 1586436568, 0x5f5f63695f6c6173745f726567656e65726174657c693a313538363433363536383b),
('bjli9ah81gl7hve7qe279vf76h', '::1', 1586436540, 0x5f5f63695f6c6173745f726567656e65726174657c693a313538363433363534303b757365725f69647c693a313b),
('b4jt3beirsgjj29pqg9s9ftuuf', '::1', 1586436544, 0x5f5f63695f6c6173745f726567656e65726174657c693a313538363433363534333b616c6572747c733a36383a223c64697620636c6173733d27616c65727420616c6572742d73756363657373273e426572686173696c2064656c65746520626168616e206d656e746168203c2f6469763e223b),
('1voiig986so95ccvrsmcc3oe5h', '::1', 1586436538, 0x5f5f63695f6c6173745f726567656e65726174657c693a313538363433363533383b616c6572747c733a36383a223c64697620636c6173733d27616c65727420616c6572742d73756363657373273e426572686173696c2064656c65746520626168616e206d656e746168203c2f6469763e223b),
('dc58vbdltvq6d59c3mqre64vfe', '::1', 1586436538, 0x5f5f63695f6c6173745f726567656e65726174657c693a313538363433363533383b757365725f69647c693a313b),
('7msdjrrafdjquma4rq9ilt4mn0', '::1', 1586436523, 0x5f5f63695f6c6173745f726567656e65726174657c693a313538363433363532333b757365725f69647c693a313b),
('63ffn8cb3suh5l6pdv3u7abtfh', '::1', 1586436432, 0x5f5f63695f6c6173745f726567656e65726174657c693a313538363433363433323b),
('npintdtvrahhcjruj17utvfm7c', '::1', 1586436506, 0x5f5f63695f6c6173745f726567656e65726174657c693a313538363433363530363b757365725f69647c693a313b),
('201785rt840om7bikjnvlm32c3', '::1', 1586436422, 0x5f5f63695f6c6173745f726567656e65726174657c693a313538363433363432323b757365725f69647c693a313b),
('upvf05acucriev91m2391lpars', '::1', 1586436359, 0x5f5f63695f6c6173745f726567656e65726174657c693a313538363433363335383b),
('681pj2rnsh1t2gnmu4u35jv5pi', '::1', 1586436346, 0x5f5f63695f6c6173745f726567656e65726174657c693a313538363433363334363b),
('1rjkl0o536p10ads4ioqv3gjhe', '::1', 1586436345, 0x5f5f63695f6c6173745f726567656e65726174657c693a313538363433363334353b),
('668h1o48etigv3enpjdan9lhbv', '::1', 1586436345, 0x5f5f63695f6c6173745f726567656e65726174657c693a313538363433363334353b),
('7li3dpp3qhs24oonk8se517ohf', '::1', 1586436342, 0x5f5f63695f6c6173745f726567656e65726174657c693a313538363433363334323b),
('q2jgl15srof81tmpacrtj3hp7u', '::1', 1586436343, 0x5f5f63695f6c6173745f726567656e65726174657c693a313538363433363334333b),
('s8kvkprpb6frinmt91jcrclhep', '::1', 1586436309, 0x5f5f63695f6c6173745f726567656e65726174657c693a313538363433363330393b),
('itlk7m9bkqdirdeo8builgipfj', '::1', 1586436285, 0x5f5f63695f6c6173745f726567656e65726174657c693a313538363433363238353b),
('lf5hke5mgpjcsk02cr94qro2tq', '::1', 1586436284, 0x5f5f63695f6c6173745f726567656e65726174657c693a313538363433363238343b),
('1kjs3athn9vr384o8kgpqrtdh0', '::1', 1586436284, 0x5f5f63695f6c6173745f726567656e65726174657c693a313538363433363238343b73657373696f6e69647c733a333a22706f73223b757365725f69647c733a313a2231223b757365725f656d61696c7c733a31373a226f776e657240726f746967736d2e636f6d223b757365725f726f6c657c733a313a2231223b757365725f6f75746c65747c733a313a2230223b),
('qvq918th0p2i4sbqqcfkpegc86', '::1', 1586436262, 0x5f5f63695f6c6173745f726567656e65726174657c693a313538363433363236323b),
('nae0htdeujc2sf1jsgf665phf1', '::1', 1586436266, 0x5f5f63695f6c6173745f726567656e65726174657c693a313538363433363236363b73657373696f6e69647c733a333a22706f73223b757365725f69647c733a313a2231223b757365725f656d61696c7c733a31373a226f776e657240726f746967736d2e636f6d223b757365725f726f6c657c733a313a2231223b757365725f6f75746c65747c733a313a2230223b),
('dq5o1tn5n2hephdr72sgkrbrnr', '::1', 1586436253, 0x5f5f63695f6c6173745f726567656e65726174657c693a313538363433363235333b757365725f69647c693a313b),
('vg0ggrr1sl1rp16jfmq29528ve', '::1', 1586436179, 0x5f5f63695f6c6173745f726567656e65726174657c693a313538363433363137393b757365725f69647c693a313b),
('di8th21engskcrrftpcdv2emnp', '::1', 1586436183, 0x5f5f63695f6c6173745f726567656e65726174657c693a313538363433363138333b),
('gui39v4ers0kuajesie8p935f9', '::1', 1586436188, 0x5f5f63695f6c6173745f726567656e65726174657c693a313538363433363138383b),
('gp5u5leudvra7p1vg89ip0hra8', '::1', 1586436253, 0x5f5f63695f6c6173745f726567656e65726174657c693a313538363433363235333b73657373696f6e69647c733a333a22706f73223b757365725f69647c733a313a2231223b757365725f656d61696c7c733a31373a226f776e657240726f746967736d2e636f6d223b757365725f726f6c657c733a313a2231223b757365725f6f75746c65747c733a313a2230223b),
('eaf7ht8pngckdj3gh6dpqo3l9l', '::1', 1586436144, 0x5f5f63695f6c6173745f726567656e65726174657c693a313538363433363134343b),
('dkq5qvo83url6fjkp6388qjg2f', '::1', 1586436144, 0x5f5f63695f6c6173745f726567656e65726174657c693a313538363433363134343b73657373696f6e69647c733a333a22706f73223b757365725f69647c733a313a2231223b757365725f656d61696c7c733a31373a226f776e657240726f746967736d2e636f6d223b757365725f726f6c657c733a313a2231223b757365725f6f75746c65747c733a313a2230223b),
('5g0hg9bs35fl6v47ntlrr3tqul', '::1', 1586436132, 0x5f5f63695f6c6173745f726567656e65726174657c693a313538363433363133323b757365725f69647c693a313b),
('plkor2ahb84ngmt0hb7k5od7fi', '::1', 1586436136, 0x5f5f63695f6c6173745f726567656e65726174657c693a313538363433363133363b),
('jpjg0prsqf3uo5qokhe89nqi8a', '::1', 1586436103, 0x5f5f63695f6c6173745f726567656e65726174657c693a313538363433363130333b),
('purmt8qusul7g9g4ipeip9qjne', '::1', 1586436118, 0x5f5f63695f6c6173745f726567656e65726174657c693a313538363433363131383b),
('06hvo9ap5251f8b57cmkqdgko5', '::1', 1586436101, 0x5f5f63695f6c6173745f726567656e65726174657c693a313538363433363130313b757365725f69647c693a313b),
('c416jfakqrpjumutfad0kda58t', '::1', 1586436094, 0x5f5f63695f6c6173745f726567656e65726174657c693a313538363433363039343b),
('nevj2nitm291epjeeue4kv7bud', '::1', 1586436095, 0x5f5f63695f6c6173745f726567656e65726174657c693a313538363433363039353b),
('fpcge8jir4j3edr7ks7ab35ph3', '::1', 1586436093, 0x5f5f63695f6c6173745f726567656e65726174657c693a313538363433363039333b),
('k4v2f9p2o5ue8sfkm1tsd6u29l', '::1', 1586435993, 0x5f5f63695f6c6173745f726567656e65726174657c693a313538363433353939333b),
('9j78kunrutcrod14lcfps1fln4', '::1', 1586435992, 0x5f5f63695f6c6173745f726567656e65726174657c693a313538363433353939323b757365725f69647c693a313b),
('86a848j9j46ecmn545q32cjmur', '::1', 1586435991, 0x5f5f63695f6c6173745f726567656e65726174657c693a313538363433353939313b616c6572747c733a36343a223c64697620636c6173733d27616c65727420616c6572742d73756363657373273e426572686173696c207570646174652070617373776f7264203c2f6469763e223b),
('afg3ir4onn7md1atgcca7priad', '::1', 1586435965, 0x5f5f63695f6c6173745f726567656e65726174657c693a313538363433353936343b),
('ma64k7ifksfcbv86tvq6cn9u7a', '::1', 1586435964, 0x5f5f63695f6c6173745f726567656e65726174657c693a313538363433353936343b),
('mfg0vu88tm4p84b7gotgg2inf0', '::1', 1586435964, 0x5f5f63695f6c6173745f726567656e65726174657c693a313538363433353936343b),
('26nvo503loj048cb8annb9n2i3', '::1', 1586435964, 0x5f5f63695f6c6173745f726567656e65726174657c693a313538363433353936343b),
('fr94ulv03eo076e6aa2c9395f1', '::1', 1586435909, 0x5f5f63695f6c6173745f726567656e65726174657c693a313538363433353930393b),
('62d3iohig0mteer4201ekhj5oe', '::1', 1586435963, 0x5f5f63695f6c6173745f726567656e65726174657c693a313538363433353936333b),
('bp269jv8d05pnablv4vki4406s', '::1', 1586435908, 0x5f5f63695f6c6173745f726567656e65726174657c693a313538363433353930383b757365725f69647c693a313b),
('bq57ikm9eu92uhegsuia0v0jlm', '::1', 1586435901, 0x5f5f63695f6c6173745f726567656e65726174657c693a313538363433353930313b757365725f69647c693a313b),
('1j4l5m3cut7aa69nsjccu4vrav', '::1', 1586435907, 0x5f5f63695f6c6173745f726567656e65726174657c693a313538363433353930373b757365725f69647c693a313b),
('72j6pgqqlgcjjvovkanucplhqj', '::1', 1586435901, 0x5f5f63695f6c6173745f726567656e65726174657c693a313538363433353930313b73657373696f6e69647c733a333a22706f73223b757365725f69647c733a313a2231223b757365725f656d61696c7c733a31373a226f776e657240726f746967736d2e636f6d223b757365725f726f6c657c733a313a2231223b757365725f6f75746c65747c733a313a2230223b),
('tek031i8trsjf9o1hbre2rh7v3', '::1', 1586435867, 0x5f5f63695f6c6173745f726567656e65726174657c693a313538363433353836373b73657373696f6e69647c733a333a22706f73223b757365725f69647c733a313a2231223b757365725f656d61696c7c733a31373a226f776e657240726f746967736d2e636f6d223b757365725f726f6c657c733a313a2231223b757365725f6f75746c65747c733a313a2230223b),
('fqjq20dbtgh8gs9jgjjdo7jt9p', '::1', 1586435823, 0x5f5f63695f6c6173745f726567656e65726174657c693a313538363433353832333b),
('u015o2gq17acp71rgtv77qphlv', '::1', 1586435830, 0x5f5f63695f6c6173745f726567656e65726174657c693a313538363433353833303b73657373696f6e69647c733a333a22706f73223b757365725f69647c733a313a2231223b757365725f656d61696c7c733a31373a226f776e657240726f746967736d2e636f6d223b757365725f726f6c657c733a313a2231223b757365725f6f75746c65747c733a313a2230223b),
('i0di455d6bek15irbhsfsgd0mg', '::1', 1586435795, 0x5f5f63695f6c6173745f726567656e65726174657c693a313538363433353739353b),
('sj9b20l1ud7ori9pd3rmt8ha6k', '::1', 1586435797, 0x5f5f63695f6c6173745f726567656e65726174657c693a313538363433353739373b757365725f69647c693a313b),
('ji96s0h0kbm8e13eqqn15jho4u', '::1', 1586435792, 0x5f5f63695f6c6173745f726567656e65726174657c693a313538363433353739313b757365725f69647c693a313b),
('8rfma2k4jndkoqa3pjr5dgevqt', '::1', 1586435795, 0x5f5f63695f6c6173745f726567656e65726174657c693a313538363433353739353b),
('65rs5867775hm7c6m9mcfci1gb', '::1', 1586435789, 0x5f5f63695f6c6173745f726567656e65726174657c693a313538363433353738393b),
('8h5sibasch7670bf14gtuu56h4', '::1', 1586435791, 0x5f5f63695f6c6173745f726567656e65726174657c693a313538363433353739313b73657373696f6e69647c733a333a22706f73223b757365725f69647c733a313a2231223b757365725f656d61696c7c733a31373a226f776e657240726f746967736d2e636f6d223b757365725f726f6c657c733a313a2231223b757365725f6f75746c65747c733a313a2230223b),
('o87vh3l25qgn0nnddqt3ei3vdn', '::1', 1586435682, 0x5f5f63695f6c6173745f726567656e65726174657c693a313538363433353638323b757365725f69647c693a313b),
('c2ovhv6adtdsb6do4pa7tap6j3', '::1', 1586435682, 0x5f5f63695f6c6173745f726567656e65726174657c693a313538363433353638323b616c6572747c733a36343a223c64697620636c6173733d27616c65727420616c6572742d73756363657373273e426572686173696c207570646174652070617373776f7264203c2f6469763e223b),
('kacisvqasfe6qqb00ouplc5bgi', '::1', 1586435681, 0x5f5f63695f6c6173745f726567656e65726174657c693a313538363433353638313b616c6572747c733a36343a223c64697620636c6173733d27616c65727420616c6572742d73756363657373273e426572686173696c207570646174652070617373776f7264203c2f6469763e223b),
('3tn76guob0fo66nai93rmlm8ds', '::1', 1586435681, 0x5f5f63695f6c6173745f726567656e65726174657c693a313538363433353638313b757365725f69647c693a313b),
('pj2vjbecr4ifkdc5j3u6iamr6f', '::1', 1586435678, 0x5f5f63695f6c6173745f726567656e65726174657c693a313538363433353637383b757365725f69647c693a313b),
('utegt59klc4ogt090phckasd13', '::1', 1586435680, 0x5f5f63695f6c6173745f726567656e65726174657c693a313538363433353638303b757365725f69647c693a313b),
('q77lvbr4m66jh8sgnclf24fhvr', '::1', 1586435666, 0x5f5f63695f6c6173745f726567656e65726174657c693a313538363433353636363b),
('vkfglci4t5jphtnt056l5q65vt', '::1', 1586435668, 0x5f5f63695f6c6173745f726567656e65726174657c693a313538363433353636383b757365725f69647c693a313b),
('90opsne41eru7ir22545oh7fk4', '::1', 1586435666, 0x5f5f63695f6c6173745f726567656e65726174657c693a313538363433353636363b),
('6bqn327hkqjk9eni58vthfgd31', '::1', 1586435664, 0x5f5f63695f6c6173745f726567656e65726174657c693a313538363433353636343b757365725f69647c693a313b),
('o853jj4ea1s9g7to55phsbg458', '::1', 1586435654, 0x5f5f63695f6c6173745f726567656e65726174657c693a313538363433353635343b757365725f69647c693a313b),
('42c2n4i52rvqohlpusqgs4i7p2', '::1', 1586435658, 0x5f5f63695f6c6173745f726567656e65726174657c693a313538363433353635383b),
('vouh7hr05b4966d5gl9th24ajj', '::1', 1586435664, 0x5f5f63695f6c6173745f726567656e65726174657c693a313538363433353636343b73657373696f6e69647c733a333a22706f73223b757365725f69647c733a313a2231223b757365725f656d61696c7c733a31373a226f776e657240726f746967736d2e636f6d223b757365725f726f6c657c733a313a2231223b757365725f6f75746c65747c733a313a2230223b),
('bua011igpogfcvhk0usig8qvsu', '::1', 1586435639, 0x5f5f63695f6c6173745f726567656e65726174657c693a313538363433353633393b),
('iriovnnf6nnhgeudj6aqt44b1o', '::1', 1586435654, 0x5f5f63695f6c6173745f726567656e65726174657c693a313538363433353635343b616c6572747c733a36343a223c64697620636c6173733d27616c65727420616c6572742d73756363657373273e426572686173696c207570646174652070617373776f7264203c2f6469763e223b),
('q9lmg8m2870sr5t5sql6i54ob1', '::1', 1586435582, 0x5f5f63695f6c6173745f726567656e65726174657c693a313538363433353538323b),
('aam46k3p2ct50pqo40rbd253q6', '::1', 1586435518, 0x5f5f63695f6c6173745f726567656e65726174657c693a313538363433353531383b757365725f69647c693a313b),
('nq8pos0n0iln6o8eibebjf1r3m', '::1', 1586435518, 0x5f5f63695f6c6173745f726567656e65726174657c693a313538363433353531383b616c6572747c733a36343a223c64697620636c6173733d27616c65727420616c6572742d73756363657373273e426572686173696c207570646174652070617373776f7264203c2f6469763e223b),
('9ev2tuj5ght8a32kerffhp0hqs', '::1', 1586435517, 0x5f5f63695f6c6173745f726567656e65726174657c693a313538363433353531373b616c6572747c733a36343a223c64697620636c6173733d27616c65727420616c6572742d73756363657373273e426572686173696c207570646174652070617373776f7264203c2f6469763e223b),
('44mmgc53v67cnoahjjgk854663', '::1', 1586435517, 0x5f5f63695f6c6173745f726567656e65726174657c693a313538363433353531373b757365725f69647c693a313b),
('npq3ku9v15sl3tjfbe0l4eb7ss', '::1', 1586435516, 0x5f5f63695f6c6173745f726567656e65726174657c693a313538363433353531363b757365725f69647c693a313b),
('98i9c2fsn8mglv94g5qdtbvmuj', '::1', 1586435516, 0x5f5f63695f6c6173745f726567656e65726174657c693a313538363433353531363b616c6572747c733a36343a223c64697620636c6173733d27616c65727420616c6572742d73756363657373273e426572686173696c207570646174652070617373776f7264203c2f6469763e223b),
('uha8bdaq7s5gtu8l1icus612qg', '::1', 1586435515, 0x5f5f63695f6c6173745f726567656e65726174657c693a313538363433353531353b757365725f69647c693a313b),
('rsfd62f4b2n2kij07j8vg1vj7e', '::1', 1586435457, 0x5f5f63695f6c6173745f726567656e65726174657c693a313538363433353435373b),
('3tnnir9b4kkr9ge8lkus4tnsci', '::1', 1586435515, 0x5f5f63695f6c6173745f726567656e65726174657c693a313538363433353531343b616c6572747c733a36343a223c64697620636c6173733d27616c65727420616c6572742d73756363657373273e426572686173696c207570646174652070617373776f7264203c2f6469763e223b),
('ojfpk3s4fj1feqr1bngc8kfkhl', '::1', 1586435430, 0x5f5f63695f6c6173745f726567656e65726174657c693a313538363433353433303b757365725f69647c693a313b),
('n1uehtfbl7lg2nnjqtrqc1llep', '::1', 1586435430, 0x5f5f63695f6c6173745f726567656e65726174657c693a313538363433353433303b616c6572747c733a36343a223c64697620636c6173733d27616c65727420616c6572742d73756363657373273e426572686173696c207570646174652070617373776f7264203c2f6469763e223b),
('f5dadm96slj1sc9defpkj9vvn1', '::1', 1586435428, 0x5f5f63695f6c6173745f726567656e65726174657c693a313538363433353432383b757365725f69647c693a313b),
('s39tmlueg7o8a9e82auc2s0lq6', '::1', 1586435395, 0x5f5f63695f6c6173745f726567656e65726174657c693a313538363433353339353b757365725f69647c693a313b),
('bpbgkj299tjj4hi45h3n08srhp', '::1', 1586435395, 0x5f5f63695f6c6173745f726567656e65726174657c693a313538363433353339353b616c6572747c733a36343a223c64697620636c6173733d27616c65727420616c6572742d73756363657373273e426572686173696c207570646174652070617373776f7264203c2f6469763e223b),
('pnten3tprrgfpp0j6mu13b1gvd', '::1', 1586435393, 0x5f5f63695f6c6173745f726567656e65726174657c693a313538363433353339333b757365725f69647c693a313b),
('an1sk4ljnsn7kmj1qrghn14qss', '::1', 1586435393, 0x5f5f63695f6c6173745f726567656e65726174657c693a313538363433353339333b616c6572747c733a36343a223c64697620636c6173733d27616c65727420616c6572742d73756363657373273e426572686173696c207570646174652070617373776f7264203c2f6469763e223b),
('anem4jm98src8i783tc2tniq2b', '::1', 1586435292, 0x5f5f63695f6c6173745f726567656e65726174657c693a313538363433353239323b757365725f69647c693a313b),
('vf4kqvuum72ffn54dlm20gsq4j', '::1', 1586435291, 0x5f5f63695f6c6173745f726567656e65726174657c693a313538363433353239313b757365725f69647c693a313b),
('eots2te20pbg6vh6s1b2r8akja', '::1', 1586435292, 0x5f5f63695f6c6173745f726567656e65726174657c693a313538363433353239323b616c6572745f6d73677c613a333a7b693a303b733a373a2273756363657373223b693a313b733a363a22557064617465223b693a323b733a33333a22426572686173696c20757064617465206461746120626168616e206d656e746168223b7d5f5f63695f766172737c613a313a7b733a393a22616c6572745f6d7367223b733a333a226e6577223b7d),
('8e5t32ndl2plmlk35ngt7lms9p', '::1', 1586435291, 0x5f5f63695f6c6173745f726567656e65726174657c693a313538363433353239313b616c6572745f6d73677c613a333a7b693a303b733a373a2273756363657373223b693a313b733a363a22557064617465223b693a323b733a33333a22426572686173696c20757064617465206461746120626168616e206d656e746168223b7d5f5f63695f766172737c613a313a7b733a393a22616c6572745f6d7367223b733a333a226e6577223b7d),
('il738ofllb4cgpdhono6kbo8bo', '::1', 1586435290, 0x5f5f63695f6c6173745f726567656e65726174657c693a313538363433353239303b757365725f69647c693a313b),
('mildpc9tmn0b8g4g84k3tg743q', '::1', 1586435288, 0x5f5f63695f6c6173745f726567656e65726174657c693a313538363433353238383b757365725f69647c693a313b),
('uauhesffjs5nj1m7gjirleldra', '::1', 1586435290, 0x5f5f63695f6c6173745f726567656e65726174657c693a313538363433353239303b616c6572745f6d73677c613a333a7b693a303b733a373a2273756363657373223b693a313b733a363a22557064617465223b693a323b733a33333a22426572686173696c20757064617465206461746120626168616e206d656e746168223b7d5f5f63695f766172737c613a313a7b733a393a22616c6572745f6d7367223b733a333a226e6577223b7d),
('jgc0gg349qhb9idf8auq8ks1f8', '::1', 1586435288, 0x5f5f63695f6c6173745f726567656e65726174657c693a313538363433353238383b616c6572745f6d73677c613a333a7b693a303b733a373a2273756363657373223b693a313b733a363a22557064617465223b693a323b733a33333a22426572686173696c20757064617465206461746120626168616e206d656e746168223b7d5f5f63695f766172737c613a313a7b733a393a22616c6572745f6d7367223b733a333a226e6577223b7d),
('433417nqscnk5hv2decu6viiki', '::1', 1586435246, 0x5f5f63695f6c6173745f726567656e65726174657c693a313538363433353234363b757365725f69647c693a313b),
('vds5egp64n23f5gbamu91o7gea', '::1', 1586435246, 0x5f5f63695f6c6173745f726567656e65726174657c693a313538363433353234353b616c6572745f6d73677c613a333a7b693a303b733a373a2273756363657373223b693a313b733a363a22557064617465223b693a323b733a33333a22426572686173696c20757064617465206461746120626168616e206d656e746168223b7d5f5f63695f766172737c613a313a7b733a393a22616c6572745f6d7367223b733a333a226e6577223b7d),
('bl6c8tbjvefl2s7unn0qkuedsa', '::1', 1586435243, 0x5f5f63695f6c6173745f726567656e65726174657c693a313538363433353234333b757365725f69647c693a313b),
('thuk0i89ikd39v78lnh35l5heq', '::1', 1586435242, 0x5f5f63695f6c6173745f726567656e65726174657c693a313538363433353234323b757365725f69647c693a313b),
('151ii6394hkeubmt1cst21f996', '::1', 1586435242, 0x5f5f63695f6c6173745f726567656e65726174657c693a313538363433353234313b616c6572745f6d73677c613a333a7b693a303b733a373a2273756363657373223b693a313b733a363a22557064617465223b693a323b733a33333a22426572686173696c20757064617465206461746120626168616e206d656e746168223b7d5f5f63695f766172737c613a313a7b733a393a22616c6572745f6d7367223b733a333a226e6577223b7d),
('nbe36qnv08ieknftdva1i454q8', '::1', 1586435240, 0x5f5f63695f6c6173745f726567656e65726174657c693a313538363433353234303b757365725f69647c693a313b),
('du9o7h2mvhfu00dg42f98958n4', '::1', 1586435240, 0x5f5f63695f6c6173745f726567656e65726174657c693a313538363433353233393b616c6572745f6d73677c613a333a7b693a303b733a373a2273756363657373223b693a313b733a363a22557064617465223b693a323b733a33333a22426572686173696c20757064617465206461746120626168616e206d656e746168223b7d5f5f63695f766172737c613a313a7b733a393a22616c6572745f6d7367223b733a333a226e6577223b7d),
('2n1t5dhjh5763p34u4ave69tqr', '::1', 1586435238, 0x5f5f63695f6c6173745f726567656e65726174657c693a313538363433353233383b757365725f69647c693a313b),
('mv833jsoce0uucod6jv85pelj4', '::1', 1586435238, 0x5f5f63695f6c6173745f726567656e65726174657c693a313538363433353233383b616c6572745f6d73677c613a333a7b693a303b733a373a2273756363657373223b693a313b733a363a22557064617465223b693a323b733a33333a22426572686173696c20757064617465206461746120626168616e206d656e746168223b7d5f5f63695f766172737c613a313a7b733a393a22616c6572745f6d7367223b733a333a226e6577223b7d),
('53labeq9gl428rnl4fmfl1cod5', '::1', 1586435237, 0x5f5f63695f6c6173745f726567656e65726174657c693a313538363433353233373b757365725f69647c693a313b),
('485lq2bdlf795unj1ddrj73ut9', '::1', 1586434835, 0x5f5f63695f6c6173745f726567656e65726174657c693a313538363433343833353b757365725f69647c693a313b),
('e3jrohmkk1ncfj9n3p2clukulb', '::1', 1586434823, 0x5f5f63695f6c6173745f726567656e65726174657c693a313538363433343832333b757365725f69647c693a313b),
('mdmhtlrphoabvvq8qf3m7ps8qa', '::1', 1586434803, 0x5f5f63695f6c6173745f726567656e65726174657c693a313538363433343830333b757365725f69647c693a313b),
('glk0osd2s7idrlfe77k573o2o4', '::1', 1586434444, 0x5f5f63695f6c6173745f726567656e65726174657c693a313538363433343434343b757365725f69647c693a313b),
('a757ak7tn51hn4g6dhquhgklda', '::1', 1586434802, 0x5f5f63695f6c6173745f726567656e65726174657c693a313538363433343830323b757365725f69647c693a313b),
('i12c9f05bt3jjal5hgmd0iat5s', '::1', 1586434437, 0x5f5f63695f6c6173745f726567656e65726174657c693a313538363433343433373b757365725f69647c693a313b),
('1j229uih0te040sc8saro2qjug', '::1', 1586434420, 0x5f5f63695f6c6173745f726567656e65726174657c693a313538363433343432303b757365725f69647c693a313b),
('b3b6e219p2thiabusqvntisq64', '::1', 1586434271, 0x5f5f63695f6c6173745f726567656e65726174657c693a313538363433343237313b757365725f69647c693a313b),
('pk10hccvojn8j5ekpnatli7dlr', '::1', 1586434170, 0x5f5f63695f6c6173745f726567656e65726174657c693a313538363433343137303b757365725f69647c693a313b),
('ls22u9ptm45afhdnhaieugg8u4', '::1', 1586434181, 0x5f5f63695f6c6173745f726567656e65726174657c693a313538363433343138313b757365725f69647c693a313b),
('ft7hekrtuc9hhdchcnesigmuj2', '::1', 1586434067, 0x5f5f63695f6c6173745f726567656e65726174657c693a313538363433343036373b757365725f69647c693a313b),
('o9apdv6mlup2rg52rhtdhbus01', '::1', 1586434021, 0x5f5f63695f6c6173745f726567656e65726174657c693a313538363433343032303b757365725f69647c693a313b),
('tpjibviivf58ucjkoiurd2mh1h', '::1', 1586434018, 0x5f5f63695f6c6173745f726567656e65726174657c693a313538363433343031383b757365725f69647c693a313b),
('6l1bmkf1sd307q5fnlh9e5mjl4', '::1', 1586434015, 0x5f5f63695f6c6173745f726567656e65726174657c693a313538363433343031353b757365725f69647c693a313b),
('1rkjeqq0vrjdha36tjig37usl7', '::1', 1586434007, 0x5f5f63695f6c6173745f726567656e65726174657c693a313538363433343030373b757365725f69647c693a313b),
('7re2v0a4q55c2fghvc8o6n7o94', '::1', 1586434004, 0x5f5f63695f6c6173745f726567656e65726174657c693a313538363433343030343b757365725f69647c693a313b),
('el3vfu8bq17jm5pq6it255aorg', '::1', 1586434000, 0x5f5f63695f6c6173745f726567656e65726174657c693a313538363433343030303b757365725f69647c693a313b),
('dgdfpumlg2sa0pedapcahaj3n9', '::1', 1586433997, 0x5f5f63695f6c6173745f726567656e65726174657c693a313538363433333939373b757365725f69647c693a313b),
('ltcj8ttrtfi84b1flbg9sig271', '::1', 1586433994, 0x5f5f63695f6c6173745f726567656e65726174657c693a313538363433333939343b757365725f69647c693a313b),
('8pg5reotdh5aprc39a2ae3i39j', '::1', 1586433991, 0x5f5f63695f6c6173745f726567656e65726174657c693a313538363433333939313b757365725f69647c693a313b),
('hivspmjq6res84e66ci7c3d6qk', '::1', 1586433989, 0x5f5f63695f6c6173745f726567656e65726174657c693a313538363433333938393b757365725f69647c693a313b),
('mrptg29uccpdjjuq1iafokeeuo', '::1', 1586433855, 0x5f5f63695f6c6173745f726567656e65726174657c693a313538363433333835353b757365725f69647c693a313b),
('o2ejti7opf2pjrct7uuh1jrb6l', '::1', 1586428609, 0x5f5f63695f6c6173745f726567656e65726174657c693a313538363432383630393b757365725f69647c693a313b),
('pumhdlaojddrnmrkhiqe10skmr', '::1', 1586428367, 0x5f5f63695f6c6173745f726567656e65726174657c693a313538363432383336373b757365725f69647c693a313b),
('2i48u6ervuuavgpan08kdrsmk2', '::1', 1586424875, 0x5f5f63695f6c6173745f726567656e65726174657c693a313538363432343837353b757365725f69647c693a313b),
('86h4ev638msev26c6am8qj8gc8', '::1', 1586424869, 0x5f5f63695f6c6173745f726567656e65726174657c693a313538363432343836393b757365725f69647c693a313b),
('eqs122uku9nmg4da9ck5e48o3r', '::1', 1586420964, 0x5f5f63695f6c6173745f726567656e65726174657c693a313538363432303936343b757365725f69647c693a313b),
('2jub42dbo75cdkeen6mg9hscbj', '::1', 1586420963, 0x5f5f63695f6c6173745f726567656e65726174657c693a313538363432303936333b757365725f69647c693a313b),
('s4bcqvnnh99ftj9lg34ddsprut', '::1', 1586420961, 0x5f5f63695f6c6173745f726567656e65726174657c693a313538363432303936313b757365725f69647c693a313b),
('sgu4h66butkp9v1sjdr8hlj11i', '::1', 1586420959, 0x5f5f63695f6c6173745f726567656e65726174657c693a313538363432303935393b757365725f69647c693a313b),
('3veomk6iv1vu05uesr881tv7v5', '::1', 1586420956, 0x5f5f63695f6c6173745f726567656e65726174657c693a313538363432303935363b757365725f69647c693a313b),
('l7isekmr1mrmr6ge6jqgtbb9n6', '::1', 1586420949, 0x5f5f63695f6c6173745f726567656e65726174657c693a313538363432303934393b),
('nmtjbe78ben34md5l9r8gg9qdd', '::1', 1586420949, 0x5f5f63695f6c6173745f726567656e65726174657c693a313538363432303934383b),
('fere4t6o5nchqbau17auvuaht0', '::1', 1586420947, 0x5f5f63695f6c6173745f726567656e65726174657c693a313538363432303934373b757365725f69647c693a313b),
('lgi53otf9c0aa80u3btjqocve7', '::1', 1586420944, 0x5f5f63695f6c6173745f726567656e65726174657c693a313538363432303934343b757365725f69647c693a313b),
('08qfdfirull5loa5n01mf35qif', '::1', 1586420943, 0x5f5f63695f6c6173745f726567656e65726174657c693a313538363432303934333b757365725f69647c693a313b),
('rotl4bg455un3qdg9na69vd0i7', '::1', 1586420594, 0x5f5f63695f6c6173745f726567656e65726174657c693a313538363432303539343b757365725f69647c693a313b),
('sg2cjq7pr3v8nh6i26guispl6a', '::1', 1586420586, 0x5f5f63695f6c6173745f726567656e65726174657c693a313538363432303538363b757365725f69647c693a313b),
('2p9fo470tjc6b60rgt74vvrvca', '::1', 1586420582, 0x5f5f63695f6c6173745f726567656e65726174657c693a313538363432303538323b757365725f69647c693a313b),
('1gjf83aepdlk29c22nmt4trek3', '::1', 1586420580, 0x5f5f63695f6c6173745f726567656e65726174657c693a313538363432303538303b757365725f69647c693a313b),
('t0a7r37j0536h8i56icj4cr653', '::1', 1586420567, 0x5f5f63695f6c6173745f726567656e65726174657c693a313538363432303536373b757365725f69647c693a313b),
('oso5pm7pj9200epit9mk7qfgti', '::1', 1586420566, 0x5f5f63695f6c6173745f726567656e65726174657c693a313538363432303536363b757365725f69647c693a313b),
('fs8kvfh24rbr5g10apbla3n0ik', '::1', 1586420562, 0x5f5f63695f6c6173745f726567656e65726174657c693a313538363432303536323b757365725f69647c693a313b),
('obqrncphdgg1t46gflb2tlm8v8', '::1', 1586415161, 0x5f5f63695f6c6173745f726567656e65726174657c693a313538363431353136313b73657373696f6e69647c733a333a22706f73223b757365725f69647c733a313a2231223b757365725f656d61696c7c733a31373a226f776e657240726f746967736d2e636f6d223b757365725f726f6c657c733a313a2231223b757365725f6f75746c65747c733a313a2230223b),
('7fl5qimaesgodcg9hhlcepie1q', '::1', 1586415161, 0x5f5f63695f6c6173745f726567656e65726174657c693a313538363431353136313b757365725f69647c693a313b),
('uobrua2u5u8mq0jhuq71t58u7i', '::1', 1586416031, 0x5f5f63695f6c6173745f726567656e65726174657c693a313538363431363033313b757365725f69647c693a313b),
('m3bhf2eiuh6il07mgkuhcreufg', '::1', 1586416033, 0x5f5f63695f6c6173745f726567656e65726174657c693a313538363431363033333b757365725f69647c693a313b),
('qh8ia3fh06b8v26m2a2hkff9u6', '::1', 1586416191, 0x5f5f63695f6c6173745f726567656e65726174657c693a313538363431363139313b757365725f69647c693a313b),
('kqt3kg2de9233uhhj0jpo48ekj', '::1', 1586416215, 0x5f5f63695f6c6173745f726567656e65726174657c693a313538363431363231353b757365725f69647c693a313b),
('mil9moe9npskurce6rb78lefus', '::1', 1586416234, 0x5f5f63695f6c6173745f726567656e65726174657c693a313538363431363233333b757365725f69647c693a313b),
('22m5p69a8k86us2b7uh842rq3j', '::1', 1586416237, 0x5f5f63695f6c6173745f726567656e65726174657c693a313538363431363233373b),
('65h3n1mi9iujek9vpu5a2pcdro', '::1', 1586416628, 0x5f5f63695f6c6173745f726567656e65726174657c693a313538363431363632383b757365725f69647c693a313b),
('k6ss0nn9gbjb3f12oc51sded6f', '::1', 1586416653, 0x5f5f63695f6c6173745f726567656e65726174657c693a313538363431363635333b757365725f69647c693a313b),
('ab02sop1b9f4f01h0j3kj20kfh', '::1', 1586416655, 0x5f5f63695f6c6173745f726567656e65726174657c693a313538363431363635353b757365725f69647c693a313b),
('mcq2rrrl63qsb4qkj2s5dj8rg5', '::1', 1586418376, 0x5f5f63695f6c6173745f726567656e65726174657c693a313538363431383337363b757365725f69647c693a313b),
('tu0h6d655v5gb8o2meb7u4g2n9', '::1', 1586418382, 0x5f5f63695f6c6173745f726567656e65726174657c693a313538363431383338313b),
('mbcuani32n2jvrhujrn96cs2df', '::1', 1586418382, 0x5f5f63695f6c6173745f726567656e65726174657c693a313538363431383338323b),
('sg38lvn118f1iv7plu34jicba0', '::1', 1586418387, 0x5f5f63695f6c6173745f726567656e65726174657c693a313538363431383338373b),
('s0jb206cglj1r51tn72ofvg39q', '::1', 1586418390, 0x5f5f63695f6c6173745f726567656e65726174657c693a313538363431383339303b757365725f69647c693a313b),
('a896ibpr1runq1so2qquuu90me', '::1', 1586418408, 0x5f5f63695f6c6173745f726567656e65726174657c693a313538363431383430383b757365725f69647c693a313b),
('s2i5c5tp9o5jrdkj7mpjp9u15s', '::1', 1586420202, 0x5f5f63695f6c6173745f726567656e65726174657c693a313538363432303230323b757365725f69647c693a313b),
('5530nb47emsi4pe3put94tuoev', '::1', 1586420211, 0x5f5f63695f6c6173745f726567656e65726174657c693a313538363432303231313b),
('oh98qe3jgu1sgi09137lk95n7u', '::1', 1586420229, 0x5f5f63695f6c6173745f726567656e65726174657c693a313538363432303232393b),
('9jpn326k6mjgijduf2u2bimp9k', '::1', 1586420340, 0x5f5f63695f6c6173745f726567656e65726174657c693a313538363432303334303b757365725f69647c693a313b),
('i774131va19rid2befgas34sn7', '::1', 1586420426, 0x5f5f63695f6c6173745f726567656e65726174657c693a313538363432303432353b757365725f69647c693a313b);
INSERT INTO `ci_sessions` (`id`, `ip_address`, `timestamp`, `data`) VALUES
('01mqqtptcu28aagubqvdvukokb', '::1', 1586420428, 0x5f5f63695f6c6173745f726567656e65726174657c693a313538363432303432383b757365725f69647c693a313b),
('ipnmjtqf6p9grb44jkpun90did', '::1', 1586420432, 0x5f5f63695f6c6173745f726567656e65726174657c693a313538363432303433323b757365725f69647c693a313b),
('ucst15oauuu1lb17bnm6gcdo4u', '::1', 1586420461, 0x5f5f63695f6c6173745f726567656e65726174657c693a313538363432303436313b757365725f69647c693a313b),
('kuvdj6b7hlrvlf7osppatsjqna', '::1', 1586420463, 0x5f5f63695f6c6173745f726567656e65726174657c693a313538363432303436333b757365725f69647c693a313b),
('7upv1kvctha73drh74e523vl3a', '::1', 1586420466, 0x5f5f63695f6c6173745f726567656e65726174657c693a313538363432303436353b757365725f69647c693a313b),
('0ue4bq96c3q6rosml70ajohen7', '::1', 1586420468, 0x5f5f63695f6c6173745f726567656e65726174657c693a313538363432303436383b757365725f69647c693a313b),
('493irek3ouh4tf79sfksqge7po', '::1', 1586420515, 0x5f5f63695f6c6173745f726567656e65726174657c693a313538363432303531353b),
('dmeq661kqmedaddb7llk0khg9l', '::1', 1586420560, 0x5f5f63695f6c6173745f726567656e65726174657c693a313538363432303536303b757365725f69647c693a313b),
('63k3v9grq637f6muc4e2skp5kg', '::1', 1586466957, 0x5f5f63695f6c6173745f726567656e65726174657c693a313538363436363935373b),
('jqpmgp5lp605qj7gcvnaiodaqs', '::1', 1586466976, 0x5f5f63695f6c6173745f726567656e65726174657c693a313538363436363937363b616c6572747c733a35343a223c64697620636c6173733d27616c65727420616c6572742d7761726e696e67273e4461746120737564616820616461203c2f6469763e223b),
('ikpf9a1ukejsget7p1a7l9357t', '::1', 1586466976, 0x5f5f63695f6c6173745f726567656e65726174657c693a313538363436363937363b757365725f69647c693a313b),
('6veci8sp2d7tqonf7p6m8ifn3a', '::1', 1586466978, 0x5f5f63695f6c6173745f726567656e65726174657c693a313538363436363937383b757365725f69647c693a313b),
('6pmm3l731p6hsl146s2ngtg73s', '::1', 1586466980, 0x5f5f63695f6c6173745f726567656e65726174657c693a313538363436363938303b757365725f69647c693a313b),
('mgv585o3cr9o57kc5llqfgkvo2', '::1', 1586466995, 0x5f5f63695f6c6173745f726567656e65726174657c693a313538363436363939353b757365725f69647c693a313b),
('8rbm66uqntggmplhs5nfk0pb3g', '::1', 1586467202, 0x5f5f63695f6c6173745f726567656e65726174657c693a313538363436373230323b757365725f69647c693a313b),
('envgup2a04e21q9jmf4q31e489', '::1', 1586467208, 0x5f5f63695f6c6173745f726567656e65726174657c693a313538363436373230383b757365725f69647c693a313b),
('07sg57d3cbveice2o51ngdq2qk', '::1', 1586467211, 0x5f5f63695f6c6173745f726567656e65726174657c693a313538363436373231313b757365725f69647c693a313b),
('34f326m91aepl4vd2pf9h1fumi', '::1', 1586467238, 0x5f5f63695f6c6173745f726567656e65726174657c693a313538363436373233383b757365725f69647c693a313b),
('7km4qbthl3cci0frtr06t21jt3', '::1', 1586467250, 0x5f5f63695f6c6173745f726567656e65726174657c693a313538363436373235303b757365725f69647c693a313b),
('v8ojv9ucfdd2d926sbteke144k', '::1', 1586467251, 0x5f5f63695f6c6173745f726567656e65726174657c693a313538363436373235313b757365725f69647c693a313b),
('jk3h7sn2povdrtp4prd9mfhotm', '::1', 1586467252, 0x5f5f63695f6c6173745f726567656e65726174657c693a313538363436373235323b757365725f69647c693a313b),
('g2483eshf4c6ta5rs3d0kj9a44', '::1', 1586467396, 0x5f5f63695f6c6173745f726567656e65726174657c693a313538363436373339363b),
('gj6opvrko4r9785mumt5cfqpv5', '::1', 1586467398, 0x5f5f63695f6c6173745f726567656e65726174657c693a313538363436373339383b),
('bbf7qp6ng91l339rd00c72c392', '::1', 1586467455, 0x5f5f63695f6c6173745f726567656e65726174657c693a313538363436373435353b),
('04b8tr9fn97r0brdrlslckq0hb', '::1', 1586467470, 0x5f5f63695f6c6173745f726567656e65726174657c693a313538363436373437303b757365725f69647c693a313b),
('creggm8dh9ej6uq6297a4nl9dm', '::1', 1586467476, 0x5f5f63695f6c6173745f726567656e65726174657c693a313538363436373437363b757365725f69647c693a313b),
('ls49q05tavks24h4sbtla1jhq1', '::1', 1586467494, 0x5f5f63695f6c6173745f726567656e65726174657c693a313538363436373439343b757365725f69647c693a313b),
('c7nushf0k0s22uiavuvmpk6mn0', '::1', 1586467514, 0x5f5f63695f6c6173745f726567656e65726174657c693a313538363436373531343b757365725f69647c693a313b),
('ruk8sd3icv0v7ctrel2j1iq7bj', '::1', 1586467519, 0x5f5f63695f6c6173745f726567656e65726174657c693a313538363436373531393b757365725f69647c693a313b),
('kgln9389hbgu1astbl0belp7pd', '::1', 1586467553, 0x5f5f63695f6c6173745f726567656e65726174657c693a313538363436373535333b),
('jfho23r0eh87ft433remapliuh', '::1', 1586467588, 0x5f5f63695f6c6173745f726567656e65726174657c693a313538363436373538383b),
('iebq0bbhcqiu9a65p0hos8lao2', '::1', 1586467620, 0x5f5f63695f6c6173745f726567656e65726174657c693a313538363436373632303b),
('njvkak4jpt7nb3m4oq5cqaueek', '::1', 1586467622, 0x5f5f63695f6c6173745f726567656e65726174657c693a313538363436373632323b),
('pa48to1gahffoj0pe9n8366teh', '::1', 1586467625, 0x5f5f63695f6c6173745f726567656e65726174657c693a313538363436373632353b),
('809auc3skib6is7ukd73ke0lth', '::1', 1586467626, 0x5f5f63695f6c6173745f726567656e65726174657c693a313538363436373632363b),
('90rc3nj148f719f19rpnvn1ckl', '::1', 1586467627, 0x5f5f63695f6c6173745f726567656e65726174657c693a313538363436373632373b),
('nbb3d31vlmoruma0qhdv3m3ip6', '::1', 1586467627, 0x5f5f63695f6c6173745f726567656e65726174657c693a313538363436373632373b),
('1udciq07j11ha4kbupdats1rf2', '::1', 1586467628, 0x5f5f63695f6c6173745f726567656e65726174657c693a313538363436373632383b),
('m7spcu2vlfcthjfuf37ud1sgls', '::1', 1586467629, 0x5f5f63695f6c6173745f726567656e65726174657c693a313538363436373632393b),
('0vhdslt9vrdql7mp6sm5gbt62t', '::1', 1586467629, 0x5f5f63695f6c6173745f726567656e65726174657c693a313538363436373632393b),
('iod2l6va8t8l96jqvcpf3lhof8', '::1', 1586467630, 0x5f5f63695f6c6173745f726567656e65726174657c693a313538363436373633303b),
('9483kd1tvitpu6rpb8l6to0tjh', '::1', 1586467630, 0x5f5f63695f6c6173745f726567656e65726174657c693a313538363436373633303b),
('96uv1ul7v4g9o0pup71jf7l2bt', '::1', 1586467679, 0x5f5f63695f6c6173745f726567656e65726174657c693a313538363436373637393b),
('uqb44q9kg8ebbkru2jkvnq20bv', '::1', 1586467711, 0x5f5f63695f6c6173745f726567656e65726174657c693a313538363436373731313b),
('ktr2ufidr5ecdnsdg63qjrgl8g', '::1', 1586467766, 0x5f5f63695f6c6173745f726567656e65726174657c693a313538363436373736363b),
('scp7tdd0sc1br5j1huh33uffa7', '::1', 1586467784, 0x5f5f63695f6c6173745f726567656e65726174657c693a313538363436373738343b757365725f69647c693a313b),
('od3esr9ofupv9o7skccrgph1rv', '::1', 1586467804, 0x5f5f63695f6c6173745f726567656e65726174657c693a313538363436373830343b757365725f69647c693a313b),
('taf50oj1impf9l474tvf1ek3di', '::1', 1586467812, 0x5f5f63695f6c6173745f726567656e65726174657c693a313538363436373831323b757365725f69647c693a313b),
('4opiam39lc2t40jmtoqvbf6e0m', '::1', 1586467911, 0x5f5f63695f6c6173745f726567656e65726174657c693a313538363436373931313b757365725f69647c693a313b),
('vb6ecnmorrdht283nedhu53nea', '::1', 1586467913, 0x5f5f63695f6c6173745f726567656e65726174657c693a313538363436373931333b),
('f1qi9r36fu93slgsabf2an9lht', '::1', 1586467915, 0x5f5f63695f6c6173745f726567656e65726174657c693a313538363436373931353b757365725f69647c693a313b),
('ggs7kj31u2r47rnemnl6sjvuci', '::1', 1586468066, 0x5f5f63695f6c6173745f726567656e65726174657c693a313538363436383036363b757365725f69647c693a313b),
('ctstu966ntnv2vdpfv84d6t4cn', '::1', 1586468070, 0x5f5f63695f6c6173745f726567656e65726174657c693a313538363436383037303b616c6572747c733a36303a223c64697620636c6173733d27616c65727420616c6572742d73756363657373273e426572686173696c2064656c6574652064617461203c2f6469763e223b),
('0qbp6s9e5fv6053e9vu97du72n', '::1', 1586468070, 0x5f5f63695f6c6173745f726567656e65726174657c693a313538363436383037303b757365725f69647c693a313b),
('ls3fojd6q24h2188q18s3hlf4r', '::1', 1586468071, 0x5f5f63695f6c6173745f726567656e65726174657c693a313538363436383037313b757365725f69647c693a313b),
('2pjq806kk6k28cncs3uh29ccoo', '::1', 1586468083, 0x5f5f63695f6c6173745f726567656e65726174657c693a313538363436383038333b757365725f69647c693a313b),
('1oi3tbbknsa0b08dj44200pfek', '::1', 1586468094, 0x5f5f63695f6c6173745f726567656e65726174657c693a313538363436383039343b757365725f69647c693a313b),
('4cqruehr4lqdj5soros8939dg7', '::1', 1586468102, 0x5f5f63695f6c6173745f726567656e65726174657c693a313538363436383130323b),
('t202m1s6ilui6lvqjee2brigc0', '::1', 1586468173, 0x5f5f63695f6c6173745f726567656e65726174657c693a313538363436383137333b757365725f69647c693a313b),
('i12lsviu127b4neesd4bsk976b', '::1', 1586468220, 0x5f5f63695f6c6173745f726567656e65726174657c693a313538363436383232303b757365725f69647c693a313b),
('tu455phso58vrdverhf37qf63h', '::1', 1586468253, 0x5f5f63695f6c6173745f726567656e65726174657c693a313538363436383235333b757365725f69647c693a313b),
('uktk5ks6r5vh7f62mfugh4hji4', '::1', 1586468291, 0x5f5f63695f6c6173745f726567656e65726174657c693a313538363436383239313b757365725f69647c693a313b),
('uane31eaf7fkkd5lasoa2a0r59', '::1', 1586468325, 0x5f5f63695f6c6173745f726567656e65726174657c693a313538363436383332353b757365725f69647c693a313b),
('ors2gbiev05jltf3l4b4eq1978', '::1', 1586468399, 0x5f5f63695f6c6173745f726567656e65726174657c693a313538363436383339393b757365725f69647c693a313b),
('nsdnvda0kt40pa3mbms2fmcmd8', '::1', 1586468408, 0x5f5f63695f6c6173745f726567656e65726174657c693a313538363436383430383b616c6572747c733a36383a223c64697620636c6173733d27616c65727420616c6572742d73756363657373273e426572686173696c2075706461746520626168616e206d656e746168203c2f6469763e223b),
('uar3jpoposclk3kvasufkdo5ra', '::1', 1586468408, 0x5f5f63695f6c6173745f726567656e65726174657c693a313538363436383430383b757365725f69647c693a313b),
('32t1oueghccov6nksrq5gtrk63', '::1', 1586468410, 0x5f5f63695f6c6173745f726567656e65726174657c693a313538363436383431303b757365725f69647c693a313b),
('2frn2poriarps9d1s4vmbrglvj', '::1', 1586468412, 0x5f5f63695f6c6173745f726567656e65726174657c693a313538363436383431323b757365725f69647c693a313b),
('rcmtmcjm27k3sr8a054shkarep', '::1', 1586468415, 0x5f5f63695f6c6173745f726567656e65726174657c693a313538363436383431353b757365725f69647c693a313b),
('4l9ap8m98kd8n2m0mbuvu5ii7q', '::1', 1586468586, 0x5f5f63695f6c6173745f726567656e65726174657c693a313538363436383538363b757365725f69647c693a313b),
('4lfg7dmu4d1j5kne79cpaq8c7t', '::1', 1586468589, 0x5f5f63695f6c6173745f726567656e65726174657c693a313538363436383538393b757365725f69647c693a313b),
('7lm1q298j6gmmuh2du15tgidek', '::1', 1586468594, 0x5f5f63695f6c6173745f726567656e65726174657c693a313538363436383539343b616c6572747c733a36383a223c64697620636c6173733d27616c65727420616c6572742d73756363657373273e426572686173696c2075706461746520626168616e206d656e746168203c2f6469763e223b),
('dlb9lo42cnm3kr72r4pug8det1', '::1', 1586468594, 0x5f5f63695f6c6173745f726567656e65726174657c693a313538363436383539343b757365725f69647c693a313b),
('u5bpuj3ovi36b351nd9ofjbnof', '::1', 1586468596, 0x5f5f63695f6c6173745f726567656e65726174657c693a313538363436383539363b757365725f69647c693a313b),
('3nsvusct2qc2irhbflp2a03def', '::1', 1586468603, 0x5f5f63695f6c6173745f726567656e65726174657c693a313538363436383630333b757365725f69647c693a313b),
('jekfsguiiu5bf0bf3k1gfdam59', '::1', 1586468606, 0x5f5f63695f6c6173745f726567656e65726174657c693a313538363436383630363b616c6572747c733a36383a223c64697620636c6173733d27616c65727420616c6572742d73756363657373273e426572686173696c2075706461746520626168616e206d656e746168203c2f6469763e223b),
('ulqp52e8mko15v1jl57g07ufok', '::1', 1586468606, 0x5f5f63695f6c6173745f726567656e65726174657c693a313538363436383630363b757365725f69647c693a313b),
('ku715icrv478k6chdl1j1f2qft', '::1', 1586468608, 0x5f5f63695f6c6173745f726567656e65726174657c693a313538363436383630383b757365725f69647c693a313b),
('d7ircnvhlsaa1q44vk6bmrnvkg', '::1', 1586474458, 0x5f5f63695f6c6173745f726567656e65726174657c693a313538363437343435383b757365725f69647c693a313b),
('cg1kpcmbclug5mi33dea1v4pmv', '::1', 1586474460, 0x5f5f63695f6c6173745f726567656e65726174657c693a313538363437343435393b757365725f69647c693a313b),
('c006msna8bs96gbdgh8c4933qs', '::1', 1586483608, 0x5f5f63695f6c6173745f726567656e65726174657c693a313538363438333630383b757365725f69647c693a313b),
('62il0i1vimqseoil5t8v6oo2pq', '::1', 1586485152, 0x5f5f63695f6c6173745f726567656e65726174657c693a313538363438353135323b757365725f69647c693a313b),
('ldljm1vjc33slgpv1bo6hft4gu', '::1', 1586485159, 0x5f5f63695f6c6173745f726567656e65726174657c693a313538363438353135393b757365725f69647c693a313b),
('kba1jj93304aki4hfn61tsemq2', '::1', 1586485180, 0x5f5f63695f6c6173745f726567656e65726174657c693a313538363438353138303b757365725f69647c693a313b),
('bafvsjehb0okvrsr72mms49715', '::1', 1586485200, 0x5f5f63695f6c6173745f726567656e65726174657c693a313538363438353230303b757365725f69647c693a313b),
('vl1t4tl0qd1snv0g7vl19456b9', '::1', 1586485353, 0x5f5f63695f6c6173745f726567656e65726174657c693a313538363438353335333b757365725f69647c693a313b),
('spc9e6cns4h5rp0evussr09jps', '::1', 1586486053, 0x5f5f63695f6c6173745f726567656e65726174657c693a313538363438363035333b757365725f69647c693a313b),
('pt3v3g009bqtjv0lat0donltkb', '::1', 1586486055, 0x5f5f63695f6c6173745f726567656e65726174657c693a313538363438363035353b757365725f69647c693a313b),
('54skotbbporaao7rckeco8q1gu', '::1', 1586486071, 0x5f5f63695f6c6173745f726567656e65726174657c693a313538363438363037313b757365725f69647c693a313b),
('qb3693ah0o66ivo9nkurlgdf77', '::1', 1586486072, 0x5f5f63695f6c6173745f726567656e65726174657c693a313538363438363037323b757365725f69647c693a313b),
('jufq978jesrrq5oju0a0euu20c', '::1', 1586486082, 0x5f5f63695f6c6173745f726567656e65726174657c693a313538363438363038323b),
('rvj83cjj44dkki8i4n9j9hd0en', '::1', 1586486126, 0x5f5f63695f6c6173745f726567656e65726174657c693a313538363438363132363b),
('2b4mpsvfhltq6j4ad1vumprgo4', '::1', 1586486141, 0x5f5f63695f6c6173745f726567656e65726174657c693a313538363438363134313b),
('vjoriv5dvqh959b5iola9lokne', '::1', 1586486170, 0x5f5f63695f6c6173745f726567656e65726174657c693a313538363438363137303b),
('ktdu8b32jfe02gl1v1mrnjdc1q', '::1', 1586486178, 0x5f5f63695f6c6173745f726567656e65726174657c693a313538363438363137383b616c6572747c733a35343a223c64697620636c6173733d27616c65727420616c6572742d7761726e696e67273e4461746120737564616820616461203c2f6469763e223b),
('f37qqh9du57unr9152qqfmjoj9', '::1', 1586486178, 0x5f5f63695f6c6173745f726567656e65726174657c693a313538363438363137383b757365725f69647c693a313b),
('f7l2u0u00b66aiaunt471h4kr0', '::1', 1586486186, 0x5f5f63695f6c6173745f726567656e65726174657c693a313538363438363138363b757365725f69647c693a313b),
('409gl2s07i7ukabkfuvbp560h2', '::1', 1586486187, 0x5f5f63695f6c6173745f726567656e65726174657c693a313538363438363138373b616c6572747c733a35343a223c64697620636c6173733d27616c65727420616c6572742d7761726e696e67273e4461746120737564616820616461203c2f6469763e223b),
('jficmgncb5m5l77mq2cvpskpdh', '::1', 1586486187, 0x5f5f63695f6c6173745f726567656e65726174657c693a313538363438363138373b757365725f69647c693a313b),
('146elbl6qn4tfmnmub6ad27pp1', '::1', 1586486253, 0x5f5f63695f6c6173745f726567656e65726174657c693a313538363438363235333b757365725f69647c693a313b),
('p7o243on6eetleabng2mldlrii', '::1', 1586486256, 0x5f5f63695f6c6173745f726567656e65726174657c693a313538363438363235363b616c6572747c733a36383a223c64697620636c6173733d27616c65727420616c6572742d73756363657373273e426572686173696c2074616d62616820626168616e206d656e746168203c2f6469763e223b),
('9mdjpe42bd9qg356jv6c1beqdm', '::1', 1586486256, 0x5f5f63695f6c6173745f726567656e65726174657c693a313538363438363235363b757365725f69647c693a313b),
('kcdab1rjdradd7l8ffhqcblkge', '::1', 1586486275, 0x5f5f63695f6c6173745f726567656e65726174657c693a313538363438363237353b757365725f69647c693a313b),
('t4qc928562rlmn9kfhl54b640e', '::1', 1586486278, 0x5f5f63695f6c6173745f726567656e65726174657c693a313538363438363237383b),
('ie020ckn1bor2i09pk11u7db6u', '::1', 1586486279, 0x5f5f63695f6c6173745f726567656e65726174657c693a313538363438363237393b757365725f69647c693a313b),
('fbgjhcbd60a03uad1rvtdojgec', '::1', 1586486428, 0x5f5f63695f6c6173745f726567656e65726174657c693a313538363438363432383b757365725f69647c693a313b),
('v2hjg41ofg77sl070v56g3h9r8', '::1', 1586486447, 0x5f5f63695f6c6173745f726567656e65726174657c693a313538363438363434373b616c6572747c733a36383a223c64697620636c6173733d27616c65727420616c6572742d73756363657373273e426572686173696c2074616d62616820626168616e206d656e746168203c2f6469763e223b),
('ri7svr6936pa07rbcc8ovsgk3c', '::1', 1586486447, 0x5f5f63695f6c6173745f726567656e65726174657c693a313538363438363434373b757365725f69647c693a313b),
('c0fmm2ghttkvmifhkf12plftfg', '::1', 1586486469, 0x5f5f63695f6c6173745f726567656e65726174657c693a313538363438363436393b757365725f69647c693a313b),
('cf8mpe9bc8kis0frkhir8chlq8', '::1', 1586486525, 0x5f5f63695f6c6173745f726567656e65726174657c693a313538363438363532353b),
('nvkt7813sh6gnifvujc37rth6u', '::1', 1586486539, 0x5f5f63695f6c6173745f726567656e65726174657c693a313538363438363533393b),
('p0rk65qbvg23pif035hfqij2hr', '::1', 1586486547, 0x5f5f63695f6c6173745f726567656e65726174657c693a313538363438363534373b),
('p4milrfhkv72vr8i2i8veqgod3', '::1', 1586486558, 0x5f5f63695f6c6173745f726567656e65726174657c693a313538363438363535383b),
('m0hv2ftcgifk6uj6pmrhmjg4ms', '::1', 1586486573, 0x5f5f63695f6c6173745f726567656e65726174657c693a313538363438363537333b),
('4e2dl29atl9innvi12j54jufak', '::1', 1586486574, 0x5f5f63695f6c6173745f726567656e65726174657c693a313538363438363537343b757365725f69647c693a313b),
('85gr8k66791veo630gl58f5u55', '::1', 1586486580, 0x5f5f63695f6c6173745f726567656e65726174657c693a313538363438363537393b616c6572747c733a35343a223c64697620636c6173733d27616c65727420616c6572742d7761726e696e67273e4461746120737564616820616461203c2f6469763e223b),
('f3bp7oqmjacej9m7f92vpn176q', '::1', 1586486580, 0x5f5f63695f6c6173745f726567656e65726174657c693a313538363438363538303b757365725f69647c693a313b),
('ffukoikdr6vl61pgdm2jufr37h', '::1', 1586486587, 0x5f5f63695f6c6173745f726567656e65726174657c693a313538363438363538373b757365725f69647c693a313b),
('ra2qq1kumhjrpahuluk29vs4jj', '::1', 1586486591, 0x5f5f63695f6c6173745f726567656e65726174657c693a313538363438363539303b616c6572747c733a36383a223c64697620636c6173733d27616c65727420616c6572742d73756363657373273e426572686173696c2074616d62616820626168616e206d656e746168203c2f6469763e223b),
('dv77903jlcfb70epmp3n1vj4na', '::1', 1586486591, 0x5f5f63695f6c6173745f726567656e65726174657c693a313538363438363539313b757365725f69647c693a313b),
('dplb23nl2qcom01vjqhga62rr5', '::1', 1586486593, 0x5f5f63695f6c6173745f726567656e65726174657c693a313538363438363539333b757365725f69647c693a313b),
('eemearn3jgt0cqg8u8g392l6bl', '::1', 1586486595, 0x5f5f63695f6c6173745f726567656e65726174657c693a313538363438363539353b616c6572747c733a36383a223c64697620636c6173733d27616c65727420616c6572742d73756363657373273e426572686173696c2074616d62616820626168616e206d656e746168203c2f6469763e223b),
('q2qbg6q3rlacq6a6felre1nav2', '::1', 1586486595, 0x5f5f63695f6c6173745f726567656e65726174657c693a313538363438363539353b757365725f69647c693a313b),
('i8lbp0i96gfl2o5sbo48h3frug', '::1', 1586486650, 0x5f5f63695f6c6173745f726567656e65726174657c693a313538363438363635303b757365725f69647c693a313b),
('kfjiqpda6fngmfrupk393ppad9', '::1', 1586486663, 0x5f5f63695f6c6173745f726567656e65726174657c693a313538363438363636333b757365725f69647c693a313b),
('q2vc54549tqd028tvtnprlkil5', '::1', 1586486672, 0x5f5f63695f6c6173745f726567656e65726174657c693a313538363438363637323b757365725f69647c693a313b),
('6204flvk3md77l6pqrv4bq6d3o', '::1', 1586486942, 0x5f5f63695f6c6173745f726567656e65726174657c693a313538363438363934323b757365725f69647c693a313b),
('2o93jtatdfcn01h41tnlcam7gu', '::1', 1586486943, 0x5f5f63695f6c6173745f726567656e65726174657c693a313538363438363934333b),
('d591qu41e0f94nl3npbtes1c9d', '::1', 1586487138, 0x5f5f63695f6c6173745f726567656e65726174657c693a313538363438373133383b757365725f69647c693a313b),
('jgrp7glnjgq868a2u0er9iik8g', '::1', 1586487150, 0x5f5f63695f6c6173745f726567656e65726174657c693a313538363438373135303b),
('51cs978c2ctrsofamqfrprgv8l', '::1', 1586487159, 0x5f5f63695f6c6173745f726567656e65726174657c693a313538363438373135393b757365725f69647c693a313b),
('tv6lakjukf06h4s880g3jhgrup', '::1', 1586487164, 0x5f5f63695f6c6173745f726567656e65726174657c693a313538363438373136343b),
('jmip5vg2u9k630jk823dn9u7up', '::1', 1586487175, 0x5f5f63695f6c6173745f726567656e65726174657c693a313538363438373137353b757365725f69647c693a313b),
('mh50lnbomk0ndtrlbsvdql7egc', '::1', 1586487203, 0x5f5f63695f6c6173745f726567656e65726174657c693a313538363438373230333b757365725f69647c693a313b),
('unb5dc3s0kfr8i78oi7vktdj5c', '::1', 1586487206, 0x5f5f63695f6c6173745f726567656e65726174657c693a313538363438373230363b757365725f69647c693a313b),
('nhj4scfamjjb0eg26cmv6lcipc', '::1', 1586487281, 0x5f5f63695f6c6173745f726567656e65726174657c693a313538363438373238303b),
('n0jevd4lojdeqs0jde888sltn4', '::1', 1586487287, 0x5f5f63695f6c6173745f726567656e65726174657c693a313538363438373238373b757365725f69647c693a313b),
('hrtit98gr3rn18oopoqhftti9h', '::1', 1586487289, 0x5f5f63695f6c6173745f726567656e65726174657c693a313538363438373238393b757365725f69647c693a313b),
('j3rvbalf668u8qhbsiaohrfhsu', '::1', 1586487293, 0x5f5f63695f6c6173745f726567656e65726174657c693a313538363438373239333b),
('jskddeb4rr8ngk7dujpf6uiud6', '::1', 1586487330, 0x5f5f63695f6c6173745f726567656e65726174657c693a313538363438373333303b757365725f69647c693a313b),
('pp0nqc2atepcjhbi04ms4oacj1', '::1', 1586487331, 0x5f5f63695f6c6173745f726567656e65726174657c693a313538363438373333313b757365725f69647c693a313b),
('4n5s51r8jf98lpdovbu3cm215a', '::1', 1586487336, 0x5f5f63695f6c6173745f726567656e65726174657c693a313538363438373333353b616c6572747c733a36383a223c64697620636c6173733d27616c65727420616c6572742d73756363657373273e426572686173696c2075706461746520626168616e206d656e746168203c2f6469763e223b),
('rpfcoru9meafpetc8oev9t4cru', '::1', 1586487336, 0x5f5f63695f6c6173745f726567656e65726174657c693a313538363438373333363b757365725f69647c693a313b),
('j7qql71rengpeoiu3gn5b2f6cg', '::1', 1586487343, 0x5f5f63695f6c6173745f726567656e65726174657c693a313538363438373334333b616c6572747c733a36383a223c64697620636c6173733d27616c65727420616c6572742d73756363657373273e426572686173696c2075706461746520626168616e206d656e746168203c2f6469763e223b),
('ekiq0p45j04arf9o24h8adf8gs', '::1', 1586487343, 0x5f5f63695f6c6173745f726567656e65726174657c693a313538363438373334333b757365725f69647c693a313b),
('c88o74krn5ndngv15c6gj2a45i', '::1', 1586487379, 0x5f5f63695f6c6173745f726567656e65726174657c693a313538363438373337393b757365725f69647c693a313b),
('0j6hj92uiqct71j2ag3u6rrhd0', '::1', 1586487382, 0x5f5f63695f6c6173745f726567656e65726174657c693a313538363438373338323b757365725f69647c693a313b),
('trlp505tl5rhr3ml5vukto4hpr', '::1', 1586487461, 0x5f5f63695f6c6173745f726567656e65726174657c693a313538363438373436313b757365725f69647c693a313b),
('e5n0rff7v0blkk39v5qk9rsef2', '::1', 1586487475, 0x5f5f63695f6c6173745f726567656e65726174657c693a313538363438373437343b757365725f69647c693a313b),
('vpnl9j17718hrup1ae8urj382q', '::1', 1586487513, 0x5f5f63695f6c6173745f726567656e65726174657c693a313538363438373531333b757365725f69647c693a313b),
('gvfdn3h066ii2r0pqoumr253o3', '::1', 1586487518, 0x5f5f63695f6c6173745f726567656e65726174657c693a313538363438373531383b757365725f69647c693a313b),
('tidvj3k07ctfts1niahiur5a47', '::1', 1586487523, 0x5f5f63695f6c6173745f726567656e65726174657c693a313538363438373532333b757365725f69647c693a313b),
('pcn23fbul32vu7i65q545h6hbt', '::1', 1586487533, 0x5f5f63695f6c6173745f726567656e65726174657c693a313538363438373533333b757365725f69647c693a313b),
('jdo95o18uqqkcobrqqs30a7ubc', '::1', 1586487667, 0x5f5f63695f6c6173745f726567656e65726174657c693a313538363438373636373b),
('iidgva2d4vfu0var3ml2th78qn', '::1', 1586487801, 0x5f5f63695f6c6173745f726567656e65726174657c693a313538363438373830313b),
('kqs85abeer1i1gcpvt2aohboms', '::1', 1586487811, 0x5f5f63695f6c6173745f726567656e65726174657c693a313538363438373831313b),
('ejdnk9ftotc4o360fm97ntmta5', '::1', 1586487916, 0x5f5f63695f6c6173745f726567656e65726174657c693a313538363438373931363b),
('uene9ilnrql70rk77abrmjj6mi', '::1', 1586488007, 0x5f5f63695f6c6173745f726567656e65726174657c693a313538363438383030373b757365725f69647c693a313b),
('outujm5i4726pbepogdgbk9tul', '::1', 1586488026, 0x5f5f63695f6c6173745f726567656e65726174657c693a313538363438383032363b757365725f69647c693a313b),
('g1lqf950bsa7g9a47qa43aqs6d', '::1', 1586488133, 0x5f5f63695f6c6173745f726567656e65726174657c693a313538363438383133333b757365725f69647c693a313b),
('bcffov02rucblhd15bn1g1401e', '::1', 1586488197, 0x5f5f63695f6c6173745f726567656e65726174657c693a313538363438383139373b757365725f69647c693a313b),
('mi9gksh868oj72sg51kc3sg5vs', '::1', 1586488205, 0x5f5f63695f6c6173745f726567656e65726174657c693a313538363438383230353b757365725f69647c693a313b),
('leehbbaopdf5q2bj4p3aglg9mm', '::1', 1586488208, 0x5f5f63695f6c6173745f726567656e65726174657c693a313538363438383230383b757365725f69647c693a313b),
('35pbq8otn0blq0m8r6ag8a9re6', '::1', 1586488219, 0x5f5f63695f6c6173745f726567656e65726174657c693a313538363438383231393b757365725f69647c693a313b),
('c1881vobcat9s0ph6ib3o31rrl', '::1', 1586488220, 0x5f5f63695f6c6173745f726567656e65726174657c693a313538363438383232303b757365725f69647c693a313b),
('k6d2cvao92pi8kbspvj2v21ogs', '::1', 1586488397, 0x5f5f63695f6c6173745f726567656e65726174657c693a313538363438383339373b757365725f69647c693a313b),
('l6356jomtvr08irn44a1pb9e8k', '::1', 1586488421, 0x5f5f63695f6c6173745f726567656e65726174657c693a313538363438383432313b757365725f69647c693a313b),
('l4nu8ub4j8vvjql2uhrdpq72hd', '::1', 1586488433, 0x5f5f63695f6c6173745f726567656e65726174657c693a313538363438383433333b757365725f69647c693a313b),
('aamugsp4gnq8r6vu2182i3na2j', '::1', 1586488436, 0x5f5f63695f6c6173745f726567656e65726174657c693a313538363438383433363b757365725f69647c693a313b),
('qu46boi40k6f7trrl631rkgpmb', '::1', 1586488459, 0x5f5f63695f6c6173745f726567656e65726174657c693a313538363438383435393b757365725f69647c693a313b),
('ntad1vgjl97pid568pkqeur57q', '::1', 1586488557, 0x5f5f63695f6c6173745f726567656e65726174657c693a313538363438383535363b757365725f69647c693a313b),
('j69spat3gfcn02cp4ktmhgbv3k', '::1', 1586488563, 0x5f5f63695f6c6173745f726567656e65726174657c693a313538363438383536333b757365725f69647c693a313b),
('nokaioh5d1tlgd7uun84j27a73', '::1', 1586488577, 0x5f5f63695f6c6173745f726567656e65726174657c693a313538363438383537363b616c6572747c733a36383a223c64697620636c6173733d27616c65727420616c6572742d73756363657373273e426572686173696c2074616d62616820626168616e206d656e746168203c2f6469763e223b),
('66t5gcp7mjjihdcfuffh476hs0', '::1', 1586488577, 0x5f5f63695f6c6173745f726567656e65726174657c693a313538363438383537373b757365725f69647c693a313b),
('9ks7e66matg35a2eh1blbv24uq', '::1', 1586488579, 0x5f5f63695f6c6173745f726567656e65726174657c693a313538363438383537393b757365725f69647c693a313b),
('73vqk9u3og73trf3bs3c15vfkq', '::1', 1586488599, 0x5f5f63695f6c6173745f726567656e65726174657c693a313538363438383539393b616c6572747c733a36383a223c64697620636c6173733d27616c65727420616c6572742d73756363657373273e426572686173696c2074616d62616820626168616e206d656e746168203c2f6469763e223b),
('i3bllqchq0lflhgb1h13393jab', '::1', 1586488600, 0x5f5f63695f6c6173745f726567656e65726174657c693a313538363438383630303b757365725f69647c693a313b),
('2glds42fvqq75mjee2d6bml864', '::1', 1586488602, 0x5f5f63695f6c6173745f726567656e65726174657c693a313538363438383630323b757365725f69647c693a313b),
('jsg8eknu9mnnej8iprgtio0u1t', '::1', 1586488615, 0x5f5f63695f6c6173745f726567656e65726174657c693a313538363438383631343b616c6572747c733a36383a223c64697620636c6173733d27616c65727420616c6572742d73756363657373273e426572686173696c2074616d62616820626168616e206d656e746168203c2f6469763e223b),
('ga02hqtdoehbbrrv4mk7js3n3d', '::1', 1586488615, 0x5f5f63695f6c6173745f726567656e65726174657c693a313538363438383631353b757365725f69647c693a313b),
('cfqkl4bhn2vaqf1oi3ndviea7d', '::1', 1586488616, 0x5f5f63695f6c6173745f726567656e65726174657c693a313538363438383631363b757365725f69647c693a313b),
('4dhpft15eab57hdtcvs2qv97l7', '::1', 1586488634, 0x5f5f63695f6c6173745f726567656e65726174657c693a313538363438383633343b757365725f69647c693a313b),
('a4klsepkc4h0bg2loumjog24d4', '::1', 1586488636, 0x5f5f63695f6c6173745f726567656e65726174657c693a313538363438383633363b757365725f69647c693a313b),
('kd9c58upd4jjv6l1t6ee2v1qae', '::1', 1586488640, 0x5f5f63695f6c6173745f726567656e65726174657c693a313538363438383634303b757365725f69647c693a313b),
('7dvpsr20crv7v242gsugfmp89i', '::1', 1586488649, 0x5f5f63695f6c6173745f726567656e65726174657c693a313538363438383634393b757365725f69647c693a313b),
('43ee0orbtos57tkit7glqltmr7', '::1', 1586488651, 0x5f5f63695f6c6173745f726567656e65726174657c693a313538363438383635313b757365725f69647c693a313b),
('ndieremc200tshngl6b4pua81i', '::1', 1586488653, 0x5f5f63695f6c6173745f726567656e65726174657c693a313538363438383635333b757365725f69647c693a313b),
('r0ut1i63m31bdd9l7tgg8vv7j9', '::1', 1586488657, 0x5f5f63695f6c6173745f726567656e65726174657c693a313538363438383635373b757365725f69647c693a313b),
('bboihnna266qkghg803adl0sef', '::1', 1586488673, 0x5f5f63695f6c6173745f726567656e65726174657c693a313538363438383637333b757365725f69647c693a313b),
('85e3v6gdg9c4kf6hebd6rj2mjp', '::1', 1586488676, 0x5f5f63695f6c6173745f726567656e65726174657c693a313538363438383637363b757365725f69647c693a313b),
('h2pde8ttgrja5bcdobe6ok27c2', '::1', 1586488738, 0x5f5f63695f6c6173745f726567656e65726174657c693a313538363438383733383b757365725f69647c693a313b),
('9ks59i0ddgii01tr65c43h974p', '::1', 1586488743, 0x5f5f63695f6c6173745f726567656e65726174657c693a313538363438383734333b757365725f69647c693a313b),
('vsj3d4ht1pmt65gou531q76in9', '::1', 1586488828, 0x5f5f63695f6c6173745f726567656e65726174657c693a313538363438383832383b757365725f69647c693a313b),
('ia9pkmma7p6s5ovjl1u9rn4lq6', '::1', 1586488830, 0x5f5f63695f6c6173745f726567656e65726174657c693a313538363438383833303b757365725f69647c693a313b),
('3nnmdvfnvi2drrqiedvg5r57h8', '::1', 1586488849, 0x5f5f63695f6c6173745f726567656e65726174657c693a313538363438383834393b757365725f69647c693a313b),
('qureiau2aql9oe5dem5up8m360', '::1', 1586488853, 0x5f5f63695f6c6173745f726567656e65726174657c693a313538363438383835333b757365725f69647c693a313b),
('5cu87qm4ecc11sfnh0khpcksuu', '::1', 1586488897, 0x5f5f63695f6c6173745f726567656e65726174657c693a313538363438383839373b757365725f69647c693a313b),
('shp0n9is1gcs1t03g5kuoqfl13', '::1', 1586488898, 0x5f5f63695f6c6173745f726567656e65726174657c693a313538363438383839383b757365725f69647c693a313b),
('qbiro4d8mhgar6f1e9pt45ettf', '::1', 1586489271, 0x5f5f63695f6c6173745f726567656e65726174657c693a313538363438393237303b757365725f69647c693a313b),
('58o3qk0d295kljg256gihisodf', '::1', 1586489289, 0x5f5f63695f6c6173745f726567656e65726174657c693a313538363438393238393b757365725f69647c693a313b),
('3ose2vbrhjut0hb2d560ebe0bv', '::1', 1586489355, 0x5f5f63695f6c6173745f726567656e65726174657c693a313538363438393335353b757365725f69647c693a313b),
('a116c4rv9h4i73ghrl2ji54ra3', '::1', 1586489444, 0x5f5f63695f6c6173745f726567656e65726174657c693a313538363438393434343b757365725f69647c693a313b),
('tk6dmmh9eumr4etqhiipr873oe', '::1', 1586489456, 0x5f5f63695f6c6173745f726567656e65726174657c693a313538363438393435363b757365725f69647c693a313b),
('tjleujpoghud67km4887f5ge5q', '::1', 1586489521, 0x5f5f63695f6c6173745f726567656e65726174657c693a313538363438393532313b757365725f69647c693a313b),
('u3j5jqt34cc3n6b5mhnvrrbb94', '::1', 1586489521, 0x5f5f63695f6c6173745f726567656e65726174657c693a313538363438393532313b757365725f69647c693a313b),
('5i3pt7hddpv20hkgrovf0cag91', '::1', 1586489562, 0x5f5f63695f6c6173745f726567656e65726174657c693a313538363438393536323b757365725f69647c693a313b),
('0mku0sp89kd63d7i3g3cld8b2v', '::1', 1586489597, 0x5f5f63695f6c6173745f726567656e65726174657c693a313538363438393539373b757365725f69647c693a313b),
('m57s0bufba8592ljintdacami7', '::1', 1586489793, 0x5f5f63695f6c6173745f726567656e65726174657c693a313538363438393739333b),
('9af62hus7jvuu2fuv3grt0m994', '::1', 1586489796, 0x5f5f63695f6c6173745f726567656e65726174657c693a313538363438393739363b757365725f69647c693a313b),
('bg5p0ih8i6tepmdrkgm4cot7sh', '::1', 1586489803, 0x5f5f63695f6c6173745f726567656e65726174657c693a313538363438393830333b),
('dda1fhs4k63l7o0epbrdq8bacv', '::1', 1586489859, 0x5f5f63695f6c6173745f726567656e65726174657c693a313538363438393835383b616c6572747c733a36323a223c64697620636c6173733d27616c65727420616c6572742d73756363657373273e426572686173696c206d656e616d6261682064617461203c2f6469763e223b),
('cr6idbm02pm5df08l7nbblmgq4', '::1', 1586489859, 0x5f5f63695f6c6173745f726567656e65726174657c693a313538363438393835393b757365725f69647c693a313b),
('ffjpf104k3trjrgsiabvvbrlil', '::1', 1586490033, 0x5f5f63695f6c6173745f726567656e65726174657c693a313538363439303033333b),
('p441legb4t9fakqtha8h869mjm', '::1', 1586490045, 0x5f5f63695f6c6173745f726567656e65726174657c693a313538363439303034353b757365725f69647c693a313b),
('tne2847ofibhftj0fikh8nlrh4', '::1', 1586490049, 0x5f5f63695f6c6173745f726567656e65726174657c693a313538363439303034393b757365725f69647c693a313b),
('vh68qs4jnc9dfu49ju02mmnsdn', '::1', 1586490051, 0x5f5f63695f6c6173745f726567656e65726174657c693a313538363439303035313b757365725f69647c693a313b),
('es7ei7h3vr517ame815vug8ub0', '::1', 1586490057, 0x5f5f63695f6c6173745f726567656e65726174657c693a313538363439303035373b616c6572747c733a35343a223c64697620636c6173733d27616c65727420616c6572742d7761726e696e67273e4461746120737564616820616461203c2f6469763e223b),
('aj0jodnr5uddcgiggsmk1tq4tl', '::1', 1586490057, 0x5f5f63695f6c6173745f726567656e65726174657c693a313538363439303035373b757365725f69647c693a313b),
('34te7v9tarcr2rh6e5n2fsdjc2', '::1', 1586490059, 0x5f5f63695f6c6173745f726567656e65726174657c693a313538363439303035393b757365725f69647c693a313b),
('q800h52tctff2qrtlpgmhvmbmi', '::1', 1586490060, 0x5f5f63695f6c6173745f726567656e65726174657c693a313538363439303036303b757365725f69647c693a313b),
('g8l020r5nrjvp2t0v2hi4darp6', '::1', 1586490064, 0x5f5f63695f6c6173745f726567656e65726174657c693a313538363439303036343b757365725f69647c693a313b),
('kl18uobp7bnnfe1ftjtdmg6cps', '::1', 1586490066, 0x5f5f63695f6c6173745f726567656e65726174657c693a313538363439303036353b757365725f69647c693a313b),
('c2nut8h217n78g9p3tr08arkqi', '::1', 1586490109, 0x5f5f63695f6c6173745f726567656e65726174657c693a313538363439303130393b757365725f69647c693a313b),
('1ulnc0p7vt7kf3jlo8j8o8odc2', '::1', 1586490233, 0x5f5f63695f6c6173745f726567656e65726174657c693a313538363439303233333b757365725f69647c693a313b),
('fjsjiefqovg0j078smslbufmlb', '::1', 1586490235, 0x5f5f63695f6c6173745f726567656e65726174657c693a313538363439303233353b757365725f69647c693a313b),
('i9unhp5qir5p7a7mt9q7pn9sm4', '::1', 1586490305, 0x5f5f63695f6c6173745f726567656e65726174657c693a313538363439303330353b757365725f69647c693a313b),
('60palse853pccubuir498v8m7i', '::1', 1586490311, 0x5f5f63695f6c6173745f726567656e65726174657c693a313538363439303331313b616c6572747c733a36323a223c64697620636c6173733d27616c65727420616c6572742d73756363657373273e426572686173696c206d656e616d6261682064617461203c2f6469763e223b),
('vsr745r5dvp4l9pb6tbnug648i', '::1', 1586490311, 0x5f5f63695f6c6173745f726567656e65726174657c693a313538363439303331313b757365725f69647c693a313b),
('luqms8rndmt5451bn3r7rfipe5', '::1', 1586490351, 0x5f5f63695f6c6173745f726567656e65726174657c693a313538363439303335313b616c6572747c733a35343a223c64697620636c6173733d27616c65727420616c6572742d7761726e696e67273e4461746120737564616820616461203c2f6469763e223b),
('d4fj6e28k01g2d637d98jc2323', '::1', 1586490351, 0x5f5f63695f6c6173745f726567656e65726174657c693a313538363439303335313b757365725f69647c693a313b),
('84hv8il9425tu1v0keohrnevch', '::1', 1586490363, 0x5f5f63695f6c6173745f726567656e65726174657c693a313538363439303336323b616c6572747c733a36323a223c64697620636c6173733d27616c65727420616c6572742d73756363657373273e426572686173696c206d656e616d6261682064617461203c2f6469763e223b),
('de525kmmr3b6cp64kmrour31ut', '::1', 1586490363, 0x5f5f63695f6c6173745f726567656e65726174657c693a313538363439303336333b757365725f69647c693a313b),
('cudgohbb6fdud80siofkqie91q', '::1', 1586490365, 0x5f5f63695f6c6173745f726567656e65726174657c693a313538363439303336353b757365725f69647c693a313b),
('2hhai8g95thq88s46inuvihckt', '::1', 1586490472, 0x5f5f63695f6c6173745f726567656e65726174657c693a313538363439303437323b757365725f69647c693a313b),
('av9varnfi92gd4m4a5vjnn6p66', '::1', 1586490510, 0x5f5f63695f6c6173745f726567656e65726174657c693a313538363439303531303b757365725f69647c693a313b),
('ih3b9um168j67tses6bop9f6fl', '::1', 1586490540, 0x5f5f63695f6c6173745f726567656e65726174657c693a313538363439303534303b757365725f69647c693a313b),
('p2efh4i3nkaj7hcoq4l8cgnbd1', '::1', 1586490544, 0x5f5f63695f6c6173745f726567656e65726174657c693a313538363439303534343b),
('sp3q4s1gkb40lr6as1i2p9oala', '::1', 1586490595, 0x5f5f63695f6c6173745f726567656e65726174657c693a313538363439303539353b757365725f69647c693a313b),
('cdhallhmpib3fbv706e74ne98c', '::1', 1586490600, 0x5f5f63695f6c6173745f726567656e65726174657c693a313538363439303630303b),
('9olurv7jsl6hr0d64ppu4d0jdj', '::1', 1586490622, 0x5f5f63695f6c6173745f726567656e65726174657c693a313538363439303632323b757365725f69647c693a313b),
('phtr10muij2gj21s06v0lu2418', '::1', 1586490838, 0x5f5f63695f6c6173745f726567656e65726174657c693a313538363439303833383b757365725f69647c693a313b),
('2q44n3bjhfd570t963gl6gethu', '::1', 1586490842, 0x5f5f63695f6c6173745f726567656e65726174657c693a313538363439303834323b616c6572747c733a35343a223c64697620636c6173733d27616c65727420616c6572742d7761726e696e67273e4461746120737564616820616461203c2f6469763e223b),
('r52tr9vn6r0bcmn3g4a70s9dv0', '::1', 1586490842, 0x5f5f63695f6c6173745f726567656e65726174657c693a313538363439303834323b757365725f69647c693a313b),
('2dql2loaug0qoqrlobc6jvrhlf', '::1', 1586490848, 0x5f5f63695f6c6173745f726567656e65726174657c693a313538363439303834383b616c6572747c733a35343a223c64697620636c6173733d27616c65727420616c6572742d7761726e696e67273e4461746120737564616820616461203c2f6469763e223b),
('4a4bg01cc3jth0hihi35kmm4nl', '::1', 1586490848, 0x5f5f63695f6c6173745f726567656e65726174657c693a313538363439303834383b757365725f69647c693a313b),
('bfm8c04dpi1a6224ctksc81rjp', '::1', 1586490962, 0x5f5f63695f6c6173745f726567656e65726174657c693a313538363439303936323b),
('ntgdqtd05dbgkglpv0uibnd2n6', '::1', 1586490970, 0x5f5f63695f6c6173745f726567656e65726174657c693a313538363439303937303b757365725f69647c693a313b),
('m7o8p88ebceac6pht964582fbp', '::1', 1586490989, 0x5f5f63695f6c6173745f726567656e65726174657c693a313538363439303938393b),
('h9aso4076buja0s0hhf8c1lg90', '::1', 1586491003, 0x5f5f63695f6c6173745f726567656e65726174657c693a313538363439313030333b757365725f69647c693a313b),
('dd1hhq1eg73u2lj2gd3k49ghj5', '::1', 1586491008, 0x5f5f63695f6c6173745f726567656e65726174657c693a313538363439313030383b),
('3873p5nsr3rsb2fg0sq846rhf2', '::1', 1586491106, 0x5f5f63695f6c6173745f726567656e65726174657c693a313538363439313130363b757365725f69647c693a313b),
('g0bq350bjvhv9729eg9lm9f1f9', '::1', 1586491291, 0x5f5f63695f6c6173745f726567656e65726174657c693a313538363439313239313b757365725f69647c693a313b),
('ot6m59l9ghht38icuvdv280gv7', '::1', 1586491307, 0x5f5f63695f6c6173745f726567656e65726174657c693a313538363439313330373b),
('jib4c33ekd5ld7eb6aa1t3579j', '::1', 1586491310, 0x5f5f63695f6c6173745f726567656e65726174657c693a313538363439313331303b757365725f69647c693a313b),
('csijrnd1h5glef6t7psbqgfuen', '::1', 1586491323, 0x5f5f63695f6c6173745f726567656e65726174657c693a313538363439313332333b616c6572747c733a36333a223c64697620636c6173733d27616c65727420616c6572742d73756363657373273e426572686173696c206d656e79696d70616e2064617461203c2f6469763e223b),
('usafdcbueaiht43qu59dkn2q4c', '::1', 1586491323, 0x5f5f63695f6c6173745f726567656e65726174657c693a313538363439313332333b757365725f69647c693a313b),
('e6b0ksgpl7unlon2qccnlvnjtd', '::1', 1586491334, 0x5f5f63695f6c6173745f726567656e65726174657c693a313538363439313333343b616c6572747c733a35343a223c64697620636c6173733d27616c65727420616c6572742d7761726e696e67273e4461746120737564616820616461203c2f6469763e223b),
('inih63pbhnr3ktc5spgqg1a5ci', '::1', 1586491334, 0x5f5f63695f6c6173745f726567656e65726174657c693a313538363439313333343b757365725f69647c693a313b),
('8ostfugt5t9gp7c6tsuuv8q7nn', '::1', 1586491409, 0x5f5f63695f6c6173745f726567656e65726174657c693a313538363439313430393b757365725f69647c693a313b),
('l0tbji5jserbnp0qovc4qctv6g', '::1', 1586491435, 0x5f5f63695f6c6173745f726567656e65726174657c693a313538363439313433353b757365725f69647c693a313b),
('4tr2c3vnefhsvrh9djf6pcd234', '::1', 1586491438, 0x5f5f63695f6c6173745f726567656e65726174657c693a313538363439313433383b757365725f69647c693a313b),
('kq6sr0kvra0dh47b841ioa8c8p', '::1', 1586491445, 0x5f5f63695f6c6173745f726567656e65726174657c693a313538363439313434353b757365725f69647c693a313b),
('fnqvbi67s1ctdjur6avkaba3ou', '::1', 1586491449, 0x5f5f63695f6c6173745f726567656e65726174657c693a313538363439313434393b757365725f69647c693a313b),
('oth5n6790e6c0p78541m9jf84u', '::1', 1586491459, 0x5f5f63695f6c6173745f726567656e65726174657c693a313538363439313435393b757365725f69647c693a313b),
('rs8ci5143g6dv648rtj73v4k3l', '::1', 1586491463, 0x5f5f63695f6c6173745f726567656e65726174657c693a313538363439313436333b757365725f69647c693a313b),
('1iae1rv6e6h1cfsh8b1tnpuae7', '::1', 1586491467, 0x5f5f63695f6c6173745f726567656e65726174657c693a313538363439313436373b757365725f69647c693a313b),
('5sirfqsmkl9q6eikuj4grdgsrm', '::1', 1586491573, 0x5f5f63695f6c6173745f726567656e65726174657c693a313538363439313537333b757365725f69647c693a313b),
('u1iie82jjid99ekjhcij46irf5', '::1', 1586491576, 0x5f5f63695f6c6173745f726567656e65726174657c693a313538363439313537363b757365725f69647c693a313b),
('q65rp4hpccso6oge0j2an15itr', '::1', 1586491594, 0x5f5f63695f6c6173745f726567656e65726174657c693a313538363439313539343b757365725f69647c693a313b),
('aes4tf728qnolcff0p31qh6mdq', '::1', 1586491597, 0x5f5f63695f6c6173745f726567656e65726174657c693a313538363439313539373b757365725f69647c693a313b),
('ank11avvcm54g2c365gr9rvckb', '::1', 1586497192, 0x5f5f63695f6c6173745f726567656e65726174657c693a313538363439373139323b757365725f69647c693a313b),
('q3cb7ks12umglte2m7m07u3e9t', '::1', 1586497241, 0x5f5f63695f6c6173745f726567656e65726174657c693a313538363439373234313b757365725f69647c693a313b),
('9n2emg4naarqbmm96d83m0rmc8', '::1', 1586498073, 0x5f5f63695f6c6173745f726567656e65726174657c693a313538363439383037333b),
('ob4e21984esna6mgv5k2vg6e0n', '::1', 1586498086, 0x5f5f63695f6c6173745f726567656e65726174657c693a313538363439383038363b),
('i99i304su6ds7f47d2tcls7ch4', '::1', 1586498109, 0x5f5f63695f6c6173745f726567656e65726174657c693a313538363439383130393b),
('4kcmv68kmkq2n1f59adgg29j0q', '::1', 1586498428, 0x5f5f63695f6c6173745f726567656e65726174657c693a313538363439383432383b757365725f69647c693a313b),
('l6ec4pgdvl3dcp5mhu6n90v3g8', '::1', 1586498443, 0x5f5f63695f6c6173745f726567656e65726174657c693a313538363439383434333b757365725f69647c693a313b),
('d42rpgcp7ve1sepmfe0d8c9mhj', '::1', 1586498473, 0x5f5f63695f6c6173745f726567656e65726174657c693a313538363439383437333b757365725f69647c693a313b),
('mihq7tqtlrn455ajfn980r1h3b', '::1', 1586498748, 0x5f5f63695f6c6173745f726567656e65726174657c693a313538363439383734383b757365725f69647c693a313b),
('v1jj13kvob8ff14e3tqs6v893i', '::1', 1586498753, 0x5f5f63695f6c6173745f726567656e65726174657c693a313538363439383735333b757365725f69647c693a313b),
('28ipa43kjjlbbegs5k87r0p3h3', '::1', 1586499313, 0x5f5f63695f6c6173745f726567656e65726174657c693a313538363439393331323b),
('35sni2qg1um4q8isf8h0lfjuoj', '::1', 1586499413, 0x5f5f63695f6c6173745f726567656e65726174657c693a313538363439393431333b757365725f69647c693a313b),
('tco741jpjmnqggc3678tde0hq2', '::1', 1586499522, 0x5f5f63695f6c6173745f726567656e65726174657c693a313538363439393532323b757365725f69647c693a313b),
('ucnrhi8k2vfbqu3ecd8h2k7tiv', '::1', 1586499563, 0x5f5f63695f6c6173745f726567656e65726174657c693a313538363439393536333b757365725f69647c693a313b),
('i5k6de40pqccm29t86m9053ku2', '::1', 1586499624, 0x5f5f63695f6c6173745f726567656e65726174657c693a313538363439393632343b757365725f69647c693a313b),
('e7sr8teek94m1nq7f1lifnqql2', '::1', 1586499666, 0x5f5f63695f6c6173745f726567656e65726174657c693a313538363439393636363b),
('37m5t3mhmo6qch4qkq5nsi38di', '::1', 1586499689, 0x5f5f63695f6c6173745f726567656e65726174657c693a313538363439393638393b757365725f69647c693a313b),
('oqkkcqqomqs036uuqnolgovl6h', '::1', 1586499705, 0x5f5f63695f6c6173745f726567656e65726174657c693a313538363439393730353b757365725f69647c693a313b),
('n26cqa6eku1s5enltapf0n81r1', '::1', 1586499708, 0x5f5f63695f6c6173745f726567656e65726174657c693a313538363439393730383b757365725f69647c693a313b),
('osdb70eaa3ci1r5rpaf3jv2f2e', '::1', 1586499752, 0x5f5f63695f6c6173745f726567656e65726174657c693a313538363439393735323b757365725f69647c693a313b),
('u8fdh9eqn9jgfh26qcvtgn0oo9', '::1', 1586499762, 0x5f5f63695f6c6173745f726567656e65726174657c693a313538363439393736323b757365725f69647c693a313b),
('e8datgnj5jgbu3oii8rmg8tcv4', '::1', 1586499798, 0x5f5f63695f6c6173745f726567656e65726174657c693a313538363439393739383b757365725f69647c693a313b),
('pc5gh0i75j9bv0me4jh2lmg7a0', '::1', 1586499845, 0x5f5f63695f6c6173745f726567656e65726174657c693a313538363439393834353b757365725f69647c693a313b),
('53m0896qbnisk5c6jncl706ef6', '::1', 1586499863, 0x5f5f63695f6c6173745f726567656e65726174657c693a313538363439393836333b757365725f69647c693a313b),
('8cpc3nfv3c75bggkru644jtsh0', '::1', 1586499868, 0x5f5f63695f6c6173745f726567656e65726174657c693a313538363439393836383b757365725f69647c693a313b),
('p7ct5b3ckg235s7m8krku3vulo', '::1', 1586499872, 0x5f5f63695f6c6173745f726567656e65726174657c693a313538363439393837323b757365725f69647c693a313b),
('ntvl3fd1jnijtir8teq7euerql', '::1', 1586499876, 0x5f5f63695f6c6173745f726567656e65726174657c693a313538363439393837363b757365725f69647c693a313b),
('hecg1ldhbb889k5f9n4ticm0pp', '::1', 1586499880, 0x5f5f63695f6c6173745f726567656e65726174657c693a313538363439393838303b757365725f69647c693a313b),
('gkqgcu0ae0qe00lg4rfsl0m0bb', '::1', 1586499913, 0x5f5f63695f6c6173745f726567656e65726174657c693a313538363439393931333b757365725f69647c693a313b),
('ucuju6l93omcs3hv8jqfed3csj', '::1', 1586499984, 0x5f5f63695f6c6173745f726567656e65726174657c693a313538363439393938343b757365725f69647c693a313b),
('ch5j8c1p9elomecto596fa5fao', '::1', 1586500010, 0x5f5f63695f6c6173745f726567656e65726174657c693a313538363530303031303b757365725f69647c693a313b),
('sle6b9jr4rnl4rielpebtnmah7', '::1', 1586500065, 0x5f5f63695f6c6173745f726567656e65726174657c693a313538363530303036353b),
('udlgdr919api6edji090p1t6hf', '::1', 1586500564, 0x5f5f63695f6c6173745f726567656e65726174657c693a313538363530303536343b),
('5ptdsb6lt5rjv0hg8ru8luf49g', '::1', 1586500575, 0x5f5f63695f6c6173745f726567656e65726174657c693a313538363530303537353b),
('tlnhg1it5ig6k6728j4pe4f3v0', '::1', 1586500587, 0x5f5f63695f6c6173745f726567656e65726174657c693a313538363530303538373b),
('uh7n320r26c8q6dh9ue1pe11jp', '::1', 1586500615, 0x5f5f63695f6c6173745f726567656e65726174657c693a313538363530303631353b),
('ugh4a0og9k36t1jq1ooun2dpr6', '::1', 1586500662, 0x5f5f63695f6c6173745f726567656e65726174657c693a313538363530303636323b),
('vb635m1c2oobk2omricstm6viv', '::1', 1586500687, 0x5f5f63695f6c6173745f726567656e65726174657c693a313538363530303638373b),
('3hj0pgd4objpska69qc34eeoha', '::1', 1586500699, 0x5f5f63695f6c6173745f726567656e65726174657c693a313538363530303639393b),
('cb9bi8ct258st0qlh50fdos3n7', '::1', 1586500714, 0x5f5f63695f6c6173745f726567656e65726174657c693a313538363530303731343b),
('4tb0aj1n7u207n2opng75nn47p', '::1', 1586500720, 0x5f5f63695f6c6173745f726567656e65726174657c693a313538363530303732303b757365725f69647c693a313b),
('164rimi56kn63kshd59r1851te', '::1', 1586500722, 0x5f5f63695f6c6173745f726567656e65726174657c693a313538363530303732323b757365725f69647c693a313b),
('q3q5o19ugdfh0rnkd5cttr3omd', '::1', 1586500731, 0x5f5f63695f6c6173745f726567656e65726174657c693a313538363530303733313b),
('pejcbkuumiu3ek0rokieg39vi0', '::1', 1586500756, 0x5f5f63695f6c6173745f726567656e65726174657c693a313538363530303735363b),
('kn92b5tqivrku9o91fa041apfc', '::1', 1586500777, 0x5f5f63695f6c6173745f726567656e65726174657c693a313538363530303737373b),
('c1nqjabolf9gmk2j9vodk0d75v', '::1', 1586500780, 0x5f5f63695f6c6173745f726567656e65726174657c693a313538363530303738303b757365725f69647c693a313b),
('c6tm93bl7d9mdv0tf4i9mtt6nt', '::1', 1586500782, 0x5f5f63695f6c6173745f726567656e65726174657c693a313538363530303738323b),
('ufvhs1i6genc3vt3bk6gef8j26', '::1', 1586500811, 0x5f5f63695f6c6173745f726567656e65726174657c693a313538363530303831313b616c6572747c733a38303a223c64697620636c6173733d27616c65727420616c6572742d73756363657373273e426572686173696c2074616d62616820646174612072657475726e20626168616e206d656e746168203c2f6469763e223b),
('eoo5nn76hcaf7m0mna5gbi3b3u', '::1', 1586500812, 0x5f5f63695f6c6173745f726567656e65726174657c693a313538363530303831323b757365725f69647c693a313b),
('79846t6v4qr30qtc5cug61ku4l', '::1', 1586500827, 0x5f5f63695f6c6173745f726567656e65726174657c693a313538363530303832373b757365725f69647c693a313b),
('0r5g126v0q0f1964rbc6d52spm', '::1', 1586500829, 0x5f5f63695f6c6173745f726567656e65726174657c693a313538363530303832393b616c6572747c733a38303a223c64697620636c6173733d27616c65727420616c6572742d73756363657373273e426572686173696c2074616d62616820646174612072657475726e20626168616e206d656e746168203c2f6469763e223b),
('o2heql8fvk9c7fonebt60v4quk', '::1', 1586500830, 0x5f5f63695f6c6173745f726567656e65726174657c693a313538363530303832393b757365725f69647c693a313b),
('3a8t38mm4tcskrnnubikb12inh', '::1', 1586500882, 0x5f5f63695f6c6173745f726567656e65726174657c693a313538363530303838323b757365725f69647c693a313b),
('smd5rt8n7jumadibls2je8uj0f', '::1', 1586500894, 0x5f5f63695f6c6173745f726567656e65726174657c693a313538363530303839343b616c6572747c733a38303a223c64697620636c6173733d27616c65727420616c6572742d73756363657373273e426572686173696c2074616d62616820646174612072657475726e20626168616e206d656e746168203c2f6469763e223b),
('4oq28jl834cevogcbp82h6bopj', '::1', 1586500894, 0x5f5f63695f6c6173745f726567656e65726174657c693a313538363530303839343b757365725f69647c693a313b),
('1vn373d3ji8u26qqii0rbg8f3h', '::1', 1586500929, 0x5f5f63695f6c6173745f726567656e65726174657c693a313538363530303932393b757365725f69647c693a313b),
('9jdj5i6m6gbofk2nnjpqdtk8v1', '::1', 1586500931, 0x5f5f63695f6c6173745f726567656e65726174657c693a313538363530303933303b616c6572747c733a38303a223c64697620636c6173733d27616c65727420616c6572742d73756363657373273e426572686173696c2074616d62616820646174612072657475726e20626168616e206d656e746168203c2f6469763e223b),
('ifg6i63365upqmmljmhc3ku0i4', '::1', 1586500931, 0x5f5f63695f6c6173745f726567656e65726174657c693a313538363530303933313b757365725f69647c693a313b);
INSERT INTO `ci_sessions` (`id`, `ip_address`, `timestamp`, `data`) VALUES
('47bklklckquhtc6mvpq2isfeb3', '::1', 1586501118, 0x5f5f63695f6c6173745f726567656e65726174657c693a313538363530313131383b757365725f69647c693a313b),
('67u3nskt0ju0dlgtlldkludhsd', '::1', 1586501129, 0x5f5f63695f6c6173745f726567656e65726174657c693a313538363530313132393b757365725f69647c693a313b),
('mh5g3l0fdpf7lbcq1hb3n79i75', '::1', 1586501164, 0x5f5f63695f6c6173745f726567656e65726174657c693a313538363530313136343b757365725f69647c693a313b),
('dce083cdt5e1acf68km991jveq', '::1', 1586501218, 0x5f5f63695f6c6173745f726567656e65726174657c693a313538363530313231383b),
('q61a7mepvorrls310kc8vf7tfd', '::1', 1586501235, 0x5f5f63695f6c6173745f726567656e65726174657c693a313538363530313233353b757365725f69647c693a313b),
('mdig1004vlgl3i3br10mfti093', '::1', 1586501257, 0x5f5f63695f6c6173745f726567656e65726174657c693a313538363530313235373b757365725f69647c693a313b),
('s2a6co7egnlgtpm6hfad1ir4kc', '::1', 1586501290, 0x5f5f63695f6c6173745f726567656e65726174657c693a313538363530313239303b757365725f69647c693a313b),
('en3hv4sfcarorbvsbop2j4u4tp', '::1', 1586501976, 0x5f5f63695f6c6173745f726567656e65726174657c693a313538363530313937363b757365725f69647c693a313b),
('gsh5jg6gsr9q666k0fpvr9t1o9', '::1', 1586502074, 0x5f5f63695f6c6173745f726567656e65726174657c693a313538363530323037343b757365725f69647c693a313b),
('8bvu69g7r6bbt51jbvheptfv0o', '::1', 1586502121, 0x5f5f63695f6c6173745f726567656e65726174657c693a313538363530323132313b757365725f69647c693a313b),
('2n6t10stm0ap0s7ugls8a71pp0', '::1', 1586502144, 0x5f5f63695f6c6173745f726567656e65726174657c693a313538363530323134343b757365725f69647c693a313b),
('59sh9liuaoa3hcv7pb2nmj3fak', '::1', 1586502168, 0x5f5f63695f6c6173745f726567656e65726174657c693a313538363530323136383b757365725f69647c693a313b),
('eg4es6qn4c03m5t9b7taj22k6t', '::1', 1586502258, 0x5f5f63695f6c6173745f726567656e65726174657c693a313538363530323235383b757365725f69647c693a313b),
('kcb8cip5ih3221s951mnvh5cl7', '::1', 1586502281, 0x5f5f63695f6c6173745f726567656e65726174657c693a313538363530323238313b757365725f69647c693a313b),
('3fjubno0k920l9qsiri1keu3bh', '::1', 1586502324, 0x5f5f63695f6c6173745f726567656e65726174657c693a313538363530323332343b757365725f69647c693a313b),
('64pqaj4lhv45d6ir4upgnqtu4a', '::1', 1586502410, 0x5f5f63695f6c6173745f726567656e65726174657c693a313538363530323431303b757365725f69647c693a313b),
('hbv08l4bhkreshthai7s809mbs', '::1', 1586502439, 0x5f5f63695f6c6173745f726567656e65726174657c693a313538363530323433393b757365725f69647c693a313b),
('vgjv773ejpgdurcopvk6aolli9', '::1', 1586502709, 0x5f5f63695f6c6173745f726567656e65726174657c693a313538363530323730393b757365725f69647c693a313b),
('3mbt3sknvbm7e5b2nfk36bdbpi', '::1', 1586502833, 0x5f5f63695f6c6173745f726567656e65726174657c693a313538363530323833333b757365725f69647c693a313b),
('i7mfk5s4106n9j5ufe4656ago3', '::1', 1586502869, 0x5f5f63695f6c6173745f726567656e65726174657c693a313538363530323836393b757365725f69647c693a313b),
('rbchahshjo2ioqkgb4a4cujl5g', '::1', 1586502912, 0x5f5f63695f6c6173745f726567656e65726174657c693a313538363530323931323b757365725f69647c693a313b),
('9c7erbslk6j9v85chsin863acv', '::1', 1586502938, 0x5f5f63695f6c6173745f726567656e65726174657c693a313538363530323933383b757365725f69647c693a313b),
('ndc6mpf5t75c7euk4ai6q1uaan', '::1', 1586502995, 0x5f5f63695f6c6173745f726567656e65726174657c693a313538363530323939353b757365725f69647c693a313b),
('j966gcm09bvgaqsp17a5cpdh9c', '::1', 1586503109, 0x5f5f63695f6c6173745f726567656e65726174657c693a313538363530333130383b757365725f69647c693a313b),
('enk94cnfh5vpc3m3fnmuv38059', '::1', 1586503121, 0x5f5f63695f6c6173745f726567656e65726174657c693a313538363530333132313b757365725f69647c693a313b),
('gsagl4dsk5hfgkajkqce0hd9su', '::1', 1586503129, 0x5f5f63695f6c6173745f726567656e65726174657c693a313538363530333132393b757365725f69647c693a313b),
('ophbfnri7s6telii2176t6ltab', '::1', 1586503136, 0x5f5f63695f6c6173745f726567656e65726174657c693a313538363530333133363b757365725f69647c693a313b),
('vi21pb0va4evf4sds25c6vesu6', '::1', 1586503169, 0x5f5f63695f6c6173745f726567656e65726174657c693a313538363530333136393b757365725f69647c693a313b),
('5gu9qrvlvi0if73e71on2c120u', '::1', 1586503171, 0x5f5f63695f6c6173745f726567656e65726174657c693a313538363530333137313b757365725f69647c693a313b),
('cedu8hs4pr34q22bet7cpnv6p7', '::1', 1586503172, 0x5f5f63695f6c6173745f726567656e65726174657c693a313538363530333137323b757365725f69647c693a313b),
('haudessj47mi6o3hit6ciks5b1', '::1', 1586503637, 0x5f5f63695f6c6173745f726567656e65726174657c693a313538363530333633373b757365725f69647c693a313b),
('mbq0dd50pb366vbf3hk47bhnqs', '::1', 1586503711, 0x5f5f63695f6c6173745f726567656e65726174657c693a313538363530333731313b757365725f69647c693a313b),
('pcf1bsv8uba3ulfj0vknobio1h', '::1', 1586503713, 0x5f5f63695f6c6173745f726567656e65726174657c693a313538363530333731333b757365725f69647c693a313b),
('ubb46gebm0u8da8t5t9pv0di3f', '::1', 1586503726, 0x5f5f63695f6c6173745f726567656e65726174657c693a313538363530333732363b616c6572747c733a38303a223c64697620636c6173733d27616c65727420616c6572742d73756363657373273e426572686173696c2074616d62616820646174612072657475726e20626168616e206d656e746168203c2f6469763e223b),
('3v9f7eqfo2emjrjgbckd5rdjan', '::1', 1586503726, 0x5f5f63695f6c6173745f726567656e65726174657c693a313538363530333732363b757365725f69647c693a313b),
('vuv45d9on6dsv9bf1ue6g13dr6', '::1', 1586503729, 0x5f5f63695f6c6173745f726567656e65726174657c693a313538363530333732393b757365725f69647c693a313b),
('n13j419mg24adkrmoc7ucq1ejg', '::1', 1586503731, 0x5f5f63695f6c6173745f726567656e65726174657c693a313538363530333733313b757365725f69647c693a313b),
('dkqtgrhk4952k79t3kfo5n8jpr', '::1', 1586503734, 0x5f5f63695f6c6173745f726567656e65726174657c693a313538363530333733343b757365725f69647c693a313b),
('oqbboj5vhslsrdu92553qgfs01', '::1', 1586503754, 0x5f5f63695f6c6173745f726567656e65726174657c693a313538363530333735343b757365725f69647c693a313b),
('ucbri0ml9luhphp4gtntk4lhb2', '::1', 1586503755, 0x5f5f63695f6c6173745f726567656e65726174657c693a313538363530333735353b757365725f69647c693a313b),
('v55iekavlpdolgv4ccppo4hgg6', '::1', 1586503757, 0x5f5f63695f6c6173745f726567656e65726174657c693a313538363530333735373b757365725f69647c693a313b),
('rdc9e49arc2rcsaki5eck03vv1', '::1', 1586503761, 0x5f5f63695f6c6173745f726567656e65726174657c693a313538363530333736313b757365725f69647c693a313b),
('sbtbot28aso3mdql34cmclc8lk', '::1', 1586503764, 0x5f5f63695f6c6173745f726567656e65726174657c693a313538363530333736343b757365725f69647c693a313b),
('0a0u1n1e0ierppuj6gpbk5a05s', '::1', 1586503764, 0x5f5f63695f6c6173745f726567656e65726174657c693a313538363530333736343b757365725f69647c693a313b),
('bu9mothr3hqc4p66n7de5rn2tq', '::1', 1586503765, 0x5f5f63695f6c6173745f726567656e65726174657c693a313538363530333736353b757365725f69647c693a313b),
('nfat589kh3kgvfkj7cgm99ibqj', '::1', 1586503765, 0x5f5f63695f6c6173745f726567656e65726174657c693a313538363530333736353b757365725f69647c693a313b),
('m3ddrsa3c140g70o5lfbshhoo2', '::1', 1586503768, 0x5f5f63695f6c6173745f726567656e65726174657c693a313538363530333736383b757365725f69647c693a313b),
('i6no8lmdlpb8quj3fsqh4bnniu', '::1', 1586503779, 0x5f5f63695f6c6173745f726567656e65726174657c693a313538363530333737393b616c6572747c733a38303a223c64697620636c6173733d27616c65727420616c6572742d73756363657373273e426572686173696c2074616d62616820646174612072657475726e20626168616e206d656e746168203c2f6469763e223b),
('sqt32drinesqrvd4s37jqg313j', '::1', 1586503779, 0x5f5f63695f6c6173745f726567656e65726174657c693a313538363530333737393b757365725f69647c693a313b),
('67o8fhon9nnurbb0a23df5sk4d', '::1', 1586503780, 0x5f5f63695f6c6173745f726567656e65726174657c693a313538363530333738303b757365725f69647c693a313b),
('9vb1sg3j30490s6ohcn40jevn3', '::1', 1586503783, 0x5f5f63695f6c6173745f726567656e65726174657c693a313538363530333738333b757365725f69647c693a313b),
('qotu3k4bo38nrtb66ebgnhv1kn', '::1', 1586503785, 0x5f5f63695f6c6173745f726567656e65726174657c693a313538363530333738353b757365725f69647c693a313b),
('048mqdh5v1oelqqifdtrgomaft', '::1', 1586503791, 0x5f5f63695f6c6173745f726567656e65726174657c693a313538363530333739303b757365725f69647c693a313b),
('hmorcat36q0bllpqur1427ff5j', '::1', 1586503793, 0x5f5f63695f6c6173745f726567656e65726174657c693a313538363530333739333b757365725f69647c693a313b),
('rnlol0f2vmlb9t243n92vujqh6', '::1', 1586503800, 0x5f5f63695f6c6173745f726567656e65726174657c693a313538363530333830303b757365725f69647c693a313b),
('cbpquhs5rln1j5a9vc19th69o1', '::1', 1586503808, 0x5f5f63695f6c6173745f726567656e65726174657c693a313538363530333830383b757365725f69647c693a313b),
('1nusvul0e5mh2frpf4d3rh97q8', '::1', 1586503812, 0x5f5f63695f6c6173745f726567656e65726174657c693a313538363530333831323b757365725f69647c693a313b),
('h8kkha1ebcpejpm9fmkb9lmbo4', '::1', 1586504491, 0x5f5f63695f6c6173745f726567656e65726174657c693a313538363530343439313b),
('hdhbt9ne50andc2kbsmsmslm96', '::1', 1586504498, 0x5f5f63695f6c6173745f726567656e65726174657c693a313538363530343439383b616c6572745f6d73677c613a333a7b693a303b733a373a226661696c757265223b693a313b733a353a224c6f67696e223b693a323b733a31373a22496e76616c69642050617373776f726421223b7d5f5f63695f766172737c613a313a7b733a393a22616c6572745f6d7367223b733a333a226e6577223b7d),
('2fk5vgoidn2dbkpc68adheka3e', '::1', 1586504498, 0x5f5f63695f6c6173745f726567656e65726174657c693a313538363530343439383b),
('u27aupctq5nt8b3q0n0u4qprtl', '::1', 1586504506, 0x5f5f63695f6c6173745f726567656e65726174657c693a313538363530343530363b73657373696f6e69647c733a333a22706f73223b757365725f69647c733a313a2231223b757365725f656d61696c7c733a31373a226f776e657240726f746967736d2e636f6d223b757365725f726f6c657c733a313a2231223b757365725f6f75746c65747c733a313a2230223b),
('f94mrgm38r706ebd3qb9m76aqb', '::1', 1586504506, 0x5f5f63695f6c6173745f726567656e65726174657c693a313538363530343530363b),
('r2m5dstincf2ovuga3nijvupdp', '::1', 1586504507, 0x5f5f63695f6c6173745f726567656e65726174657c693a313538363530343530373b),
('o32al6lnfnc6g2orhcs32u1s17', '::1', 1586504547, 0x5f5f63695f6c6173745f726567656e65726174657c693a313538363530343534373b),
('vrnpkouddnbcgdamb2k7iev7k5', '::1', 1586504551, 0x5f5f63695f6c6173745f726567656e65726174657c693a313538363530343535313b73657373696f6e69647c733a333a22706f73223b757365725f69647c733a313a2231223b757365725f656d61696c7c733a31373a226f776e657240726f746967736d2e636f6d223b757365725f726f6c657c733a313a2231223b757365725f6f75746c65747c733a313a2230223b),
('nd9sceq6tc2qd6598t5ceqrtj4', '::1', 1586504551, 0x5f5f63695f6c6173745f726567656e65726174657c693a313538363530343535313b),
('bgt031vgjfi64cmolt3d9m65mm', '::1', 1586504553, 0x5f5f63695f6c6173745f726567656e65726174657c693a313538363530343535333b),
('fielsetdsp1trkt5il39bt43v5ttbbp3', '::1', 1586508270, 0x5f5f63695f6c6173745f726567656e65726174657c693a313538363530383237303b73657373696f6e69647c733a333a22706f73223b757365725f69647c733a313a2231223b757365725f656d61696c7c733a31373a226f776e657240726f746967736d2e636f6d223b757365725f726f6c657c733a313a2231223b757365725f6f75746c65747c733a313a2230223b),
('tfljt21cjmnqu6egde6439dn4uljv2c5', '::1', 1586511074, 0x5f5f63695f6c6173745f726567656e65726174657c693a313538363531313037343b73657373696f6e69647c733a333a22706f73223b757365725f69647c733a313a2231223b757365725f656d61696c7c733a31373a226f776e657240726f746967736d2e636f6d223b757365725f726f6c657c733a313a2231223b757365725f6f75746c65747c733a313a2230223b),
('73hpiniqm46il3hhrhjqg7r4cm9v8di5', '::1', 1586511426, 0x5f5f63695f6c6173745f726567656e65726174657c693a313538363531313432363b73657373696f6e69647c733a333a22706f73223b757365725f69647c733a313a2231223b757365725f656d61696c7c733a31373a226f776e657240726f746967736d2e636f6d223b757365725f726f6c657c733a313a2231223b757365725f6f75746c65747c733a313a2230223b),
('kdufsnn8b28ckhbhmrpb3cn1ms78v4dl', '::1', 1586511779, 0x5f5f63695f6c6173745f726567656e65726174657c693a313538363531313737393b73657373696f6e69647c733a333a22706f73223b757365725f69647c733a313a2231223b757365725f656d61696c7c733a31373a226f776e657240726f746967736d2e636f6d223b757365725f726f6c657c733a313a2231223b757365725f6f75746c65747c733a313a2230223b),
('fq49q80o2hpdeecqmisvnnoutu4cq5ir', '::1', 1586512094, 0x5f5f63695f6c6173745f726567656e65726174657c693a313538363531323039343b73657373696f6e69647c733a333a22706f73223b757365725f69647c733a313a2231223b757365725f656d61696c7c733a31373a226f776e657240726f746967736d2e636f6d223b757365725f726f6c657c733a313a2231223b757365725f6f75746c65747c733a313a2230223b),
('fp8hljc062opt99cne2f56sj5sib85st', '::1', 1586512399, 0x5f5f63695f6c6173745f726567656e65726174657c693a313538363531323339393b73657373696f6e69647c733a333a22706f73223b757365725f69647c733a313a2231223b757365725f656d61696c7c733a31373a226f776e657240726f746967736d2e636f6d223b757365725f726f6c657c733a313a2231223b757365725f6f75746c65747c733a313a2230223b),
('6sql9n2nko2joq67pbh2egevi0mba45g', '::1', 1586512805, 0x5f5f63695f6c6173745f726567656e65726174657c693a313538363531323830353b73657373696f6e69647c733a333a22706f73223b757365725f69647c733a313a2231223b757365725f656d61696c7c733a31373a226f776e657240726f746967736d2e636f6d223b757365725f726f6c657c733a313a2231223b757365725f6f75746c65747c733a313a2230223b),
('kfd53jsc1h1ank1gusdj8f12g5luc91q', '::1', 1586513115, 0x5f5f63695f6c6173745f726567656e65726174657c693a313538363531333131353b73657373696f6e69647c733a333a22706f73223b757365725f69647c733a313a2231223b757365725f656d61696c7c733a31373a226f776e657240726f746967736d2e636f6d223b757365725f726f6c657c733a313a2231223b757365725f6f75746c65747c733a313a2230223b),
('tbieakoestl2irf17b8cbdp7ctmuhkq6', '::1', 1586513505, 0x5f5f63695f6c6173745f726567656e65726174657c693a313538363531333530353b73657373696f6e69647c733a333a22706f73223b757365725f69647c733a313a2231223b757365725f656d61696c7c733a31373a226f776e657240726f746967736d2e636f6d223b757365725f726f6c657c733a313a2231223b757365725f6f75746c65747c733a313a2230223b),
('rj0ihauou4secraabfk1i54cggm21ln8', '::1', 1586513507, 0x5f5f63695f6c6173745f726567656e65726174657c693a313538363531333530353b73657373696f6e69647c733a333a22706f73223b757365725f69647c733a313a2231223b757365725f656d61696c7c733a31373a226f776e657240726f746967736d2e636f6d223b757365725f726f6c657c733a313a2231223b757365725f6f75746c65747c733a313a2230223b),
('j8kc4dtib6c9a7csvg84namcdnebe1it', '::1', 1586521952, 0x5f5f63695f6c6173745f726567656e65726174657c693a313538363532313838393b73657373696f6e69647c733a333a22706f73223b757365725f69647c733a313a2231223b757365725f656d61696c7c733a31373a226f776e657240726f746967736d2e636f6d223b757365725f726f6c657c733a313a2231223b757365725f6f75746c65747c733a313a2230223b),
('13aqqldt0l8qq1ootqs384qabjeujb9j', '::1', 1586572545, 0x5f5f63695f6c6173745f726567656e65726174657c693a313538363537323534353b73657373696f6e69647c733a333a22706f73223b757365725f69647c733a313a2231223b757365725f656d61696c7c733a31373a226f776e657240726f746967736d2e636f6d223b757365725f726f6c657c733a313a2231223b757365725f6f75746c65747c733a313a2230223b),
('giakhpmltcdp7canuhppkgghbc4m7n5i', '::1', 1586572846, 0x5f5f63695f6c6173745f726567656e65726174657c693a313538363537323834363b73657373696f6e69647c733a333a22706f73223b757365725f69647c733a313a2231223b757365725f656d61696c7c733a31373a226f776e657240726f746967736d2e636f6d223b757365725f726f6c657c733a313a2231223b757365725f6f75746c65747c733a313a2230223b),
('l1n9632o5urhnlnvsld16ohkuapjo6c1', '::1', 1586573225, 0x5f5f63695f6c6173745f726567656e65726174657c693a313538363537333232353b73657373696f6e69647c733a333a22706f73223b757365725f69647c733a313a2231223b757365725f656d61696c7c733a31373a226f776e657240726f746967736d2e636f6d223b757365725f726f6c657c733a313a2231223b757365725f6f75746c65747c733a313a2230223b),
('khc11g5bm7lgva9n44di7das9u58avhv', '::1', 1586573937, 0x5f5f63695f6c6173745f726567656e65726174657c693a313538363537333933373b73657373696f6e69647c733a333a22706f73223b757365725f69647c733a313a2231223b757365725f656d61696c7c733a31373a226f776e657240726f746967736d2e636f6d223b757365725f726f6c657c733a313a2231223b757365725f6f75746c65747c733a313a2230223b),
('8nk6ji7hf50ine8o1g5u1862okguv95n', '::1', 1586574456, 0x5f5f63695f6c6173745f726567656e65726174657c693a313538363537343435363b73657373696f6e69647c733a333a22706f73223b757365725f69647c733a313a2231223b757365725f656d61696c7c733a31373a226f776e657240726f746967736d2e636f6d223b757365725f726f6c657c733a313a2231223b757365725f6f75746c65747c733a313a2230223b),
('q1uu42q9iilavhdqi525q24gn34dtbg4', '::1', 1586574904, 0x5f5f63695f6c6173745f726567656e65726174657c693a313538363537343930343b73657373696f6e69647c733a333a22706f73223b757365725f69647c733a313a2231223b757365725f656d61696c7c733a31373a226f776e657240726f746967736d2e636f6d223b757365725f726f6c657c733a313a2231223b757365725f6f75746c65747c733a313a2230223b),
('6kvmav73eehr1pi4uob7gq55o0m85s8d', '::1', 1586575230, 0x5f5f63695f6c6173745f726567656e65726174657c693a313538363537353233303b73657373696f6e69647c733a333a22706f73223b757365725f69647c733a313a2231223b757365725f656d61696c7c733a31373a226f776e657240726f746967736d2e636f6d223b757365725f726f6c657c733a313a2231223b757365725f6f75746c65747c733a313a2230223b),
('1jig4rtfbnbmfk1ih66pfj3gag5vc593', '::1', 1586575680, 0x5f5f63695f6c6173745f726567656e65726174657c693a313538363537353638303b73657373696f6e69647c733a333a22706f73223b757365725f69647c733a313a2231223b757365725f656d61696c7c733a31373a226f776e657240726f746967736d2e636f6d223b757365725f726f6c657c733a313a2231223b757365725f6f75746c65747c733a313a2230223b),
('85ro4h9gldd9lsu30gelbhpadl2kuht9', '::1', 1586576000, 0x5f5f63695f6c6173745f726567656e65726174657c693a313538363537363030303b73657373696f6e69647c733a333a22706f73223b757365725f69647c733a313a2231223b757365725f656d61696c7c733a31373a226f776e657240726f746967736d2e636f6d223b757365725f726f6c657c733a313a2231223b757365725f6f75746c65747c733a313a2230223b),
('3kr73khesnoekb6h0g1je03o96gftho2', '::1', 1586576338, 0x5f5f63695f6c6173745f726567656e65726174657c693a313538363537363333383b73657373696f6e69647c733a333a22706f73223b757365725f69647c733a313a2231223b757365725f656d61696c7c733a31373a226f776e657240726f746967736d2e636f6d223b757365725f726f6c657c733a313a2231223b757365725f6f75746c65747c733a313a2230223b),
('v9elbpjkb5l16fetcec6v5k36ji0s8dg', '::1', 1586576658, 0x5f5f63695f6c6173745f726567656e65726174657c693a313538363537363635383b73657373696f6e69647c733a333a22706f73223b757365725f69647c733a313a2231223b757365725f656d61696c7c733a31373a226f776e657240726f746967736d2e636f6d223b757365725f726f6c657c733a313a2231223b757365725f6f75746c65747c733a313a2230223b),
('to88dalgjj7o6tu54js0251825ff92qv', '::1', 1586576994, 0x5f5f63695f6c6173745f726567656e65726174657c693a313538363537363939343b73657373696f6e69647c733a333a22706f73223b757365725f69647c733a313a2231223b757365725f656d61696c7c733a31373a226f776e657240726f746967736d2e636f6d223b757365725f726f6c657c733a313a2231223b757365725f6f75746c65747c733a313a2230223b),
('ka5rd08vu6l7ea9d542ip2o4jkm61nlg', '::1', 1586577071, 0x5f5f63695f6c6173745f726567656e65726174657c693a313538363537363939343b73657373696f6e69647c733a333a22706f73223b757365725f69647c733a313a2231223b757365725f656d61696c7c733a31373a226f776e657240726f746967736d2e636f6d223b757365725f726f6c657c733a313a2231223b757365725f6f75746c65747c733a313a2230223b),
('2ak5ohoirkgtkeh07lb7hhen7pjlbm15', '::1', 1586584825, 0x5f5f63695f6c6173745f726567656e65726174657c693a313538363538343832353b73657373696f6e69647c733a333a22706f73223b757365725f69647c733a313a2231223b757365725f656d61696c7c733a31373a226f776e657240726f746967736d2e636f6d223b757365725f726f6c657c733a313a2231223b757365725f6f75746c65747c733a313a2230223b),
('1rk9i397v3u1k4j1iugob5r5k9r1tlh2', '::1', 1586585130, 0x5f5f63695f6c6173745f726567656e65726174657c693a313538363538353133303b73657373696f6e69647c733a333a22706f73223b757365725f69647c733a313a2231223b757365725f656d61696c7c733a31373a226f776e657240726f746967736d2e636f6d223b757365725f726f6c657c733a313a2231223b757365725f6f75746c65747c733a313a2230223b),
('mpbrahmqvdkub2gqms7b5raf9dmgq5g8', '::1', 1586585431, 0x5f5f63695f6c6173745f726567656e65726174657c693a313538363538353433313b73657373696f6e69647c733a333a22706f73223b757365725f69647c733a313a2231223b757365725f656d61696c7c733a31373a226f776e657240726f746967736d2e636f6d223b757365725f726f6c657c733a313a2231223b757365725f6f75746c65747c733a313a2230223b),
('oov64nfvvjvulglkruog6avf83ac5g1m', '::1', 1586586205, 0x5f5f63695f6c6173745f726567656e65726174657c693a313538363538363230353b73657373696f6e69647c733a333a22706f73223b757365725f69647c733a313a2231223b757365725f656d61696c7c733a31373a226f776e657240726f746967736d2e636f6d223b757365725f726f6c657c733a313a2231223b757365725f6f75746c65747c733a313a2230223b),
('t38v6stcq52f4ttfhac8nskf5fkb1tg9', '::1', 1586586534, 0x5f5f63695f6c6173745f726567656e65726174657c693a313538363538363533343b73657373696f6e69647c733a333a22706f73223b757365725f69647c733a313a2231223b757365725f656d61696c7c733a31373a226f776e657240726f746967736d2e636f6d223b757365725f726f6c657c733a313a2231223b757365725f6f75746c65747c733a313a2230223b),
('5scc72l00784oomgcseglkicpafnf9oo', '::1', 1586587887, 0x5f5f63695f6c6173745f726567656e65726174657c693a313538363538373838373b73657373696f6e69647c733a333a22706f73223b757365725f69647c733a313a2231223b757365725f656d61696c7c733a31373a226f776e657240726f746967736d2e636f6d223b757365725f726f6c657c733a313a2231223b757365725f6f75746c65747c733a313a2230223b),
('phb2f6358475nndub268s3l30c8quvck', '::1', 1586588388, 0x5f5f63695f6c6173745f726567656e65726174657c693a313538363538383338383b73657373696f6e69647c733a333a22706f73223b757365725f69647c733a313a2231223b757365725f656d61696c7c733a31373a226f776e657240726f746967736d2e636f6d223b757365725f726f6c657c733a313a2231223b757365725f6f75746c65747c733a313a2230223b),
('02tu3fkvqkiri9jn1rj2kfbikk6n5cjb', '::1', 1586589190, 0x5f5f63695f6c6173745f726567656e65726174657c693a313538363538393139303b73657373696f6e69647c733a333a22706f73223b757365725f69647c733a313a2231223b757365725f656d61696c7c733a31373a226f776e657240726f746967736d2e636f6d223b757365725f726f6c657c733a313a2231223b757365725f6f75746c65747c733a313a2230223b),
('3r8mknn44jd1ajtl0368t6bkpkd9mg46', '::1', 1586589667, 0x5f5f63695f6c6173745f726567656e65726174657c693a313538363538393636373b73657373696f6e69647c733a333a22706f73223b757365725f69647c733a313a2231223b757365725f656d61696c7c733a31373a226f776e657240726f746967736d2e636f6d223b757365725f726f6c657c733a313a2231223b757365725f6f75746c65747c733a313a2230223b),
('c6dn0i9f4r0ikb6s9nt5fld65hr6g7t9', '::1', 1586590087, 0x5f5f63695f6c6173745f726567656e65726174657c693a313538363539303038373b73657373696f6e69647c733a333a22706f73223b757365725f69647c733a313a2231223b757365725f656d61696c7c733a31373a226f776e657240726f746967736d2e636f6d223b757365725f726f6c657c733a313a2231223b757365725f6f75746c65747c733a313a2230223b),
('hqk1fe0v5h1digdji4nm8et2eobcphg3', '::1', 1586590423, 0x5f5f63695f6c6173745f726567656e65726174657c693a313538363539303432333b73657373696f6e69647c733a333a22706f73223b757365725f69647c733a313a2231223b757365725f656d61696c7c733a31373a226f776e657240726f746967736d2e636f6d223b757365725f726f6c657c733a313a2231223b757365725f6f75746c65747c733a313a2230223b),
('4bg6p1hnm2umvuu81pmqen3ktn806tlb', '::1', 1586590744, 0x5f5f63695f6c6173745f726567656e65726174657c693a313538363539303734343b73657373696f6e69647c733a333a22706f73223b757365725f69647c733a313a2231223b757365725f656d61696c7c733a31373a226f776e657240726f746967736d2e636f6d223b757365725f726f6c657c733a313a2231223b757365725f6f75746c65747c733a313a2230223b),
('6oue3pq4a6p2m1vb7rah7pfal70smetb', '::1', 1586591065, 0x5f5f63695f6c6173745f726567656e65726174657c693a313538363539313036353b73657373696f6e69647c733a333a22706f73223b757365725f69647c733a313a2231223b757365725f656d61696c7c733a31373a226f776e657240726f746967736d2e636f6d223b757365725f726f6c657c733a313a2231223b757365725f6f75746c65747c733a313a2230223b),
('9aqod71keeesokkue7ucobp3gebvvkui', '::1', 1586591593, 0x5f5f63695f6c6173745f726567656e65726174657c693a313538363539313539333b73657373696f6e69647c733a333a22706f73223b757365725f69647c733a313a2231223b757365725f656d61696c7c733a31373a226f776e657240726f746967736d2e636f6d223b757365725f726f6c657c733a313a2231223b757365725f6f75746c65747c733a313a2230223b),
('rgikla5dl20gv6bacic5hgt273i0ptit', '::1', 1586593544, 0x5f5f63695f6c6173745f726567656e65726174657c693a313538363539333534343b73657373696f6e69647c733a333a22706f73223b757365725f69647c733a313a2231223b757365725f656d61696c7c733a31373a226f776e657240726f746967736d2e636f6d223b757365725f726f6c657c733a313a2231223b757365725f6f75746c65747c733a313a2230223b),
('gtmdhocupd607t6m2jqnik7h4tao1k0t', '::1', 1586594208, 0x5f5f63695f6c6173745f726567656e65726174657c693a313538363539343230383b73657373696f6e69647c733a333a22706f73223b757365725f69647c733a313a2231223b757365725f656d61696c7c733a31373a226f776e657240726f746967736d2e636f6d223b757365725f726f6c657c733a313a2231223b757365725f6f75746c65747c733a313a2230223b),
('pequl62ojf5753ilsritn3nqsnepj95f', '::1', 1586594520, 0x5f5f63695f6c6173745f726567656e65726174657c693a313538363539343532303b73657373696f6e69647c733a333a22706f73223b757365725f69647c733a313a2231223b757365725f656d61696c7c733a31373a226f776e657240726f746967736d2e636f6d223b757365725f726f6c657c733a313a2231223b757365725f6f75746c65747c733a313a2230223b),
('1dgkp0jd61sdd2rhp5alt9p3me3ekj0l', '::1', 1586595063, 0x5f5f63695f6c6173745f726567656e65726174657c693a313538363539353036333b73657373696f6e69647c733a333a22706f73223b757365725f69647c733a313a2231223b757365725f656d61696c7c733a31373a226f776e657240726f746967736d2e636f6d223b757365725f726f6c657c733a313a2231223b757365725f6f75746c65747c733a313a2230223b),
('k2f9ka8ns54rq9u8v3fh1mg5oc9sbsqo', '::1', 1586595395, 0x5f5f63695f6c6173745f726567656e65726174657c693a313538363539353339353b73657373696f6e69647c733a333a22706f73223b757365725f69647c733a313a2231223b757365725f656d61696c7c733a31373a226f776e657240726f746967736d2e636f6d223b757365725f726f6c657c733a313a2231223b757365725f6f75746c65747c733a313a2230223b),
('1ee4u5s6t27isl9806kgdcletdclufcs', '::1', 1586595756, 0x5f5f63695f6c6173745f726567656e65726174657c693a313538363539353735363b73657373696f6e69647c733a333a22706f73223b757365725f69647c733a313a2231223b757365725f656d61696c7c733a31373a226f776e657240726f746967736d2e636f6d223b757365725f726f6c657c733a313a2231223b757365725f6f75746c65747c733a313a2230223b),
('ae340b85u1ehn93bcpdcf1bp2o6bh0td', '::1', 1586597702, 0x5f5f63695f6c6173745f726567656e65726174657c693a313538363539373730323b73657373696f6e69647c733a333a22706f73223b757365725f69647c733a313a2231223b757365725f656d61696c7c733a31373a226f776e657240726f746967736d2e636f6d223b757365725f726f6c657c733a313a2231223b757365725f6f75746c65747c733a313a2230223b),
('sneg0l1qk112frdocrqfgubb0o0vhldo', '::1', 1586598012, 0x5f5f63695f6c6173745f726567656e65726174657c693a313538363539383031323b73657373696f6e69647c733a333a22706f73223b757365725f69647c733a313a2231223b757365725f656d61696c7c733a31373a226f776e657240726f746967736d2e636f6d223b757365725f726f6c657c733a313a2231223b757365725f6f75746c65747c733a313a2230223b616c6572745f6d73677c613a333a7b693a303b733a373a2273756363657373223b693a313b733a31353a22416464204f70656e65642042696c6c223b693a323b733a33343a225375636365737366756c6c7920416464656420746f204f70656e65642042696c6c2e223b7d5f5f63695f766172737c613a313a7b733a393a22616c6572745f6d7367223b733a333a226f6c64223b7d),
('jjfpn0ta8qghhoo2f88hhjtrl0ek0367', '::1', 1586598632, 0x5f5f63695f6c6173745f726567656e65726174657c693a313538363539383633323b73657373696f6e69647c733a333a22706f73223b757365725f69647c733a313a2231223b757365725f656d61696c7c733a31373a226f776e657240726f746967736d2e636f6d223b757365725f726f6c657c733a313a2231223b757365725f6f75746c65747c733a313a2230223b),
('5t2udam0i0l3flk4kp8n12cr66k725nv', '::1', 1586598999, 0x5f5f63695f6c6173745f726567656e65726174657c693a313538363539383939393b73657373696f6e69647c733a333a22706f73223b757365725f69647c733a313a2231223b757365725f656d61696c7c733a31373a226f776e657240726f746967736d2e636f6d223b757365725f726f6c657c733a313a2231223b757365725f6f75746c65747c733a313a2230223b),
('6rc7u1rnukhpjeknas5liohpen5ttp9j', '::1', 1586599328, 0x5f5f63695f6c6173745f726567656e65726174657c693a313538363539393332383b73657373696f6e69647c733a333a22706f73223b757365725f69647c733a313a2231223b757365725f656d61696c7c733a31373a226f776e657240726f746967736d2e636f6d223b757365725f726f6c657c733a313a2231223b757365725f6f75746c65747c733a313a2230223b),
('1nfeo0ie04pknkamp5dfj9ck36ivvu5o', '::1', 1586601945, 0x5f5f63695f6c6173745f726567656e65726174657c693a313538363630313934353b73657373696f6e69647c733a333a22706f73223b757365725f69647c733a313a2231223b757365725f656d61696c7c733a31373a226f776e657240726f746967736d2e636f6d223b757365725f726f6c657c733a313a2231223b757365725f6f75746c65747c733a313a2230223b),
('3tun3otmnkupkdlnk3gkdbfro1sss498', '::1', 1586602253, 0x5f5f63695f6c6173745f726567656e65726174657c693a313538363630323235333b73657373696f6e69647c733a333a22706f73223b757365725f69647c733a313a2231223b757365725f656d61696c7c733a31373a226f776e657240726f746967736d2e636f6d223b757365725f726f6c657c733a313a2231223b757365725f6f75746c65747c733a313a2230223b),
('c1egvtn67fdljg08g2s00peh9gpe9pj1', '::1', 1586602308, 0x5f5f63695f6c6173745f726567656e65726174657c693a313538363630323235333b73657373696f6e69647c733a333a22706f73223b757365725f69647c733a313a2231223b757365725f656d61696c7c733a31373a226f776e657240726f746967736d2e636f6d223b757365725f726f6c657c733a313a2231223b757365725f6f75746c65747c733a313a2230223b),
('u7jcmggidqt9id9d3n2kbeg0q92mvkg8', '::1', 1586611295, 0x5f5f63695f6c6173745f726567656e65726174657c693a313538363631313239353b73657373696f6e69647c733a333a22706f73223b757365725f69647c733a313a2235223b757365725f656d61696c7c733a31383a226b617369723140726f746967736d2e636f6d223b757365725f726f6c657c733a313a2233223b757365725f6f75746c65747c733a313a2233223b),
('q6eb9frjvc2vq2goojmgmmhgjah3aoqm', '::1', 1586611319, 0x5f5f63695f6c6173745f726567656e65726174657c693a313538363631313330363b73657373696f6e69647c733a333a22706f73223b757365725f69647c733a313a2231223b757365725f656d61696c7c733a31373a226f776e657240726f746967736d2e636f6d223b757365725f726f6c657c733a313a2231223b757365725f6f75746c65747c733a313a2230223b),
('1j5gp0uaqdj62ck2ar29bs2anfg8ksur', '::1', 1586699854, 0x5f5f63695f6c6173745f726567656e65726174657c693a313538363639393835343b73657373696f6e69647c733a333a22706f73223b757365725f69647c733a313a2235223b757365725f656d61696c7c733a31383a226b617369723140726f746967736d2e636f6d223b757365725f726f6c657c733a313a2233223b757365725f6f75746c65747c733a313a2233223b),
('0jh55tmfa8rb1cci7to39dk3015u692v', '::1', 1586700208, 0x5f5f63695f6c6173745f726567656e65726174657c693a313538363730303230383b73657373696f6e69647c733a333a22706f73223b757365725f69647c733a313a2235223b757365725f656d61696c7c733a31383a226b617369723140726f746967736d2e636f6d223b757365725f726f6c657c733a313a2233223b757365725f6f75746c65747c733a313a2233223b),
('6o7l21g7gtsmelr1ii9q7bk1no18h0vr', '::1', 1586700208, 0x5f5f63695f6c6173745f726567656e65726174657c693a313538363730303230383b73657373696f6e69647c733a333a22706f73223b757365725f69647c733a313a2235223b757365725f656d61696c7c733a31383a226b617369723140726f746967736d2e636f6d223b757365725f726f6c657c733a313a2233223b757365725f6f75746c65747c733a313a2233223b),
('v5f6e6sdrbgscqmrg2aq8da8gs8tcbnv', '::1', 1586735029, 0x5f5f63695f6c6173745f726567656e65726174657c693a313538363733353032393b73657373696f6e69647c733a333a22706f73223b757365725f69647c733a313a2235223b757365725f656d61696c7c733a31383a226b617369723140726f746967736d2e636f6d223b757365725f726f6c657c733a313a2233223b757365725f6f75746c65747c733a313a2233223b),
('4dlgvohj74rl3mer98hev8pja9uadgc7', '::1', 1586735351, 0x5f5f63695f6c6173745f726567656e65726174657c693a313538363733353335313b73657373696f6e69647c733a333a22706f73223b757365725f69647c733a313a2235223b757365725f656d61696c7c733a31383a226b617369723140726f746967736d2e636f6d223b757365725f726f6c657c733a313a2233223b757365725f6f75746c65747c733a313a2233223b),
('alsob4fsk4gbru37q23g4ri6g3d9q60a', '::1', 1586735688, 0x5f5f63695f6c6173745f726567656e65726174657c693a313538363733353638383b73657373696f6e69647c733a333a22706f73223b757365725f69647c733a313a2235223b757365725f656d61696c7c733a31383a226b617369723140726f746967736d2e636f6d223b757365725f726f6c657c733a313a2233223b757365725f6f75746c65747c733a313a2233223b),
('3ptafe3v8llj0ac5raj2m571h234epp2', '::1', 1586736011, 0x5f5f63695f6c6173745f726567656e65726174657c693a313538363733363031313b73657373696f6e69647c733a333a22706f73223b757365725f69647c733a313a2235223b757365725f656d61696c7c733a31383a226b617369723140726f746967736d2e636f6d223b757365725f726f6c657c733a313a2233223b757365725f6f75746c65747c733a313a2233223b),
('c8cr8s9v3c3r3eq8gf1emkobpf10bdp5', '::1', 1586736392, 0x5f5f63695f6c6173745f726567656e65726174657c693a313538363733363339323b73657373696f6e69647c733a333a22706f73223b757365725f69647c733a313a2235223b757365725f656d61696c7c733a31383a226b617369723140726f746967736d2e636f6d223b757365725f726f6c657c733a313a2233223b757365725f6f75746c65747c733a313a2233223b),
('7q0morh7q1iq0dtg14bekq29pvmm4mbg', '::1', 1586741653, 0x5f5f63695f6c6173745f726567656e65726174657c693a313538363733363339323b73657373696f6e69647c733a333a22706f73223b757365725f69647c733a313a2235223b757365725f656d61696c7c733a31383a226b617369723140726f746967736d2e636f6d223b757365725f726f6c657c733a313a2233223b757365725f6f75746c65747c733a313a2233223b),
('d7qr1n8br3t9lki1ao060ihcthv5gskf', '::1', 1586757189, 0x5f5f63695f6c6173745f726567656e65726174657c693a313538363735373138393b73657373696f6e69647c733a333a22706f73223b757365725f69647c733a313a2231223b757365725f656d61696c7c733a31373a226f776e657240726f746967736d2e636f6d223b757365725f726f6c657c733a313a2231223b757365725f6f75746c65747c733a313a2230223b),
('dd9s0vmlbvv5v0k4r2hmsmc2at76b09l', '::1', 1586757296, 0x5f5f63695f6c6173745f726567656e65726174657c693a313538363735373138393b73657373696f6e69647c733a333a22706f73223b757365725f69647c733a313a2231223b757365725f656d61696c7c733a31373a226f776e657240726f746967736d2e636f6d223b757365725f726f6c657c733a313a2231223b757365725f6f75746c65747c733a313a2230223b),
('tnv3189u3q5i1q9ag179eao87qmhoas7', '::1', 1586787899, 0x5f5f63695f6c6173745f726567656e65726174657c693a313538363738373839393b73657373696f6e69647c733a333a22706f73223b757365725f69647c733a313a2231223b757365725f656d61696c7c733a31373a226f776e657240726f746967736d2e636f6d223b757365725f726f6c657c733a313a2231223b757365725f6f75746c65747c733a313a2230223b),
('e2b2hislb5vs1dv595bmqs2vpg1njotj', '::1', 1586788610, 0x5f5f63695f6c6173745f726567656e65726174657c693a313538363738383631303b73657373696f6e69647c733a333a22706f73223b757365725f69647c733a313a2235223b757365725f656d61696c7c733a31383a226b617369723140726f746967736d2e636f6d223b757365725f726f6c657c733a313a2233223b757365725f6f75746c65747c733a313a2233223b),
('t59slv737tk33t26dh4v0ae2vpfi8kpj', '::1', 1586788610, 0x5f5f63695f6c6173745f726567656e65726174657c693a313538363738383631303b73657373696f6e69647c733a333a22706f73223b757365725f69647c733a313a2235223b757365725f656d61696c7c733a31383a226b617369723140726f746967736d2e636f6d223b757365725f726f6c657c733a313a2233223b757365725f6f75746c65747c733a313a2233223b),
('3cse9dgscqcr12r947fo44obo01kffpm', '::1', 1586821832, 0x5f5f63695f6c6173745f726567656e65726174657c693a313538363832313833323b73657373696f6e69647c733a333a22706f73223b757365725f69647c733a313a2235223b757365725f656d61696c7c733a31383a226b617369723140726f746967736d2e636f6d223b757365725f726f6c657c733a313a2233223b757365725f6f75746c65747c733a313a2233223b),
('4fuq99homvksecjup9145r4segqboh41', '::1', 1586822191, 0x5f5f63695f6c6173745f726567656e65726174657c693a313538363832323139313b73657373696f6e69647c733a333a22706f73223b757365725f69647c733a313a2235223b757365725f656d61696c7c733a31383a226b617369723140726f746967736d2e636f6d223b757365725f726f6c657c733a313a2233223b757365725f6f75746c65747c733a313a2233223b),
('r58nk2mv01q90qo5aljuibo24kstbslk', '::1', 1586822230, 0x5f5f63695f6c6173745f726567656e65726174657c693a313538363832323139313b73657373696f6e69647c733a333a22706f73223b757365725f69647c733a313a2235223b757365725f656d61696c7c733a31383a226b617369723140726f746967736d2e636f6d223b757365725f726f6c657c733a313a2233223b757365725f6f75746c65747c733a313a2233223b),
('2a4i58fhbl6nhqsb0c78ss6fc2tebuor', '::1', 1586830357, 0x5f5f63695f6c6173745f726567656e65726174657c693a313538363833303335373b73657373696f6e69647c733a333a22706f73223b757365725f69647c733a313a2235223b757365725f656d61696c7c733a31383a226b617369723140726f746967736d2e636f6d223b757365725f726f6c657c733a313a2233223b757365725f6f75746c65747c733a313a2233223b),
('c8cq3uangelpq7cns140q2rsr77vr1rp', '::1', 1586830688, 0x5f5f63695f6c6173745f726567656e65726174657c693a313538363833303638383b73657373696f6e69647c733a333a22706f73223b757365725f69647c733a313a2235223b757365725f656d61696c7c733a31383a226b617369723140726f746967736d2e636f6d223b757365725f726f6c657c733a313a2233223b757365725f6f75746c65747c733a313a2233223b),
('ag3eib009gu0gcqpo2envu248bpq2uk7', '::1', 1586831283, 0x5f5f63695f6c6173745f726567656e65726174657c693a313538363833313238333b73657373696f6e69647c733a333a22706f73223b757365725f69647c733a313a2235223b757365725f656d61696c7c733a31383a226b617369723140726f746967736d2e636f6d223b757365725f726f6c657c733a313a2233223b757365725f6f75746c65747c733a313a2233223b),
('9q07no6kf2kseqiqeahj881u2fhhntfq', '::1', 1586831627, 0x5f5f63695f6c6173745f726567656e65726174657c693a313538363833313335303b73657373696f6e69647c733a333a22706f73223b757365725f69647c733a313a2231223b757365725f656d61696c7c733a31373a226f776e657240726f746967736d2e636f6d223b757365725f726f6c657c733a313a2231223b757365725f6f75746c65747c733a313a2230223b),
('ln9d7e3n7vuk1a39k1eo7s18np2tid9d', '::1', 1586846354, 0x5f5f63695f6c6173745f726567656e65726174657c693a313538363834363335343b73657373696f6e69647c733a333a22706f73223b757365725f69647c733a313a2235223b757365725f656d61696c7c733a31383a226b617369723140726f746967736d2e636f6d223b757365725f726f6c657c733a313a2233223b757365725f6f75746c65747c733a313a2233223b),
('ephe1dl8k0ab6dm1ie076s869kp6ahhr', '::1', 1586851754, 0x5f5f63695f6c6173745f726567656e65726174657c693a313538363835313735343b73657373696f6e69647c733a333a22706f73223b757365725f69647c733a313a2231223b757365725f656d61696c7c733a31373a226f776e657240726f746967736d2e636f6d223b757365725f726f6c657c733a313a2231223b757365725f6f75746c65747c733a313a2230223b),
('iua1bkvbdu7i1jagi9d5ffrkkohp6ai3', '::1', 1586854034, 0x5f5f63695f6c6173745f726567656e65726174657c693a313538363835343033343b73657373696f6e69647c733a333a22706f73223b757365725f69647c733a313a2231223b757365725f656d61696c7c733a31373a226f776e657240726f746967736d2e636f6d223b757365725f726f6c657c733a313a2231223b757365725f6f75746c65747c733a313a2230223b),
('08rmac18k8dsb3tvh09t28gvv4v0tjv0', '::1', 1586855924, 0x5f5f63695f6c6173745f726567656e65726174657c693a313538363835353932343b73657373696f6e69647c733a333a22706f73223b757365725f69647c733a313a2231223b757365725f656d61696c7c733a31373a226f776e657240726f746967736d2e636f6d223b757365725f726f6c657c733a313a2231223b757365725f6f75746c65747c733a313a2230223b),
('u7c7p72gptc86ojj6enpjalmbcuhgqqq', '::1', 1586860149, 0x5f5f63695f6c6173745f726567656e65726174657c693a313538363836303134393b73657373696f6e69647c733a333a22706f73223b757365725f69647c733a313a2231223b757365725f656d61696c7c733a31373a226f776e657240726f746967736d2e636f6d223b757365725f726f6c657c733a313a2231223b757365725f6f75746c65747c733a313a2230223b),
('d9op1bmk37b37f40f1rie4v19m2o0rol', '::1', 1586857763, 0x5f5f63695f6c6173745f726567656e65726174657c693a313538363835373736333b73657373696f6e69647c733a333a22706f73223b757365725f69647c733a313a2235223b757365725f656d61696c7c733a31383a226b617369723140726f746967736d2e636f6d223b757365725f726f6c657c733a313a2233223b757365725f6f75746c65747c733a313a2233223b),
('k57hfleh83m7u00s14c0ls9cchhltjam', '::1', 1586859460, 0x5f5f63695f6c6173745f726567656e65726174657c693a313538363835393436303b73657373696f6e69647c733a333a22706f73223b757365725f69647c733a313a2231223b757365725f656d61696c7c733a31373a226f776e657240726f746967736d2e636f6d223b757365725f726f6c657c733a313a2231223b757365725f6f75746c65747c733a313a2230223b),
('fero43fieghhk8h82bjdq1hq88bo35fd', '::1', 1586860466, 0x5f5f63695f6c6173745f726567656e65726174657c693a313538363836303436363b73657373696f6e69647c733a333a22706f73223b757365725f69647c733a313a2231223b757365725f656d61696c7c733a31373a226f776e657240726f746967736d2e636f6d223b757365725f726f6c657c733a313a2231223b757365725f6f75746c65747c733a313a2230223b),
('jdvalhofmtl7ib4t7m5aisrcqfo7sjd2', '::1', 1586861673, 0x5f5f63695f6c6173745f726567656e65726174657c693a313538363836313637333b73657373696f6e69647c733a333a22706f73223b757365725f69647c733a313a2231223b757365725f656d61696c7c733a31373a226f776e657240726f746967736d2e636f6d223b757365725f726f6c657c733a313a2231223b757365725f6f75746c65747c733a313a2230223b),
('rgk24pp1mdulutn8q4tp0r629bfjbag6', '::1', 1586861974, 0x5f5f63695f6c6173745f726567656e65726174657c693a313538363836313937343b73657373696f6e69647c733a333a22706f73223b757365725f69647c733a313a2231223b757365725f656d61696c7c733a31373a226f776e657240726f746967736d2e636f6d223b757365725f726f6c657c733a313a2231223b757365725f6f75746c65747c733a313a2230223b),
('ijigvp0e28rnvnrkvrfs8cl46dv86e95', '::1', 1586862303, 0x5f5f63695f6c6173745f726567656e65726174657c693a313538363836323330333b73657373696f6e69647c733a333a22706f73223b757365725f69647c733a313a2235223b757365725f656d61696c7c733a31383a226b617369723140726f746967736d2e636f6d223b757365725f726f6c657c733a313a2233223b757365725f6f75746c65747c733a313a2233223b),
('roa92soiltdhqbmklb83ilttbaqst7nf', '::1', 1586862766, 0x5f5f63695f6c6173745f726567656e65726174657c693a313538363836323736363b73657373696f6e69647c733a333a22706f73223b757365725f69647c733a313a2235223b757365725f656d61696c7c733a31383a226b617369723140726f746967736d2e636f6d223b757365725f726f6c657c733a313a2233223b757365725f6f75746c65747c733a313a2233223b),
('us5h9h50oguau6p9a98nte75nnn9vee0', '::1', 1586863211, 0x5f5f63695f6c6173745f726567656e65726174657c693a313538363836333231313b73657373696f6e69647c733a333a22706f73223b757365725f69647c733a313a2235223b757365725f656d61696c7c733a31383a226b617369723140726f746967736d2e636f6d223b757365725f726f6c657c733a313a2233223b757365725f6f75746c65747c733a313a2233223b),
('jbqaat8l1vnitmtp1iighbv7v7s0ikd8', '::1', 1586863794, 0x5f5f63695f6c6173745f726567656e65726174657c693a313538363836333739343b73657373696f6e69647c733a333a22706f73223b757365725f69647c733a313a2231223b757365725f656d61696c7c733a31373a226f776e657240726f746967736d2e636f6d223b757365725f726f6c657c733a313a2231223b757365725f6f75746c65747c733a313a2230223b),
('qvi6s37go3tio3rvo40rlh31o2a0p0eq', '::1', 1586864424, 0x5f5f63695f6c6173745f726567656e65726174657c693a313538363836343432343b73657373696f6e69647c733a333a22706f73223b757365725f69647c733a313a2231223b757365725f656d61696c7c733a31373a226f776e657240726f746967736d2e636f6d223b757365725f726f6c657c733a313a2231223b757365725f6f75746c65747c733a313a2230223b),
('3559uf4e4l26j8sfe9ae6h0qg7j5c115', '::1', 1586864730, 0x5f5f63695f6c6173745f726567656e65726174657c693a313538363836343733303b73657373696f6e69647c733a333a22706f73223b757365725f69647c733a313a2231223b757365725f656d61696c7c733a31373a226f776e657240726f746967736d2e636f6d223b757365725f726f6c657c733a313a2231223b757365725f6f75746c65747c733a313a2230223b),
('tokdgl5vdjviefalq523ncfg6arldtkv', '::1', 1586864991, 0x5f5f63695f6c6173745f726567656e65726174657c693a313538363836343733303b73657373696f6e69647c733a333a22706f73223b757365725f69647c733a313a2231223b757365725f656d61696c7c733a31373a226f776e657240726f746967736d2e636f6d223b757365725f726f6c657c733a313a2231223b757365725f6f75746c65747c733a313a2230223b),
('j85b7iq33tb7134inrqfsmefopk8li2r', '::1', 1586916041, 0x5f5f63695f6c6173745f726567656e65726174657c693a313538363931363034313b73657373696f6e69647c733a333a22706f73223b757365725f69647c733a313a2235223b757365725f656d61696c7c733a31383a226b617369723140726f746967736d2e636f6d223b757365725f726f6c657c733a313a2233223b757365725f6f75746c65747c733a313a2233223b),
('dcktc6mq48qk15gjk40m94vdt3b13h0l', '::1', 1586917171, 0x5f5f63695f6c6173745f726567656e65726174657c693a313538363931373137313b73657373696f6e69647c733a333a22706f73223b757365725f69647c733a313a2235223b757365725f656d61696c7c733a31383a226b617369723140726f746967736d2e636f6d223b757365725f726f6c657c733a313a2233223b757365725f6f75746c65747c733a313a2233223b),
('l5gp1d42cjmon2bbn1g4k5eqtbjscls8', '::1', 1586923004, 0x5f5f63695f6c6173745f726567656e65726174657c693a313538363932333030343b73657373696f6e69647c733a333a22706f73223b757365725f69647c733a313a2235223b757365725f656d61696c7c733a31383a226b617369723140726f746967736d2e636f6d223b757365725f726f6c657c733a313a2233223b757365725f6f75746c65747c733a313a2233223b),
('4s68uckl8u4qtsl8vlkk6mriorbpn0na', '::1', 1586925757, 0x5f5f63695f6c6173745f726567656e65726174657c693a313538363932353735373b73657373696f6e69647c733a333a22706f73223b757365725f69647c733a313a2235223b757365725f656d61696c7c733a31383a226b617369723140726f746967736d2e636f6d223b757365725f726f6c657c733a313a2233223b757365725f6f75746c65747c733a313a2233223b),
('kfcpt0km7kube1uo9aeds24lr6umer21', '::1', 1586925909, 0x5f5f63695f6c6173745f726567656e65726174657c693a313538363932353735373b73657373696f6e69647c733a333a22706f73223b757365725f69647c733a313a2235223b757365725f656d61696c7c733a31383a226b617369723140726f746967736d2e636f6d223b757365725f726f6c657c733a313a2233223b757365725f6f75746c65747c733a313a2233223b),
('klrdv06pr8t98fvccu0qgls31kr48n4i', '::1', 1586929507, 0x5f5f63695f6c6173745f726567656e65726174657c693a313538363932393435323b73657373696f6e69647c733a333a22706f73223b757365725f69647c733a313a2235223b757365725f656d61696c7c733a31383a226b617369723140726f746967736d2e636f6d223b757365725f726f6c657c733a313a2233223b757365725f6f75746c65747c733a313a2233223b736974655f6c616e677c733a393a22696e646f6e65736961223b),
('6vo4c5kfstog1nvjholkhb30o1p7pfsd', '180.214.233.11', 1586932529, 0x5f5f63695f6c6173745f726567656e65726174657c693a313538363933323237303b73657373696f6e69647c733a333a22706f73223b757365725f69647c733a313a2231223b757365725f656d61696c7c733a31373a226f776e657240726f746967736d2e636f6d223b757365725f726f6c657c733a313a2231223b757365725f6f75746c65747c733a313a2230223b736974655f6c616e677c733a393a22696e646f6e65736961223b),
('ms27suqt46ehe5mt01rs9075ntfdak36', '180.214.233.11', 1586932584, 0x5f5f63695f6c6173745f726567656e65726174657c693a313538363933323538333b73657373696f6e69647c733a333a22706f73223b757365725f69647c733a313a2231223b757365725f656d61696c7c733a31373a226f776e657240726f746967736d2e636f6d223b757365725f726f6c657c733a313a2231223b757365725f6f75746c65747c733a313a2230223b736974655f6c616e677c733a393a22696e646f6e65736961223b),
('jbr74utjj0p5sb2n5ul165o2ifg0pbog', '180.214.233.11', 1586933202, 0x5f5f63695f6c6173745f726567656e65726174657c693a313538363933333137313b73657373696f6e69647c733a333a22706f73223b757365725f69647c733a313a2231223b757365725f656d61696c7c733a31373a226f776e657240726f746967736d2e636f6d223b757365725f726f6c657c733a313a2231223b757365725f6f75746c65747c733a313a2230223b736974655f6c616e677c733a393a22696e646f6e65736961223b),
('4nmioof654ri44qdsapfbv91bo5onaeu', '180.214.233.11', 1586934791, 0x5f5f63695f6c6173745f726567656e65726174657c693a313538363933343339323b73657373696f6e69647c733a333a22706f73223b757365725f69647c733a313a2231223b757365725f656d61696c7c733a31373a226f776e657240726f746967736d2e636f6d223b757365725f726f6c657c733a313a2231223b757365725f6f75746c65747c733a313a2230223b736974655f6c616e677c733a393a22696e646f6e65736961223b),
('br37p8fofcdvke95tsq8kqtk78boh4p0', '180.214.233.11', 1586934922, 0x5f5f63695f6c6173745f726567656e65726174657c693a313538363933343932323b73657373696f6e69647c733a333a22706f73223b757365725f69647c733a313a2231223b757365725f656d61696c7c733a31373a226f776e657240726f746967736d2e636f6d223b757365725f726f6c657c733a313a2231223b757365725f6f75746c65747c733a313a2230223b736974655f6c616e677c733a393a22696e646f6e65736961223b),
('3dk4loakps46pmvnuhpqj4ddo243kgfc', '180.214.233.11', 1586935423, 0x5f5f63695f6c6173745f726567656e65726174657c693a313538363933353339393b73657373696f6e69647c733a333a22706f73223b757365725f69647c733a313a2235223b757365725f656d61696c7c733a31383a226b617369723140726f746967736d2e636f6d223b757365725f726f6c657c733a313a2233223b757365725f6f75746c65747c733a313a2233223b736974655f6c616e677c733a393a22696e646f6e65736961223b),
('tnf6sg7c34j4ti6k7dc6q03mulq3hpeu', '180.214.233.11', 1586935733, 0x5f5f63695f6c6173745f726567656e65726174657c693a313538363933353733333b),
('lmbqr29bvae0g4o5d8l6f9j36mf7mp63', '140.213.1.223', 1586936053, 0x5f5f63695f6c6173745f726567656e65726174657c693a313538363933363035333b),
('436ab1br22hqssolq85jn9a6svo0fijl', '116.206.28.44', 1586936759, 0x5f5f63695f6c6173745f726567656e65726174657c693a313538363933363635373b73657373696f6e69647c733a333a22706f73223b757365725f69647c733a313a2235223b757365725f656d61696c7c733a31383a226b617369723140726f746967736d2e636f6d223b757365725f726f6c657c733a313a2233223b757365725f6f75746c65747c733a313a2233223b736974655f6c616e677c733a393a22696e646f6e65736961223b),
('ur7rljgcag3mrjnb9p51olph2j7fhe8v', '180.214.233.10', 1586954322, 0x5f5f63695f6c6173745f726567656e65726174657c693a313538363935343332323b),
('0bfcqjq5mghqnnku0rr0q10aoofuppg6', '180.214.233.10', 1586954330, 0x5f5f63695f6c6173745f726567656e65726174657c693a313538363935343333303b),
('4c6812gl1s6r6dgtqcob0su597tac8qk', '114.125.228.140', 1587012209, 0x5f5f63695f6c6173745f726567656e65726174657c693a313538373031323230383b),
('btjbpj0hppcei10c12n48vj1rjhfakqj', '140.213.0.196', 1587032946, 0x5f5f63695f6c6173745f726567656e65726174657c693a313538373033323835343b73657373696f6e69647c733a333a22706f73223b757365725f69647c733a323a223134223b757365725f656d61696c7c733a31383a226b617369723240726f746967736d2e636f6d223b757365725f726f6c657c733a313a2233223b757365725f6f75746c65747c733a313a2236223b),
('qnn12inlm0hlra31su7getvr0qh7l0nu', '140.213.11.97', 1586963637, 0x5f5f63695f6c6173745f726567656e65726174657c693a313538363936333437393b73657373696f6e69647c733a333a22706f73223b757365725f69647c733a323a223134223b757365725f656d61696c7c733a31383a226b617369723240726f746967736d2e636f6d223b757365725f726f6c657c733a313a2233223b757365725f6f75746c65747c733a313a2236223b),
('s502ptlaa78auofmk2sidkdkkl1irks9', '140.213.128.55', 1587042761, 0x5f5f63695f6c6173745f726567656e65726174657c693a313538373034323731363b73657373696f6e69647c733a333a22706f73223b757365725f69647c733a323a223134223b757365725f656d61696c7c733a31383a226b617369723240726f746967736d2e636f6d223b757365725f726f6c657c733a313a2233223b757365725f6f75746c65747c733a313a2236223b),
('lfjd0d0dh0g02ifs109djksv1nt0aq85', '140.213.0.162', 1587046599, 0x5f5f63695f6c6173745f726567656e65726174657c693a313538373034363534303b73657373696f6e69647c733a333a22706f73223b757365725f69647c733a323a223134223b757365725f656d61696c7c733a31383a226b617369723240726f746967736d2e636f6d223b757365725f726f6c657c733a313a2233223b757365725f6f75746c65747c733a313a2236223b);
INSERT INTO `ci_sessions` (`id`, `ip_address`, `timestamp`, `data`) VALUES
('j06bsjcmih0bcubk2lda21j85h18v4r3', '116.206.28.18', 1587088522, 0x5f5f63695f6c6173745f726567656e65726174657c693a313538373038383439323b73657373696f6e69647c733a333a22706f73223b757365725f69647c733a313a2231223b757365725f656d61696c7c733a31373a226f776e657240726f746967736d2e636f6d223b757365725f726f6c657c733a313a2231223b757365725f6f75746c65747c733a313a2230223b736974655f6c616e677c733a393a22696e646f6e65736961223b),
('mgtgp4k78da53k5v8ejvm489dc8330q1', '47.9.102.19', 1587089728, 0x5f5f63695f6c6173745f726567656e65726174657c693a313538373038393732383b),
('6ivum8tq4r1blelbhv0eh2p04j8eav1c', '112.215.236.148', 1587104504, 0x5f5f63695f6c6173745f726567656e65726174657c693a313538373130343232363b73657373696f6e69647c733a333a22706f73223b757365725f69647c733a323a223134223b757365725f656d61696c7c733a31383a226b617369723240726f746967736d2e636f6d223b757365725f726f6c657c733a313a2233223b757365725f6f75746c65747c733a313a2236223b),
('us1kuisquo75eihhjlnkdmrdrqvkd502', '140.213.52.221', 1587108576, 0x5f5f63695f6c6173745f726567656e65726174657c693a313538373130383537363b73657373696f6e69647c733a333a22706f73223b757365725f69647c733a323a223134223b757365725f656d61696c7c733a31383a226b617369723240726f746967736d2e636f6d223b757365725f726f6c657c733a313a2233223b757365725f6f75746c65747c733a313a2236223b),
('jho9bsno1bq67j86sg7dr7fogd8g6ak8', '223.255.225.235', 1587118453, 0x5f5f63695f6c6173745f726567656e65726174657c693a313538373131383232363b73657373696f6e69647c733a333a22706f73223b757365725f69647c733a313a2235223b757365725f656d61696c7c733a31383a226b617369723140726f746967736d2e636f6d223b757365725f726f6c657c733a313a2233223b757365725f6f75746c65747c733a313a2233223b736974655f6c616e677c733a393a22696e646f6e65736961223b),
('ddqcvp28046vrltmv0krk472tithd5hr', '116.206.12.48', 1587130265, 0x5f5f63695f6c6173745f726567656e65726174657c693a313538373132393936363b73657373696f6e69647c733a333a22706f73223b757365725f69647c733a313a2231223b757365725f656d61696c7c733a31373a226f776e657240726f746967736d2e636f6d223b757365725f726f6c657c733a313a2231223b757365725f6f75746c65747c733a313a2230223b736974655f6c616e677c733a393a22696e646f6e65736961223b),
('u1t4pg0a8ghs1jfrsrsf5jptpk095ekn', '116.206.12.48', 1587130461, 0x5f5f63695f6c6173745f726567656e65726174657c693a313538373133303237303b73657373696f6e69647c733a333a22706f73223b757365725f69647c733a313a2231223b757365725f656d61696c7c733a31373a226f776e657240726f746967736d2e636f6d223b757365725f726f6c657c733a313a2231223b757365725f6f75746c65747c733a313a2230223b736974655f6c616e677c733a393a22696e646f6e65736961223b),
('dh89n9414o8su45iv6en61m78q6rrv2s', '116.206.12.48', 1587130775, 0x5f5f63695f6c6173745f726567656e65726174657c693a313538373133303637343b73657373696f6e69647c733a333a22706f73223b757365725f69647c733a313a2231223b757365725f656d61696c7c733a31373a226f776e657240726f746967736d2e636f6d223b757365725f726f6c657c733a313a2231223b757365725f6f75746c65747c733a313a2230223b736974655f6c616e677c733a393a22696e646f6e65736961223b),
('i6rgk0oc4ec4g5hr1ibbvco2v9tg07up', '180.214.232.8', 1587131970, 0x5f5f63695f6c6173745f726567656e65726174657c693a313538373133313936383b73657373696f6e69647c733a333a22706f73223b757365725f69647c733a313a2231223b757365725f656d61696c7c733a31373a226f776e657240726f746967736d2e636f6d223b757365725f726f6c657c733a313a2231223b757365725f6f75746c65747c733a313a2230223b736974655f6c616e677c733a393a22696e646f6e65736961223b),
('92v4nhsmj1cckm9o1biff1n042jciibu', '180.214.232.8', 1587133841, 0x5f5f63695f6c6173745f726567656e65726174657c693a313538373133333534363b73657373696f6e69647c733a333a22706f73223b757365725f69647c733a313a2231223b757365725f656d61696c7c733a31373a226f776e657240726f746967736d2e636f6d223b757365725f726f6c657c733a313a2231223b757365725f6f75746c65747c733a313a2230223b736974655f6c616e677c733a393a22696e646f6e65736961223b),
('uu83fnodgkcglblvtku4o5hi6i1sh7k1', '180.214.232.8', 1587133967, 0x5f5f63695f6c6173745f726567656e65726174657c693a313538373133333932363b73657373696f6e69647c733a333a22706f73223b757365725f69647c733a313a2231223b757365725f656d61696c7c733a31373a226f776e657240726f746967736d2e636f6d223b757365725f726f6c657c733a313a2231223b757365725f6f75746c65747c733a313a2230223b736974655f6c616e677c733a393a22696e646f6e65736961223b),
('i9l3jjgfd431mtmf52vl443sk0rhglok', '202.153.225.241', 1587169543, 0x5f5f63695f6c6173745f726567656e65726174657c693a313538373136393534333b),
('kparetqmieg19aciqardeqtqebgqfviu', '202.153.225.241', 1587169858, 0x5f5f63695f6c6173745f726567656e65726174657c693a313538373136393536303b73657373696f6e69647c733a333a22706f73223b757365725f69647c733a323a223134223b757365725f656d61696c7c733a31383a226b617369723240726f746967736d2e636f6d223b757365725f726f6c657c733a313a2233223b757365725f6f75746c65747c733a313a2236223b),
('miqi3v2kvfjis61ht0adoi09fmdlsco1', '223.255.230.56', 1587186413, 0x5f5f63695f6c6173745f726567656e65726174657c693a313538373138363431323b),
('v548e85ndm465v5ul5d9rfpn77gabf9m', '223.255.230.56', 1587186520, 0x5f5f63695f6c6173745f726567656e65726174657c693a313538373138363431333b73657373696f6e69647c733a333a22706f73223b757365725f69647c733a313a2231223b757365725f656d61696c7c733a31373a226f776e657240726f746967736d2e636f6d223b757365725f726f6c657c733a313a2231223b757365725f6f75746c65747c733a313a2230223b),
('4isrt2h445pmhg55jnfq74k0iau0hrd3', '223.255.230.56', 1587187221, 0x5f5f63695f6c6173745f726567656e65726174657c693a313538373138363933343b73657373696f6e69647c733a333a22706f73223b757365725f69647c733a313a2231223b757365725f656d61696c7c733a31373a226f776e657240726f746967736d2e636f6d223b757365725f726f6c657c733a313a2231223b757365725f6f75746c65747c733a313a2230223b),
('ugc1436nnc37rqtr97cmn82689ucrf01', '223.255.230.56', 1587187533, 0x5f5f63695f6c6173745f726567656e65726174657c693a313538373138373233363b73657373696f6e69647c733a333a22706f73223b757365725f69647c733a313a2231223b757365725f656d61696c7c733a31373a226f776e657240726f746967736d2e636f6d223b757365725f726f6c657c733a313a2231223b757365725f6f75746c65747c733a313a2230223b),
('m2uqhpqca4f14rjm17enved381face53', '223.255.230.56', 1587187553, 0x5f5f63695f6c6173745f726567656e65726174657c693a313538373138373534343b73657373696f6e69647c733a333a22706f73223b757365725f69647c733a313a2231223b757365725f656d61696c7c733a31373a226f776e657240726f746967736d2e636f6d223b757365725f726f6c657c733a313a2231223b757365725f6f75746c65747c733a313a2230223b),
('6cvdjki6ek3tp8ld165leuleqatfuoru', '223.255.230.56', 1587191272, 0x5f5f63695f6c6173745f726567656e65726174657c693a313538373139313237323b73657373696f6e69647c733a333a22706f73223b757365725f69647c733a313a2231223b757365725f656d61696c7c733a31373a226f776e657240726f746967736d2e636f6d223b757365725f726f6c657c733a313a2231223b757365725f6f75746c65747c733a313a2230223b),
('oaikfo3rq1ou0l560fsj9dpq9u2es9ha', '158.140.187.255', 1587191734, 0x5f5f63695f6c6173745f726567656e65726174657c693a313538373139313434313b73657373696f6e69647c733a333a22706f73223b757365725f69647c733a313a2231223b757365725f656d61696c7c733a31373a226f776e657240726f746967736d2e636f6d223b757365725f726f6c657c733a313a2231223b757365725f6f75746c65747c733a313a2230223b736974655f6c616e677c733a373a22656e676c697368223b),
('fqhrt2mgn2j2ss6jamfs7r7ipe9b8012', '158.140.187.255', 1587191872, 0x5f5f63695f6c6173745f726567656e65726174657c693a313538373139313834323b73657373696f6e69647c733a333a22706f73223b757365725f69647c733a313a2231223b757365725f656d61696c7c733a31373a226f776e657240726f746967736d2e636f6d223b757365725f726f6c657c733a313a2231223b757365725f6f75746c65747c733a313a2230223b736974655f6c616e677c733a373a22656e676c697368223b),
('7ctmtk83a3jhkmh4moeev28pd317bdh9', '180.242.172.205', 1587201672, 0x5f5f63695f6c6173745f726567656e65726174657c693a313538373230313634373b73657373696f6e69647c733a333a22706f73223b757365725f69647c733a313a2231223b757365725f656d61696c7c733a31373a226f776e657240726f746967736d2e636f6d223b757365725f726f6c657c733a313a2231223b757365725f6f75746c65747c733a313a2230223b),
('cuiase3nneagl4m0g10a4pfnais15ue0', '223.255.230.36', 1587217136, 0x5f5f63695f6c6173745f726567656e65726174657c693a313538373231373133363b),
('vt9fu6kecacae41falv16boa2t25rhc1', '223.255.230.36', 1587217423, 0x5f5f63695f6c6173745f726567656e65726174657c693a313538373231373133363b73657373696f6e69647c733a333a22706f73223b757365725f69647c733a313a2231223b757365725f656d61696c7c733a31373a226f776e657240726f746967736d2e636f6d223b757365725f726f6c657c733a313a2231223b757365725f6f75746c65747c733a313a2230223b),
('l9lu1h74a8bp6pocqlbvnt4uopo3v1eo', '223.255.230.36', 1587217751, 0x5f5f63695f6c6173745f726567656e65726174657c693a313538373231373435383b73657373696f6e69647c733a333a22706f73223b757365725f69647c733a313a2231223b757365725f656d61696c7c733a31373a226f776e657240726f746967736d2e636f6d223b757365725f726f6c657c733a313a2231223b757365725f6f75746c65747c733a313a2230223b),
('68ifmdi6cqseiequp6cj0prj52vdvqln', '223.255.230.36', 1587218024, 0x5f5f63695f6c6173745f726567656e65726174657c693a313538373231373933373b73657373696f6e69647c733a333a22706f73223b757365725f69647c733a313a2231223b757365725f656d61696c7c733a31373a226f776e657240726f746967736d2e636f6d223b757365725f726f6c657c733a313a2231223b757365725f6f75746c65747c733a313a2230223b),
('6iiate9gj1h4hvh4o95n07j2lqui0tm4', '223.255.230.36', 1587218525, 0x5f5f63695f6c6173745f726567656e65726174657c693a313538373231383234313b73657373696f6e69647c733a333a22706f73223b757365725f69647c733a313a2231223b757365725f656d61696c7c733a31373a226f776e657240726f746967736d2e636f6d223b757365725f726f6c657c733a313a2231223b757365725f6f75746c65747c733a313a2230223b),
('6uuh6aoqc6qc97ctgj584vkc01qfor68', '223.255.230.36', 1587218825, 0x5f5f63695f6c6173745f726567656e65726174657c693a313538373231383534363b73657373696f6e69647c733a333a22706f73223b757365725f69647c733a313a2231223b757365725f656d61696c7c733a31373a226f776e657240726f746967736d2e636f6d223b757365725f726f6c657c733a313a2231223b757365725f6f75746c65747c733a313a2230223b),
('10ltq2e5bj0afvhu9358rchllf6br04d', '223.255.230.36', 1587219109, 0x5f5f63695f6c6173745f726567656e65726174657c693a313538373231383838393b73657373696f6e69647c733a333a22706f73223b757365725f69647c733a313a2231223b757365725f656d61696c7c733a31373a226f776e657240726f746967736d2e636f6d223b757365725f726f6c657c733a313a2231223b757365725f6f75746c65747c733a313a2230223b),
('79n5anbenn1fgf45i1gjq740g2rb7htc', '223.255.230.36', 1587219516, 0x5f5f63695f6c6173745f726567656e65726174657c693a313538373231393231383b73657373696f6e69647c733a333a22706f73223b757365725f69647c733a313a2231223b757365725f656d61696c7c733a31373a226f776e657240726f746967736d2e636f6d223b757365725f726f6c657c733a313a2231223b757365725f6f75746c65747c733a313a2230223b),
('bsouk3nto2de95f2m86rvafcg8h58kq3', '223.255.230.36', 1587219801, 0x5f5f63695f6c6173745f726567656e65726174657c693a313538373231393533323b73657373696f6e69647c733a333a22706f73223b757365725f69647c733a313a2231223b757365725f656d61696c7c733a31373a226f776e657240726f746967736d2e636f6d223b757365725f726f6c657c733a313a2231223b757365725f6f75746c65747c733a313a2230223b),
('q8t77sighi6eo2mikt5eecnpee7r47fb', '223.255.230.36', 1587220017, 0x5f5f63695f6c6173745f726567656e65726174657c693a313538373232303031373b73657373696f6e69647c733a333a22706f73223b757365725f69647c733a313a2231223b757365725f656d61696c7c733a31373a226f776e657240726f746967736d2e636f6d223b757365725f726f6c657c733a313a2231223b757365725f6f75746c65747c733a313a2230223b),
('1teabt57okcpp6cl0krbs8qt345lrpp5', '223.255.230.36', 1587220691, 0x5f5f63695f6c6173745f726567656e65726174657c693a313538373232303436323b73657373696f6e69647c733a333a22706f73223b757365725f69647c733a313a2231223b757365725f656d61696c7c733a31373a226f776e657240726f746967736d2e636f6d223b757365725f726f6c657c733a313a2231223b757365725f6f75746c65747c733a313a2230223b),
('0v85vlrrnd78jekh2pgvq0d6tg4pgnpu', '209.58.157.143', 1587245200, 0x5f5f63695f6c6173745f726567656e65726174657c693a313538373234353139393b),
('dh7ubjk850g9apivd83uola8jhl7aho5', '45.152.34.159', 1587275763, 0x5f5f63695f6c6173745f726567656e65726174657c693a313538373237353736333b),
('752nah7j3dmnhlimkiied1rsbj6fq87b', '140.213.39.114', 1587302082, 0x5f5f63695f6c6173745f726567656e65726174657c693a313538373330323038323b),
('vvj79mb71kp24p4ar5tuc8bovl60f7f4', '140.213.10.77', 1587306881, 0x5f5f63695f6c6173745f726567656e65726174657c693a313538373330343338323b73657373696f6e69647c733a333a22706f73223b757365725f69647c733a323a223134223b757365725f656d61696c7c733a31383a226b617369723240726f746967736d2e636f6d223b757365725f726f6c657c733a313a2233223b757365725f6f75746c65747c733a313a2236223b),
('mq14alp2jsjpo6l63ei2dlpvl8u62iru', '140.213.10.77', 1587307566, 0x5f5f63695f6c6173745f726567656e65726174657c693a313538373330373533383b73657373696f6e69647c733a333a22706f73223b757365725f69647c733a323a223134223b757365725f656d61696c7c733a31383a226b617369723240726f746967736d2e636f6d223b757365725f726f6c657c733a313a2233223b757365725f6f75746c65747c733a313a2236223b),
('ia4qaijn7fj84sha0lgivirqd92lhjc1', '202.153.225.241', 1587342505, 0x5f5f63695f6c6173745f726567656e65726174657c693a313538373334323530353b),
('a10f5k6v4m879tgkqqo46q78c6ab49ac', '202.153.225.241', 1587346095, 0x5f5f63695f6c6173745f726567656e65726174657c693a313538373334363039343b),
('37541mv6qehhups52co500fq8ub2vrur', '202.153.225.241', 1587346137, 0x5f5f63695f6c6173745f726567656e65726174657c693a313538373334363039353b73657373696f6e69647c733a333a22706f73223b757365725f69647c733a323a223134223b757365725f656d61696c7c733a31383a226b617369723240726f746967736d2e636f6d223b757365725f726f6c657c733a313a2233223b757365725f6f75746c65747c733a313a2236223b),
('j5dmm7sbdj43mknq72p9k23msi8mbuan', '114.124.230.170', 1587348339, 0x5f5f63695f6c6173745f726567656e65726174657c693a313538373334383333393b),
('e49vt4tlq6icfdc8ia374fta73ontsq7', '114.124.230.170', 1587348475, 0x5f5f63695f6c6173745f726567656e65726174657c693a313538373334383437343b73657373696f6e69647c733a333a22706f73223b757365725f69647c733a313a2234223b757365725f656d61696c7c733a32303a226d616e616765723140726f746967736d2e636f6d223b757365725f726f6c657c733a313a2232223b757365725f6f75746c65747c733a313a2233223b),
('g6q4u8bngj6o957qhrikl3njcjpm0g4q', '36.77.199.122', 1587360804, 0x5f5f63695f6c6173745f726567656e65726174657c693a313538373336303830343b),
('9f5vi1pa15cbfc8i5cjt16trakem4is8', '36.77.199.122', 1587360891, 0x5f5f63695f6c6173745f726567656e65726174657c693a313538373336303830353b73657373696f6e69647c733a333a22706f73223b757365725f69647c733a313a2231223b757365725f656d61696c7c733a31373a226f776e657240726f746967736d2e636f6d223b757365725f726f6c657c733a313a2231223b757365725f6f75746c65747c733a313a2230223b736974655f6c616e677c733a393a22696e646f6e65736961223b),
('tgu7t2aak9kjf315fvcpq7t7cr4714ei', '116.206.28.23', 1587361722, 0x5f5f63695f6c6173745f726567656e65726174657c693a313538373336313532393b73657373696f6e69647c733a333a22706f73223b757365725f69647c733a313a2231223b757365725f656d61696c7c733a31373a226f776e657240726f746967736d2e636f6d223b757365725f726f6c657c733a313a2231223b757365725f6f75746c65747c733a313a2230223b736974655f6c616e677c733a393a22696e646f6e65736961223b),
('69p96lfh6dm7tcimmv95n7hti369ppbi', '116.206.28.23', 1587362018, 0x5f5f63695f6c6173745f726567656e65726174657c693a313538373336313932383b73657373696f6e69647c733a333a22706f73223b757365725f69647c733a313a2231223b757365725f656d61696c7c733a31373a226f776e657240726f746967736d2e636f6d223b757365725f726f6c657c733a313a2231223b757365725f6f75746c65747c733a313a2230223b736974655f6c616e677c733a393a22696e646f6e65736961223b),
('4l6dpj97oqc7rks8as6jgtbd3r8ajc95', '202.153.225.241', 1587362984, 0x5f5f63695f6c6173745f726567656e65726174657c693a313538373336323733373b73657373696f6e69647c733a333a22706f73223b757365725f69647c733a313a2231223b757365725f656d61696c7c733a31373a226f776e657240726f746967736d2e636f6d223b757365725f726f6c657c733a313a2231223b757365725f6f75746c65747c733a313a2230223b),
('kliiumivh3c71v43v6ja6or76ndheffk', '202.153.225.241', 1587363269, 0x5f5f63695f6c6173745f726567656e65726174657c693a313538373336333236393b),
('9h29stgbhur6imkg40qnhr4vrum307j5', '116.206.13.81', 1587367566, 0x5f5f63695f6c6173745f726567656e65726174657c693a313538373336373536353b),
('0h2o7848fh9qt5u5bt23r1fheitbhrgc', '116.206.13.81', 1587367569, 0x5f5f63695f6c6173745f726567656e65726174657c693a313538373336373536363b73657373696f6e69647c733a333a22706f73223b757365725f69647c733a313a2231223b757365725f656d61696c7c733a31373a226f776e657240726f746967736d2e636f6d223b757365725f726f6c657c733a313a2231223b757365725f6f75746c65747c733a313a2230223b),
('tv9ohpsqon9jnclpglvcnnqggg2b84tt', '116.206.13.81', 1587368266, 0x5f5f63695f6c6173745f726567656e65726174657c693a313538373336383032343b73657373696f6e69647c733a333a22706f73223b757365725f69647c733a313a2231223b757365725f656d61696c7c733a31373a226f776e657240726f746967736d2e636f6d223b757365725f726f6c657c733a313a2231223b757365725f6f75746c65747c733a313a2230223b736974655f6c616e677c733a393a22696e646f6e65736961223b),
('a9f9b9d8kksb3l141nitrv27k4p2ah3j', '116.206.13.81', 1587368563, 0x5f5f63695f6c6173745f726567656e65726174657c693a313538373336383432373b73657373696f6e69647c733a333a22706f73223b757365725f69647c733a313a2231223b757365725f656d61696c7c733a31373a226f776e657240726f746967736d2e636f6d223b757365725f726f6c657c733a313a2231223b757365725f6f75746c65747c733a313a2230223b736974655f6c616e677c733a393a22696e646f6e65736961223b),
('q4f5c9gno4vc7slk4aojbph314ks6n4q', '116.206.13.81', 1587369096, 0x5f5f63695f6c6173745f726567656e65726174657c693a313538373336383937343b73657373696f6e69647c733a333a22706f73223b757365725f69647c733a313a2231223b757365725f656d61696c7c733a31373a226f776e657240726f746967736d2e636f6d223b757365725f726f6c657c733a313a2231223b757365725f6f75746c65747c733a313a2230223b736974655f6c616e677c733a393a22696e646f6e65736961223b),
('4mjna28ns0fdobj483osng9gi03rb00d', '36.77.199.122', 1587369489, 0x5f5f63695f6c6173745f726567656e65726174657c693a313538373336393437303b73657373696f6e69647c733a333a22706f73223b757365725f69647c733a313a2231223b757365725f656d61696c7c733a31373a226f776e657240726f746967736d2e636f6d223b757365725f726f6c657c733a313a2231223b757365725f6f75746c65747c733a313a2230223b),
('2i587s2v8be6d0noreararllhn7o8msp', '202.153.225.241', 1587369472, 0x5f5f63695f6c6173745f726567656e65726174657c693a313538373336393437323b),
('csben11dh2j98ndjrebeu8rpjq1g5bcd', '116.206.13.81', 1587370003, 0x5f5f63695f6c6173745f726567656e65726174657c693a313538373336393835303b73657373696f6e69647c733a333a22706f73223b757365725f69647c733a313a2231223b757365725f656d61696c7c733a31373a226f776e657240726f746967736d2e636f6d223b757365725f726f6c657c733a313a2231223b757365725f6f75746c65747c733a313a2230223b736974655f6c616e677c733a393a22696e646f6e65736961223b),
('ao9a2qqb35msb76llfb5uociu3cmmhnr', '116.206.13.81', 1587370417, 0x5f5f63695f6c6173745f726567656e65726174657c693a313538373337303431373b73657373696f6e69647c733a333a22706f73223b757365725f69647c733a313a2231223b757365725f656d61696c7c733a31373a226f776e657240726f746967736d2e636f6d223b757365725f726f6c657c733a313a2231223b757365725f6f75746c65747c733a313a2230223b736974655f6c616e677c733a393a22696e646f6e65736961223b),
('0b77filpmaj8vjkg3b324a87a07lo9lf', '36.77.199.122', 1587370886, 0x5f5f63695f6c6173745f726567656e65726174657c693a313538373337303538373b73657373696f6e69647c733a333a22706f73223b757365725f69647c733a313a2231223b757365725f656d61696c7c733a31373a226f776e657240726f746967736d2e636f6d223b757365725f726f6c657c733a313a2231223b757365725f6f75746c65747c733a313a2230223b736974655f6c616e677c733a373a22656e676c697368223b),
('vuk9mall9q7lhlbbb7lc6ei76oi2bsfa', '36.77.199.122', 1587371075, 0x5f5f63695f6c6173745f726567656e65726174657c693a313538373337303839393b73657373696f6e69647c733a333a22706f73223b757365725f69647c733a313a2231223b757365725f656d61696c7c733a31373a226f776e657240726f746967736d2e636f6d223b757365725f726f6c657c733a313a2231223b757365725f6f75746c65747c733a313a2230223b736974655f6c616e677c733a393a22696e646f6e65736961223b),
('9gona68kgmgb881tuaep5em1scmb839g', '36.70.225.29', 1587386583, 0x5f5f63695f6c6173745f726567656e65726174657c693a313538373338363239393b73657373696f6e69647c733a333a22706f73223b757365725f69647c733a313a2231223b757365725f656d61696c7c733a31373a226f776e657240726f746967736d2e636f6d223b757365725f726f6c657c733a313a2231223b757365725f6f75746c65747c733a313a2230223b736974655f6c616e677c733a393a22696e646f6e65736961223b),
('7uj1hdcbq4bhvtu0s6h2r8f5cuu2a090', '36.70.225.29', 1587386912, 0x5f5f63695f6c6173745f726567656e65726174657c693a313538373338363631323b73657373696f6e69647c733a333a22706f73223b757365725f69647c733a313a2231223b757365725f656d61696c7c733a31373a226f776e657240726f746967736d2e636f6d223b757365725f726f6c657c733a313a2231223b757365725f6f75746c65747c733a313a2230223b736974655f6c616e677c733a393a22696e646f6e65736961223b),
('ureqrcufhab9n6mtrvh2o32kl41p9nis', '36.70.225.29', 1587386933, 0x5f5f63695f6c6173745f726567656e65726174657c693a313538373338363931353b73657373696f6e69647c733a333a22706f73223b757365725f69647c733a313a2231223b757365725f656d61696c7c733a31373a226f776e657240726f746967736d2e636f6d223b757365725f726f6c657c733a313a2231223b757365725f6f75746c65747c733a313a2230223b736974655f6c616e677c733a393a22696e646f6e65736961223b616c6572745f6d73677c613a333a7b693a303b733a373a2273756363657373223b693a313b733a31343a2244656c6574652050726f64756374223b693a323b733a33363a225375636365737366756c6c792044656c657465642050726f64756374203a20477261622e223b7d5f5f63695f766172737c613a313a7b733a393a22616c6572745f6d7367223b733a333a226f6c64223b7d),
('r6n7m4aphduuoou7tq7lt6r1nuhj4d5h', '36.70.225.29', 1587388501, 0x5f5f63695f6c6173745f726567656e65726174657c693a313538373338383233323b73657373696f6e69647c733a333a22706f73223b757365725f69647c733a313a2231223b757365725f656d61696c7c733a31373a226f776e657240726f746967736d2e636f6d223b757365725f726f6c657c733a313a2231223b757365725f6f75746c65747c733a313a2230223b),
('2mk6v51e3avmcf4ur9ifirl5q9iqk65a', '180.214.233.17', 1587391758, 0x5f5f63695f6c6173745f726567656e65726174657c693a313538373339313438343b73657373696f6e69647c733a333a22706f73223b757365725f69647c733a313a2231223b757365725f656d61696c7c733a31373a226f776e657240726f746967736d2e636f6d223b757365725f726f6c657c733a313a2231223b757365725f6f75746c65747c733a313a2230223b),
('2f879ogupakeob5he72lpr1vr62l7qho', '182.0.183.253', 1587450085, 0x5f5f63695f6c6173745f726567656e65726174657c693a313538373435303038343b),
('kcno6suorkn2apbdqreo3k3opemjjuim', '182.0.183.253', 1587450099, 0x5f5f63695f6c6173745f726567656e65726174657c693a313538373435303039393b),
('o3pjksi2kce02ug8l7jrg6v78a8sf0tg', '180.214.233.17', 1587391853, 0x5f5f63695f6c6173745f726567656e65726174657c693a313538373339313835333b),
('bleih5p240msl2rc8og4jj2tp6aci369', '36.70.225.29', 1587435347, 0x5f5f63695f6c6173745f726567656e65726174657c693a313538373433353238323b73657373696f6e69647c733a333a22706f73223b757365725f69647c733a313a2231223b757365725f656d61696c7c733a31373a226f776e657240726f746967736d2e636f6d223b757365725f726f6c657c733a313a2231223b757365725f6f75746c65747c733a313a2230223b736974655f6c616e677c733a393a22696e646f6e65736961223b),
('rhka3an31ck3to9uvqgmu683c9ml5cia', '116.206.13.84', 1587450658, 0x5f5f63695f6c6173745f726567656e65726174657c693a313538373435303635383b),
('aumpmietll6aa2kab580g5l8uultkb1a', '116.206.13.84', 1587450752, 0x5f5f63695f6c6173745f726567656e65726174657c693a313538373435303635383b73657373696f6e69647c733a333a22706f73223b757365725f69647c733a313a2231223b757365725f656d61696c7c733a31373a226f776e657240726f746967736d2e636f6d223b757365725f726f6c657c733a313a2231223b757365725f6f75746c65747c733a313a2230223b),
('6l5uo6not9p1uj7o8kufemnjcj0f9ngf', '223.255.230.237', 1587451190, 0x5f5f63695f6c6173745f726567656e65726174657c693a313538373435313035333b73657373696f6e69647c733a333a22706f73223b757365725f69647c733a313a2231223b757365725f656d61696c7c733a31373a226f776e657240726f746967736d2e636f6d223b757365725f726f6c657c733a313a2231223b757365725f6f75746c65747c733a313a2230223b),
('rlsishegiji7g7eauujjj3e7k760dmic', '223.255.230.237', 1587451725, 0x5f5f63695f6c6173745f726567656e65726174657c693a313538373435313538303b73657373696f6e69647c733a333a22706f73223b757365725f69647c733a313a2231223b757365725f656d61696c7c733a31373a226f776e657240726f746967736d2e636f6d223b757365725f726f6c657c733a313a2231223b757365725f6f75746c65747c733a313a2230223b),
('ukq2jee4on6ak03hmaemsmkbqj3kps1h', '223.255.230.237', 1587452041, 0x5f5f63695f6c6173745f726567656e65726174657c693a313538373435313934353b73657373696f6e69647c733a333a22706f73223b757365725f69647c733a313a2231223b757365725f656d61696c7c733a31373a226f776e657240726f746967736d2e636f6d223b757365725f726f6c657c733a313a2231223b757365725f6f75746c65747c733a313a2230223b),
('fted8mcvpihmnv7gjrju4mqets8v5p05', '223.255.230.237', 1587452427, 0x5f5f63695f6c6173745f726567656e65726174657c693a313538373435323238383b73657373696f6e69647c733a333a22706f73223b757365725f69647c733a313a2231223b757365725f656d61696c7c733a31373a226f776e657240726f746967736d2e636f6d223b757365725f726f6c657c733a313a2231223b757365725f6f75746c65747c733a313a2230223b616c6572745f6d73677c613a333a7b693a303b733a373a2273756363657373223b693a313b733a31353a22416464204e65772050726f64756374223b693a323b733a34303a225375636365737366756c6c79204164646564204e65772050726f64756374203a204752414230352e223b7d5f5f63695f766172737c613a313a7b733a393a22616c6572745f6d7367223b733a333a226f6c64223b7d),
('ti070snqd1b3kgsaigs9qlgu6stvjset', '223.255.230.237', 1587453499, 0x5f5f63695f6c6173745f726567656e65726174657c693a313538373435333238333b73657373696f6e69647c733a333a22706f73223b757365725f69647c733a313a2231223b757365725f656d61696c7c733a31373a226f776e657240726f746967736d2e636f6d223b757365725f726f6c657c733a313a2231223b757365725f6f75746c65747c733a313a2230223b),
('vd1glrcj6b9fg1ctmie8r64ot08momhj', '36.70.225.29', 1587454621, 0x5f5f63695f6c6173745f726567656e65726174657c693a313538373435343436393b73657373696f6e69647c733a333a22706f73223b757365725f69647c733a313a2231223b757365725f656d61696c7c733a31373a226f776e657240726f746967736d2e636f6d223b757365725f726f6c657c733a313a2231223b757365725f6f75746c65747c733a313a2230223b),
('net9nneln7he8ln2mhi9phh07563h35p', '223.255.230.237', 1587456442, 0x5f5f63695f6c6173745f726567656e65726174657c693a313538373435363434303b73657373696f6e69647c733a333a22706f73223b757365725f69647c733a313a2231223b757365725f656d61696c7c733a31373a226f776e657240726f746967736d2e636f6d223b757365725f726f6c657c733a313a2231223b757365725f6f75746c65747c733a313a2230223b),
('7u75fftceoiv456ml33a8vd8p05v4st1', '116.206.13.170', 1587461371, 0x5f5f63695f6c6173745f726567656e65726174657c693a313538373436313337313b),
('l9g4lvccjp3cdkjvvkah8i0j1ercb60q', '116.206.13.170', 1587461382, 0x5f5f63695f6c6173745f726567656e65726174657c693a313538373436313337323b73657373696f6e69647c733a333a22706f73223b757365725f69647c733a313a2231223b757365725f656d61696c7c733a31373a226f776e657240726f746967736d2e636f6d223b757365725f726f6c657c733a313a2231223b757365725f6f75746c65747c733a313a2230223b),
('m5fh89frlhrda9a55fj7rqc5q3j90gr4', '36.70.225.29', 1587462237, 0x5f5f63695f6c6173745f726567656e65726174657c693a313538373436323138353b73657373696f6e69647c733a333a22706f73223b757365725f69647c733a313a2231223b757365725f656d61696c7c733a31373a226f776e657240726f746967736d2e636f6d223b757365725f726f6c657c733a313a2231223b757365725f6f75746c65747c733a313a2230223b),
('4lh6jqh7aod40kvc4r7vgi4ganf7gckg', '116.206.13.170', 1587462580, 0x5f5f63695f6c6173745f726567656e65726174657c693a313538373436323239313b73657373696f6e69647c733a333a22706f73223b757365725f69647c733a313a2231223b757365725f656d61696c7c733a31373a226f776e657240726f746967736d2e636f6d223b757365725f726f6c657c733a313a2231223b757365725f6f75746c65747c733a313a2230223b),
('q8rmikebncl1ntgk339q2cdihl07ghf3', '116.206.13.170', 1587462621, 0x5f5f63695f6c6173745f726567656e65726174657c693a313538373436323631313b73657373696f6e69647c733a333a22706f73223b757365725f69647c733a313a2231223b757365725f656d61696c7c733a31373a226f776e657240726f746967736d2e636f6d223b757365725f726f6c657c733a313a2231223b757365725f6f75746c65747c733a313a2230223b),
('q2mrfn7abp1edogmbjqfrjl7s7vu7q64', '182.0.180.20', 1587473553, 0x5f5f63695f6c6173745f726567656e65726174657c693a313538373437333535333b),
('8qibin68fqt0sk025597bdvk4ppmjt9o', '36.70.225.29', 1587477374, 0x5f5f63695f6c6173745f726567656e65726174657c693a313538373437373137383b73657373696f6e69647c733a333a22706f73223b757365725f69647c733a313a2231223b757365725f656d61696c7c733a31373a226f776e657240726f746967736d2e636f6d223b757365725f726f6c657c733a313a2231223b757365725f6f75746c65747c733a313a2230223b),
('n1elu442puulh87ev5vui626plmgn91g', '36.70.225.29', 1587482872, 0x5f5f63695f6c6173745f726567656e65726174657c693a313538373438323837323b),
('85v7g81cpcfi3f03g6dcmna4ek92s8go', '36.70.225.29', 1587483622, 0x5f5f63695f6c6173745f726567656e65726174657c693a313538373438333539353b73657373696f6e69647c733a333a22706f73223b757365725f69647c733a313a2231223b757365725f656d61696c7c733a31373a226f776e657240726f746967736d2e636f6d223b757365725f726f6c657c733a313a2231223b757365725f6f75746c65747c733a313a2230223b),
('pcm72tsb85mkmsh74cj0tk2vr63tom1o', '114.124.132.23', 1587501366, 0x5f5f63695f6c6173745f726567656e65726174657c693a313538373530313336363b),
('t9ejmdu3a0gfjfna3ncgspq3uod0nvf1', '116.206.28.55', 1587555460, 0x5f5f63695f6c6173745f726567656e65726174657c693a313538373535353336373b73657373696f6e69647c733a333a22706f73223b757365725f69647c733a313a2231223b757365725f656d61696c7c733a31373a226f776e657240726f746967736d2e636f6d223b757365725f726f6c657c733a313a2231223b757365725f6f75746c65747c733a313a2230223b),
('0p6kg8j88oq3bdr6u7or8n6cmcroaihk', '116.206.28.55', 1587556721, 0x5f5f63695f6c6173745f726567656e65726174657c693a313538373535363639393b73657373696f6e69647c733a333a22706f73223b757365725f69647c733a313a2231223b757365725f656d61696c7c733a31373a226f776e657240726f746967736d2e636f6d223b757365725f726f6c657c733a313a2231223b757365725f6f75746c65747c733a313a2230223b),
('6takpgnhjt5mrnj870klis55igkp6bet', '223.255.230.229', 1587698524, 0x5f5f63695f6c6173745f726567656e65726174657c693a313538373639383532343b),
('3unluju9cemt40gqgq4ppiqc4csl57ts', '223.255.230.229', 1587698806, 0x5f5f63695f6c6173745f726567656e65726174657c693a313538373639383532353b73657373696f6e69647c733a333a22706f73223b757365725f69647c733a313a2231223b757365725f656d61696c7c733a31373a226f776e657240726f746967736d2e636f6d223b757365725f726f6c657c733a313a2231223b757365725f6f75746c65747c733a313a2230223b),
('66vh3lv7q6ee0rimonusoigdp2gjlfqp', '223.255.230.229', 1587700143, 0x5f5f63695f6c6173745f726567656e65726174657c693a313538373730303134333b),
('92tnqkcab9co444jm7l3lha6r8ht0in3', '223.255.230.229', 1587700433, 0x5f5f63695f6c6173745f726567656e65726174657c693a313538373730303134333b73657373696f6e69647c733a333a22706f73223b757365725f69647c733a313a2231223b757365725f656d61696c7c733a31373a226f776e657240726f746967736d2e636f6d223b757365725f726f6c657c733a313a2231223b757365725f6f75746c65747c733a313a2230223b),
('t3r7halktj6l5is07v4vjvrubv3tg70s', '167.114.172.223', 1587878169, 0x5f5f63695f6c6173745f726567656e65726174657c693a313538373837383136393b),
('i00upe4nnjh483gr0baav13aq67nc33r', '223.255.230.229', 1587700616, 0x5f5f63695f6c6173745f726567656e65726174657c693a313538373730303538393b73657373696f6e69647c733a333a22706f73223b757365725f69647c733a313a2231223b757365725f656d61696c7c733a31373a226f776e657240726f746967736d2e636f6d223b757365725f726f6c657c733a313a2231223b757365725f6f75746c65747c733a313a2230223b),
('od6ishm5i2lju0u0u2rdk9hu73hk9m6d', '223.255.230.229', 1587700597, 0x5f5f63695f6c6173745f726567656e65726174657c693a313538373730303539373b),
('vjfk49pdu89idqmu98i0kl99a6hi695d', '223.255.225.232', 1588078321, 0x5f5f63695f6c6173745f726567656e65726174657c693a313538383037383036363b73657373696f6e69647c733a333a22706f73223b757365725f69647c733a313a2231223b757365725f656d61696c7c733a31373a226f776e657240726f746967736d2e636f6d223b757365725f726f6c657c733a313a2231223b757365725f6f75746c65747c733a313a2230223b736974655f6c616e677c733a393a22696e646f6e65736961223b),
('8j9pnc3hnkq9klnkb2dan6qj76cmebgv', '223.255.225.232', 1588078663, 0x5f5f63695f6c6173745f726567656e65726174657c693a313538383037383636333b),
('ma9q5euka1313p7j7hjbp1ikk161k4ll', '66.249.71.149', 1588156371, 0x5f5f63695f6c6173745f726567656e65726174657c693a313538383135363337313b),
('6tq4ffh12o64blv7bhbnqm6n29mhciqa', '36.71.223.246', 1588334527, 0x5f5f63695f6c6173745f726567656e65726174657c693a313538383333343532373b),
('62lv796in6iu30ngipce8ssrfo6fnbc6', '173.252.95.23', 1588334535, 0x5f5f63695f6c6173745f726567656e65726174657c693a313538383333343533353b),
('jhc2uk1cjp8ma0s2u6i4kn9ue3bn3sgv', '173.252.95.27', 1588334536, 0x5f5f63695f6c6173745f726567656e65726174657c693a313538383333343533363b),
('op8mrihmji9704rvv3b094an48u14kau', '173.252.95.35', 1588334539, 0x5f5f63695f6c6173745f726567656e65726174657c693a313538383333343533393b),
('u009i48og091hrgfgss6rcgfm4uqv3vd', '173.252.107.14', 1588334543, 0x5f5f63695f6c6173745f726567656e65726174657c693a313538383333343534333b),
('g96ttridn87iq1q3218bpkem1h5inv33', '66.220.149.1', 1588334543, 0x5f5f63695f6c6173745f726567656e65726174657c693a313538383333343534333b),
('vp6e543k44pje84gqfq6atiugtcgsp5d', '116.206.28.6', 1588410060, 0x5f5f63695f6c6173745f726567656e65726174657c693a313538383431303036303b),
('pngbrfmbhd2s0uf5e98ehic6saiu9302', '116.206.28.6', 1588410294, 0x5f5f63695f6c6173745f726567656e65726174657c693a313538383431303036303b73657373696f6e69647c733a333a22706f73223b757365725f69647c733a313a2231223b757365725f656d61696c7c733a31373a226f776e657240726f746967736d2e636f6d223b757365725f726f6c657c733a313a2231223b757365725f6f75746c65747c733a313a2230223b736974655f6c616e677c733a393a22696e646f6e65736961223b),
('5mtlp77atkuc7suqtn14d1fa0s2d1c3a', '116.206.28.6', 1588410587, 0x5f5f63695f6c6173745f726567656e65726174657c693a313538383431303438303b73657373696f6e69647c733a333a22706f73223b757365725f69647c733a313a2231223b757365725f656d61696c7c733a31373a226f776e657240726f746967736d2e636f6d223b757365725f726f6c657c733a313a2231223b757365725f6f75746c65747c733a313a2230223b736974655f6c616e677c733a393a22696e646f6e65736961223b),
('j2p2sne5rfs3im5ak97ff6n89er9atbc', '116.206.28.6', 1588411322, 0x5f5f63695f6c6173745f726567656e65726174657c693a313538383431313332323b),
('h24s2ru715dqcq2p3r4p8v2lsuvjapsb', '223.255.230.13', 1588494286, 0x5f5f63695f6c6173745f726567656e65726174657c693a313538383439343238353b),
('fr4gfahes3lft3e2iriktnfb3e36q0jl', '223.255.230.13', 1588494372, 0x5f5f63695f6c6173745f726567656e65726174657c693a313538383439343337323b),
('91b1ag08unpc9ouj2mpqnjsuu81mhsla', '223.255.230.13', 1588494402, 0x5f5f63695f6c6173745f726567656e65726174657c693a313538383439343337333b73657373696f6e69647c733a333a22706f73223b757365725f69647c733a313a2231223b757365725f656d61696c7c733a31373a226f776e657240726f746967736d2e636f6d223b757365725f726f6c657c733a313a2231223b757365725f6f75746c65747c733a313a2230223b),
('d4qgeahrvmrd9246l64avevojv5i4kbm', '144.76.109.174', 1588526365, 0x5f5f63695f6c6173745f726567656e65726174657c693a313538383532363336353b),
('kfsvan9kqo1mdhl1jubnu1uoqbqunq2f', '223.255.230.232', 1588564492, 0x5f5f63695f6c6173745f726567656e65726174657c693a313538383536343439313b),
('adrg3h562d5h0ajcd029eoi32g5kjikg', '223.255.230.232', 1588564602, 0x5f5f63695f6c6173745f726567656e65726174657c693a313538383536343439323b73657373696f6e69647c733a333a22706f73223b757365725f69647c733a313a2231223b757365725f656d61696c7c733a31373a226f776e657240726f746967736d2e636f6d223b757365725f726f6c657c733a313a2231223b757365725f6f75746c65747c733a313a2230223b),
('63urje4cppfhupt7j6u7r5jakspcm2ej', '223.255.230.232', 1588565144, 0x5f5f63695f6c6173745f726567656e65726174657c693a313538383536343834303b73657373696f6e69647c733a333a22706f73223b757365725f69647c733a313a2231223b757365725f656d61696c7c733a31373a226f776e657240726f746967736d2e636f6d223b757365725f726f6c657c733a313a2231223b757365725f6f75746c65747c733a313a2230223b),
('mdpel2fbmtlsqonphbed25gt1o2ta0ac', '223.255.230.232', 1588565460, 0x5f5f63695f6c6173745f726567656e65726174657c693a313538383536353137353b73657373696f6e69647c733a333a22706f73223b757365725f69647c733a313a2231223b757365725f656d61696c7c733a31373a226f776e657240726f746967736d2e636f6d223b757365725f726f6c657c733a313a2231223b757365725f6f75746c65747c733a313a2230223b616c6572745f6d73677c613a333a7b693a303b733a373a2273756363657373223b693a313b733a31343a2244656c6574652050726f64756374223b693a323b733a34333a225375636365737366756c6c792044656c657465642050726f64756374203a204b656a75204b6163616e672e223b7d5f5f63695f766172737c613a313a7b733a393a22616c6572745f6d7367223b733a333a226f6c64223b7d),
('0mn8qbpcvr42mkvjogrte9iujlm0mps6', '223.255.230.232', 1588565508, 0x5f5f63695f6c6173745f726567656e65726174657c693a313538383536353530363b73657373696f6e69647c733a333a22706f73223b757365725f69647c733a313a2231223b757365725f656d61696c7c733a31373a226f776e657240726f746967736d2e636f6d223b757365725f726f6c657c733a313a2231223b757365725f6f75746c65747c733a313a2230223b),
('9fua6f5nsosn7pblt17fr9vsfktnksaj', '223.255.230.232', 1588565934, 0x5f5f63695f6c6173745f726567656e65726174657c693a313538383536353838303b73657373696f6e69647c733a333a22706f73223b757365725f69647c733a313a2231223b757365725f656d61696c7c733a31373a226f776e657240726f746967736d2e636f6d223b757365725f726f6c657c733a313a2231223b757365725f6f75746c65747c733a313a2230223b616c6572745f6d73677c613a333a7b693a303b733a373a2273756363657373223b693a313b733a31353a22416464204e65772050726f64756374223b693a323b733a34313a225375636365737366756c6c79204164646564204e65772050726f64756374203a20475241423030322e223b7d5f5f63695f766172737c613a313a7b733a393a22616c6572745f6d7367223b733a333a226f6c64223b7d),
('u13shm34pdulmd8kt6cflvn09mkmb3gg', '223.255.230.232', 1588567906, 0x5f5f63695f6c6173745f726567656e65726174657c693a313538383536373930363b73657373696f6e69647c733a333a22706f73223b757365725f69647c733a313a2231223b757365725f656d61696c7c733a31373a226f776e657240726f746967736d2e636f6d223b757365725f726f6c657c733a313a2231223b757365725f6f75746c65747c733a313a2230223b),
('fpbrvuv1g6drr42cpd0utnvce3ja0n54', '223.255.230.232', 1588570848, 0x5f5f63695f6c6173745f726567656e65726174657c693a313538383536373930363b73657373696f6e69647c733a333a22706f73223b757365725f69647c733a313a2231223b757365725f656d61696c7c733a31373a226f776e657240726f746967736d2e636f6d223b757365725f726f6c657c733a313a2231223b757365725f6f75746c65747c733a313a2230223b),
('bhj9pkv9rc4117bspl27gkd2iu84ifg8', '223.255.230.5', 1588571062, 0x5f5f63695f6c6173745f726567656e65726174657c693a313538383537303838343b73657373696f6e69647c733a333a22706f73223b757365725f69647c733a313a2231223b757365725f656d61696c7c733a31373a226f776e657240726f746967736d2e636f6d223b757365725f726f6c657c733a313a2231223b757365725f6f75746c65747c733a313a2230223b616c6572745f6d73677c613a333a7b693a303b733a373a2273756363657373223b693a313b733a31343a2244656c6574652050726f64756374223b693a323b733a34303a225375636365737366756c6c792044656c657465642050726f64756374203a204f726967696e616c2e223b7d5f5f63695f766172737c613a313a7b733a393a22616c6572745f6d7367223b733a333a226f6c64223b7d),
('kmbmu15p4cj7f0us962bjnqhn6r3lfn2', '223.255.230.5', 1588571377, 0x5f5f63695f6c6173745f726567656e65726174657c693a313538383537313230313b73657373696f6e69647c733a333a22706f73223b757365725f69647c733a313a2231223b757365725f656d61696c7c733a31373a226f776e657240726f746967736d2e636f6d223b757365725f726f6c657c733a313a2231223b757365725f6f75746c65747c733a313a2230223b),
('3lm6sv8fk5lefak384e3ml6iiup5g6ot', '95.7.210.86', 1588704293, 0x5f5f63695f6c6173745f726567656e65726174657c693a313538383730343238313b),
('0kmcjupa8uqer9p7kr0hom4qoemmag0b', '104.192.169.2', 1588752373, 0x5f5f63695f6c6173745f726567656e65726174657c693a313538383735323337333b),
('ptplmquf2or3291m0sh1d3kbcfcop547', '116.206.12.46', 1588831860, 0x5f5f63695f6c6173745f726567656e65726174657c693a313538383833313836303b),
('ph2be5mvmic0ec18q2fo1p5irshjgoo0', '116.206.12.46', 1588832160, 0x5f5f63695f6c6173745f726567656e65726174657c693a313538383833313836313b73657373696f6e69647c733a333a22706f73223b757365725f69647c733a313a2231223b757365725f656d61696c7c733a31373a226f776e657240726f746967736d2e636f6d223b757365725f726f6c657c733a313a2231223b757365725f6f75746c65747c733a313a2230223b736974655f6c616e677c733a393a22696e646f6e65736961223b),
('jccfc4g8e218upkcjmhglj0soqhtgdfm', '116.206.28.45', 1588836408, 0x5f5f63695f6c6173745f726567656e65726174657c693a313538383833363430383b),
('urvuvum1u60ta32djplc9gnceui2e5dk', '116.206.12.46', 1588832245, 0x5f5f63695f6c6173745f726567656e65726174657c693a313538383833323234353b),
('brl4680sr78ta2kjs6tgs03n1cm4g3pm', '116.206.28.45', 1588835673, 0x5f5f63695f6c6173745f726567656e65726174657c693a313538383833353637333b),
('l02r2iavb6f2dfphhgok822gv37btumc', '116.206.28.45', 1588835692, 0x5f5f63695f6c6173745f726567656e65726174657c693a313538383833353637333b73657373696f6e69647c733a333a22706f73223b757365725f69647c733a313a2231223b757365725f656d61696c7c733a31373a226f776e657240726f746967736d2e636f6d223b757365725f726f6c657c733a313a2231223b757365725f6f75746c65747c733a313a2230223b736974655f6c616e677c733a393a22696e646f6e65736961223b),
('iuhcof9guon4jj9koi3t4housd65doni', '116.206.28.39', 1588908107, 0x5f5f63695f6c6173745f726567656e65726174657c693a313538383930383130373b),
('fc5o0u48pqr7lekqi91rvelvs0c95bv0', '116.206.28.39', 1588908400, 0x5f5f63695f6c6173745f726567656e65726174657c693a313538383930383130373b73657373696f6e69647c733a333a22706f73223b757365725f69647c733a313a2231223b757365725f656d61696c7c733a31373a226f776e657240726f746967736d2e636f6d223b757365725f726f6c657c733a313a2231223b757365725f6f75746c65747c733a313a2230223b736974655f6c616e677c733a393a22696e646f6e65736961223b),
('nfl6r9p63d74qrnp1smf0hhiom66q8q1', '116.206.28.39', 1588908474, 0x5f5f63695f6c6173745f726567656e65726174657c693a313538383930383431383b73657373696f6e69647c733a333a22706f73223b757365725f69647c733a313a2231223b757365725f656d61696c7c733a31373a226f776e657240726f746967736d2e636f6d223b757365725f726f6c657c733a313a2231223b757365725f6f75746c65747c733a313a2230223b736974655f6c616e677c733a393a22696e646f6e65736961223b),
('0425nhlk1iv7si16qjr8c0nq16ud44hb', '116.206.28.39', 1588909166, 0x5f5f63695f6c6173745f726567656e65726174657c693a313538383930383835363b73657373696f6e69647c733a333a22706f73223b757365725f69647c733a313a2231223b757365725f656d61696c7c733a31373a226f776e657240726f746967736d2e636f6d223b757365725f726f6c657c733a313a2231223b757365725f6f75746c65747c733a313a2230223b736974655f6c616e677c733a393a22696e646f6e65736961223b),
('v9oudvcph9pjkf25mq0sio0tj6b7hdca', '116.206.28.39', 1588909482, 0x5f5f63695f6c6173745f726567656e65726174657c693a313538383930393138353b73657373696f6e69647c733a333a22706f73223b757365725f69647c733a313a2231223b757365725f656d61696c7c733a31373a226f776e657240726f746967736d2e636f6d223b757365725f726f6c657c733a313a2231223b757365725f6f75746c65747c733a313a2230223b736974655f6c616e677c733a393a22696e646f6e65736961223b),
('jqjion5tetaqsboskanqrt39g83tn9bk', '116.206.28.39', 1588909542, 0x5f5f63695f6c6173745f726567656e65726174657c693a313538383930393439363b73657373696f6e69647c733a333a22706f73223b757365725f69647c733a313a2231223b757365725f656d61696c7c733a31373a226f776e657240726f746967736d2e636f6d223b757365725f726f6c657c733a313a2231223b757365725f6f75746c65747c733a313a2230223b736974655f6c616e677c733a393a22696e646f6e65736961223b),
('7nb25dtm5d5lvfiao6ncge9necs96hdc', '116.206.28.39', 1588910047, 0x5f5f63695f6c6173745f726567656e65726174657c693a313538383930393837383b73657373696f6e69647c733a333a22706f73223b757365725f69647c733a313a2231223b757365725f656d61696c7c733a31373a226f776e657240726f746967736d2e636f6d223b757365725f726f6c657c733a313a2231223b757365725f6f75746c65747c733a313a2230223b736974655f6c616e677c733a393a22696e646f6e65736961223b),
('uv2bssnan5eedmcpcdrvhrlfut83qaon', '116.206.28.39', 1588910680, 0x5f5f63695f6c6173745f726567656e65726174657c693a313538383931303438313b73657373696f6e69647c733a333a22706f73223b757365725f69647c733a313a2231223b757365725f656d61696c7c733a31373a226f776e657240726f746967736d2e636f6d223b757365725f726f6c657c733a313a2231223b757365725f6f75746c65747c733a313a2230223b736974655f6c616e677c733a373a22656e676c697368223b),
('qbd3715aio3esgie40itgmlp7q75cgmv', '116.206.28.39', 1588911476, 0x5f5f63695f6c6173745f726567656e65726174657c693a313538383931313231383b73657373696f6e69647c733a333a22706f73223b757365725f69647c733a313a2231223b757365725f656d61696c7c733a31373a226f776e657240726f746967736d2e636f6d223b757365725f726f6c657c733a313a2231223b757365725f6f75746c65747c733a313a2230223b736974655f6c616e677c733a393a22696e646f6e65736961223b),
('s8joc4itlpa1sjtnug4mq78kek99rihn', '116.206.28.39', 1588911845, 0x5f5f63695f6c6173745f726567656e65726174657c693a313538383931313535343b73657373696f6e69647c733a333a22706f73223b757365725f69647c733a313a2231223b757365725f656d61696c7c733a31373a226f776e657240726f746967736d2e636f6d223b757365725f726f6c657c733a313a2231223b757365725f6f75746c65747c733a313a2230223b736974655f6c616e677c733a393a22696e646f6e65736961223b),
('4n69eb2jv5c1jdq3katkehcjuq2g36gi', '116.206.28.39', 1588912107, 0x5f5f63695f6c6173745f726567656e65726174657c693a313538383931313839393b73657373696f6e69647c733a333a22706f73223b757365725f69647c733a313a2231223b757365725f656d61696c7c733a31373a226f776e657240726f746967736d2e636f6d223b757365725f726f6c657c733a313a2231223b757365725f6f75746c65747c733a313a2230223b736974655f6c616e677c733a393a22696e646f6e65736961223b),
('iuvu8ju3t9lcmkeugkmb46s10v46np3h', '116.206.28.39', 1588912497, 0x5f5f63695f6c6173745f726567656e65726174657c693a313538383931323237393b73657373696f6e69647c733a333a22706f73223b757365725f69647c733a313a2231223b757365725f656d61696c7c733a31373a226f776e657240726f746967736d2e636f6d223b757365725f726f6c657c733a313a2231223b757365725f6f75746c65747c733a313a2230223b736974655f6c616e677c733a393a22696e646f6e65736961223b),
('7maevkkojjpv3ncrcki68hgafqooatag', '116.206.13.95', 1588912301, 0x5f5f63695f6c6173745f726567656e65726174657c693a313538383931323330313b),
('i1090jiiqnsfsj0tiuvs03fs7ll4hb4t', '116.206.13.95', 1588912341, 0x5f5f63695f6c6173745f726567656e65726174657c693a313538383931323330323b73657373696f6e69647c733a333a22706f73223b757365725f69647c733a313a2231223b757365725f656d61696c7c733a31373a226f776e657240726f746967736d2e636f6d223b757365725f726f6c657c733a313a2231223b757365725f6f75746c65747c733a313a2230223b),
('pdu67f67i9ttnmrgglk6pu2me05r90vj', '180.214.233.79', 1588915516, 0x5f5f63695f6c6173745f726567656e65726174657c693a313538383931353531363b),
('g4lda5heol76ltbcpr35dh7msrlo3k5h', '116.206.28.32', 1588944093, 0x5f5f63695f6c6173745f726567656e65726174657c693a313538383934333832323b73657373696f6e69647c733a333a22706f73223b757365725f69647c733a313a2231223b757365725f656d61696c7c733a31373a226f776e657240726f746967736d2e636f6d223b757365725f726f6c657c733a313a2231223b757365725f6f75746c65747c733a313a2230223b736974655f6c616e677c733a393a22696e646f6e65736961223b),
('2poio9eori08svtr6l8vo2otr08p0n0f', '116.206.28.32', 1588944432, 0x5f5f63695f6c6173745f726567656e65726174657c693a313538383934343135373b73657373696f6e69647c733a333a22706f73223b757365725f69647c733a313a2231223b757365725f656d61696c7c733a31373a226f776e657240726f746967736d2e636f6d223b757365725f726f6c657c733a313a2231223b757365725f6f75746c65747c733a313a2230223b736974655f6c616e677c733a393a22696e646f6e65736961223b),
('9d4kjdntjfjepud3e5o6lb3m888vamus', '116.206.28.32', 1588944760, 0x5f5f63695f6c6173745f726567656e65726174657c693a313538383934343436393b73657373696f6e69647c733a333a22706f73223b757365725f69647c733a313a2231223b757365725f656d61696c7c733a31373a226f776e657240726f746967736d2e636f6d223b757365725f726f6c657c733a313a2231223b757365725f6f75746c65747c733a313a2230223b736974655f6c616e677c733a393a22696e646f6e65736961223b),
('bjgn5r3ddc45vh74dbnuklpfq55l2293', '116.206.28.32', 1588945074, 0x5f5f63695f6c6173745f726567656e65726174657c693a313538383934343737383b73657373696f6e69647c733a333a22706f73223b757365725f69647c733a313a2231223b757365725f656d61696c7c733a31373a226f776e657240726f746967736d2e636f6d223b757365725f726f6c657c733a313a2231223b757365725f6f75746c65747c733a313a2230223b736974655f6c616e677c733a393a22696e646f6e65736961223b),
('esdko9ndjqd9koins420601ddb466quq', '180.214.233.93', 1588945400, 0x5f5f63695f6c6173745f726567656e65726174657c693a313538383934353130313b73657373696f6e69647c733a333a22706f73223b757365725f69647c733a313a2231223b757365725f656d61696c7c733a31373a226f776e657240726f746967736d2e636f6d223b757365725f726f6c657c733a313a2231223b757365725f6f75746c65747c733a313a2230223b736974655f6c616e677c733a393a22696e646f6e65736961223b),
('vf7obnq25c5vm5u1kq9bmsdefock99ek', '180.214.233.93', 1588945651, 0x5f5f63695f6c6173745f726567656e65726174657c693a313538383934353430323b73657373696f6e69647c733a333a22706f73223b757365725f69647c733a313a2231223b757365725f656d61696c7c733a31373a226f776e657240726f746967736d2e636f6d223b757365725f726f6c657c733a313a2231223b757365725f6f75746c65747c733a313a2230223b736974655f6c616e677c733a393a22696e646f6e65736961223b),
('0hqpmbh5beb2a6ea4oq576fb5old2e3c', '180.214.233.93', 1588945802, 0x5f5f63695f6c6173745f726567656e65726174657c693a313538383934353731343b73657373696f6e69647c733a333a22706f73223b757365725f69647c733a313a2231223b757365725f656d61696c7c733a31373a226f776e657240726f746967736d2e636f6d223b757365725f726f6c657c733a313a2231223b757365725f6f75746c65747c733a313a2230223b736974655f6c616e677c733a393a22696e646f6e65736961223b),
('57ru2e5vir3ecsbcku0f8megnkbmg7dl', '180.214.233.93', 1588946402, 0x5f5f63695f6c6173745f726567656e65726174657c693a313538383934363430303b73657373696f6e69647c733a333a22706f73223b757365725f69647c733a313a2231223b757365725f656d61696c7c733a31373a226f776e657240726f746967736d2e636f6d223b757365725f726f6c657c733a313a2231223b757365725f6f75746c65747c733a313a2230223b736974655f6c616e677c733a393a22696e646f6e65736961223b),
('31thv2fbbdc455bidirn6h9etktrtbrc', '180.214.233.93', 1588947183, 0x5f5f63695f6c6173745f726567656e65726174657c693a313538383934363839323b73657373696f6e69647c733a333a22706f73223b757365725f69647c733a313a2231223b757365725f656d61696c7c733a31373a226f776e657240726f746967736d2e636f6d223b757365725f726f6c657c733a313a2231223b757365725f6f75746c65747c733a313a2230223b736974655f6c616e677c733a393a22696e646f6e65736961223b),
('5qq9k2u9bv0ia23nvat336vnv4nkhlv9', '180.214.233.93', 1588948164, 0x5f5f63695f6c6173745f726567656e65726174657c693a313538383934373334343b73657373696f6e69647c733a333a22706f73223b757365725f69647c733a313a2231223b757365725f656d61696c7c733a31373a226f776e657240726f746967736d2e636f6d223b757365725f726f6c657c733a313a2231223b757365725f6f75746c65747c733a313a2230223b736974655f6c616e677c733a393a22696e646f6e65736961223b),
('dht3h3hp9ctrfq40tivmvki18a18k3fv', '180.214.233.93', 1588948187, 0x5f5f63695f6c6173745f726567656e65726174657c693a313538383934383138373b);

-- --------------------------------------------------------

--
-- Struktur dari tabel `currency`
--

CREATE TABLE `currency` (
  `iso` char(3) CHARACTER SET utf8 NOT NULL DEFAULT '',
  `name` varchar(200) COLLATE utf8_unicode_ci NOT NULL
) ENGINE=MyISAM DEFAULT CHARSET=utf8 COLLATE=utf8_unicode_ci;

--
-- Dumping data untuk tabel `currency`
--

INSERT INTO `currency` (`iso`, `name`) VALUES
('KRW', '(South) Korean Won'),
('AFA', 'Afghanistan Afghani'),
('ALL', 'Albanian Lek'),
('DZD', 'Algerian Dinar'),
('ADP', 'Andorran Peseta'),
('AOK', 'Angolan Kwanza'),
('ARS', 'Argentine Peso'),
('AMD', 'Armenian Dram'),
('AWG', 'Aruban Florin'),
('AUD', 'Australian Dollar'),
('BSD', 'Bahamian Dollar'),
('BHD', 'Bahraini Dinar'),
('BDT', 'Bangladeshi Taka'),
('BBD', 'Barbados Dollar'),
('BZD', 'Belize Dollar'),
('BMD', 'Bermudian Dollar'),
('BTN', 'Bhutan Ngultrum'),
('BOB', 'Bolivian Boliviano'),
('BWP', 'Botswanian Pula'),
('BRL', 'Brazilian Real'),
('GBP', 'British Pound'),
('BND', 'Brunei Dollar'),
('BGN', 'Bulgarian Lev'),
('BUK', 'Burma Kyat'),
('BIF', 'Burundi Franc'),
('CAD', 'Canadian Dollar'),
('CVE', 'Cape Verde Escudo'),
('KYD', 'Cayman Islands Dollar'),
('CLP', 'Chilean Peso'),
('CLF', 'Chilean Unidades de Fomento'),
('COP', 'Colombian Peso'),
('XOF', 'Communauté Financière Africaine BCEAO - Francs'),
('XAF', 'Communauté Financière Africaine BEAC, Francs'),
('KMF', 'Comoros Franc'),
('XPF', 'Comptoirs Français du Pacifique Francs'),
('CRC', 'Costa Rican Colon'),
('CUP', 'Cuban Peso'),
('CYP', 'Cyprus Pound'),
('CZK', 'Czech Republic Koruna'),
('DKK', 'Danish Krone'),
('YDD', 'Democratic Yemeni Dinar'),
('DOP', 'Dominican Peso'),
('XCD', 'East Caribbean Dollar'),
('TPE', 'East Timor Escudo'),
('ECS', 'Ecuador Sucre'),
('EGP', 'Egyptian Pound'),
('SVC', 'El Salvador Colon'),
('EEK', 'Estonian Kroon (EEK)'),
('ETB', 'Ethiopian Birr'),
('EUR', 'Euro'),
('FKP', 'Falkland Islands Pound'),
('FJD', 'Fiji Dollar'),
('GMD', 'Gambian Dalasi'),
('GHC', 'Ghanaian Cedi'),
('GIP', 'Gibraltar Pound'),
('XAU', 'Gold, Ounces'),
('GTQ', 'Guatemalan Quetzal'),
('GNF', 'Guinea Franc'),
('GWP', 'Guinea-Bissau Peso'),
('GYD', 'Guyanan Dollar'),
('HTG', 'Haitian Gourde'),
('HNL', 'Honduran Lempira'),
('HKD', 'Hong Kong Dollar'),
('HUF', 'Hungarian Forint'),
('INR', 'Indian Rupee'),
('IDR', 'Indonesian Rupiah'),
('XDR', 'International Monetary Fund (IMF) Special Drawing Rights'),
('IRR', 'Iranian Rial'),
('IQD', 'Iraqi Dinar'),
('IEP', 'Irish Punt'),
('ILS', 'Israeli Shekel'),
('JMD', 'Jamaican Dollar'),
('JPY', 'Japanese Yen'),
('JOD', 'Jordanian Dinar'),
('KHR', 'Kampuchean (Cambodian) Riel'),
('KES', 'Kenyan Schilling'),
('KWD', 'Kuwaiti Dinar'),
('LAK', 'Lao Kip'),
('LBP', 'Lebanese Pound'),
('LSL', 'Lesotho Loti'),
('LRD', 'Liberian Dollar'),
('LYD', 'Libyan Dinar'),
('MOP', 'Macau Pataca'),
('MGF', 'Malagasy Franc'),
('MWK', 'Malawi Kwacha'),
('MYR', 'Malaysian Ringgit'),
('MVR', 'Maldive Rufiyaa'),
('MTL', 'Maltese Lira'),
('MRO', 'Mauritanian Ouguiya'),
('MUR', 'Mauritius Rupee'),
('MXP', 'Mexican Peso'),
('MNT', 'Mongolian Tugrik'),
('MAD', 'Moroccan Dirham'),
('MZM', 'Mozambique Metical'),
('NAD', 'Namibian Dollar'),
('NPR', 'Nepalese Rupee'),
('ANG', 'Netherlands Antillian Guilder'),
('YUD', 'New Yugoslavia Dinar'),
('NZD', 'New Zealand Dollar'),
('NIO', 'Nicaraguan Cordoba'),
('NGN', 'Nigerian Naira'),
('KPW', 'North Korean Won'),
('NOK', 'Norwegian Kroner'),
('OMR', 'Omani Rial'),
('PKR', 'Pakistan Rupee'),
('XPD', 'Palladium Ounces'),
('PAB', 'Panamanian Balboa'),
('PGK', 'Papua New Guinea Kina'),
('PYG', 'Paraguay Guarani'),
('PEN', 'Peruvian Nuevo Sol'),
('PHP', 'Philippine Peso'),
('XPT', 'Platinum, Ounces'),
('PLN', 'Polish Zloty'),
('QAR', 'Qatari Rial'),
('RON', 'Romanian Leu'),
('RUB', 'Russian Ruble'),
('RWF', 'Rwanda Franc'),
('WST', 'Samoan Tala'),
('STD', 'Sao Tome and Principe Dobra'),
('SAR', 'Saudi Arabian Riyal'),
('SCR', 'Seychelles Rupee'),
('SLL', 'Sierra Leone Leone'),
('XAG', 'Silver, Ounces'),
('SGD', 'Singapore Dollar'),
('SKK', 'Slovak Koruna'),
('SBD', 'Solomon Islands Dollar'),
('SOS', 'Somali Schilling'),
('ZAR', 'South African Rand'),
('LKR', 'Sri Lanka Rupee'),
('SHP', 'St. Helena Pound'),
('SDP', 'Sudanese Pound'),
('SRG', 'Suriname Guilder'),
('SZL', 'Swaziland Lilangeni'),
('SEK', 'Swedish Krona'),
('CHF', 'Swiss Franc'),
('SYP', 'Syrian Potmd'),
('TWD', 'Taiwan Dollar'),
('TZS', 'Tanzanian Schilling'),
('THB', 'Thai Baht'),
('TOP', 'Tongan Paanga'),
('TTD', 'Trinidad and Tobago Dollar'),
('TND', 'Tunisian Dinar'),
('TRY', 'Turkish Lira'),
('UGX', 'Uganda Shilling'),
('AED', 'United Arab Emirates Dirham'),
('UYU', 'Uruguayan Peso'),
('USD', 'US Dollar'),
('VUV', 'Vanuatu Vatu'),
('VEF', 'Venezualan Bolivar'),
('VND', 'Vietnamese Dong'),
('YER', 'Yemeni Rial'),
('CNY', 'Yuan (Chinese) Renminbi'),
('ZRZ', 'Zaire Zaire'),
('ZMK', 'Zambian Kwacha'),
('ZWD', 'Zimbabwe Dollar');

-- --------------------------------------------------------

--
-- Struktur dari tabel `customers`
--

CREATE TABLE `customers` (
  `id` int(11) NOT NULL,
  `fullname` varchar(499) COLLATE utf8_unicode_ci NOT NULL,
  `email` varchar(499) COLLATE utf8_unicode_ci NOT NULL,
  `mobile` varchar(255) COLLATE utf8_unicode_ci NOT NULL,
  `created_user_id` int(11) NOT NULL,
  `created_datetime` datetime NOT NULL
) ENGINE=MyISAM DEFAULT CHARSET=utf8 COLLATE=utf8_unicode_ci;

--
-- Dumping data untuk tabel `customers`
--

INSERT INTO `customers` (`id`, `fullname`, `email`, `mobile`, `created_user_id`, `created_datetime`) VALUES
(1, 'Walk In Customer', '', '', 1, '2016-10-18 00:00:00'),
(2, 'aaa', 'a@gmail.com', '23121', 1, '2020-04-05 21:30:05');

-- --------------------------------------------------------

--
-- Struktur dari tabel `expenses`
--

CREATE TABLE `expenses` (
  `id` int(11) NOT NULL,
  `expenses_number` varchar(255) COLLATE utf8_unicode_ci NOT NULL,
  `expense_category` int(11) NOT NULL,
  `outlet_id` int(11) NOT NULL,
  `outlet_name` varchar(4999) COLLATE utf8_unicode_ci NOT NULL,
  `date` date NOT NULL,
  `amount` double(11,2) NOT NULL,
  `reason` longtext COLLATE utf8_unicode_ci NOT NULL,
  `file_name` varchar(499) COLLATE utf8_unicode_ci NOT NULL,
  `created_user_id` int(11) NOT NULL,
  `created_datetime` datetime NOT NULL,
  `updated_user_id` int(11) NOT NULL,
  `updated_datetime` datetime NOT NULL,
  `status` int(1) NOT NULL
) ENGINE=MyISAM DEFAULT CHARSET=utf8 COLLATE=utf8_unicode_ci;

--
-- Dumping data untuk tabel `expenses`
--

INSERT INTO `expenses` (`id`, `expenses_number`, `expense_category`, `outlet_id`, `outlet_name`, `date`, `amount`, `reason`, `file_name`, `created_user_id`, `created_datetime`, `updated_user_id`, `updated_datetime`, `status`) VALUES
(2, '01', 1, 6, '', '2018-10-01', 1.00, 'Gajih September', '1540122042.png', 1, '2018-10-21 18:40:11', 1, '2018-10-21 18:40:42', 1),
(3, '12', 5, 6, '', '2020-03-23', 20000.00, 'tes', '', 1, '2020-03-23 10:31:53', 0, '0000-00-00 00:00:00', 1);

-- --------------------------------------------------------

--
-- Struktur dari tabel `expense_categories`
--

CREATE TABLE `expense_categories` (
  `id` int(11) NOT NULL,
  `name` varchar(499) COLLATE utf8_unicode_ci NOT NULL,
  `created_user_id` int(11) NOT NULL,
  `created_datetime` datetime NOT NULL,
  `updated_user_id` int(11) NOT NULL,
  `updated_datetime` datetime NOT NULL,
  `status` int(11) NOT NULL COMMENT '0: Inactive, 1: Active'
) ENGINE=MyISAM DEFAULT CHARSET=utf8 COLLATE=utf8_unicode_ci;

--
-- Dumping data untuk tabel `expense_categories`
--

INSERT INTO `expense_categories` (`id`, `name`, `created_user_id`, `created_datetime`, `updated_user_id`, `updated_datetime`, `status`) VALUES
(1, 'Gaji', 1, '2018-10-19 00:14:05', 0, '0000-00-00 00:00:00', 1),
(2, 'Operasional', 1, '2020-03-23 10:30:46', 0, '0000-00-00 00:00:00', 1),
(3, 'Uang makan', 1, '2020-03-23 10:30:55', 0, '0000-00-00 00:00:00', 1),
(4, 'Uang Jaga', 1, '2020-03-23 10:31:06', 0, '0000-00-00 00:00:00', 1),
(5, 'Sewa Tempat', 1, '2020-03-23 10:31:18', 0, '0000-00-00 00:00:00', 1);

-- --------------------------------------------------------

--
-- Struktur dari tabel `gift_card`
--

CREATE TABLE `gift_card` (
  `id` int(11) NOT NULL,
  `card_number` varchar(90) COLLATE utf8_unicode_ci NOT NULL,
  `value` double(11,2) NOT NULL,
  `expiry_date` date NOT NULL,
  `created_user_id` int(11) NOT NULL,
  `created_datetime` datetime NOT NULL,
  `updated_user_id` int(11) NOT NULL,
  `updated_datetime` datetime NOT NULL,
  `status` int(1) NOT NULL COMMENT '0: haven''t use, 1: used'
) ENGINE=MyISAM DEFAULT CHARSET=utf8 COLLATE=utf8_unicode_ci;

--
-- Dumping data untuk tabel `gift_card`
--

INSERT INTO `gift_card` (`id`, `card_number`, `value`, `expiry_date`, `created_user_id`, `created_datetime`, `updated_user_id`, `updated_datetime`, `status`) VALUES
(1, '7105 7512 7506 0228', 50000.00, '2018-10-31', 1, '2018-10-18 23:19:37', 0, '0000-00-00 00:00:00', 0),
(2, '4591 5434 6057 6509', 100000.00, '2018-10-30', 1, '2018-10-18 23:22:39', 0, '0000-00-00 00:00:00', 0),
(3, '1162 3298 5667 8690', 10000.00, '2018-10-10', 1, '2018-10-19 15:50:42', 0, '0000-00-00 00:00:00', 0);

-- --------------------------------------------------------

--
-- Struktur dari tabel `inventory`
--

CREATE TABLE `inventory` (
  `id` int(11) NOT NULL,
  `product_code` varchar(499) COLLATE utf8_unicode_ci NOT NULL,
  `outlet_id` int(11) NOT NULL,
  `qty` int(11) NOT NULL
) ENGINE=MyISAM DEFAULT CHARSET=utf8 COLLATE=utf8_unicode_ci;

--
-- Dumping data untuk tabel `inventory`
--

INSERT INTO `inventory` (`id`, `product_code`, `outlet_id`, `qty`) VALUES
(1, 'idm007', 3, 150),
(2, 'idm006', 3, 150),
(3, 'idm005', 3, 50),
(4, 'idm004', 3, 30),
(5, 'idm003', 3, 49),
(6, 'idm002', 3, 28),
(7, 'idm001', 3, 27),
(8, 'mnm010', 3, 100),
(9, 'mnm009', 3, 100),
(10, 'mnm008', 3, 100),
(11, 'mnm007', 3, 99),
(12, 'mnm006', 3, 94),
(13, 'mnm004', 3, 99),
(14, 'mnm003', 3, 99),
(15, 'mnm002', 3, 97),
(16, 'bhm003', 3, 12),
(17, 'bhm002', 6, 50),
(18, 'bhm001', 6, 50),
(19, 'dtg004', 6, 50),
(20, 'dtg003', 6, 50),
(21, 'dtg002', 6, 50),
(22, 'dtg001', 6, 50),
(23, 'mnm010', 6, 50),
(24, 'mnm009', 6, 50),
(25, 'mnm008', 6, 50),
(26, 'mnm007', 6, 60),
(27, 'mnm006', 6, 50),
(28, 'mnm005', 6, 50),
(29, 'mnm004', 6, 50),
(30, 'mnm003', 6, 50),
(31, 'mnm002', 6, 50),
(32, 'mnm001', 6, 50),
(33, 'mk008', 6, 50),
(34, 'mkn007', 6, 49),
(35, 'mkn006', 6, 49),
(36, 'mkn005', 6, 50),
(37, 'mkn004', 6, 50),
(38, 'mkn003', 6, 50),
(39, 'mkn002', 6, 50),
(40, 'mkn001', 6, 50),
(41, 'idm007', 6, 50),
(42, 'idm006', 6, 48),
(43, 'idm005', 6, 49),
(44, 'idm004', 6, 49),
(45, 'idm003', 6, 49),
(46, 'idm002', 6, 49),
(47, 'idm001', 6, 49),
(48, 'GSM04', 3, 89),
(49, 'GSM04', 6, 99),
(50, 'GSM03', 3, 92),
(51, 'GSM03', 6, 87),
(52, 'GSM02', 3, 77),
(53, 'GSM02', 6, 99),
(54, 'GSM01', 3, 88),
(55, 'GSM01', 6, 97),
(56, 'GSM012', 3, 99),
(57, 'GSM012', 6, 100),
(58, 'GSM11', 3, 98),
(59, 'GSM11', 6, 100),
(60, 'GSM05', 3, 98),
(61, 'GSM05', 6, 100),
(62, 'GSM10', 3, 93),
(63, 'GSM10', 6, 100),
(64, 'GSM09', 3, 99),
(65, 'GSM09', 6, 100),
(66, 'GSM08', 3, 99),
(67, 'GSM08', 6, 100),
(68, 'GSM06', 3, 100),
(69, 'GSM06', 6, 100),
(70, 'GSM07', 3, 97),
(71, 'GSM07', 6, 100),
(72, 'B0002', 3, 98),
(73, 'B0002', 6, 100),
(74, 'Go01', 3, 100),
(75, 'Go01', 6, 100),
(76, 'G02', 3, 100),
(77, 'G02', 6, 100),
(78, 'G03', 3, 100),
(79, 'G03', 6, 100),
(80, 'G04', 3, 100),
(81, 'G04', 6, 100),
(82, 'GRAB06', 3, 100),
(83, 'GRAB06', 6, 100),
(84, 'GRAB06', 7, 100),
(85, 'GRAB05', 3, 100),
(86, 'GRAB05', 6, 100),
(87, 'GRAB05', 7, 100),
(88, 'GRAB04', 3, 100),
(89, 'GRAB04', 6, 100),
(90, 'GRAB04', 7, 100),
(91, 'GRAB03', 3, 100),
(92, 'GRAB03', 6, 100),
(93, 'GRAB03', 7, 100),
(94, 'GRAB02', 3, 100),
(95, 'GRAB02', 6, 100),
(96, 'GRAB02', 7, 100),
(97, 'GRAB01', 3, 100),
(98, 'GRAB01', 6, 100),
(99, 'GRAB01', 7, 100),
(100, 'T001', 3, 6),
(101, 'T001', 6, 10),
(102, 'P01', 3, 98),
(103, 'P01', 6, 100);

-- --------------------------------------------------------

--
-- Struktur dari tabel `orders`
--

CREATE TABLE `orders` (
  `id` int(11) NOT NULL,
  `customer_id` int(11) NOT NULL,
  `customer_name` varchar(499) COLLATE utf8_unicode_ci NOT NULL,
  `customer_email` varchar(499) COLLATE utf8_unicode_ci NOT NULL,
  `customer_mobile` varchar(255) COLLATE utf8_unicode_ci NOT NULL,
  `ordered_datetime` datetime NOT NULL,
  `outlet_id` int(11) NOT NULL,
  `outlet_name` varchar(499) COLLATE utf8_unicode_ci NOT NULL,
  `outlet_address` longtext COLLATE utf8_unicode_ci NOT NULL,
  `outlet_contact` varchar(499) COLLATE utf8_unicode_ci NOT NULL,
  `outlet_receipt_footer` longtext COLLATE utf8_unicode_ci NOT NULL,
  `gift_card` varchar(90) COLLATE utf8_unicode_ci NOT NULL,
  `subtotal` double(11,2) NOT NULL,
  `discount_total` double(11,2) NOT NULL,
  `discount_percentage` varchar(255) COLLATE utf8_unicode_ci NOT NULL,
  `tax` double(11,2) NOT NULL,
  `grandtotal` double(11,2) NOT NULL,
  `total_items` int(11) NOT NULL,
  `payment_method` int(11) NOT NULL,
  `payment_method_name` varchar(255) COLLATE utf8_unicode_ci NOT NULL,
  `cheque_number` varchar(499) COLLATE utf8_unicode_ci NOT NULL,
  `paid_amt` double(11,2) NOT NULL,
  `return_change` double(11,2) NOT NULL,
  `created_user_id` int(11) NOT NULL,
  `created_datetime` datetime NOT NULL,
  `updated_user_id` int(11) NOT NULL,
  `updated_datetime` datetime NOT NULL,
  `vt_status` int(11) NOT NULL COMMENT '0: Debit Payment, 1: Completed',
  `status` int(11) NOT NULL COMMENT '1: Sales, 2: Return',
  `refund_status` int(11) NOT NULL COMMENT '1: Full Refund, 2: Partial Refund',
  `remark` longtext COLLATE utf8_unicode_ci NOT NULL,
  `card_number` varchar(499) COLLATE utf8_unicode_ci NOT NULL
) ENGINE=MyISAM DEFAULT CHARSET=utf8 COLLATE=utf8_unicode_ci;

--
-- Dumping data untuk tabel `orders`
--

INSERT INTO `orders` (`id`, `customer_id`, `customer_name`, `customer_email`, `customer_mobile`, `ordered_datetime`, `outlet_id`, `outlet_name`, `outlet_address`, `outlet_contact`, `outlet_receipt_footer`, `gift_card`, `subtotal`, `discount_total`, `discount_percentage`, `tax`, `grandtotal`, `total_items`, `payment_method`, `payment_method_name`, `cheque_number`, `paid_amt`, `return_change`, `created_user_id`, `created_datetime`, `updated_user_id`, `updated_datetime`, `vt_status`, `status`, `refund_status`, `remark`, `card_number`) VALUES
(1, 1, 'Walk In Customer', '', '', '2018-10-18 23:23:12', 3, 'Suka Mart', 'Sukabumi Mall Lt.3', '089529303412', '<p>Thank you for Shopping with Us!</p>', '', 2500.00, 0.00, '', 125.00, 2625.00, 1, 4, 'Master Card', '', 2625.00, 0.00, 1, '2018-10-18 23:23:12', 1, '2018-10-18 23:35:20', 1, 1, 0, '', '5522479780791129'),
(2, 1, 'Walk In Customer', '', '', '2018-10-18 23:43:02', 3, 'Suka Mart', 'Sukabumi Mall Lt.3', '089529303412', '<p>Thank you for Shopping with Us!</p>', '', 150000.00, 0.00, '', 7500.00, 157500.00, 60, 1, 'Cash', '', 157500.00, 0.00, 1, '2018-10-18 23:43:02', 0, '0000-00-00 00:00:00', 1, 1, 0, '', ''),
(3, 1, 'Walk In Customer', '', '', '2018-10-19 00:29:07', 3, 'Suka Mart', 'Sukabumi Mall Lt.3', '089529303412', '<p>Thank you for Shopping with Us!</p>', '', 0.00, 0.00, '', -131.25, -2756.25, 1, 1, 'Cash', '', 0.00, 0.00, 1, '2018-10-19 00:29:07', 0, '0000-00-00 00:00:00', 1, 2, 1, '', ''),
(4, 1, 'Walk In Customer', '', '', '2018-10-19 01:28:28', 3, 'Suka Mart', 'Sukabumi Mall Lt.3', '089529303412', '<p>Thank you for Shopping with Us!</p>', '', 73600.00, 0.00, '', 3680.00, 77280.00, 9, 1, 'Cash', '', 77280.00, 0.00, 1, '2018-10-19 01:28:28', 0, '0000-00-00 00:00:00', 1, 1, 0, '', ''),
(5, 1, 'Walk In Customer', '', '', '2018-10-19 01:28:54', 3, 'Suka Mart', 'Sukabumi Mall Lt.3', '089529303412', '<p>Thank you for Shopping with Us!</p>', '', 10500.00, 0.00, '', 525.00, 11025.00, 3, 1, 'Cash', '', 12000.00, 975.00, 1, '2018-10-19 01:28:54', 0, '0000-00-00 00:00:00', 1, 1, 0, '', ''),
(6, 1, 'Walk In Customer', '', '', '2018-10-19 16:20:57', 3, 'Suka Mart', 'Sukabumi Mall Lt.3', '089529303412', '<p>Thank you for Shopping with Us!</p>', '', 2500.00, 0.00, '', 125.00, 2625.00, 1, 1, 'Cash', '', 2625.00, 0.00, 1, '2018-10-19 16:20:57', 0, '0000-00-00 00:00:00', 1, 1, 0, '', ''),
(7, 1, 'Walk In Customer', '', '', '2018-10-21 16:55:30', 6, 'Suka Mall', 'Sukabumi Mall', '080123456789', '<p>Terimakasih atas kunjungan anda</p>', '', 12500.00, 0.00, '', 625.00, 13125.00, 5, 1, 'Cash', '', 14000.00, 875.00, 15, '2018-10-21 16:55:30', 0, '0000-00-00 00:00:00', 1, 1, 0, '', ''),
(8, 1, 'Walk In Customer', '', '', '2018-10-21 16:59:50', 6, 'Suka Mall', 'Sukabumi Mall', '080123456789', '<p>Terimakasih atas kunjungan anda</p>', '', 18000.00, 0.00, '', 900.00, 18900.00, 4, 1, 'Cash', '', 19000.00, 100.00, 15, '2018-10-21 16:59:50', 0, '0000-00-00 00:00:00', 1, 1, 0, '', ''),
(9, 1, 'Walk In Customer', '', '', '2018-10-21 17:05:57', 3, 'Suka Mart', 'Jl, Samsi, Ciaul, Sukabumi', '089529303412', '<p>Terimakasih sudah berbelanja</p>', '', 32000.00, 0.00, '', 1600.00, 33600.00, 5, 1, 'Cash', '', 34000.00, 400.00, 1, '2018-10-21 17:05:57', 0, '0000-00-00 00:00:00', 1, 1, 0, '', ''),
(10, 1, 'Walk In Customer', '', '', '2020-03-29 10:09:24', 6, 'Roti GSM Jakarta', 'Jakarta', '080123456789', '<p>Terimakasih atas kunjungan anda</p>', '', 18000.00, 0.00, '', 0.00, 18000.00, 4, 1, 'Cash', '', 50000.00, 32000.00, 1, '2020-03-29 10:09:24', 0, '0000-00-00 00:00:00', 1, 1, 0, '', ''),
(11, 1, 'Walk In Customer', '', '', '2020-03-29 10:11:43', 6, 'Roti GSM Jakarta', 'Jakarta', '080123456789', '<p>Terimakasih atas kunjungan anda</p>', '', 9000.00, 0.00, '', 0.00, 9000.00, 2, 1, 'Cash', '', 10000.00, 1000.00, 1, '2020-03-29 10:11:43', 0, '0000-00-00 00:00:00', 1, 1, 0, '', ''),
(12, 1, 'Walk In Customer', '', '', '2020-04-11 14:54:01', 3, 'Roti GSM Bekasi', 'Bekasi Jabar', '089529303412', '<p>Terimakasih sudah berbelanja</p>', '', 48000.00, 0.00, '', 0.00, 48000.00, 5, 1, 'Cash', '', 48000.00, 0.00, 1, '2020-04-11 14:54:01', 0, '0000-00-00 00:00:00', 1, 1, 0, '', ''),
(13, 1, 'Walk In Customer', '', '', '2020-04-11 14:55:14', 3, 'Roti GSM Bekasi', 'Bekasi Jabar', '089529303412', '<p>Terimakasih sudah berbelanja</p>', '', 20000.00, 0.00, '', 0.00, 20000.00, 2, 1, 'Cash', '', 20000.00, 0.00, 1, '2020-04-11 14:55:14', 0, '0000-00-00 00:00:00', 1, 1, 0, '', ''),
(14, 1, 'Walk In Customer', '', '', '2020-04-11 15:36:48', 3, 'Roti GSM Bekasi', 'Bekasi Jabar', '089529303412', '<p>Terimakasih sudah berbelanja</p>', '', 8000.00, 0.00, '', 0.00, 8000.00, 1, 1, 'Cash', '', 8000.00, 0.00, 1, '2020-04-11 15:36:48', 0, '0000-00-00 00:00:00', 1, 1, 0, '', ''),
(15, 1, 'Walk In Customer', '', '', '2020-04-11 15:41:48', 3, 'Roti GSM Bekasi', 'Bekasi Jabar', '089529303412', '<p>Terimakasih sudah berbelanja</p>', '', 20000.00, 0.00, '', 0.00, 20000.00, 2, 1, 'Cash', '', 20000.00, 0.00, 1, '2020-04-11 15:41:48', 0, '0000-00-00 00:00:00', 1, 1, 0, '', ''),
(16, 1, 'Walk In Customer', '', '', '2020-04-11 15:42:00', 3, 'Roti GSM Bekasi', 'Bekasi Jabar', '089529303412', '<p>Terimakasih sudah berbelanja</p>', '', 20000.00, 0.00, '', 0.00, 20000.00, 2, 1, 'Cash', '', 20000.00, 0.00, 1, '2020-04-11 15:42:00', 0, '0000-00-00 00:00:00', 1, 1, 0, '', ''),
(17, 1, 'Walk In Customer', '', '', '2020-04-11 15:42:17', 3, 'Roti GSM Bekasi', 'Bekasi Jabar', '089529303412', '<p>Terimakasih sudah berbelanja</p>', '', 20000.00, 0.00, '', 0.00, 20000.00, 2, 1, 'Cash', '', 20000.00, 0.00, 1, '2020-04-11 15:42:17', 0, '0000-00-00 00:00:00', 1, 1, 0, '', ''),
(18, 1, 'Walk In Customer', '', '', '2020-04-11 15:43:18', 3, 'Roti GSM Bekasi', 'Bekasi Jabar', '089529303412', '<p>Terimakasih sudah berbelanja</p>', '', 20000.00, 0.00, '', 0.00, 20000.00, 2, 1, 'Cash', '', 20000.00, 0.00, 1, '2020-04-11 15:43:18', 0, '0000-00-00 00:00:00', 1, 1, 0, '', ''),
(19, 1, 'Walk In Customer', '', '', '2020-04-11 15:44:10', 3, 'Roti GSM Bekasi', 'Bekasi Jabar', '089529303412', '<p>Terimakasih sudah berbelanja</p>', '', 20000.00, 0.00, '', 0.00, 20000.00, 2, 1, 'Cash', '', 20000.00, 0.00, 1, '2020-04-11 15:44:10', 0, '0000-00-00 00:00:00', 1, 1, 0, '', ''),
(20, 1, 'Walk In Customer', '', '', '2020-04-11 15:44:34', 3, 'Roti GSM Bekasi', 'Bekasi Jabar', '089529303412', '<p>Terimakasih sudah berbelanja</p>', '', 20000.00, 0.00, '', 0.00, 20000.00, 2, 1, 'Cash', '', 20000.00, 0.00, 1, '2020-04-11 15:44:34', 0, '0000-00-00 00:00:00', 1, 1, 0, '', ''),
(21, 1, 'Walk In Customer', '', '', '2020-04-11 15:46:13', 3, 'Roti GSM Bekasi', 'Bekasi Jabar', '089529303412', '<p>Terimakasih sudah berbelanja</p>', '', 20000.00, 0.00, '', 0.00, 20000.00, 2, 1, 'Cash', '', 20000.00, 0.00, 1, '2020-04-11 15:46:13', 0, '0000-00-00 00:00:00', 1, 1, 0, '', ''),
(22, 1, 'Walk In Customer', '', '', '2020-04-11 15:46:30', 3, 'Roti GSM Bekasi', 'Bekasi Jabar', '089529303412', '<p>Terimakasih sudah berbelanja</p>', '', 20000.00, 0.00, '', 0.00, 20000.00, 2, 1, 'Cash', '', 20000.00, 0.00, 1, '2020-04-11 15:46:30', 0, '0000-00-00 00:00:00', 1, 1, 0, '', ''),
(23, 1, 'Walk In Customer', '', '', '2020-04-11 15:51:03', 3, 'Roti GSM Bekasi', 'Bekasi Jabar', '089529303412', '<p>Terimakasih sudah berbelanja</p>', '', 20000.00, 0.00, '', 0.00, 20000.00, 2, 1, 'Cash', '', 20000.00, 0.00, 1, '2020-04-11 15:51:03', 0, '0000-00-00 00:00:00', 1, 1, 0, '', ''),
(24, 1, 'Walk In Customer', '', '', '2020-04-11 15:54:43', 3, 'Roti GSM Bekasi', 'Bekasi Jabar', '089529303412', '<p>Terimakasih sudah berbelanja</p>', '', 20000.00, 0.00, '', 0.00, 20000.00, 2, 1, 'Cash', '', 20000.00, 0.00, 1, '2020-04-11 15:54:43', 0, '0000-00-00 00:00:00', 1, 1, 0, '', ''),
(25, 1, 'Walk In Customer', '', '', '2020-04-11 15:54:45', 3, 'Roti GSM Bekasi', 'Bekasi Jabar', '089529303412', '<p>Terimakasih sudah berbelanja</p>', '', 20000.00, 0.00, '', 0.00, 20000.00, 2, 1, 'Cash', '', 20000.00, 0.00, 1, '2020-04-11 15:54:45', 0, '0000-00-00 00:00:00', 1, 1, 0, '', ''),
(26, 1, 'Walk In Customer', '', '', '2020-04-11 15:54:54', 3, 'Roti GSM Bekasi', 'Bekasi Jabar', '089529303412', '<p>Terimakasih sudah berbelanja</p>', '', 20000.00, 0.00, '', 0.00, 20000.00, 2, 1, 'Cash', '', 20000.00, 0.00, 1, '2020-04-11 15:54:54', 0, '0000-00-00 00:00:00', 1, 1, 0, '', ''),
(27, 1, 'Walk In Customer', '', '', '2020-04-11 15:55:33', 3, 'Roti GSM Bekasi', 'Bekasi Jabar', '089529303412', '<p>Terimakasih sudah berbelanja</p>', '', 20000.00, 0.00, '', 0.00, 20000.00, 2, 1, 'Cash', '', 20000.00, 0.00, 1, '2020-04-11 15:55:33', 0, '0000-00-00 00:00:00', 1, 1, 0, '', ''),
(28, 1, 'Walk In Customer', '', '', '2020-04-11 15:56:35', 3, 'Roti GSM Bekasi', 'Bekasi Jabar', '089529303412', '<p>Terimakasih sudah berbelanja</p>', '', 20000.00, 0.00, '', 0.00, 20000.00, 2, 1, 'Cash', '', 20000.00, 0.00, 1, '2020-04-11 15:56:35', 0, '0000-00-00 00:00:00', 1, 1, 0, '', ''),
(29, 1, 'Walk In Customer', '', '', '2020-04-11 15:56:48', 3, 'Roti GSM Bekasi', 'Bekasi Jabar', '089529303412', '<p>Terimakasih sudah berbelanja</p>', '', 20000.00, 0.00, '', 0.00, 20000.00, 2, 1, 'Cash', '', 20000.00, 0.00, 1, '2020-04-11 15:56:48', 0, '0000-00-00 00:00:00', 1, 1, 0, '', ''),
(30, 1, 'Walk In Customer', '', '', '2020-04-11 15:56:59', 3, 'Roti GSM Bekasi', 'Bekasi Jabar', '089529303412', '<p>Terimakasih sudah berbelanja</p>', '', 20000.00, 0.00, '', 0.00, 20000.00, 2, 1, 'Cash', '', 20000.00, 0.00, 1, '2020-04-11 15:56:59', 0, '0000-00-00 00:00:00', 1, 1, 0, '', ''),
(31, 1, 'Walk In Customer', '', '', '2020-04-11 15:57:39', 3, 'Roti GSM Bekasi', 'Bekasi Jabar', '089529303412', '<p>Terimakasih sudah berbelanja</p>', '', 20000.00, 0.00, '', 0.00, 20000.00, 2, 1, 'Cash', '', 20000.00, 0.00, 1, '2020-04-11 15:57:39', 0, '0000-00-00 00:00:00', 1, 1, 0, '', ''),
(32, 1, 'Walk In Customer', '', '', '2020-04-11 15:57:55', 3, 'Roti GSM Bekasi', 'Bekasi Jabar', '089529303412', '<p>Terimakasih sudah berbelanja</p>', '', 20000.00, 0.00, '', 0.00, 20000.00, 2, 1, 'Cash', '', 20000.00, 0.00, 1, '2020-04-11 15:57:55', 0, '0000-00-00 00:00:00', 1, 1, 0, '', ''),
(33, 1, 'Walk In Customer', '', '', '2020-04-11 15:58:18', 3, 'Roti GSM Bekasi', 'Bekasi Jabar', '089529303412', '<p>Terimakasih sudah berbelanja</p>', '', 20000.00, 0.00, '', 0.00, 20000.00, 2, 1, 'Cash', '', 20000.00, 0.00, 1, '2020-04-11 15:58:18', 0, '0000-00-00 00:00:00', 1, 1, 0, '', ''),
(34, 1, 'Walk In Customer', '', '', '2020-04-11 15:58:28', 3, 'Roti GSM Bekasi', 'Bekasi Jabar', '089529303412', '<p>Terimakasih sudah berbelanja</p>', '', 20000.00, 0.00, '', 0.00, 20000.00, 2, 1, 'Cash', '', 20000.00, 0.00, 1, '2020-04-11 15:58:28', 0, '0000-00-00 00:00:00', 1, 1, 0, '', ''),
(35, 1, 'Walk In Customer', '', '', '2020-04-11 15:58:49', 3, 'Roti GSM Bekasi', 'Bekasi Jabar', '089529303412', '<p>Terimakasih sudah berbelanja</p>', '', 20000.00, 0.00, '', 0.00, 20000.00, 2, 1, 'Cash', '', 20000.00, 0.00, 1, '2020-04-11 15:58:49', 0, '0000-00-00 00:00:00', 1, 1, 0, '', ''),
(36, 1, 'Walk In Customer', '', '', '2020-04-11 15:59:22', 3, 'Roti GSM Bekasi', 'Bekasi Jabar', '089529303412', '<p>Terimakasih sudah berbelanja</p>', '', 20000.00, 0.00, '', 0.00, 20000.00, 2, 1, 'Cash', '', 20000.00, 0.00, 1, '2020-04-11 15:59:22', 0, '0000-00-00 00:00:00', 1, 1, 0, '', ''),
(37, 1, 'Walk In Customer', '', '', '2020-04-11 15:59:39', 3, 'Roti GSM Bekasi', 'Bekasi Jabar', '089529303412', '<p>Terimakasih sudah berbelanja</p>', '', 20000.00, 0.00, '', 0.00, 20000.00, 2, 1, 'Cash', '', 20000.00, 0.00, 1, '2020-04-11 15:59:39', 0, '0000-00-00 00:00:00', 1, 1, 0, '', ''),
(38, 1, 'Walk In Customer', '', '', '2020-04-11 16:00:54', 3, 'Roti GSM Bekasi', 'Bekasi Jabar', '089529303412', '<p>Terimakasih sudah berbelanja</p>', '', 20000.00, 0.00, '', 0.00, 20000.00, 2, 1, 'Cash', '', 20000.00, 0.00, 1, '2020-04-11 16:00:54', 0, '0000-00-00 00:00:00', 1, 1, 0, '', ''),
(39, 1, 'Walk In Customer', '', '', '2020-04-11 16:02:36', 3, 'Roti GSM Bekasi', 'Bekasi Jabar', '089529303412', '<p>Terimakasih sudah berbelanja</p>', '', 20000.00, 0.00, '', 0.00, 20000.00, 2, 1, 'Cash', '', 20000.00, 0.00, 1, '2020-04-11 16:02:36', 0, '0000-00-00 00:00:00', 1, 1, 0, '', ''),
(40, 1, 'Walk In Customer', '', '', '2020-04-11 16:04:15', 3, 'Roti GSM Bekasi', 'Bekasi Jabar', '089529303412', '<p>Terimakasih sudah berbelanja</p>', '', 20000.00, 0.00, '', 0.00, 20000.00, 2, 1, 'Cash', '', 20000.00, 0.00, 1, '2020-04-11 16:04:15', 0, '0000-00-00 00:00:00', 1, 1, 0, '', ''),
(41, 1, 'Walk In Customer', '', '', '2020-04-11 16:35:02', 3, 'Roti GSM Bekasi', 'Bekasi Jabar', '089529303412', '<p>Terimakasih sudah berbelanja</p>', '', 20000.00, 0.00, '', 0.00, 20000.00, 2, 1, 'Cash', '', 20000.00, 0.00, 1, '2020-04-11 16:35:02', 0, '0000-00-00 00:00:00', 1, 1, 0, '', ''),
(42, 1, 'Walk In Customer', '', '', '2020-04-11 16:36:02', 3, 'Roti GSM Bekasi', 'Bekasi Jabar', '089529303412', '<p>Terimakasih sudah berbelanja</p>', '', 20000.00, 0.00, '', 0.00, 20000.00, 2, 1, 'Cash', '', 20000.00, 0.00, 1, '2020-04-11 16:36:02', 0, '0000-00-00 00:00:00', 1, 1, 0, '', ''),
(43, 1, 'Walk In Customer', '', '', '2020-04-11 16:36:16', 3, 'Roti GSM Bekasi', 'Bekasi Jabar', '089529303412', '<p>Terimakasih sudah berbelanja</p>', '', 20000.00, 0.00, '', 0.00, 20000.00, 2, 1, 'Cash', '', 20000.00, 0.00, 1, '2020-04-11 16:36:16', 0, '0000-00-00 00:00:00', 1, 1, 0, '', ''),
(44, 1, 'Walk In Customer', '', '', '2020-04-11 16:36:44', 3, 'Roti GSM Bekasi', 'Bekasi Jabar', '089529303412', '<p>Terimakasih sudah berbelanja</p>', '', 20000.00, 0.00, '', 0.00, 20000.00, 2, 1, 'Cash', '', 20000.00, 0.00, 1, '2020-04-11 16:36:44', 0, '0000-00-00 00:00:00', 1, 1, 0, '', ''),
(45, 1, 'Walk In Customer', '', '', '2020-04-11 16:37:14', 3, 'Roti GSM Bekasi', 'Bekasi Jabar', '089529303412', '<p>Terimakasih sudah berbelanja</p>', '', 20000.00, 0.00, '', 0.00, 20000.00, 2, 1, 'Cash', '', 20000.00, 0.00, 1, '2020-04-11 16:37:14', 0, '0000-00-00 00:00:00', 1, 1, 0, '', ''),
(46, 1, 'Walk In Customer', '', '', '2020-04-11 16:37:30', 3, 'Roti GSM Bekasi', 'Bekasi Jabar', '089529303412', '<p>Terimakasih sudah berbelanja</p>', '', 20000.00, 0.00, '', 0.00, 20000.00, 2, 1, 'Cash', '', 20000.00, 0.00, 1, '2020-04-11 16:37:30', 0, '0000-00-00 00:00:00', 1, 1, 0, '', ''),
(47, 1, 'Walk In Customer', '', '', '2020-04-11 16:51:03', 3, 'Roti GSM Bekasi', 'Bekasi Jabar', '089529303412', '<p>Terimakasih sudah berbelanja</p>', '', 40000.00, 0.00, '', 0.00, 40000.00, 5, 1, 'Cash', '', 40000.00, 0.00, 1, '2020-04-11 16:51:03', 0, '0000-00-00 00:00:00', 1, 1, 0, '', ''),
(48, 1, 'Walk In Customer', '', '', '2020-04-11 17:00:28', 3, 'Roti GSM Bekasi', 'Bekasi Jabar', '089529303412', '<p>Terimakasih sudah berbelanja</p>', '', 40000.00, 0.00, '', 0.00, 40000.00, 5, 1, 'Cash', '', 40000.00, 0.00, 1, '2020-04-11 17:00:28', 0, '0000-00-00 00:00:00', 1, 1, 0, '', ''),
(49, 1, 'Walk In Customer', '', '', '2020-04-11 17:50:13', 6, 'Roti GSM Jakarta', 'Jakarta', '080123456789', '<p>Terimakasih atas kunjungan anda</p>', '', 12000.00, 0.00, '', 0.00, 12000.00, 1, 1, 'Cash', '', 12000.00, 0.00, 1, '2020-04-11 17:50:13', 0, '0000-00-00 00:00:00', 1, 1, 0, '', ''),
(50, 1, 'Walk In Customer', '', '', '2020-04-11 17:50:44', 6, 'Roti GSM Jakarta', 'Jakarta', '080123456789', '<p>Terimakasih atas kunjungan anda</p>', '', 36000.00, 0.00, '', 0.00, 36000.00, 3, 1, 'Cash', '', 36000.00, 0.00, 1, '2020-04-11 17:50:44', 0, '0000-00-00 00:00:00', 1, 1, 0, '', ''),
(51, 1, 'Walk In Customer', '', '', '2020-04-13 21:25:28', 3, 'Roti GSM Bekasi', 'Bekasi Jabar', '089529303412', '<p>Terimakasih sudah berbelanja</p>', '', 8000.00, 0.00, '', 0.00, 8000.00, 1, 1, 'Cash', '', 8000.00, 0.00, 5, '2020-04-13 21:25:28', 0, '0000-00-00 00:00:00', 1, 1, 0, '', ''),
(52, 1, 'Walk In Customer', '', '', '2020-04-14 09:31:40', 6, 'Roti GSM Jakarta', 'Jakarta', '080123456789', '<p>Terimakasih atas kunjungan anda</p>', '', 60000.00, 0.00, '', 0.00, 60000.00, 5, 1, 'Cash', '', 60000.00, 0.00, 1, '2020-04-14 09:31:40', 0, '0000-00-00 00:00:00', 1, 1, 0, '', ''),
(53, 1, 'Walk In Customer', '', '', '2020-04-14 09:32:33', 6, 'Roti GSM Jakarta', 'Jakarta', '080123456789', '<p>Terimakasih atas kunjungan anda</p>', '', 12000.00, 0.00, '', 0.00, 12000.00, 1, 1, 'Cash', '', 12000.00, 0.00, 1, '2020-04-14 09:32:33', 0, '0000-00-00 00:00:00', 1, 1, 0, '', ''),
(54, 1, 'Walk In Customer', '', '', '2020-04-14 09:33:42', 6, 'Roti GSM Jakarta', 'Jakarta', '080123456789', '<p>Terimakasih atas kunjungan anda</p>', '', 12000.00, 0.00, '', 0.00, 12000.00, 1, 1, 'Cash', '', 12000.00, 0.00, 1, '2020-04-14 09:33:42', 0, '0000-00-00 00:00:00', 1, 1, 0, '', ''),
(55, 1, 'Walk In Customer', '', '', '2020-04-14 15:48:55', 3, 'Roti GSM Bekasi', 'Bekasi Jabar', '089529303412', '<p>Terimakasih sudah berbelanja</p>', '', 16000.00, 0.00, '', 0.00, 16000.00, 2, 1, 'Cash', '', 16000.00, 0.00, 1, '2020-04-14 15:48:55', 0, '0000-00-00 00:00:00', 1, 1, 0, '', ''),
(56, 1, 'Walk In Customer', '', '', '2020-04-14 15:49:17', 3, 'Roti GSM Bekasi', 'Bekasi Jabar', '089529303412', '<p>Terimakasih sudah berbelanja</p>', '', 48000.00, 0.00, '', 0.00, 48000.00, 6, 1, 'Cash', '', 48000.00, 0.00, 1, '2020-04-14 15:49:17', 0, '0000-00-00 00:00:00', 1, 1, 0, '', ''),
(57, 1, 'Walk In Customer', '', '', '2020-04-14 17:59:34', 3, 'Roti GSM Bekasi', 'Bekasi Jabar', '089529303412', '<p>Terimakasih sudah berbelanja</p>', '', 16000.00, 0.00, '', 0.00, 16000.00, 2, 1, 'Cash', '', 16000.00, 0.00, 1, '2020-04-14 17:59:34', 0, '0000-00-00 00:00:00', 1, 1, 0, '', ''),
(58, 1, 'Walk In Customer', '', '', '2020-04-15 12:44:49', 3, 'Roti GSM Bekasi', 'Bekasi Jabar', '089529303412', '<p>Terimakasih sudah berbelanja</p>', '', 5000.00, 0.00, '', 0.00, 5000.00, 1, 1, 'Cash', '', 5000.00, 0.00, 5, '2020-04-15 12:44:49', 0, '0000-00-00 00:00:00', 1, 1, 0, '', ''),
(59, 1, 'Walk In Customer', '', '', '2020-04-15 13:29:51', 3, 'Roti GSM Bekasi', 'Bekasi Jabar', '089529303412', '<p>Terimakasih sudah berbelanja</p>', '', 5500.00, 0.00, '', 0.00, 5500.00, 1, 1, 'Cash', '', 6000.00, 500.00, 5, '2020-04-15 13:29:51', 0, '0000-00-00 00:00:00', 1, 1, 0, '', ''),
(60, 1, 'Walk In Customer', '', '', '2020-04-17 21:27:30', 6, 'Roti GSM Jakarta', 'Jakarta', '080123456789', '<p>Terimakasih atas kunjungan anda</p>', '', 5000.00, 0.00, '', 0.00, 5000.00, 1, 1, 'Cash', '', 0.00, 5000.00, 14, '2020-04-17 21:27:30', 0, '0000-00-00 00:00:00', 1, 1, 0, '', ''),
(61, 1, 'Walk In Customer', '', '', '2020-04-17 21:30:22', 3, 'Roti GSM Bekasi', 'Bekasi Jabar', '089529303412', '<p>Terimakasih sudah berbelanja</p>', '', 5000.00, 0.00, '', 0.00, 5000.00, 1, 1, 'Cash', '', 5000.00, 0.00, 1, '2020-04-17 21:30:22', 0, '0000-00-00 00:00:00', 1, 1, 0, '', ''),
(62, 1, 'Walk In Customer', '', '', '2020-04-18 07:26:43', 6, 'Roti GSM Jakarta', 'Jakarta', '080123456789', '<p>Terimakasih atas kunjungan anda</p>', '', 8000.00, 0.00, '', 0.00, 8000.00, 1, 1, 'Cash', '', 10000.00, 2000.00, 14, '2020-04-18 07:26:43', 0, '0000-00-00 00:00:00', 1, 1, 0, '', ''),
(63, 1, 'Walk In Customer', '', '', '2020-04-18 18:44:49', 3, 'Roti GSM Bekasi', 'Bekasi Jabar', '089529303412', '<p>Terimakasih sudah berbelanja</p>', '', 40000.00, 0.00, '', 0.00, 40000.00, 3, 1, 'Cash', '', 0.00, 10000.00, 5, '2020-04-18 18:44:49', 0, '0000-00-00 00:00:00', 1, 1, 0, '', ''),
(64, 1, 'Walk In Customer', '', '', '2020-04-18 18:58:05', 3, 'Roti GSM Bekasi', 'Bekasi Jabar', '089529303412', '<p>Terimakasih sudah berbelanja</p>', '', 16000.00, 0.00, '', 0.00, 16000.00, 2, 1, 'Cash', '', 0.00, 4000.00, 5, '2020-04-18 18:58:05', 0, '0000-00-00 00:00:00', 1, 1, 0, '', ''),
(65, 1, 'Walk In Customer', '', '', '2020-04-18 21:05:21', 3, 'Roti GSM Bekasi', 'Bekasi Jabar', '089529303412', '<p>Terimakasih sudah berbelanja</p>', '', 22000.00, 0.00, '', 0.00, 22000.00, 2, 1, 'Cash', '', 50000.00, 28000.00, 1, '2020-04-18 21:05:21', 0, '0000-00-00 00:00:00', 1, 1, 0, '', ''),
(66, 1, 'Walk In Customer', '', '', '2020-04-18 21:05:34', 3, 'Roti GSM Bekasi', 'Bekasi Jabar', '089529303412', '<p>Terimakasih sudah berbelanja</p>', '', 22000.00, 0.00, '', 0.00, 22000.00, 2, 1, 'Cash', '', 50000.00, 28000.00, 1, '2020-04-18 21:05:34', 0, '0000-00-00 00:00:00', 1, 1, 0, '', ''),
(67, 1, 'Walk In Customer', '', '', '2020-04-20 12:14:39', 6, 'Roti GSM Jakarta', 'Jakarta', '080123456789', '<p>Terimakasih atas kunjungan anda</p>', '', 72000.00, 0.00, '', 0.00, 72000.00, 6, 1, 'Cash', '', 0.00, 8000.00, 14, '2020-04-20 12:14:39', 0, '0000-00-00 00:00:00', 1, 1, 0, '', ''),
(68, 1, 'Walk In Customer', '', '', '2020-04-20 12:29:49', 6, 'Roti GSM Jakarta', 'Jakarta', '080123456789', '<p>Terimakasih atas kunjungan anda</p>', '', 144000.00, 0.00, '', 0.00, 144000.00, 12, 1, 'Cash', '', 0.00, 6000.00, 14, '2020-04-20 12:29:49', 0, '0000-00-00 00:00:00', 1, 1, 0, '', ''),
(69, 1, 'Walk In Customer', '', '', '2020-04-20 12:37:53', 6, 'Roti GSM Jakarta', 'Jakarta', '080123456789', '<p>Terimakasih atas kunjungan anda</p>', '', 60000.00, 0.00, '', 0.00, 60000.00, 5, 1, 'Cash', '', 0.00, 0.00, 14, '2020-04-20 12:37:53', 0, '0000-00-00 00:00:00', 1, 1, 0, '', ''),
(70, 1, 'Walk In Customer', '', '', '2020-04-20 12:48:28', 3, 'Roti GSM Bekasi', 'Bekasi Jabar', '089529303412', '<p>Terimakasih sudah berbelanja</p>', '', 60000.00, 0.00, '', 0.00, 60000.00, 5, 1, 'Cash', '', 60000.00, 0.00, 1, '2020-04-20 12:48:28', 0, '0000-00-00 00:00:00', 1, 1, 0, '', ''),
(71, 1, 'Walk In Customer', '', '', '2020-05-08 10:40:58', 3, 'Roti GSM Bekasi', 'Bekasi Jabar', '089529303412', '<p>Terimakasih sudah berbelanja</p>', '', 6000.00, 0.00, '', 0.00, 6000.00, 2, 1, 'Cash', '', 6000.00, 0.00, 1, '2020-05-08 10:40:58', 0, '0000-00-00 00:00:00', 1, 1, 0, '', ''),
(72, 1, 'Walk In Customer', '', '', '2020-05-08 10:45:30', 3, 'Roti GSM Bekasi', 'Bekasi Jabar', '089529303412', '<p>Terimakasih sudah berbelanja</p>', '', 6000.00, 0.00, '', 0.00, 6000.00, 2, 1, 'Cash', '', 6000.00, 0.00, 1, '2020-05-08 10:45:30', 0, '0000-00-00 00:00:00', 1, 1, 0, '', ''),
(73, 1, 'Walk In Customer', '', '', '2020-05-08 20:35:11', 3, 'Roti GSM Bekasi', 'Bekasi Jabar', '089529303412', '<p>Terimakasih sudah berbelanja</p>', '', 20000.00, 0.00, '', 0.00, 20000.00, 2, 1, 'Cash', '', 20000.00, 0.00, 1, '2020-05-08 20:35:11', 0, '0000-00-00 00:00:00', 1, 1, 0, '', ''),
(74, 1, 'Walk In Customer', '', '', '2020-05-08 21:15:44', 3, 'Roti GSM Bekasi', 'Bekasi Jabar', '089529303412', '<p>Terimakasih sudah berbelanja</p>', '', 30000.00, 0.00, '', 0.00, 30000.00, 2, 1, 'Cash', '', 300000.00, 270000.00, 1, '2020-05-08 21:15:44', 0, '0000-00-00 00:00:00', 1, 1, 0, '', '');

-- --------------------------------------------------------

--
-- Struktur dari tabel `order_items`
--

CREATE TABLE `order_items` (
  `id` int(11) NOT NULL,
  `order_id` int(11) NOT NULL,
  `product_code` varchar(499) COLLATE utf8_unicode_ci NOT NULL,
  `product_name` varchar(499) COLLATE utf8_unicode_ci NOT NULL,
  `product_category` int(11) NOT NULL,
  `cost` double(11,2) NOT NULL,
  `price` double(11,2) NOT NULL,
  `qty` int(11) NOT NULL
) ENGINE=MyISAM DEFAULT CHARSET=utf8 COLLATE=utf8_unicode_ci;

--
-- Dumping data untuk tabel `order_items`
--

INSERT INTO `order_items` (`id`, `order_id`, `product_code`, `product_name`, `product_category`, `cost`, `price`, `qty`) VALUES
(1, 1, 'idm001', 'Indomie Ayam Bawang', 6, 2150.00, 2500.00, 1),
(2, 2, 'idm002', 'Indomie Goreng', 6, 2150.00, 2500.00, 20),
(3, 2, 'idm001', 'Indomie Ayam Bawang', 6, 2150.00, 2500.00, 20),
(4, 2, 'idm004', 'Indomie Empal Gentong', 6, 2150.00, 2500.00, 20),
(5, 4, 'mnm006', 'Club Air Mineral Galon', 3, 10500.00, 12500.00, 5),
(6, 4, 'mnm002', 'Cafela Expresso 200 ml', 3, 2650.00, 3200.00, 3),
(7, 4, 'mnm003', 'Calpico Mini Rasa Anggur Blueberry 70 ml', 3, 1125.00, 1500.00, 1),
(8, 5, 'idm001', 'Indomie Ayam Bawang', 6, 2150.00, 2500.00, 2),
(9, 5, 'mnm004', 'Calpico Frezz Original 350 ml', 3, 5150.00, 5500.00, 1),
(10, 6, 'idm002', 'Indomie Goreng', 6, 2150.00, 2500.00, 1),
(11, 7, 'idm001', 'Indomie Ayam Bawang', 6, 2150.00, 2500.00, 1),
(12, 7, 'idm002', 'Indomie Goreng', 6, 2150.00, 2500.00, 1),
(13, 7, 'idm003', 'Indomie Soto Banjar', 6, 2150.00, 2500.00, 1),
(14, 7, 'idm004', 'Indomie Empal Gentong', 6, 2150.00, 2500.00, 1),
(15, 7, 'idm006', 'Indomie Ayam Panggang', 6, 2150.00, 2500.00, 1),
(16, 8, 'idm005', 'Indomie Ayam Spesial', 6, 2150.00, 2500.00, 1),
(17, 8, 'idm006', 'Indomie Ayam Panggang', 6, 2150.00, 2500.00, 1),
(18, 8, 'mkn007', 'Chitato Kepiting Goreng Telur Asin 55 gr', 5, 6000.00, 6500.00, 1),
(19, 8, 'mkn006', 'Chitato Foodie Rasa Sapi Panggang Madu 55 gr', 5, 6000.00, 6500.00, 1),
(20, 9, 'idm001', 'Indomie Ayam Bawang', 6, 2150.00, 2500.00, 1),
(21, 9, 'idm002', 'Indomie Goreng', 6, 2150.00, 2500.00, 1),
(22, 9, 'idm003', 'Indomie Soto Banjar', 6, 2150.00, 2500.00, 1),
(23, 9, 'mnm006', 'Club Air Mineral Galon', 3, 10500.00, 12500.00, 1),
(24, 9, 'mnm007', 'Freiss Squash Rasa Jeruk 520 ml', 3, 10000.00, 12000.00, 1),
(25, 10, 'GSM01', 'SRIKAYA', 10, 4000.00, 4500.00, 1),
(26, 10, 'GSM03', 'COKLAT KEJU', 10, 4000.00, 4500.00, 2),
(27, 10, 'GSM04', 'ORIGINAL', 10, 4000.00, 4500.00, 1),
(28, 11, 'GSM01', 'SRIKAYA', 10, 4000.00, 4500.00, 1),
(29, 11, 'GSM02', 'SRIKAYA KEJU', 10, 4000.00, 4500.00, 1),
(30, 12, 'B0002', 'Susu', 8, 10000.00, 12000.00, 2),
(31, 12, 'GSM01', 'Original', 10, 6000.00, 8000.00, 2),
(32, 12, 'GSM02', 'Original Pandan', 10, 5000.00, 8000.00, 1),
(33, 13, 'GSM03', 'Coklat Keju', 10, 7000.00, 12000.00, 1),
(34, 13, 'GSM01', 'Original', 10, 6000.00, 8000.00, 1),
(35, 14, 'GSM01', 'Original', 10, 6000.00, 8000.00, 1),
(36, 14, 'GSM04', 'Cokelat', 10, 0.00, 0.00, 1),
(37, 14, 'GSM10', 'Mocca', 10, 0.00, 0.00, 1),
(38, 14, 'GSM09', 'Matcha Keju', 10, 0.00, 0.00, 1),
(39, 14, 'GSM07', 'Keju Susu', 10, 0.00, 0.00, 1),
(40, 14, 'GSM11', 'Srikaya', 10, 0.00, 0.00, 1),
(41, 15, 'GSM02', 'Original Pandan', 10, 5000.00, 8000.00, 1),
(42, 15, 'GSM03', 'Coklat Keju', 10, 7000.00, 12000.00, 1),
(43, 15, 'GSM04', 'Cokelat', 10, 0.00, 0.00, 1),
(44, 16, 'GSM02', 'Original Pandan', 10, 5000.00, 8000.00, 1),
(45, 16, 'GSM03', 'Coklat Keju', 10, 7000.00, 12000.00, 1),
(46, 16, 'GSM04', 'Cokelat', 10, 0.00, 0.00, 1),
(47, 17, 'GSM02', 'Original Pandan', 10, 5000.00, 8000.00, 1),
(48, 17, 'GSM03', 'Coklat Keju', 10, 7000.00, 12000.00, 1),
(49, 17, 'GSM04', 'Cokelat', 10, 0.00, 0.00, 1),
(50, 18, 'GSM02', 'Original Pandan', 10, 5000.00, 8000.00, 1),
(51, 18, 'GSM03', 'Coklat Keju', 10, 7000.00, 12000.00, 1),
(52, 18, 'GSM04', 'Cokelat', 10, 0.00, 0.00, 1),
(53, 44, 'GSM02', 'Original Pandan', 10, 5000.00, 8000.00, 1),
(54, 44, 'GSM03', 'Coklat Keju', 10, 7000.00, 12000.00, 1),
(55, 44, 'GSM04', 'Cokelat', 10, 0.00, 0.00, 1),
(56, 45, 'GSM02', 'Original Pandan', 10, 5000.00, 8000.00, 1),
(57, 45, 'GSM03', 'Coklat Keju', 10, 7000.00, 12000.00, 1),
(58, 45, 'GSM04', 'Cokelat', 10, 0.00, 0.00, 1),
(59, 46, 'GSM02', 'Original Pandan', 10, 5000.00, 8000.00, 1),
(60, 46, 'GSM03', 'Coklat Keju', 10, 7000.00, 12000.00, 1),
(61, 46, 'GSM04', 'Cokelat', 10, 0.00, 0.00, 1),
(62, 47, 'GSM02', 'Original Pandan', 10, 5000.00, 8000.00, 1),
(63, 47, 'GSM01', 'Original', 10, 6000.00, 8000.00, 4),
(64, 47, 'GSM07', 'Keju Susu', 10, 0.00, 0.00, 1),
(65, 48, 'GSM02', 'Original Pandan', 10, 5000.00, 8000.00, 1),
(66, 48, 'GSM01', 'Original', 10, 6000.00, 8000.00, 4),
(67, 48, 'GSM07', 'Keju Susu', 10, 0.00, 0.00, 1),
(68, 49, 'GSM03', 'Coklat Keju', 10, 7000.00, 12000.00, 1),
(69, 50, 'GSM03', 'Coklat Keju', 10, 7000.00, 12000.00, 3),
(70, 51, 'GSM02', 'Original Pandan', 10, 5000.00, 8000.00, 1),
(71, 51, 'GSM05', 'Kacang Cokelat', 10, 0.00, 0.00, 1),
(72, 51, 'GSM08', 'Green Tea', 10, 0.00, 0.00, 1),
(73, 52, 'GSM03', 'Coklat Keju', 10, 7000.00, 12000.00, 5),
(74, 53, 'GSM03', 'Coklat Keju', 10, 7000.00, 12000.00, 1),
(75, 54, 'GSM03', 'Coklat Keju', 10, 7000.00, 12000.00, 1),
(76, 55, 'GSM02', 'Original Pandan', 10, 5000.00, 8000.00, 2),
(77, 56, 'GSM02', 'Original Pandan', 10, 5000.00, 8000.00, 6),
(78, 57, 'GSM02', 'Original Pandan', 10, 5000.00, 8000.00, 2),
(79, 58, 'GSM11', 'Srikaya', 10, 4000.00, 5000.00, 1),
(80, 59, 'GSM012', 'Srikaya Keju', 10, 3500.00, 5500.00, 1),
(81, 60, 'GSM10', 'Mocca', 10, 4000.00, 5000.00, 1),
(82, 61, 'GSM10', 'Mocca', 10, 4000.00, 5000.00, 1),
(83, 62, 'GSM01', 'Original', 10, 6000.00, 8000.00, 1),
(84, 63, 'GSM01', 'Original', 10, 6000.00, 8000.00, 1),
(85, 63, 'GSM03', 'Coklat Keju', 10, 10000.00, 16000.00, 2),
(86, 64, 'GSM01', 'Original', 10, 6000.00, 8000.00, 2),
(87, 65, 'GSM02', 'Original Pandan', 10, 5000.00, 8000.00, 1),
(88, 65, 'GSM04', 'Cokelat', 10, 10000.00, 14000.00, 1),
(89, 66, 'GSM02', 'Original Pandan', 10, 5000.00, 8000.00, 1),
(90, 66, 'GSM04', 'Cokelat', 10, 10000.00, 14000.00, 1),
(91, 67, 'GSM10', 'Mocca', 10, 6000.00, 12000.00, 6),
(92, 68, 'GSM10', 'Mocca', 10, 6000.00, 12000.00, 12),
(93, 69, 'GSM10', 'Mocca', 10, 6000.00, 12000.00, 5),
(94, 70, 'GSM10', 'Mocca', 10, 6000.00, 12000.00, 5),
(95, 71, 'T001', 'PRODUK TEST', 10, 2000.00, 3000.00, 2),
(96, 72, 'T001', 'PRODUK TEST', 10, 2000.00, 3000.00, 2),
(97, 73, 'P01', 'PRODUK TESTING', 10, 10000.00, 10000.00, 2),
(98, 74, 'GSM04', 'Cokelat', 10, 10000.00, 14000.00, 1),
(99, 74, 'GSM05', 'Kacang Cokelat', 10, 10000.00, 16000.00, 1);

-- --------------------------------------------------------

--
-- Struktur dari tabel `order_items_temp`
--

CREATE TABLE `order_items_temp` (
  `id` int(11) NOT NULL,
  `order_id` int(11) NOT NULL,
  `product_code` varchar(499) CHARACTER SET utf8 COLLATE utf8_unicode_ci NOT NULL,
  `product_name` varchar(499) CHARACTER SET utf8 COLLATE utf8_unicode_ci NOT NULL,
  `product_category` int(11) NOT NULL,
  `cost` double(11,2) NOT NULL,
  `price` double(11,2) NOT NULL,
  `qty` int(11) NOT NULL,
  `user_id` varchar(20) CHARACTER SET utf8 COLLATE utf8_unicode_ci DEFAULT NULL
) ENGINE=MyISAM DEFAULT CHARSET=latin1;

--
-- Dumping data untuk tabel `order_items_temp`
--

INSERT INTO `order_items_temp` (`id`, `order_id`, `product_code`, `product_name`, `product_category`, `cost`, `price`, `qty`, `user_id`) VALUES
(1, 17, 'B0002', 'Susu', 8, 10000.00, 12000.00, 10, '6'),
(3, 18, 'B0002', 'Susu', 8, 10000.00, 12000.00, 5, '6'),
(6, 0, 'GSM012', 'Srikaya Keju', 10, 0.00, 0.00, 10, '3'),
(7, 0, 'GSM07', 'Keju Susu', 10, 0.00, 0.00, 10, '3'),
(0, 63, 'GSM01', 'Original', 10, 6000.00, 8000.00, 1, '5'),
(0, 60, 'GSM10', 'Mocca', 10, 4000.00, 5000.00, 1, '14'),
(0, 63, 'GSM03', 'Coklat Keju', 10, 10000.00, 16000.00, 2, '5'),
(0, 64, 'GSM01', 'Original', 10, 6000.00, 8000.00, 2, '5'),
(0, 67, 'GSM10', 'Mocca', 10, 6000.00, 12000.00, 6, '14'),
(0, 68, 'GSM10', 'Mocca', 10, 6000.00, 12000.00, 12, '14'),
(0, 69, 'GSM10', 'Mocca', 10, 6000.00, 12000.00, 5, '14'),
(0, 0, 'GRAB01', 'Original', 11, 8000.00, 10000.00, 1, '5');

-- --------------------------------------------------------

--
-- Struktur dari tabel `outlets`
--

CREATE TABLE `outlets` (
  `id` int(11) NOT NULL,
  `name` varchar(499) COLLATE utf8_unicode_ci NOT NULL,
  `address` longtext COLLATE utf8_unicode_ci NOT NULL,
  `contact_number` varchar(499) COLLATE utf8_unicode_ci NOT NULL,
  `receipt_header` longtext COLLATE utf8_unicode_ci NOT NULL,
  `receipt_footer` longtext COLLATE utf8_unicode_ci NOT NULL,
  `created_user_id` int(11) NOT NULL,
  `created_datetime` datetime NOT NULL,
  `updated_user_id` int(11) NOT NULL,
  `updated_datetime` datetime NOT NULL,
  `status` int(11) NOT NULL COMMENT '1: Active, 0: Inactive'
) ENGINE=MyISAM DEFAULT CHARSET=utf8 COLLATE=utf8_unicode_ci;

--
-- Dumping data untuk tabel `outlets`
--

INSERT INTO `outlets` (`id`, `name`, `address`, `contact_number`, `receipt_header`, `receipt_footer`, `created_user_id`, `created_datetime`, `updated_user_id`, `updated_datetime`, `status`) VALUES
(3, 'Roti GSM Bekasi', 'Bekasi Jabar', '089529303412', '', '<p>Terimakasih sudah berbelanja</p>', 1, '2016-09-11 19:25:52', 1, '2020-03-23 10:46:43', 1),
(6, 'Roti GSM Jakarta', 'Jakarta', '080123456789', '', '<p>Terimakasih atas kunjungan anda</p>', 1, '2018-10-21 16:28:05', 1, '2020-03-23 10:46:21', 1),
(7, 'TES 1', 'jalan jalan', '08972727272727', '', '<p>terima kasih</p>', 1, '2020-04-18 20:41:16', 0, '0000-00-00 00:00:00', 1);

-- --------------------------------------------------------

--
-- Struktur dari tabel `payment_method`
--

CREATE TABLE `payment_method` (
  `id` int(11) NOT NULL,
  `name` varchar(255) COLLATE utf8_unicode_ci NOT NULL,
  `created_user_id` int(11) NOT NULL,
  `created_datetime` datetime NOT NULL,
  `updated_user_id` int(11) NOT NULL,
  `updated_datetime` datetime NOT NULL,
  `status` int(1) NOT NULL
) ENGINE=MyISAM DEFAULT CHARSET=utf8 COLLATE=utf8_unicode_ci;

--
-- Dumping data untuk tabel `payment_method`
--

INSERT INTO `payment_method` (`id`, `name`, `created_user_id`, `created_datetime`, `updated_user_id`, `updated_datetime`, `status`) VALUES
(1, 'Cash', 1, '2016-09-25 01:43:41', 0, '0000-00-00 00:00:00', 1),
(3, 'VISA', 1, '2016-09-25 01:43:50', 0, '0000-00-00 00:00:00', 1),
(4, 'Master Card', 1, '2016-09-25 01:43:58', 0, '0000-00-00 00:00:00', 1),
(6, 'Debit', 1, '2016-09-25 01:44:05', 0, '0000-00-00 00:00:00', 1),
(7, 'Gift Card', 1, '2016-10-16 01:23:05', 0, '0000-00-00 00:00:00', 1),
(9, 'Gofood', 1, '2020-03-24 14:57:27', 0, '0000-00-00 00:00:00', 1);

-- --------------------------------------------------------

--
-- Struktur dari tabel `products`
--

CREATE TABLE `products` (
  `id` int(11) NOT NULL,
  `code` varchar(499) COLLATE utf8_unicode_ci NOT NULL,
  `name` varchar(499) COLLATE utf8_unicode_ci NOT NULL,
  `category` int(11) NOT NULL,
  `purchase_price` double(11,2) NOT NULL,
  `retail_price` double(11,2) NOT NULL,
  `thumbnail` varchar(499) COLLATE utf8_unicode_ci NOT NULL,
  `created_user_id` int(11) NOT NULL,
  `created_datetime` datetime NOT NULL,
  `updated_user_id` int(11) NOT NULL,
  `updated_datetime` datetime NOT NULL,
  `status` int(11) NOT NULL
) ENGINE=MyISAM DEFAULT CHARSET=utf8 COLLATE=utf8_unicode_ci;

--
-- Dumping data untuk tabel `products`
--

INSERT INTO `products` (`id`, `code`, `name`, `category`, `purchase_price`, `retail_price`, `thumbnail`, `created_user_id`, `created_datetime`, `updated_user_id`, `updated_datetime`, `status`) VALUES
(103, 'T001', 'PRODUK TEST', 10, 2000.00, 3000.00, 'T001.png', 1, '2020-05-08 10:34:16', 1, '2020-05-08 10:40:05', 1),
(104, 'P01', 'PRODUK TESTING', 10, 10000.00, 10000.00, 'P01.png', 1, '2020-05-08 20:25:58', 1, '2020-05-08 20:34:18', 1),
(89, 'GRAB03', 'COKELAT KEJU', 11, 16000.00, 20000.00, 'GRAB03.png', 1, '2020-04-21 13:53:41', 0, '0000-00-00 00:00:00', 1),
(70, 'GSM01', 'Original', 10, 6000.00, 8000.00, 'GSM01.png', 1, '2020-03-29 12:51:00', 1, '2020-03-30 09:02:22', 1),
(71, 'GSM02', 'Original Pandan', 10, 5000.00, 8000.00, 'GSM02.png', 1, '2020-03-29 12:52:07', 0, '0000-00-00 00:00:00', 1),
(72, 'GSM03', 'Coklat Keju', 10, 10000.00, 16000.00, 'GSM03.png', 1, '2020-03-29 12:55:57', 1, '2020-04-18 12:22:36', 1),
(74, 'GSM04', 'Cokelat', 10, 10000.00, 14000.00, 'GSM04.png', 1, '2020-03-30 09:07:36', 1, '2020-04-18 12:20:07', 1),
(75, 'GSM05', 'Kacang Cokelat', 10, 10000.00, 16000.00, 'GSM05.png', 1, '2020-03-30 09:13:37', 1, '2020-04-18 12:19:04', 1),
(76, 'GSM06', 'Keju Kacang', 10, 10000.00, 16000.00, 'GSM06.png', 1, '2020-03-30 09:14:46', 1, '2020-04-18 12:18:11', 1),
(77, 'GSM07', 'Keju Susu', 10, 10000.00, 14000.00, 'GSM07.png', 1, '2020-03-30 09:15:30', 1, '2020-04-18 12:20:36', 1),
(78, 'GSM08', 'Matcha Green Tea', 10, 6000.00, 12000.00, 'GSM08.png', 1, '2020-03-30 09:16:09', 1, '2020-04-18 12:17:27', 1),
(79, 'GSM09', 'Matcha Keju', 10, 10000.00, 14000.00, 'GSM09.png', 1, '2020-03-30 09:16:52', 1, '2020-04-18 12:19:32', 1),
(80, 'GSM10', 'Mocca', 10, 6000.00, 12000.00, 'GSM10.png', 1, '2020-03-30 09:21:39', 1, '2020-04-18 12:18:33', 1),
(81, 'GSM11', 'Srikaya', 10, 8000.00, 12000.00, 'GSM11.png', 1, '2020-03-30 09:22:25', 1, '2020-04-18 12:21:03', 1),
(82, 'GSM012', 'Srikaya Keju', 10, 10000.00, 14000.00, 'GSM012.png', 1, '2020-03-30 09:44:41', 1, '2020-04-18 12:21:30', 1),
(90, 'GRAB04', 'COKELAT', 11, 14000.00, 18000.00, 'GRAB04.png', 1, '2020-04-21 13:58:48', 0, '0000-00-00 00:00:00', 1),
(91, 'GRAB05', 'KACANG COKELAT', 11, 16000.00, 20000.00, 'GRAB05.png', 1, '2020-04-21 14:00:26', 0, '0000-00-00 00:00:00', 1),
(95, 'GRAB001', 'Original', 11, 8000.00, 10000.00, 'GRAB001.png', 1, '2020-05-04 11:03:05', 0, '0000-00-00 00:00:00', 1),
(98, 'GRAB002', 'Original Pandan', 11, 12000.00, 14000.00, 'GRAB002.png', 1, '2020-05-04 11:18:53', 0, '0000-00-00 00:00:00', 1),
(96, 'GRAB007', 'Keju Susu', 11, 14000.00, 16000.00, 'GRAB007.png', 1, '2020-05-04 11:06:15', 0, '0000-00-00 00:00:00', 1),
(97, 'GRAB006', 'Keju Kacang', 11, 16000.00, 18000.00, 'GRAB006.png', 1, '2020-05-04 11:10:44', 0, '0000-00-00 00:00:00', 1),
(100, 'GO001', 'Original', 12, 8000.00, 10000.00, 'GO001.png', 1, '2020-05-04 12:42:25', 0, '0000-00-00 00:00:00', 1),
(102, 'GO002', 'Original Pandan', 12, 10000.00, 12000.00, 'GO002.png', 1, '2020-05-04 12:49:03', 0, '0000-00-00 00:00:00', 1);

-- --------------------------------------------------------

--
-- Struktur dari tabel `purchase_order`
--

CREATE TABLE `purchase_order` (
  `id` int(11) NOT NULL,
  `po_number` varchar(499) COLLATE utf8_unicode_ci NOT NULL,
  `discount_amount` double(11,2) NOT NULL,
  `discount_percentage` varchar(30) COLLATE utf8_unicode_ci NOT NULL,
  `subTotal` double(11,2) NOT NULL,
  `tax` double(11,2) NOT NULL,
  `grandTotal` double(11,2) NOT NULL,
  `supplier_id` int(11) NOT NULL,
  `supplier_tax` double(11,2) NOT NULL,
  `supplier_name` varchar(499) COLLATE utf8_unicode_ci NOT NULL,
  `supplier_email` varchar(499) COLLATE utf8_unicode_ci NOT NULL,
  `supplier_address` longtext COLLATE utf8_unicode_ci NOT NULL,
  `supplier_tel` varchar(255) COLLATE utf8_unicode_ci NOT NULL,
  `supplier_fax` varchar(255) COLLATE utf8_unicode_ci NOT NULL,
  `outlet_id` int(11) NOT NULL,
  `outlet_name` varchar(499) COLLATE utf8_unicode_ci NOT NULL,
  `outlet_address` longtext COLLATE utf8_unicode_ci NOT NULL,
  `outlet_contact` varchar(499) COLLATE utf8_unicode_ci NOT NULL,
  `po_date` date NOT NULL,
  `attachment_file` varchar(499) COLLATE utf8_unicode_ci NOT NULL,
  `note` longtext COLLATE utf8_unicode_ci NOT NULL,
  `created_user_id` int(11) NOT NULL,
  `created_datetime` datetime NOT NULL,
  `updated_user_id` int(11) NOT NULL,
  `updated_datetime` datetime NOT NULL,
  `received_user_id` int(11) NOT NULL,
  `received_datetime` datetime NOT NULL,
  `status` int(11) NOT NULL
) ENGINE=MyISAM DEFAULT CHARSET=utf8 COLLATE=utf8_unicode_ci;

--
-- Dumping data untuk tabel `purchase_order`
--

INSERT INTO `purchase_order` (`id`, `po_number`, `discount_amount`, `discount_percentage`, `subTotal`, `tax`, `grandTotal`, `supplier_id`, `supplier_tax`, `supplier_name`, `supplier_email`, `supplier_address`, `supplier_tel`, `supplier_fax`, `outlet_id`, `outlet_name`, `outlet_address`, `outlet_contact`, `po_date`, `attachment_file`, `note`, `created_user_id`, `created_datetime`, `updated_user_id`, `updated_datetime`, `received_user_id`, `received_datetime`, `status`) VALUES
(1, '123', 0.00, '', 430000.00, 0.00, 430000.00, 4, 0.00, 'Suplier Indomie', '', 'Sukabumi', '080000000000', '', 3, 'Suka Mart', 'Sukabumi Mall Lt.3', '089529303412', '2018-10-19', '', '', 1, '2018-10-19 00:36:48', 1, '2018-10-19 00:37:11', 1, '2018-10-19 00:41:26', 3),
(2, '2', 0.00, '', 4027000.00, 0.00, 4027000.00, 5, 0.00, 'PT Minuman', '', 'Sukabumi', '080000000123', '', 3, 'Suka Mart', 'Sukabumi Mall Lt.3', '089529303412', '2018-10-19', '', '', 1, '2018-10-19 01:24:56', 1, '2018-10-19 01:25:07', 1, '2018-10-19 01:27:00', 3);

-- --------------------------------------------------------

--
-- Struktur dari tabel `purchase_order_items`
--

CREATE TABLE `purchase_order_items` (
  `id` int(11) NOT NULL,
  `po_id` int(11) NOT NULL,
  `product_code` varchar(499) COLLATE utf8_unicode_ci NOT NULL,
  `ordered_qty` int(11) NOT NULL,
  `received_qty` int(11) NOT NULL,
  `cost` double(11,2) NOT NULL
) ENGINE=MyISAM DEFAULT CHARSET=utf8 COLLATE=utf8_unicode_ci;

--
-- Dumping data untuk tabel `purchase_order_items`
--

INSERT INTO `purchase_order_items` (`id`, `po_id`, `product_code`, `ordered_qty`, `received_qty`, `cost`) VALUES
(1, 1, 'idm006', 100, 100, 2150.00),
(2, 1, 'idm007', 100, 100, 2150.00),
(3, 2, 'mnm010', 100, 100, 9800.00),
(4, 2, 'mnm009', 100, 100, 220.00),
(5, 2, 'mnm008', 100, 100, 825.00),
(6, 2, 'mnm007', 100, 100, 10000.00),
(7, 2, 'mnm006', 100, 100, 10500.00),
(8, 2, 'mnm004', 100, 100, 5150.00),
(9, 2, 'mnm003', 100, 100, 1125.00),
(10, 2, 'mnm002', 100, 100, 2650.00);

-- --------------------------------------------------------

--
-- Struktur dari tabel `purchase_order_status`
--

CREATE TABLE `purchase_order_status` (
  `id` int(11) NOT NULL,
  `name` varchar(255) COLLATE utf8_unicode_ci NOT NULL,
  `created_user_id` int(11) NOT NULL,
  `created_datetime` datetime NOT NULL,
  `updated_user_id` int(11) NOT NULL,
  `updated_datetime` datetime NOT NULL,
  `status` int(11) NOT NULL
) ENGINE=MyISAM DEFAULT CHARSET=utf8 COLLATE=utf8_unicode_ci;

--
-- Dumping data untuk tabel `purchase_order_status`
--

INSERT INTO `purchase_order_status` (`id`, `name`, `created_user_id`, `created_datetime`, `updated_user_id`, `updated_datetime`, `status`) VALUES
(1, 'Created', 1, '2016-09-10 00:00:00', 0, '0000-00-00 00:00:00', 1),
(2, 'Sent To Supplier', 1, '2016-09-10 00:00:00', 0, '0000-00-00 00:00:00', 1),
(3, 'Received From Supplier', 1, '2016-09-10 00:00:00', 0, '0000-00-00 00:00:00', 1);

-- --------------------------------------------------------

--
-- Struktur dari tabel `raw_material`
--

CREATE TABLE `raw_material` (
  `rm_id` bigint(20) UNSIGNED NOT NULL,
  `rm_name` varchar(255) NOT NULL,
  `rm_code` varchar(15) NOT NULL,
  `create_date` datetime NOT NULL,
  `create_by` int(11) DEFAULT NULL,
  `is_active` int(11) NOT NULL,
  `update_date` datetime NOT NULL,
  `update_by` int(11) NOT NULL,
  `rm_unit` varchar(8) NOT NULL
) ENGINE=InnoDB DEFAULT CHARSET=latin1;

--
-- Dumping data untuk tabel `raw_material`
--

INSERT INTO `raw_material` (`rm_id`, `rm_name`, `rm_code`, `create_date`, `create_by`, `is_active`, `update_date`, `update_by`, `rm_unit`) VALUES
(1, 'roti', 'rotiss', '0000-00-00 00:00:00', 0, 0, '2020-04-09 19:48:58', 0, 'pcs'),
(2, 'packaging', 'packaging', '0000-00-00 00:00:00', 0, 0, '2020-04-09 19:49:03', 0, 'kg'),
(3, 'cokelat', 'cokelat', '0000-00-00 00:00:00', 0, 0, '2020-04-09 19:49:41', 0, 'kg'),
(4, 'Mocca', 'Mocca', '0000-00-00 00:00:00', 0, 1, '2020-04-09 19:49:49', 0, 'gr'),
(5, 'asdadasdsda', 'asdasd', '2020-04-09 19:57:59', NULL, 1, '0000-00-00 00:00:00', 0, 'pcd'),
(6, 'xxx', 'xxx', '2020-04-09 19:58:28', NULL, 0, '2020-04-09 20:11:23', 0, 'x'),
(7, 'casa', 'asda', '2020-04-09 20:00:58', NULL, 1, '0000-00-00 00:00:00', 0, 'as'),
(8, 'xxx', 'xxx', '2020-04-09 20:08:27', NULL, 0, '2020-04-09 20:11:34', 0, 'x'),
(9, 'x', 'x', '2020-04-09 20:08:34', NULL, 0, '2020-04-09 20:11:31', 0, 'x'),
(10, 'jamu', 'jamu', '2020-04-10 15:45:48', 1, 0, '2020-04-10 17:06:14', 1, 'botol'),
(11, 'tes', 'tttt', '2020-04-14 13:39:40', 1, 1, '0000-00-00 00:00:00', 0, 'gram'),
(12, 'Roti', 'BM01', '2020-04-15 12:41:50', 1, 1, '0000-00-00 00:00:00', 0, 'pcs'),
(13, 'Packaging', 'BM02', '2020-04-15 12:41:58', 1, 1, '0000-00-00 00:00:00', 0, 'pcs'),
(14, 'Srikaya', 'BM03', '2020-04-15 12:42:09', 1, 1, '0000-00-00 00:00:00', 0, 'gram'),
(15, 'Keju', 'BM04', '2020-04-15 13:27:31', 1, 1, '0000-00-00 00:00:00', 0, 'gram');

-- --------------------------------------------------------

--
-- Struktur dari tabel `raw_material_outlet`
--

CREATE TABLE `raw_material_outlet` (
  `rmo_id` bigint(20) UNSIGNED NOT NULL,
  `rm_id` int(11) NOT NULL,
  `outlet_id` int(11) NOT NULL,
  `used_stock` int(11) NOT NULL,
  `total_stock` int(11) NOT NULL,
  `price_per_qty` int(11) NOT NULL,
  `create_date` datetime NOT NULL,
  `update_date` datetime NOT NULL,
  `create_by` int(11) DEFAULT NULL,
  `update_by` int(11) DEFAULT NULL,
  `is_active` tinyint(1) NOT NULL
) ENGINE=InnoDB DEFAULT CHARSET=latin1;

--
-- Dumping data untuk tabel `raw_material_outlet`
--

INSERT INTO `raw_material_outlet` (`rmo_id`, `rm_id`, `outlet_id`, `used_stock`, `total_stock`, `price_per_qty`, `create_date`, `update_date`, `create_by`, `update_by`, `is_active`) VALUES
(1, 4, 3, 317, -82, 0, '2020-04-10 09:36:10', '2020-04-14 15:48:41', NULL, 1, 0),
(2, 5, 6, 4, 30, 0, '2020-04-10 09:40:47', '2020-04-10 17:02:37', NULL, 1, 0),
(3, 5, 3, 108, 199, 0, '2020-04-10 10:16:16', '2020-04-10 10:16:39', NULL, NULL, 1),
(4, 7, 3, 35, 491, 0, '2020-04-10 10:16:54', '2020-04-10 16:43:28', NULL, 1, 1),
(5, 4, 3, 319, 174, 0, '2020-04-10 10:37:38', '2020-04-14 15:48:52', NULL, 1, 1),
(6, 4, 3, 319, -133, 0, '2020-04-10 10:45:11', '2020-04-14 15:48:37', NULL, 1, 0),
(7, 4, 6, 3, -218, 0, '2020-04-10 10:46:02', '2020-04-11 17:49:58', NULL, 1, 1),
(8, 7, 6, 55, 640, 0, '2020-04-10 16:43:50', '0000-00-00 00:00:00', 1, NULL, 1),
(9, 11, 3, 0, 813, 0, '2020-04-14 13:40:02', '0000-00-00 00:00:00', 1, NULL, 1),
(10, 5, 6, 0, 800, 0, '2020-04-14 18:26:04', '0000-00-00 00:00:00', 1, NULL, 1),
(11, 12, 3, 14, 160, 0, '2020-04-15 12:42:40', '0000-00-00 00:00:00', 1, NULL, 1),
(12, 13, 3, 8, 100, 0, '2020-04-15 12:42:54', '0000-00-00 00:00:00', 1, NULL, 1),
(13, 14, 3, 190, 150, 0, '2020-04-15 12:43:10', '0000-00-00 00:00:00', 1, NULL, 1),
(14, 15, 3, 140, 150, 0, '2020-04-15 13:28:09', '0000-00-00 00:00:00', 1, NULL, 1),
(15, 4, 7, 0, 100, 0, '2020-04-18 21:04:19', '0000-00-00 00:00:00', 1, NULL, 1);

-- --------------------------------------------------------

--
-- Struktur dari tabel `raw_material_product`
--

CREATE TABLE `raw_material_product` (
  `rmp_id` bigint(20) UNSIGNED NOT NULL,
  `rm_id` int(11) NOT NULL,
  `product_id` int(11) NOT NULL,
  `qty` int(11) NOT NULL,
  `is_active` tinyint(1) NOT NULL,
  `create_by` int(11) NOT NULL,
  `create_date` datetime NOT NULL,
  `update_by` int(11) NOT NULL,
  `update_date` datetime NOT NULL
) ENGINE=InnoDB DEFAULT CHARSET=latin1;

--
-- Dumping data untuk tabel `raw_material_product`
--

INSERT INTO `raw_material_product` (`rmp_id`, `rm_id`, `product_id`, `qty`, `is_active`, `create_by`, `create_date`, `update_by`, `update_date`) VALUES
(2, 5, 71, 9, 1, 1, '2020-04-11 14:15:43', 1, '2020-04-11 14:39:23'),
(3, 4, 72, 34, 1, 1, '2020-04-11 14:33:46', 0, '0000-00-00 00:00:00'),
(4, 4, 71, 1, 1, 1, '2020-04-11 14:34:00', 1, '2020-04-11 14:39:13'),
(5, 7, 74, 11, 1, 1, '2020-04-11 14:34:06', 0, '0000-00-00 00:00:00'),
(6, 4, 81, 5, 1, 1, '2020-04-11 17:46:47', 0, '0000-00-00 00:00:00'),
(7, 7, 81, 2, 1, 1, '2020-04-11 17:46:51', 0, '0000-00-00 00:00:00'),
(8, 7, 72, 5, 1, 1, '2020-04-11 17:49:42', 0, '0000-00-00 00:00:00'),
(9, 12, 81, 1, 1, 1, '2020-04-15 12:43:35', 0, '0000-00-00 00:00:00'),
(10, 13, 81, 1, 1, 1, '2020-04-15 12:43:45', 0, '0000-00-00 00:00:00'),
(11, 14, 81, 50, 1, 1, '2020-04-15 12:43:55', 0, '0000-00-00 00:00:00'),
(12, 12, 82, 1, 1, 1, '2020-04-15 13:28:26', 0, '0000-00-00 00:00:00'),
(13, 13, 82, 1, 1, 1, '2020-04-15 13:28:40', 0, '0000-00-00 00:00:00'),
(14, 14, 82, 60, 1, 1, '2020-04-15 13:28:50', 0, '0000-00-00 00:00:00'),
(15, 15, 82, 50, 1, 1, '2020-04-15 13:28:59', 0, '0000-00-00 00:00:00'),
(16, 4, 80, 50, 1, 1, '2020-04-17 20:38:53', 0, '0000-00-00 00:00:00'),
(17, 13, 80, 1, 1, 1, '2020-04-17 20:39:01', 0, '0000-00-00 00:00:00'),
(18, 12, 80, 1, 1, 1, '2020-04-17 20:39:10', 0, '0000-00-00 00:00:00'),
(19, 12, 103, 1, 1, 1, '2020-05-08 10:36:35', 0, '0000-00-00 00:00:00'),
(20, 14, 103, 20, 1, 1, '2020-05-08 10:37:34', 0, '0000-00-00 00:00:00'),
(21, 15, 103, 20, 1, 1, '2020-05-08 10:37:46', 0, '0000-00-00 00:00:00'),
(22, 12, 102, 10, 1, 1, '2020-05-08 20:21:20', 0, '0000-00-00 00:00:00'),
(23, 15, 102, 10, 1, 1, '2020-05-08 20:21:32', 0, '0000-00-00 00:00:00'),
(24, 12, 104, 1, 1, 1, '2020-05-08 20:32:30', 0, '0000-00-00 00:00:00'),
(25, 15, 104, 5, 1, 1, '2020-05-08 20:32:39', 0, '0000-00-00 00:00:00'),
(26, 13, 104, 10, 1, 1, '2020-05-08 20:45:19', 0, '0000-00-00 00:00:00');

-- --------------------------------------------------------

--
-- Struktur dari tabel `raw_m_outlet_supplier`
--

CREATE TABLE `raw_m_outlet_supplier` (
  `rmos_id` bigint(20) UNSIGNED NOT NULL,
  `outlet_id` int(11) NOT NULL,
  `supplier_id` int(11) NOT NULL,
  `is_active` tinyint(1) NOT NULL,
  `qty` int(11) NOT NULL,
  `price_per_qty` int(11) NOT NULL,
  `create_date` datetime NOT NULL,
  `create_by` int(11) DEFAULT NULL,
  `update_date` datetime NOT NULL,
  `update_by` int(11) DEFAULT NULL,
  `raw_id` int(11) NOT NULL,
  `trx_date` date NOT NULL
) ENGINE=InnoDB DEFAULT CHARSET=latin1;

--
-- Dumping data untuk tabel `raw_m_outlet_supplier`
--

INSERT INTO `raw_m_outlet_supplier` (`rmos_id`, `outlet_id`, `supplier_id`, `is_active`, `qty`, `price_per_qty`, `create_date`, `create_by`, `update_date`, `update_by`, `raw_id`, `trx_date`) VALUES
(5, 3, 4, 1, 100, 60000, '2020-04-10 09:36:10', NULL, '2020-05-07 13:14:16', 1, 4, '2020-04-17'),
(7, 6, 5, 1, 500, 90000, '2020-04-10 09:40:47', NULL, '2020-04-28 19:49:17', 1, 12, '2020-04-10'),
(8, 6, 3, 1, 9, 90000, '2020-04-10 09:43:10', NULL, '0000-00-00 00:00:00', NULL, 5, '2020-04-10'),
(9, 6, 4, 1, 9, 90000, '2020-04-10 09:43:15', NULL, '0000-00-00 00:00:00', NULL, 5, '2020-04-10'),
(10, 3, 4, 1, 60, 67000, '2020-04-10 10:16:16', NULL, '0000-00-00 00:00:00', NULL, 5, '2020-04-10'),
(11, 3, 5, 1, 90, 6000, '2020-04-10 10:16:39', NULL, '0000-00-00 00:00:00', NULL, 5, '2020-04-03'),
(12, 3, 4, 1, 55, 1000, '2020-04-10 10:16:54', NULL, '0000-00-00 00:00:00', NULL, 7, '2020-04-02'),
(13, 3, 4, 1, 55, 50000, '2020-04-14 13:40:02', 1, '0000-00-00 00:00:00', NULL, 11, '2020-04-15'),
(14, 3, 4, 1, 5, 600, '2020-04-14 15:09:51', 1, '0000-00-00 00:00:00', NULL, 11, '2020-04-24'),
(15, 3, 4, 1, 8, 600, '2020-04-14 15:10:01', 1, '2020-04-14 17:56:04', 1, 11, '2020-04-24'),
(16, 3, 4, 1, 100, 5000, '2020-04-14 17:32:15', 1, '2020-04-14 17:34:26', 1, 11, '2020-04-08'),
(17, 3, 4, 1, 800, 800, '2020-04-14 18:25:30', 1, '0000-00-00 00:00:00', NULL, 5, '2020-04-08'),
(18, 6, 4, 1, 800, 800, '2020-04-14 18:26:04', 1, '0000-00-00 00:00:00', NULL, 5, '2020-04-08'),
(19, 6, 4, 1, 66, 500, '2020-04-14 18:26:43', 1, '0000-00-00 00:00:00', NULL, 4, '2020-04-22'),
(20, 3, 4, 0, 100, 2000, '2020-04-15 12:42:40', 1, '2020-04-28 19:49:25', 1, 12, '2020-04-15'),
(21, 3, 4, 1, 100, 2000, '2020-04-15 12:42:54', 1, '0000-00-00 00:00:00', NULL, 13, '2020-04-15'),
(22, 3, 4, 1, 100, 2500, '2020-04-15 12:43:10', 1, '0000-00-00 00:00:00', NULL, 14, '2020-04-15'),
(23, 3, 4, 1, 100, 3000, '2020-04-15 13:28:09', 1, '0000-00-00 00:00:00', NULL, 15, '2020-04-15'),
(24, 3, 4, 1, 100, 3500, '2020-04-17 20:34:04', 1, '0000-00-00 00:00:00', NULL, 15, '2020-04-17'),
(25, 7, 4, 1, 100, 200000, '2020-04-18 21:04:19', 1, '0000-00-00 00:00:00', NULL, 4, '2020-04-18'),
(26, 3, 4, 1, 10, 1000, '2020-05-07 13:15:40', 1, '0000-00-00 00:00:00', NULL, 4, '2020-05-07'),
(27, 3, 4, 1, 10, 2000, '2020-05-07 13:16:33', 1, '0000-00-00 00:00:00', NULL, 4, '2020-05-07'),
(28, 3, 4, 1, 50, 3000, '2020-05-08 10:44:25', 1, '0000-00-00 00:00:00', NULL, 12, '2020-05-08'),
(29, 3, 4, 1, 50, 3000, '2020-05-08 10:44:42', 1, '0000-00-00 00:00:00', NULL, 14, '2020-05-08'),
(30, 3, 4, 1, 50, 3000, '2020-05-08 10:44:56', 1, '0000-00-00 00:00:00', NULL, 15, '2020-05-08'),
(31, 3, 5, 1, 10, 6000, '2020-05-08 20:44:05', 1, '0000-00-00 00:00:00', NULL, 12, '2020-05-08');

-- --------------------------------------------------------

--
-- Struktur dari tabel `return_items`
--

CREATE TABLE `return_items` (
  `id` int(11) NOT NULL,
  `order_id` int(11) NOT NULL,
  `product_code` varchar(499) COLLATE utf8_unicode_ci NOT NULL,
  `price` double(11,2) NOT NULL,
  `qty` int(11) NOT NULL,
  `item_condition` int(11) NOT NULL COMMENT '1: Good, 2: Not Good'
) ENGINE=MyISAM DEFAULT CHARSET=utf8 COLLATE=utf8_unicode_ci;

--
-- Dumping data untuk tabel `return_items`
--

INSERT INTO `return_items` (`id`, `order_id`, `product_code`, `price`, `qty`, `item_condition`) VALUES
(1, 3, 'idm001', 2500.00, 1, 1);

-- --------------------------------------------------------

--
-- Struktur dari tabel `return_raw_detail`
--

CREATE TABLE `return_raw_detail` (
  `uid` bigint(20) UNSIGNED NOT NULL,
  `trx_no` varchar(255) NOT NULL,
  `rm_id` int(11) NOT NULL,
  `qty` int(11) NOT NULL,
  `price_per_qty` int(11) NOT NULL,
  `reason` varchar(255) NOT NULL,
  `create_date` datetime NOT NULL,
  `create_by` int(11) DEFAULT NULL,
  `update_date` datetime NOT NULL,
  `update_by` int(11) DEFAULT NULL,
  `supplier_id` int(11) NOT NULL
) ENGINE=InnoDB DEFAULT CHARSET=latin1;

--
-- Dumping data untuk tabel `return_raw_detail`
--

INSERT INTO `return_raw_detail` (`uid`, `trx_no`, `rm_id`, `qty`, `price_per_qty`, `reason`, `create_date`, `create_by`, `update_date`, `update_by`, `supplier_id`) VALUES
(3, '2147483647', 1, 6, 700, 'tes', '2020-04-10 13:41:34', NULL, '0000-00-00 00:00:00', NULL, 4),
(4, '2004100142104470', 1, 6, 700, 'tes', '2020-04-10 13:42:10', NULL, '0000-00-00 00:00:00', NULL, 5),
(5, '200410022846860', 4, 4, 7000, 'g', '2020-04-10 14:28:46', NULL, '0000-00-00 00:00:00', NULL, 3),
(6, '2004100229396506', 2, 5, 9000, 'g', '2020-04-10 14:29:39', NULL, '0000-00-00 00:00:00', NULL, 3),
(7, '2004100437525050', 1, 5, 700, 'fff', '2020-04-10 16:37:52', 1, '0000-00-00 00:00:00', NULL, 5),
(8, '2004100447238576', 2, 20, 1000, 'ya', '2020-04-10 16:47:23', 1, '0000-00-00 00:00:00', NULL, 4),
(9, '2004100451157242', 7, 5, 1000, 'ya', '2020-04-10 16:51:15', 1, '0000-00-00 00:00:00', NULL, 4),
(10, '2004100452235737', 8, 5, 1000, 'ya', '2020-04-10 16:52:23', 1, '0000-00-00 00:00:00', NULL, 4),
(11, '2004100455089461', 5, 6, 900, 'd', '2020-04-10 16:55:08', 1, '0000-00-00 00:00:00', NULL, 4),
(12, '2004100456386376', 7, 200, 900, 'd', '2020-04-10 16:56:38', 1, '0000-00-00 00:00:00', NULL, 4),
(13, '2004140529532270', 11, 55, 5000, '  f', '2020-04-14 17:29:53', 1, '0000-00-00 00:00:00', NULL, 5),
(14, '2004140602086624', 5, 60, 67000, 'g', '2020-04-14 18:02:08', 5, '0000-00-00 00:00:00', NULL, 4),
(15, '2004140620185173', 5, 605, 67000, 'g', '2020-04-14 18:20:18', 5, '0000-00-00 00:00:00', NULL, 4),
(16, '2004140623046653', 7, 1, 67000, 'g', '2020-04-14 18:23:04', 5, '0000-00-00 00:00:00', NULL, 4),
(17, '2004150920134422', 5, 5, 67000, 'tes', '2020-04-15 09:20:13', 5, '0000-00-00 00:00:00', NULL, 4),
(18, '2004170258033670', 15, 12, 500, 'testing', '2020-04-17 14:58:03', 14, '0000-00-00 00:00:00', NULL, 5),
(19, '2004170828229277', 15, 100, 4500, 'rusak tes', '2020-04-17 20:28:22', 5, '0000-00-00 00:00:00', NULL, 3);

-- --------------------------------------------------------

--
-- Struktur dari tabel `return_raw_header`
--

CREATE TABLE `return_raw_header` (
  `trx_id` bigint(20) UNSIGNED NOT NULL,
  `trx_no` varchar(255) NOT NULL,
  `total_amount` int(11) NOT NULL,
  `trx_date` datetime NOT NULL,
  `create_date` datetime NOT NULL,
  `create_by` int(11) DEFAULT NULL,
  `outlet_id` int(11) NOT NULL,
  `update_by` int(11) DEFAULT NULL,
  `update_date` datetime NOT NULL,
  `payment_method_id` int(11) NOT NULL
) ENGINE=InnoDB DEFAULT CHARSET=latin1;

--
-- Dumping data untuk tabel `return_raw_header`
--

INSERT INTO `return_raw_header` (`trx_id`, `trx_no`, `total_amount`, `trx_date`, `create_date`, `create_by`, `outlet_id`, `update_by`, `update_date`, `payment_method_id`) VALUES
(4, '2147483647', 4200, '2020-04-10 00:00:00', '2020-04-10 13:41:34', NULL, 3, NULL, '0000-00-00 00:00:00', 1),
(5, '2004100142104470', 4200, '2020-04-10 00:00:00', '2020-04-10 13:42:10', NULL, 3, NULL, '0000-00-00 00:00:00', 1),
(6, '200410022846860', 28000, '2020-04-15 00:00:00', '2020-04-10 14:28:46', NULL, 3, NULL, '0000-00-00 00:00:00', 7),
(7, '2004100229396506', 45000, '2020-04-15 00:00:00', '2020-04-10 14:29:39', NULL, 6, NULL, '0000-00-00 00:00:00', 1),
(8, '2004100437525050', 3500, '2020-04-17 00:00:00', '2020-04-10 16:37:52', 1, 3, NULL, '0000-00-00 00:00:00', 1),
(9, '2004100447238576', 20000, '2020-04-17 00:00:00', '2020-04-10 16:47:23', 1, 6, NULL, '0000-00-00 00:00:00', 1),
(10, '2004100451157242', 5000, '2020-04-17 00:00:00', '2020-04-10 16:51:15', 1, 6, NULL, '0000-00-00 00:00:00', 1),
(11, '2004100452235737', 5000, '2020-04-17 00:00:00', '2020-04-10 16:52:23', 1, 6, NULL, '0000-00-00 00:00:00', 1),
(12, '2004100455089461', 5400, '2020-04-10 00:00:00', '2020-04-10 16:55:08', 1, 6, NULL, '0000-00-00 00:00:00', 1),
(13, '2004100456386376', 180000, '2020-04-10 00:00:00', '2020-04-10 16:56:38', 1, 6, NULL, '0000-00-00 00:00:00', 1),
(14, '2004140529532270', 275000, '2020-04-15 00:00:00', '2020-04-14 17:29:53', 1, 3, NULL, '0000-00-00 00:00:00', 1),
(15, '2004140602086624', 4020000, '2020-04-21 00:00:00', '2020-04-14 18:02:08', 5, 3, NULL, '0000-00-00 00:00:00', 1),
(16, '2004140620185173', 40535000, '2020-04-21 00:00:00', '2020-04-14 18:20:18', 5, 3, NULL, '0000-00-00 00:00:00', 1),
(17, '2004140623046653', 67000, '2020-04-21 00:00:00', '2020-04-14 18:23:04', 5, 3, NULL, '0000-00-00 00:00:00', 1),
(18, '2004150920134422', 335000, '2020-04-14 00:00:00', '2020-04-15 09:20:13', 5, 3, NULL, '0000-00-00 00:00:00', 1),
(19, '2004170258033670', 6000, '2020-04-17 14:57:27', '2020-04-17 14:58:03', 14, 6, NULL, '0000-00-00 00:00:00', 1),
(20, '2004170828229277', 450000, '2020-04-17 20:27:39', '2020-04-17 20:28:22', 5, 3, NULL, '0000-00-00 00:00:00', 1);

-- --------------------------------------------------------

--
-- Struktur dari tabel `rmo_history`
--

CREATE TABLE `rmo_history` (
  `uid` bigint(20) UNSIGNED NOT NULL,
  `rm_id` int(11) NOT NULL,
  `outlet_id` int(11) NOT NULL,
  `used_stock` int(11) NOT NULL,
  `total_stock` int(11) NOT NULL,
  `create_date` datetime NOT NULL,
  `update_date` datetime NOT NULL,
  `create_by` varchar(255) NOT NULL,
  `update_by` varchar(255) NOT NULL,
  `i_date` date NOT NULL
) ENGINE=InnoDB DEFAULT CHARSET=latin1;

--
-- Dumping data untuk tabel `rmo_history`
--

INSERT INTO `rmo_history` (`uid`, `rm_id`, `outlet_id`, `used_stock`, `total_stock`, `create_date`, `update_date`, `create_by`, `update_by`, `i_date`) VALUES
(1, 11, 3, 0, 600, '2020-04-14 17:32:15', '0000-00-00 00:00:00', '1', '', '2020-04-19'),
(2, 11, 3, 0, 100, '2020-04-14 17:34:26', '0000-00-00 00:00:00', '1', '', '2020-04-19'),
(3, 11, 3, 0, -600, '2020-04-14 17:34:26', '0000-00-00 00:00:00', '1', '', '2020-04-19'),
(4, 11, 3, 0, 5, '2020-04-14 17:54:43', '0000-00-00 00:00:00', '1', '', '2020-04-19'),
(5, 11, 3, 0, -1, '2020-04-14 17:54:43', '0000-00-00 00:00:00', '1', '', '2020-04-19'),
(6, 11, 3, 0, 51, '2020-04-14 17:55:27', '0000-00-00 00:00:00', '1', '', '2020-04-19'),
(7, 11, 3, 0, -5, '2020-04-14 17:55:27', '0000-00-00 00:00:00', '1', '', '2020-04-19'),
(8, 11, 3, 0, 1, '2020-04-14 17:55:45', '0000-00-00 00:00:00', '1', '', '2020-04-19'),
(9, 11, 3, 0, -51, '2020-04-14 17:55:45', '0000-00-00 00:00:00', '1', '', '2020-04-19'),
(10, 11, 3, 0, 4, '2020-04-14 17:55:54', '0000-00-00 00:00:00', '1', '', '2020-04-19'),
(11, 11, 3, 0, -1, '2020-04-14 17:55:54', '0000-00-00 00:00:00', '1', '', '2020-04-19'),
(12, 11, 3, 0, 8, '2020-04-14 17:56:04', '0000-00-00 00:00:00', '1', '', '2020-04-19'),
(13, 11, 3, 0, -4, '2020-04-14 17:56:04', '0000-00-00 00:00:00', '1', '', '2020-04-19'),
(14, 5, 3, 18, 0, '2020-04-14 17:59:34', '0000-00-00 00:00:00', '1', '', '2020-04-19'),
(15, 4, 3, 2, 0, '2020-04-14 17:59:34', '0000-00-00 00:00:00', '1', '', '2020-04-19'),
(16, 5, 3, 0, -60, '2020-04-14 18:02:08', '0000-00-00 00:00:00', '5', '', '2020-04-19'),
(17, 5, 3, 0, -605, '2020-04-14 18:20:18', '0000-00-00 00:00:00', '5', '', '2020-04-19'),
(18, 7, 3, 0, -1, '2020-04-14 18:23:04', '0000-00-00 00:00:00', '5', '', '2020-04-19'),
(19, 5, 3, 0, 800, '2020-04-14 18:25:30', '0000-00-00 00:00:00', '1', '', '2020-04-19'),
(20, 4, 6, 0, 66, '2020-04-14 18:26:43', '0000-00-00 00:00:00', '1', '', '2020-04-19'),
(21, 5, 3, 0, -5, '2020-04-15 09:20:13', '0000-00-00 00:00:00', '5', '', '2020-04-15'),
(22, 4, 3, 5, 0, '2020-04-15 12:44:49', '0000-00-00 00:00:00', '5', '', '2020-04-15'),
(23, 7, 3, 2, 0, '2020-04-15 12:44:49', '0000-00-00 00:00:00', '5', '', '2020-04-15'),
(24, 12, 3, 1, 0, '2020-04-15 12:44:49', '0000-00-00 00:00:00', '5', '', '2020-04-15'),
(25, 13, 3, 1, 0, '2020-04-15 12:44:49', '0000-00-00 00:00:00', '5', '', '2020-04-15'),
(26, 14, 3, 50, 0, '2020-04-15 12:44:49', '0000-00-00 00:00:00', '5', '', '2020-04-15'),
(27, 12, 3, 1, 0, '2020-04-15 13:29:51', '0000-00-00 00:00:00', '5', '', '2020-04-15'),
(28, 13, 3, 1, 0, '2020-04-15 13:29:51', '0000-00-00 00:00:00', '5', '', '2020-04-15'),
(29, 14, 3, 60, 0, '2020-04-15 13:29:51', '0000-00-00 00:00:00', '5', '', '2020-04-15'),
(30, 15, 3, 50, 0, '2020-04-15 13:29:51', '0000-00-00 00:00:00', '5', '', '2020-04-15'),
(31, 15, 6, 0, -12, '2020-04-17 14:58:04', '0000-00-00 00:00:00', '14', '', '2020-04-17'),
(32, 15, 3, 0, -100, '2020-04-17 20:28:22', '0000-00-00 00:00:00', '5', '', '2020-04-17'),
(33, 15, 3, 0, 100, '2020-04-17 20:34:04', '0000-00-00 00:00:00', '1', '', '2020-04-17'),
(34, 4, 3, 50, 0, '2020-04-17 21:30:22', '0000-00-00 00:00:00', '1', '', '2020-04-17'),
(35, 13, 3, 1, 0, '2020-04-17 21:30:23', '0000-00-00 00:00:00', '1', '', '2020-04-17'),
(36, 12, 3, 1, 0, '2020-04-17 21:30:23', '0000-00-00 00:00:00', '1', '', '2020-04-17'),
(37, 5, 3, 9, 0, '2020-04-18 21:05:33', '0000-00-00 00:00:00', '1', '', '2020-04-18'),
(38, 4, 3, 1, 0, '2020-04-18 21:05:34', '0000-00-00 00:00:00', '1', '', '2020-04-18'),
(39, 7, 3, 11, 0, '2020-04-18 21:05:34', '0000-00-00 00:00:00', '1', '', '2020-04-18'),
(40, 5, 3, 9, 0, '2020-04-18 21:05:34', '0000-00-00 00:00:00', '1', '', '2020-04-18'),
(41, 4, 3, 1, 0, '2020-04-18 21:05:34', '0000-00-00 00:00:00', '1', '', '2020-04-18'),
(42, 7, 3, 11, 0, '2020-04-18 21:05:34', '0000-00-00 00:00:00', '1', '', '2020-04-18'),
(43, 4, 3, 250, 0, '2020-04-20 12:48:28', '0000-00-00 00:00:00', '1', '', '2020-04-20'),
(44, 13, 3, 5, 0, '2020-04-20 12:48:28', '0000-00-00 00:00:00', '1', '', '2020-04-20'),
(45, 12, 3, 5, 0, '2020-04-20 12:48:28', '0000-00-00 00:00:00', '1', '', '2020-04-20'),
(46, 12, 6, 0, 500, '2020-04-28 19:49:17', '0000-00-00 00:00:00', '1', '', '2020-04-28'),
(47, 12, 6, 0, -9, '2020-04-28 19:49:17', '0000-00-00 00:00:00', '1', '', '2020-04-28'),
(48, 4, 3, 0, 100, '2020-05-07 13:14:16', '0000-00-00 00:00:00', '1', '', '2020-05-07'),
(49, 4, 3, 0, -46, '2020-05-07 13:14:16', '0000-00-00 00:00:00', '1', '', '2020-05-07'),
(50, 4, 3, 0, 10, '2020-05-07 13:15:40', '0000-00-00 00:00:00', '1', '', '2020-05-07'),
(51, 4, 3, 0, 10, '2020-05-07 13:16:33', '0000-00-00 00:00:00', '1', '', '2020-05-07'),
(52, 12, 3, 2, 0, '2020-05-08 10:40:58', '0000-00-00 00:00:00', '1', '', '2020-05-08'),
(53, 14, 3, 40, 0, '2020-05-08 10:40:58', '0000-00-00 00:00:00', '1', '', '2020-05-08'),
(54, 15, 3, 40, 0, '2020-05-08 10:40:58', '0000-00-00 00:00:00', '1', '', '2020-05-08'),
(55, 12, 3, 0, 50, '2020-05-08 10:44:25', '0000-00-00 00:00:00', '1', '', '2020-05-08'),
(56, 14, 3, 0, 50, '2020-05-08 10:44:42', '0000-00-00 00:00:00', '1', '', '2020-05-08'),
(57, 15, 3, 0, 50, '2020-05-08 10:44:56', '0000-00-00 00:00:00', '1', '', '2020-05-08'),
(58, 12, 3, 2, 0, '2020-05-08 10:45:30', '0000-00-00 00:00:00', '1', '', '2020-05-08'),
(59, 14, 3, 40, 0, '2020-05-08 10:45:30', '0000-00-00 00:00:00', '1', '', '2020-05-08'),
(60, 15, 3, 40, 0, '2020-05-08 10:45:30', '0000-00-00 00:00:00', '1', '', '2020-05-08'),
(61, 12, 3, 2, 0, '2020-05-08 20:35:11', '0000-00-00 00:00:00', '1', '', '2020-05-08'),
(62, 15, 3, 10, 0, '2020-05-08 20:35:11', '0000-00-00 00:00:00', '1', '', '2020-05-08'),
(63, 12, 3, 0, 10, '2020-05-08 20:44:05', '0000-00-00 00:00:00', '1', '', '2020-05-08'),
(64, 7, 3, 11, 0, '2020-05-08 21:15:44', '0000-00-00 00:00:00', '1', '', '2020-05-08');

-- --------------------------------------------------------

--
-- Struktur dari tabel `site_setting`
--

CREATE TABLE `site_setting` (
  `id` int(11) NOT NULL,
  `site_name` varchar(499) COLLATE utf8_unicode_ci NOT NULL,
  `site_logo` varchar(255) COLLATE utf8_unicode_ci NOT NULL,
  `timezone` varchar(499) COLLATE utf8_unicode_ci NOT NULL,
  `pagination` int(11) NOT NULL,
  `tax` double(11,2) NOT NULL,
  `currency` char(3) COLLATE utf8_unicode_ci NOT NULL,
  `datetime_format` varchar(30) COLLATE utf8_unicode_ci NOT NULL,
  `display_product` int(11) NOT NULL,
  `display_keyboard` int(11) NOT NULL,
  `default_customer_id` int(11) NOT NULL,
  `updated_user_id` int(11) NOT NULL,
  `updated_datetime` datetime NOT NULL
) ENGINE=MyISAM DEFAULT CHARSET=utf8 COLLATE=utf8_unicode_ci;

--
-- Dumping data untuk tabel `site_setting`
--

INSERT INTO `site_setting` (`id`, `site_name`, `site_logo`, `timezone`, `pagination`, `tax`, `currency`, `datetime_format`, `display_product`, `display_keyboard`, `default_customer_id`, `updated_user_id`, `updated_datetime`) VALUES
(1, 'POS ROTI GEMBOONG', 'logo.jpg', 'Asia/Jakarta', 10, 0.00, 'IDR', 'd-m-Y', 3, 0, 1, 1, '2020-04-20 21:10:22');

-- --------------------------------------------------------

--
-- Struktur dari tabel `suppliers`
--

CREATE TABLE `suppliers` (
  `id` int(11) NOT NULL,
  `name` varchar(4999) COLLATE utf8_unicode_ci NOT NULL,
  `tax` double(11,2) NOT NULL,
  `email` varchar(255) COLLATE utf8_unicode_ci NOT NULL,
  `address` longtext COLLATE utf8_unicode_ci NOT NULL,
  `tel` varchar(255) COLLATE utf8_unicode_ci NOT NULL,
  `fax` varchar(255) COLLATE utf8_unicode_ci NOT NULL,
  `created_user_id` int(11) NOT NULL,
  `created_datetime` datetime NOT NULL,
  `updated_user_id` int(11) NOT NULL,
  `updated_datetime` datetime NOT NULL,
  `status` int(1) NOT NULL
) ENGINE=MyISAM DEFAULT CHARSET=utf8 COLLATE=utf8_unicode_ci;

--
-- Dumping data untuk tabel `suppliers`
--

INSERT INTO `suppliers` (`id`, `name`, `tax`, `email`, `address`, `tel`, `fax`, `created_user_id`, `created_datetime`, `updated_user_id`, `updated_datetime`, `status`) VALUES
(4, 'Suplier Indomie', 0.00, '', 'Sukabumi', '080000000000', '', 1, '2018-10-18 22:20:45', 0, '0000-00-00 00:00:00', 1),
(5, 'PT Minuman', 0.00, '', 'Sukabumi', '080000000123', '', 1, '2018-10-18 22:21:17', 0, '0000-00-00 00:00:00', 1),
(3, 'PT Sayur Sukabumi', 0.00, '', 'Sukabumi', '080000000000', '', 1, '2016-11-19 17:42:18', 1, '2018-10-18 22:20:21', 1);

-- --------------------------------------------------------

--
-- Struktur dari tabel `suspend`
--

CREATE TABLE `suspend` (
  `id` int(11) NOT NULL,
  `customer_id` int(11) NOT NULL,
  `fullname` varchar(499) COLLATE utf8_unicode_ci NOT NULL,
  `email` varchar(499) COLLATE utf8_unicode_ci NOT NULL,
  `mobile` varchar(255) COLLATE utf8_unicode_ci NOT NULL,
  `ref_number` varchar(499) COLLATE utf8_unicode_ci NOT NULL,
  `outlet_id` int(11) NOT NULL,
  `subtotal` double(11,2) NOT NULL,
  `discount_total` double(11,2) NOT NULL,
  `tax` double(11,2) NOT NULL,
  `grandtotal` double(11,2) NOT NULL,
  `total_items` int(11) NOT NULL,
  `created_user_id` int(11) NOT NULL,
  `created_datetime` datetime NOT NULL,
  `updated_user_id` int(11) NOT NULL,
  `updated_datetime` datetime NOT NULL,
  `status` int(11) NOT NULL
) ENGINE=MyISAM DEFAULT CHARSET=utf8 COLLATE=utf8_unicode_ci;

--
-- Dumping data untuk tabel `suspend`
--

INSERT INTO `suspend` (`id`, `customer_id`, `fullname`, `email`, `mobile`, `ref_number`, `outlet_id`, `subtotal`, `discount_total`, `tax`, `grandtotal`, `total_items`, `created_user_id`, `created_datetime`, `updated_user_id`, `updated_datetime`, `status`) VALUES
(1, 1, 'Walk In Customer', '', '', '18102336', 3, 150000.00, 0.00, 7500.00, 157500.00, 60, 1, '2018-10-18 23:37:02', 1, '2018-10-18 23:43:02', 1),
(2, 2, 'aaa', 'a@gmail.com', '23121', '24242', 3, 0.00, 0.00, 0.00, 0.00, 0, 1, '2020-04-05 21:31:39', 0, '0000-00-00 00:00:00', 0),
(3, 1, 'Walk In Customer', '', '', '4', 3, 20000.00, 0.00, 0.00, 20000.00, 2, 1, '2020-04-11 14:55:00', 1, '2020-04-11 16:37:30', 1),
(4, 1, 'Walk In Customer', '', '', '22', 6, 0.00, 0.00, 0.00, 0.00, 0, 1, '2020-04-11 16:38:37', 0, '0000-00-00 00:00:00', 0),
(5, 1, 'Walk In Customer', '', '', '444', 6, 0.00, 0.00, 0.00, 0.00, 0, 1, '2020-04-11 16:39:20', 0, '0000-00-00 00:00:00', 0),
(6, 1, 'Walk In Customer', '', '', '200420', 6, 72000.00, 0.00, 0.00, 72000.00, 6, 14, '2020-04-20 12:14:39', 0, '0000-00-00 00:00:00', 0),
(7, 1, 'Walk In Customer', '', '', '200420', 6, 144000.00, 0.00, 0.00, 144000.00, 12, 14, '2020-04-20 12:29:49', 0, '0000-00-00 00:00:00', 0),
(8, 1, 'Walk In Customer', '', '', '200420', 6, 60000.00, 0.00, 0.00, 60000.00, 5, 14, '2020-04-20 12:37:53', 0, '0000-00-00 00:00:00', 0);

-- --------------------------------------------------------

--
-- Struktur dari tabel `suspend_items`
--

CREATE TABLE `suspend_items` (
  `id` int(11) NOT NULL,
  `suspend_id` int(11) NOT NULL,
  `product_code` varchar(499) COLLATE utf8_unicode_ci NOT NULL,
  `product_name` varchar(499) COLLATE utf8_unicode_ci NOT NULL,
  `product_category` int(11) NOT NULL,
  `product_cost` double(11,2) NOT NULL,
  `qty` int(11) NOT NULL,
  `product_price` varchar(499) COLLATE utf8_unicode_ci NOT NULL
) ENGINE=MyISAM DEFAULT CHARSET=utf8 COLLATE=utf8_unicode_ci;

--
-- Dumping data untuk tabel `suspend_items`
--

INSERT INTO `suspend_items` (`id`, `suspend_id`, `product_code`, `product_name`, `product_category`, `product_cost`, `qty`, `product_price`) VALUES
(1, 1, 'idm002', 'Indomie Goreng', 6, 2150.00, 20, '2500.00'),
(2, 1, 'idm001', 'Indomie Ayam Bawang', 6, 2150.00, 20, '2500.00'),
(3, 1, 'idm004', 'Indomie Empal Gentong', 6, 2150.00, 20, '2500.00'),
(4, 2, 'GSM07', 'Keju Susu', 10, 0.00, 8, '0.00'),
(5, 2, 'GSM08', 'Green Tea', 10, 0.00, 3, '0.00'),
(6, 3, 'GSM03', 'Coklat Keju', 10, 7000.00, 1, '12000.00'),
(7, 3, 'GSM01', 'Original', 10, 6000.00, 1, '8000.00'),
(8, 4, 'GSM10', 'Mocca', 10, 0.00, 1, '0.00'),
(9, 4, 'GSM09', 'Matcha Keju', 10, 0.00, 1, '0.00'),
(10, 4, 'GSM08', 'Green Tea', 10, 0.00, 1, '0.00'),
(11, 4, 'GSM07', 'Keju Susu', 10, 0.00, 1, '0.00'),
(12, 5, 'GSM08', 'Green Tea', 10, 0.00, 1, '0.00'),
(13, 5, 'GSM07', 'Keju Susu', 10, 0.00, 1, '0.00'),
(14, 6, 'GSM10', 'Mocca', 10, 6000.00, 6, '12000.00'),
(15, 7, 'GSM10', 'Mocca', 10, 6000.00, 12, '12000.00'),
(16, 8, 'GSM10', 'Mocca', 10, 6000.00, 5, '12000.00');

-- --------------------------------------------------------

--
-- Struktur dari tabel `timezones`
--

CREATE TABLE `timezones` (
  `id` int(11) NOT NULL,
  `code` varchar(30) COLLATE utf8_unicode_ci NOT NULL,
  `timezone` varchar(499) COLLATE utf8_unicode_ci NOT NULL
) ENGINE=MyISAM DEFAULT CHARSET=utf8 COLLATE=utf8_unicode_ci;

--
-- Dumping data untuk tabel `timezones`
--

INSERT INTO `timezones` (`id`, `code`, `timezone`) VALUES
(1, 'AD', 'Europe/Andorra'),
(2, 'AE', 'Asia/Dubai'),
(3, 'AF', 'Asia/Kabul'),
(4, 'AG', 'America/Antigua'),
(5, 'AI', 'America/Anguilla'),
(6, 'AL', 'Europe/Tirane'),
(7, 'AM', 'Asia/Yerevan'),
(8, 'AO', 'Africa/Luanda'),
(9, 'AQ', 'Antarctica/McMurdo'),
(10, 'AQ', 'Antarctica/Casey'),
(11, 'AQ', 'Antarctica/Davis'),
(12, 'AQ', 'Antarctica/DumontDUrville'),
(13, 'AQ', 'Antarctica/Mawson'),
(14, 'AQ', 'Antarctica/Palmer'),
(15, 'AQ', 'Antarctica/Rothera'),
(16, 'AQ', 'Antarctica/Syowa'),
(17, 'AQ', 'Antarctica/Troll'),
(18, 'AQ', 'Antarctica/Vostok'),
(19, 'AR', 'America/Argentina/Buenos_Aires'),
(20, 'AR', 'America/Argentina/Cordoba'),
(21, 'AR', 'America/Argentina/Salta'),
(22, 'AR', 'America/Argentina/Jujuy'),
(23, 'AR', 'America/Argentina/Tucuman'),
(24, 'AR', 'America/Argentina/Catamarca'),
(25, 'AR', 'America/Argentina/La_Rioja'),
(26, 'AR', 'America/Argentina/San_Juan'),
(27, 'AR', 'America/Argentina/Mendoza'),
(28, 'AR', 'America/Argentina/San_Luis'),
(29, 'AR', 'America/Argentina/Rio_Gallegos'),
(30, 'AR', 'America/Argentina/Ushuaia'),
(31, 'AS', 'Pacific/Pago_Pago'),
(32, 'AT', 'Europe/Vienna'),
(33, 'AU', 'Australia/Lord_Howe'),
(34, 'AU', 'Antarctica/Macquarie'),
(35, 'AU', 'Australia/Hobart'),
(36, 'AU', 'Australia/Currie'),
(37, 'AU', 'Australia/Melbourne'),
(38, 'AU', 'Australia/Sydney'),
(39, 'AU', 'Australia/Broken_Hill'),
(40, 'AU', 'Australia/Brisbane'),
(41, 'AU', 'Australia/Lindeman'),
(42, 'AU', 'Australia/Adelaide'),
(43, 'AU', 'Australia/Darwin'),
(44, 'AU', 'Australia/Perth'),
(45, 'AU', 'Australia/Eucla'),
(46, 'AW', 'America/Aruba'),
(47, 'AX', 'Europe/Mariehamn'),
(48, 'AZ', 'Asia/Baku'),
(49, 'BA', 'Europe/Sarajevo'),
(50, 'BB', 'America/Barbados'),
(51, 'BD', 'Asia/Dhaka'),
(52, 'BE', 'Europe/Brussels'),
(53, 'BF', 'Africa/Ouagadougou'),
(54, 'BG', 'Europe/Sofia'),
(55, 'BH', 'Asia/Bahrain'),
(56, 'BI', 'Africa/Bujumbura'),
(57, 'BJ', 'Africa/Porto-Novo'),
(58, 'BL', 'America/St_Barthelemy'),
(59, 'BM', 'Atlantic/Bermuda'),
(60, 'BN', 'Asia/Brunei'),
(61, 'BO', 'America/La_Paz'),
(62, 'BQ', 'America/Kralendijk'),
(63, 'BR', 'America/Noronha'),
(64, 'BR', 'America/Belem'),
(65, 'BR', 'America/Fortaleza'),
(66, 'BR', 'America/Recife'),
(67, 'BR', 'America/Araguaina'),
(68, 'BR', 'America/Maceio'),
(69, 'BR', 'America/Bahia'),
(70, 'BR', 'America/Sao_Paulo'),
(71, 'BR', 'America/Campo_Grande'),
(72, 'BR', 'America/Cuiaba'),
(73, 'BR', 'America/Santarem'),
(74, 'BR', 'America/Porto_Velho'),
(75, 'BR', 'America/Boa_Vista'),
(76, 'BR', 'America/Manaus'),
(77, 'BR', 'America/Eirunepe'),
(78, 'BR', 'America/Rio_Branco'),
(79, 'BS', 'America/Nassau'),
(80, 'BT', 'Asia/Thimphu'),
(81, 'BW', 'Africa/Gaborone'),
(82, 'BY', 'Europe/Minsk'),
(83, 'BZ', 'America/Belize'),
(84, 'CA', 'America/St_Johns'),
(85, 'CA', 'America/Halifax'),
(86, 'CA', 'America/Glace_Bay'),
(87, 'CA', 'America/Moncton'),
(88, 'CA', 'America/Goose_Bay'),
(89, 'CA', 'America/Blanc-Sablon'),
(90, 'CA', 'America/Toronto'),
(91, 'CA', 'America/Nipigon'),
(92, 'CA', 'America/Thunder_Bay'),
(93, 'CA', 'America/Iqaluit'),
(94, 'CA', 'America/Pangnirtung'),
(95, 'CA', 'America/Atikokan'),
(96, 'CA', 'America/Winnipeg'),
(97, 'CA', 'America/Rainy_River'),
(98, 'CA', 'America/Resolute'),
(99, 'CA', 'America/Rankin_Inlet'),
(100, 'CA', 'America/Regina'),
(101, 'CA', 'America/Swift_Current'),
(102, 'CA', 'America/Edmonton'),
(103, 'CA', 'America/Cambridge_Bay'),
(104, 'CA', 'America/Yellowknife'),
(105, 'CA', 'America/Inuvik'),
(106, 'CA', 'America/Creston'),
(107, 'CA', 'America/Dawson_Creek'),
(108, 'CA', 'America/Fort_Nelson'),
(109, 'CA', 'America/Vancouver'),
(110, 'CA', 'America/Whitehorse'),
(111, 'CA', 'America/Dawson'),
(112, 'CC', 'Indian/Cocos'),
(113, 'CD', 'Africa/Kinshasa'),
(114, 'CD', 'Africa/Lubumbashi'),
(115, 'CF', 'Africa/Bangui'),
(116, 'CG', 'Africa/Brazzaville'),
(117, 'CH', 'Europe/Zurich'),
(118, 'CI', 'Africa/Abidjan'),
(119, 'CK', 'Pacific/Rarotonga'),
(120, 'CL', 'America/Santiago'),
(121, 'CL', 'Pacific/Easter'),
(122, 'CM', 'Africa/Douala'),
(123, 'CN', 'Asia/Shanghai'),
(124, 'CN', 'Asia/Urumqi'),
(125, 'CO', 'America/Bogota'),
(126, 'CR', 'America/Costa_Rica'),
(127, 'CU', 'America/Havana'),
(128, 'CV', 'Atlantic/Cape_Verde'),
(129, 'CW', 'America/Curacao'),
(130, 'CX', 'Indian/Christmas'),
(131, 'CY', 'Asia/Nicosia'),
(132, 'CZ', 'Europe/Prague'),
(133, 'DE', 'Europe/Berlin'),
(134, 'DE', 'Europe/Busingen'),
(135, 'DJ', 'Africa/Djibouti'),
(136, 'DK', 'Europe/Copenhagen'),
(137, 'DM', 'America/Dominica'),
(138, 'DO', 'America/Santo_Domingo'),
(139, 'DZ', 'Africa/Algiers'),
(140, 'EC', 'America/Guayaquil'),
(141, 'EC', 'Pacific/Galapagos'),
(142, 'EE', 'Europe/Tallinn'),
(143, 'EG', 'Africa/Cairo'),
(144, 'EH', 'Africa/El_Aaiun'),
(145, 'ER', 'Africa/Asmara'),
(146, 'ES', 'Europe/Madrid'),
(147, 'ES', 'Africa/Ceuta'),
(148, 'ES', 'Atlantic/Canary'),
(149, 'ET', 'Africa/Addis_Ababa'),
(150, 'FI', 'Europe/Helsinki'),
(151, 'FJ', 'Pacific/Fiji'),
(152, 'FK', 'Atlantic/Stanley'),
(153, 'FM', 'Pacific/Chuuk'),
(154, 'FM', 'Pacific/Pohnpei'),
(155, 'FM', 'Pacific/Kosrae'),
(156, 'FO', 'Atlantic/Faroe'),
(157, 'FR', 'Europe/Paris'),
(158, 'GA', 'Africa/Libreville'),
(159, 'GB', 'Europe/London'),
(160, 'GD', 'America/Grenada'),
(161, 'GE', 'Asia/Tbilisi'),
(162, 'GF', 'America/Cayenne'),
(163, 'GG', 'Europe/Guernsey'),
(164, 'GH', 'Africa/Accra'),
(165, 'GI', 'Europe/Gibraltar'),
(166, 'GL', 'America/Godthab'),
(167, 'GL', 'America/Danmarkshavn'),
(168, 'GL', 'America/Scoresbysund'),
(169, 'GL', 'America/Thule'),
(170, 'GM', 'Africa/Banjul'),
(171, 'GN', 'Africa/Conakry'),
(172, 'GP', 'America/Guadeloupe'),
(173, 'GQ', 'Africa/Malabo'),
(174, 'GR', 'Europe/Athens'),
(175, 'GS', 'Atlantic/South_Georgia'),
(176, 'GT', 'America/Guatemala'),
(177, 'GU', 'Pacific/Guam'),
(178, 'GW', 'Africa/Bissau'),
(179, 'GY', 'America/Guyana'),
(180, 'HK', 'Asia/Hong_Kong'),
(181, 'HN', 'America/Tegucigalpa'),
(182, 'HR', 'Europe/Zagreb'),
(183, 'HT', 'America/Port-au-Prince'),
(184, 'HU', 'Europe/Budapest'),
(185, 'ID', 'Asia/Jakarta'),
(186, 'ID', 'Asia/Pontianak'),
(187, 'ID', 'Asia/Makassar'),
(188, 'ID', 'Asia/Jayapura'),
(189, 'IE', 'Europe/Dublin'),
(190, 'IL', 'Asia/Jerusalem'),
(191, 'IM', 'Europe/Isle_of_Man'),
(192, 'IN', 'Asia/Kolkata'),
(193, 'IO', 'Indian/Chagos'),
(194, 'IQ', 'Asia/Baghdad'),
(195, 'IR', 'Asia/Tehran'),
(196, 'IS', 'Atlantic/Reykjavik'),
(197, 'IT', 'Europe/Rome'),
(198, 'JE', 'Europe/Jersey'),
(199, 'JM', 'America/Jamaica'),
(200, 'JO', 'Asia/Amman'),
(201, 'JP', 'Asia/Tokyo'),
(202, 'KE', 'Africa/Nairobi'),
(203, 'KG', 'Asia/Bishkek'),
(204, 'KH', 'Asia/Phnom_Penh'),
(205, 'KI', 'Pacific/Tarawa'),
(206, 'KI', 'Pacific/Enderbury'),
(207, 'KI', 'Pacific/Kiritimati'),
(208, 'KM', 'Indian/Comoro'),
(209, 'KN', 'America/St_Kitts'),
(210, 'KP', 'Asia/Pyongyang'),
(211, 'KR', 'Asia/Seoul'),
(212, 'KW', 'Asia/Kuwait'),
(213, 'KY', 'America/Cayman'),
(214, 'KZ', 'Asia/Almaty'),
(215, 'KZ', 'Asia/Qyzylorda'),
(216, 'KZ', 'Asia/Aqtobe'),
(217, 'KZ', 'Asia/Aqtau'),
(218, 'KZ', 'Asia/Oral'),
(219, 'LA', 'Asia/Vientiane'),
(220, 'LB', 'Asia/Beirut'),
(221, 'LC', 'America/St_Lucia'),
(222, 'LI', 'Europe/Vaduz'),
(223, 'LK', 'Asia/Colombo'),
(224, 'LR', 'Africa/Monrovia'),
(225, 'LS', 'Africa/Maseru'),
(226, 'LT', 'Europe/Vilnius'),
(227, 'LU', 'Europe/Luxembourg'),
(228, 'LV', 'Europe/Riga'),
(229, 'LY', 'Africa/Tripoli'),
(230, 'MA', 'Africa/Casablanca'),
(231, 'MC', 'Europe/Monaco'),
(232, 'MD', 'Europe/Chisinau'),
(233, 'ME', 'Europe/Podgorica'),
(234, 'MF', 'America/Marigot'),
(235, 'MG', 'Indian/Antananarivo'),
(236, 'MH', 'Pacific/Majuro'),
(237, 'MH', 'Pacific/Kwajalein'),
(238, 'MK', 'Europe/Skopje'),
(239, 'ML', 'Africa/Bamako'),
(240, 'MM', 'Asia/Rangoon'),
(241, 'MN', 'Asia/Ulaanbaatar'),
(242, 'MN', 'Asia/Hovd'),
(243, 'MN', 'Asia/Choibalsan'),
(244, 'MO', 'Asia/Macau'),
(245, 'MP', 'Pacific/Saipan'),
(246, 'MQ', 'America/Martinique'),
(247, 'MR', 'Africa/Nouakchott'),
(248, 'MS', 'America/Montserrat'),
(249, 'MT', 'Europe/Malta'),
(250, 'MU', 'Indian/Mauritius'),
(251, 'MV', 'Indian/Maldives'),
(252, 'MW', 'Africa/Blantyre'),
(253, 'MX', 'America/Mexico_City'),
(254, 'MX', 'America/Cancun'),
(255, 'MX', 'America/Merida'),
(256, 'MX', 'America/Monterrey'),
(257, 'MX', 'America/Matamoros'),
(258, 'MX', 'America/Mazatlan'),
(259, 'MX', 'America/Chihuahua'),
(260, 'MX', 'America/Ojinaga'),
(261, 'MX', 'America/Hermosillo'),
(262, 'MX', 'America/Tijuana'),
(263, 'MX', 'America/Bahia_Banderas'),
(264, 'MY', 'Asia/Kuala_Lumpur'),
(265, 'MY', 'Asia/Kuching'),
(266, 'MZ', 'Africa/Maputo'),
(267, 'NA', 'Africa/Windhoek'),
(268, 'NC', 'Pacific/Noumea'),
(269, 'NE', 'Africa/Niamey'),
(270, 'NF', 'Pacific/Norfolk'),
(271, 'NG', 'Africa/Lagos'),
(272, 'NI', 'America/Managua'),
(273, 'NL', 'Europe/Amsterdam'),
(274, 'NO', 'Europe/Oslo'),
(275, 'NP', 'Asia/Kathmandu'),
(276, 'NR', 'Pacific/Nauru'),
(277, 'NU', 'Pacific/Niue'),
(278, 'NZ', 'Pacific/Auckland'),
(279, 'NZ', 'Pacific/Chatham'),
(280, 'OM', 'Asia/Muscat'),
(281, 'PA', 'America/Panama'),
(282, 'PE', 'America/Lima'),
(283, 'PF', 'Pacific/Tahiti'),
(284, 'PF', 'Pacific/Marquesas'),
(285, 'PF', 'Pacific/Gambier'),
(286, 'PG', 'Pacific/Port_Moresby'),
(287, 'PG', 'Pacific/Bougainville'),
(288, 'PH', 'Asia/Manila'),
(289, 'PK', 'Asia/Karachi'),
(290, 'PL', 'Europe/Warsaw'),
(291, 'PM', 'America/Miquelon'),
(292, 'PN', 'Pacific/Pitcairn'),
(293, 'PR', 'America/Puerto_Rico'),
(294, 'PS', 'Asia/Gaza'),
(295, 'PS', 'Asia/Hebron'),
(296, 'PT', 'Europe/Lisbon'),
(297, 'PT', 'Atlantic/Madeira'),
(298, 'PT', 'Atlantic/Azores'),
(299, 'PW', 'Pacific/Palau'),
(300, 'PY', 'America/Asuncion'),
(301, 'QA', 'Asia/Qatar'),
(302, 'RE', 'Indian/Reunion'),
(303, 'RO', 'Europe/Bucharest'),
(304, 'RS', 'Europe/Belgrade'),
(305, 'RU', 'Europe/Kaliningrad'),
(306, 'RU', 'Europe/Moscow'),
(307, 'RU', 'Europe/Simferopol'),
(308, 'RU', 'Europe/Volgograd'),
(309, 'RU', 'Europe/Kirov'),
(310, 'RU', 'Europe/Astrakhan'),
(311, 'RU', 'Europe/Samara'),
(312, 'RU', 'Europe/Ulyanovsk'),
(313, 'RU', 'Asia/Yekaterinburg'),
(314, 'RU', 'Asia/Omsk'),
(315, 'RU', 'Asia/Novosibirsk'),
(316, 'RU', 'Asia/Barnaul'),
(317, 'RU', 'Asia/Tomsk'),
(318, 'RU', 'Asia/Novokuznetsk'),
(319, 'RU', 'Asia/Krasnoyarsk'),
(320, 'RU', 'Asia/Irkutsk'),
(321, 'RU', 'Asia/Chita'),
(322, 'RU', 'Asia/Yakutsk'),
(323, 'RU', 'Asia/Khandyga'),
(324, 'RU', 'Asia/Vladivostok'),
(325, 'RU', 'Asia/Ust-Nera'),
(326, 'RU', 'Asia/Magadan'),
(327, 'RU', 'Asia/Sakhalin'),
(328, 'RU', 'Asia/Srednekolymsk'),
(329, 'RU', 'Asia/Kamchatka'),
(330, 'RU', 'Asia/Anadyr'),
(331, 'RW', 'Africa/Kigali'),
(332, 'SA', 'Asia/Riyadh'),
(333, 'SB', 'Pacific/Guadalcanal'),
(334, 'SC', 'Indian/Mahe'),
(335, 'SD', 'Africa/Khartoum'),
(336, 'SE', 'Europe/Stockholm'),
(337, 'SG', 'Asia/Singapore'),
(338, 'SH', 'Atlantic/St_Helena'),
(339, 'SI', 'Europe/Ljubljana'),
(340, 'SJ', 'Arctic/Longyearbyen'),
(341, 'SK', 'Europe/Bratislava'),
(342, 'SL', 'Africa/Freetown'),
(343, 'SM', 'Europe/San_Marino'),
(344, 'SN', 'Africa/Dakar'),
(345, 'SO', 'Africa/Mogadishu'),
(346, 'SR', 'America/Paramaribo'),
(347, 'SS', 'Africa/Juba'),
(348, 'ST', 'Africa/Sao_Tome'),
(349, 'SV', 'America/El_Salvador'),
(350, 'SX', 'America/Lower_Princes'),
(351, 'SY', 'Asia/Damascus'),
(352, 'SZ', 'Africa/Mbabane'),
(353, 'TC', 'America/Grand_Turk'),
(354, 'TD', 'Africa/Ndjamena'),
(355, 'TF', 'Indian/Kerguelen'),
(356, 'TG', 'Africa/Lome'),
(357, 'TH', 'Asia/Bangkok'),
(358, 'TJ', 'Asia/Dushanbe'),
(359, 'TK', 'Pacific/Fakaofo'),
(360, 'TL', 'Asia/Dili'),
(361, 'TM', 'Asia/Ashgabat'),
(362, 'TN', 'Africa/Tunis'),
(363, 'TO', 'Pacific/Tongatapu'),
(364, 'TR', 'Europe/Istanbul'),
(365, 'TT', 'America/Port_of_Spain'),
(366, 'TV', 'Pacific/Funafuti'),
(367, 'TW', 'Asia/Taipei'),
(368, 'TZ', 'Africa/Dar_es_Salaam'),
(369, 'UA', 'Europe/Kiev'),
(370, 'UA', 'Europe/Uzhgorod'),
(371, 'UA', 'Europe/Zaporozhye'),
(372, 'UG', 'Africa/Kampala'),
(373, 'UM', 'Pacific/Johnston'),
(374, 'UM', 'Pacific/Midway'),
(375, 'UM', 'Pacific/Wake'),
(376, 'US', 'America/New_York'),
(377, 'US', 'America/Detroit'),
(378, 'US', 'America/Kentucky/Louisville'),
(379, 'US', 'America/Kentucky/Monticello'),
(380, 'US', 'America/Indiana/Indianapolis'),
(381, 'US', 'America/Indiana/Vincennes'),
(382, 'US', 'America/Indiana/Winamac'),
(383, 'US', 'America/Indiana/Marengo'),
(384, 'US', 'America/Indiana/Petersburg'),
(385, 'US', 'America/Indiana/Vevay'),
(386, 'US', 'America/Chicago'),
(387, 'US', 'America/Indiana/Tell_City'),
(388, 'US', 'America/Indiana/Knox'),
(389, 'US', 'America/Menominee'),
(390, 'US', 'America/North_Dakota/Center'),
(391, 'US', 'America/North_Dakota/New_Salem'),
(392, 'US', 'America/North_Dakota/Beulah'),
(393, 'US', 'America/Denver'),
(394, 'US', 'America/Boise'),
(395, 'US', 'America/Phoenix'),
(396, 'US', 'America/Los_Angeles'),
(397, 'US', 'America/Anchorage'),
(398, 'US', 'America/Juneau'),
(399, 'US', 'America/Sitka'),
(400, 'US', 'America/Metlakatla'),
(401, 'US', 'America/Yakutat'),
(402, 'US', 'America/Nome'),
(403, 'US', 'America/Adak'),
(404, 'US', 'Pacific/Honolulu'),
(405, 'UY', 'America/Montevideo'),
(406, 'UZ', 'Asia/Samarkand'),
(407, 'UZ', 'Asia/Tashkent'),
(408, 'VA', 'Europe/Vatican'),
(409, 'VC', 'America/St_Vincent'),
(410, 'VE', 'America/Caracas'),
(411, 'VG', 'America/Tortola'),
(412, 'VI', 'America/St_Thomas'),
(413, 'VN', 'Asia/Ho_Chi_Minh'),
(414, 'VU', 'Pacific/Efate'),
(415, 'WF', 'Pacific/Wallis'),
(416, 'WS', 'Pacific/Apia'),
(417, 'YE', 'Asia/Aden'),
(418, 'YT', 'Indian/Mayotte'),
(419, 'ZA', 'Africa/Johannesburg'),
(420, 'ZM', 'Africa/Lusaka'),
(421, 'ZW', 'Africa/Harare');

-- --------------------------------------------------------

--
-- Struktur dari tabel `users`
--

CREATE TABLE `users` (
  `id` int(11) NOT NULL,
  `fullname` varchar(499) COLLATE utf8_unicode_ci NOT NULL,
  `email` varchar(255) COLLATE utf8_unicode_ci NOT NULL,
  `password` varchar(499) COLLATE utf8_unicode_ci NOT NULL,
  `role_id` int(11) NOT NULL,
  `outlet_id` int(11) NOT NULL,
  `created_user_id` int(11) NOT NULL,
  `created_datetime` datetime NOT NULL,
  `updated_user_id` int(11) NOT NULL,
  `updated_datetime` datetime NOT NULL,
  `status` int(1) NOT NULL
) ENGINE=MyISAM DEFAULT CHARSET=utf8 COLLATE=utf8_unicode_ci;

--
-- Dumping data untuk tabel `users`
--

INSERT INTO `users` (`id`, `fullname`, `email`, `password`, `role_id`, `outlet_id`, `created_user_id`, `created_datetime`, `updated_user_id`, `updated_datetime`, `status`) VALUES
(1, 'owner', 'owner@rotigsm.com', '72122ce96bfec66e2396d2e25225d70a', 1, 0, 1, '2016-08-27 00:00:00', 1, '2020-03-23 10:48:52', 1),
(4, 'Manager', 'manager1@rotigsm.com', 'c240642ddef994358c96da82c0361a58', 2, 3, 1, '2016-08-27 12:35:03', 1, '2020-03-23 10:48:31', 1),
(5, 'Azhar', 'kasir1@rotigsm.com', '29c748d4d8f4bd5cbc0f3f60cb7ed3d0', 3, 3, 1, '2016-08-27 12:35:32', 1, '2020-04-15 19:38:16', 1),
(14, 'Rina', 'kasir2@rotigsm.com', '8c86013d8ba23d9b5ade4d6463f81c45', 3, 6, 1, '2018-10-21 16:32:22', 1, '2020-03-23 10:48:07', 1),
(15, 'Suka Mall Manager', 'manager2@rotigsm.com', '8df5127cd164b5bc2d2b78410a7eea0c', 2, 6, 1, '2018-10-21 16:32:56', 1, '2020-03-23 10:47:02', 1),
(16, 'demo', 'demo@rotigsm.com', 'fe01ce2a7fbac8fafaed7c982a04e229', 1, 0, 1, '2020-03-30 06:31:18', 1, '2020-05-01 19:00:44', 1),
(17, 'supervisor', 'supervisor@rotigsm.com', '09348c20a019be0318387c08df7a783d', 1, 0, 1, '2020-04-05 19:53:25', 0, '0000-00-00 00:00:00', 1);

-- --------------------------------------------------------

--
-- Struktur dari tabel `user_roles`
--

CREATE TABLE `user_roles` (
  `id` int(11) NOT NULL,
  `name` varchar(255) COLLATE utf8_unicode_ci NOT NULL,
  `created_user_id` int(11) NOT NULL,
  `created_datetime` datetime NOT NULL,
  `updated_user_id` int(11) NOT NULL,
  `updated_datetime` datetime NOT NULL
) ENGINE=MyISAM DEFAULT CHARSET=utf8 COLLATE=utf8_unicode_ci;

--
-- Dumping data untuk tabel `user_roles`
--

INSERT INTO `user_roles` (`id`, `name`, `created_user_id`, `created_datetime`, `updated_user_id`, `updated_datetime`) VALUES
(1, 'Administrator', 1, '2016-08-16 00:00:00', 0, '0000-00-00 00:00:00'),
(2, 'Manager', 1, '2016-08-16 00:00:00', 0, '0000-00-00 00:00:00'),
(3, 'Cashier', 1, '2016-08-16 00:00:00', 0, '0000-00-00 00:00:00');

--
-- Indexes for dumped tables
--

--
-- Indeks untuk tabel `category`
--
ALTER TABLE `category`
  ADD PRIMARY KEY (`id`);

--
-- Indeks untuk tabel `ci_sessions`
--
ALTER TABLE `ci_sessions`
  ADD PRIMARY KEY (`id`),
  ADD KEY `ci_sessions_timestamp` (`timestamp`);

--
-- Indeks untuk tabel `currency`
--
ALTER TABLE `currency`
  ADD PRIMARY KEY (`iso`),
  ADD UNIQUE KEY `name` (`name`);

--
-- Indeks untuk tabel `customers`
--
ALTER TABLE `customers`
  ADD PRIMARY KEY (`id`);

--
-- Indeks untuk tabel `expenses`
--
ALTER TABLE `expenses`
  ADD PRIMARY KEY (`id`);

--
-- Indeks untuk tabel `expense_categories`
--
ALTER TABLE `expense_categories`
  ADD PRIMARY KEY (`id`);

--
-- Indeks untuk tabel `gift_card`
--
ALTER TABLE `gift_card`
  ADD PRIMARY KEY (`id`);

--
-- Indeks untuk tabel `inventory`
--
ALTER TABLE `inventory`
  ADD PRIMARY KEY (`id`);

--
-- Indeks untuk tabel `orders`
--
ALTER TABLE `orders`
  ADD PRIMARY KEY (`id`);

--
-- Indeks untuk tabel `order_items`
--
ALTER TABLE `order_items`
  ADD PRIMARY KEY (`id`);

--
-- Indeks untuk tabel `outlets`
--
ALTER TABLE `outlets`
  ADD PRIMARY KEY (`id`);

--
-- Indeks untuk tabel `payment_method`
--
ALTER TABLE `payment_method`
  ADD PRIMARY KEY (`id`);

--
-- Indeks untuk tabel `products`
--
ALTER TABLE `products`
  ADD PRIMARY KEY (`id`);

--
-- Indeks untuk tabel `purchase_order`
--
ALTER TABLE `purchase_order`
  ADD PRIMARY KEY (`id`);

--
-- Indeks untuk tabel `purchase_order_items`
--
ALTER TABLE `purchase_order_items`
  ADD PRIMARY KEY (`id`);

--
-- Indeks untuk tabel `purchase_order_status`
--
ALTER TABLE `purchase_order_status`
  ADD PRIMARY KEY (`id`);

--
-- Indeks untuk tabel `raw_material`
--
ALTER TABLE `raw_material`
  ADD UNIQUE KEY `rm_id` (`rm_id`);

--
-- Indeks untuk tabel `raw_material_outlet`
--
ALTER TABLE `raw_material_outlet`
  ADD UNIQUE KEY `rmo_id` (`rmo_id`);

--
-- Indeks untuk tabel `raw_material_product`
--
ALTER TABLE `raw_material_product`
  ADD UNIQUE KEY `rmp_id` (`rmp_id`);

--
-- Indeks untuk tabel `raw_m_outlet_supplier`
--
ALTER TABLE `raw_m_outlet_supplier`
  ADD UNIQUE KEY `rmos_id` (`rmos_id`);

--
-- Indeks untuk tabel `return_items`
--
ALTER TABLE `return_items`
  ADD PRIMARY KEY (`id`);

--
-- Indeks untuk tabel `return_raw_detail`
--
ALTER TABLE `return_raw_detail`
  ADD UNIQUE KEY `uid` (`uid`);

--
-- Indeks untuk tabel `return_raw_header`
--
ALTER TABLE `return_raw_header`
  ADD UNIQUE KEY `trx_id` (`trx_id`);

--
-- Indeks untuk tabel `rmo_history`
--
ALTER TABLE `rmo_history`
  ADD UNIQUE KEY `uid` (`uid`);

--
-- Indeks untuk tabel `site_setting`
--
ALTER TABLE `site_setting`
  ADD PRIMARY KEY (`id`);

--
-- Indeks untuk tabel `suppliers`
--
ALTER TABLE `suppliers`
  ADD PRIMARY KEY (`id`);

--
-- Indeks untuk tabel `suspend`
--
ALTER TABLE `suspend`
  ADD PRIMARY KEY (`id`);

--
-- Indeks untuk tabel `suspend_items`
--
ALTER TABLE `suspend_items`
  ADD PRIMARY KEY (`id`);

--
-- Indeks untuk tabel `timezones`
--
ALTER TABLE `timezones`
  ADD PRIMARY KEY (`id`);

--
-- Indeks untuk tabel `users`
--
ALTER TABLE `users`
  ADD PRIMARY KEY (`id`);

--
-- Indeks untuk tabel `user_roles`
--
ALTER TABLE `user_roles`
  ADD PRIMARY KEY (`id`);

--
-- AUTO_INCREMENT untuk tabel yang dibuang
--

--
-- AUTO_INCREMENT untuk tabel `category`
--
ALTER TABLE `category`
  MODIFY `id` int(11) NOT NULL AUTO_INCREMENT, AUTO_INCREMENT=13;

--
-- AUTO_INCREMENT untuk tabel `customers`
--
ALTER TABLE `customers`
  MODIFY `id` int(11) NOT NULL AUTO_INCREMENT, AUTO_INCREMENT=3;

--
-- AUTO_INCREMENT untuk tabel `expenses`
--
ALTER TABLE `expenses`
  MODIFY `id` int(11) NOT NULL AUTO_INCREMENT, AUTO_INCREMENT=4;

--
-- AUTO_INCREMENT untuk tabel `expense_categories`
--
ALTER TABLE `expense_categories`
  MODIFY `id` int(11) NOT NULL AUTO_INCREMENT, AUTO_INCREMENT=6;

--
-- AUTO_INCREMENT untuk tabel `gift_card`
--
ALTER TABLE `gift_card`
  MODIFY `id` int(11) NOT NULL AUTO_INCREMENT, AUTO_INCREMENT=4;

--
-- AUTO_INCREMENT untuk tabel `inventory`
--
ALTER TABLE `inventory`
  MODIFY `id` int(11) NOT NULL AUTO_INCREMENT, AUTO_INCREMENT=104;

--
-- AUTO_INCREMENT untuk tabel `orders`
--
ALTER TABLE `orders`
  MODIFY `id` int(11) NOT NULL AUTO_INCREMENT, AUTO_INCREMENT=75;

--
-- AUTO_INCREMENT untuk tabel `order_items`
--
ALTER TABLE `order_items`
  MODIFY `id` int(11) NOT NULL AUTO_INCREMENT, AUTO_INCREMENT=100;

--
-- AUTO_INCREMENT untuk tabel `outlets`
--
ALTER TABLE `outlets`
  MODIFY `id` int(11) NOT NULL AUTO_INCREMENT, AUTO_INCREMENT=8;

--
-- AUTO_INCREMENT untuk tabel `payment_method`
--
ALTER TABLE `payment_method`
  MODIFY `id` int(11) NOT NULL AUTO_INCREMENT, AUTO_INCREMENT=10;

--
-- AUTO_INCREMENT untuk tabel `products`
--
ALTER TABLE `products`
  MODIFY `id` int(11) NOT NULL AUTO_INCREMENT, AUTO_INCREMENT=105;

--
-- AUTO_INCREMENT untuk tabel `purchase_order`
--
ALTER TABLE `purchase_order`
  MODIFY `id` int(11) NOT NULL AUTO_INCREMENT, AUTO_INCREMENT=3;

--
-- AUTO_INCREMENT untuk tabel `purchase_order_items`
--
ALTER TABLE `purchase_order_items`
  MODIFY `id` int(11) NOT NULL AUTO_INCREMENT, AUTO_INCREMENT=11;

--
-- AUTO_INCREMENT untuk tabel `purchase_order_status`
--
ALTER TABLE `purchase_order_status`
  MODIFY `id` int(11) NOT NULL AUTO_INCREMENT, AUTO_INCREMENT=4;

--
-- AUTO_INCREMENT untuk tabel `raw_material`
--
ALTER TABLE `raw_material`
  MODIFY `rm_id` bigint(20) UNSIGNED NOT NULL AUTO_INCREMENT, AUTO_INCREMENT=16;

--
-- AUTO_INCREMENT untuk tabel `raw_material_outlet`
--
ALTER TABLE `raw_material_outlet`
  MODIFY `rmo_id` bigint(20) UNSIGNED NOT NULL AUTO_INCREMENT, AUTO_INCREMENT=16;

--
-- AUTO_INCREMENT untuk tabel `raw_material_product`
--
ALTER TABLE `raw_material_product`
  MODIFY `rmp_id` bigint(20) UNSIGNED NOT NULL AUTO_INCREMENT, AUTO_INCREMENT=27;

--
-- AUTO_INCREMENT untuk tabel `raw_m_outlet_supplier`
--
ALTER TABLE `raw_m_outlet_supplier`
  MODIFY `rmos_id` bigint(20) UNSIGNED NOT NULL AUTO_INCREMENT, AUTO_INCREMENT=32;

--
-- AUTO_INCREMENT untuk tabel `return_items`
--
ALTER TABLE `return_items`
  MODIFY `id` int(11) NOT NULL AUTO_INCREMENT, AUTO_INCREMENT=2;

--
-- AUTO_INCREMENT untuk tabel `return_raw_detail`
--
ALTER TABLE `return_raw_detail`
  MODIFY `uid` bigint(20) UNSIGNED NOT NULL AUTO_INCREMENT, AUTO_INCREMENT=20;

--
-- AUTO_INCREMENT untuk tabel `return_raw_header`
--
ALTER TABLE `return_raw_header`
  MODIFY `trx_id` bigint(20) UNSIGNED NOT NULL AUTO_INCREMENT, AUTO_INCREMENT=21;

--
-- AUTO_INCREMENT untuk tabel `rmo_history`
--
ALTER TABLE `rmo_history`
  MODIFY `uid` bigint(20) UNSIGNED NOT NULL AUTO_INCREMENT, AUTO_INCREMENT=65;

--
-- AUTO_INCREMENT untuk tabel `site_setting`
--
ALTER TABLE `site_setting`
  MODIFY `id` int(11) NOT NULL AUTO_INCREMENT, AUTO_INCREMENT=2;

--
-- AUTO_INCREMENT untuk tabel `suppliers`
--
ALTER TABLE `suppliers`
  MODIFY `id` int(11) NOT NULL AUTO_INCREMENT, AUTO_INCREMENT=6;

--
-- AUTO_INCREMENT untuk tabel `suspend`
--
ALTER TABLE `suspend`
  MODIFY `id` int(11) NOT NULL AUTO_INCREMENT, AUTO_INCREMENT=9;

--
-- AUTO_INCREMENT untuk tabel `suspend_items`
--
ALTER TABLE `suspend_items`
  MODIFY `id` int(11) NOT NULL AUTO_INCREMENT, AUTO_INCREMENT=17;

--
-- AUTO_INCREMENT untuk tabel `timezones`
--
ALTER TABLE `timezones`
  MODIFY `id` int(11) NOT NULL AUTO_INCREMENT, AUTO_INCREMENT=422;

--
-- AUTO_INCREMENT untuk tabel `users`
--
ALTER TABLE `users`
  MODIFY `id` int(11) NOT NULL AUTO_INCREMENT, AUTO_INCREMENT=18;

--
-- AUTO_INCREMENT untuk tabel `user_roles`
--
ALTER TABLE `user_roles`
  MODIFY `id` int(11) NOT NULL AUTO_INCREMENT, AUTO_INCREMENT=4;
COMMIT;

/*!40101 SET CHARACTER_SET_CLIENT=@OLD_CHARACTER_SET_CLIENT */;
/*!40101 SET CHARACTER_SET_RESULTS=@OLD_CHARACTER_SET_RESULTS */;
/*!40101 SET COLLATION_CONNECTION=@OLD_COLLATION_CONNECTION */;
