--------------------------------------------------------
--  File created - Saturday-November-17-2012   
--------------------------------------------------------
--------------------------------------------------------
--  DDL for Table BOOK
--------------------------------------------------------

  CREATE TABLE "RGEORGE2"."BOOK" 
   (	"ISBN" VARCHAR2(13 BYTE), 
	"TITLE" VARCHAR2(255 BYTE), 
	"PUBLISHER" VARCHAR2(255 BYTE), 
	"WAREHOUSEQTY" NUMBER(*,0), 
	"AUTHOR" VARCHAR2(255 BYTE)
   ) SEGMENT CREATION IMMEDIATE 
  PCTFREE 10 PCTUSED 40 INITRANS 1 MAXTRANS 255 NOCOMPRESS LOGGING
  STORAGE(INITIAL 65536 NEXT 1048576 MINEXTENTS 1 MAXEXTENTS 2147483645
  PCTINCREASE 0 FREELISTS 1 FREELIST GROUPS 1 BUFFER_POOL DEFAULT FLASH_CACHE DEFAULT CELL_FLASH_CACHE DEFAULT)
  TABLESPACE "USERS" ;
--------------------------------------------------------
--  DDL for Table CONTRACT
--------------------------------------------------------

  CREATE TABLE "RGEORGE2"."CONTRACT" 
   (	"CONTRACTID" NUMBER(*,0), 
	"STARTDATE" DATE, 
	"ENDDATE" DATE, 
	"VENDORID" NUMBER(*,0), 
	"ISBN" VARCHAR2(13 BYTE)
   ) SEGMENT CREATION IMMEDIATE 
  PCTFREE 10 PCTUSED 40 INITRANS 1 MAXTRANS 255 NOCOMPRESS LOGGING
  STORAGE(INITIAL 65536 NEXT 1048576 MINEXTENTS 1 MAXEXTENTS 2147483645
  PCTINCREASE 0 FREELISTS 1 FREELIST GROUPS 1 BUFFER_POOL DEFAULT FLASH_CACHE DEFAULT CELL_FLASH_CACHE DEFAULT)
  TABLESPACE "USERS" ;
--------------------------------------------------------
--  DDL for Table CUSTOMER
--------------------------------------------------------

  CREATE TABLE "RGEORGE2"."CUSTOMER" 
   (	"CUSTOMERID" NUMBER(*,0), 
	"SSN" VARCHAR2(10 BYTE)
   ) SEGMENT CREATION IMMEDIATE 
  PCTFREE 10 PCTUSED 40 INITRANS 1 MAXTRANS 255 NOCOMPRESS LOGGING
  STORAGE(INITIAL 65536 NEXT 1048576 MINEXTENTS 1 MAXEXTENTS 2147483645
  PCTINCREASE 0 FREELISTS 1 FREELIST GROUPS 1 BUFFER_POOL DEFAULT FLASH_CACHE DEFAULT CELL_FLASH_CACHE DEFAULT)
  TABLESPACE "USERS" ;
--------------------------------------------------------
--  DDL for Table ORDERS
--------------------------------------------------------

  CREATE TABLE "RGEORGE2"."ORDERS" 
   (	"ORDERID" VARCHAR2(20 BYTE), 
	"QTY" NUMBER(*,0), 
	"PRICE" NUMBER(14,2), 
	"ISBN" VARCHAR2(13 BYTE), 
	"CUSTOMERID" NUMBER(*,0), 
	"STAFFID" NUMBER(*,0), 
	"ORDERDATE" DATE
   ) SEGMENT CREATION IMMEDIATE 
  PCTFREE 10 PCTUSED 40 INITRANS 1 MAXTRANS 255 NOCOMPRESS LOGGING
  STORAGE(INITIAL 65536 NEXT 1048576 MINEXTENTS 1 MAXEXTENTS 2147483645
  PCTINCREASE 0 FREELISTS 1 FREELIST GROUPS 1 BUFFER_POOL DEFAULT FLASH_CACHE DEFAULT CELL_FLASH_CACHE DEFAULT)
  TABLESPACE "USERS" ;
--------------------------------------------------------
--  DDL for Table PEOPLE
--------------------------------------------------------

  CREATE TABLE "RGEORGE2"."PEOPLE" 
   (	"SSN" VARCHAR2(10 BYTE), 
	"FIRSTNAME" VARCHAR2(50 BYTE), 
	"LASTNAME" VARCHAR2(50 BYTE), 
	"GENDER" VARCHAR2(1 BYTE), 
	"PHONE" VARCHAR2(10 BYTE), 
	"EMAIL" VARCHAR2(255 BYTE), 
	"DOB" DATE
   ) SEGMENT CREATION IMMEDIATE 
  PCTFREE 10 PCTUSED 40 INITRANS 1 MAXTRANS 255 NOCOMPRESS LOGGING
  STORAGE(INITIAL 65536 NEXT 1048576 MINEXTENTS 1 MAXEXTENTS 2147483645
  PCTINCREASE 0 FREELISTS 1 FREELIST GROUPS 1 BUFFER_POOL DEFAULT FLASH_CACHE DEFAULT CELL_FLASH_CACHE DEFAULT)
  TABLESPACE "USERS" ;
--------------------------------------------------------
--  DDL for Table PEOPLE_HOME
--------------------------------------------------------

  CREATE TABLE "RGEORGE2"."PEOPLE_HOME" 
   (	"PHONE" VARCHAR2(10 BYTE), 
	"ADDRESS" VARCHAR2(255 BYTE)
   ) SEGMENT CREATION IMMEDIATE 
  PCTFREE 10 PCTUSED 40 INITRANS 1 MAXTRANS 255 NOCOMPRESS LOGGING
  STORAGE(INITIAL 65536 NEXT 1048576 MINEXTENTS 1 MAXEXTENTS 2147483645
  PCTINCREASE 0 FREELISTS 1 FREELIST GROUPS 1 BUFFER_POOL DEFAULT FLASH_CACHE DEFAULT CELL_FLASH_CACHE DEFAULT)
  TABLESPACE "USERS" ;
--------------------------------------------------------
--  DDL for Table REQUEST
--------------------------------------------------------

  CREATE TABLE "RGEORGE2"."REQUEST" 
   (	"REQUESTID" NUMBER(*,0), 
	"ISBN" VARCHAR2(13 BYTE), 
	"PRICE" NUMBER(14,2), 
	"QTY" NUMBER(*,0), 
	"REQUESTSTATUS" VARCHAR2(50 BYTE), 
	"REQUESTDATE" DATE, 
	"VENDORID" NUMBER(*,0)
   ) SEGMENT CREATION IMMEDIATE 
  PCTFREE 10 PCTUSED 40 INITRANS 1 MAXTRANS 255 NOCOMPRESS LOGGING
  STORAGE(INITIAL 65536 NEXT 1048576 MINEXTENTS 1 MAXEXTENTS 2147483645
  PCTINCREASE 0 FREELISTS 1 FREELIST GROUPS 1 BUFFER_POOL DEFAULT FLASH_CACHE DEFAULT CELL_FLASH_CACHE DEFAULT)
  TABLESPACE "USERS" ;
--------------------------------------------------------
--  DDL for Table STAFF
--------------------------------------------------------

  CREATE TABLE "RGEORGE2"."STAFF" 
   (	"STAFFID" NUMBER(*,0), 
	"SSN" VARCHAR2(10 BYTE), 
	"DEPARTMENT" VARCHAR2(50 BYTE), 
	"JOBTITLE" VARCHAR2(255 BYTE), 
	"SALARY" NUMBER(14,2), 
	"JOINEDDATE" DATE
   ) SEGMENT CREATION IMMEDIATE 
  PCTFREE 10 PCTUSED 40 INITRANS 1 MAXTRANS 255 NOCOMPRESS LOGGING
  STORAGE(INITIAL 65536 NEXT 1048576 MINEXTENTS 1 MAXEXTENTS 2147483645
  PCTINCREASE 0 FREELISTS 1 FREELIST GROUPS 1 BUFFER_POOL DEFAULT FLASH_CACHE DEFAULT CELL_FLASH_CACHE DEFAULT)
  TABLESPACE "USERS" ;
--------------------------------------------------------
--  DDL for Table STORE
--------------------------------------------------------

  CREATE TABLE "RGEORGE2"."STORE" 
   (	"STOREID" NUMBER(*,0), 
	"ADDRESS" VARCHAR2(255 BYTE)
   ) SEGMENT CREATION IMMEDIATE 
  PCTFREE 10 PCTUSED 40 INITRANS 1 MAXTRANS 255 NOCOMPRESS LOGGING
  STORAGE(INITIAL 65536 NEXT 1048576 MINEXTENTS 1 MAXEXTENTS 2147483645
  PCTINCREASE 0 FREELISTS 1 FREELIST GROUPS 1 BUFFER_POOL DEFAULT FLASH_CACHE DEFAULT CELL_FLASH_CACHE DEFAULT)
  TABLESPACE "USERS" ;
--------------------------------------------------------
--  DDL for Table STOREINVENTORY
--------------------------------------------------------

  CREATE TABLE "RGEORGE2"."STOREINVENTORY" 
   (	"STOREID" NUMBER(*,0), 
	"ISBN" VARCHAR2(13 BYTE), 
	"QTY" NUMBER(*,0)
   ) SEGMENT CREATION IMMEDIATE 
  PCTFREE 10 PCTUSED 40 INITRANS 1 MAXTRANS 255 NOCOMPRESS LOGGING
  STORAGE(INITIAL 65536 NEXT 1048576 MINEXTENTS 1 MAXEXTENTS 2147483645
  PCTINCREASE 0 FREELISTS 1 FREELIST GROUPS 1 BUFFER_POOL DEFAULT FLASH_CACHE DEFAULT CELL_FLASH_CACHE DEFAULT)
  TABLESPACE "USERS" ;
--------------------------------------------------------
--  DDL for Table STORERESTOCK
--------------------------------------------------------

  CREATE TABLE "RGEORGE2"."STORERESTOCK" 
   (	"RESTOCKORDERID" NUMBER(*,0), 
	"QTY" NUMBER(*,0), 
	"RESTOCKSTATUS" VARCHAR2(20 BYTE), 
	"STAFFID" NUMBER(*,0), 
	"ISBN" VARCHAR2(13 BYTE)
   ) SEGMENT CREATION IMMEDIATE 
  PCTFREE 10 PCTUSED 40 INITRANS 1 MAXTRANS 255 NOCOMPRESS LOGGING
  STORAGE(INITIAL 65536 NEXT 1048576 MINEXTENTS 1 MAXEXTENTS 2147483645
  PCTINCREASE 0 FREELISTS 1 FREELIST GROUPS 1 BUFFER_POOL DEFAULT FLASH_CACHE DEFAULT CELL_FLASH_CACHE DEFAULT)
  TABLESPACE "USERS" ;
--------------------------------------------------------
--  DDL for Table VENDORS
--------------------------------------------------------

  CREATE TABLE "RGEORGE2"."VENDORS" 
   (	"VENDORID" NUMBER(*,0), 
	"NAME" VARCHAR2(50 BYTE), 
	"ADDRESS" VARCHAR2(255 BYTE), 
	"PHONE" VARCHAR2(10 BYTE)
   ) SEGMENT CREATION IMMEDIATE 
  PCTFREE 10 PCTUSED 40 INITRANS 1 MAXTRANS 255 NOCOMPRESS LOGGING
  STORAGE(INITIAL 65536 NEXT 1048576 MINEXTENTS 1 MAXEXTENTS 2147483645
  PCTINCREASE 0 FREELISTS 1 FREELIST GROUPS 1 BUFFER_POOL DEFAULT FLASH_CACHE DEFAULT CELL_FLASH_CACHE DEFAULT)
  TABLESPACE "USERS" ;
--------------------------------------------------------
--  DDL for Table WORKSAT
--------------------------------------------------------

  CREATE TABLE "RGEORGE2"."WORKSAT" 
   (	"STOREID" NUMBER(*,0), 
	"STAFFID" NUMBER(*,0)
   ) SEGMENT CREATION IMMEDIATE 
  PCTFREE 10 PCTUSED 40 INITRANS 1 MAXTRANS 255 NOCOMPRESS LOGGING
  STORAGE(INITIAL 65536 NEXT 1048576 MINEXTENTS 1 MAXEXTENTS 2147483645
  PCTINCREASE 0 FREELISTS 1 FREELIST GROUPS 1 BUFFER_POOL DEFAULT FLASH_CACHE DEFAULT CELL_FLASH_CACHE DEFAULT)
  TABLESPACE "USERS" ;
REM INSERTING into RGEORGE2.BOOK
SET DEFINE OFF;
Insert into RGEORGE2.BOOK (ISBN,TITLE,PUBLISHER,WAREHOUSEQTY,AUTHOR) values ('0000000000001','Book1','Publisher1',101,'Author1');
Insert into RGEORGE2.BOOK (ISBN,TITLE,PUBLISHER,WAREHOUSEQTY,AUTHOR) values ('0000000000002','Book2','Publisher1',97,'Author1');
Insert into RGEORGE2.BOOK (ISBN,TITLE,PUBLISHER,WAREHOUSEQTY,AUTHOR) values ('0000000000003','Book3','Publisher2',89,'Author2');
Insert into RGEORGE2.BOOK (ISBN,TITLE,PUBLISHER,WAREHOUSEQTY,AUTHOR) values ('0000000000004','Book4','Publisher2',83,'Author3');
Insert into RGEORGE2.BOOK (ISBN,TITLE,PUBLISHER,WAREHOUSEQTY,AUTHOR) values ('0000000000005','Book5','Publisher3',79,'Author3');
REM INSERTING into RGEORGE2.CONTRACT
SET DEFINE OFF;
Insert into RGEORGE2.CONTRACT (CONTRACTID,STARTDATE,ENDDATE,VENDORID,ISBN) values (5001,to_date('02-NOV-12','DD-MON-RR'),to_date('02-NOV-13','DD-MON-RR'),1,'0000000000002');
Insert into RGEORGE2.CONTRACT (CONTRACTID,STARTDATE,ENDDATE,VENDORID,ISBN) values (5002,to_date('02-DEC-12','DD-MON-RR'),to_date('02-DEC-13','DD-MON-RR'),2,'0000000000001');
Insert into RGEORGE2.CONTRACT (CONTRACTID,STARTDATE,ENDDATE,VENDORID,ISBN) values (5003,to_date('02-NOV-12','DD-MON-RR'),to_date('02-NOV-13','DD-MON-RR'),3,'0000000000003');
Insert into RGEORGE2.CONTRACT (CONTRACTID,STARTDATE,ENDDATE,VENDORID,ISBN) values (5004,to_date('02-JAN-12','DD-MON-RR'),to_date('02-JAN-13','DD-MON-RR'),4,'0000000000004');
Insert into RGEORGE2.CONTRACT (CONTRACTID,STARTDATE,ENDDATE,VENDORID,ISBN) values (5005,to_date('30-NOV-13','DD-MON-RR'),to_date('28-NOV-13','DD-MON-RR'),5,'0000000000005');
REM INSERTING into RGEORGE2.CUSTOMER
SET DEFINE OFF;
Insert into RGEORGE2.CUSTOMER (CUSTOMERID,SSN) values (6,'0001230008');
Insert into RGEORGE2.CUSTOMER (CUSTOMERID,SSN) values (3,'0001230005');
Insert into RGEORGE2.CUSTOMER (CUSTOMERID,SSN) values (4,'0001230006');
Insert into RGEORGE2.CUSTOMER (CUSTOMERID,SSN) values (5,'0001230007');
REM INSERTING into RGEORGE2.ORDERS
SET DEFINE OFF;
Insert into RGEORGE2.ORDERS (ORDERID,QTY,PRICE,ISBN,CUSTOMERID,STAFFID,ORDERDATE) values ('5',3,890,'0000000000003',3,1001,to_date('30-MAR-12','DD-MON-RR'));
Insert into RGEORGE2.ORDERS (ORDERID,QTY,PRICE,ISBN,CUSTOMERID,STAFFID,ORDERDATE) values ('1',2,2000,'0000000000001',3,1001,to_date('04-OCT-12','DD-MON-RR'));
Insert into RGEORGE2.ORDERS (ORDERID,QTY,PRICE,ISBN,CUSTOMERID,STAFFID,ORDERDATE) values ('2',4,1500,'0000000000002',4,1002,to_date('29-NOV-12','DD-MON-RR'));
Insert into RGEORGE2.ORDERS (ORDERID,QTY,PRICE,ISBN,CUSTOMERID,STAFFID,ORDERDATE) values ('3',3,1750,'0000000000003',5,1002,to_date('02-FEB-11','DD-MON-RR'));
Insert into RGEORGE2.ORDERS (ORDERID,QTY,PRICE,ISBN,CUSTOMERID,STAFFID,ORDERDATE) values ('4',2,900,'0000000000003',4,1001,to_date('29-MAR-12','DD-MON-RR'));
REM INSERTING into RGEORGE2.PEOPLE
SET DEFINE OFF;
Insert into RGEORGE2.PEOPLE (SSN,FIRSTNAME,LASTNAME,GENDER,PHONE,EMAIL,DOB) values ('0001230006','Fname6','Lname6','M','9190001242','email6@domain6.com',to_date('02-SEP-88','DD-MON-RR'));
Insert into RGEORGE2.PEOPLE (SSN,FIRSTNAME,LASTNAME,GENDER,PHONE,EMAIL,DOB) values ('0001230007','Fname7','Lname7','F','9190001239','email70@domain6.com',to_date('30-NOV-89','DD-MON-RR'));
Insert into RGEORGE2.PEOPLE (SSN,FIRSTNAME,LASTNAME,GENDER,PHONE,EMAIL,DOB) values ('0001230008','Fname8','Lname6','M','9190001240','email7@domain7.com',to_date('04-AUG-81','DD-MON-RR'));
Insert into RGEORGE2.PEOPLE (SSN,FIRSTNAME,LASTNAME,GENDER,PHONE,EMAIL,DOB) values ('0001230009','Fname8','Lname8','F','9190001241','email8@domain8.com',to_date('02-NOV-84','DD-MON-RR'));
Insert into RGEORGE2.PEOPLE (SSN,FIRSTNAME,LASTNAME,GENDER,PHONE,EMAIL,DOB) values ('0001230010','Fname10','Lname10','M','9190001255','email110@domain5.com',to_date('25-JAN-92','DD-MON-RR'));
Insert into RGEORGE2.PEOPLE (SSN,FIRSTNAME,LASTNAME,GENDER,PHONE,EMAIL,DOB) values ('0001230001','Fname1','Lname1','F','9190001234','email1@domain.com',to_date('02-NOV-87','DD-MON-RR'));
Insert into RGEORGE2.PEOPLE (SSN,FIRSTNAME,LASTNAME,GENDER,PHONE,EMAIL,DOB) values ('0001230002','Fname2','Lname2','M','9190001235','email2@domain2.com',to_date('02-SEP-88','DD-MON-RR'));
Insert into RGEORGE2.PEOPLE (SSN,FIRSTNAME,LASTNAME,GENDER,PHONE,EMAIL,DOB) values ('0001230003','Fname3','Lname3','F','9190001236','email3@domain3.com',to_date('02-NOV-92','DD-MON-RR'));
Insert into RGEORGE2.PEOPLE (SSN,FIRSTNAME,LASTNAME,GENDER,PHONE,EMAIL,DOB) values ('0001230004','Fname4','Lname4','M','9190001237','email4@domain4.com',to_date('02-NOV-89','DD-MON-RR'));
Insert into RGEORGE2.PEOPLE (SSN,FIRSTNAME,LASTNAME,GENDER,PHONE,EMAIL,DOB) values ('0001230005','Fname5','Lname5','F','9190001238','email5@domain5.com',to_date('02-NOV-78','DD-MON-RR'));
REM INSERTING into RGEORGE2.PEOPLE_HOME
SET DEFINE OFF;
Insert into RGEORGE2.PEOPLE_HOME (PHONE,ADDRESS) values ('9190001250','12354');
Insert into RGEORGE2.PEOPLE_HOME (PHONE,ADDRESS) values ('9190001251','12355');
Insert into RGEORGE2.PEOPLE_HOME (PHONE,ADDRESS) values ('9190001255','112354');
Insert into RGEORGE2.PEOPLE_HOME (PHONE,ADDRESS) values ('9190001234','12345');
Insert into RGEORGE2.PEOPLE_HOME (PHONE,ADDRESS) values ('9190001235','12346');
Insert into RGEORGE2.PEOPLE_HOME (PHONE,ADDRESS) values ('9190001236','12347');
Insert into RGEORGE2.PEOPLE_HOME (PHONE,ADDRESS) values ('9190001237','12348');
Insert into RGEORGE2.PEOPLE_HOME (PHONE,ADDRESS) values ('9190001238','12349');
Insert into RGEORGE2.PEOPLE_HOME (PHONE,ADDRESS) values ('9190001239','12350');
Insert into RGEORGE2.PEOPLE_HOME (PHONE,ADDRESS) values ('9190001240','12351');
Insert into RGEORGE2.PEOPLE_HOME (PHONE,ADDRESS) values ('9190001241','12352');
Insert into RGEORGE2.PEOPLE_HOME (PHONE,ADDRESS) values ('9190001242','12353');
REM INSERTING into RGEORGE2.REQUEST
SET DEFINE OFF;
Insert into RGEORGE2.REQUEST (REQUESTID,ISBN,PRICE,QTY,REQUESTSTATUS,REQUESTDATE,VENDORID) values (1,'0000000000001',99.5,2,'Ordered',to_date('03-NOV-12','DD-MON-RR'),1);
Insert into RGEORGE2.REQUEST (REQUESTID,ISBN,PRICE,QTY,REQUESTSTATUS,REQUESTDATE,VENDORID) values (2,'0000000000002',77.23,1,'Shipped',to_date('07-NOV-12','DD-MON-RR'),2);
Insert into RGEORGE2.REQUEST (REQUESTID,ISBN,PRICE,QTY,REQUESTSTATUS,REQUESTDATE,VENDORID) values (3,'0000000000003',61.11,5,'Cancelled',to_date('01-DEC-12','DD-MON-RR'),3);
Insert into RGEORGE2.REQUEST (REQUESTID,ISBN,PRICE,QTY,REQUESTSTATUS,REQUESTDATE,VENDORID) values (4,'0000000000004',100.99,3,'Shipped',to_date('23-NOV-12','DD-MON-RR'),1);
Insert into RGEORGE2.REQUEST (REQUESTID,ISBN,PRICE,QTY,REQUESTSTATUS,REQUESTDATE,VENDORID) values (5,'0000000000005',80.5,2,'Pending',to_date('16-DEC-12','DD-MON-RR'),2);
Insert into RGEORGE2.REQUEST (REQUESTID,ISBN,PRICE,QTY,REQUESTSTATUS,REQUESTDATE,VENDORID) values (7,'0000000000003',80.5,2,'Ordered',to_date('26-DEC-02','DD-MON-RR'),4);
Insert into RGEORGE2.REQUEST (REQUESTID,ISBN,PRICE,QTY,REQUESTSTATUS,REQUESTDATE,VENDORID) values (8,'0000000000001',98.5,1,'Shipped',to_date('27-OCT-02','DD-MON-RR'),1);
Insert into RGEORGE2.REQUEST (REQUESTID,ISBN,PRICE,QTY,REQUESTSTATUS,REQUESTDATE,VENDORID) values (6,'0000000000004',101.5,1,'Pending',to_date('17-OCT-12','DD-MON-RR'),4);
Insert into RGEORGE2.REQUEST (REQUESTID,ISBN,PRICE,QTY,REQUESTSTATUS,REQUESTDATE,VENDORID) values (9,'0000000000002',71.45,5,'Shipped',to_date('17-OCT-12','DD-MON-RR'),2);
Insert into RGEORGE2.REQUEST (REQUESTID,ISBN,PRICE,QTY,REQUESTSTATUS,REQUESTDATE,VENDORID) values (10,'0000000000001',98.5,5,'Ordered',to_date('07-MAR-12','DD-MON-RR'),1);
REM INSERTING into RGEORGE2.STAFF
SET DEFINE OFF;
Insert into RGEORGE2.STAFF (STAFFID,SSN,DEPARTMENT,JOBTITLE,SALARY,JOINEDDATE) values (1001,'0001230001','billing','billing staff',10000,to_date('05-JAN-13','DD-MON-RR'));
Insert into RGEORGE2.STAFF (STAFFID,SSN,DEPARTMENT,JOBTITLE,SALARY,JOINEDDATE) values (1002,'0001230002','sales','salesperson',5000,to_date('30-DEC-12','DD-MON-RR'));
Insert into RGEORGE2.STAFF (STAFFID,SSN,DEPARTMENT,JOBTITLE,SALARY,JOINEDDATE) values (1005,'0001230010','sales','salesperson',8000,to_date('04-NOV-07','DD-MON-RR'));
Insert into RGEORGE2.STAFF (STAFFID,SSN,DEPARTMENT,JOBTITLE,SALARY,JOINEDDATE) values (1003,'0001230003','warehouse','merchandise stocker',5000,to_date('15-NOV-12','DD-MON-RR'));
Insert into RGEORGE2.STAFF (STAFFID,SSN,DEPARTMENT,JOBTITLE,SALARY,JOINEDDATE) values (1004,'0001230004','admin','chairman',15000,to_date('10-NOV-12','DD-MON-RR'));
REM INSERTING into RGEORGE2.STORE
SET DEFINE OFF;
Insert into RGEORGE2.STORE (STOREID,ADDRESS) values (1,'27606');
Insert into RGEORGE2.STORE (STOREID,ADDRESS) values (2,'27500');
Insert into RGEORGE2.STORE (STOREID,ADDRESS) values (3,'27600');
Insert into RGEORGE2.STORE (STOREID,ADDRESS) values (4,'22778');
Insert into RGEORGE2.STORE (STOREID,ADDRESS) values (5,'27800');
REM INSERTING into RGEORGE2.STOREINVENTORY
SET DEFINE OFF;
Insert into RGEORGE2.STOREINVENTORY (STOREID,ISBN,QTY) values (1,'0000000000001',4);
Insert into RGEORGE2.STOREINVENTORY (STOREID,ISBN,QTY) values (2,'0000000000002',3);
Insert into RGEORGE2.STOREINVENTORY (STOREID,ISBN,QTY) values (1,'0000000000002',3);
Insert into RGEORGE2.STOREINVENTORY (STOREID,ISBN,QTY) values (1,'0000000000003',4);
Insert into RGEORGE2.STOREINVENTORY (STOREID,ISBN,QTY) values (1,'0000000000004',5);
Insert into RGEORGE2.STOREINVENTORY (STOREID,ISBN,QTY) values (2,'0000000000001',3);
Insert into RGEORGE2.STOREINVENTORY (STOREID,ISBN,QTY) values (3,'0000000000002',4);
Insert into RGEORGE2.STOREINVENTORY (STOREID,ISBN,QTY) values (4,'0000000000002',3);
Insert into RGEORGE2.STOREINVENTORY (STOREID,ISBN,QTY) values (5,'0000000000002',4);
Insert into RGEORGE2.STOREINVENTORY (STOREID,ISBN,QTY) values (2,'0000000000004',0);
REM INSERTING into RGEORGE2.STORERESTOCK
SET DEFINE OFF;
Insert into RGEORGE2.STORERESTOCK (RESTOCKORDERID,QTY,RESTOCKSTATUS,STAFFID,ISBN) values (1,2,'pending',1002,'0000000000001');
Insert into RGEORGE2.STORERESTOCK (RESTOCKORDERID,QTY,RESTOCKSTATUS,STAFFID,ISBN) values (2,2,'pending',1002,'0000000000002');
Insert into RGEORGE2.STORERESTOCK (RESTOCKORDERID,QTY,RESTOCKSTATUS,STAFFID,ISBN) values (3,3,'completed',1001,'0000000000002');
Insert into RGEORGE2.STORERESTOCK (RESTOCKORDERID,QTY,RESTOCKSTATUS,STAFFID,ISBN) values (4,2,'completed',1002,'0000000000003');
REM INSERTING into RGEORGE2.VENDORS
SET DEFINE OFF;
Insert into RGEORGE2.VENDORS (VENDORID,NAME,ADDRESS,PHONE) values (1,'Vendor1','VendorAddress1','5551112223');
Insert into RGEORGE2.VENDORS (VENDORID,NAME,ADDRESS,PHONE) values (2,'Vendor2','VendorAddress2','5551112224');
Insert into RGEORGE2.VENDORS (VENDORID,NAME,ADDRESS,PHONE) values (3,'Vendor3','VendorAddress3','5551112225');
Insert into RGEORGE2.VENDORS (VENDORID,NAME,ADDRESS,PHONE) values (4,'Vendor4','VendorAddress4','5551112226');
Insert into RGEORGE2.VENDORS (VENDORID,NAME,ADDRESS,PHONE) values (5,'Vendor5','VendorAddress5','5551112227');
REM INSERTING into RGEORGE2.WORKSAT
SET DEFINE OFF;
Insert into RGEORGE2.WORKSAT (STOREID,STAFFID) values (1,1001);
Insert into RGEORGE2.WORKSAT (STOREID,STAFFID) values (2,1002);
Insert into RGEORGE2.WORKSAT (STOREID,STAFFID) values (2,1003);
Insert into RGEORGE2.WORKSAT (STOREID,STAFFID) values (2,1004);
--------------------------------------------------------
--  DDL for Index STORERESTOCK_PK
--------------------------------------------------------

  CREATE UNIQUE INDEX "RGEORGE2"."STORERESTOCK_PK" ON "RGEORGE2"."STORERESTOCK" ("RESTOCKORDERID") 
  PCTFREE 10 INITRANS 2 MAXTRANS 255 COMPUTE STATISTICS 
  STORAGE(INITIAL 65536 NEXT 1048576 MINEXTENTS 1 MAXEXTENTS 2147483645
  PCTINCREASE 0 FREELISTS 1 FREELIST GROUPS 1 BUFFER_POOL DEFAULT FLASH_CACHE DEFAULT CELL_FLASH_CACHE DEFAULT)
  TABLESPACE "USERS" ;
--------------------------------------------------------
--  DDL for Index PEOPLE_PK
--------------------------------------------------------

  CREATE UNIQUE INDEX "RGEORGE2"."PEOPLE_PK" ON "RGEORGE2"."PEOPLE" ("SSN") 
  PCTFREE 10 INITRANS 2 MAXTRANS 255 COMPUTE STATISTICS 
  STORAGE(INITIAL 65536 NEXT 1048576 MINEXTENTS 1 MAXEXTENTS 2147483645
  PCTINCREASE 0 FREELISTS 1 FREELIST GROUPS 1 BUFFER_POOL DEFAULT FLASH_CACHE DEFAULT CELL_FLASH_CACHE DEFAULT)
  TABLESPACE "USERS" ;
--------------------------------------------------------
--  DDL for Index REQUEST_PK
--------------------------------------------------------

  CREATE UNIQUE INDEX "RGEORGE2"."REQUEST_PK" ON "RGEORGE2"."REQUEST" ("REQUESTID") 
  PCTFREE 10 INITRANS 2 MAXTRANS 255 COMPUTE STATISTICS 
  STORAGE(INITIAL 65536 NEXT 1048576 MINEXTENTS 1 MAXEXTENTS 2147483645
  PCTINCREASE 0 FREELISTS 1 FREELIST GROUPS 1 BUFFER_POOL DEFAULT FLASH_CACHE DEFAULT CELL_FLASH_CACHE DEFAULT)
  TABLESPACE "USERS" ;
--------------------------------------------------------
--  DDL for Index BOOK_PK
--------------------------------------------------------

  CREATE UNIQUE INDEX "RGEORGE2"."BOOK_PK" ON "RGEORGE2"."BOOK" ("ISBN") 
  PCTFREE 10 INITRANS 2 MAXTRANS 255 COMPUTE STATISTICS 
  STORAGE(INITIAL 65536 NEXT 1048576 MINEXTENTS 1 MAXEXTENTS 2147483645
  PCTINCREASE 0 FREELISTS 1 FREELIST GROUPS 1 BUFFER_POOL DEFAULT FLASH_CACHE DEFAULT CELL_FLASH_CACHE DEFAULT)
  TABLESPACE "USERS" ;
--------------------------------------------------------
--  DDL for Index REQ_DATE_INDEX
--------------------------------------------------------

  CREATE INDEX "RGEORGE2"."REQ_DATE_INDEX" ON "RGEORGE2"."REQUEST" ("REQUESTDATE") 
  PCTFREE 10 INITRANS 2 MAXTRANS 255 COMPUTE STATISTICS 
  STORAGE(INITIAL 65536 NEXT 1048576 MINEXTENTS 1 MAXEXTENTS 2147483645
  PCTINCREASE 0 FREELISTS 1 FREELIST GROUPS 1 BUFFER_POOL DEFAULT FLASH_CACHE DEFAULT CELL_FLASH_CACHE DEFAULT)
  TABLESPACE "USERS" ;
--------------------------------------------------------
--  DDL for Index PEOPLE_HOME_PK
--------------------------------------------------------

  CREATE UNIQUE INDEX "RGEORGE2"."PEOPLE_HOME_PK" ON "RGEORGE2"."PEOPLE_HOME" ("PHONE") 
  PCTFREE 10 INITRANS 2 MAXTRANS 255 COMPUTE STATISTICS 
  STORAGE(INITIAL 65536 NEXT 1048576 MINEXTENTS 1 MAXEXTENTS 2147483645
  PCTINCREASE 0 FREELISTS 1 FREELIST GROUPS 1 BUFFER_POOL DEFAULT FLASH_CACHE DEFAULT CELL_FLASH_CACHE DEFAULT)
  TABLESPACE "USERS" ;
--------------------------------------------------------
--  DDL for Index CUSTOMER_PK
--------------------------------------------------------

  CREATE UNIQUE INDEX "RGEORGE2"."CUSTOMER_PK" ON "RGEORGE2"."CUSTOMER" ("CUSTOMERID") 
  PCTFREE 10 INITRANS 2 MAXTRANS 255 COMPUTE STATISTICS 
  STORAGE(INITIAL 65536 NEXT 1048576 MINEXTENTS 1 MAXEXTENTS 2147483645
  PCTINCREASE 0 FREELISTS 1 FREELIST GROUPS 1 BUFFER_POOL DEFAULT FLASH_CACHE DEFAULT CELL_FLASH_CACHE DEFAULT)
  TABLESPACE "USERS" ;
--------------------------------------------------------
--  DDL for Index ORDERS_PK
--------------------------------------------------------

  CREATE UNIQUE INDEX "RGEORGE2"."ORDERS_PK" ON "RGEORGE2"."ORDERS" ("ORDERID") 
  PCTFREE 10 INITRANS 2 MAXTRANS 255 COMPUTE STATISTICS 
  STORAGE(INITIAL 65536 NEXT 1048576 MINEXTENTS 1 MAXEXTENTS 2147483645
  PCTINCREASE 0 FREELISTS 1 FREELIST GROUPS 1 BUFFER_POOL DEFAULT FLASH_CACHE DEFAULT CELL_FLASH_CACHE DEFAULT)
  TABLESPACE "USERS" ;
--------------------------------------------------------
--  DDL for Index VENDORS_PK
--------------------------------------------------------

  CREATE UNIQUE INDEX "RGEORGE2"."VENDORS_PK" ON "RGEORGE2"."VENDORS" ("VENDORID") 
  PCTFREE 10 INITRANS 2 MAXTRANS 255 COMPUTE STATISTICS 
  STORAGE(INITIAL 65536 NEXT 1048576 MINEXTENTS 1 MAXEXTENTS 2147483645
  PCTINCREASE 0 FREELISTS 1 FREELIST GROUPS 1 BUFFER_POOL DEFAULT FLASH_CACHE DEFAULT CELL_FLASH_CACHE DEFAULT)
  TABLESPACE "USERS" ;
--------------------------------------------------------
--  DDL for Index STOREINVENTORY_PK
--------------------------------------------------------

  CREATE UNIQUE INDEX "RGEORGE2"."STOREINVENTORY_PK" ON "RGEORGE2"."STOREINVENTORY" ("STOREID", "ISBN") 
  PCTFREE 10 INITRANS 2 MAXTRANS 255 COMPUTE STATISTICS 
  STORAGE(INITIAL 65536 NEXT 1048576 MINEXTENTS 1 MAXEXTENTS 2147483645
  PCTINCREASE 0 FREELISTS 1 FREELIST GROUPS 1 BUFFER_POOL DEFAULT FLASH_CACHE DEFAULT CELL_FLASH_CACHE DEFAULT)
  TABLESPACE "USERS" ;
--------------------------------------------------------
--  DDL for Index STAFF_PK
--------------------------------------------------------

  CREATE UNIQUE INDEX "RGEORGE2"."STAFF_PK" ON "RGEORGE2"."STAFF" ("STAFFID") 
  PCTFREE 10 INITRANS 2 MAXTRANS 255 COMPUTE STATISTICS 
  STORAGE(INITIAL 65536 NEXT 1048576 MINEXTENTS 1 MAXEXTENTS 2147483645
  PCTINCREASE 0 FREELISTS 1 FREELIST GROUPS 1 BUFFER_POOL DEFAULT FLASH_CACHE DEFAULT CELL_FLASH_CACHE DEFAULT)
  TABLESPACE "USERS" ;
--------------------------------------------------------
--  DDL for Index WORKSAT_PK
--------------------------------------------------------

  CREATE UNIQUE INDEX "RGEORGE2"."WORKSAT_PK" ON "RGEORGE2"."WORKSAT" ("STAFFID") 
  PCTFREE 10 INITRANS 2 MAXTRANS 255 COMPUTE STATISTICS 
  STORAGE(INITIAL 65536 NEXT 1048576 MINEXTENTS 1 MAXEXTENTS 2147483645
  PCTINCREASE 0 FREELISTS 1 FREELIST GROUPS 1 BUFFER_POOL DEFAULT FLASH_CACHE DEFAULT CELL_FLASH_CACHE DEFAULT)
  TABLESPACE "USERS" ;
--------------------------------------------------------
--  DDL for Index DOBINDEX
--------------------------------------------------------

  CREATE INDEX "RGEORGE2"."DOBINDEX" ON "RGEORGE2"."PEOPLE" ("DOB") 
  PCTFREE 10 INITRANS 2 MAXTRANS 255 COMPUTE STATISTICS 
  STORAGE(INITIAL 65536 NEXT 1048576 MINEXTENTS 1 MAXEXTENTS 2147483645
  PCTINCREASE 0 FREELISTS 1 FREELIST GROUPS 1 BUFFER_POOL DEFAULT FLASH_CACHE DEFAULT CELL_FLASH_CACHE DEFAULT)
  TABLESPACE "USERS" ;
--------------------------------------------------------
--  DDL for Index CONTRACT_PK
--------------------------------------------------------

  CREATE UNIQUE INDEX "RGEORGE2"."CONTRACT_PK" ON "RGEORGE2"."CONTRACT" ("CONTRACTID") 
  PCTFREE 10 INITRANS 2 MAXTRANS 255 COMPUTE STATISTICS 
  STORAGE(INITIAL 65536 NEXT 1048576 MINEXTENTS 1 MAXEXTENTS 2147483645
  PCTINCREASE 0 FREELISTS 1 FREELIST GROUPS 1 BUFFER_POOL DEFAULT FLASH_CACHE DEFAULT CELL_FLASH_CACHE DEFAULT)
  TABLESPACE "USERS" ;
--------------------------------------------------------
--  DDL for Index STORE_PK
--------------------------------------------------------

  CREATE UNIQUE INDEX "RGEORGE2"."STORE_PK" ON "RGEORGE2"."STORE" ("STOREID") 
  PCTFREE 10 INITRANS 2 MAXTRANS 255 COMPUTE STATISTICS 
  STORAGE(INITIAL 65536 NEXT 1048576 MINEXTENTS 1 MAXEXTENTS 2147483645
  PCTINCREASE 0 FREELISTS 1 FREELIST GROUPS 1 BUFFER_POOL DEFAULT FLASH_CACHE DEFAULT CELL_FLASH_CACHE DEFAULT)
  TABLESPACE "USERS" ;
--------------------------------------------------------
--  Constraints for Table ORDERS
--------------------------------------------------------

  ALTER TABLE "RGEORGE2"."ORDERS" ADD CONSTRAINT "ORDERS_PK" PRIMARY KEY ("ORDERID")
  USING INDEX PCTFREE 10 INITRANS 2 MAXTRANS 255 COMPUTE STATISTICS 
  STORAGE(INITIAL 65536 NEXT 1048576 MINEXTENTS 1 MAXEXTENTS 2147483645
  PCTINCREASE 0 FREELISTS 1 FREELIST GROUPS 1 BUFFER_POOL DEFAULT FLASH_CACHE DEFAULT CELL_FLASH_CACHE DEFAULT)
  TABLESPACE "USERS"  ENABLE;
 
  ALTER TABLE "RGEORGE2"."ORDERS" MODIFY ("ORDERID" NOT NULL ENABLE);
 
  ALTER TABLE "RGEORGE2"."ORDERS" MODIFY ("QTY" NOT NULL ENABLE);
 
  ALTER TABLE "RGEORGE2"."ORDERS" MODIFY ("PRICE" NOT NULL ENABLE);
 
  ALTER TABLE "RGEORGE2"."ORDERS" MODIFY ("ISBN" NOT NULL ENABLE);
 
  ALTER TABLE "RGEORGE2"."ORDERS" MODIFY ("CUSTOMERID" NOT NULL ENABLE);
 
  ALTER TABLE "RGEORGE2"."ORDERS" MODIFY ("STAFFID" NOT NULL ENABLE);
 
  ALTER TABLE "RGEORGE2"."ORDERS" MODIFY ("ORDERDATE" NOT NULL ENABLE);
--------------------------------------------------------
--  Constraints for Table STORERESTOCK
--------------------------------------------------------

  ALTER TABLE "RGEORGE2"."STORERESTOCK" ADD CONSTRAINT "STORERESTOCK_PK" PRIMARY KEY ("RESTOCKORDERID")
  USING INDEX PCTFREE 10 INITRANS 2 MAXTRANS 255 COMPUTE STATISTICS 
  STORAGE(INITIAL 65536 NEXT 1048576 MINEXTENTS 1 MAXEXTENTS 2147483645
  PCTINCREASE 0 FREELISTS 1 FREELIST GROUPS 1 BUFFER_POOL DEFAULT FLASH_CACHE DEFAULT CELL_FLASH_CACHE DEFAULT)
  TABLESPACE "USERS"  ENABLE;
 
  ALTER TABLE "RGEORGE2"."STORERESTOCK" MODIFY ("RESTOCKORDERID" NOT NULL ENABLE);
 
  ALTER TABLE "RGEORGE2"."STORERESTOCK" MODIFY ("QTY" NOT NULL ENABLE);
 
  ALTER TABLE "RGEORGE2"."STORERESTOCK" MODIFY ("RESTOCKSTATUS" NOT NULL ENABLE);
 
  ALTER TABLE "RGEORGE2"."STORERESTOCK" MODIFY ("STAFFID" NOT NULL ENABLE);
--------------------------------------------------------
--  Constraints for Table VENDORS
--------------------------------------------------------

  ALTER TABLE "RGEORGE2"."VENDORS" MODIFY ("VENDORID" NOT NULL ENABLE);
 
  ALTER TABLE "RGEORGE2"."VENDORS" MODIFY ("NAME" NOT NULL ENABLE);
 
  ALTER TABLE "RGEORGE2"."VENDORS" MODIFY ("ADDRESS" NOT NULL ENABLE);
 
  ALTER TABLE "RGEORGE2"."VENDORS" MODIFY ("PHONE" NOT NULL ENABLE);
 
  ALTER TABLE "RGEORGE2"."VENDORS" ADD CONSTRAINT "VENDORS_PK" PRIMARY KEY ("VENDORID")
  USING INDEX PCTFREE 10 INITRANS 2 MAXTRANS 255 COMPUTE STATISTICS 
  STORAGE(INITIAL 65536 NEXT 1048576 MINEXTENTS 1 MAXEXTENTS 2147483645
  PCTINCREASE 0 FREELISTS 1 FREELIST GROUPS 1 BUFFER_POOL DEFAULT FLASH_CACHE DEFAULT CELL_FLASH_CACHE DEFAULT)
  TABLESPACE "USERS"  ENABLE;
--------------------------------------------------------
--  Constraints for Table CUSTOMER
--------------------------------------------------------

  ALTER TABLE "RGEORGE2"."CUSTOMER" ADD CONSTRAINT "CUSTOMER_PK" PRIMARY KEY ("CUSTOMERID")
  USING INDEX PCTFREE 10 INITRANS 2 MAXTRANS 255 COMPUTE STATISTICS 
  STORAGE(INITIAL 65536 NEXT 1048576 MINEXTENTS 1 MAXEXTENTS 2147483645
  PCTINCREASE 0 FREELISTS 1 FREELIST GROUPS 1 BUFFER_POOL DEFAULT FLASH_CACHE DEFAULT CELL_FLASH_CACHE DEFAULT)
  TABLESPACE "USERS"  ENABLE;
 
  ALTER TABLE "RGEORGE2"."CUSTOMER" MODIFY ("CUSTOMERID" NOT NULL ENABLE);
--------------------------------------------------------
--  Constraints for Table STOREINVENTORY
--------------------------------------------------------

  ALTER TABLE "RGEORGE2"."STOREINVENTORY" ADD CONSTRAINT "STOREINVENTORY_PK" PRIMARY KEY ("STOREID", "ISBN")
  USING INDEX PCTFREE 10 INITRANS 2 MAXTRANS 255 COMPUTE STATISTICS 
  STORAGE(INITIAL 65536 NEXT 1048576 MINEXTENTS 1 MAXEXTENTS 2147483645
  PCTINCREASE 0 FREELISTS 1 FREELIST GROUPS 1 BUFFER_POOL DEFAULT FLASH_CACHE DEFAULT CELL_FLASH_CACHE DEFAULT)
  TABLESPACE "USERS"  ENABLE;
 
  ALTER TABLE "RGEORGE2"."STOREINVENTORY" MODIFY ("STOREID" NOT NULL ENABLE);
 
  ALTER TABLE "RGEORGE2"."STOREINVENTORY" MODIFY ("ISBN" NOT NULL ENABLE);
 
  ALTER TABLE "RGEORGE2"."STOREINVENTORY" MODIFY ("QTY" NOT NULL ENABLE);
--------------------------------------------------------
--  Constraints for Table REQUEST
--------------------------------------------------------

  ALTER TABLE "RGEORGE2"."REQUEST" ADD CONSTRAINT "REQUEST_PK" PRIMARY KEY ("REQUESTID")
  USING INDEX PCTFREE 10 INITRANS 2 MAXTRANS 255 COMPUTE STATISTICS 
  STORAGE(INITIAL 65536 NEXT 1048576 MINEXTENTS 1 MAXEXTENTS 2147483645
  PCTINCREASE 0 FREELISTS 1 FREELIST GROUPS 1 BUFFER_POOL DEFAULT FLASH_CACHE DEFAULT CELL_FLASH_CACHE DEFAULT)
  TABLESPACE "USERS"  ENABLE;
 
  ALTER TABLE "RGEORGE2"."REQUEST" MODIFY ("REQUESTID" NOT NULL ENABLE);
 
  ALTER TABLE "RGEORGE2"."REQUEST" MODIFY ("REQUESTDATE" NOT NULL ENABLE);
 
  ALTER TABLE "RGEORGE2"."REQUEST" MODIFY ("ISBN" NOT NULL ENABLE);
 
  ALTER TABLE "RGEORGE2"."REQUEST" MODIFY ("PRICE" NOT NULL ENABLE);
 
  ALTER TABLE "RGEORGE2"."REQUEST" MODIFY ("QTY" NOT NULL ENABLE);
 
  ALTER TABLE "RGEORGE2"."REQUEST" MODIFY ("REQUESTSTATUS" NOT NULL ENABLE);
 
  ALTER TABLE "RGEORGE2"."REQUEST" MODIFY ("VENDORID" NOT NULL ENABLE);
--------------------------------------------------------
--  Constraints for Table STAFF
--------------------------------------------------------

  ALTER TABLE "RGEORGE2"."STAFF" ADD CONSTRAINT "STAFF_PK" PRIMARY KEY ("STAFFID")
  USING INDEX PCTFREE 10 INITRANS 2 MAXTRANS 255 COMPUTE STATISTICS 
  STORAGE(INITIAL 65536 NEXT 1048576 MINEXTENTS 1 MAXEXTENTS 2147483645
  PCTINCREASE 0 FREELISTS 1 FREELIST GROUPS 1 BUFFER_POOL DEFAULT FLASH_CACHE DEFAULT CELL_FLASH_CACHE DEFAULT)
  TABLESPACE "USERS"  ENABLE;
 
  ALTER TABLE "RGEORGE2"."STAFF" MODIFY ("STAFFID" NOT NULL ENABLE);
 
  ALTER TABLE "RGEORGE2"."STAFF" MODIFY ("SSN" NOT NULL ENABLE);
 
  ALTER TABLE "RGEORGE2"."STAFF" MODIFY ("DEPARTMENT" NOT NULL ENABLE);
 
  ALTER TABLE "RGEORGE2"."STAFF" MODIFY ("JOBTITLE" NOT NULL ENABLE);
 
  ALTER TABLE "RGEORGE2"."STAFF" MODIFY ("SALARY" NOT NULL ENABLE);
 
  ALTER TABLE "RGEORGE2"."STAFF" MODIFY ("JOINEDDATE" NOT NULL ENABLE);
--------------------------------------------------------
--  Constraints for Table STORE
--------------------------------------------------------

  ALTER TABLE "RGEORGE2"."STORE" ADD CONSTRAINT "STORE_PK" PRIMARY KEY ("STOREID")
  USING INDEX PCTFREE 10 INITRANS 2 MAXTRANS 255 COMPUTE STATISTICS 
  STORAGE(INITIAL 65536 NEXT 1048576 MINEXTENTS 1 MAXEXTENTS 2147483645
  PCTINCREASE 0 FREELISTS 1 FREELIST GROUPS 1 BUFFER_POOL DEFAULT FLASH_CACHE DEFAULT CELL_FLASH_CACHE DEFAULT)
  TABLESPACE "USERS"  ENABLE;
 
  ALTER TABLE "RGEORGE2"."STORE" MODIFY ("STOREID" NOT NULL ENABLE);
 
  ALTER TABLE "RGEORGE2"."STORE" MODIFY ("ADDRESS" NOT NULL ENABLE);
--------------------------------------------------------
--  Constraints for Table PEOPLE_HOME
--------------------------------------------------------

  ALTER TABLE "RGEORGE2"."PEOPLE_HOME" ADD CONSTRAINT "PEOPLE_HOME_PK" PRIMARY KEY ("PHONE")
  USING INDEX PCTFREE 10 INITRANS 2 MAXTRANS 255 COMPUTE STATISTICS 
  STORAGE(INITIAL 65536 NEXT 1048576 MINEXTENTS 1 MAXEXTENTS 2147483645
  PCTINCREASE 0 FREELISTS 1 FREELIST GROUPS 1 BUFFER_POOL DEFAULT FLASH_CACHE DEFAULT CELL_FLASH_CACHE DEFAULT)
  TABLESPACE "USERS"  ENABLE;
 
  ALTER TABLE "RGEORGE2"."PEOPLE_HOME" MODIFY ("PHONE" NOT NULL ENABLE);
 
  ALTER TABLE "RGEORGE2"."PEOPLE_HOME" MODIFY ("ADDRESS" NOT NULL ENABLE);
--------------------------------------------------------
--  Constraints for Table CONTRACT
--------------------------------------------------------

  ALTER TABLE "RGEORGE2"."CONTRACT" ADD CONSTRAINT "CONTRACT_PK" PRIMARY KEY ("CONTRACTID")
  USING INDEX PCTFREE 10 INITRANS 2 MAXTRANS 255 COMPUTE STATISTICS 
  STORAGE(INITIAL 65536 NEXT 1048576 MINEXTENTS 1 MAXEXTENTS 2147483645
  PCTINCREASE 0 FREELISTS 1 FREELIST GROUPS 1 BUFFER_POOL DEFAULT FLASH_CACHE DEFAULT CELL_FLASH_CACHE DEFAULT)
  TABLESPACE "USERS"  ENABLE;
 
  ALTER TABLE "RGEORGE2"."CONTRACT" MODIFY ("CONTRACTID" NOT NULL ENABLE);
 
  ALTER TABLE "RGEORGE2"."CONTRACT" MODIFY ("STARTDATE" NOT NULL ENABLE);
 
  ALTER TABLE "RGEORGE2"."CONTRACT" MODIFY ("ENDDATE" NOT NULL ENABLE);
 
  ALTER TABLE "RGEORGE2"."CONTRACT" MODIFY ("VENDORID" NOT NULL ENABLE);
 
  ALTER TABLE "RGEORGE2"."CONTRACT" MODIFY ("ISBN" NOT NULL ENABLE);
--------------------------------------------------------
--  Constraints for Table PEOPLE
--------------------------------------------------------

  ALTER TABLE "RGEORGE2"."PEOPLE" ADD CONSTRAINT "PEOPLE_PK" PRIMARY KEY ("SSN")
  USING INDEX PCTFREE 10 INITRANS 2 MAXTRANS 255 COMPUTE STATISTICS 
  STORAGE(INITIAL 65536 NEXT 1048576 MINEXTENTS 1 MAXEXTENTS 2147483645
  PCTINCREASE 0 FREELISTS 1 FREELIST GROUPS 1 BUFFER_POOL DEFAULT FLASH_CACHE DEFAULT CELL_FLASH_CACHE DEFAULT)
  TABLESPACE "USERS"  ENABLE;
 
  ALTER TABLE "RGEORGE2"."PEOPLE" MODIFY ("SSN" NOT NULL ENABLE);
 
  ALTER TABLE "RGEORGE2"."PEOPLE" MODIFY ("FIRSTNAME" NOT NULL ENABLE);
 
  ALTER TABLE "RGEORGE2"."PEOPLE" MODIFY ("LASTNAME" NOT NULL ENABLE);
 
  ALTER TABLE "RGEORGE2"."PEOPLE" MODIFY ("PHONE" NOT NULL ENABLE);
 
  ALTER TABLE "RGEORGE2"."PEOPLE" MODIFY ("EMAIL" NOT NULL ENABLE);
--------------------------------------------------------
--  Constraints for Table WORKSAT
--------------------------------------------------------

  ALTER TABLE "RGEORGE2"."WORKSAT" MODIFY ("STOREID" NOT NULL ENABLE);
 
  ALTER TABLE "RGEORGE2"."WORKSAT" MODIFY ("STAFFID" NOT NULL ENABLE);
 
  ALTER TABLE "RGEORGE2"."WORKSAT" ADD CONSTRAINT "WORKSAT_PK" PRIMARY KEY ("STAFFID")
  USING INDEX PCTFREE 10 INITRANS 2 MAXTRANS 255 COMPUTE STATISTICS 
  STORAGE(INITIAL 65536 NEXT 1048576 MINEXTENTS 1 MAXEXTENTS 2147483645
  PCTINCREASE 0 FREELISTS 1 FREELIST GROUPS 1 BUFFER_POOL DEFAULT FLASH_CACHE DEFAULT CELL_FLASH_CACHE DEFAULT)
  TABLESPACE "USERS"  ENABLE;
--------------------------------------------------------
--  Constraints for Table BOOK
--------------------------------------------------------

  ALTER TABLE "RGEORGE2"."BOOK" ADD CONSTRAINT "BOOK_PK" PRIMARY KEY ("ISBN")
  USING INDEX PCTFREE 10 INITRANS 2 MAXTRANS 255 COMPUTE STATISTICS 
  STORAGE(INITIAL 65536 NEXT 1048576 MINEXTENTS 1 MAXEXTENTS 2147483645
  PCTINCREASE 0 FREELISTS 1 FREELIST GROUPS 1 BUFFER_POOL DEFAULT FLASH_CACHE DEFAULT CELL_FLASH_CACHE DEFAULT)
  TABLESPACE "USERS"  ENABLE;
 
  ALTER TABLE "RGEORGE2"."BOOK" MODIFY ("ISBN" NOT NULL ENABLE);
 
  ALTER TABLE "RGEORGE2"."BOOK" MODIFY ("TITLE" NOT NULL ENABLE);
 
  ALTER TABLE "RGEORGE2"."BOOK" MODIFY ("PUBLISHER" NOT NULL ENABLE);
 
  ALTER TABLE "RGEORGE2"."BOOK" MODIFY ("WAREHOUSEQTY" NOT NULL ENABLE);
 
  ALTER TABLE "RGEORGE2"."BOOK" MODIFY ("AUTHOR" NOT NULL ENABLE);

--------------------------------------------------------
--  Ref Constraints for Table CONTRACT
--------------------------------------------------------

  ALTER TABLE "RGEORGE2"."CONTRACT" ADD CONSTRAINT "CONTRACT_BOOK_FK1" FOREIGN KEY ("ISBN")
	  REFERENCES "RGEORGE2"."BOOK" ("ISBN") ENABLE;
 
  ALTER TABLE "RGEORGE2"."CONTRACT" ADD CONSTRAINT "CONTRACT_VENDORS_FK1" FOREIGN KEY ("VENDORID")
	  REFERENCES "RGEORGE2"."VENDORS" ("VENDORID") ENABLE;
--------------------------------------------------------
--  Ref Constraints for Table CUSTOMER
--------------------------------------------------------

  ALTER TABLE "RGEORGE2"."CUSTOMER" ADD CONSTRAINT "CUSTOMER_PEOPLE_FK1" FOREIGN KEY ("SSN")
	  REFERENCES "RGEORGE2"."PEOPLE" ("SSN") ENABLE;
--------------------------------------------------------
--  Ref Constraints for Table ORDERS
--------------------------------------------------------

  ALTER TABLE "RGEORGE2"."ORDERS" ADD CONSTRAINT "ORDERS_BOOK_FK1" FOREIGN KEY ("ISBN")
	  REFERENCES "RGEORGE2"."BOOK" ("ISBN") ENABLE;
 
  ALTER TABLE "RGEORGE2"."ORDERS" ADD CONSTRAINT "ORDERS_CUSTOMER_FK1" FOREIGN KEY ("CUSTOMERID")
	  REFERENCES "RGEORGE2"."CUSTOMER" ("CUSTOMERID") ENABLE;
 
  ALTER TABLE "RGEORGE2"."ORDERS" ADD CONSTRAINT "ORDERS_STAFF_FK1" FOREIGN KEY ("STAFFID")
	  REFERENCES "RGEORGE2"."STAFF" ("STAFFID") ENABLE;
--------------------------------------------------------
--  Ref Constraints for Table PEOPLE
--------------------------------------------------------

  ALTER TABLE "RGEORGE2"."PEOPLE" ADD CONSTRAINT "PEOPLE_PEOPLE_HOME_FK1" FOREIGN KEY ("PHONE")
	  REFERENCES "RGEORGE2"."PEOPLE_HOME" ("PHONE") ENABLE;

--------------------------------------------------------
--  Ref Constraints for Table REQUEST
--------------------------------------------------------

  ALTER TABLE "RGEORGE2"."REQUEST" ADD CONSTRAINT "REQUEST_BOOK_FK1" FOREIGN KEY ("ISBN")
	  REFERENCES "RGEORGE2"."BOOK" ("ISBN") ENABLE;
 
  ALTER TABLE "RGEORGE2"."REQUEST" ADD CONSTRAINT "REQUEST_VENDORS_FK1" FOREIGN KEY ("VENDORID")
	  REFERENCES "RGEORGE2"."VENDORS" ("VENDORID") ENABLE;
--------------------------------------------------------
--  Ref Constraints for Table STAFF
--------------------------------------------------------

  ALTER TABLE "RGEORGE2"."STAFF" ADD CONSTRAINT "STAFF_PEOPLE_FK1" FOREIGN KEY ("SSN")
	  REFERENCES "RGEORGE2"."PEOPLE" ("SSN") ENABLE;

--------------------------------------------------------
--  Ref Constraints for Table STOREINVENTORY
--------------------------------------------------------

  ALTER TABLE "RGEORGE2"."STOREINVENTORY" ADD CONSTRAINT "STOREINVENTORY_BOOK_FK1" FOREIGN KEY ("ISBN")
	  REFERENCES "RGEORGE2"."BOOK" ("ISBN") ENABLE;
 
  ALTER TABLE "RGEORGE2"."STOREINVENTORY" ADD CONSTRAINT "STOREINVENTORY_STORE_FK1" FOREIGN KEY ("STOREID")
	  REFERENCES "RGEORGE2"."STORE" ("STOREID") ENABLE;
--------------------------------------------------------
--  Ref Constraints for Table STORERESTOCK
--------------------------------------------------------

  ALTER TABLE "RGEORGE2"."STORERESTOCK" ADD CONSTRAINT "STORERESTOCK_BOOK_FK1" FOREIGN KEY ("ISBN")
	  REFERENCES "RGEORGE2"."BOOK" ("ISBN") ENABLE;
 
  ALTER TABLE "RGEORGE2"."STORERESTOCK" ADD CONSTRAINT "STORERESTOCK_STAFF_FK1" FOREIGN KEY ("STAFFID")
	  REFERENCES "RGEORGE2"."STAFF" ("STAFFID") ENABLE;

--------------------------------------------------------
--  Ref Constraints for Table WORKSAT
--------------------------------------------------------

  ALTER TABLE "RGEORGE2"."WORKSAT" ADD CONSTRAINT "WORKSAT_STAFF_FK1" FOREIGN KEY ("STAFFID")
	  REFERENCES "RGEORGE2"."STAFF" ("STAFFID") ENABLE;
 
  ALTER TABLE "RGEORGE2"."WORKSAT" ADD CONSTRAINT "WORKSAT_STORE_FK1" FOREIGN KEY ("STOREID")
	  REFERENCES "RGEORGE2"."STORE" ("STOREID") ENABLE;
