-- Make sure family_english may be NULL
ALTER TABLE `taxonomy` CHANGE `family_english` `family_english` VARCHAR(255)  NULL;
ALTER TABLE `taxonomy_ssp` CHANGE `family_english` `family_english` VARCHAR(255)  NULL;

-- Add new field for TABLE '_dwca_taxon'
DROP TABLE IF EXISTS `_dwca_taxon`;
CREATE TABLE `_dwca_taxon` (
    `taxonID` varchar(50) NOT NULL DEFAULT '',
    `parentNameUsageID` varchar(50) DEFAULT NULL,
    `acceptedNameUsageID` varchar(50) DEFAULT NULL,
    `originalNameUsageID` varchar(50) DEFAULT NULL,
    `scientificNameID` varchar(50) DEFAULT NULL,
    `datasetID` int(11) DEFAULT NULL,
    `taxonomicStatus` varchar(30) DEFAULT NULL,
    `taxonRank` varchar(20) DEFAULT NULL,
    `scientificName` varchar(200) DEFAULT NULL,
    `scientificNameAuthorship` varchar(150) DEFAULT NULL,
    `notho` varchar(50) DEFAULT NULL,
    `genericName` varchar(50) DEFAULT NULL,
    `infragenericEpithet` varchar(50) DEFAULT NULL,
    `specificEpithet` varchar(50) DEFAULT NULL,
    `infraspecificEpithet` varchar(50) DEFAULT NULL,
    `cultivarEpithet` varchar(50) DEFAULT NULL,
    `nameAccordingTo` varchar(100) DEFAULT NULL,
    `namePublishedIn` varchar(1000) DEFAULT NULL,
    `nomenclaturalCode` varchar(50) DEFAULT NULL,
    `nomenclaturalStatus` varchar(20) DEFAULT NULL,
    `taxonRemarks` varchar(1000) DEFAULT NULL,
    `references` varchar(1000) DEFAULT NULL,
    PRIMARY KEY (`taxonID`),
    KEY `parentNameUsageID` (`parentNameUsageID`),
    KEY `genericName` (`genericName`,`specificEpithet`,`infraspecificEpithet`),
    KEY `scientificNameID` (`scientificNameID`),
    KEY `taxonomicStatus` (`taxonomicStatus`),
    KEY `taxonRank` (`taxonRank`)
) ENGINE=InnoDB DEFAULT CHARSET=utf8mb4;

-- Add MDD import TABLE '_mdd'
DROP TABLE IF EXISTS `_mdd`;
CREATE TABLE `_mdd` (
    `id` int(11) unsigned NOT NULL AUTO_INCREMENT,
    `phylosort` smallint(6) NOT NULL,
    `sciName` varchar(50) NOT NULL,
    `mainCommonName` varchar(50) DEFAULT NULL,
    `otherCommonNames` varchar(500) DEFAULT NULL,
    `order` varchar(20) NOT NULL,
    `family` varchar(20) NOT NULL,
    `genus` varchar(50) NOT NULL,
    `subgenus` varchar(50) DEFAULT NULL,
    `specificEpithet` varchar(50) NOT NULL,
    `authoritySpeciesAuthor` varchar(500) NOT NULL,
    `authoritySpeciesYear` varchar(20) NOT NULL,
    `authorityParentheses` tinyint(1) NOT NULL,
    `originalNameCombination` varchar(100) DEFAULT NULL,
    `iucnStatus` varchar(20) DEFAULT NULL,
    `extinct` tinyint(1) NOT NULL,
    `domestic` tinyint(1) NOT NULL,
    PRIMARY KEY (`id`),
    KEY `order` (`order`)
) ENGINE=InnoDB DEFAULT CHARSET=utf8mb4 COLLATE=utf8mb4_general_ci;

TRUNCATE TABLE `groups`;
INSERT INTO `groups` (`id`, `name`, `dwca`, `slow_factor`)
VALUES
    (1,'birds',0,NULL),
    (2,'grasshoppers',1,10),
    (3,'bats',2,10);

TRUNCATE TABLE `group_sound_properties`;
INSERT INTO `group_sound_properties` (`group_id`, `property_id`, `sort_order`)
VALUES
    (1,1,1),
    (1,2,2),
    (1,3,1),
    (1,4,2),
    (1,5,3),
    (1,7,1),
    (1,8,2),
    (1,9,3),
    (1,10,4),
    (1,11,5),
    (1,12,6),
    (1,13,7),
    (1,14,8),
    (1,15,9),
    (1,16,10),
    (1,17,99),
    (1,18,98),
    (1,24,1),
    (1,25,2),
    (1,26,3),
    (1,28,0),
    (1,29,0),
    (1,30,0),
    (1,31,6),
    (2,1,1),
    (2,2,2),
    (2,3,1),
    (2,6,2),
    (2,17,99),
    (2,19,1),
    (2,20,2),
    (2,21,3),
    (2,22,4),
    (2,23,5),
    (2,24,1),
    (2,27,2),
    (2,28,0),
    (2,29,0),
    (2,30,0),
    (2,31,6),
    (2,32,6),
    (2,33,4),
    (3,1,1),
    (3,2,2),
    (3,3,1),
    (3,4,3),
    (3,7,2),
    (3,24,1),
    (3,25,10),
    (3,28,0),
    (3,29,0),
    (3,30,0),
    (3,31,99),
    (3,34,3),
    (3,35,4),
    (3,36,3),
    (3,37,5),
    (3,38,2),
    (3,39,3),
    (3,40,4),
    (3,41,2),
    (3,42,3),
    (3,43,11);

TRUNCATE TABLE `sound_properties`;
INSERT INTO `sound_properties` (`id`, `property`, `category_id`)
VALUES
    (1,'male',1),
    (2,'female',1),
    (3,'adult',2),
    (4,'juvenile',2),
    (5,'nestling',2),
    (6,'nymph',2),
    (7,'song',3),
    (8,'subsong',3),
    (9,'call',3),
    (10,'alarm call',3),
    (11,'flight call',3),
    (12,'nocturnal flight call',3),
    (13,'begging call',3),
    (14,'drumming',3),
    (15,'duet',3),
    (16,'dawn song',3),
    (17,'aberrant',3),
    (18,'imitation',3),
    (19,'calling song',3),
    (20,'courtship song',3),
    (21,'rivalry song',3),
    (22,'disturbance song',3),
    (23,'flight song',3),
    (24,'field recording',4),
    (25,'in the hand',4),
    (26,'in net',4),
    (27,'studio recording',4),
    (28,'uncertain',1),
    (29,'uncertain',2),
    (30,'uncertain',3),
    (31,'unknown',4),
    (32,'searching song',3),
    (33,'female song',3),
    (34,'roosting',4),
    (35,'in enclosure',4),
    (36,'emerging from roost',4),
    (37,'roped',4),
    (38,'echolocation',3),
    (39,'social call',3),
    (40,'distress call',3),
    (41,'subadult',2),
    (42,'fluorescent light tag',4),
    (43,'hand-release',4);
