set foreign_key_checks = 0;
truncate table Acl;
truncate table  Activity;
truncate table  `Client`;
truncate table  Collaborator;
truncate table `Comment`;
truncate table Contact;
truncate table ContactClient;
truncate table Contract;
truncate table ContractType;
truncate table DefaultFunction;
truncate table Functiontype;
truncate table Intervention;
truncate table Permission;
truncate table Project;
truncate table ProjectLibrary;
truncate table ProjectTechnology;
truncate table `Resource`;
truncate table Rule;
truncate table `Status`;
truncate table Step;
truncate table StepType;
truncate table Technology;

set foreign_key_checks = 1;

insert into ContractType (IDCT, LABELCT) values ('CDI', 'Contrat à durée indeterminé');
insert into ContractType (IDCT, LABELCT) values ('CDD', 'Contrat à durée determiné');
insert into ContractType (IDCT, LABELCT) values ('STA', 'Stagiaire hautement qualifié');



insert into Status (`LABEL`) values 
	('directeur général administratif et financier'),
    ('responsable des ressources humaines'),
    ('responsable commercial'),
    ('secrétaire administratif'),
    ('responsable du département études'),
    ('ingénieurs d’études'),
	('secrétaire technique'),
    ('techniciens supports'),
    ('commerial');


insert into Activity (`LABEL`) values 
	('autres'),
    ('analyse des besoins'),
    ('Conception'),
    ('Programmation'),
    ('Tests unitaires'),
    ('Tests d’intégration'),
    ('Tests de recette et installation'),
    ('Management du projet'),
    ('Gestion de configuration'),
    ('Formation spécifique au projet'),
    ('Divers');
 

insert into Client (IDCLIENT, COMPANYNAME, ADRESS, POSTCODE, CITY, PHONE, TYPE, AREA, NATURE, REVENUE, WORKFORCE) values (1, 'Medpace Holdings, Inc.', '72572 Ronald Regan Crossing', 16222, 'Goz Béïda', '7866517171', 'Privé', 'Jewelery', 'Ancienne', 7299, 357);
insert into Client (IDCLIENT, COMPANYNAME, ADRESS, POSTCODE, CITY, PHONE, TYPE, AREA, NATURE, REVENUE, WORKFORCE) values (2, 'Fonar Corporation', '863 Northland Plaza', 47768, 'Kyzylorda', '6258406143', 'Privé', 'Automotive', 'Principale', 2082, 51);
insert into Client (IDCLIENT, COMPANYNAME, ADRESS, POSTCODE, CITY, PHONE, TYPE, AREA, NATURE, REVENUE, WORKFORCE) values (3, 'Bank of America Corporation', '98 Moose Point', 66612, 'Loúros', '7257286563', 'Public', 'Electronics', 'Principale', 9607, 340);
insert into Client (IDCLIENT, COMPANYNAME, ADRESS, POSTCODE, CITY, PHONE, TYPE, AREA, NATURE, REVENUE, WORKFORCE) values (4, 'EQT Midstream Partners, LP', '9 Banding Point', 36826, 'Corbeil-Essonnes', '2415233136', 'Privé', 'Outdoors', 'Principale', 429, 6);
insert into Client (IDCLIENT, COMPANYNAME, ADRESS, POSTCODE, CITY, PHONE, TYPE, AREA, NATURE, REVENUE, WORKFORCE) values (5, 'Equinix, Inc.', '76158 Red Cloud Circle', 91780, 'Aco', '5889655865', 'Privé', 'Tools', 'Ancienne', 7054, 90);
insert into Client (IDCLIENT, COMPANYNAME, ADRESS, POSTCODE, CITY, PHONE, TYPE, AREA, NATURE, REVENUE, WORKFORCE) values (6, 'Western Asset Investment Grade Defined Opportunity Trust Inc.', '4656 Harbort Court', 85701, 'Montevista', '159 541 9291', 'Public', 'Electronics', 'Principale', 2306, 326);
insert into Client (IDCLIENT, COMPANYNAME, ADRESS, POSTCODE, CITY, PHONE, TYPE, AREA, NATURE, REVENUE, WORKFORCE) values (7, 'Foamix Pharmaceuticals Ltd.', '62 Northland Center', 45816, 'Tshaneni', '5484720354', 'Privé', 'Electronics', 'Principale', 3738, 473);
insert into Client (IDCLIENT, COMPANYNAME, ADRESS, POSTCODE, CITY, PHONE, TYPE, AREA, NATURE, REVENUE, WORKFORCE) values (8, 'SeaChange International, Inc.', '56998 Cordelia Parkway', 13225, 'Atlasovo', '2282718365', 'Privé', 'Industrial', 'Principale', 5318, 400);
insert into Client (IDCLIENT, COMPANYNAME, ADRESS, POSTCODE, CITY, PHONE, TYPE, AREA, NATURE, REVENUE, WORKFORCE) values (9, 'ImmunoGen, Inc.', '2973 Mallard Avenue', 82289, 'Alegria', '9634070064', 'Public', 'Jewelery', 'Secondaire', 8583, 180);
insert into Client (IDCLIENT, COMPANYNAME, ADRESS, POSTCODE, CITY, PHONE, TYPE, AREA, NATURE, REVENUE, WORKFORCE) values (10, 'Hailiang Education Group Inc.', '8 Schlimgen Center', 93295, 'Gävle', '4931137229', 'Privé', 'Music', 'Ancienne', 1615, 499);


insert into Technology (`LABEL`) values 
	('JAVA'),
    ('MySQL'),
    ('Python'),
    ('Ruby'),
    ('MariaDB');


insert into Contact (IDCONTACT, FULLNAME, `FUNCTION`, PHONE) values (1, 'Cassie Anderbrugge', 'Engineer', '213831506');
insert into Contact (IDCONTACT, FULLNAME, `FUNCTION`, PHONE) values (2, 'Mariette Forestel', 'VP Marketing', '219934515');
insert into Contact (IDCONTACT, FULLNAME, `FUNCTION`, PHONE) values (3, 'Armand Brazier', 'Sales Associate', '324367951');
insert into Contact (IDCONTACT, FULLNAME, `FUNCTION`, PHONE) values (4, 'Bobby Toombs', 'Administrative Officer', '37874657');
insert into Contact (IDCONTACT, FULLNAME, `FUNCTION`, PHONE) values (5, 'Breena Leeder', 'Director of Sales', '399023683');
insert into Contact (IDCONTACT, FULLNAME, `FUNCTION`, PHONE) values (6, 'Pinchas Weaving', 'Sales Associate', '805200564');
insert into Contact (IDCONTACT, FULLNAME, `FUNCTION`, PHONE) values (7, 'Malory Imlaw', 'Civil Engineer', '569725043');
insert into Contact (IDCONTACT, FULLNAME, `FUNCTION`, PHONE) values (8, 'Stu McHan', 'VP Accounting', '657215094');
insert into Contact (IDCONTACT, FULLNAME, `FUNCTION`, PHONE) values (9, 'Madison Margrett', 'Administrative Assistant ', '671726378');
insert into Contact (IDCONTACT, FULLNAME, `FUNCTION`, PHONE) values (10, 'Riannon Trustie', 'Web Designer', '896841231');

insert into Functiontype (`LABEL`) values 
	('Responsable de projet'),
    ('Analyste responsable d’application'),
    ('Développeur'),
    ('Technicien support'),
    ('Commercial'),
    ('Technico-Commercial'),
    ('Secrétaire');



insert into StepType (`LABEL`) values 
	('Analyse des besoins'),
	('Conception'),
	('Développement'),
    ('Test'),
   ('Intégration'),
    ('etc');




insert into Rule (IDRULE, `LABEL`) values (3, 'user');
insert into Rule (IDRULE, `LABEL`) values (1, 'administrator');
insert into Rule (IDRULE, `LABEL`) values (4, 'guest');
insert into Rule (IDRULE, `LABEL`) values (2, 'superUser');


insert into Permission (IDPERMISSION, `KEY`, `DESCRIPTION`) values (1, 'key 1', 'DESCRIPTION NUMERO 1');
insert into Permission (IDPERMISSION, `KEY`, `DESCRIPTION`) values (3, 'key 3', 'DESCRIPTION NUMERO 3');
insert into Permission (IDPERMISSION, `KEY`, `DESCRIPTION`) values (4,'key 4','DESCRIPTION NUMERO 4');
insert into Permission (IDPERMISSION,  `KEY`, `DESCRIPTION`) values (2,'key 2 ', 'DESCRIPTION NUMERO 2');


insert into ContactClient (IDCLIENT, IDCONTACT) values (6, 1);
insert into ContactClient (IDCLIENT, IDCONTACT) values (9, 3);
insert into ContactClient (IDCLIENT, IDCONTACT) values (5, 2);
insert into ContactClient (IDCLIENT, IDCONTACT) values (7, 5);
insert into ContactClient (IDCLIENT, IDCONTACT) values (8, 6);
insert into ContactClient (IDCLIENT, IDCONTACT) values (9, 9);
insert into ContactClient (IDCLIENT, IDCONTACT) values (1, 5);
insert into ContactClient (IDCLIENT, IDCONTACT) values (4, 4);
insert into ContactClient (IDCLIENT, IDCONTACT) values (2, 8);
insert into ContactClient (IDCLIENT, IDCONTACT) values (3, 7);

insert into Acl (IDRULE, IDPERMISSION) values (3, 1);
insert into Acl (IDRULE, IDPERMISSION) values (1, 4);
insert into Acl (IDRULE, IDPERMISSION) values (2, 3);
insert into Acl (IDRULE, IDPERMISSION) values (4, 4);
insert into Acl (IDRULE, IDPERMISSION) values (2, 4);
insert into Acl (IDRULE, IDPERMISSION) values (3, 4);
insert into Acl (IDRULE, IDPERMISSION) values (4, 2);
insert into Acl (IDRULE, IDPERMISSION) values (3, 2);


insert into Collaborator (MATRICULE, IDRULE, FULLNAME, GENDER, CIVILSTATUS, ADRESS1, ADRESS2, POSTALCODE, CITY, PHONENUMBER, USERNAME, PASSWORD) values (1, 1, 'Timofei Belshaw', 'F', 'Mme', '7 Lindbergh Parkway', null, 54121, 'Kristianstad', '4356758998', 'tbelshaw0', 'MTYfWGHI');
insert into Collaborator (MATRICULE, IDRULE, FULLNAME, GENDER, CIVILSTATUS, ADRESS1, ADRESS2, POSTALCODE, CITY, PHONENUMBER, USERNAME, PASSWORD) values (2, 2, 'Aldis Zima', 'F', 'Mme', '14144 Autumn Leaf Trail', 'Plaza', 54185, 'Chirkey', '4424201500', 'azima1', 'WHQiVaKN');
insert into Collaborator (MATRICULE, IDRULE, FULLNAME, GENDER, CIVILSTATUS, ADRESS1, ADRESS2, POSTALCODE, CITY, PHONENUMBER, USERNAME, PASSWORD) values (3, 4, 'Sheila Garton', 'F', 'M', '0607 Northwestern Pass', null, 54825, 'Sighnaghi', '9612750772', 'sgarton2', 'EmlXgO44');
insert into Collaborator (MATRICULE, IDRULE, FULLNAME, GENDER, CIVILSTATUS, ADRESS1, ADRESS2, POSTALCODE, CITY, PHONENUMBER, USERNAME, PASSWORD) values (4, 3, 'Horace Clayworth', 'H', 'Mle', '85 Karstens Hill', null, 54633, 'Pasirlaja', '8554481459', 'hclayworth3', '3RxhaJMT');
insert into Collaborator (MATRICULE, IDRULE, FULLNAME, GENDER, CIVILSTATUS, ADRESS1, ADRESS2, POSTALCODE, CITY, PHONENUMBER, USERNAME, PASSWORD) values (5, 2, 'Gilligan Delcastel', 'F', 'Mle', '5523 Upham Street', null, 54928, 'San Pedro del Paraná', '4473757753', 'gdelcast', '481WQGW7');
insert into Collaborator (MATRICULE, IDRULE, FULLNAME, GENDER, CIVILSTATUS, ADRESS1, ADRESS2, POSTALCODE, CITY, PHONENUMBER, USERNAME, PASSWORD) values (6, 2, 'Aeriela Aiskovitch', 'F', 'M', '311 Forest Run Alley', null, 54849, 'Sułkowice', '3504281191', 'aaiskovitch5', 'QfzzZFMM');
insert into Collaborator (MATRICULE, IDRULE, FULLNAME, GENDER, CIVILSTATUS, ADRESS1, ADRESS2, POSTALCODE, CITY, PHONENUMBER, USERNAME, PASSWORD) values (7, 4, 'Kay Crosthwaite', 'H', 'Mme', '0528 Merchant Terrace', 'Court', 54374, 'Saint John’s', '4378259355', 'kcrosthwaite6', 'ackTSxHc');
insert into Collaborator (MATRICULE, IDRULE, FULLNAME, GENDER, CIVILSTATUS, ADRESS1, ADRESS2, POSTALCODE, CITY, PHONENUMBER, USERNAME, PASSWORD) values (8, 4, 'Duncan Ottery', 'F', 'M', '33 Melody Road', 'Hill', 54963, 'Thị Trấn Văn Quan', '3416601357', 'dottery7', 'vaUhk2wx');
insert into Collaborator (MATRICULE, IDRULE, FULLNAME, GENDER, CIVILSTATUS, ADRESS1, ADRESS2, POSTALCODE, CITY, PHONENUMBER, USERNAME, PASSWORD) values (9, 4, 'Lindie Ollivier', 'F', 'Mme', '66413 Butterfield Road', null, 54966, 'Jesús María', '3688578170', 'lollivier8', '9fN7TnFd');
insert into Collaborator (MATRICULE, IDRULE, FULLNAME, GENDER, CIVILSTATUS, ADRESS1, ADRESS2, POSTALCODE, CITY, PHONENUMBER, USERNAME, PASSWORD) values (10, 4, 'Vail Dover', 'H', 'Mme', '90 Montana Park', 'Trail', 54519, 'Lazarevskoye', '2431200601', 'vdover9', 'EPCAEK58');
insert into Collaborator (MATRICULE, IDRULE, FULLNAME, GENDER, CIVILSTATUS, ADRESS1, ADRESS2, POSTALCODE, CITY, PHONENUMBER, USERNAME, PASSWORD) values (11, 4, 'Maud Gash', 'H', 'M', '24 4th Terrace', null, 54237, 'Negeriagung', '6327026264', 'mgasha', '6BtVYeX1');
insert into Collaborator (MATRICULE, IDRULE, FULLNAME, GENDER, CIVILSTATUS, ADRESS1, ADRESS2, POSTALCODE, CITY, PHONENUMBER, USERNAME, PASSWORD) values (12,4, 'Marlena Alloway', 'F', 'M', '4 Becker Trail', null, 54034, 'Krahës', '2854515849', 'mallowayb', 'PoD39qW5');
insert into Collaborator (MATRICULE, IDRULE, FULLNAME, GENDER, CIVILSTATUS, ADRESS1, ADRESS2, POSTALCODE, CITY, PHONENUMBER, USERNAME, PASSWORD) values (13,4, 'Orson Stonner', 'H', 'Mme', '12 Vera Road', null, 54168, 'Dulles', '5711606219', 'ostonnerc', 'PX8avjPl');
insert into Collaborator (MATRICULE, IDRULE, FULLNAME, GENDER, CIVILSTATUS, ADRESS1, ADRESS2, POSTALCODE, CITY, PHONENUMBER, USERNAME, PASSWORD) values (14, 4, 'Regen Glassard', 'F', 'M', '98 Vernon Drive', null, 54102, 'Purral', '7979703340', 'rglassardd', '8vPEI614');
insert into Collaborator (MATRICULE, IDRULE, FULLNAME, GENDER, CIVILSTATUS, ADRESS1, ADRESS2, POSTALCODE, CITY, PHONENUMBER, USERNAME, PASSWORD) values (15, 4, 'Land Cashen', 'H', 'Mle', '69 Sutteridge Lane', null, 54543, 'Pyhäselkä', '1687772643', 'lcashene', '6bPiicmO');

insert into Resource (IDRESSOURCE, MATRICULE, TITLE, RESUME, RELEASEDATE) values (7, 3, 'C8CE0B KUY 69YUI0QNVPOIL6NKUPL14DJB 12D0UEFVX46E7J', '164QFBLSHHQ9BRHNTKI58H44ULLA8IN82WBDD4PGL7HQGGRJFNEI2KANLWYLBT RG2OO60KAOFNLX54Y0G6PBKY949UI 6FVQT38A79BJBE23A05HWC9C811LQKMPBATN66OMP2LUCEXNAYRML7DYPDQ4RWVLDCUNL22L3KXTWD6P O2ED6FGLCU SXXJVOARO9NU1G H7319S0EAC52B7F84AO1RBS7IH6T6CXXLGKA8EHI4EHDHO3SEHPID3J', '1954-8-17');
insert into Resource (IDRESSOURCE, MATRICULE, TITLE, RESUME, RELEASEDATE) values (4, 8, 'ORQYDX1Y05SL8325 M2IOBMHYWH0R1YTHL45O43AT81X8GE9DY', 'P69HNECUMF47QIRL7 FKW58LOWMG4OWL4RTXYMQ6Q5Q3WFYVCWH347YXLM0JQ1HMDIO9OWF9WAUMOC1NLPHPKS05THLTV6BG8U3WB6UPEOW2D7XJQTUDQXGU1LBHHOMTQL3G7DCT5 7MNMT2TO5O YOTP4C8P6FVQYRX3RHSO197YMRPB1B9KHSG2N1 PUF8F0QY4UOCK12VQSXNQ  6FRX4HRRLC2WJ7ROEKXFG066J8 3BNI DOQBKUTI0IFB', '1217-7-5');
insert into Resource (IDRESSOURCE, MATRICULE, TITLE, RESUME, RELEASEDATE) values (10, 10, 'SFAUT0P55SWUF0VN6NDTK2S3RIF09N2O7SRUS7VVFM1BI8KTPA', 'QE3 B DKDXF6XMTR5WVOO3HUNOW2ALU3K65NW71KDAT9N1O79SYNXYI7SB18C0TAKWP9OJT8L3N6TAKSYOBC4MGQ3AFE4OPMG8Q3YI6XNNA2BP2 3IXXOYCILC3L8C  ETIQ7O1RVVPVAR56FJ51FSMUV5EJMNYM396BU0VR3WGIJK6ENP2GREL93R374KIOUJAFYVRKB63ILXHB4NSPXD4MSTYI9 G 58BOTJPLU9KEYUS00FSG5QOKUHPQ6XL', '1939-2-14');
insert into Resource (IDRESSOURCE, MATRICULE, TITLE, RESUME, RELEASEDATE) values (6, 6, 'QB346JX6PTMPVN3HSG1AJ36275ABQARR4514P2FQLSE1YDN9CO', 'KCQU00KUUGFEVIHJ 1LI2F5WQSF9M6CFOM2RYWOXQU4S7H2RYSH6GBDXR41JHXHJXLB1YCRYXHJ6JTU4 EVRJS3IETQ1RSV95M78PV8DNN8AGV10LHGWX1TR3P6RXD3NIHBTU YB2DB7G8Y9C HQSERDB023O7QILFYTXKHRVI4F49QGW5O3ASRVQE7K2TTQ 5WGE7R6RDD126R3ML5T 33N1OQ4NFOCOMHR DC9Y6R3TIX6VW040V7M86YTAIP', '1384-2-29');
insert into Resource (IDRESSOURCE, MATRICULE, TITLE, RESUME, RELEASEDATE) values (9, 4, 'NSISYGY07IN97KELITDTUHMH7BV3JF8U69JHQLHKYPOUE46631', 'TE0P50KHYHNY05B6VMXNL WKN5J96OLEOBJI858DTA8MSBSALFPJ3P1FV85701VIB7WSMODBF10PN8D8TPH11S1BDMYY TQBRJAJS4N4YGIEH3KS9SQKNITXC8 KV77NDV34TRPJAXDI9AVM SPFH9NBSIK8BQR6GTVQUR5RV X4 GR2UBU4LTY6EYDPHN7E9H0WY45Q01NK6CSDHF557CYJ7X109J3W8QQD1CCGWVVL5YXFD5F3VEIB6IAP89K', '1370-4-4');
insert into Resource (IDRESSOURCE, MATRICULE, TITLE, RESUME, RELEASEDATE) values (8, 7, 'QE6QLEE652OUN45NDE0D08DWKL9F9YDB 4V3Y2DFRB1 FLVQQK', '3117KPFGF4O5GFGFLTV9K01 O3ILWLTX8L9WMRS0CWGJGTG9 QTI0DDU23ND D6K3P5KW OQJYKLS2M1E3 XNFG SO6G6G09SM9SQ4UUJ6N5551LAGM8SCAAS59WH39JB0O3Q0LI5GEGHRQDG42C8GOETK9AEMNK7F79NJ7P3Q52FYVV2T8MID1P18BYL0YL DTQDNS G26CMNA7P2X6FMAMUMUNHUV1VA4413 GWYY0V8RYOI1YKK3GCI30N45', '1534-2-11');
insert into Resource (IDRESSOURCE, MATRICULE, TITLE, RESUME, RELEASEDATE) values (2, 4, '5RQ0P37S5KVCJW QCANDA4F2GNCHLJURFDRJ70NB0T5AWS2Q0R', 'JOGDJQCJG657D1B3TG2E3HBXCISGVN8013S FJMUI9PFFNUQJCR6RK 4XYX6NTXD6A07 0TXVAJK8J7HCK8EEMGCMSDJHISBAVAW6N0I3GI0L 659BEIFIL 4GSY9SY38RB8XA 6ITT4G7OBVH 3MPBI22TPBM9TFVMJDTUM57RFF8QQUCO4SP76HQLVHQXNJRX1QAL T37 QG5DTH4569KMI74EMWL2SHWPWN33Q658R0615L9 PM8IW3L2FGX', '1999-1-1');
insert into Resource (IDRESSOURCE, MATRICULE, TITLE, RESUME, RELEASEDATE) values (5, 5, '17 U8OUVKVIUV6R75TYGD8PLWJBBP39Y9XUPUP74WIGX7A0V94', '0MO2LI0XOXK5 RHB2RCID GSF2GCAYIRM69OVQAPHBQO3HIAOA5SJFAIDT67MYYYL2MUKTK JWO8MC15JW TBGELHLHX PXRJ7YA52OMSXJ7DFE7X71YBB 4UU4MVAY4L906BFOI2Q73V3P8343JAU5L4HGMOYCCCINHTYQ8 80QURT40XNHQU9KSHSBLW4BMADX63XDPMEE0AX54UQ2CL1CRHWCOFNUT43O6VFYUOMNFNDP WC77CJTKLM1PMD', '1702-2-15');
insert into Resource (IDRESSOURCE, MATRICULE, TITLE, RESUME, RELEASEDATE) values (3, 5, 'VE79I6NNOEB8SW2JS3HGRSSN51SGL333AOLC60AR77EPLU HQ8', '6F9XYDAB QK132RXSVPFYRD4EE6BQYMY8OIU9OPK96ERX1NYQXT0Y7BWCLHU0NWCVF97P LH68NPDGDWVNGVR5TUDLFM1L5VDQAJCNNYEKD3G1501BB8M065VX6GU53H57MC7USRK12556P5T6J3B YQN77VLDEYTNO1V0RYT4DW1X99FMCT87V62T6G J1D87S366GY MF23J PNJ70W03QXVXYE8EWK7RLQ1PGLX69J18DH7TYU0DQ6PFOP3W', '1485-12-31');
insert into Resource (IDRESSOURCE, MATRICULE, TITLE, RESUME, RELEASEDATE) values (1, 8, 'NOH36FY1ALV 5LCTECYUH11P7A920TX7 31NDD7 XF1A05NQA3', 'UIKPN EFG5R2QT3OMC6BGE0B81J5KYQHEVIL3GDWHRVB42V0AV83I9TJ9D8FNR416TR3F4UI7QHKN4F7F7FNRT9JWAEVNAL6CXGU78R884L9QBE25A5XGUBHT3QEA09BWRD0K1QQN5UC810HOMCH6QNKYFOTCFI 03QEMTG1R189F3NYHBN6MRWCCYFBVDP0DDUYOUSYH7DAFPLHPI1PGYMGSGWXB98 JUS9WBP66UI KQBTPHA750FHF CHSKB', '1768-10-12');


insert into Contract (IDCONTRACT, IDSTATUS, IDCT, MATRICULE, STARTDATE, ENDDATE, SALARY) values (1, 9, 'cdd', 2, '2014-11-22', '2015-07-07', 31);
insert into Contract (IDCONTRACT, IDSTATUS, IDCT, MATRICULE, STARTDATE, ENDDATE, SALARY) values (2, 2, 'cdd', 2, '2015-07-07', null, 31);
insert into Contract (IDCONTRACT, IDSTATUS, IDCT, MATRICULE, STARTDATE, ENDDATE, SALARY) values (3, 7, 'cdi', 1, '2018-02-11', null, 84);
insert into Contract (IDCONTRACT, IDSTATUS, IDCT, MATRICULE, STARTDATE, ENDDATE, SALARY) values (4, 3, 'cdi', 4, '2015-7-14', '2015-12-14', 60);
insert into Contract (IDCONTRACT, IDSTATUS, IDCT, MATRICULE, STARTDATE, ENDDATE, SALARY) values (5, 5, 'cdi', 7, '2014-4-14', '2014-07-07', 49);
insert into Contract (IDCONTRACT, IDSTATUS, IDCT, MATRICULE, STARTDATE, ENDDATE, SALARY) values (6, 8, 'cdd', 8, '2012-11-22', '2013-11-12', 48);
insert into Contract (IDCONTRACT, IDSTATUS, IDCT, MATRICULE, STARTDATE, ENDDATE, SALARY) values (7, 6, 'cdi', 13, '2014-2-04', null, 56);
insert into Contract (IDCONTRACT, IDSTATUS, IDCT, MATRICULE, STARTDATE, ENDDATE, SALARY) values (8, 7, 'cdi', 3, '2017-11-02', null, 72);
insert into Contract (IDCONTRACT, IDSTATUS, IDCT, MATRICULE, STARTDATE, ENDDATE, SALARY) values (9, 7, 'cdi', 12, '2018-01-10', null, 48);
insert into Contract (IDCONTRACT, IDSTATUS, IDCT, MATRICULE, STARTDATE, ENDDATE, SALARY) values (10, 2, 'cdi', 6, '2011-12-12', null, 53);
insert into Contract (IDCONTRACT, IDSTATUS, IDCT, MATRICULE, STARTDATE, ENDDATE, SALARY) values (11, 4, 'cdi', 1, '2013-03-03', '2016-09-09', 25);
insert into Contract (IDCONTRACT, IDSTATUS, IDCT, MATRICULE, STARTDATE, ENDDATE, SALARY) values (12, 3, 'cdi', 12, '2015-04-04', '2018-01-10', 20);
insert into Contract (IDCONTRACT, IDSTATUS, IDCT, MATRICULE, STARTDATE, ENDDATE, SALARY) values (13, 1, 'cdi', 14, '2019-05-05', null, 44);
insert into Contract (IDCONTRACT, IDSTATUS, IDCT, MATRICULE, STARTDATE, ENDDATE, SALARY) values (14, 7, 'cdi', 15, '2016-06-06', null, 67);
insert into Contract (IDCONTRACT, IDSTATUS, IDCT, MATRICULE, STARTDATE, ENDDATE, SALARY) values (15, 3, 'cdi', 5, '2017-07-07', null, 80);
insert into Contract (IDCONTRACT, IDSTATUS, IDCT, MATRICULE, STARTDATE, ENDDATE, SALARY) values (16, 3, 'cdi', 11, '2014-08-08', null, 52);
insert into Contract (IDCONTRACT, IDSTATUS, IDCT, MATRICULE, STARTDATE, ENDDATE, SALARY) values (17, 2, 'cdi', 1, '2016-09-09', '2018-02-11', 51);
insert into Contract (IDCONTRACT, IDSTATUS, IDCT, MATRICULE, STARTDATE, ENDDATE, SALARY) values (18, 8, 'cdi', 7, '2017-01-10', null, 47);
insert into Contract (IDCONTRACT, IDSTATUS, IDCT, MATRICULE, STARTDATE, ENDDATE, SALARY) values (19, 5, 'cdd', 9, '2013-11-11', '2015-07-02', 44);
insert into Contract (IDCONTRACT, IDSTATUS, IDCT, MATRICULE, STARTDATE, ENDDATE, SALARY) values (20, 6, 'STA', 10, '2016-12-12', '2017-03-12', 0);

insert into Project (IDPROJECT, IDCLIENT, MATRICULE, SHORTNAME, FULLNAME, CODE, TYPE, SECTOR, EXPECTEDSTARTDATE, EXPECTEDENDDATE, ENDDATE, STARTDATE, TEAMSIZE) values (1, 3, 8, 'dapibus', 'diam in magna bibendum', 1673, 'F', 'Finance', '2016-08-01', '2017-03-07', '2018-04-23', '2017-01-13', 3);
insert into Project (IDPROJECT, IDCLIENT, MATRICULE, SHORTNAME, FULLNAME, CODE, TYPE, SECTOR, EXPECTEDSTARTDATE, EXPECTEDENDDATE, ENDDATE, STARTDATE, TEAMSIZE) values (2, 2, 3, 'magna', 'maecenas leo', 1501, 'F', 'Energy', '2017-07-19', '2018-09-07',  '2018-10-09','2018-02-10', 6);
insert into Project (IDPROJECT, IDCLIENT, MATRICULE, SHORTNAME, FULLNAME, CODE, TYPE, SECTOR, EXPECTEDSTARTDATE, EXPECTEDENDDATE, ENDDATE, STARTDATE, TEAMSIZE) values (3, 8, 6, 'volutpat', 'nibh quisque id justo', 1733, 'A', 'Health Care', '2015-05-23', '2017-03-31', '2018-12-24', '2017-12-07', 4);
insert into Project (IDPROJECT, IDCLIENT, MATRICULE, SHORTNAME, FULLNAME, CODE, TYPE, SECTOR, EXPECTEDSTARTDATE, EXPECTEDENDDATE, ENDDATE, STARTDATE, TEAMSIZE) values (4, 2, 3, 'ut', 'est et tempus', 1796, 'R', 'Consumer Services', '2014-05-24', '2018-04-08', '2014-03-07', '2013-09-04', 7);
insert into Project (IDPROJECT, IDCLIENT, MATRICULE, SHORTNAME, FULLNAME, CODE, TYPE, SECTOR, EXPECTEDSTARTDATE, EXPECTEDENDDATE, ENDDATE, STARTDATE, TEAMSIZE) values (5, 8, 5, 'mauris', 'dictumst morbi', 1675, 'A', 'n/a', '2016-09-24', '2017-09-30', '2017-05-21', '2016-05-19', 6);
insert into Project (IDPROJECT, IDCLIENT, MATRICULE, SHORTNAME, FULLNAME, CODE, TYPE, SECTOR, EXPECTEDSTARTDATE, EXPECTEDENDDATE, ENDDATE, STARTDATE, TEAMSIZE) values (6, 6, 3, 'sed', 'duis faucibus accumsan odio', 1697, 'A', 'Energy', '2016-07-18', '2017-06-26', '2018-10-03', '2015-01-22', 2);
insert into Project (IDPROJECT, IDCLIENT, MATRICULE, SHORTNAME, FULLNAME, CODE, TYPE, SECTOR, EXPECTEDSTARTDATE, EXPECTEDENDDATE, ENDDATE, STARTDATE, TEAMSIZE) values (7, 9, 7, 'praesent', 'nibh in lectus pellentesque', 1451, 'F', 'n/a', '2018-07-21', '2018-09-19', '2017-09-10', '2016-05-19', 2);
insert into Project (IDPROJECT, IDCLIENT, MATRICULE, SHORTNAME, FULLNAME, CODE, TYPE, SECTOR, EXPECTEDSTARTDATE, EXPECTEDENDDATE, ENDDATE, STARTDATE, TEAMSIZE) values (8, 2, 8, 'proin', 'dui luctus rutrum', 1721, 'A', 'Finance', '2015-05-04', '2017-12-12', '2015-10-25', '2014-02-01', 4);
insert into Project (IDPROJECT, IDCLIENT, MATRICULE, SHORTNAME, FULLNAME, CODE, TYPE, SECTOR, EXPECTEDSTARTDATE, EXPECTEDENDDATE, ENDDATE, STARTDATE, TEAMSIZE) values (9, 4, 5, 'ultrices', 'eleifend luctus ultricies', 1609, 'R', 'Energy', '2014-07-26', '2015-10-09', '2018-06-29', '2017-06-03', 3);
insert into Project (IDPROJECT, IDCLIENT, MATRICULE, SHORTNAME, FULLNAME, CODE, TYPE, SECTOR, EXPECTEDSTARTDATE, EXPECTEDENDDATE, ENDDATE, STARTDATE, TEAMSIZE) values (10, 2, 8, 'nisi', 'ut ultrices vel augue', 1883, 'R', 'Transportation', '2014-03-07', '2015-09-01', '2019-10-30', '2018-12-22', 5);
insert into Project (IDPROJECT, IDCLIENT, MATRICULE, SHORTNAME, FULLNAME, CODE, TYPE, SECTOR, EXPECTEDSTARTDATE, EXPECTEDENDDATE, ENDDATE, STARTDATE, TEAMSIZE) values (11, 6, 8, 'in', 'quisque porta volutpat erat', 1561, 'A', 'Health Care', '2018-10-08', '2019-10-09', null, '2019-11-24', 7);
insert into Project (IDPROJECT, IDCLIENT, MATRICULE, SHORTNAME, FULLNAME, CODE, TYPE, SECTOR, EXPECTEDSTARTDATE, EXPECTEDENDDATE, ENDDATE, STARTDATE, TEAMSIZE) values (12, 3, 6, 'amet', 'semper porta', 1464, 'F', 'n/a', '2018-02-22', '2018-05-23', null, '2019-04-06', 4);


insert into ProjectTechnology (IDTECHNO, IDPROJECT) values (1, 9);
insert into ProjectTechnology (IDTECHNO, IDPROJECT) values (1, 12);
insert into ProjectTechnology (IDTECHNO, IDPROJECT) values (2, 7);
insert into ProjectTechnology (IDTECHNO, IDPROJECT) values (3, 11);
insert into ProjectTechnology (IDTECHNO, IDPROJECT) values (3, 8);
insert into ProjectTechnology (IDTECHNO, IDPROJECT) values (2, 10);
insert into ProjectTechnology (IDTECHNO, IDPROJECT) values (1, 10);
insert into ProjectTechnology (IDTECHNO, IDPROJECT) values (4, 2);
insert into ProjectTechnology (IDTECHNO, IDPROJECT) values (2, 9);
insert into ProjectTechnology (IDTECHNO, IDPROJECT) values (1, 3);

insert into ProjectLibrary (IDPROJECT, IDRESSOURCE) values (10, 7);
insert into ProjectLibrary (IDPROJECT, IDRESSOURCE) values (11, 4);
insert into ProjectLibrary (IDPROJECT, IDRESSOURCE) values (7, 10);
insert into ProjectLibrary (IDPROJECT, IDRESSOURCE) values (6, 6);
insert into ProjectLibrary (IDPROJECT, IDRESSOURCE) values (8, 9);
insert into ProjectLibrary (IDPROJECT, IDRESSOURCE) values (10, 8);
insert into ProjectLibrary (IDPROJECT, IDRESSOURCE) values (4, 2);
insert into ProjectLibrary (IDPROJECT, IDRESSOURCE) values (2, 5);
insert into ProjectLibrary (IDPROJECT, IDRESSOURCE) values (12, 3);
insert into ProjectLibrary (IDPROJECT, IDRESSOURCE) values (3, 1);

insert into Step (IDSTEP, IDPROJECT, IDSTEPTYPE, BATCHNUMBER, LOADESTIMATION, PRODUCTIONLOAD, VALIDATIONLOAD) values (1, 1, 4, 'R7QPUO', 3, null, null);
insert into Step (IDSTEP, IDPROJECT, IDSTEPTYPE, BATCHNUMBER, LOADESTIMATION, PRODUCTIONLOAD, VALIDATIONLOAD) values (2, 1, 3, 'J1L4TI', 7, 0, 0);
insert into Step (IDSTEP, IDPROJECT, IDSTEPTYPE, BATCHNUMBER, LOADESTIMATION, PRODUCTIONLOAD, VALIDATIONLOAD) values (3, 7, 2, '79V7UC', 1, 8, 7);
insert into Step (IDSTEP, IDPROJECT, IDSTEPTYPE, BATCHNUMBER, LOADESTIMATION, PRODUCTIONLOAD, VALIDATIONLOAD) values (4, 2, 1, 'BGY9U1', 9, 9,9);
insert into Step (IDSTEP, IDPROJECT, IDSTEPTYPE, BATCHNUMBER, LOADESTIMATION, PRODUCTIONLOAD, VALIDATIONLOAD) values (5, 5, 1, 'OAASMT', 8, 5, 3);
insert into Step (IDSTEP, IDPROJECT, IDSTEPTYPE, BATCHNUMBER, LOADESTIMATION, PRODUCTIONLOAD, VALIDATIONLOAD) values (6, 8, 4, 'QC4XG9', 4, 7, 2);
insert into Step (IDSTEP, IDPROJECT, IDSTEPTYPE, BATCHNUMBER, LOADESTIMATION, PRODUCTIONLOAD, VALIDATIONLOAD) values (7, 8, 4, '1MXP8Q', 2, 4, 5);
insert into Step (IDSTEP, IDPROJECT, IDSTEPTYPE, BATCHNUMBER, LOADESTIMATION, PRODUCTIONLOAD, VALIDATIONLOAD) values (8, 8, 3, 'IG73P2', 6, 6, 6);
insert into Step (IDSTEP, IDPROJECT, IDSTEPTYPE, BATCHNUMBER, LOADESTIMATION, PRODUCTIONLOAD, VALIDATIONLOAD) values (9, 9, 2, 'XSMIOK', 10, 1, 9);
insert into Step (IDSTEP, IDPROJECT, IDSTEPTYPE, BATCHNUMBER, LOADESTIMATION, PRODUCTIONLOAD, VALIDATIONLOAD) values (14, 12, 1, 'BGY9U1', 100, 9,9);
insert into Step (IDSTEP, IDPROJECT, IDSTEPTYPE, BATCHNUMBER, LOADESTIMATION, PRODUCTIONLOAD, VALIDATIONLOAD) values (15, 12, 1, 'OAASMT', 200, 5, 3);
insert into Step (IDSTEP, IDPROJECT, IDSTEPTYPE, BATCHNUMBER, LOADESTIMATION, PRODUCTIONLOAD, VALIDATIONLOAD) values (10, 10, 4, 'Q178G9', 4, 7, 2);
insert into Step (IDSTEP, IDPROJECT, IDSTEPTYPE, BATCHNUMBER, LOADESTIMATION, PRODUCTIONLOAD, VALIDATIONLOAD) values (11, 10, 4, '1MXP8Q', 2, 4, 5);
insert into Step (IDSTEP, IDPROJECT, IDSTEPTYPE, BATCHNUMBER, LOADESTIMATION, PRODUCTIONLOAD, VALIDATIONLOAD) values (12, 11, 3, 'IG453P', 100, 6, 6);
insert into Step (IDSTEP, IDPROJECT, IDSTEPTYPE, BATCHNUMBER, LOADESTIMATION, PRODUCTIONLOAD, VALIDATIONLOAD) values (13, 11, 2, 'XS76OK', 500, 1, 9);

insert into Intervention (IDINTERVENTION, IDACTIVITY, IDCONTACT, IDFUNCTIONTYPE, IDSTEP, MATRICULE, STARTDATE, ENDDATE, VOLUME) values (1, 1, null, 4, 8, 6, '2014-03-17', '2017-12-11', 11);
insert into Intervention (IDINTERVENTION, IDACTIVITY, IDCONTACT, IDFUNCTIONTYPE, IDSTEP, MATRICULE, STARTDATE, ENDDATE, VOLUME) values (2, 9, null, 4, 9, 11, '2014-2-17', '2017-12-11', 6);
insert into Intervention (IDINTERVENTION, IDACTIVITY, IDCONTACT, IDFUNCTIONTYPE, IDSTEP, MATRICULE, STARTDATE, ENDDATE, VOLUME) values (3, 1, null, 6, 3, 3, '2014-4-18', '2017-12-11', 12);
insert into Intervention (IDINTERVENTION, IDACTIVITY, IDCONTACT, IDFUNCTIONTYPE, IDSTEP, MATRICULE, STARTDATE, ENDDATE, VOLUME) values (4, 1, null, 7, 10, 12, '2014-10-17', '2017-12-11', 5);
insert into Intervention (IDINTERVENTION, IDACTIVITY, IDCONTACT, IDFUNCTIONTYPE, IDSTEP, MATRICULE, STARTDATE, ENDDATE, VOLUME) values (5, 2, null, 4, 3, 6, '2015-6-15', '2017-12-11', 4);
insert into Intervention (IDINTERVENTION, IDACTIVITY, IDCONTACT, IDFUNCTIONTYPE, IDSTEP, MATRICULE, STARTDATE, ENDDATE, VOLUME) values (6, 2, null, 7, 4, 3, '2015-08-14', '2017-12-11', 4);
insert into Intervention (IDINTERVENTION, IDACTIVITY, IDCONTACT, IDFUNCTIONTYPE, IDSTEP, MATRICULE, STARTDATE, ENDDATE, VOLUME) values (7, 4, null, 4, 13, 9, '2015-10-17', '2017-12-11', 10);
insert into Intervention (IDINTERVENTION, IDACTIVITY, IDCONTACT, IDFUNCTIONTYPE, IDSTEP, MATRICULE, STARTDATE, ENDDATE, VOLUME) values (8, 7, null, 3, 12, 5, '2018-5-17', '2018-12-11', 7);
insert into Intervention (IDINTERVENTION, IDACTIVITY, IDCONTACT, IDFUNCTIONTYPE, IDSTEP, MATRICULE, STARTDATE, ENDDATE, VOLUME) values (9, 2, null, 7, 12, 11, '2016-7-18', '2017-12-11', 14);
insert into Intervention (IDINTERVENTION, IDACTIVITY, IDCONTACT, IDFUNCTIONTYPE, IDSTEP, MATRICULE, STARTDATE, ENDDATE, VOLUME) values (10, 3, null, 6, 5, 6, '2016-04-16', '2018-1-02', 6);
insert into Intervention (IDINTERVENTION, IDACTIVITY, IDCONTACT, IDFUNCTIONTYPE, IDSTEP, MATRICULE, STARTDATE, ENDDATE, VOLUME) values (11, 3, null, 7, 6, 7, '2016-1-15', '2017-12-11', 1);
insert into Intervention (IDINTERVENTION, IDACTIVITY, IDCONTACT, IDFUNCTIONTYPE, IDSTEP, MATRICULE, STARTDATE, ENDDATE, VOLUME) values (12, 8, null, 6, 11, 4, '2016-07-14', '2017-12-11', 13);
insert into Intervention (IDINTERVENTION, IDACTIVITY, IDCONTACT, IDFUNCTIONTYPE, IDSTEP, MATRICULE, STARTDATE, ENDDATE, VOLUME) values (13, 9, null, 2, 6, 10, '2015-10-17', '2017-12-11', 8);
insert into Intervention (IDINTERVENTION, IDACTIVITY, IDCONTACT, IDFUNCTIONTYPE, IDSTEP, MATRICULE, STARTDATE, ENDDATE, VOLUME) values (14, 4, null, 4, 12, 6, '2015-04-15', '2017-12-11', 7);
insert into Intervention (IDINTERVENTION, IDACTIVITY, IDCONTACT, IDFUNCTIONTYPE, IDSTEP, MATRICULE, STARTDATE, ENDDATE, VOLUME) values (15, 8, null, 4, 9, 6, '2015-1-14', '2018-12-11', 1);
insert into Intervention (IDINTERVENTION, IDACTIVITY, IDCONTACT, IDFUNCTIONTYPE, IDSTEP, MATRICULE, STARTDATE, ENDDATE, VOLUME) values (16, 7, null, 5, 9, 12, '2016-2-16', '2017-12-11', 9);
insert into Intervention (IDINTERVENTION, IDACTIVITY, IDCONTACT, IDFUNCTIONTYPE, IDSTEP, MATRICULE, STARTDATE, ENDDATE, VOLUME) values (17, 9, null, 4, 3, 8, '2015-3-14', '2018-12-11', 5);
insert into Intervention (IDINTERVENTION, IDACTIVITY, IDCONTACT, IDFUNCTIONTYPE, IDSTEP, MATRICULE, STARTDATE, ENDDATE, VOLUME) values (18, 9, null, 4, 11, 9, '2016-7-18', '2017-12-11', 11);
insert into Intervention (IDINTERVENTION, IDACTIVITY, IDCONTACT, IDFUNCTIONTYPE, IDSTEP, MATRICULE, STARTDATE, ENDDATE, VOLUME) values (19, 8, null, 2, 9, 5, '2016-4-16', '2017-12-11', 3);
insert into Intervention (IDINTERVENTION, IDACTIVITY, IDCONTACT, IDFUNCTIONTYPE, IDSTEP, MATRICULE, STARTDATE, ENDDATE, VOLUME) values (20, 1, null, 7, 5, 6, '2017-1-15', '2017-12-11', 10);
insert into Intervention (IDINTERVENTION, IDACTIVITY, IDCONTACT, IDFUNCTIONTYPE, IDSTEP, MATRICULE, STARTDATE, ENDDATE, VOLUME) values (21, 2, null, 3, 11, 10, '2017-9-18', '2017-12-11', 1);
insert into Intervention (IDINTERVENTION, IDACTIVITY, IDCONTACT, IDFUNCTIONTYPE, IDSTEP, MATRICULE, STARTDATE, ENDDATE, VOLUME) values (22, 4, null, 7, 8, 5, '2017-3-15', '2017-12-11', 13);
insert into Intervention (IDINTERVENTION, IDACTIVITY, IDCONTACT, IDFUNCTIONTYPE, IDSTEP, MATRICULE, STARTDATE, ENDDATE, VOLUME) values (23, 5, null, 2, 10, 5, '2018-01-20', '2018-01-22', 2);
insert into Intervention (IDINTERVENTION, IDACTIVITY, IDCONTACT, IDFUNCTIONTYPE, IDSTEP, MATRICULE, STARTDATE, ENDDATE, VOLUME) values (24, 1, null, 6, 3, 9, '2018-01-20', '2018-01-22', 13);
insert into Intervention (IDINTERVENTION, IDACTIVITY, IDCONTACT, IDFUNCTIONTYPE, IDSTEP, MATRICULE, STARTDATE, ENDDATE, VOLUME) values (25, 3, null, 7,8, 5, '2018-01-20', '2018-01-22', 14);
insert into Intervention (IDINTERVENTION, IDACTIVITY, IDCONTACT, IDFUNCTIONTYPE, IDSTEP, MATRICULE, STARTDATE, ENDDATE, VOLUME) values (26, 1, null, 3, 8, 6, '2018-01-20', '2018-01-22', 1);
insert into Intervention (IDINTERVENTION, IDACTIVITY, IDCONTACT, IDFUNCTIONTYPE, IDSTEP, MATRICULE, STARTDATE, ENDDATE, VOLUME) values (27, 1, null, 3, 8, 11, '2018-01-20', '2018-01-22', 8);
insert into Intervention (IDINTERVENTION, IDACTIVITY, IDCONTACT, IDFUNCTIONTYPE, IDSTEP, MATRICULE, STARTDATE, ENDDATE, VOLUME) values (28, 2, null, 2, 8, 5, '2018-01-20', '2018-01-22', 4);
insert into Intervention (IDINTERVENTION, IDACTIVITY, IDCONTACT, IDFUNCTIONTYPE, IDSTEP, MATRICULE, STARTDATE, ENDDATE, VOLUME) values (29, 1, null, 4, 8, 3, '2018-01-20', '2018-01-22', 12);
insert into Intervention (IDINTERVENTION, IDACTIVITY, IDCONTACT, IDFUNCTIONTYPE, IDSTEP, MATRICULE, STARTDATE, ENDDATE, VOLUME) values (30, 6, null, 7, 8, 7, '2018-01-20', '2018-01-22', 13);
insert into Intervention (IDINTERVENTION, IDACTIVITY, IDCONTACT, IDFUNCTIONTYPE, IDSTEP, MATRICULE, STARTDATE, ENDDATE, VOLUME) values (31, 8, null, 5, 8, 12, '2018-01-20', '2018-01-22', 2);
insert into Intervention (IDINTERVENTION, IDACTIVITY, IDCONTACT, IDFUNCTIONTYPE, IDSTEP, MATRICULE, STARTDATE, ENDDATE, VOLUME) values (32, 4, null, 2, 8, 7, '2018-01-20', '2018-01-22', 12);
insert into Intervention (IDINTERVENTION, IDACTIVITY, IDCONTACT, IDFUNCTIONTYPE, IDSTEP, MATRICULE, STARTDATE, ENDDATE, VOLUME) values (33, 7, null, 2, 12, 3, '2018-01-20', '2018-01-22', 1);
insert into Intervention (IDINTERVENTION, IDACTIVITY, IDCONTACT, IDFUNCTIONTYPE, IDSTEP, MATRICULE, STARTDATE, ENDDATE, VOLUME) values (34, 6, null, 3, 13, 3, '2018-01-20', '2018-01-22', 14);
insert into Intervention (IDINTERVENTION, IDACTIVITY, IDCONTACT, IDFUNCTIONTYPE, IDSTEP, MATRICULE, STARTDATE, ENDDATE, VOLUME) values (35, 2, null, 3, 13, 7, '2018-01-20', '2018-01-22', 14);
insert into Intervention (IDINTERVENTION, IDACTIVITY, IDCONTACT, IDFUNCTIONTYPE, IDSTEP, MATRICULE, STARTDATE, ENDDATE, VOLUME) values (36, 1, null, 2, 14, 3, '2018-01-20', '2018-01-22', 6);
insert into Intervention (IDINTERVENTION, IDACTIVITY, IDCONTACT, IDFUNCTIONTYPE, IDSTEP, MATRICULE, STARTDATE, ENDDATE, VOLUME) values (37, 5, null, 3, 14, 5, '2018-01-20', '2018-01-22', 11);
insert into Intervention (IDINTERVENTION, IDACTIVITY, IDCONTACT, IDFUNCTIONTYPE, IDSTEP, MATRICULE, STARTDATE, ENDDATE, VOLUME) values (38, 7, 6, 4, 15, null, '2018-01-20', '2018-01-22', 7);
insert into Intervention (IDINTERVENTION, IDACTIVITY, IDCONTACT, IDFUNCTIONTYPE, IDSTEP, MATRICULE, STARTDATE, ENDDATE, VOLUME) values (39, 4, null, 3, 15, 3, '2018-01-20', '2018-01-22', 1);
insert into Intervention (IDINTERVENTION, IDACTIVITY, IDCONTACT, IDFUNCTIONTYPE, IDSTEP, MATRICULE, STARTDATE, ENDDATE, VOLUME) values (40, 4, null, 4, 15, 2, '2018-01-20', '2018-01-22', 3);

insert into Comment (IDCOMMENT, MATRICULE, IDCLIENT, IDSTEP, IDPROJECT, IDINTERVENTION, TEXT) values (2, 5, 9, 8, 8, 5,  'MSPVMUSNEELUNG1DQ144Y6NAWF4TEALAPTWXVCSLGW3 7XTMT497 1J484DA0N4XVVRBNUAE5PLXBWV76O8D5BH4D2WXUWQJ89IQ345G2PYNKLXHCGWWB Q17HH1316KWKQVIARH1F TX8FBJ5MVQ1SBQP842QGQENJI85CKHLBAHLC8T0FF62FE36EGNDUVQMB62K950KX1V2XAAANO077S5RSCR34RO2L9ELMB8V7YPUPMRIQW6HHO369158A');
insert into Comment (IDCOMMENT, MATRICULE, IDCLIENT, IDSTEP, IDPROJECT, IDINTERVENTION, TEXT) values (5, 8, 5, 6, 6, 6,  '3DFK1N5QREO YFAACYCDXM1OWAOG4HB3SMD2FG9W149A WTF4U66525C9A269FKK635AFYO5HJRCK9SGEF1REG4LFWNJCSNWA82E2DRQRHXJHRWA942DCNDQL9OUOVIGISQ4G22N23SKUG5BSGNKYRNIP0DFG87GNTAQO5J2FIU5M9W94BEBIPECKR84RETYM69LCA5ODV0ER24KMN3UWCPJC6YYNUO4PPS3EVPPQBNP1NB89FQLGW9KJMDAGDM');
insert into Comment (IDCOMMENT, MATRICULE, IDCLIENT, IDSTEP,IDPROJECT, IDINTERVENTION, TEXT) values (1, 9, 9, 9, 7, 5,  'S4I33B653BNJYOBI5J69GL5V1O614X9SMCVQ1LEWW VK1EH7L0IKIS62T7AX9LH11NVGWFM9CB 68595K23W4W35ACQJQ7I8RBNS5UU4F95LSG450LK8DCLO3QGBA0S0Y6K7OXKWFHYA5NHN8TNL0JAHTJMQHOIK8 KOK7ANM0OK3YLQU9Q5HTDDH125IIOM45312CO7LFTCYDA2EAWGCTOFX55EBB5Q5S6M9IYOMYNQC8WK5JNYB03SQD38IL ');
insert into Comment (IDCOMMENT, MATRICULE, IDCLIENT, IDSTEP,IDPROJECT, IDINTERVENTION, TEXT) values (4, 2, 6, 3, 2, 1,  'FYS59CFL2QQ 2U456J 1 K XEIXXKSVJ8TV2JO030Y1L3LQX1IK5S00CBFOLVYS1793AHFT6T1575976LLJ9DQQXK5J1KY35QIGW89FJPUCME3NLOUAUG5GEV6E04Y87BBTY4P3QYULN5UMU CH XOT2XA76MF9RCPO86X0S10HIIDX2  FY 92OCV0MJ S09HF7LTKOGV1AUTWI1UAOH269LVA2XLR5G W6EUOEPJ4U JTWVKJVRH23J6DKKSC');
insert into Comment (IDCOMMENT, MATRICULE, IDCLIENT, IDSTEP, IDPROJECT, IDINTERVENTION, TEXT) values (3, 7, 7, 8, 8, 2,  '1AYNMH2WUUT4LWB WQRDTI421TFON4HI7TYQ3C4MASK7GU2GXDDMUTM3KFLG6BTHEYYGQ3S DM4AMU3UWWQPXF5LLOHFUCQQJIWAR1H90L3HLWG3KARHRBMX35I5V6HKVAUPB8LBB636OG3WA2P6PNC6M0WNQR1YKDJP0QGTOM 0LCGJ2E3M3VU3FYEV5WTSTMC5KLAU5KNKQOLQSCE7CCGVJCJQ93BCWVU5K8K42QGCOAGPFIMGDWW6K1FY2B3');
insert into Comment (IDCOMMENT, MATRICULE, IDCLIENT, IDSTEP,  IDPROJECT, IDINTERVENTION, TEXT) values (8, 6, 8, 3, 4, 1,  'YM2A4Q842DH0UFGBU6XR7B6I ACU5J KKJ5WMHP 7GK69GVC2UNADNNQ1G8R3HT4MB1VR5GNISAWAMLG3L84RMIEHIR8F01NAHMDR5DYHNBFH58HDAOBLBVVQL PKI6RAJ7914MUPKBW8FKBTGG8YFLTFQ8NTWF0SMUH2Y99FOYO6CLOY9WUMDKIPNRYRD8NE4T JFXO1VQ7F I1W5HHVP7VASW0PKMNCGXC4A10EIRH8GXC4E18R2I4KT0H0XP');
insert into Comment (IDCOMMENT, MATRICULE, IDCLIENT, IDSTEP, IDPROJECT, IDINTERVENTION, TEXT) values (10, 8, 2, 4, 10, 1,  'YS9DLNRCOJMCCJWH3BG69NTN5S9IRASAH9LIX3W XADEHK3NJR4TPJBP2O N2AALPR9HYPFPX6XNWQO10KJN76HPIJ3NWBNGW3RFE8CVVPVORJNRC3M2BYWE1D3SV98U8WSE3S9OKDHBRE94FPWW4SW744PTJXBFW8UY1KPFJB81FQGMAG03BANI9 P5VI4A4 ABLYFUXRFTL0DRYW0OCRIXG4611555AYWPYF9QF72YL1YC445VGFHR7BU0D X');
insert into Comment (IDCOMMENT, MATRICULE, IDCLIENT, IDSTEP, IDPROJECT, IDINTERVENTION, TEXT) values (7, 4, 8, 9, 2, 5,  'B33EYFT0M6CSWNYMFMTQKK20MJONB8KT48RMFN7SO8HA47UTMCE65HYNMRIEK1Q45IYQ8BELTRS24P593Y2S9TW45IMTPRYXQFWO7E3EDDED6272QA4ACL5C6K0HPXJV6JMPW90TLAK2 5RW0224W3F J6AAEG69OW8JFUV09S4P47A90PNDB4WQP8W2AHK08PQDI5RD32FVDNM9AON9FOD3SOV4KHDRKA582DXJAKWQLC7S2N7TMM3FQ F3MXW');

insert into DefaultFunction (MATRICULE, IDFUNCTIONTYPE, CHANGEDATE) values (1, 1, '2016-1-14');
insert into DefaultFunction (MATRICULE, IDFUNCTIONTYPE, CHANGEDATE) values (2, 4, '2015-04-15');
insert into DefaultFunction (MATRICULE, IDFUNCTIONTYPE, CHANGEDATE) values (3, 1, '2016-07-14');
insert into DefaultFunction (MATRICULE, IDFUNCTIONTYPE, CHANGEDATE) values (4, 1, '2017-4-16');
insert into DefaultFunction (MATRICULE, IDFUNCTIONTYPE, CHANGEDATE) values (5, 1, '2017-4-16');
insert into DefaultFunction (MATRICULE, IDFUNCTIONTYPE, CHANGEDATE) values (6, 1, '2017-12-11');
insert into DefaultFunction (MATRICULE, IDFUNCTIONTYPE, CHANGEDATE) values (7, 4, '2018-01-27');
insert into DefaultFunction (MATRICULE, IDFUNCTIONTYPE, CHANGEDATE) values (8, 1, '2016-07-14');
insert into DefaultFunction (MATRICULE, IDFUNCTIONTYPE, CHANGEDATE) values (9, 1, '2018-01-20');
insert into DefaultFunction (MATRICULE, IDFUNCTIONTYPE, CHANGEDATE) values (10, 2, '2018-01-20');