BEGIN TRANSACTION;
CREATE TABLE IF NOT EXISTS "TblCategoriasCobros" (
	"IdCategoriaCobro"	INTEGER NOT NULL PRIMARY KEY AUTOINCREMENT,
	"CategoriaCobro"	TEXT,
	"Seleccionable"	INTEGER,
	"Ordenpor"	INTEGER,
	"IdUsuarioCreacion"	INTEGER,
	"FechaCreacion"	TEXT,
	"IdUsuarioModificacion"	INTEGER,
	"FechaModificacion"	TEXT
);
CREATE TABLE IF NOT EXISTS "TblParametros" (
	"IdParametro"	INTEGER NOT NULL PRIMARY KEY AUTOINCREMENT,
	"Key"	TEXT,
	"Valor"	TEXT,
	"Descripcion"	TEXT
);
CREATE TABLE IF NOT EXISTS "TblEstadosReservas" (
	"IdEstadoReserva"	INTEGER NOT NULL PRIMARY KEY AUTOINCREMENT,
	"EstadoReserva"	TEXT,
	"ColorFondo"	INTEGER,
	"ColorTexto"	INTEGER,
	"IdUsuarioCreacion"	INTEGER,
	"FechaCreacion"	TEXT,
	"IdUsuarioModificacion"	INTEGER,
	"FechaModificacion"	TEXT
);
CREATE TABLE IF NOT EXISTS "TblCobros" (
	"IdCobro"	INTEGER NOT NULL PRIMARY KEY AUTOINCREMENT,
	"IdReserva"	INTEGER,
	"IdTipoCobro"	INTEGER,
	"ValorOriginal"	INTEGER,
	"DescuentoPorcentaje"	TEXT,
	"DescuentoMoneda"	INTEGER,
	"ValorPagar"	INTEGER,
	"Observacion"	TEXT,
	"Vigencia"	INTEGER,
	"IdUsuarioCreacion"	INTEGER,
	"FechaCreacion"	TEXT,
	"IdUsuarioModificacion"	INTEGER,
	"FechaModificacion"	TEXT
);
CREATE TABLE IF NOT EXISTS "TblUsuarios" (
	"IdUsuario"	INTEGER NOT NULL PRIMARY KEY AUTOINCREMENT,
	"NombreUsuario"	TEXT,
	"Usuario"	TEXT,
	"Clave"	TEXT,
	"Vigencia"	INTEGER
);
CREATE TABLE IF NOT EXISTS "TblNacionalidades" (
	"IdNacionalidad"	INTEGER NOT NULL PRIMARY KEY AUTOINCREMENT,
	"Nacionalidad"	TEXT,
	"IdUsuarioCreacion"	INTEGER,
	"FechaCreacion"	TEXT,
	"IdUsuarioModificacion"	INTEGER,
	"FechaModificacion"	TEXT
);
CREATE TABLE IF NOT EXISTS "TblTiposIdentificacion" (
	"IdTipoIdentificacion"	INTEGER NOT NULL PRIMARY KEY AUTOINCREMENT,
	"TipoIdentificacion"	TEXT,
	"IdUsuarioCreacion"	INTEGER,
	"FechaCreacion"	TEXT,
	"IdUsuarioModificacion"	INTEGER,
	"FechaModificacion"	TEXT
);
CREATE TABLE IF NOT EXISTS "TblTiposCobros" (
	"IdTipoCobro"	INTEGER NOT NULL PRIMARY KEY AUTOINCREMENT,
	"DescripcionCobro"	TEXT,
	"Signo"	INTEGER,
	"ValorDefecto"	INTEGER,
	"IdCategoriaCobro"	INTEGER,
	"IdUsuarioCreacion"	INTEGER,
	"FechaCreacion"	TEXT,
	"IdUsuarioModificacion"	INTEGER,
	"FechaModificacion"	TEXT
);
CREATE TABLE IF NOT EXISTS "TblPasajeros" (
	"IdPasajero"	INTEGER NOT NULL PRIMARY KEY AUTOINCREMENT,
	"Nombres"	TEXT,
	"Apellidos"	TEXT,
	"IdNacionalidad"	INTEGER NOT NULL,
	"IdTipoIdentificacion"	INTEGER NOT NULL,
	"Identificacion"	TEXT,
	"Calificacion"	INTEGER NOT NULL,
	"EmailPasajero"	TEXT,
	"IdCategoria"	INTEGER NOT NULL,
	"Vigencia"	INTEGER NOT NULL,
	"IdUsuarioCreacion"	INTEGER,
	"FechaCreacion"	TEXT,
	"IdUsuarioModificacion"	INTEGER,
	"FechaModificacion"	TEXT
);
CREATE TABLE IF NOT EXISTS "TblCategorias" (
	"IdCategoria"	INTEGER NOT NULL PRIMARY KEY AUTOINCREMENT,
	"Categoria"	TEXT,
	"IdUsuarioCreacion"	INTEGER,
	"FechaCreacion"	TEXT,
	"IdUsuarioModificacion"	INTEGER,
	"FechaModificacion"	TEXT
);
CREATE TABLE IF NOT EXISTS "TblCabanas" (
	"IdCabana"	INTEGER NOT NULL PRIMARY KEY AUTOINCREMENT,
	"Cabana"	TEXT,
	"Descripcion"	TEXT,
	"Dormitorios"	INTEGER NOT NULL,
	"Banios"	INTEGER NOT NULL,
	"Camas"	INTEGER NOT NULL,
	"IdTipoCobro"	INTEGER,
	"IdUsuarioCreacion"	INTEGER,
	"FechaCreacion"	TEXT,
	"IdUsuarioModificacion"	INTEGER,
	"FechaModificacion"	TEXT
);
CREATE TABLE IF NOT EXISTS "TblReservas" (
	"IdReserva"	INTEGER NOT NULL PRIMARY KEY AUTOINCREMENT,
	"IdCabana"	INTEGER NOT NULL,
	"IdPasajero"	INTEGER NOT NULL,
	"FechaReserva"	TEXT NOT NULL,
	"FechaInicio"	TEXT NOT NULL,
	"FechaTermino"	TEXT NOT NULL,
	"CantidadPasajeros"	INTEGER NOT NULL,
	"CantidadNinos"	INTEGER,
	"Observaciones"	TEXT,
	"Vigencia"	INTEGER,
	"IdEstadoReserva"	INTEGER,
	"IdUsuarioCreacion"	INTEGER,
	"FechaCreacion"	TEXT,
	"IdUsuarioModificacion"	INTEGER,
	"FechaModificacion"	TEXT
);
INSERT INTO "TblCategoriasCobros" VALUES (1,'Reserva',0,1,NULL,NULL,NULL,NULL);
INSERT INTO "TblCategoriasCobros" VALUES (2,'Extras',1,2,NULL,NULL,NULL,NULL);
INSERT INTO "TblCategoriasCobros" VALUES (3,'Descuentos',1,3,NULL,NULL,NULL,NULL);
INSERT INTO "TblCategoriasCobros" VALUES (4,'Cierre/CheckOut',0,6,NULL,NULL,NULL,NULL);
INSERT INTO "TblCategoriasCobros" VALUES (5,'Pago/Anticipos ',1,4,NULL,NULL,NULL,NULL);
INSERT INTO "TblParametros" VALUES (1,'checkout','6','Estado Reserva');
INSERT INTO "TblParametros" VALUES (2,'liquidacion','10','Tipo de Cobro');
INSERT INTO "TblParametros" VALUES (3,'anular','5','Estado Reserva');
INSERT INTO "TblParametros" VALUES (4,'glosapagar','Saldo a pagar','Glosa indica el saldo final a pagar');
INSERT INTO "TblParametros" VALUES (5,'glosatotal','Total a pagar','Glosa indica suma de todos los cobros menos checkout');
INSERT INTO "TblParametros" VALUES (6,'empresa','Thranduil','Primavera vigorosa');
INSERT INTO "TblEstadosReservas" VALUES (1,'Reservada',6275167,1275167,1,'2019-01-01',1,'2019-01-01');
INSERT INTO "TblEstadosReservas" VALUES (2,'Check In',9999999,1275167,1,'2019-01-01',1,'2019-01-01');
INSERT INTO "TblEstadosReservas" VALUES (3,'Confirmada c/Pago Anticipado',2275167,1275167,1,'2019-01-01',1,'2019-01-01');
INSERT INTO "TblEstadosReservas" VALUES (4,'Confirmada',3275167,1275167,1,'2019-01-01',1,'2019-01-01');
INSERT INTO "TblEstadosReservas" VALUES (5,'Anulada',4275167,1275167,1,'2019-01-01',1,'2019-01-01');
INSERT INTO "TblEstadosReservas" VALUES (6,'Check Out',4275167,1275167,1,'2019-01-01',1,'2019-01-01');
INSERT INTO "TblCobros" VALUES (1,5,1,550000,NULL,NULL,500000,'necesitan una cuna',1,NULL,NULL,NULL,NULL);
INSERT INTO "TblCobros" VALUES (2,1,1,720000,NULL,NULL,684000,'nada',1,NULL,NULL,NULL,NULL);
INSERT INTO "TblCobros" VALUES (3,2,1,6,NULL,NULL,6,NULL,1,NULL,NULL,NULL,NULL);
INSERT INTO "TblCobros" VALUES (4,3,1,1,NULL,NULL,1,'1',1,NULL,NULL,NULL,NULL);
INSERT INTO "TblCobros" VALUES (5,4,1,2,NULL,NULL,2,NULL,1,NULL,NULL,NULL,NULL);
INSERT INTO "TblCobros" VALUES (6,5,1,1,NULL,NULL,1,NULL,1,NULL,NULL,NULL,NULL);
INSERT INTO "TblCobros" VALUES (7,6,1,1,NULL,NULL,1,NULL,1,NULL,NULL,NULL,NULL);
INSERT INTO "TblCobros" VALUES (8,7,1,1,NULL,NULL,1,NULL,1,NULL,NULL,NULL,NULL);
INSERT INTO "TblCobros" VALUES (9,8,1,1,NULL,NULL,1,NULL,1,NULL,NULL,NULL,NULL);
INSERT INTO "TblCobros" VALUES (10,1,2,1,NULL,NULL,1,NULL,1,NULL,NULL,NULL,NULL);
INSERT INTO "TblCobros" VALUES (11,16,7,25000,NULL,NULL,25000,'',1,1,'2019-03-21',1,'2019-03-21');
INSERT INTO "TblCobros" VALUES (12,17,1,30000,NULL,NULL,30000,'',1,1,'2019-03-21',1,'2019-03-27');
INSERT INTO "TblCobros" VALUES (13,18,6,105000,NULL,NULL,105000,'',1,1,'2019-03-21',1,'2019-03-21');
INSERT INTO "TblCobros" VALUES (14,19,6,140000,NULL,NULL,140000,'lkjiojouio',1,1,'2019-03-21',1,'2019-03-21');
INSERT INTO "TblCobros" VALUES (15,20,6,420000,NULL,NULL,420000,'poner pancito',1,1,'2019-03-22',1,'2019-03-22');
INSERT INTO "TblCobros" VALUES (16,21,7,75000,NULL,NULL,75000,'',1,1,'2019-03-22',1,'2019-03-22');
INSERT INTO "TblCobros" VALUES (17,22,7,25000,NULL,NULL,25000,'',1,1,'2019-03-22',1,'2019-03-22');
INSERT INTO "TblCobros" VALUES (18,23,1,90000,'0',0,90000,'',0,1,'2019-03-26',1,'2019-04-17 17:13:51');
INSERT INTO "TblCobros" VALUES (19,24,7,50000,NULL,NULL,50000,'',1,1,'2019-03-26',1,'2019-03-26');
INSERT INTO "TblCobros" VALUES (20,25,1,60000,NULL,NULL,60000,'',1,1,'2019-04-02',1,'2019-04-02 23:51:39');
INSERT INTO "TblCobros" VALUES (21,26,6,35000,NULL,NULL,35000,'',1,1,'2019-04-02',1,'2019-04-02');
INSERT INTO "TblCobros" VALUES (22,27,7,25000,NULL,NULL,25000,'',1,1,'2019-04-02',1,'2019-04-02 17:31:28');
INSERT INTO "TblCobros" VALUES (23,28,7,25000,NULL,NULL,25000,'',1,1,'2019-04-02',1,'2019-04-02 17:31:42');
INSERT INTO "TblCobros" VALUES (24,29,6,35000,NULL,NULL,35000,'',1,1,'2019-04-02 17:25:15',1,'2019-04-02 17:25:15');
INSERT INTO "TblCobros" VALUES (25,30,6,35000,NULL,NULL,35000,'',1,1,'2019-04-02 17:27:39',1,'2019-04-02 17:27:39');
INSERT INTO "TblCobros" VALUES (26,31,6,105000,'5',1500,105000,'',1,1,'2019-04-02 17:29:21',1,'2019-04-02 17:29:21');
INSERT INTO "TblCobros" VALUES (27,25,9,0,NULL,NULL,-30000,NULL,1,NULL,'2019-04-02 17:29:21',NULL,NULL);
INSERT INTO "TblCobros" VALUES (28,25,2,1500,NULL,NULL,1500,NULL,1,1,'2019-04-02 17:29:21',1,'2019-04-02 17:29:21');
INSERT INTO "TblCobros" VALUES (29,25,5,10000,NULL,NULL,10000,'',1,'','2019-04-02 17:29:21',NULL,NULL);
INSERT INTO "TblCobros" VALUES (30,25,9,0,NULL,NULL,-1500,NULL,0,NULL,'2019-04-02 17:29:21',NULL,NULL);
INSERT INTO "TblCobros" VALUES (31,32,1,15000,'15',1500,15000,'',0,1,'2019-04-15 17:49:46',1,'2019-04-17 17:24:24');
INSERT INTO "TblCobros" VALUES (32,33,6,3780000,'0',0,3780000,'',1,1,'2019-04-15 17:51:03',1,'2019-05-03 15:08:01');
INSERT INTO "TblCobros" VALUES (33,33,2,1500,'3',45,1455,'',1,1,'2019-04-16 17:55:20',1,'2019-04-16 17:55:20');
INSERT INTO "TblCobros" VALUES (34,33,3,10000,'0',1500,8500,'',1,1,'2019-04-16 17:56:14',1,'2019-04-16 17:56:14');
INSERT INTO "TblCobros" VALUES (35,33,5,5000,'0',500,4500,'',1,1,'2019-04-16 17:57:13',1,'2019-04-16 22:52:13');
INSERT INTO "TblCobros" VALUES (36,33,4,-5000,'0',500,-5500,'',0,1,'2019-04-16 17:58:07',1,'2019-04-16 23:25:49');
INSERT INTO "TblCobros" VALUES (37,33,4,-5000,'0',1500,-6500,'',0,2,'2019-04-16 18:06:17',1,'2019-04-16 23:28:45');
INSERT INTO "TblCobros" VALUES (42,33,4,-5000,'0',3500,-8500,'Se cancela viaje por Clima',1,1,'2019-04-16 22:31:27',1,'2019-04-17 17:41:13');
INSERT INTO "TblCobros" VALUES (43,33,9,0,'0',5955,-5955,'',1,1,'2019-04-17 17:39:40',1,'2019-04-17 17:39:40');
INSERT INTO "TblCobros" VALUES (45,33,5,5000,'0',-5000,10000,'',1,1,'2019-04-23 12:37:43',1,'2019-04-23 12:37:43');
INSERT INTO "TblCobros" VALUES (46,33,12,0,'0',50000,-50000,'',1,1,'2019-04-23 13:44:43',1,'2019-04-23 13:44:43');
INSERT INTO "TblCobros" VALUES (47,33,10,-660000,'0',0,-660000,NULL,1,1,'2019-04-23 13:44:43',1,'2019-04-23 13:44:43');
INSERT INTO "TblUsuarios" VALUES (1,'Administrador','admin','SBhVOh8k4I-5jOIDLgTbq-',1);
INSERT INTO "TblUsuarios" VALUES (2,'Andrea Lay','andrea','SBhVOh8k4I-5jOIDLgTbq-',1);
INSERT INTO "TblUsuarios" VALUES (3,'Prueba','prueba','asasas',0);
INSERT INTO "TblNacionalidades" VALUES (1,'Chileno',NULL,NULL,NULL,NULL);
INSERT INTO "TblNacionalidades" VALUES (2,'Argentino',1,'2019-03-26',1,'2019-03-26');
INSERT INTO "TblNacionalidades" VALUES (4,'Boliviano',1,'2019-03-26',1,'2019-03-26');
INSERT INTO "TblNacionalidades" VALUES (5,'sueco',1,'2019-03-26',1,'2019-03-26');
INSERT INTO "TblNacionalidades" VALUES (7,'Peru',1,'2019-03-26',1,'2019-03-26');
INSERT INTO "TblNacionalidades" VALUES (16,'25',1,'2019-03-26',1,'2019-03-26');
INSERT INTO "TblNacionalidades" VALUES (17,'Mexicano',1,'2019-03-26',1,'2019-03-26');
INSERT INTO "TblNacionalidades" VALUES (18,'otro',1,'2019-03-26',1,'2019-03-26');
INSERT INTO "TblTiposIdentificacion" VALUES (1,'Carnet',NULL,NULL,NULL,NULL);
INSERT INTO "TblTiposIdentificacion" VALUES (2,'Pasaporte',NULL,NULL,NULL,NULL);
INSERT INTO "TblTiposCobros" VALUES (1,'Valor Defecto Cab #1',1,15000,1,NULL,NULL,NULL,NULL);
INSERT INTO "TblTiposCobros" VALUES (2,'Ficha Lavanderia',1,1500,2,NULL,NULL,NULL,NULL);
INSERT INTO "TblTiposCobros" VALUES (3,'Traslados',1,10000,2,NULL,NULL,NULL,NULL);
INSERT INTO "TblTiposCobros" VALUES (4,'Descuento por Problema',-1,5000,3,NULL,NULL,NULL,NULL);
INSERT INTO "TblTiposCobros" VALUES (5,'Desayuno',1,5000,2,NULL,NULL,NULL,NULL);
INSERT INTO "TblTiposCobros" VALUES (6,'Valor Defecto Cab #2',1,35000,1,NULL,NULL,NULL,NULL);
INSERT INTO "TblTiposCobros" VALUES (7,'Valor Defecto Cab #3',1,25000,1,NULL,NULL,NULL,NULL);
INSERT INTO "TblTiposCobros" VALUES (8,'Valor Defecto Cab #4',1,15000,1,NULL,NULL,NULL,NULL);
INSERT INTO "TblTiposCobros" VALUES (9,'Descuento desayuno',-1,5000,3,NULL,NULL,NULL,NULL);
INSERT INTO "TblTiposCobros" VALUES (10,'Liquidacion/Check Out',-1,0,4,NULL,NULL,NULL,NULL);
INSERT INTO "TblTiposCobros" VALUES (11,'No Show 50%',1,0,2,NULL,NULL,NULL,NULL);
INSERT INTO "TblTiposCobros" VALUES (12,'Anticipo Reserva',-1,0,5,NULL,NULL,NULL,NULL);
INSERT INTO "TblPasajeros" VALUES (0,'Cero','a',1,1,NULL,0,'de@dsf.cl',1,1,NULL,NULL,NULL,NULL);
INSERT INTO "TblPasajeros" VALUES (1,'uno','s',1,1,NULL,0,NULL,1,1,NULL,NULL,NULL,NULL);
INSERT INTO "TblPasajeros" VALUES (2,'dos','d',1,1,NULL,0,NULL,1,1,NULL,NULL,NULL,NULL);
INSERT INTO "TblPasajeros" VALUES (3,'tres','f',1,1,NULL,0,NULL,1,1,NULL,NULL,NULL,NULL);
INSERT INTO "TblPasajeros" VALUES (4,'cuatro','g',1,1,NULL,0,NULL,1,1,NULL,NULL,NULL,NULL);
INSERT INTO "TblPasajeros" VALUES (5,'cinco','h',1,1,NULL,0,NULL,1,1,NULL,NULL,NULL,NULL);
INSERT INTO "TblPasajeros" VALUES (6,'seis','j',1,1,NULL,0,NULL,1,1,NULL,NULL,NULL,NULL);
INSERT INTO "TblPasajeros" VALUES (7,'Siete','k',1,1,NULL,0,NULL,1,1,NULL,NULL,NULL,NULL);
INSERT INTO "TblPasajeros" VALUES (8,'Ocho','l',1,1,NULL,0,NULL,1,1,NULL,NULL,NULL,NULL);
INSERT INTO "TblPasajeros" VALUES (9,'Nueve','ñ',1,1,NULL,0,NULL,1,1,NULL,NULL,NULL,NULL);
INSERT INTO "TblPasajeros" VALUES (10,'Jhon','makensie',1,2,'23234',2,'jhonmkensie@eeuu.com',1,1,1,'2019-03-26',1,'2019-03-26');
INSERT INTO "TblPasajeros" VALUES (11,'peter','parker',1,1,'2323',2,'peterspiderparker@avengers.com',1,1,1,'2019-03-26',1,'2019-03-26');
INSERT INTO "TblPasajeros" VALUES (12,'steve','rogers',1,1,'sad',1,'captiansteve@avengers.com',1,1,1,'2019-03-26',1,'2019-03-26');
INSERT INTO "TblPasajeros" VALUES (13,'sdf','dfg',7,1,'cvb',0,'dfg',1,1,1,'2019-03-26',1,'2019-03-26');
INSERT INTO "TblPasajeros" VALUES (14,'Ricado','Arjona',17,2,'156464',0,'ricardo@mexico.com',1,1,1,'2019-03-26',1,'2019-03-26');
INSERT INTO "TblCategorias" VALUES (1,'Ocasional',NULL,NULL,NULL,NULL);
INSERT INTO "TblCategorias" VALUES (2,'Recurrente',NULL,NULL,NULL,NULL);
INSERT INTO "TblCategorias" VALUES (3,'Gold',NULL,NULL,NULL,NULL);
INSERT INTO "TblCabanas" VALUES (2,'Cab #1','Cabaña 1 Tipo A ',2,1,3,1,NULL,NULL,1,'2019-04-25 10:37:55');
INSERT INTO "TblCabanas" VALUES (3,'Cab #2','Cabaña 2 Tipo Nordico',2,1,5,6,NULL,NULL,1,'2019-04-25 10:38:14');
INSERT INTO "TblCabanas" VALUES (4,'Cab #3','Cabaña 3 Azul',3,1,9,7,NULL,NULL,1,'2019-04-25 10:38:34');
INSERT INTO "TblReservas" VALUES (1,2,1,'2019-01-01','2019-03-06','2019-03-15 12:00:00',1,1,NULL,0,1,NULL,NULL,NULL,NULL);
INSERT INTO "TblReservas" VALUES (2,2,2,'2019-01-01','2019-03-05','2019-03-06',1,2,NULL,0,5,NULL,NULL,NULL,NULL);
INSERT INTO "TblReservas" VALUES (3,3,3,'2019-01-01','2019-03-05','2019-03-07',1,0,NULL,0,3,NULL,NULL,NULL,NULL);
INSERT INTO "TblReservas" VALUES (4,4,4,'2019-01-01','2019-03-03','2019-03-06',1,1,NULL,0,4,NULL,NULL,NULL,NULL);
INSERT INTO "TblReservas" VALUES (5,3,5,'2019-01-01','2019-03-14','2019-03-15',1,3,NULL,0,5,NULL,NULL,NULL,NULL);
INSERT INTO "TblReservas" VALUES (6,3,6,'2019-01-01','2019-03-09','2019-03-12',1,2,NULL,0,1,NULL,NULL,NULL,NULL);
INSERT INTO "TblReservas" VALUES (7,2,7,'2019-01-01','2019-03-01','2019-03-04',1,0,NULL,0,2,NULL,NULL,NULL,NULL);
INSERT INTO "TblReservas" VALUES (8,4,9,'2019-01-01','2019-03-08','2019-03-12',1,0,NULL,0,3,NULL,NULL,NULL,NULL);
INSERT INTO "TblReservas" VALUES (9,4,3,'2019-03-21','2019-03-22','2019-03-23',1,0,'',0,1,1,'2019-03-21',1,'2019-03-21');
INSERT INTO "TblReservas" VALUES (10,4,3,'2019-03-21','2019-03-22','2019-03-23',1,0,'',0,1,1,'2019-03-21',1,'2019-03-21');
INSERT INTO "TblReservas" VALUES (11,4,3,'2019-03-21','2019-03-22','2019-03-23',1,0,'',0,1,1,'2019-03-21',1,'2019-03-21');
INSERT INTO "TblReservas" VALUES (12,3,6,'2019-03-21','2019-03-23','2019-03-24',1,0,'',0,1,1,'2019-03-21',1,'2019-03-21');
INSERT INTO "TblReservas" VALUES (13,4,6,'2019-03-21','2019-03-25','2019-03-26',1,0,'',0,1,1,'2019-03-21',1,'2019-03-21');
INSERT INTO "TblReservas" VALUES (14,3,4,'2019-03-21','2019-03-27','2019-03-28',1,0,'',0,1,1,'2019-03-21',1,'2019-03-21');
INSERT INTO "TblReservas" VALUES (15,2,4,'2019-03-21','2019-03-21','2019-03-24',1,0,'',0,1,1,'2019-03-21',1,'2019-03-21');
INSERT INTO "TblReservas" VALUES (16,4,6,'2019-03-21','2019-03-29','2019-03-30',1,0,'',0,1,1,'2019-03-21',1,'2019-03-21');
INSERT INTO "TblReservas" VALUES (17,2,14,'2019-03-21','2019-03-26','2019-03-28',1,0,'',1,3,1,'2019-03-21',1,'2019-03-27');
INSERT INTO "TblReservas" VALUES (18,3,3,'2019-03-21','2019-03-21','2019-03-22',3,0,'',1,1,1,'2019-03-21',1,'2019-03-21');
INSERT INTO "TblReservas" VALUES (19,3,9,'2019-03-21','2019-03-24','2019-03-25',3,1,'lkjiojouio',0,1,1,'2019-03-21',1,'2019-03-21');
INSERT INTO "TblReservas" VALUES (20,3,7,'2019-03-22','2019-03-28','2019-03-31',2,2,'poner pancito',0,5,1,'2019-03-22',1,'2019-03-22');
INSERT INTO "TblReservas" VALUES (21,3,5,'2019-03-22','2019-03-26','2019-03-27',1,2,'prueba edicion',0,4,1,'2019-03-22',1,'2019-03-22');
INSERT INTO "TblReservas" VALUES (22,4,6,'2019-03-22','2019-03-30','2019-04-03',1,0,'prueba de edicion',0,-1,1,'2019-03-22',1,'2019-03-22');
INSERT INTO "TblReservas" VALUES (23,2,12,'2019-03-26','2019-03-28 16:00:00','2019-03-31 12:00:00',1,0,'',1,4,1,'2019-03-26',1,'2019-04-17 17:13:51');
INSERT INTO "TblReservas" VALUES (24,4,14,'2019-03-26','2019-03-29','2019-03-30',2,0,'kodjdusdkvjnsdf',1,1,1,'2019-03-26',1,'2019-03-26');
INSERT INTO "TblReservas" VALUES (25,2,14,'2019-04-02 15:58:39','2019-04-02 16:00:00','2019-04-03 12:00:00',4,0,'',1,1,1,'2019-04-02 15:58:46',1,'2019-04-02 23:51:39');
INSERT INTO "TblReservas" VALUES (26,3,11,'2019-04-02 16:03:37','2019-04-02 16:00:00','2019-04-03 12:00:00',1,0,'',0,-1,1,'2019-04-02 16:03:37',1,'2019-04-02 17:21:08');
INSERT INTO "TblReservas" VALUES (27,4,10,'2019-04-02 16:07:01','2019-04-02 16:00:00','2019-04-03 12:00:00',1,0,'',1,1,1,'2019-04-02 16:07:01',1,'2019-04-02 17:31:28');
INSERT INTO "TblReservas" VALUES (28,4,12,'2019-04-02 16:07:00','2019-04-03 16:00:00','2019-04-04 12:00:00',1,0,'',1,1,1,'2019-04-02 16:07:36',1,'2019-04-02 17:31:42');
INSERT INTO "TblReservas" VALUES (29,3,14,'2019-04-02 17:25:15','2019-04-02 16:00:00','2019-04-03 12:00:00',1,0,'',0,-1,1,'2019-04-02 17:25:15',1,'2019-04-02 17:25:27');
INSERT INTO "TblReservas" VALUES (30,3,14,'2019-04-02 17:27:39','2019-04-02 16:00:00','2019-04-03 12:00:00',1,0,'',0,-1,1,'2019-04-02 17:27:39',1,'2019-04-02 17:27:43');
INSERT INTO "TblReservas" VALUES (31,3,0,'2019-04-02 17:29:20','2019-04-02 16:00:00','2019-04-05 12:00:00',1,0,'',0,-1,1,'2019-04-02 17:29:20',1,'2019-04-02 17:29:26');
INSERT INTO "TblReservas" VALUES (32,2,14,'2019-04-15 17:49:46','2019-04-14 16:00:00','2019-04-22 12:00:00',1,0,'',1,2,1,'2019-04-15 17:49:46',1,'2019-04-17 17:24:24');
INSERT INTO "TblReservas" VALUES (33,3,11,'2019-04-15 17:51:03','2019-04-15 16:00:00','2019-05-21 12:00:00',3,0,'	',1,6,1,'2019-04-15 17:51:03',1,'2019-05-03 15:08:01');
CREATE INDEX IF NOT EXISTS "OrderBy_IdCategoriaCobro" ON "TblCategoriasCobros" (
	"IdCategoriaCobro"
);
COMMIT;
