-- phpMyAdmin SQL Dump
-- version 5.2.1
-- https://www.phpmyadmin.net/
--
-- Servidor: 127.0.0.1
-- Tiempo de generación: 15-11-2023 a las 13:22:40
-- Versión del servidor: 10.4.28-MariaDB
-- Versión de PHP: 8.2.4

SET SQL_MODE = "NO_AUTO_VALUE_ON_ZERO";
START TRANSACTION;
SET time_zone = "+00:00";


/*!40101 SET @OLD_CHARACTER_SET_CLIENT=@@CHARACTER_SET_CLIENT */;
/*!40101 SET @OLD_CHARACTER_SET_RESULTS=@@CHARACTER_SET_RESULTS */;
/*!40101 SET @OLD_COLLATION_CONNECTION=@@COLLATION_CONNECTION */;
/*!40101 SET NAMES utf8mb4 */;

--
-- Base de datos: `com350_seg_par_libreria`
--

-- --------------------------------------------------------

--
-- Estructura de tabla para la tabla `editorials`
--

CREATE TABLE `editorials` (
  `id` bigint(20) UNSIGNED NOT NULL,
  `nombre` varchar(100) DEFAULT NULL,
  `created_at` timestamp NULL DEFAULT NULL,
  `updated_at` timestamp NULL DEFAULT NULL
) ENGINE=InnoDB DEFAULT CHARSET=utf8mb4 COLLATE=utf8mb4_unicode_ci;

--
-- Volcado de datos para la tabla `editorials`
--

INSERT INTO `editorials` (`id`, `nombre`, `created_at`, `updated_at`) VALUES
(1, NULL, '2023-11-15 07:15:49', '2023-11-15 07:15:49'),
(2, NULL, '2023-11-15 07:15:49', '2023-11-15 07:15:49'),
(3, NULL, '2023-11-15 07:15:49', '2023-11-15 07:15:49'),
(4, NULL, '2023-11-15 07:15:49', '2023-11-15 07:15:49'),
(5, NULL, '2023-11-15 07:15:49', '2023-11-15 07:15:49'),
(6, NULL, '2023-11-15 07:15:49', '2023-11-15 07:15:49'),
(7, NULL, '2023-11-15 07:15:49', '2023-11-15 07:15:49'),
(8, NULL, '2023-11-15 07:15:49', '2023-11-15 07:15:49'),
(9, NULL, '2023-11-15 07:15:49', '2023-11-15 07:15:49'),
(10, NULL, '2023-11-15 07:15:49', '2023-11-15 07:15:49'),
(11, NULL, '2023-11-15 15:12:28', '2023-11-15 15:12:28'),
(12, NULL, '2023-11-15 15:12:28', '2023-11-15 15:12:28'),
(13, NULL, '2023-11-15 15:12:28', '2023-11-15 15:12:28'),
(14, NULL, '2023-11-15 15:12:28', '2023-11-15 15:12:28'),
(15, NULL, '2023-11-15 15:12:28', '2023-11-15 15:12:28'),
(16, NULL, '2023-11-15 15:12:28', '2023-11-15 15:12:28'),
(17, NULL, '2023-11-15 15:12:28', '2023-11-15 15:12:28'),
(18, NULL, '2023-11-15 15:12:28', '2023-11-15 15:12:28'),
(19, NULL, '2023-11-15 15:12:28', '2023-11-15 15:12:28'),
(20, NULL, '2023-11-15 15:12:28', '2023-11-15 15:12:28'),
(21, NULL, '2023-11-15 15:17:59', '2023-11-15 15:17:59'),
(22, NULL, '2023-11-15 15:17:59', '2023-11-15 15:17:59'),
(23, NULL, '2023-11-15 15:17:59', '2023-11-15 15:17:59'),
(24, NULL, '2023-11-15 15:17:59', '2023-11-15 15:17:59'),
(25, NULL, '2023-11-15 15:17:59', '2023-11-15 15:17:59'),
(26, NULL, '2023-11-15 15:17:59', '2023-11-15 15:17:59'),
(27, NULL, '2023-11-15 15:17:59', '2023-11-15 15:17:59'),
(28, NULL, '2023-11-15 15:17:59', '2023-11-15 15:17:59'),
(29, NULL, '2023-11-15 15:17:59', '2023-11-15 15:17:59'),
(30, NULL, '2023-11-15 15:17:59', '2023-11-15 15:17:59');

-- --------------------------------------------------------

--
-- Estructura de tabla para la tabla `failed_jobs`
--

CREATE TABLE `failed_jobs` (
  `id` bigint(20) UNSIGNED NOT NULL,
  `uuid` varchar(255) NOT NULL,
  `connection` text NOT NULL,
  `queue` text NOT NULL,
  `payload` longtext NOT NULL,
  `exception` longtext NOT NULL,
  `failed_at` timestamp NOT NULL DEFAULT current_timestamp()
) ENGINE=InnoDB DEFAULT CHARSET=utf8mb4 COLLATE=utf8mb4_unicode_ci;

-- --------------------------------------------------------

--
-- Estructura de tabla para la tabla `libros`
--

CREATE TABLE `libros` (
  `id` bigint(20) UNSIGNED NOT NULL,
  `titulo` varchar(100) NOT NULL,
  `editorial_id` bigint(20) UNSIGNED DEFAULT NULL,
  `edicion` tinyint(4) NOT NULL,
  `pais` varchar(50) NOT NULL,
  `precio` decimal(10,2) NOT NULL,
  `created_at` timestamp NULL DEFAULT NULL,
  `updated_at` timestamp NULL DEFAULT NULL
) ENGINE=InnoDB DEFAULT CHARSET=utf8mb4 COLLATE=utf8mb4_unicode_ci;

--
-- Volcado de datos para la tabla `libros`
--

INSERT INTO `libros` (`id`, `titulo`, `editorial_id`, `edicion`, `pais`, `precio`, `created_at`, `updated_at`) VALUES
(1, 'Jorge', 3, 0, 'Yemen', 1.58, '2023-11-15 15:18:37', '2023-11-15 15:18:37'),
(2, 'Nahuel', 3, 1, 'Libia', 184680.75, '2023-11-15 15:18:37', '2023-11-15 15:18:37'),
(3, 'Lautaro', 4, 0, 'Hungría', 27.99, '2023-11-15 15:18:37', '2023-11-15 15:18:37'),
(4, 'Javier', 3, 1, 'Bahamas', 39652.29, '2023-11-15 15:23:13', '2023-11-15 15:23:13'),
(5, 'Matthew', 4, 1, 'México', 17651757.46, '2023-11-15 15:23:13', '2023-11-15 15:23:13'),
(6, 'Alejandra', 4, 1, 'Polonia', 1.10, '2023-11-15 15:23:13', '2023-11-15 15:23:13'),
(7, 'Ivan', 4, 1, 'Gambia', 22613529.68, '2023-11-15 15:23:13', '2023-11-15 15:23:13'),
(8, 'Sophie', 3, 0, 'Nueva Zelanda', 1928.59, '2023-11-15 15:23:13', '2023-11-15 15:23:13'),
(9, 'Florencia', 3, 1, 'Timor Oriental', 954580.41, '2023-11-15 15:23:13', '2023-11-15 15:23:13'),
(10, 'Hipólito', 5, 1, 'México', 0.35, '2023-11-15 15:23:13', '2023-11-15 15:23:13'),
(11, 'Andrés', 1, 0, 'Rumanía', 52.99, '2023-11-15 15:23:13', '2023-11-15 15:23:13'),
(12, 'Hugo', 1, 0, 'Nigeria', 1077.39, '2023-11-15 15:23:13', '2023-11-15 15:23:13'),
(13, 'Lorenzo', 4, 0, 'Libia', 78689.09, '2023-11-15 15:23:13', '2023-11-15 15:23:13'),
(14, 'Ivanna', 4, 1, 'Uruguay', 20547.90, '2023-11-15 15:23:13', '2023-11-15 15:23:13'),
(15, 'Aitana', 3, 1, 'Nicaragua', 7.06, '2023-11-15 15:23:13', '2023-11-15 15:23:13'),
(16, 'Olivia', 5, 0, 'Bulgaria', 11514088.32, '2023-11-15 15:23:13', '2023-11-15 15:23:13'),
(17, 'Daniela', 2, 0, 'Costa Rica', 40270876.30, '2023-11-15 15:23:13', '2023-11-15 15:23:13'),
(18, 'Benjamín', 3, 0, 'Fiyi', 28772.93, '2023-11-15 15:23:13', '2023-11-15 15:23:13'),
(19, 'Emilio', 3, 0, 'Guinea-Bisáu', 67150.73, '2023-11-15 15:23:13', '2023-11-15 15:23:13'),
(20, 'Franco', 4, 1, 'Guatemala', 1431.73, '2023-11-15 15:23:13', '2023-11-15 15:23:13'),
(21, 'Emiliano', 2, 1, 'Barbados', 0.78, '2023-11-15 15:23:13', '2023-11-15 15:23:13'),
(22, 'Felipe', 4, 0, 'Santa Lucía', 1571.46, '2023-11-15 15:23:13', '2023-11-15 15:23:13'),
(23, 'Fátima ', 1, 0, 'España', 46.16, '2023-11-15 15:23:13', '2023-11-15 15:23:13'),
(24, 'Josefina', 2, 1, 'Francia', 678566.21, '2023-11-15 15:23:13', '2023-11-15 15:23:13'),
(25, 'Esteban', 1, 1, 'Bután', 2082.36, '2023-11-15 15:23:13', '2023-11-15 15:23:13'),
(26, 'Oliva', 1, 1, 'Bahamas', 47325.43, '2023-11-15 15:27:30', '2023-11-15 15:27:30'),
(27, 'Ariana', 3, 1, 'Santa Lucía', 2024428.44, '2023-11-15 15:27:30', '2023-11-15 15:27:30'),
(28, 'Luis', 4, 1, 'Mauricio', 13387546.79, '2023-11-15 15:27:30', '2023-11-15 15:27:30'),
(29, 'Antonio', 5, 1, 'Arabia Saudí', 445835.51, '2023-11-15 15:27:30', '2023-11-15 15:27:30'),
(30, 'Alessandra', 2, 0, 'Chile', 153995.30, '2023-11-15 15:27:30', '2023-11-15 15:27:30'),
(31, 'Ignacio', 2, 1, 'Italia', 0.65, '2023-11-15 15:27:30', '2023-11-15 15:27:30'),
(32, 'Alexander', 1, 0, 'Samoa', 14.72, '2023-11-15 15:27:30', '2023-11-15 15:27:30'),
(33, 'Rafael', 4, 1, 'San Cristóbal y Nieves', 3.43, '2023-11-15 15:27:30', '2023-11-15 15:27:30'),
(34, 'Jorge', 1, 1, 'Portugal', 6.34, '2023-11-15 15:27:30', '2023-11-15 15:27:30'),
(35, 'Lucía', 3, 0, 'Bután', 245.50, '2023-11-15 15:27:30', '2023-11-15 15:27:30'),
(36, 'Dylan', 5, 0, 'Bangladés', 9750.56, '2023-11-15 15:27:30', '2023-11-15 15:27:30'),
(37, 'Rafael', 2, 0, 'Polonia', 3220006.16, '2023-11-15 15:27:30', '2023-11-15 15:27:30'),
(38, 'Isabella', 1, 1, 'Indonesia', 29.85, '2023-11-15 15:27:30', '2023-11-15 15:27:30'),
(39, 'Simón', 4, 1, 'Egipto', 16319.84, '2023-11-15 15:27:30', '2023-11-15 15:27:30'),
(40, 'Michelle', 2, 0, 'Mongolia', 37605.20, '2023-11-15 15:27:30', '2023-11-15 15:27:30'),
(41, 'Alejandra', 1, 0, 'Namibia', 43466.17, '2023-11-15 15:27:30', '2023-11-15 15:27:30'),
(42, 'Sara', 2, 1, 'Armenia', 39.70, '2023-11-15 15:27:30', '2023-11-15 15:27:30'),
(43, 'María Camila', 5, 1, 'Nepal', 10.37, '2023-11-15 15:27:30', '2023-11-15 15:27:30'),
(44, 'Santiago', 3, 0, 'Tailandia', 1529.00, '2023-11-15 15:27:30', '2023-11-15 15:27:30'),
(45, 'Victoria', 3, 1, 'Cabo Verde', 344.43, '2023-11-15 15:27:30', '2023-11-15 15:27:30'),
(46, 'Alejandra', 4, 0, 'Timor Oriental', 7.66, '2023-11-15 15:27:30', '2023-11-15 15:27:30'),
(47, 'Juan Diego', 1, 1, 'Omán', 318.99, '2023-11-15 15:27:30', '2023-11-15 15:27:30'),
(48, 'Catalina', 5, 0, 'Andorra', 303083.01, '2023-11-15 15:27:30', '2023-11-15 15:27:30'),
(49, 'Sofía', 5, 1, 'Lituania', 9411110.88, '2023-11-15 15:27:30', '2023-11-15 15:27:30'),
(50, 'Ximena', 4, 1, 'Lesoto', 110.34, '2023-11-15 15:27:30', '2023-11-15 15:27:30'),
(51, 'Micaela', 3, 0, 'Afganistán', 53394.12, '2023-11-15 15:27:30', '2023-11-15 15:27:30'),
(52, 'Josefina', 1, 0, 'República Centroafricana', 9561722.00, '2023-11-15 15:27:30', '2023-11-15 15:27:30'),
(53, 'Jimena', 5, 1, 'Chipre', 819514.75, '2023-11-15 15:27:30', '2023-11-15 15:27:30'),
(54, 'Miguel', 5, 1, 'Botsuana', 82133.91, '2023-11-15 15:27:30', '2023-11-15 15:27:30'),
(55, 'Juan Diego', 1, 0, 'Estonia', 170.57, '2023-11-15 15:27:30', '2023-11-15 15:27:30'),
(56, 'Andrea', 3, 1, 'Uzbekistán', 73777994.08, '2023-11-15 15:27:30', '2023-11-15 15:27:30'),
(57, 'Alonso', 4, 1, 'Colombia', 4.56, '2023-11-15 15:27:30', '2023-11-15 15:27:30'),
(58, 'Axel', 1, 0, 'Zimbabue', 14.74, '2023-11-15 15:27:30', '2023-11-15 15:27:30'),
(59, 'Aarón', 4, 0, 'Bélgica', 1.91, '2023-11-15 15:27:30', '2023-11-15 15:27:30'),
(60, 'Montserrat', 1, 1, 'Malasia', 2.43, '2023-11-15 15:27:30', '2023-11-15 15:27:30'),
(61, 'Juliana', 3, 1, 'Madagascar', 406.81, '2023-11-15 15:27:30', '2023-11-15 15:27:30'),
(62, 'Josefina', 1, 0, 'Laos', 239.67, '2023-11-15 15:27:30', '2023-11-15 15:27:30'),
(63, 'Alejandra', 1, 0, 'Fiyi', 3.80, '2023-11-15 15:27:30', '2023-11-15 15:27:30'),
(64, 'Lucas', 4, 0, 'Canadá', 131614.07, '2023-11-15 15:27:30', '2023-11-15 15:27:30'),
(65, 'María Fernanda', 1, 1, 'Nicaragua', 30345167.78, '2023-11-15 15:27:30', '2023-11-15 15:27:30'),
(66, 'Miranda', 4, 1, 'Chipre', 27.20, '2023-11-15 15:27:30', '2023-11-15 15:27:30'),
(67, 'Juan Esteban', 5, 1, 'Ucrania', 0.00, '2023-11-15 15:27:30', '2023-11-15 15:27:30'),
(68, 'Silvana ', 4, 0, 'Australia', 5186.95, '2023-11-15 15:27:30', '2023-11-15 15:27:30'),
(69, 'Hugo', 5, 1, 'Barbados', 0.62, '2023-11-15 15:27:30', '2023-11-15 15:27:30'),
(70, 'Miranda', 5, 0, 'Georgia', 11428054.29, '2023-11-15 15:27:30', '2023-11-15 15:27:30'),
(71, 'Mateo', 3, 1, 'Egipto', 257.36, '2023-11-15 15:27:30', '2023-11-15 15:27:30'),
(72, 'Jimena', 5, 0, 'Trinidad y Tobago', 5629184.68, '2023-11-15 15:27:42', '2023-11-15 15:27:42'),
(73, 'Axel', 2, 0, 'Congo', 46572194.25, '2023-11-15 15:27:42', '2023-11-15 15:27:42'),
(74, 'Isabel', 1, 1, 'Barbados', 3381661.82, '2023-11-15 15:27:42', '2023-11-15 15:27:42'),
(75, 'Alonso', 4, 1, 'Birmania', 1721044.70, '2023-11-15 15:27:42', '2023-11-15 15:27:42'),
(76, 'Thiago', 4, 1, 'Tuvalu', 0.71, '2023-11-15 15:27:42', '2023-11-15 15:27:42'),
(77, 'Juan Esteban', 1, 1, 'Bután', 6903026.00, '2023-11-15 15:27:42', '2023-11-15 15:27:42'),
(78, 'Máximo', 3, 0, 'Francia', 195.70, '2023-11-15 15:27:42', '2023-11-15 15:27:42'),
(79, 'Emma', 4, 0, 'Micronesia', 1421.30, '2023-11-15 15:27:42', '2023-11-15 15:27:42'),
(80, 'Agustina', 1, 1, 'Bután', 50293.03, '2023-11-15 15:27:42', '2023-11-15 15:27:42'),
(81, 'Irene', 3, 1, 'Catar', 0.99, '2023-11-15 15:27:42', '2023-11-15 15:27:42'),
(82, 'Rebeca', 1, 1, 'Suazilandia', 246009.24, '2023-11-15 15:27:42', '2023-11-15 15:27:42'),
(83, 'Camilo', 3, 0, 'Níger', 319778.77, '2023-11-15 15:27:42', '2023-11-15 15:27:42'),
(84, 'Sergio', 4, 1, 'Sudáfrica', 622728.15, '2023-11-15 15:27:42', '2023-11-15 15:27:42'),
(85, 'Ricardo', 3, 1, 'Liechtenstein', 67719.59, '2023-11-15 15:27:42', '2023-11-15 15:27:42'),
(86, 'Andrés', 2, 0, 'República Centroafricana', 23972374.84, '2023-11-15 15:27:42', '2023-11-15 15:27:42'),
(87, 'Mía', 3, 1, 'Seychelles', 1425998.56, '2023-11-15 15:27:42', '2023-11-15 15:27:42'),
(88, 'Allison', 2, 1, 'Ruanda', 838.86, '2023-11-15 15:30:02', '2023-11-15 15:30:02'),
(89, 'Juan Diego', 5, 0, 'Países Bajos', 66628.14, '2023-11-15 15:30:02', '2023-11-15 15:30:02'),
(90, 'Camilo', 5, 1, 'Comoras', 36.52, '2023-11-15 15:30:02', '2023-11-15 15:30:02'),
(91, 'Romina', 1, 1, 'España', 3805998.24, '2023-11-15 15:30:02', '2023-11-15 15:30:02'),
(92, 'Nahuel', 1, 1, 'Letonia', 25.25, '2023-11-15 15:30:02', '2023-11-15 15:30:02'),
(93, 'Elena ', 5, 0, 'Australia', 2.00, '2023-11-15 15:30:02', '2023-11-15 15:30:02'),
(94, 'Carlos', 3, 1, 'Tailandia', 8625.70, '2023-11-15 15:30:02', '2023-11-15 15:30:02'),
(95, 'Laura', 3, 0, 'India', 3172.21, '2023-11-15 15:30:02', '2023-11-15 15:30:02'),
(96, 'Silvana ', 1, 0, 'España', 187401.90, '2023-11-15 15:30:02', '2023-11-15 15:30:02'),
(97, 'Juliana', 2, 1, 'Kuwait', 947818.23, '2023-11-15 15:30:02', '2023-11-15 15:30:02'),
(98, 'Mario', 4, 1, 'Argelia', 3.24, '2023-11-15 15:30:02', '2023-11-15 15:30:02'),
(99, 'Alexander', 5, 0, 'Antigua y Barbuda', 1077.44, '2023-11-15 15:30:02', '2023-11-15 15:30:02'),
(100, 'Martín', 1, 1, 'Burkina Faso', 8487.06, '2023-11-15 15:33:59', '2023-11-15 15:33:59'),
(101, 'Ian', 1, 0, 'Tuvalu', 2419.91, '2023-11-15 15:33:59', '2023-11-15 15:33:59'),
(102, 'Simón', 5, 0, 'Islandia', 9649.57, '2023-11-15 15:33:59', '2023-11-15 15:33:59'),
(103, 'Ornela', 2, 1, 'Israel', 4072.07, '2023-11-15 15:33:59', '2023-11-15 15:33:59'),
(104, 'Eduardo', 4, 1, 'Catar', 3363.44, '2023-11-15 15:33:59', '2023-11-15 15:33:59'),
(105, 'Isidora', 4, 1, 'Bielorrusia', 9710.37, '2023-11-15 15:33:59', '2023-11-15 15:33:59'),
(106, 'Benjamín', 5, 0, 'Afganistán', 4845.74, '2023-11-15 15:33:59', '2023-11-15 15:33:59'),
(107, 'Sergio', 5, 1, 'Senegal', 9942.66, '2023-11-15 15:33:59', '2023-11-15 15:33:59'),
(108, 'Diego Alejandro', 5, 0, 'Mozambique', 7765.23, '2023-11-15 15:33:59', '2023-11-15 15:33:59'),
(109, 'Antonia', 4, 1, 'Panamá', 26.81, '2023-11-15 15:33:59', '2023-11-15 15:33:59'),
(110, 'Julia', 3, 1, 'Mali', 602.86, '2023-11-15 15:33:59', '2023-11-15 15:33:59'),
(111, 'Alan', 1, 1, 'Senegal', 3696.83, '2023-11-15 15:33:59', '2023-11-15 15:33:59'),
(112, 'Regina', 3, 0, 'Suazilandia', 3785.06, '2023-11-15 15:33:59', '2023-11-15 15:33:59'),
(113, 'Facundo', 2, 1, 'Gabón', 9903.59, '2023-11-15 15:33:59', '2023-11-15 15:33:59'),
(114, 'Alexander', 1, 1, 'Suiza', 6672.16, '2023-11-15 15:33:59', '2023-11-15 15:33:59'),
(115, 'Facundo', 5, 1, 'Ciudad del Vaticano', 1009.95, '2023-11-15 15:33:59', '2023-11-15 15:33:59'),
(116, 'Constanza', 2, 0, 'Paraguay', 2448.98, '2023-11-15 15:33:59', '2023-11-15 15:33:59'),
(117, 'Agustín', 2, 1, 'Singapur', 9547.75, '2023-11-15 15:33:59', '2023-11-15 15:33:59'),
(118, 'Manuela', 4, 1, 'Francia', 8070.12, '2023-11-15 15:33:59', '2023-11-15 15:33:59'),
(119, 'Luciana', 2, 1, 'Bahamas', 700.48, '2023-11-15 15:33:59', '2023-11-15 15:33:59'),
(120, 'Cristóbal', 5, 0, 'República Dominicana', 5044.80, '2023-11-15 15:33:59', '2023-11-15 15:33:59'),
(121, 'Alexander', 4, 0, 'Vanuatu', 4544.49, '2023-11-15 15:33:59', '2023-11-15 15:33:59'),
(122, 'Lautaro', 4, 1, 'Irak', 9022.60, '2023-11-15 15:33:59', '2023-11-15 15:33:59'),
(123, 'Montserrat', 3, 1, 'Uzbekistán', 4450.28, '2023-11-15 15:33:59', '2023-11-15 15:33:59'),
(124, 'Gabriela', 1, 0, 'Catar', 9874.58, '2023-11-15 15:33:59', '2023-11-15 15:33:59'),
(125, 'Juan Manuel', 2, 1, 'Bolivia', 1385.28, '2023-11-15 15:33:59', '2023-11-15 15:33:59'),
(126, 'Ian', 1, 1, 'Fiyi', 773.50, '2023-11-15 15:33:59', '2023-11-15 15:33:59'),
(127, 'Alma', 3, 1, 'Filipinas', 2113.47, '2023-11-15 15:33:59', '2023-11-15 15:33:59'),
(128, 'Lucas', 2, 0, 'Bélgica', 8405.87, '2023-11-15 15:33:59', '2023-11-15 15:33:59'),
(129, 'Samuel', 1, 0, 'Brunéi Darusalam', 6875.42, '2023-11-15 15:33:59', '2023-11-15 15:33:59'),
(130, 'Mario', 1, 1, 'Malta', 1413.94, '2023-11-15 15:33:59', '2023-11-15 15:33:59'),
(131, 'Dylan', 3, 1, 'Uruguay', 4026.62, '2023-11-15 15:33:59', '2023-11-15 15:33:59'),
(132, 'Bruno', 3, 1, 'Samoa', 3026.73, '2023-11-15 15:33:59', '2023-11-15 15:33:59'),
(133, 'Nadia', 4, 0, 'Islandia', 4241.51, '2023-11-15 15:33:59', '2023-11-15 15:33:59'),
(134, 'Sara Sofía', 2, 0, 'Finlandia', 8804.27, '2023-11-15 15:33:59', '2023-11-15 15:33:59'),
(135, 'Hipólito', 5, 1, 'Italia', 2197.61, '2023-11-15 15:33:59', '2023-11-15 15:33:59'),
(136, 'Catalina', 4, 1, 'Austria', 221.45, '2023-11-15 15:33:59', '2023-11-15 15:33:59'),
(137, 'Olivia', 1, 1, 'Suiza', 5100.59, '2023-11-15 15:33:59', '2023-11-15 15:33:59'),
(138, 'Ivan', 5, 1, 'Serbia', 9285.03, '2023-11-15 15:33:59', '2023-11-15 15:33:59'),
(139, 'Julián', 3, 1, 'Grecia', 4560.04, '2023-11-15 15:33:59', '2023-11-15 15:33:59'),
(140, 'Montserrat', 5, 0, 'Papúa Nueva Guinea', 5554.41, '2023-11-15 15:33:59', '2023-11-15 15:33:59'),
(141, 'Sara', 4, 0, 'Estados Unidos de América', 8432.68, '2023-11-15 15:33:59', '2023-11-15 15:33:59'),
(142, 'Ana', 4, 0, 'Baréin', 7953.94, '2023-11-15 15:33:59', '2023-11-15 15:33:59'),
(143, 'Ian', 2, 1, 'San Marino', 501.24, '2023-11-15 15:33:59', '2023-11-15 15:33:59'),
(144, 'Guadalupe', 2, 1, 'Guatemala', 5043.89, '2023-11-15 15:33:59', '2023-11-15 15:33:59'),
(145, 'Laura', 5, 1, 'Noruega', 476.89, '2023-11-15 15:33:59', '2023-11-15 15:33:59'),
(146, 'Antonio', 4, 1, 'Zimbabue', 8932.43, '2023-11-15 15:33:59', '2023-11-15 15:33:59'),
(147, 'Martín', 4, 1, 'Corea del Norte', 1518.89, '2023-11-15 15:33:59', '2023-11-15 15:33:59'),
(148, 'Adrián', 3, 0, 'Corea del Norte', 1602.80, '2023-11-15 15:33:59', '2023-11-15 15:33:59'),
(149, 'Christopher', 1, 0, 'Namibia', 3538.16, '2023-11-15 15:33:59', '2023-11-15 15:33:59'),
(150, 'Paulina', 5, 1, 'Uganda', 334.82, '2023-11-15 15:33:59', '2023-11-15 15:33:59'),
(151, 'Dylan', 4, 1, 'Liberia', 9299.01, '2023-11-15 15:33:59', '2023-11-15 15:33:59'),
(152, 'Alexa', 4, 0, 'Níger', 5329.44, '2023-11-15 15:33:59', '2023-11-15 15:33:59'),
(153, 'Fabiana', 3, 1, 'Barbados', 2881.39, '2023-11-15 15:33:59', '2023-11-15 15:33:59'),
(154, 'Jerónimo', 4, 1, 'Sri Lanka', 2951.52, '2023-11-15 15:33:59', '2023-11-15 15:33:59'),
(155, 'Martina', 4, 0, 'Ciudad del Vaticano', 5401.33, '2023-11-15 15:33:59', '2023-11-15 15:33:59'),
(156, 'Jerónimo', 5, 0, 'Tanzania', 8949.55, '2023-11-15 15:33:59', '2023-11-15 15:33:59'),
(157, 'Santiago', 2, 0, 'India', 4618.95, '2023-11-15 15:33:59', '2023-11-15 15:33:59'),
(158, 'Eduardo', 2, 0, 'Mauricio', 7393.33, '2023-11-15 15:33:59', '2023-11-15 15:33:59'),
(159, 'Ivan', 4, 0, 'Antigua y Barbuda', 6347.09, '2023-11-15 15:33:59', '2023-11-15 15:33:59'),
(160, 'Máximo', 4, 0, 'República Dominicana', 2379.30, '2023-11-15 15:33:59', '2023-11-15 15:33:59'),
(161, 'Elena ', 4, 0, 'Irlanda', 253.12, '2023-11-15 15:33:59', '2023-11-15 15:33:59'),
(162, 'María Camila', 2, 0, 'Liberia', 2409.30, '2023-11-15 15:33:59', '2023-11-15 15:33:59'),
(163, 'Guadalupe', 3, 0, 'Barbados', 9655.76, '2023-11-15 15:33:59', '2023-11-15 15:33:59'),
(164, 'Sara Sofía', 2, 1, 'Tailandia', 5568.16, '2023-11-15 15:33:59', '2023-11-15 15:33:59'),
(165, 'Michelle', 5, 0, 'Botsuana', 9498.32, '2023-11-15 15:33:59', '2023-11-15 15:33:59'),
(166, 'Sara Sofía', 2, 0, 'Angola', 8987.53, '2023-11-15 15:33:59', '2023-11-15 15:33:59'),
(167, 'Leonardo', 5, 1, 'Papúa Nueva Guinea', 4116.88, '2023-11-15 15:33:59', '2023-11-15 15:33:59'),
(168, 'Ana', 1, 1, 'Brunéi Darusalam', 8967.82, '2023-11-15 15:33:59', '2023-11-15 15:33:59'),
(169, 'Nahuel', 2, 1, 'Portugal', 8146.02, '2023-11-15 15:33:59', '2023-11-15 15:33:59'),
(170, 'Antonia', 1, 1, 'Benín', 4749.43, '2023-11-15 15:33:59', '2023-11-15 15:33:59'),
(171, 'Emily', 4, 1, 'Vietnam', 7576.81, '2023-11-15 15:33:59', '2023-11-15 15:33:59'),
(172, 'Mariana', 1, 1, 'Togo', 9842.75, '2023-11-15 15:33:59', '2023-11-15 15:33:59'),
(173, 'María Alejandra', 2, 0, 'Rusia', 9544.62, '2023-11-15 15:33:59', '2023-11-15 15:33:59'),
(174, 'Felipe', 4, 0, 'Turkmenistán', 2064.53, '2023-11-15 15:33:59', '2023-11-15 15:33:59'),
(175, 'Ivanna', 5, 1, 'Suiza', 8173.06, '2023-11-15 15:33:59', '2023-11-15 15:33:59'),
(176, 'Alexa', 2, 1, 'Rumanía', 8468.22, '2023-11-15 15:33:59', '2023-11-15 15:33:59'),
(177, 'Daniela', 3, 1, 'Perú', 9566.35, '2023-11-15 15:33:59', '2023-11-15 15:33:59'),
(178, 'Axel', 1, 1, 'Malta', 9538.68, '2023-11-15 15:33:59', '2023-11-15 15:33:59'),
(179, 'Manuel', 1, 0, 'Kazajistán', 3257.17, '2023-11-15 15:33:59', '2023-11-15 15:33:59'),
(180, 'Sergio', 2, 1, 'Kirguistán', 6664.59, '2023-11-15 15:33:59', '2023-11-15 15:33:59'),
(181, 'Matthew', 1, 1, 'Israel', 7276.96, '2023-11-15 15:33:59', '2023-11-15 15:33:59'),
(182, 'Elías', 5, 0, 'Guatemala', 645.97, '2023-11-15 15:33:59', '2023-11-15 15:33:59'),
(183, 'Valentín', 5, 1, 'Congo', 609.88, '2023-11-15 15:33:59', '2023-11-15 15:33:59'),
(184, 'Paulina', 2, 0, 'Indonesia', 6051.52, '2023-11-15 15:33:59', '2023-11-15 15:33:59'),
(185, 'Emily', 5, 0, 'India', 8528.57, '2023-11-15 15:33:59', '2023-11-15 15:33:59'),
(186, 'Máximo', 3, 0, 'Panamá', 9308.19, '2023-11-15 15:33:59', '2023-11-15 15:33:59'),
(187, 'Camila', 2, 0, 'Perú', 8995.27, '2023-11-15 15:33:59', '2023-11-15 15:33:59'),
(188, 'Ashley', 4, 0, 'Catar', 4019.49, '2023-11-15 15:33:59', '2023-11-15 15:33:59'),
(189, 'Fernando', 2, 1, 'Ghana', 7035.11, '2023-11-15 15:33:59', '2023-11-15 15:33:59'),
(190, 'Martín', 1, 1, 'Indonesia', 9955.99, '2023-11-15 15:33:59', '2023-11-15 15:33:59'),
(191, 'Eduardo', 1, 1, 'Eslovenia', 7767.83, '2023-11-15 15:34:00', '2023-11-15 15:34:00'),
(192, 'Sebastián', 4, 0, 'Filipinas', 7611.25, '2023-11-15 15:34:00', '2023-11-15 15:34:00'),
(193, 'Simón', 3, 0, 'Guinea-Bisáu', 1972.36, '2023-11-15 15:34:00', '2023-11-15 15:34:00'),
(194, 'Javier', 3, 1, 'Irlanda', 1234.69, '2023-11-15 15:34:00', '2023-11-15 15:34:00'),
(195, 'Camilo', 5, 1, 'Seychelles', 8906.72, '2023-11-15 15:34:00', '2023-11-15 15:34:00'),
(196, 'Miranda', 5, 0, 'Suazilandia', 6616.73, '2023-11-15 15:34:00', '2023-11-15 15:34:00'),
(197, 'Montserrat', 4, 1, 'Camboya', 7147.44, '2023-11-15 15:34:00', '2023-11-15 15:34:00'),
(198, 'Ana Sofía', 3, 1, 'Tayikistán', 5049.86, '2023-11-15 15:34:00', '2023-11-15 15:34:00'),
(199, 'Bautista', 3, 1, 'Chipre', 8635.54, '2023-11-15 15:34:00', '2023-11-15 15:34:00'),
(200, 'Bautista', 1, 0, 'Bosnia-Herzegovina', 2870.23, '2023-11-15 15:34:00', '2023-11-15 15:34:00'),
(201, 'Samuel', 2, 0, 'Islandia', 5917.56, '2023-11-15 15:34:00', '2023-11-15 15:34:00'),
(202, 'Fernando', 5, 0, 'Vanuatu', 8035.57, '2023-11-15 15:34:00', '2023-11-15 15:34:00'),
(203, 'María Paula', 2, 0, 'Guinea-Bisáu', 8033.30, '2023-11-15 15:34:00', '2023-11-15 15:34:00'),
(204, 'Juana', 2, 0, 'Honduras', 8030.84, '2023-11-15 15:34:00', '2023-11-15 15:34:00'),
(205, 'Lola', 2, 0, 'Timor Oriental', 8170.34, '2023-11-15 15:34:00', '2023-11-15 15:34:00'),
(206, 'Nicole', 4, 0, 'Guinea-Bisáu', 5617.17, '2023-11-15 15:34:00', '2023-11-15 15:34:00'),
(207, 'Nicole', 3, 1, 'Uzbekistán', 4902.13, '2023-11-15 15:34:00', '2023-11-15 15:34:00'),
(208, 'Miguel', 2, 1, 'Zambia', 5044.38, '2023-11-15 15:34:00', '2023-11-15 15:34:00'),
(209, 'Bruno', 1, 0, 'Italia', 9259.94, '2023-11-15 15:34:00', '2023-11-15 15:34:00'),
(210, 'Jimena', 2, 1, 'Nicaragua', 9110.04, '2023-11-15 15:34:00', '2023-11-15 15:34:00'),
(211, 'Luis', 3, 1, 'Kirguistán', 9225.04, '2023-11-15 15:34:00', '2023-11-15 15:34:00'),
(212, 'Adriana', 3, 0, 'Guinea Ecuatorial', 1687.67, '2023-11-15 15:34:00', '2023-11-15 15:34:00'),
(213, 'Juan Pablo', 5, 1, 'Mónaco', 2799.16, '2023-11-15 15:34:00', '2023-11-15 15:34:00'),
(214, 'Ximena', 4, 0, 'Polonia', 2485.01, '2023-11-15 15:34:00', '2023-11-15 15:34:00'),
(215, 'Franco', 4, 1, 'Suecia', 8054.21, '2023-11-15 15:34:00', '2023-11-15 15:34:00'),
(216, 'Kevin', 5, 1, 'Guinea-Bisáu', 8995.54, '2023-11-15 15:34:00', '2023-11-15 15:34:00'),
(217, 'Elías', 3, 0, 'Túnez', 6439.21, '2023-11-15 15:34:00', '2023-11-15 15:34:00'),
(218, 'Samuel', 1, 0, 'Mauricio', 8270.50, '2023-11-15 15:34:00', '2023-11-15 15:34:00'),
(219, 'Bautista', 2, 1, 'Costa de Marfil', 9987.28, '2023-11-15 15:34:00', '2023-11-15 15:34:00'),
(220, 'José', 1, 1, 'Serbia', 8838.21, '2023-11-15 15:34:00', '2023-11-15 15:34:00'),
(221, 'Mariangel', 2, 1, 'Países Bajos', 4817.22, '2023-11-15 15:34:00', '2023-11-15 15:34:00'),
(222, 'Camila', 1, 0, 'Dominica', 7771.96, '2023-11-15 15:34:00', '2023-11-15 15:34:00'),
(223, 'Valentina', 2, 0, 'Trinidad y Tobago', 7417.09, '2023-11-15 15:34:00', '2023-11-15 15:34:00'),
(224, 'Axel', 2, 0, 'Guinea-Bisáu', 9305.27, '2023-11-15 15:34:00', '2023-11-15 15:34:00'),
(225, 'Manuela', 5, 1, 'Palaos', 8647.20, '2023-11-15 15:34:00', '2023-11-15 15:34:00'),
(226, 'Lucía', 2, 1, 'Noruega', 8424.22, '2023-11-15 15:34:00', '2023-11-15 15:34:00'),
(227, 'Martina', 3, 1, 'Andorra', 8637.65, '2023-11-15 15:34:00', '2023-11-15 15:34:00'),
(228, 'Carlos', 2, 1, 'Nueva Zelanda', 7111.27, '2023-11-15 15:34:00', '2023-11-15 15:34:00'),
(229, 'Christian', 1, 1, 'Jordania', 9961.05, '2023-11-15 15:34:00', '2023-11-15 15:34:00'),
(230, 'Manuel', 5, 0, 'Moldavia', 7230.67, '2023-11-15 15:34:00', '2023-11-15 15:34:00'),
(231, 'Micaela', 4, 0, 'Sierra Leona', 1819.57, '2023-11-15 15:34:00', '2023-11-15 15:34:00'),
(232, 'Valeria', 4, 1, 'Sri Lanka', 3693.77, '2023-11-15 15:34:00', '2023-11-15 15:34:00'),
(233, 'María José', 4, 0, 'Zambia', 1081.13, '2023-11-15 15:34:00', '2023-11-15 15:34:00'),
(234, 'Gabriel', 5, 0, 'Ghana', 7734.22, '2023-11-15 15:34:00', '2023-11-15 15:34:00'),
(235, 'Matthew', 1, 0, 'Yibuti', 9191.95, '2023-11-15 15:34:00', '2023-11-15 15:34:00'),
(236, 'Ricardo', 1, 1, 'Ghana', 3474.38, '2023-11-15 15:34:00', '2023-11-15 15:34:00'),
(237, 'Lucas', 2, 1, 'Letonia', 2388.94, '2023-11-15 15:34:00', '2023-11-15 15:34:00'),
(238, 'Samantha', 1, 1, 'Kenia', 7040.46, '2023-11-15 15:34:00', '2023-11-15 15:34:00'),
(239, 'Andrés', 1, 1, 'Cuba', 7060.96, '2023-11-15 15:34:00', '2023-11-15 15:34:00'),
(240, 'Santino', 1, 0, 'Estados Unidos de América', 1438.43, '2023-11-15 15:34:00', '2023-11-15 15:34:00'),
(241, 'María', 4, 0, 'Brunéi Darusalam', 1450.88, '2023-11-15 15:34:00', '2023-11-15 15:34:00'),
(242, 'José', 3, 1, 'Chile', 6366.57, '2023-11-15 15:34:00', '2023-11-15 15:34:00'),
(243, 'Vicente', 2, 1, 'Catar', 3241.32, '2023-11-15 15:34:00', '2023-11-15 15:34:00'),
(244, 'Ornela', 5, 1, 'Barbados', 2231.68, '2023-11-15 15:34:00', '2023-11-15 15:34:00'),
(245, 'Agustín', 5, 1, 'Túnez', 6924.51, '2023-11-15 15:34:00', '2023-11-15 15:34:00'),
(246, 'Elena ', 3, 1, 'Turkmenistán', 5382.51, '2023-11-15 15:34:00', '2023-11-15 15:34:00'),
(247, 'Matías', 1, 1, 'Estados Unidos de América', 2084.65, '2023-11-15 15:34:00', '2023-11-15 15:34:00'),
(248, 'Ignacio', 2, 0, 'Venezuela', 8410.87, '2023-11-15 15:34:00', '2023-11-15 15:34:00'),
(249, 'Alan', 4, 1, 'Nauru', 153.28, '2023-11-15 15:34:00', '2023-11-15 15:34:00'),
(250, 'Juan Sebastián', 3, 1, 'Marruecos', 7099.71, '2023-11-15 15:34:00', '2023-11-15 15:34:00'),
(251, 'María Paula', 5, 1, 'Somalia', 2004.87, '2023-11-15 15:34:00', '2023-11-15 15:34:00'),
(252, 'Elena ', 3, 1, 'Bélgica', 9280.34, '2023-11-15 15:34:00', '2023-11-15 15:34:00'),
(253, 'Christopher', 4, 0, 'Andorra', 7628.27, '2023-11-15 15:34:00', '2023-11-15 15:34:00'),
(254, 'Elías', 5, 0, 'Suecia', 3183.10, '2023-11-15 15:34:00', '2023-11-15 15:34:00'),
(255, 'Valentín', 2, 0, 'Uruguay', 9686.78, '2023-11-15 15:34:00', '2023-11-15 15:34:00'),
(256, 'Micaela', 1, 0, 'Haití', 5476.18, '2023-11-15 15:34:00', '2023-11-15 15:34:00'),
(257, 'Christopher', 4, 0, 'Chipre', 9066.41, '2023-11-15 15:34:00', '2023-11-15 15:34:00'),
(258, 'Adrián', 5, 0, 'Vanuatu', 2639.18, '2023-11-15 15:34:00', '2023-11-15 15:34:00'),
(259, 'María Camila', 1, 0, 'Kuwait', 6416.21, '2023-11-15 15:34:00', '2023-11-15 15:34:00'),
(260, 'Daniel', 4, 0, 'Malta', 3703.46, '2023-11-15 15:34:00', '2023-11-15 15:34:00'),
(261, 'Olivia', 2, 0, 'Ucrania', 8620.09, '2023-11-15 15:34:00', '2023-11-15 15:34:00'),
(262, 'Ignacio', 3, 1, 'Burkina Faso', 4688.38, '2023-11-15 15:34:00', '2023-11-15 15:34:00'),
(263, 'Alan', 3, 0, 'Reino Unido', 8258.93, '2023-11-15 15:34:00', '2023-11-15 15:34:00'),
(264, 'Emilio', 3, 0, 'Siria', 7780.47, '2023-11-15 15:34:00', '2023-11-15 15:34:00'),
(265, 'Jazmín', 3, 1, 'Congo', 5119.27, '2023-11-15 15:34:00', '2023-11-15 15:34:00'),
(266, 'Diego Alejandro', 3, 0, 'Serbia', 3632.23, '2023-11-15 15:34:00', '2023-11-15 15:34:00'),
(267, 'María Fernanda', 2, 0, 'Etiopía', 7641.61, '2023-11-15 15:34:00', '2023-11-15 15:34:00'),
(268, 'Nicole', 2, 1, 'Santa Lucía', 2185.95, '2023-11-15 15:34:00', '2023-11-15 15:34:00'),
(269, 'Facundo', 5, 1, 'Samoa', 1830.99, '2023-11-15 15:34:00', '2023-11-15 15:34:00'),
(270, 'Valeria', 5, 0, 'Moldavia', 3405.45, '2023-11-15 15:34:00', '2023-11-15 15:34:00'),
(271, 'Clara', 2, 1, 'Papúa Nueva Guinea', 7265.24, '2023-11-15 15:34:00', '2023-11-15 15:34:00'),
(272, 'Samantha', 5, 1, 'Haití', 7953.08, '2023-11-15 15:34:00', '2023-11-15 15:34:00'),
(273, 'Elena ', 4, 1, 'Santo Tomé y Príncipe', 3176.91, '2023-11-15 15:34:00', '2023-11-15 15:34:00'),
(274, 'Facundo', 3, 0, 'República Dominicana', 4876.83, '2023-11-15 15:34:00', '2023-11-15 15:34:00'),
(275, 'Valentín', 2, 0, 'Bangladés', 5069.47, '2023-11-15 15:34:00', '2023-11-15 15:34:00'),
(276, 'Juan David', 2, 0, 'Mónaco', 342.95, '2023-11-15 15:34:00', '2023-11-15 15:34:00'),
(277, 'Alejandra', 4, 1, 'Georgia', 179.30, '2023-11-15 15:34:00', '2023-11-15 15:34:00'),
(278, 'Matthew', 3, 1, 'Antigua y Barbuda', 2550.28, '2023-11-15 15:34:00', '2023-11-15 15:34:00'),
(279, 'Lola', 4, 0, 'Botsuana', 9587.44, '2023-11-15 15:34:00', '2023-11-15 15:34:00'),
(280, 'Bautista', 3, 0, 'Ruanda', 6796.08, '2023-11-15 15:34:00', '2023-11-15 15:34:00'),
(281, 'Thiago', 2, 1, 'Brasil', 3707.21, '2023-11-15 15:34:00', '2023-11-15 15:34:00'),
(282, 'Paulina', 5, 0, 'Corea del Sur', 5145.92, '2023-11-15 15:34:00', '2023-11-15 15:34:00'),
(283, 'Ian', 4, 0, 'Kiribati', 4760.52, '2023-11-15 15:34:00', '2023-11-15 15:34:00'),
(284, 'Sara', 2, 0, 'Micronesia', 6463.56, '2023-11-15 15:34:00', '2023-11-15 15:34:00'),
(285, 'Alessandra', 1, 1, 'Islas Marshall', 7954.92, '2023-11-15 15:34:00', '2023-11-15 15:34:00'),
(286, 'Antonia', 5, 0, 'México', 3943.96, '2023-11-15 15:34:00', '2023-11-15 15:34:00'),
(287, 'Kevin', 1, 1, 'Estonia', 3937.90, '2023-11-15 15:34:00', '2023-11-15 15:34:00'),
(288, 'Emma', 3, 0, 'Andorra', 2660.27, '2023-11-15 15:34:00', '2023-11-15 15:34:00'),
(289, 'Lucas', 1, 0, 'Corea del Norte', 8632.18, '2023-11-15 15:34:00', '2023-11-15 15:34:00'),
(290, 'Manuela', 1, 1, 'Ecuador', 910.77, '2023-11-15 15:34:00', '2023-11-15 15:34:00'),
(291, 'Mariana', 1, 0, 'Nueva Zelanda', 6988.16, '2023-11-15 15:34:00', '2023-11-15 15:34:00'),
(292, 'Lucas', 2, 1, 'Níger', 2590.12, '2023-11-15 15:34:00', '2023-11-15 15:34:00'),
(293, 'Isidora', 2, 0, 'Ciudad del Vaticano', 2664.99, '2023-11-15 15:34:00', '2023-11-15 15:34:00'),
(294, 'Kevin', 1, 0, 'Haití', 7366.13, '2023-11-15 15:34:00', '2023-11-15 15:34:00'),
(295, 'Josefa', 2, 0, 'Cabo Verde', 2392.84, '2023-11-15 15:34:00', '2023-11-15 15:34:00'),
(296, 'Ashley', 5, 1, 'Francia', 2345.53, '2023-11-15 15:34:00', '2023-11-15 15:34:00'),
(297, 'Laura', 5, 0, 'Filipinas', 4496.21, '2023-11-15 15:34:00', '2023-11-15 15:34:00'),
(298, 'Juan Manuel', 1, 0, 'Montenegro', 9355.45, '2023-11-15 15:34:00', '2023-11-15 15:34:00'),
(299, 'Martina', 1, 1, 'Brunéi Darusalam', 6430.95, '2023-11-15 15:34:00', '2023-11-15 15:34:00'),
(300, 'Franco', 3, 0, 'Cuba', 8235.93, '2023-11-15 15:34:00', '2023-11-15 15:34:00'),
(301, 'Josefa', 1, 1, 'Suiza', 592.22, '2023-11-15 15:34:00', '2023-11-15 15:34:00'),
(302, 'Alejandro', 5, 0, 'Tonga', 483.78, '2023-11-15 15:34:00', '2023-11-15 15:34:00'),
(303, 'Thiago', 4, 1, 'Suazilandia', 6664.92, '2023-11-15 15:34:00', '2023-11-15 15:34:00'),
(304, 'Carlos', 3, 1, 'Finlandia', 6077.94, '2023-11-15 15:34:00', '2023-11-15 15:34:00'),
(305, 'Juan Pablo', 4, 0, 'Marruecos', 6997.15, '2023-11-15 15:34:00', '2023-11-15 15:34:00'),
(306, 'Martín', 2, 0, 'Botsuana', 4569.23, '2023-11-15 15:34:00', '2023-11-15 15:34:00'),
(307, 'Pedro', 1, 1, 'Países Bajos', 3522.93, '2023-11-15 15:34:00', '2023-11-15 15:34:00'),
(308, 'Christian', 3, 1, 'Micronesia', 3522.90, '2023-11-15 15:34:00', '2023-11-15 15:34:00'),
(309, 'Jerónimo', 4, 0, 'Italia', 2469.41, '2023-11-15 15:34:00', '2023-11-15 15:34:00'),
(310, 'Valentino', 3, 0, 'Palaos', 2447.73, '2023-11-15 15:34:00', '2023-11-15 15:34:00'),
(311, 'Nicole', 1, 1, 'Argelia', 8644.10, '2023-11-15 15:34:00', '2023-11-15 15:34:00'),
(312, 'Rafael', 2, 1, 'Egipto', 7677.33, '2023-11-15 15:34:00', '2023-11-15 15:34:00'),
(313, 'Juan Manuel', 2, 1, 'Nicaragua', 4749.30, '2023-11-15 15:34:00', '2023-11-15 15:34:00'),
(314, 'Magdalena', 5, 1, 'Mozambique', 8450.72, '2023-11-15 15:34:00', '2023-11-15 15:34:00'),
(315, 'Zoe', 4, 0, 'Turkmenistán', 8313.25, '2023-11-15 15:34:00', '2023-11-15 15:34:00'),
(316, 'Sebastián', 1, 0, 'Tailandia', 3852.16, '2023-11-15 15:34:00', '2023-11-15 15:34:00'),
(317, 'María Paula', 2, 0, 'Suiza', 1889.08, '2023-11-15 15:34:00', '2023-11-15 15:34:00'),
(318, 'Samuel', 4, 0, 'Kirguistán', 5631.80, '2023-11-15 15:34:00', '2023-11-15 15:34:00'),
(319, 'Ashley', 5, 0, 'Suecia', 2004.53, '2023-11-15 15:34:00', '2023-11-15 15:34:00'),
(320, 'Agustín', 2, 1, 'Mauricio', 9288.43, '2023-11-15 15:34:00', '2023-11-15 15:34:00'),
(321, 'Emilio', 2, 1, 'Suazilandia', 9453.62, '2023-11-15 15:34:00', '2023-11-15 15:34:00'),
(322, 'Juan José', 2, 1, 'República Democrática del Congo', 3985.88, '2023-11-15 15:34:00', '2023-11-15 15:34:00'),
(323, 'Emily', 3, 1, 'Zambia', 477.67, '2023-11-15 15:34:00', '2023-11-15 15:34:00'),
(324, 'Santino', 4, 1, 'Seychelles', 4475.18, '2023-11-15 15:34:00', '2023-11-15 15:34:00'),
(325, 'Martín', 5, 1, 'Guyana', 2683.21, '2023-11-15 15:34:00', '2023-11-15 15:34:00'),
(326, 'Fátima ', 3, 1, 'Corea del Sur', 9982.53, '2023-11-15 15:34:00', '2023-11-15 15:34:00'),
(327, 'Nadia', 1, 1, 'Birmania', 3075.69, '2023-11-15 15:34:00', '2023-11-15 15:34:00'),
(328, 'Nicole', 4, 1, 'Reino Unido de Gran Bretaña e Irlanda del Norte', 6097.16, '2023-11-15 15:34:00', '2023-11-15 15:34:00'),
(329, 'Facundo', 3, 1, 'Cabo Verde', 1608.53, '2023-11-15 15:34:00', '2023-11-15 15:34:00'),
(330, 'Bianca', 4, 0, 'Suecia', 4302.60, '2023-11-15 15:34:00', '2023-11-15 15:34:00'),
(331, 'Antonella', 5, 0, 'Líbano', 242.32, '2023-11-15 15:34:00', '2023-11-15 15:34:00'),
(332, 'Salomé', 5, 0, 'Portugal', 1818.99, '2023-11-15 15:34:00', '2023-11-15 15:34:00'),
(333, 'Aarón', 5, 1, 'Serbia', 3268.50, '2023-11-15 15:34:00', '2023-11-15 15:34:00'),
(334, 'Florencia', 4, 1, 'Argentina', 7096.15, '2023-11-15 15:34:00', '2023-11-15 15:34:00'),
(335, 'Emily', 3, 1, 'Pakistán', 1669.86, '2023-11-15 15:34:00', '2023-11-15 15:34:00'),
(336, 'Lautaro', 4, 0, 'China', 6864.20, '2023-11-15 15:34:00', '2023-11-15 15:34:00'),
(337, 'Santiago', 4, 0, 'Armenia', 8870.78, '2023-11-15 15:34:00', '2023-11-15 15:34:00'),
(338, 'Ignacio', 3, 1, 'Costa de Marfil', 2598.57, '2023-11-15 15:34:00', '2023-11-15 15:34:00'),
(339, 'Valery ', 1, 1, 'Yibuti', 5056.12, '2023-11-15 15:34:00', '2023-11-15 15:34:00'),
(340, 'Renata', 3, 1, 'Trinidad y Tobago', 817.31, '2023-11-15 15:34:00', '2023-11-15 15:34:00'),
(341, 'Eduardo', 2, 0, 'Hungría', 1647.45, '2023-11-15 15:34:00', '2023-11-15 15:34:00'),
(342, 'Franco', 5, 0, 'Austria', 3503.57, '2023-11-15 15:34:00', '2023-11-15 15:34:00'),
(343, 'Romina', 1, 1, 'Yibuti', 5906.48, '2023-11-15 15:34:00', '2023-11-15 15:34:00'),
(344, 'Jorge', 3, 1, 'Liechtenstein', 8510.14, '2023-11-15 15:34:00', '2023-11-15 15:34:00'),
(345, 'Rafaela', 5, 0, 'Vietnam', 4883.73, '2023-11-15 15:34:00', '2023-11-15 15:34:00'),
(346, 'Jazmín', 1, 0, 'Nicaragua', 7094.24, '2023-11-15 15:34:00', '2023-11-15 15:34:00'),
(347, 'Juan Martín', 5, 0, 'Tanzania', 5288.00, '2023-11-15 15:34:00', '2023-11-15 15:34:00'),
(348, 'Aarón', 3, 1, 'Azerbaiyán', 2164.36, '2023-11-15 15:34:00', '2023-11-15 15:34:00'),
(349, 'Juan David', 3, 0, 'Zimbabue', 3996.40, '2023-11-15 15:34:00', '2023-11-15 15:34:00'),
(350, 'Matthew', 2, 1, 'Paraguay', 2386.62, '2023-11-15 15:34:00', '2023-11-15 15:34:00'),
(351, 'María', 5, 0, 'Perú', 9790.41, '2023-11-15 15:34:00', '2023-11-15 15:34:00'),
(352, 'Samantha', 2, 0, 'Mauricio', 4041.63, '2023-11-15 15:34:00', '2023-11-15 15:34:00'),
(353, 'Julián', 1, 0, 'Samoa', 5292.63, '2023-11-15 15:34:00', '2023-11-15 15:34:00'),
(354, 'Micaela', 4, 1, 'Pakistán', 6838.96, '2023-11-15 15:34:00', '2023-11-15 15:34:00'),
(355, 'Fátima ', 4, 1, 'Guinea', 2562.90, '2023-11-15 15:34:00', '2023-11-15 15:34:00'),
(356, 'Samantha', 1, 1, 'Austria', 1085.52, '2023-11-15 15:34:00', '2023-11-15 15:34:00'),
(357, 'Jesús', 5, 1, 'Mali', 40.65, '2023-11-15 15:34:00', '2023-11-15 15:34:00'),
(358, 'Samantha', 5, 0, 'Surinam', 8757.69, '2023-11-15 15:34:00', '2023-11-15 15:34:00'),
(359, 'Fernando', 3, 1, 'Siria', 8326.86, '2023-11-15 15:34:00', '2023-11-15 15:34:00'),
(360, 'Matías', 5, 1, 'Eslovaquia', 5204.71, '2023-11-15 15:34:00', '2023-11-15 15:34:00'),
(361, 'Camila', 2, 1, 'Mauritania', 1901.80, '2023-11-15 15:34:00', '2023-11-15 15:34:00'),
(362, 'Ximena', 5, 0, 'Omán', 3790.97, '2023-11-15 15:34:00', '2023-11-15 15:34:00'),
(363, 'Luana', 4, 0, 'Jamaica', 3890.64, '2023-11-15 15:34:00', '2023-11-15 15:34:00'),
(364, 'Simón', 2, 1, 'Ruanda', 2649.59, '2023-11-15 15:34:00', '2023-11-15 15:34:00'),
(365, 'Juliana', 5, 0, 'Senegal', 8370.20, '2023-11-15 15:34:00', '2023-11-15 15:34:00'),
(366, 'Lola', 3, 0, 'Mauritania', 6058.63, '2023-11-15 15:34:00', '2023-11-15 15:34:00'),
(367, 'Matthew', 1, 1, 'Liechtenstein', 8731.32, '2023-11-15 15:34:00', '2023-11-15 15:34:00'),
(368, 'Natalia', 4, 0, 'Guyana', 3692.37, '2023-11-15 15:34:00', '2023-11-15 15:34:00'),
(369, 'Tomas', 3, 1, 'Estados Unidos de América', 475.28, '2023-11-15 15:34:00', '2023-11-15 15:34:00'),
(370, 'Juan Pablo', 5, 0, 'Mali', 8053.88, '2023-11-15 15:34:00', '2023-11-15 15:34:00'),
(371, 'Christopher', 5, 0, 'Zimbabue', 597.51, '2023-11-15 15:34:00', '2023-11-15 15:34:00'),
(372, 'Gabriel', 4, 1, 'Suecia', 3530.81, '2023-11-15 15:34:00', '2023-11-15 15:34:00'),
(373, 'Emmanuel', 3, 0, 'China', 5281.47, '2023-11-15 15:34:00', '2023-11-15 15:34:00'),
(374, 'Sergio', 2, 1, 'Ciudad del Vaticano', 9234.35, '2023-11-15 15:34:00', '2023-11-15 15:34:00'),
(375, 'Julia', 5, 0, 'Vanuatu', 3920.17, '2023-11-15 15:34:00', '2023-11-15 15:34:00'),
(376, 'Salomé', 1, 1, 'Países Bajos', 3729.64, '2023-11-15 15:34:00', '2023-11-15 15:34:00'),
(377, 'Jimena', 4, 1, 'Rumanía', 2114.49, '2023-11-15 15:34:00', '2023-11-15 15:34:00'),
(378, 'Cristóbal', 4, 1, 'Ruanda', 3724.41, '2023-11-15 15:34:01', '2023-11-15 15:34:01'),
(379, 'María', 3, 1, 'San Vicente y las Granadinas', 4489.83, '2023-11-15 15:34:01', '2023-11-15 15:34:01'),
(380, 'Julieta', 5, 1, 'Panamá', 5657.31, '2023-11-15 15:34:01', '2023-11-15 15:34:01'),
(381, 'Mario', 1, 0, 'Turquía', 1573.54, '2023-11-15 15:34:01', '2023-11-15 15:34:01'),
(382, 'Elena ', 5, 0, 'Costa de Marfil', 7801.79, '2023-11-15 15:34:01', '2023-11-15 15:34:01'),
(383, 'María Paula', 5, 1, 'India', 5283.97, '2023-11-15 15:34:01', '2023-11-15 15:34:01'),
(384, 'Juana', 4, 0, 'Namibia', 3330.27, '2023-11-15 15:34:01', '2023-11-15 15:34:01'),
(385, 'Juan Manuel', 2, 1, 'Países Bajos', 6606.99, '2023-11-15 15:34:01', '2023-11-15 15:34:01'),
(386, 'Alejandro', 5, 0, 'Ciudad del Vaticano', 3743.29, '2023-11-15 15:34:01', '2023-11-15 15:34:01'),
(387, 'Sara', 3, 0, 'China', 9185.95, '2023-11-15 15:34:01', '2023-11-15 15:34:01'),
(388, 'Andrea', 3, 0, 'Congo', 1444.09, '2023-11-15 15:34:01', '2023-11-15 15:34:01'),
(389, 'Joshua', 4, 1, 'Ecuador', 9058.87, '2023-11-15 15:34:01', '2023-11-15 15:34:01'),
(390, 'Alma', 4, 1, 'Guyana', 9243.88, '2023-11-15 15:34:01', '2023-11-15 15:34:01'),
(391, 'Jerónimo', 2, 0, 'Comoras', 9697.77, '2023-11-15 15:34:01', '2023-11-15 15:34:01'),
(392, 'Dylan', 5, 1, 'Lituania', 5023.05, '2023-11-15 15:34:01', '2023-11-15 15:34:01'),
(393, 'Sergio', 1, 0, 'Birmania', 1064.85, '2023-11-15 15:34:01', '2023-11-15 15:34:01'),
(394, 'Facundo', 3, 0, 'Tailandia', 7702.59, '2023-11-15 15:34:01', '2023-11-15 15:34:01'),
(395, 'Bautista', 3, 0, 'Brunéi Darusalam', 2871.79, '2023-11-15 15:34:01', '2023-11-15 15:34:01'),
(396, 'Mario', 1, 1, 'Burkina Faso', 7062.53, '2023-11-15 15:34:01', '2023-11-15 15:34:01'),
(397, 'Ignacio', 2, 1, 'Mónaco', 2570.10, '2023-11-15 15:34:01', '2023-11-15 15:34:01'),
(398, 'Ignacio', 1, 0, 'España', 5505.84, '2023-11-15 15:34:01', '2023-11-15 15:34:01'),
(399, 'Abril', 1, 0, 'Yibuti', 4667.62, '2023-11-15 15:34:01', '2023-11-15 15:34:01'),
(400, 'Diego', 4, 0, 'Malasia', 5624.54, '2023-11-15 15:34:01', '2023-11-15 15:34:01'),
(401, 'Jazmín', 1, 1, 'Lituania', 7954.03, '2023-11-15 15:34:01', '2023-11-15 15:34:01'),
(402, 'Jerónimo', 5, 0, 'Belice', 9128.62, '2023-11-15 15:34:01', '2023-11-15 15:34:01'),
(403, 'Oliva', 1, 0, 'Malta', 6524.76, '2023-11-15 15:34:01', '2023-11-15 15:34:01'),
(404, 'Antonia', 2, 0, 'Comoras', 8795.51, '2023-11-15 15:34:01', '2023-11-15 15:34:01'),
(405, 'María', 3, 0, 'Namibia', 6020.04, '2023-11-15 15:34:01', '2023-11-15 15:34:01'),
(406, 'Emilio', 5, 0, 'Timor Oriental', 9960.59, '2023-11-15 15:34:01', '2023-11-15 15:34:01'),
(407, 'Antonio', 1, 1, 'República Democrática del Congo', 5780.04, '2023-11-15 15:34:01', '2023-11-15 15:34:01'),
(408, 'Bruno', 4, 0, 'Kazajistán', 1050.61, '2023-11-15 15:34:01', '2023-11-15 15:34:01'),
(409, 'Andrea', 4, 0, 'Mauritania', 7810.96, '2023-11-15 15:34:01', '2023-11-15 15:34:01'),
(410, 'Martina', 2, 0, 'Fiyi', 8193.78, '2023-11-15 15:34:01', '2023-11-15 15:34:01'),
(411, 'Andrés', 4, 0, 'Papúa Nueva Guinea', 9485.97, '2023-11-15 15:34:01', '2023-11-15 15:34:01'),
(412, 'Julia', 5, 1, 'Tonga', 7220.51, '2023-11-15 15:34:01', '2023-11-15 15:34:01'),
(413, 'Damián', 3, 1, 'Argelia', 2438.93, '2023-11-15 15:34:01', '2023-11-15 15:34:01'),
(414, 'Anthony', 4, 1, 'Rumanía', 5242.80, '2023-11-15 15:34:01', '2023-11-15 15:34:01'),
(415, 'Abril', 5, 0, 'Guatemala', 1871.60, '2023-11-15 15:34:01', '2023-11-15 15:34:01'),
(416, 'Lucas', 5, 1, 'Kirguistán', 7490.09, '2023-11-15 15:34:01', '2023-11-15 15:34:01'),
(417, 'Alan', 5, 0, 'Ciudad del Vaticano', 5322.74, '2023-11-15 15:34:01', '2023-11-15 15:34:01'),
(418, 'Camilo', 2, 0, 'República Democrática del Congo', 5719.78, '2023-11-15 15:34:01', '2023-11-15 15:34:01'),
(419, 'Javier', 4, 0, 'Vanuatu', 6061.78, '2023-11-15 15:34:01', '2023-11-15 15:34:01'),
(420, 'Manuela', 2, 1, 'Libia', 4169.12, '2023-11-15 15:34:01', '2023-11-15 15:34:01'),
(421, 'Regina', 5, 1, 'Corea del Sur', 8157.45, '2023-11-15 15:34:01', '2023-11-15 15:34:01'),
(422, 'José', 2, 0, 'Tayikistán', 8375.78, '2023-11-15 15:34:01', '2023-11-15 15:34:01'),
(423, 'Laura', 2, 1, 'Belice', 4260.35, '2023-11-15 15:34:01', '2023-11-15 15:34:01'),
(424, 'Luciana', 5, 0, 'Chile', 6466.70, '2023-11-15 15:34:01', '2023-11-15 15:34:01'),
(425, 'Micaela', 5, 1, 'Nepal', 203.14, '2023-11-15 15:34:01', '2023-11-15 15:34:01'),
(426, 'Fátima ', 3, 0, 'Dominica', 6082.26, '2023-11-15 15:34:01', '2023-11-15 15:34:01'),
(427, 'Máximo', 2, 1, 'Reino Unido', 1604.38, '2023-11-15 15:34:01', '2023-11-15 15:34:01'),
(428, 'Abril', 3, 0, 'Papúa Nueva Guinea', 4167.25, '2023-11-15 15:34:01', '2023-11-15 15:34:01'),
(429, 'Ariana', 2, 1, 'Letonia', 1276.87, '2023-11-15 15:34:01', '2023-11-15 15:34:01'),
(430, 'Bruno', 3, 0, 'Eritrea', 2278.96, '2023-11-15 15:34:01', '2023-11-15 15:34:01'),
(431, 'Francisco', 4, 0, 'Birmania', 7630.34, '2023-11-15 15:34:01', '2023-11-15 15:34:01'),
(432, 'Fabiana', 5, 1, 'Papúa Nueva Guinea', 6427.24, '2023-11-15 15:34:01', '2023-11-15 15:34:01'),
(433, 'Julián', 4, 0, 'Ciudad del Vaticano', 312.93, '2023-11-15 15:34:01', '2023-11-15 15:34:01'),
(434, 'Benjamín', 3, 1, 'Trinidad y Tobago', 4403.92, '2023-11-15 15:34:01', '2023-11-15 15:34:01'),
(435, 'Constanza', 1, 1, 'Malta', 407.46, '2023-11-15 15:34:01', '2023-11-15 15:34:01'),
(436, 'Valentín', 4, 1, 'Guinea-Bisáu', 7796.57, '2023-11-15 15:34:01', '2023-11-15 15:34:01'),
(437, 'Jorge', 2, 1, 'Samoa', 5498.76, '2023-11-15 15:34:01', '2023-11-15 15:34:01'),
(438, 'Manuela', 2, 0, 'Ciudad del Vaticano', 620.61, '2023-11-15 15:34:01', '2023-11-15 15:34:01'),
(439, 'María Paula', 3, 1, 'Sierra Leona', 2676.56, '2023-11-15 15:34:01', '2023-11-15 15:34:01'),
(440, 'Antonia', 4, 1, 'Kazajistán', 9964.53, '2023-11-15 15:34:01', '2023-11-15 15:34:01'),
(441, 'Delfina', 5, 1, 'Rumanía', 8486.79, '2023-11-15 15:34:01', '2023-11-15 15:34:01'),
(442, 'María José', 1, 1, 'Georgia', 5657.87, '2023-11-15 15:34:01', '2023-11-15 15:34:01'),
(443, 'Valeria', 3, 0, 'Canadá', 6455.66, '2023-11-15 15:34:01', '2023-11-15 15:34:01'),
(444, 'Emma', 5, 1, 'Benín', 9609.98, '2023-11-15 15:34:01', '2023-11-15 15:34:01'),
(445, 'Dylan', 3, 1, 'Suazilandia', 9746.04, '2023-11-15 15:34:01', '2023-11-15 15:34:01'),
(446, 'Valentina', 1, 1, 'Namibia', 2176.61, '2023-11-15 15:34:01', '2023-11-15 15:34:01'),
(447, 'Sophie', 4, 1, 'Costa de Marfil', 1571.42, '2023-11-15 15:34:01', '2023-11-15 15:34:01'),
(448, 'Fabiana', 4, 0, 'Turquía', 8830.75, '2023-11-15 15:34:01', '2023-11-15 15:34:01'),
(449, 'Emilio', 3, 1, 'Mongolia', 9359.69, '2023-11-15 15:34:01', '2023-11-15 15:34:01'),
(450, 'Valentino', 5, 1, 'Burkina Faso', 5111.62, '2023-11-15 15:34:01', '2023-11-15 15:34:01'),
(451, 'Mariana', 1, 0, 'Turkmenistán', 7682.44, '2023-11-15 15:34:01', '2023-11-15 15:34:01'),
(452, 'Alex', 3, 0, 'Trinidad y Tobago', 752.32, '2023-11-15 15:34:01', '2023-11-15 15:34:01'),
(453, 'Abigail', 2, 1, 'Islas Salomón', 9512.20, '2023-11-15 15:34:01', '2023-11-15 15:34:01'),
(454, 'Jesús', 2, 1, 'Noruega', 8494.60, '2023-11-15 15:34:01', '2023-11-15 15:34:01'),
(455, 'Allison', 2, 1, 'Letonia', 4369.71, '2023-11-15 15:34:01', '2023-11-15 15:34:01'),
(456, 'Violeta', 2, 0, 'Bután', 4395.61, '2023-11-15 15:34:01', '2023-11-15 15:34:01'),
(457, 'María Alejandra', 4, 1, 'Albania', 2573.18, '2023-11-15 15:34:01', '2023-11-15 15:34:01'),
(458, 'Juan', 1, 0, 'Uganda', 3552.23, '2023-11-15 15:34:01', '2023-11-15 15:34:01'),
(459, 'Antonio', 3, 0, 'Zambia', 7980.13, '2023-11-15 15:34:01', '2023-11-15 15:34:01'),
(460, 'Alejandra', 4, 1, 'Kenia', 8820.80, '2023-11-15 15:34:01', '2023-11-15 15:34:01'),
(461, 'Magdalena', 2, 1, 'Ucrania', 2631.75, '2023-11-15 15:34:01', '2023-11-15 15:34:01'),
(462, 'Mateo', 4, 1, 'Trinidad y Tobago', 158.23, '2023-11-15 15:34:01', '2023-11-15 15:34:01'),
(463, 'Amelia', 3, 0, 'Guyana', 3309.32, '2023-11-15 15:34:01', '2023-11-15 15:34:01'),
(464, 'Sofía', 4, 0, 'Argentina', 9532.76, '2023-11-15 15:34:01', '2023-11-15 15:34:01'),
(465, 'Juan David', 1, 1, 'Barbados', 4606.58, '2023-11-15 15:34:01', '2023-11-15 15:34:01'),
(466, 'Manuel', 3, 0, 'Trinidad y Tobago', 2119.47, '2023-11-15 15:34:01', '2023-11-15 15:34:01'),
(467, 'Mariana', 3, 1, 'Filipinas', 3049.69, '2023-11-15 15:34:01', '2023-11-15 15:34:01'),
(468, 'Jerónimo', 4, 1, 'Senegal', 6616.26, '2023-11-15 15:34:01', '2023-11-15 15:34:01'),
(469, 'Abigail', 1, 1, 'Guinea-Bisáu', 652.57, '2023-11-15 15:34:01', '2023-11-15 15:34:01'),
(470, 'Alonso', 1, 0, 'Malasia', 4274.05, '2023-11-15 15:34:01', '2023-11-15 15:34:01'),
(471, 'Lautaro', 1, 1, 'Bielorrusia', 8358.14, '2023-11-15 15:34:01', '2023-11-15 15:34:01'),
(472, 'Antonio', 2, 0, 'Alemania', 1099.34, '2023-11-15 15:34:01', '2023-11-15 15:34:01'),
(473, 'Felipe', 4, 0, 'Zimbabue', 434.33, '2023-11-15 15:34:01', '2023-11-15 15:34:01'),
(474, 'Santino', 4, 1, 'Túnez', 9743.30, '2023-11-15 15:34:01', '2023-11-15 15:34:01'),
(475, 'Matthew', 5, 1, 'Corea del Norte', 3192.33, '2023-11-15 15:34:01', '2023-11-15 15:34:01'),
(476, 'Juan Martín', 3, 0, 'Laos', 6703.47, '2023-11-15 15:34:01', '2023-11-15 15:34:01'),
(477, 'Diego Alejandro', 5, 0, 'Malasia', 1924.01, '2023-11-15 15:34:01', '2023-11-15 15:34:01'),
(478, 'Juan Esteban', 2, 0, 'Gabón', 3422.31, '2023-11-15 15:34:01', '2023-11-15 15:34:01'),
(479, 'Miranda', 2, 1, 'Bangladés', 2720.67, '2023-11-15 15:34:01', '2023-11-15 15:34:01'),
(480, 'Vicente', 4, 1, 'Tuvalu', 5809.71, '2023-11-15 15:34:01', '2023-11-15 15:34:01'),
(481, 'Miguel', 4, 1, 'Papúa Nueva Guinea', 7396.05, '2023-11-15 15:34:01', '2023-11-15 15:34:01'),
(482, 'Irene', 1, 0, 'Botsuana', 6521.92, '2023-11-15 15:34:01', '2023-11-15 15:34:01'),
(483, 'María Fernanda', 2, 1, 'Kiribati', 9528.29, '2023-11-15 15:34:01', '2023-11-15 15:34:01'),
(484, 'Mariana', 1, 0, 'Pakistán', 3397.82, '2023-11-15 15:34:01', '2023-11-15 15:34:01'),
(485, 'Carla', 5, 0, 'Uruguay', 2962.23, '2023-11-15 15:34:01', '2023-11-15 15:34:01'),
(486, 'Mario', 1, 0, 'Turkmenistán', 7257.93, '2023-11-15 15:34:01', '2023-11-15 15:34:01'),
(487, 'Damián', 1, 0, 'Brasil', 4351.42, '2023-11-15 15:34:01', '2023-11-15 15:34:01'),
(488, 'Valeria', 3, 1, 'Nueva Zelanda', 2763.02, '2023-11-15 15:34:01', '2023-11-15 15:34:01'),
(489, 'Juan José', 4, 0, 'Serbia', 9919.73, '2023-11-15 15:34:01', '2023-11-15 15:34:01'),
(490, 'Lucía', 1, 1, 'Liechtenstein', 9955.81, '2023-11-15 15:34:01', '2023-11-15 15:34:01'),
(491, 'Leonardo', 5, 0, 'Dinamarca', 8569.05, '2023-11-15 15:34:01', '2023-11-15 15:34:01'),
(492, 'Maximiliano', 5, 0, 'Tayikistán', 5050.09, '2023-11-15 15:34:01', '2023-11-15 15:34:01'),
(493, 'Tomas', 2, 0, 'Estonia', 4768.88, '2023-11-15 15:34:01', '2023-11-15 15:34:01'),
(494, 'Natalia', 4, 0, 'Ecuador', 7976.77, '2023-11-15 15:34:01', '2023-11-15 15:34:01'),
(495, 'Emilia', 1, 1, 'Palaos', 6554.53, '2023-11-15 15:34:01', '2023-11-15 15:34:01'),
(496, 'Matthew', 2, 1, 'Gambia', 1674.81, '2023-11-15 15:34:01', '2023-11-15 15:34:01'),
(497, 'Emilio', 3, 1, 'Namibia', 4177.43, '2023-11-15 15:34:01', '2023-11-15 15:34:01'),
(498, 'Valentín', 1, 1, 'Kenia', 580.36, '2023-11-15 15:34:01', '2023-11-15 15:34:01'),
(499, 'Bautista', 3, 1, 'Moldavia', 2353.36, '2023-11-15 15:34:01', '2023-11-15 15:34:01'),
(500, 'Juan', 2, 1, 'Omán', 699.62, '2023-11-15 15:34:01', '2023-11-15 15:34:01'),
(501, 'Elena ', 2, 1, 'Filipinas', 2947.95, '2023-11-15 15:34:01', '2023-11-15 15:34:01'),
(502, 'Alejandra', 5, 0, 'San Vicente y las Granadinas', 2393.71, '2023-11-15 15:34:01', '2023-11-15 15:34:01'),
(503, 'Delfina', 5, 1, 'Etiopía', 6506.89, '2023-11-15 15:34:01', '2023-11-15 15:34:01'),
(504, 'Constanza', 2, 1, 'Moldavia', 9639.51, '2023-11-15 15:34:01', '2023-11-15 15:34:01'),
(505, 'Abril', 5, 0, 'Jamaica', 5210.68, '2023-11-15 15:34:01', '2023-11-15 15:34:01'),
(506, 'Mateo', 1, 0, 'Singapur', 3778.44, '2023-11-15 15:34:01', '2023-11-15 15:34:01'),
(507, 'Julia', 4, 1, 'Gambia', 129.82, '2023-11-15 15:34:01', '2023-11-15 15:34:01'),
(508, 'Delfina', 4, 0, 'Marruecos', 8452.19, '2023-11-15 15:34:01', '2023-11-15 15:34:01'),
(509, 'Regina', 3, 1, 'Malasia', 2322.33, '2023-11-15 15:34:01', '2023-11-15 15:34:01'),
(510, 'Simón', 3, 0, 'Eslovenia', 8297.04, '2023-11-15 15:34:01', '2023-11-15 15:34:01'),
(511, 'Eduardo', 2, 0, 'Laos', 7045.57, '2023-11-15 15:34:01', '2023-11-15 15:34:01'),
(512, 'Ian', 1, 1, 'Botsuana', 7986.59, '2023-11-15 15:34:01', '2023-11-15 15:34:01'),
(513, 'Ana', 3, 0, 'Seychelles', 4605.78, '2023-11-15 15:34:01', '2023-11-15 15:34:01'),
(514, 'Josefa', 5, 0, 'Santa Lucía', 9778.49, '2023-11-15 15:34:01', '2023-11-15 15:34:01'),
(515, 'Nahuel', 4, 1, 'Uzbekistán', 1812.70, '2023-11-15 15:34:01', '2023-11-15 15:34:01'),
(516, 'Allison', 3, 1, 'Granada', 8622.66, '2023-11-15 15:34:01', '2023-11-15 15:34:01'),
(517, 'Natalia', 4, 0, 'Turquía', 5244.73, '2023-11-15 15:34:01', '2023-11-15 15:34:01'),
(518, 'Felipe', 1, 1, 'Tanzania', 9960.67, '2023-11-15 15:34:01', '2023-11-15 15:34:01'),
(519, 'Ricardo', 1, 0, 'Kazajistán', 4025.72, '2023-11-15 15:34:01', '2023-11-15 15:34:01'),
(520, 'Sergio', 1, 1, 'Tanzania', 7830.24, '2023-11-15 15:34:01', '2023-11-15 15:34:01'),
(521, 'Zoe', 5, 0, 'Santa Lucía', 6088.38, '2023-11-15 15:34:01', '2023-11-15 15:34:01'),
(522, 'Juan Pablo', 1, 0, 'Haití', 9759.40, '2023-11-15 15:34:01', '2023-11-15 15:34:01'),
(523, 'Micaela', 2, 1, 'Zimbabue', 28.47, '2023-11-15 15:34:01', '2023-11-15 15:34:01'),
(524, 'Pedro', 4, 1, 'Cuba', 4712.98, '2023-11-15 15:34:01', '2023-11-15 15:34:01'),
(525, 'Juan Manuel', 4, 1, 'Vanuatu', 600.61, '2023-11-15 15:34:01', '2023-11-15 15:34:01'),
(526, 'Alex', 5, 1, 'Tailandia', 76.33, '2023-11-15 15:34:01', '2023-11-15 15:34:01'),
(527, 'Juan Diego', 4, 1, 'Comoras', 8925.93, '2023-11-15 15:34:01', '2023-11-15 15:34:01'),
(528, 'Diego', 3, 1, 'Estonia', 9375.61, '2023-11-15 15:34:01', '2023-11-15 15:34:01'),
(529, 'Jesús', 1, 1, 'Tanzania', 1397.72, '2023-11-15 15:34:01', '2023-11-15 15:34:01'),
(530, 'Christian', 3, 0, 'Timor Oriental', 9412.69, '2023-11-15 15:34:01', '2023-11-15 15:34:01'),
(531, 'Maite', 3, 1, 'Costa Rica', 8123.07, '2023-11-15 15:34:01', '2023-11-15 15:34:01'),
(532, 'Hugo', 3, 0, 'Singapur', 9230.24, '2023-11-15 15:34:01', '2023-11-15 15:34:01'),
(533, 'Juan Martín', 4, 1, 'Estados Unidos de América', 129.26, '2023-11-15 15:34:01', '2023-11-15 15:34:01'),
(534, 'Ana Sofía', 3, 1, 'República Centroafricana', 3418.31, '2023-11-15 15:34:01', '2023-11-15 15:34:01'),
(535, 'Jerónimo', 4, 0, 'Bosnia-Herzegovina', 5141.07, '2023-11-15 15:34:01', '2023-11-15 15:34:01'),
(536, 'Salomé', 4, 1, 'Tuvalu', 531.99, '2023-11-15 15:34:01', '2023-11-15 15:34:01'),
(537, 'Ian', 3, 0, 'Malasia', 3785.52, '2023-11-15 15:34:01', '2023-11-15 15:34:01'),
(538, 'Sofía', 1, 0, 'Cabo Verde', 748.20, '2023-11-15 15:34:01', '2023-11-15 15:34:01'),
(539, 'Ariadna', 5, 1, 'Tanzania', 3651.65, '2023-11-15 15:34:01', '2023-11-15 15:34:01'),
(540, 'Juan Esteban', 1, 0, 'Ecuador', 6289.05, '2023-11-15 15:34:01', '2023-11-15 15:34:01'),
(541, 'Luis', 4, 1, 'Níger', 8089.24, '2023-11-15 15:34:01', '2023-11-15 15:34:01'),
(542, 'Felipe', 5, 1, 'Ciudad del Vaticano', 3766.47, '2023-11-15 15:34:01', '2023-11-15 15:34:01'),
(543, 'Anthony', 4, 1, 'Ghana', 3608.33, '2023-11-15 15:34:01', '2023-11-15 15:34:01'),
(544, 'Laura', 3, 1, 'Islas Marshall', 4650.88, '2023-11-15 15:34:01', '2023-11-15 15:34:01'),
(545, 'Emily', 1, 0, 'Birmania', 144.52, '2023-11-15 15:34:01', '2023-11-15 15:34:01'),
(546, 'Juan Diego', 4, 1, 'Islas Salomón', 2300.10, '2023-11-15 15:34:01', '2023-11-15 15:34:01'),
(547, 'Sophie', 5, 0, 'Surinam', 8837.29, '2023-11-15 15:34:01', '2023-11-15 15:34:01'),
(548, 'Pedro', 1, 1, 'Nicaragua', 4315.51, '2023-11-15 15:34:01', '2023-11-15 15:34:01'),
(549, 'Rafael', 4, 1, 'Croacia', 5289.33, '2023-11-15 15:34:01', '2023-11-15 15:34:01'),
(550, 'Emiliano', 1, 1, 'Andorra', 5344.15, '2023-11-15 15:34:01', '2023-11-15 15:34:01'),
(551, 'Máximo', 2, 0, 'Georgia', 6321.30, '2023-11-15 15:34:01', '2023-11-15 15:34:01'),
(552, 'Agustín', 2, 1, 'Guinea', 9076.10, '2023-11-15 15:34:01', '2023-11-15 15:34:01'),
(553, 'Jimena', 4, 0, 'Japón', 2960.53, '2023-11-15 15:34:01', '2023-11-15 15:34:01'),
(554, 'Lucas', 3, 1, 'Tayikistán', 9920.61, '2023-11-15 15:34:01', '2023-11-15 15:34:01'),
(555, 'Jazmín', 1, 1, 'Burkina Faso', 9555.58, '2023-11-15 15:34:01', '2023-11-15 15:34:01'),
(556, 'Lautaro', 4, 0, 'Malaui', 1883.98, '2023-11-15 15:34:01', '2023-11-15 15:34:01'),
(557, 'Thiago', 4, 0, 'Arabia Saudí', 779.47, '2023-11-15 15:34:01', '2023-11-15 15:34:01');
INSERT INTO `libros` (`id`, `titulo`, `editorial_id`, `edicion`, `pais`, `precio`, `created_at`, `updated_at`) VALUES
(558, 'Tomas', 2, 1, 'Palaos', 912.52, '2023-11-15 15:34:01', '2023-11-15 15:34:01'),
(559, 'Mariana', 2, 1, 'Moldavia', 5121.62, '2023-11-15 15:34:01', '2023-11-15 15:34:01'),
(560, 'Alma', 4, 0, 'Turkmenistán', 1900.38, '2023-11-15 15:34:01', '2023-11-15 15:34:01'),
(561, 'Luna', 3, 0, 'España', 7503.10, '2023-11-15 15:34:01', '2023-11-15 15:34:01'),
(562, 'Valentina', 4, 0, 'Islas Marshall', 8852.08, '2023-11-15 15:34:01', '2023-11-15 15:34:01'),
(563, 'Ximena', 4, 1, 'Brasil', 8542.12, '2023-11-15 15:34:01', '2023-11-15 15:34:01'),
(564, 'Máximo', 1, 1, 'Siria', 7106.67, '2023-11-15 15:34:01', '2023-11-15 15:34:01'),
(565, 'Clara', 4, 0, 'Arabia Saudí', 2414.06, '2023-11-15 15:34:01', '2023-11-15 15:34:01'),
(566, 'Diego', 5, 0, 'Armenia', 3348.71, '2023-11-15 15:34:01', '2023-11-15 15:34:01'),
(567, 'María Fernanda', 2, 1, 'Tuvalu', 7058.27, '2023-11-15 15:34:01', '2023-11-15 15:34:01'),
(568, 'Agustina', 1, 1, 'Emiratos Árabes Unidos', 8251.41, '2023-11-15 15:34:01', '2023-11-15 15:34:01'),
(569, 'Irene', 5, 0, 'Bahamas', 2324.74, '2023-11-15 15:34:01', '2023-11-15 15:34:01'),
(570, 'Emily', 1, 0, 'Bulgaria', 1824.41, '2023-11-15 15:34:01', '2023-11-15 15:34:01'),
(571, 'Damián', 4, 0, 'Seychelles', 8100.97, '2023-11-15 15:34:01', '2023-11-15 15:34:01'),
(572, 'Vicente', 3, 1, 'Papúa Nueva Guinea', 1665.88, '2023-11-15 15:34:01', '2023-11-15 15:34:01'),
(573, 'Christopher', 1, 0, 'Reino Unido de Gran Bretaña e Irlanda del Norte', 300.88, '2023-11-15 15:34:01', '2023-11-15 15:34:01'),
(574, 'Ornela', 4, 1, 'Ciudad del Vaticano', 4290.79, '2023-11-15 15:34:01', '2023-11-15 15:34:01'),
(575, 'Ignacio', 3, 1, 'Sudáfrica', 1576.25, '2023-11-15 15:34:01', '2023-11-15 15:34:01'),
(576, 'Valentina', 5, 1, 'Bahamas', 2503.92, '2023-11-15 15:34:01', '2023-11-15 15:34:01'),
(577, 'Antonio', 5, 1, 'Camerún', 9924.14, '2023-11-15 15:34:01', '2023-11-15 15:34:01'),
(578, 'Violeta', 5, 1, 'China', 5038.04, '2023-11-15 15:34:01', '2023-11-15 15:34:01'),
(579, 'Fátima ', 5, 0, 'Bosnia-Herzegovina', 9412.99, '2023-11-15 15:34:01', '2023-11-15 15:34:01'),
(580, 'Alexa', 4, 0, 'Malasia', 5602.33, '2023-11-15 15:34:02', '2023-11-15 15:34:02'),
(581, 'Santino', 3, 1, 'Portugal', 5873.13, '2023-11-15 15:34:02', '2023-11-15 15:34:02'),
(582, 'Martín', 5, 0, 'Chipre', 5424.25, '2023-11-15 15:34:02', '2023-11-15 15:34:02'),
(583, 'Diego', 5, 0, 'Tuvalu', 6102.06, '2023-11-15 15:34:02', '2023-11-15 15:34:02'),
(584, 'Valeria', 5, 1, 'Liberia', 3915.27, '2023-11-15 15:34:02', '2023-11-15 15:34:02'),
(585, 'Luana', 5, 0, 'Irlanda', 1399.03, '2023-11-15 15:34:02', '2023-11-15 15:34:02'),
(586, 'Ashley', 2, 0, 'Polonia', 819.22, '2023-11-15 15:34:02', '2023-11-15 15:34:02'),
(587, 'Antonio', 3, 1, 'Tonga', 9577.84, '2023-11-15 15:34:02', '2023-11-15 15:34:02'),
(588, 'Valentino', 5, 1, 'Sudán', 2136.75, '2023-11-15 15:34:02', '2023-11-15 15:34:02'),
(589, 'Miguel', 5, 1, 'Chad', 7910.96, '2023-11-15 15:34:02', '2023-11-15 15:34:02'),
(590, 'Diego Alejandro', 3, 0, 'Camboya', 8833.01, '2023-11-15 15:34:02', '2023-11-15 15:34:02'),
(591, 'Isaac', 2, 0, 'San Cristóbal y Nieves', 7716.28, '2023-11-15 15:34:02', '2023-11-15 15:34:02'),
(592, 'Sophie', 4, 1, 'Omán', 4695.79, '2023-11-15 15:34:02', '2023-11-15 15:34:02'),
(593, 'Miranda', 3, 1, 'Birmania', 7505.45, '2023-11-15 15:34:02', '2023-11-15 15:34:02'),
(594, 'Santino', 3, 0, 'Paraguay', 7996.14, '2023-11-15 15:34:02', '2023-11-15 15:34:02'),
(595, 'Nicole', 4, 0, 'Micronesia', 7525.15, '2023-11-15 15:34:02', '2023-11-15 15:34:02'),
(596, 'Isabella', 4, 0, 'Macedonia', 7024.19, '2023-11-15 15:34:02', '2023-11-15 15:34:02'),
(597, 'Francisco', 5, 1, 'Sierra Leona', 3884.85, '2023-11-15 15:34:02', '2023-11-15 15:34:02'),
(598, 'Leonardo', 4, 1, 'Corea del Norte', 6031.00, '2023-11-15 15:34:02', '2023-11-15 15:34:02'),
(599, 'Gabriel', 2, 1, 'Francia', 5363.01, '2023-11-15 15:34:02', '2023-11-15 15:34:02'),
(600, 'Horacio', 2, 1, 'Suiza', 2299.06, '2023-11-15 15:34:02', '2023-11-15 15:34:02'),
(601, 'Facundo', 5, 1, 'Letonia', 1493.16, '2023-11-15 15:34:02', '2023-11-15 15:34:02'),
(602, 'Luciano', 4, 1, 'El Salvador', 5049.14, '2023-11-15 15:34:02', '2023-11-15 15:34:02'),
(603, 'Gabriela', 3, 0, 'China', 6448.18, '2023-11-15 15:34:02', '2023-11-15 15:34:02'),
(604, 'Aarón', 2, 0, 'Reino Unido', 5254.86, '2023-11-15 15:34:02', '2023-11-15 15:34:02'),
(605, 'Alonso', 1, 0, 'Sri Lanka', 2845.24, '2023-11-15 15:34:02', '2023-11-15 15:34:02'),
(606, 'Juan', 1, 1, 'Polonia', 6079.25, '2023-11-15 15:34:02', '2023-11-15 15:34:02'),
(607, 'Romina', 2, 0, 'Nepal', 1947.31, '2023-11-15 15:34:02', '2023-11-15 15:34:02'),
(608, 'Alonso', 1, 1, 'Nueva Zelanda', 4824.78, '2023-11-15 15:34:02', '2023-11-15 15:34:02'),
(609, 'Alejandro', 3, 0, 'Islas Marshall', 6299.87, '2023-11-15 15:34:02', '2023-11-15 15:34:02'),
(610, 'Olivia', 5, 0, 'Pakistán', 8627.44, '2023-11-15 15:34:02', '2023-11-15 15:34:02'),
(611, 'Mario', 1, 0, 'Estonia', 1684.34, '2023-11-15 15:34:02', '2023-11-15 15:34:02'),
(612, 'Ricardo', 3, 1, 'Marruecos', 9207.34, '2023-11-15 15:34:02', '2023-11-15 15:34:02'),
(613, 'Horacio', 5, 0, 'Bulgaria', 2463.81, '2023-11-15 15:34:02', '2023-11-15 15:34:02'),
(614, 'María Fernanda', 3, 0, 'Gambia', 293.48, '2023-11-15 15:34:02', '2023-11-15 15:34:02'),
(615, 'Alejandra', 4, 0, 'Kuwait', 7120.47, '2023-11-15 15:34:02', '2023-11-15 15:34:02'),
(616, 'Sebastián', 1, 1, 'Baréin', 8616.45, '2023-11-15 15:34:02', '2023-11-15 15:34:02'),
(617, 'Camilo', 5, 1, 'Líbano', 2206.87, '2023-11-15 15:34:02', '2023-11-15 15:34:02'),
(618, 'Paula', 4, 1, 'Rumanía', 8333.03, '2023-11-15 15:34:02', '2023-11-15 15:34:02'),
(619, 'Silvana ', 3, 0, 'Mónaco', 8789.61, '2023-11-15 15:34:02', '2023-11-15 15:34:02'),
(620, 'Ana Paula', 3, 0, 'Marruecos', 1594.08, '2023-11-15 15:34:02', '2023-11-15 15:34:02'),
(621, 'Maite', 4, 0, 'Jordania', 7510.09, '2023-11-15 15:34:02', '2023-11-15 15:34:02'),
(622, 'Santino', 1, 0, 'Camboya', 1805.12, '2023-11-15 15:34:02', '2023-11-15 15:34:02'),
(623, 'Natalia', 5, 1, 'Belice', 5019.48, '2023-11-15 15:34:02', '2023-11-15 15:34:02'),
(624, 'Romina', 3, 0, 'Canadá', 138.61, '2023-11-15 15:34:02', '2023-11-15 15:34:02'),
(625, 'Alejandra', 2, 0, 'Lesoto', 4335.13, '2023-11-15 15:34:02', '2023-11-15 15:34:02'),
(626, 'Irene', 2, 0, 'Túnez', 1769.57, '2023-11-15 15:34:02', '2023-11-15 15:34:02'),
(627, 'Florencia', 3, 1, 'Macedonia', 3119.18, '2023-11-15 15:34:02', '2023-11-15 15:34:02'),
(628, 'Juan José', 5, 0, 'Armenia', 6352.83, '2023-11-15 15:34:02', '2023-11-15 15:34:02'),
(629, 'Rodrigo', 3, 1, 'Polonia', 3687.95, '2023-11-15 15:34:02', '2023-11-15 15:34:02'),
(630, 'Sophie', 1, 1, 'Santa Lucía', 2522.37, '2023-11-15 15:34:02', '2023-11-15 15:34:02'),
(631, 'Juan', 2, 0, 'Kirguistán', 4815.10, '2023-11-15 15:34:02', '2023-11-15 15:34:02'),
(632, 'Ricardo', 5, 0, 'Filipinas', 1335.44, '2023-11-15 15:34:02', '2023-11-15 15:34:02'),
(633, 'Amelia', 2, 0, 'Granada', 9175.15, '2023-11-15 15:34:02', '2023-11-15 15:34:02'),
(634, 'Jerónimo', 2, 1, 'España', 8349.03, '2023-11-15 15:34:02', '2023-11-15 15:34:02'),
(635, 'Julia', 2, 0, 'Liechtenstein', 7406.29, '2023-11-15 15:34:02', '2023-11-15 15:34:02'),
(636, 'Fernando', 2, 1, 'Congo', 5856.62, '2023-11-15 15:34:02', '2023-11-15 15:34:02'),
(637, 'Ana Paula', 3, 0, 'Luxemburgo', 8774.16, '2023-11-15 15:34:02', '2023-11-15 15:34:02'),
(638, 'Fabiana', 5, 1, 'Polonia', 4844.18, '2023-11-15 15:34:02', '2023-11-15 15:34:02'),
(639, 'Sophie', 3, 0, 'Irán', 2349.89, '2023-11-15 15:34:02', '2023-11-15 15:34:02'),
(640, 'Sofía', 4, 0, 'Jordania', 7644.23, '2023-11-15 15:34:02', '2023-11-15 15:34:02'),
(641, 'Elizabeth', 5, 1, 'Bélgica', 3692.83, '2023-11-15 15:34:02', '2023-11-15 15:34:02'),
(642, 'Josué', 4, 1, 'Sierra Leona', 5083.79, '2023-11-15 15:34:02', '2023-11-15 15:34:02'),
(643, 'Violeta', 2, 1, 'Dinamarca', 3402.14, '2023-11-15 15:34:02', '2023-11-15 15:34:02'),
(644, 'Christian', 3, 1, 'Ghana', 6754.68, '2023-11-15 15:34:02', '2023-11-15 15:34:02'),
(645, 'Antonia', 4, 1, 'Micronesia', 5879.01, '2023-11-15 15:34:02', '2023-11-15 15:34:02'),
(646, 'Sofía', 1, 1, 'Santo Tomé y Príncipe', 4091.48, '2023-11-15 15:34:02', '2023-11-15 15:34:02'),
(647, 'Miguel Ángel', 1, 0, 'Zambia', 9907.58, '2023-11-15 15:34:02', '2023-11-15 15:34:02'),
(648, 'Ximena', 1, 0, 'México', 8392.06, '2023-11-15 15:34:02', '2023-11-15 15:34:02'),
(649, 'Franco', 1, 1, 'Países Bajos', 9956.63, '2023-11-15 15:34:02', '2023-11-15 15:34:02'),
(650, 'Adrián', 5, 1, 'Polonia', 2288.63, '2023-11-15 15:34:02', '2023-11-15 15:34:02'),
(651, 'Daniel', 4, 0, 'Montenegro', 4832.19, '2023-11-15 15:34:02', '2023-11-15 15:34:02'),
(652, 'Rebeca', 1, 1, 'Bahamas', 4068.65, '2023-11-15 15:34:02', '2023-11-15 15:34:02'),
(653, 'Victoria', 3, 0, 'Uzbekistán', 2388.64, '2023-11-15 15:34:02', '2023-11-15 15:34:02'),
(654, 'Lautaro', 4, 0, 'Sudán', 4637.44, '2023-11-15 15:34:02', '2023-11-15 15:34:02'),
(655, 'Diego Alejandro', 1, 1, 'México', 1823.30, '2023-11-15 15:34:02', '2023-11-15 15:34:02'),
(656, 'Mario', 1, 0, 'Moldavia', 3644.76, '2023-11-15 15:34:02', '2023-11-15 15:34:02'),
(657, 'Miguel Ángel', 1, 0, 'Jamaica', 5589.48, '2023-11-15 15:34:02', '2023-11-15 15:34:02'),
(658, 'Carolina', 5, 1, 'Cabo Verde', 9792.17, '2023-11-15 15:34:02', '2023-11-15 15:34:02'),
(659, 'Máximo', 4, 0, 'Jordania', 7562.41, '2023-11-15 15:34:02', '2023-11-15 15:34:02'),
(660, 'Luciano', 3, 1, 'Jordania', 7847.49, '2023-11-15 15:34:02', '2023-11-15 15:34:02'),
(661, 'María Fernanda', 2, 0, 'Ucrania', 2497.28, '2023-11-15 15:34:02', '2023-11-15 15:34:02'),
(662, 'Fernando', 3, 1, 'Tailandia', 3900.22, '2023-11-15 15:34:02', '2023-11-15 15:34:02'),
(663, 'Florencia', 3, 0, 'Costa de Marfil', 3069.91, '2023-11-15 15:34:02', '2023-11-15 15:34:02'),
(664, 'Montserrat', 5, 1, 'Nicaragua', 9903.21, '2023-11-15 15:34:02', '2023-11-15 15:34:02'),
(665, 'Lucía', 5, 0, 'Mónaco', 9991.48, '2023-11-15 15:34:02', '2023-11-15 15:34:02'),
(666, 'Alexander', 1, 1, 'Sudáfrica', 3113.76, '2023-11-15 15:34:02', '2023-11-15 15:34:02'),
(667, 'María', 1, 0, 'Macedonia', 918.16, '2023-11-15 15:34:02', '2023-11-15 15:34:02'),
(668, 'Amanda', 1, 0, 'Namibia', 1850.06, '2023-11-15 15:34:02', '2023-11-15 15:34:02'),
(669, 'Kevin', 3, 1, 'Gabón', 24.22, '2023-11-15 15:34:02', '2023-11-15 15:34:02'),
(670, 'Rebeca', 1, 1, 'Tailandia', 5772.57, '2023-11-15 15:34:02', '2023-11-15 15:34:02'),
(671, 'Romina', 3, 1, 'Santo Tomé y Príncipe', 2227.85, '2023-11-15 15:34:02', '2023-11-15 15:34:02'),
(672, 'Lorenzo', 3, 1, 'Bangladés', 576.96, '2023-11-15 15:34:02', '2023-11-15 15:34:02'),
(673, 'Camilo', 5, 0, 'Malaui', 5757.72, '2023-11-15 15:34:02', '2023-11-15 15:34:02'),
(674, 'Regina', 5, 1, 'Paraguay', 8596.19, '2023-11-15 15:34:02', '2023-11-15 15:34:02'),
(675, 'Malena', 1, 0, 'San Vicente y las Granadinas', 7944.98, '2023-11-15 15:34:02', '2023-11-15 15:34:02'),
(676, 'Gabriela', 2, 0, 'Venezuela', 9484.35, '2023-11-15 15:34:02', '2023-11-15 15:34:02'),
(677, 'Nadia', 3, 0, 'Kiribati', 1613.34, '2023-11-15 15:34:02', '2023-11-15 15:34:02'),
(678, 'Leonardo', 2, 0, 'El Salvador', 4844.67, '2023-11-15 15:34:02', '2023-11-15 15:34:02'),
(679, 'Regina', 1, 0, 'Luxemburgo', 9242.82, '2023-11-15 15:34:02', '2023-11-15 15:34:02'),
(680, 'Eduardo', 1, 0, 'Belice', 9672.39, '2023-11-15 15:34:02', '2023-11-15 15:34:02'),
(681, 'Fabiana', 5, 0, 'Polonia', 4262.44, '2023-11-15 15:34:02', '2023-11-15 15:34:02'),
(682, 'Michelle', 3, 0, 'Burundi', 6726.77, '2023-11-15 15:34:02', '2023-11-15 15:34:02'),
(683, 'Josué', 2, 1, 'Bulgaria', 6625.04, '2023-11-15 15:34:02', '2023-11-15 15:34:02'),
(684, 'Dylan', 1, 0, 'Zambia', 5781.05, '2023-11-15 15:34:02', '2023-11-15 15:34:02'),
(685, 'Alexander', 4, 1, 'Corea del Sur', 7428.47, '2023-11-15 15:34:02', '2023-11-15 15:34:02'),
(686, 'Manuel', 1, 1, 'Italia', 4224.27, '2023-11-15 15:34:02', '2023-11-15 15:34:02'),
(687, 'Mateo', 3, 0, 'Seychelles', 6080.07, '2023-11-15 15:34:02', '2023-11-15 15:34:02'),
(688, 'Juan José', 2, 1, 'Granada', 8300.89, '2023-11-15 15:34:02', '2023-11-15 15:34:02'),
(689, 'Regina', 1, 1, 'Líbano', 9685.68, '2023-11-15 15:34:02', '2023-11-15 15:34:02'),
(690, 'María Paula', 3, 0, 'Malasia', 9970.96, '2023-11-15 15:34:02', '2023-11-15 15:34:02'),
(691, 'Benjamín', 5, 1, 'Eslovenia', 4806.17, '2023-11-15 15:34:02', '2023-11-15 15:34:02'),
(692, 'Martina', 4, 0, 'Pakistán', 6298.95, '2023-11-15 15:34:02', '2023-11-15 15:34:02'),
(693, 'Alex', 5, 0, 'Ciudad del Vaticano', 9418.79, '2023-11-15 15:34:02', '2023-11-15 15:34:02'),
(694, 'Valentín', 2, 0, 'Siria', 5517.32, '2023-11-15 15:34:02', '2023-11-15 15:34:02'),
(695, 'Ivan', 1, 0, 'Kiribati', 6609.47, '2023-11-15 15:34:02', '2023-11-15 15:34:02'),
(696, 'María Paula', 4, 0, 'Jordania', 3588.19, '2023-11-15 15:34:02', '2023-11-15 15:34:02'),
(697, 'Amelia', 1, 1, 'Libia', 4060.21, '2023-11-15 15:34:02', '2023-11-15 15:34:02'),
(698, 'Facundo', 4, 1, 'Costa de Marfil', 5694.32, '2023-11-15 15:34:02', '2023-11-15 15:34:02'),
(699, 'Rafael', 2, 1, 'Trinidad y Tobago', 1372.47, '2023-11-15 15:34:02', '2023-11-15 15:34:02'),
(700, 'Hugo', 2, 0, 'Irlanda', 5458.71, '2023-11-15 15:34:02', '2023-11-15 15:34:02'),
(701, 'Adriana', 4, 1, 'Papúa Nueva Guinea', 7548.36, '2023-11-15 15:34:02', '2023-11-15 15:34:02'),
(702, 'Dylan', 5, 0, 'Tonga', 4832.99, '2023-11-15 15:34:02', '2023-11-15 15:34:02'),
(703, 'Delfina', 2, 0, 'Nepal', 5698.85, '2023-11-15 15:34:02', '2023-11-15 15:34:02'),
(704, 'Alan', 4, 1, 'Líbano', 5474.69, '2023-11-15 15:34:02', '2023-11-15 15:34:02'),
(705, 'Olivia', 3, 1, 'República Centroafricana', 6883.30, '2023-11-15 15:34:02', '2023-11-15 15:34:02'),
(706, 'Clara', 1, 0, 'Kiribati', 5759.44, '2023-11-15 15:34:02', '2023-11-15 15:34:02'),
(707, 'Romina', 3, 0, 'Benín', 609.02, '2023-11-15 15:34:02', '2023-11-15 15:34:02'),
(708, 'Agustín', 3, 1, 'Yibuti', 6113.06, '2023-11-15 15:34:02', '2023-11-15 15:34:02'),
(709, 'Bruno', 5, 1, 'España', 8291.73, '2023-11-15 15:34:02', '2023-11-15 15:34:02'),
(710, 'Simón', 4, 1, 'Granada', 7800.92, '2023-11-15 15:34:02', '2023-11-15 15:34:02'),
(711, 'Juan Sebastián', 2, 0, 'Congo', 3221.74, '2023-11-15 15:34:02', '2023-11-15 15:34:02'),
(712, 'Carla', 1, 0, 'Kirguistán', 1717.31, '2023-11-15 15:34:02', '2023-11-15 15:34:02'),
(713, 'Joshua', 1, 1, 'República Checa', 3287.43, '2023-11-15 15:34:02', '2023-11-15 15:34:02'),
(714, 'Abigail', 3, 0, 'Islas Marshall', 5532.44, '2023-11-15 15:34:02', '2023-11-15 15:34:02'),
(715, 'Jacobo', 3, 0, 'Hungría', 5374.57, '2023-11-15 15:34:02', '2023-11-15 15:34:02'),
(716, 'Sebastián', 5, 1, 'Congo', 9697.75, '2023-11-15 15:34:02', '2023-11-15 15:34:02'),
(717, 'Juan José', 5, 0, 'Lesoto', 4859.61, '2023-11-15 15:34:02', '2023-11-15 15:34:02'),
(718, 'Julián', 2, 1, 'Somalia', 3876.72, '2023-11-15 15:34:02', '2023-11-15 15:34:02'),
(719, 'Esteban', 4, 1, 'Montenegro', 8097.03, '2023-11-15 15:34:02', '2023-11-15 15:34:02'),
(720, 'Luciana', 4, 1, 'Birmania', 28.88, '2023-11-15 15:34:02', '2023-11-15 15:34:02'),
(721, 'Miranda', 1, 1, 'Costa Rica', 6495.19, '2023-11-15 15:34:02', '2023-11-15 15:34:02'),
(722, 'Sara Sofía', 1, 0, 'Bahamas', 1714.90, '2023-11-15 15:34:02', '2023-11-15 15:34:02'),
(723, 'María', 2, 0, 'Dinamarca', 3483.69, '2023-11-15 15:34:02', '2023-11-15 15:34:02'),
(724, 'Mateo', 5, 1, 'Nueva Zelanda', 8919.79, '2023-11-15 15:34:02', '2023-11-15 15:34:02'),
(725, 'María José', 2, 1, 'Suazilandia', 898.32, '2023-11-15 15:34:02', '2023-11-15 15:34:02'),
(726, 'Regina', 1, 1, 'Arabia Saudí', 9550.16, '2023-11-15 15:34:02', '2023-11-15 15:34:02'),
(727, 'Valentín', 3, 1, 'Honduras', 9487.96, '2023-11-15 15:34:02', '2023-11-15 15:34:02'),
(728, 'Juan Manuel', 3, 0, 'Pakistán', 4505.58, '2023-11-15 15:34:02', '2023-11-15 15:34:02'),
(729, 'Benjamín', 4, 1, 'Liberia', 3164.24, '2023-11-15 15:34:02', '2023-11-15 15:34:02'),
(730, 'Luis', 5, 1, 'Liechtenstein', 7650.26, '2023-11-15 15:34:02', '2023-11-15 15:34:02'),
(731, 'Franco', 2, 0, 'Surinam', 3936.69, '2023-11-15 15:34:02', '2023-11-15 15:34:02'),
(732, 'Alejandra', 4, 1, 'Vietnam', 8506.51, '2023-11-15 15:34:02', '2023-11-15 15:34:02'),
(733, 'Alejandra', 4, 0, 'San Marino', 5508.17, '2023-11-15 15:34:02', '2023-11-15 15:34:02'),
(734, 'Nahuel', 2, 0, 'Nigeria', 39.30, '2023-11-15 15:34:02', '2023-11-15 15:34:02'),
(735, 'Ivan', 5, 1, 'Yibuti', 6611.51, '2023-11-15 15:34:02', '2023-11-15 15:34:02'),
(736, 'Dante', 1, 0, 'Camboya', 686.42, '2023-11-15 15:34:02', '2023-11-15 15:34:02'),
(737, 'Simón', 2, 1, 'Sudán', 380.33, '2023-11-15 15:34:02', '2023-11-15 15:34:02'),
(738, 'Miguel Ángel', 2, 0, 'Etiopía', 5576.08, '2023-11-15 15:34:02', '2023-11-15 15:34:02'),
(739, 'Lucas', 1, 1, 'Zambia', 1274.07, '2023-11-15 15:34:02', '2023-11-15 15:34:02'),
(740, 'Lola', 2, 1, 'Nauru', 4528.75, '2023-11-15 15:34:02', '2023-11-15 15:34:02'),
(741, 'Nahuel', 5, 1, 'Barbados', 9871.23, '2023-11-15 15:34:02', '2023-11-15 15:34:02'),
(742, 'Thiago', 5, 0, 'Kuwait', 1936.89, '2023-11-15 15:34:02', '2023-11-15 15:34:02'),
(743, 'Joaquín', 1, 0, 'Jamaica', 2935.11, '2023-11-15 15:34:02', '2023-11-15 15:34:02'),
(744, 'Camilo', 5, 1, 'Vanuatu', 7865.00, '2023-11-15 15:34:02', '2023-11-15 15:34:02'),
(745, 'María José', 3, 0, 'Granada', 9265.84, '2023-11-15 15:34:02', '2023-11-15 15:34:02'),
(746, 'Mía', 3, 1, 'Singapur', 193.03, '2023-11-15 15:34:02', '2023-11-15 15:34:02'),
(747, 'David', 3, 1, 'Guinea-Bisáu', 5883.32, '2023-11-15 15:34:02', '2023-11-15 15:34:02'),
(748, 'Nadia', 1, 0, 'Suiza', 3589.48, '2023-11-15 15:34:02', '2023-11-15 15:34:02'),
(749, 'Constanza', 3, 0, 'Burundi', 1301.42, '2023-11-15 15:34:02', '2023-11-15 15:34:02'),
(750, 'Abigail', 2, 1, 'Tonga', 9388.00, '2023-11-15 15:34:02', '2023-11-15 15:34:02'),
(751, 'Vicente', 5, 0, 'Australia', 7106.44, '2023-11-15 15:34:02', '2023-11-15 15:34:02'),
(752, 'Nicole', 2, 0, 'Moldavia', 9964.68, '2023-11-15 15:34:02', '2023-11-15 15:34:02'),
(753, 'Diego Alejandro', 2, 1, 'Vietnam', 2476.32, '2023-11-15 15:34:02', '2023-11-15 15:34:02'),
(754, 'Eduardo', 1, 1, 'Austria', 2738.18, '2023-11-15 15:34:02', '2023-11-15 15:34:02'),
(755, 'Malena', 4, 0, 'Ruanda', 747.74, '2023-11-15 15:34:02', '2023-11-15 15:34:02'),
(756, 'Delfina', 5, 0, 'Malaui', 6874.70, '2023-11-15 15:34:02', '2023-11-15 15:34:02'),
(757, 'Bruno', 3, 1, 'San Cristóbal y Nieves', 954.54, '2023-11-15 15:34:02', '2023-11-15 15:34:02'),
(758, 'Sophie', 5, 0, 'Libia', 2652.46, '2023-11-15 15:34:02', '2023-11-15 15:34:02'),
(759, 'Isidora', 3, 0, 'Estados Unidos de América', 6387.52, '2023-11-15 15:34:02', '2023-11-15 15:34:02'),
(760, 'Alessandra', 5, 1, 'Montenegro', 7710.70, '2023-11-15 15:34:02', '2023-11-15 15:34:02'),
(761, 'Emilio', 4, 1, 'Ruanda', 6399.53, '2023-11-15 15:34:02', '2023-11-15 15:34:02'),
(762, 'Ximena', 5, 0, 'España', 3062.44, '2023-11-15 15:34:02', '2023-11-15 15:34:02'),
(763, 'Clara', 2, 1, 'Somalia', 7557.67, '2023-11-15 15:34:02', '2023-11-15 15:34:02'),
(764, 'Ricardo', 1, 1, 'Guinea-Bisáu', 2701.97, '2023-11-15 15:34:02', '2023-11-15 15:34:02'),
(765, 'Oliva', 2, 0, 'Eslovenia', 380.46, '2023-11-15 15:34:02', '2023-11-15 15:34:02'),
(766, 'Emmanuel', 1, 0, 'Georgia', 7186.60, '2023-11-15 15:34:02', '2023-11-15 15:34:02'),
(767, 'Luana', 1, 1, 'San Marino', 88.66, '2023-11-15 15:34:02', '2023-11-15 15:34:02'),
(768, 'Jacobo', 1, 1, 'Sudáfrica', 2355.05, '2023-11-15 15:34:02', '2023-11-15 15:34:02'),
(769, 'Rafaela', 3, 0, 'Líbano', 9892.24, '2023-11-15 15:34:02', '2023-11-15 15:34:02'),
(770, 'Alan', 5, 1, 'Jordania', 264.53, '2023-11-15 15:34:02', '2023-11-15 15:34:02'),
(771, 'Abril', 1, 0, 'México', 4735.09, '2023-11-15 15:34:02', '2023-11-15 15:34:02'),
(772, 'Rafaela', 3, 0, 'Pakistán', 3089.31, '2023-11-15 15:34:02', '2023-11-15 15:34:02'),
(773, 'Luciano', 3, 1, 'Gambia', 6494.40, '2023-11-15 15:34:02', '2023-11-15 15:34:02'),
(774, 'Damián', 1, 0, 'Armenia', 6380.26, '2023-11-15 15:34:02', '2023-11-15 15:34:02'),
(775, 'Valery ', 2, 1, 'Colombia', 2228.63, '2023-11-15 15:34:02', '2023-11-15 15:34:02'),
(776, 'Bianca', 2, 1, 'Surinam', 5856.40, '2023-11-15 15:34:02', '2023-11-15 15:34:02'),
(777, 'Pedro', 3, 1, 'Somalia', 5156.15, '2023-11-15 15:34:02', '2023-11-15 15:34:02'),
(778, 'Pablo', 4, 1, 'Madagascar', 8312.83, '2023-11-15 15:34:02', '2023-11-15 15:34:02'),
(779, 'Ivan', 3, 0, 'India', 4176.57, '2023-11-15 15:34:02', '2023-11-15 15:34:02'),
(780, 'Jerónimo', 2, 0, 'Japón', 4073.25, '2023-11-15 15:34:02', '2023-11-15 15:34:02'),
(781, 'Sara', 2, 1, 'Malta', 2680.36, '2023-11-15 15:34:02', '2023-11-15 15:34:02'),
(782, 'Ivanna', 4, 0, 'Ghana', 4673.71, '2023-11-15 15:34:02', '2023-11-15 15:34:02'),
(783, 'Agustín', 2, 1, 'Reino Unido', 5638.91, '2023-11-15 15:34:02', '2023-11-15 15:34:02'),
(784, 'Manuela', 5, 1, 'Panamá', 7636.85, '2023-11-15 15:34:02', '2023-11-15 15:34:02'),
(785, 'Mariangel', 3, 1, 'Austria', 6470.97, '2023-11-15 15:34:02', '2023-11-15 15:34:02'),
(786, 'Adriana', 2, 0, 'Benín', 3749.91, '2023-11-15 15:34:02', '2023-11-15 15:34:02'),
(787, 'Facundo', 3, 0, 'Bulgaria', 8981.97, '2023-11-15 15:34:02', '2023-11-15 15:34:02'),
(788, 'Manuela', 3, 0, 'Angola', 1426.37, '2023-11-15 15:34:02', '2023-11-15 15:34:02'),
(789, 'Vicente', 2, 1, 'Tonga', 3363.11, '2023-11-15 15:34:02', '2023-11-15 15:34:02'),
(790, 'Lucas', 5, 0, 'Estonia', 827.18, '2023-11-15 15:34:02', '2023-11-15 15:34:02'),
(791, 'Florencia', 4, 1, 'Uganda', 659.30, '2023-11-15 15:34:02', '2023-11-15 15:34:02'),
(792, 'Fabiana', 3, 0, 'Angola', 7947.05, '2023-11-15 15:34:02', '2023-11-15 15:34:02'),
(793, 'Andrés', 5, 0, 'Países Bajos', 8478.45, '2023-11-15 15:34:02', '2023-11-15 15:34:02'),
(794, 'Oliva', 3, 0, 'Yibuti', 2680.12, '2023-11-15 15:34:02', '2023-11-15 15:34:02'),
(795, 'Facundo', 3, 1, 'Congo', 7750.50, '2023-11-15 15:34:02', '2023-11-15 15:34:02'),
(796, 'Emilia', 5, 1, 'Túnez', 8973.00, '2023-11-15 15:34:02', '2023-11-15 15:34:02'),
(797, 'Francisco', 2, 1, 'Cuba', 2306.68, '2023-11-15 15:34:02', '2023-11-15 15:34:02'),
(798, 'Antonella', 2, 0, 'Venezuela', 819.80, '2023-11-15 15:34:02', '2023-11-15 15:34:02'),
(799, 'Renata', 2, 0, 'Argelia', 1366.39, '2023-11-15 15:34:02', '2023-11-15 15:34:02'),
(800, 'Ximena', 3, 0, 'Bulgaria', 1660.58, '2023-11-15 15:34:03', '2023-11-15 15:34:03'),
(801, 'Jacobo', 4, 1, 'Mónaco', 6564.93, '2023-11-15 15:34:03', '2023-11-15 15:34:03'),
(802, 'Matthew', 3, 1, 'Francia', 626.71, '2023-11-15 15:34:03', '2023-11-15 15:34:03'),
(803, 'Dylan', 4, 1, 'Mozambique', 7814.16, '2023-11-15 15:34:03', '2023-11-15 15:34:03'),
(804, 'Diego', 4, 1, 'Macedonia', 8987.44, '2023-11-15 15:34:03', '2023-11-15 15:34:03'),
(805, 'Dylan', 1, 0, 'Croacia', 3064.83, '2023-11-15 15:34:03', '2023-11-15 15:34:03'),
(806, 'Catalina', 2, 0, 'Canadá', 1332.09, '2023-11-15 15:34:03', '2023-11-15 15:34:03'),
(807, 'Guadalupe', 1, 1, 'Bangladés', 233.99, '2023-11-15 15:34:03', '2023-11-15 15:34:03'),
(808, 'Axel', 4, 1, 'Palaos', 8562.59, '2023-11-15 15:34:03', '2023-11-15 15:34:03'),
(809, 'Christian', 3, 0, 'Mónaco', 3288.40, '2023-11-15 15:34:03', '2023-11-15 15:34:03'),
(810, 'Juan Manuel', 5, 0, 'Francia', 1981.79, '2023-11-15 15:34:03', '2023-11-15 15:34:03'),
(811, 'Simón', 2, 0, 'Baréin', 9597.18, '2023-11-15 15:34:03', '2023-11-15 15:34:03'),
(812, 'Samuel', 1, 1, 'Gabón', 7477.47, '2023-11-15 15:34:03', '2023-11-15 15:34:03'),
(813, 'Emma', 1, 1, 'República Checa', 4221.06, '2023-11-15 15:34:03', '2023-11-15 15:34:03'),
(814, 'Antonio', 4, 0, 'Eritrea', 280.55, '2023-11-15 15:34:03', '2023-11-15 15:34:03'),
(815, 'Jacobo', 5, 1, 'Ciudad del Vaticano', 7122.31, '2023-11-15 15:34:03', '2023-11-15 15:34:03'),
(816, 'Constanza', 4, 0, 'Singapur', 9067.36, '2023-11-15 15:34:03', '2023-11-15 15:34:03'),
(817, 'Lola', 3, 1, 'Barbados', 9183.94, '2023-11-15 15:34:03', '2023-11-15 15:34:03'),
(818, 'Mariana', 2, 0, 'Irlanda', 5583.93, '2023-11-15 15:34:03', '2023-11-15 15:34:03'),
(819, 'Juan Sebastián', 5, 0, 'Grecia', 4960.77, '2023-11-15 15:34:03', '2023-11-15 15:34:03'),
(820, 'Hidalgo', 5, 1, 'Sudán', 9594.46, '2023-11-15 15:34:03', '2023-11-15 15:34:03'),
(821, 'Amanda', 1, 1, 'Turkmenistán', 1322.82, '2023-11-15 15:34:03', '2023-11-15 15:34:03'),
(822, 'Fernando', 2, 0, 'Andorra', 4139.14, '2023-11-15 15:34:03', '2023-11-15 15:34:03'),
(823, 'Samuel', 5, 0, 'Costa de Marfil', 1805.33, '2023-11-15 15:34:03', '2023-11-15 15:34:03'),
(824, 'Gael', 3, 1, 'Reino Unido', 659.79, '2023-11-15 15:34:03', '2023-11-15 15:34:03'),
(825, 'Ashley', 1, 0, 'Australia', 1150.28, '2023-11-15 15:34:03', '2023-11-15 15:34:03'),
(826, 'Alan', 1, 0, 'Tanzania', 9311.68, '2023-11-15 15:34:03', '2023-11-15 15:34:03'),
(827, 'Luciano', 3, 1, 'Mónaco', 1085.62, '2023-11-15 15:34:03', '2023-11-15 15:34:03'),
(828, 'Pedro', 4, 1, 'Serbia', 6982.96, '2023-11-15 15:34:03', '2023-11-15 15:34:03'),
(829, 'Ricardo', 2, 1, 'Kazajistán', 5029.71, '2023-11-15 15:34:03', '2023-11-15 15:34:03'),
(830, 'Antonio', 2, 0, 'Andorra', 170.97, '2023-11-15 15:34:03', '2023-11-15 15:34:03'),
(831, 'Agustina', 4, 0, 'Arabia Saudí', 4181.84, '2023-11-15 15:34:03', '2023-11-15 15:34:03'),
(832, 'Jacobo', 1, 0, 'Vietnam', 8272.23, '2023-11-15 15:34:03', '2023-11-15 15:34:03'),
(833, 'Facundo', 5, 1, 'Austria', 8764.62, '2023-11-15 15:34:03', '2023-11-15 15:34:03'),
(834, 'Ricardo', 4, 0, 'Singapur', 9497.09, '2023-11-15 15:34:03', '2023-11-15 15:34:03'),
(835, 'Josué', 5, 0, 'Islandia', 2332.70, '2023-11-15 15:34:03', '2023-11-15 15:34:03'),
(836, 'Ariadna', 5, 0, 'Zimbabue', 7815.12, '2023-11-15 15:34:03', '2023-11-15 15:34:03'),
(837, 'Sergio', 1, 0, 'Turkmenistán', 6428.65, '2023-11-15 15:34:03', '2023-11-15 15:34:03'),
(838, 'Delfina', 2, 0, 'Azerbaiyán', 6333.34, '2023-11-15 15:34:03', '2023-11-15 15:34:03'),
(839, 'Juan David', 1, 0, 'República Checa', 9046.17, '2023-11-15 15:34:03', '2023-11-15 15:34:03'),
(840, 'Christopher', 5, 1, 'Singapur', 1196.10, '2023-11-15 15:34:03', '2023-11-15 15:34:03'),
(841, 'Isaac', 3, 0, 'Jamaica', 588.86, '2023-11-15 15:34:03', '2023-11-15 15:34:03'),
(842, 'Carlos', 3, 0, 'Uruguay', 1746.13, '2023-11-15 15:34:03', '2023-11-15 15:34:03'),
(843, 'Esteban', 3, 0, 'Comoras', 3890.60, '2023-11-15 15:34:03', '2023-11-15 15:34:03'),
(844, 'Lucas', 3, 1, 'Filipinas', 3049.53, '2023-11-15 15:34:03', '2023-11-15 15:34:03'),
(845, 'Maximiliano', 2, 0, 'Nueva Zelanda', 2602.44, '2023-11-15 15:34:03', '2023-11-15 15:34:03'),
(846, 'Montserrat', 1, 1, 'Pakistán', 9507.01, '2023-11-15 15:34:03', '2023-11-15 15:34:03'),
(847, 'Julián', 5, 0, 'Mauritania', 1690.76, '2023-11-15 15:34:03', '2023-11-15 15:34:03'),
(848, 'Maite', 1, 0, 'Tuvalu', 5023.51, '2023-11-15 15:34:03', '2023-11-15 15:34:03'),
(849, 'Leonardo', 5, 0, 'Sudán', 6920.17, '2023-11-15 15:34:03', '2023-11-15 15:34:03'),
(850, 'Natalia', 4, 1, 'Liberia', 4022.81, '2023-11-15 15:34:03', '2023-11-15 15:34:03'),
(851, 'Andrés', 2, 0, 'Irak', 4346.29, '2023-11-15 15:34:03', '2023-11-15 15:34:03'),
(852, 'Martín', 3, 0, 'Pakistán', 5934.89, '2023-11-15 15:34:03', '2023-11-15 15:34:03'),
(853, 'Andrea', 5, 0, 'Croacia', 9294.58, '2023-11-15 15:34:03', '2023-11-15 15:34:03'),
(854, 'Antonio', 4, 0, 'Honduras', 4741.76, '2023-11-15 15:34:03', '2023-11-15 15:34:03'),
(855, 'Pedro', 5, 1, 'Baréin', 8116.84, '2023-11-15 15:34:03', '2023-11-15 15:34:03'),
(856, 'Bianca', 5, 0, 'Haití', 3922.16, '2023-11-15 15:34:03', '2023-11-15 15:34:03'),
(857, 'Mateo', 5, 0, 'Letonia', 6250.64, '2023-11-15 15:34:03', '2023-11-15 15:34:03'),
(858, 'Valentino', 2, 0, 'Nauru', 4445.43, '2023-11-15 15:34:03', '2023-11-15 15:34:03'),
(859, 'Anthony', 5, 1, 'Fiyi', 5035.15, '2023-11-15 15:34:03', '2023-11-15 15:34:03'),
(860, 'Victoria', 3, 1, 'Zambia', 8437.48, '2023-11-15 15:34:03', '2023-11-15 15:34:03'),
(861, 'Ana Sofía', 5, 0, 'Yemen', 9205.87, '2023-11-15 15:34:03', '2023-11-15 15:34:03'),
(862, 'Ignacio', 2, 1, 'Liechtenstein', 613.71, '2023-11-15 15:34:03', '2023-11-15 15:34:03'),
(863, 'Nahuel', 2, 0, 'Lituania', 8113.66, '2023-11-15 15:34:03', '2023-11-15 15:34:03'),
(864, 'Carla', 5, 1, 'Costa de Marfil', 146.80, '2023-11-15 15:34:03', '2023-11-15 15:34:03'),
(865, 'Manuel', 4, 1, 'Islas Marshall', 4411.22, '2023-11-15 15:34:03', '2023-11-15 15:34:03'),
(866, 'David', 5, 0, 'Argentina', 3503.76, '2023-11-15 15:34:03', '2023-11-15 15:34:03'),
(867, 'Agustina', 2, 0, 'Israel', 2307.92, '2023-11-15 15:34:03', '2023-11-15 15:34:03'),
(868, 'Isabella', 5, 1, 'Letonia', 4541.38, '2023-11-15 15:34:03', '2023-11-15 15:34:03'),
(869, 'Anthony', 2, 1, 'Japón', 6924.04, '2023-11-15 15:34:03', '2023-11-15 15:34:03'),
(870, 'Máximo', 1, 0, 'Samoa', 1258.23, '2023-11-15 15:34:03', '2023-11-15 15:34:03'),
(871, 'Alejandro', 5, 0, 'Guinea', 4605.98, '2023-11-15 15:34:03', '2023-11-15 15:34:03'),
(872, 'Daniel', 5, 1, 'Filipinas', 9459.44, '2023-11-15 15:34:03', '2023-11-15 15:34:03'),
(873, 'Fátima ', 2, 0, 'Portugal', 8763.13, '2023-11-15 15:34:03', '2023-11-15 15:34:03'),
(874, 'Adrián', 1, 1, 'Guatemala', 8655.79, '2023-11-15 15:34:03', '2023-11-15 15:34:03'),
(875, 'Miranda', 3, 0, 'Sudáfrica', 5176.32, '2023-11-15 15:34:03', '2023-11-15 15:34:03'),
(876, 'Felipe', 2, 0, 'El Salvador', 7213.44, '2023-11-15 15:34:03', '2023-11-15 15:34:03'),
(877, 'Malena', 1, 1, 'Zambia', 3917.78, '2023-11-15 15:34:03', '2023-11-15 15:34:03'),
(878, 'Abril', 1, 1, 'Burkina Faso', 2874.76, '2023-11-15 15:34:03', '2023-11-15 15:34:03'),
(879, 'Rafael', 2, 1, 'Suecia', 9425.56, '2023-11-15 15:34:03', '2023-11-15 15:34:03'),
(880, 'Isabella', 5, 0, 'India', 8932.29, '2023-11-15 15:34:03', '2023-11-15 15:34:03'),
(881, 'Sofía', 1, 1, 'Kiribati', 4940.42, '2023-11-15 15:34:03', '2023-11-15 15:34:03'),
(882, 'Eduardo', 3, 1, 'Ecuador', 8880.75, '2023-11-15 15:34:03', '2023-11-15 15:34:03'),
(883, 'Juan Martín', 1, 0, 'Colombia', 2943.14, '2023-11-15 15:34:03', '2023-11-15 15:34:03'),
(884, 'Emiliano', 1, 0, 'Lesoto', 368.78, '2023-11-15 15:34:03', '2023-11-15 15:34:03'),
(885, 'Ignacio', 2, 1, 'Polonia', 633.77, '2023-11-15 15:34:03', '2023-11-15 15:34:03'),
(886, 'Ian', 1, 1, 'Ucrania', 9090.92, '2023-11-15 15:34:03', '2023-11-15 15:34:03'),
(887, 'Carolina', 1, 0, 'República Dominicana', 1250.68, '2023-11-15 15:34:03', '2023-11-15 15:34:03'),
(888, 'Alonso', 2, 0, 'Chad', 9230.01, '2023-11-15 15:34:03', '2023-11-15 15:34:03'),
(889, 'Isabella', 4, 0, 'Belice', 593.43, '2023-11-15 15:34:03', '2023-11-15 15:34:03'),
(890, 'Hidalgo', 3, 0, 'Congo', 9709.31, '2023-11-15 15:34:03', '2023-11-15 15:34:03'),
(891, 'Ana', 5, 1, 'Dinamarca', 9102.39, '2023-11-15 15:34:03', '2023-11-15 15:34:03'),
(892, 'Nicole', 3, 1, 'Gambia', 5049.76, '2023-11-15 15:34:03', '2023-11-15 15:34:03'),
(893, 'Julia', 4, 0, 'Dinamarca', 6919.99, '2023-11-15 15:34:03', '2023-11-15 15:34:03'),
(894, 'Juan José', 1, 1, 'Portugal', 4065.69, '2023-11-15 15:34:03', '2023-11-15 15:34:03'),
(895, 'Magdalena', 4, 1, 'Andorra', 2821.26, '2023-11-15 15:34:03', '2023-11-15 15:34:03'),
(896, 'Santino', 4, 0, 'Guinea-Bisáu', 9639.82, '2023-11-15 15:34:03', '2023-11-15 15:34:03'),
(897, 'Bautista', 1, 0, 'Afganistán', 844.23, '2023-11-15 15:34:03', '2023-11-15 15:34:03'),
(898, 'Jorge', 2, 1, 'Camerún', 7563.34, '2023-11-15 15:34:03', '2023-11-15 15:34:03'),
(899, 'Nicole', 5, 0, 'Macedonia', 8187.06, '2023-11-15 15:34:03', '2023-11-15 15:34:03'),
(900, 'Valentín', 3, 0, 'Países Bajos', 9158.84, '2023-11-15 15:34:03', '2023-11-15 15:34:03'),
(901, 'Matthew', 2, 1, 'Croacia', 4725.39, '2023-11-15 15:34:03', '2023-11-15 15:34:03'),
(902, 'Dante', 4, 1, 'Guinea', 2559.14, '2023-11-15 15:34:03', '2023-11-15 15:34:03'),
(903, 'Daniel', 3, 0, 'Yibuti', 1479.82, '2023-11-15 15:34:03', '2023-11-15 15:34:03'),
(904, 'María Alejandra', 2, 1, 'Reino Unido de Gran Bretaña e Irlanda del Norte', 2158.81, '2023-11-15 15:34:03', '2023-11-15 15:34:03'),
(905, 'Felipe', 5, 0, 'Botsuana', 1600.68, '2023-11-15 15:34:03', '2023-11-15 15:34:03'),
(906, 'Emilia', 2, 0, 'Indonesia', 744.61, '2023-11-15 15:34:03', '2023-11-15 15:34:03'),
(907, 'Abigail', 2, 0, 'Estonia', 8983.44, '2023-11-15 15:34:03', '2023-11-15 15:34:03'),
(908, 'Sara Sofía', 3, 0, 'Croacia', 123.17, '2023-11-15 15:34:03', '2023-11-15 15:34:03'),
(909, 'Lorenzo', 3, 0, 'República Democrática del Congo', 5297.56, '2023-11-15 15:34:03', '2023-11-15 15:34:03'),
(910, 'Máximo', 1, 1, 'Chile', 938.42, '2023-11-15 15:34:03', '2023-11-15 15:34:03'),
(911, 'Romina', 2, 0, 'Rusia', 5131.77, '2023-11-15 15:34:03', '2023-11-15 15:34:03'),
(912, 'Mía', 1, 0, 'Montenegro', 430.34, '2023-11-15 15:34:03', '2023-11-15 15:34:03'),
(913, 'Juana', 1, 1, 'Yibuti', 9058.90, '2023-11-15 15:34:03', '2023-11-15 15:34:03'),
(914, 'Alexa', 2, 0, 'Rusia', 1832.33, '2023-11-15 15:34:03', '2023-11-15 15:34:03'),
(915, 'Jorge', 1, 0, 'Granada', 6955.93, '2023-11-15 15:34:03', '2023-11-15 15:34:03'),
(916, 'Hipólito', 2, 1, 'Haití', 9349.22, '2023-11-15 15:34:03', '2023-11-15 15:34:03'),
(917, 'Martín', 4, 1, 'Senegal', 5738.32, '2023-11-15 15:34:03', '2023-11-15 15:34:03'),
(918, 'Adriana', 5, 0, 'Pakistán', 8566.13, '2023-11-15 15:34:03', '2023-11-15 15:34:03'),
(919, 'Daniela', 5, 0, 'Kazajistán', 6426.42, '2023-11-15 15:34:03', '2023-11-15 15:34:03'),
(920, 'Horacio', 3, 0, 'Libia', 2065.93, '2023-11-15 15:34:03', '2023-11-15 15:34:03'),
(921, 'Ivanna', 3, 1, 'Bulgaria', 3145.29, '2023-11-15 15:34:03', '2023-11-15 15:34:03'),
(922, 'Constanza', 3, 1, 'Malta', 8470.70, '2023-11-15 15:34:03', '2023-11-15 15:34:03'),
(923, 'Maite', 4, 1, 'Dinamarca', 3092.04, '2023-11-15 15:34:03', '2023-11-15 15:34:03'),
(924, 'Mariana', 1, 1, 'Ruanda', 6561.14, '2023-11-15 15:34:03', '2023-11-15 15:34:03'),
(925, 'Damián', 5, 1, 'Chad', 2766.65, '2023-11-15 15:34:03', '2023-11-15 15:34:03'),
(926, 'Juan Esteban', 1, 1, 'Finlandia', 6977.48, '2023-11-15 15:34:03', '2023-11-15 15:34:03'),
(927, 'Jazmín', 2, 0, 'Líbano', 9294.28, '2023-11-15 15:34:03', '2023-11-15 15:34:03'),
(928, 'Oliva', 1, 0, 'Samoa', 8079.71, '2023-11-15 15:34:03', '2023-11-15 15:34:03'),
(929, 'Luis', 4, 0, 'Gabón', 1029.89, '2023-11-15 15:34:03', '2023-11-15 15:34:03'),
(930, 'Regina', 5, 1, 'Nepal', 6114.76, '2023-11-15 15:34:03', '2023-11-15 15:34:03'),
(931, 'Maite', 1, 1, 'Uganda', 8045.63, '2023-11-15 15:34:03', '2023-11-15 15:34:03'),
(932, 'Juan Pablo', 2, 0, 'Francia', 1706.78, '2023-11-15 15:34:03', '2023-11-15 15:34:03'),
(933, 'Laura', 2, 0, 'Sierra Leona', 867.14, '2023-11-15 15:34:03', '2023-11-15 15:34:03'),
(934, 'Santino', 2, 0, 'Grecia', 4229.38, '2023-11-15 15:34:03', '2023-11-15 15:34:03'),
(935, 'Ignacio', 5, 0, 'Suecia', 2104.22, '2023-11-15 15:34:03', '2023-11-15 15:34:03'),
(936, 'Samantha', 3, 0, 'Eslovenia', 7151.28, '2023-11-15 15:34:03', '2023-11-15 15:34:03'),
(937, 'Christopher', 4, 0, 'México', 8422.89, '2023-11-15 15:34:03', '2023-11-15 15:34:03'),
(938, 'Hugo', 2, 1, 'Etiopía', 8168.41, '2023-11-15 15:34:03', '2023-11-15 15:34:03'),
(939, 'Hipólito', 4, 0, 'Ciudad del Vaticano', 6887.73, '2023-11-15 15:34:03', '2023-11-15 15:34:03'),
(940, 'Julia', 2, 0, 'Irak', 5276.13, '2023-11-15 15:34:03', '2023-11-15 15:34:03'),
(941, 'Paulina', 1, 1, 'Yibuti', 3290.73, '2023-11-15 15:34:03', '2023-11-15 15:34:03'),
(942, 'Alessandra', 2, 1, 'Liberia', 732.50, '2023-11-15 15:34:03', '2023-11-15 15:34:03'),
(943, 'Mario', 5, 0, 'Cabo Verde', 5680.71, '2023-11-15 15:34:03', '2023-11-15 15:34:03'),
(944, 'Antonio', 4, 1, 'Irak', 5139.90, '2023-11-15 15:34:03', '2023-11-15 15:34:03'),
(945, 'Isaac', 4, 1, 'México', 8656.01, '2023-11-15 15:34:03', '2023-11-15 15:34:03'),
(946, 'Julia', 3, 1, 'Mali', 9627.73, '2023-11-15 15:34:03', '2023-11-15 15:34:03'),
(947, 'Julián', 4, 0, 'Mongolia', 6160.10, '2023-11-15 15:34:03', '2023-11-15 15:34:03'),
(948, 'Felipe', 2, 1, 'Grecia', 5126.01, '2023-11-15 15:34:03', '2023-11-15 15:34:03'),
(949, 'Constanza', 3, 0, 'Egipto', 4521.14, '2023-11-15 15:34:03', '2023-11-15 15:34:03'),
(950, 'Santiago', 3, 0, 'Laos', 2081.95, '2023-11-15 15:34:03', '2023-11-15 15:34:03'),
(951, 'Juan Diego', 2, 1, 'Laos', 4306.04, '2023-11-15 15:34:03', '2023-11-15 15:34:03'),
(952, 'Rebeca', 3, 0, 'Rumanía', 5486.27, '2023-11-15 15:34:03', '2023-11-15 15:34:03'),
(953, 'Nahuel', 3, 1, 'Islandia', 4143.41, '2023-11-15 15:34:03', '2023-11-15 15:34:03'),
(954, 'Elena ', 3, 0, 'Australia', 2972.24, '2023-11-15 15:34:03', '2023-11-15 15:34:03'),
(955, 'Jesús', 5, 1, 'Maldivas', 2960.43, '2023-11-15 15:34:03', '2023-11-15 15:34:03'),
(956, 'Miguel', 5, 1, 'Samoa', 5918.08, '2023-11-15 15:34:03', '2023-11-15 15:34:03'),
(957, 'Lola', 2, 0, 'Guinea Ecuatorial', 3603.40, '2023-11-15 15:34:03', '2023-11-15 15:34:03'),
(958, 'Luana', 3, 0, 'Comoras', 5565.72, '2023-11-15 15:34:03', '2023-11-15 15:34:03'),
(959, 'Juan Sebastián', 1, 0, 'Nigeria', 8466.92, '2023-11-15 15:34:03', '2023-11-15 15:34:03'),
(960, 'Jerónimo', 1, 0, 'Dinamarca', 9402.18, '2023-11-15 15:34:03', '2023-11-15 15:34:03'),
(961, 'Alexa', 5, 1, 'Comoras', 5413.09, '2023-11-15 15:34:03', '2023-11-15 15:34:03'),
(962, 'Matthew', 1, 1, 'Cabo Verde', 1216.14, '2023-11-15 15:34:03', '2023-11-15 15:34:03'),
(963, 'Vicente', 2, 0, 'Senegal', 3110.18, '2023-11-15 15:34:03', '2023-11-15 15:34:03'),
(964, 'Franco', 5, 0, 'Gabón', 8018.19, '2023-11-15 15:34:03', '2023-11-15 15:34:03'),
(965, 'Aarón', 4, 1, 'Gabón', 7941.57, '2023-11-15 15:34:03', '2023-11-15 15:34:03'),
(966, 'Juan Diego', 5, 0, 'Sudán', 3930.31, '2023-11-15 15:34:03', '2023-11-15 15:34:03'),
(967, 'Ian', 1, 0, 'Finlandia', 2215.95, '2023-11-15 15:34:03', '2023-11-15 15:34:03'),
(968, 'Alan', 3, 0, 'Pakistán', 973.72, '2023-11-15 15:34:03', '2023-11-15 15:34:03'),
(969, 'Juan Diego', 3, 1, 'Nauru', 5006.91, '2023-11-15 15:34:03', '2023-11-15 15:34:03'),
(970, 'María José', 4, 1, 'Guatemala', 2114.97, '2023-11-15 15:34:03', '2023-11-15 15:34:03'),
(971, 'Jorge', 1, 0, 'Omán', 3046.09, '2023-11-15 15:34:03', '2023-11-15 15:34:03'),
(972, 'Luana', 2, 0, 'Guatemala', 8681.99, '2023-11-15 15:34:03', '2023-11-15 15:34:03'),
(973, 'José', 5, 0, 'República Centroafricana', 2399.08, '2023-11-15 15:34:03', '2023-11-15 15:34:03'),
(974, 'Paula', 5, 0, 'Argelia', 8288.42, '2023-11-15 15:34:03', '2023-11-15 15:34:03'),
(975, 'Lautaro', 3, 1, 'Canadá', 4840.82, '2023-11-15 15:34:03', '2023-11-15 15:34:03'),
(976, 'María Fernanda', 5, 0, 'Líbano', 2054.62, '2023-11-15 15:34:03', '2023-11-15 15:34:03'),
(977, 'Luna', 3, 1, 'Yibuti', 4490.85, '2023-11-15 15:34:03', '2023-11-15 15:34:03'),
(978, 'Diego Alejandro', 4, 0, 'Madagascar', 4829.90, '2023-11-15 15:34:03', '2023-11-15 15:34:03'),
(979, 'Francisco', 2, 0, 'Estonia', 8160.84, '2023-11-15 15:34:03', '2023-11-15 15:34:03'),
(980, 'Luciano', 3, 1, 'Finlandia', 2778.58, '2023-11-15 15:34:03', '2023-11-15 15:34:03'),
(981, 'Elena ', 4, 0, 'Nueva Zelanda', 3140.17, '2023-11-15 15:34:03', '2023-11-15 15:34:03'),
(982, 'Rodrigo', 1, 0, 'Estonia', 5298.30, '2023-11-15 15:34:03', '2023-11-15 15:34:03'),
(983, 'Juan Sebastián', 3, 0, 'Yemen', 2879.31, '2023-11-15 15:34:03', '2023-11-15 15:34:03'),
(984, 'Alexander', 3, 1, 'Irak', 5705.65, '2023-11-15 15:34:03', '2023-11-15 15:34:03'),
(985, 'Isidora', 3, 0, 'Irán', 1060.39, '2023-11-15 15:34:03', '2023-11-15 15:34:03'),
(986, 'Josué', 3, 0, 'Kazajistán', 2902.68, '2023-11-15 15:34:03', '2023-11-15 15:34:03'),
(987, 'Alonso', 2, 0, 'Honduras', 83.71, '2023-11-15 15:34:03', '2023-11-15 15:34:03'),
(988, 'Bautista', 4, 0, 'Granada', 1588.54, '2023-11-15 15:34:03', '2023-11-15 15:34:03'),
(989, 'Catalina', 3, 1, 'Camerún', 420.28, '2023-11-15 15:34:04', '2023-11-15 15:34:04'),
(990, 'Franco', 2, 0, 'Polonia', 9067.79, '2023-11-15 15:34:04', '2023-11-15 15:34:04'),
(991, 'Victoria', 3, 1, 'República Checa', 3961.57, '2023-11-15 15:34:04', '2023-11-15 15:34:04'),
(992, 'Constanza', 2, 0, 'Nauru', 2929.91, '2023-11-15 15:34:04', '2023-11-15 15:34:04'),
(993, 'Luciano', 2, 0, 'Corea del Sur', 4468.63, '2023-11-15 15:34:04', '2023-11-15 15:34:04'),
(994, 'Paula', 4, 0, 'Namibia', 4980.00, '2023-11-15 15:34:04', '2023-11-15 15:34:04'),
(995, 'Jorge', 1, 0, 'Senegal', 7755.86, '2023-11-15 15:34:04', '2023-11-15 15:34:04'),
(996, 'Alan', 1, 0, 'Liberia', 2774.02, '2023-11-15 15:34:04', '2023-11-15 15:34:04'),
(997, 'Ivanna', 2, 0, 'China', 4445.38, '2023-11-15 15:34:04', '2023-11-15 15:34:04'),
(998, 'Delfina', 1, 0, 'Eslovenia', 1977.90, '2023-11-15 15:34:04', '2023-11-15 15:34:04'),
(999, 'Nahuel', 5, 0, 'Uzbekistán', 6028.96, '2023-11-15 15:34:04', '2023-11-15 15:34:04'),
(1000, 'Jorge', 4, 0, 'Italia', 3667.81, '2023-11-15 15:34:04', '2023-11-15 15:34:04'),
(1001, 'Mariana', 4, 1, 'Camerún', 6691.82, '2023-11-15 15:34:04', '2023-11-15 15:34:04'),
(1002, 'Sergio', 4, 1, 'Bélgica', 4032.94, '2023-11-15 15:34:04', '2023-11-15 15:34:04'),
(1003, 'Antonia', 4, 1, 'Bahamas', 5216.33, '2023-11-15 15:34:04', '2023-11-15 15:34:04'),
(1004, 'Antonella', 1, 0, 'Turkmenistán', 9495.11, '2023-11-15 15:34:04', '2023-11-15 15:34:04'),
(1005, 'Bianca', 2, 1, 'Santa Lucía', 3779.93, '2023-11-15 15:34:04', '2023-11-15 15:34:04'),
(1006, 'María José', 3, 0, 'Honduras', 280.28, '2023-11-15 15:34:04', '2023-11-15 15:34:04'),
(1007, 'Victoria', 5, 0, 'Reino Unido de Gran Bretaña e Irlanda del Norte', 5611.14, '2023-11-15 15:34:04', '2023-11-15 15:34:04'),
(1008, 'Lorenzo', 1, 0, 'Bulgaria', 195.72, '2023-11-15 15:34:04', '2023-11-15 15:34:04'),
(1009, 'Manuela', 2, 1, 'Chile', 7882.39, '2023-11-15 15:34:04', '2023-11-15 15:34:04'),
(1010, 'Francisco', 1, 1, 'Kazajistán', 6894.59, '2023-11-15 15:34:04', '2023-11-15 15:34:04'),
(1011, 'Isabella', 3, 1, 'Congo', 1799.15, '2023-11-15 15:34:04', '2023-11-15 15:34:04'),
(1012, 'Jimena', 4, 0, 'Montenegro', 9387.23, '2023-11-15 15:34:04', '2023-11-15 15:34:04'),
(1013, 'Carolina', 3, 1, 'Mauritania', 4981.08, '2023-11-15 15:34:04', '2023-11-15 15:34:04'),
(1014, 'Juan Sebastián', 3, 0, 'Santa Lucía', 7265.05, '2023-11-15 15:34:04', '2023-11-15 15:34:04'),
(1015, 'José', 2, 0, 'Uzbekistán', 4710.51, '2023-11-15 15:34:04', '2023-11-15 15:34:04'),
(1016, 'Salomé', 4, 0, 'Singapur', 4327.57, '2023-11-15 15:34:04', '2023-11-15 15:34:04'),
(1017, 'Rafaela', 3, 1, 'Irán', 5122.35, '2023-11-15 15:34:04', '2023-11-15 15:34:04'),
(1018, 'Rafael', 3, 1, 'Canadá', 2018.02, '2023-11-15 15:34:04', '2023-11-15 15:34:04'),
(1019, 'Sophie', 3, 0, 'Costa de Marfil', 91.91, '2023-11-15 15:34:04', '2023-11-15 15:34:04'),
(1020, 'Ignacio', 3, 1, 'Libia', 303.58, '2023-11-15 15:34:04', '2023-11-15 15:34:04'),
(1021, 'Emilia', 1, 1, 'Bután', 9262.00, '2023-11-15 15:34:04', '2023-11-15 15:34:04'),
(1022, 'Axel', 1, 0, 'República Dominicana', 5280.48, '2023-11-15 15:34:04', '2023-11-15 15:34:04'),
(1023, 'Maximiliano', 3, 0, 'Croacia', 3164.44, '2023-11-15 15:34:04', '2023-11-15 15:34:04'),
(1024, 'María José', 2, 0, 'Uganda', 5120.50, '2023-11-15 15:34:04', '2023-11-15 15:34:04'),
(1025, 'Tomas', 1, 0, 'Maldivas', 2500.12, '2023-11-15 15:34:04', '2023-11-15 15:34:04'),
(1026, 'Martín', 2, 1, 'Marruecos', 1113.82, '2023-11-15 15:34:04', '2023-11-15 15:34:04'),
(1027, 'Lola', 2, 0, 'Costa de Marfil', 2317.95, '2023-11-15 15:34:04', '2023-11-15 15:34:04'),
(1028, 'Natalia', 1, 1, 'Singapur', 1396.87, '2023-11-15 15:34:04', '2023-11-15 15:34:04'),
(1029, 'María Paula', 3, 0, 'Japón', 7374.57, '2023-11-15 15:34:04', '2023-11-15 15:34:04'),
(1030, 'Daniel', 5, 0, 'Mali', 596.52, '2023-11-15 15:34:04', '2023-11-15 15:34:04'),
(1031, 'Carla', 3, 0, 'Kazajistán', 733.23, '2023-11-15 15:34:04', '2023-11-15 15:34:04'),
(1032, 'Constanza', 4, 1, 'Israel', 5660.83, '2023-11-15 15:34:04', '2023-11-15 15:34:04'),
(1033, 'Amanda', 3, 1, 'Maldivas', 8375.25, '2023-11-15 15:34:04', '2023-11-15 15:34:04'),
(1034, 'Regina', 3, 1, 'Grecia', 3792.25, '2023-11-15 15:34:04', '2023-11-15 15:34:04'),
(1035, 'Malena', 2, 1, 'Bosnia-Herzegovina', 2768.44, '2023-11-15 15:34:04', '2023-11-15 15:34:04'),
(1036, 'Santiago', 4, 1, 'Ruanda', 4006.14, '2023-11-15 15:34:04', '2023-11-15 15:34:04'),
(1037, 'Juana', 3, 0, 'Eslovenia', 8221.52, '2023-11-15 15:34:04', '2023-11-15 15:34:04'),
(1038, 'Luis', 3, 0, 'Tailandia', 9206.70, '2023-11-15 15:34:04', '2023-11-15 15:34:04'),
(1039, 'Maximiliano', 3, 0, 'Mauritania', 9640.82, '2023-11-15 15:34:04', '2023-11-15 15:34:04'),
(1040, 'Violeta', 3, 1, 'Burkina Faso', 4222.19, '2023-11-15 15:34:04', '2023-11-15 15:34:04'),
(1041, 'Manuela', 2, 0, 'República Dominicana', 612.44, '2023-11-15 15:34:04', '2023-11-15 15:34:04'),
(1042, 'Abril', 4, 0, 'Malasia', 2283.45, '2023-11-15 15:34:04', '2023-11-15 15:34:04'),
(1043, 'Amanda', 4, 0, 'Italia', 6148.30, '2023-11-15 15:34:04', '2023-11-15 15:34:04'),
(1044, 'Gabriel', 3, 1, 'Surinam', 7384.88, '2023-11-15 15:34:04', '2023-11-15 15:34:04'),
(1045, 'Daniela', 1, 1, 'Reino Unido de Gran Bretaña e Irlanda del Norte', 4273.06, '2023-11-15 15:34:04', '2023-11-15 15:34:04'),
(1046, 'Magdalena', 5, 0, 'Croacia', 1410.85, '2023-11-15 15:34:04', '2023-11-15 15:34:04'),
(1047, 'Martín', 3, 1, 'Burkina Faso', 9691.93, '2023-11-15 15:34:04', '2023-11-15 15:34:04'),
(1048, 'Santino', 3, 0, 'Libia', 7071.03, '2023-11-15 15:34:04', '2023-11-15 15:34:04'),
(1049, 'Josefa', 3, 1, 'Afganistán', 3944.35, '2023-11-15 15:34:04', '2023-11-15 15:34:04'),
(1050, 'Juan Sebastián', 1, 1, 'Palaos', 7592.26, '2023-11-15 15:34:04', '2023-11-15 15:34:04'),
(1051, 'Antonio', 2, 0, 'Sudáfrica', 6017.02, '2023-11-15 15:34:04', '2023-11-15 15:34:04'),
(1052, 'Franco', 1, 0, 'Guinea Ecuatorial', 9727.94, '2023-11-15 15:34:04', '2023-11-15 15:34:04'),
(1053, 'Dante', 3, 0, 'Gambia', 5051.73, '2023-11-15 15:34:04', '2023-11-15 15:34:04'),
(1054, 'Emiliano', 1, 0, 'Marruecos', 1890.30, '2023-11-15 15:34:04', '2023-11-15 15:34:04'),
(1055, 'Franco', 1, 1, 'España', 4425.26, '2023-11-15 15:34:04', '2023-11-15 15:34:04'),
(1056, 'Paula', 5, 0, 'Burundi', 6604.75, '2023-11-15 15:34:04', '2023-11-15 15:34:04'),
(1057, 'Leonardo', 3, 0, 'Gabón', 5800.74, '2023-11-15 15:34:04', '2023-11-15 15:34:04'),
(1058, 'Bautista', 5, 1, 'Burkina Faso', 3551.61, '2023-11-15 15:34:04', '2023-11-15 15:34:04'),
(1059, 'Antonella', 2, 0, 'Kazajistán', 3216.65, '2023-11-15 15:34:04', '2023-11-15 15:34:04'),
(1060, 'Manuel', 3, 1, 'Guinea', 9393.23, '2023-11-15 15:34:04', '2023-11-15 15:34:04'),
(1061, 'Damián', 5, 1, 'Kiribati', 6216.73, '2023-11-15 15:34:04', '2023-11-15 15:34:04'),
(1062, 'Martina', 1, 0, 'Corea del Sur', 9402.50, '2023-11-15 15:34:04', '2023-11-15 15:34:04'),
(1063, 'Ashley', 5, 1, 'Samoa', 2237.73, '2023-11-15 15:34:04', '2023-11-15 15:34:04'),
(1064, 'Matthew', 1, 0, 'Serbia', 476.66, '2023-11-15 15:34:04', '2023-11-15 15:34:04'),
(1065, 'Sara', 2, 0, 'Francia', 347.25, '2023-11-15 15:34:04', '2023-11-15 15:34:04'),
(1066, 'Fabiana', 3, 1, 'Argentina', 3827.28, '2023-11-15 15:34:04', '2023-11-15 15:34:04'),
(1067, 'Luciana', 1, 0, 'San Marino', 308.58, '2023-11-15 15:34:04', '2023-11-15 15:34:04'),
(1068, 'Alma', 4, 0, 'Mauricio', 2472.85, '2023-11-15 15:34:04', '2023-11-15 15:34:04'),
(1069, 'Laura', 1, 1, 'Austria', 6274.03, '2023-11-15 15:34:04', '2023-11-15 15:34:04'),
(1070, 'Valeria', 1, 0, 'República Centroafricana', 353.37, '2023-11-15 15:34:04', '2023-11-15 15:34:04'),
(1071, 'Abigail', 4, 1, 'Nicaragua', 8241.48, '2023-11-15 15:34:04', '2023-11-15 15:34:04'),
(1072, 'Jesús', 4, 0, 'Suiza', 150.87, '2023-11-15 15:34:04', '2023-11-15 15:34:04'),
(1073, 'María Paula', 3, 1, 'Bolivia', 241.94, '2023-11-15 15:34:04', '2023-11-15 15:34:04'),
(1074, 'Lucía', 4, 0, 'Zambia', 3502.72, '2023-11-15 15:34:04', '2023-11-15 15:34:04'),
(1075, 'Antonella', 3, 1, 'Sierra Leona', 1345.06, '2023-11-15 15:34:04', '2023-11-15 15:34:04'),
(1076, 'Mario', 4, 1, 'Baréin', 2222.90, '2023-11-15 15:34:04', '2023-11-15 15:34:04'),
(1077, 'Kevin', 1, 0, 'Nueva Zelanda', 2239.67, '2023-11-15 15:34:04', '2023-11-15 15:34:04'),
(1078, 'Samuel', 5, 1, 'Guinea', 6835.80, '2023-11-15 15:34:04', '2023-11-15 15:34:04'),
(1079, 'Jerónimo', 1, 0, 'Corea del Sur', 5032.33, '2023-11-15 15:34:04', '2023-11-15 15:34:04'),
(1080, 'Violeta', 3, 0, 'Bulgaria', 8021.77, '2023-11-15 15:34:04', '2023-11-15 15:34:04'),
(1081, 'Nahuel', 4, 0, 'Namibia', 7980.93, '2023-11-15 15:34:04', '2023-11-15 15:34:04'),
(1082, 'María Camila', 3, 1, 'Países Bajos', 9900.25, '2023-11-15 15:34:04', '2023-11-15 15:34:04'),
(1083, 'Romina', 3, 0, 'Irlanda', 2727.25, '2023-11-15 15:34:04', '2023-11-15 15:34:04'),
(1084, 'Elizabeth', 5, 1, 'Ecuador', 3678.01, '2023-11-15 15:34:04', '2023-11-15 15:34:04'),
(1085, 'Violeta', 1, 1, 'Burkina Faso', 6981.93, '2023-11-15 15:34:04', '2023-11-15 15:34:04'),
(1086, 'Valentino', 5, 1, 'Micronesia', 1245.46, '2023-11-15 15:34:04', '2023-11-15 15:34:04'),
(1087, 'Miguel', 5, 0, 'Vanuatu', 2800.53, '2023-11-15 15:34:04', '2023-11-15 15:34:04'),
(1088, 'Santiago', 5, 0, 'Birmania', 2146.12, '2023-11-15 15:34:04', '2023-11-15 15:34:04'),
(1089, 'Juan José', 4, 1, 'Estados Unidos de América', 87.34, '2023-11-15 15:34:04', '2023-11-15 15:34:04'),
(1090, 'Emily', 1, 0, 'Ruanda', 1488.73, '2023-11-15 15:34:04', '2023-11-15 15:34:04'),
(1091, 'Sara Sofía', 4, 0, 'Libia', 9062.76, '2023-11-15 15:34:04', '2023-11-15 15:34:04'),
(1092, 'Fernando', 3, 1, 'Jamaica', 7471.99, '2023-11-15 15:34:04', '2023-11-15 15:34:04'),
(1093, 'Ana', 4, 1, 'Cuba', 4944.90, '2023-11-15 15:34:04', '2023-11-15 15:34:04'),
(1094, 'Hugo', 5, 0, 'Australia', 5207.77, '2023-11-15 15:34:04', '2023-11-15 15:34:04'),
(1095, 'Rebeca', 5, 1, 'Angola', 1144.74, '2023-11-15 15:34:04', '2023-11-15 15:34:04'),
(1096, 'Ignacio', 2, 0, 'Macedonia', 1506.89, '2023-11-15 15:34:04', '2023-11-15 15:34:04'),
(1097, 'Juan Martín', 5, 0, 'Montenegro', 2035.95, '2023-11-15 15:34:04', '2023-11-15 15:34:04'),
(1098, 'Christian', 3, 0, 'Surinam', 1472.64, '2023-11-15 15:34:04', '2023-11-15 15:34:04'),
(1099, 'Ian', 1, 0, 'Bahamas', 183.75, '2023-11-15 15:34:04', '2023-11-15 15:34:04');

-- --------------------------------------------------------

--
-- Estructura de tabla para la tabla `migrations`
--

CREATE TABLE `migrations` (
  `id` int(10) UNSIGNED NOT NULL,
  `migration` varchar(255) NOT NULL,
  `batch` int(11) NOT NULL
) ENGINE=InnoDB DEFAULT CHARSET=utf8mb4 COLLATE=utf8mb4_unicode_ci;

--
-- Volcado de datos para la tabla `migrations`
--

INSERT INTO `migrations` (`id`, `migration`, `batch`) VALUES
(7, '2014_10_12_000000_create_users_table', 1),
(8, '2014_10_12_100000_create_password_reset_tokens_table', 1),
(9, '2019_08_19_000000_create_failed_jobs_table', 1),
(10, '2019_12_14_000001_create_personal_access_tokens_table', 1),
(11, '2023_11_07_161509_create_libros_table', 1),
(12, '2023_11_07_161612_create_editorials_table', 1),
(13, '2014_10_12_100000_create_password_resets_table', 2);

-- --------------------------------------------------------

--
-- Estructura de tabla para la tabla `password_resets`
--

CREATE TABLE `password_resets` (
  `email` varchar(255) NOT NULL,
  `token` varchar(255) NOT NULL,
  `created_at` timestamp NULL DEFAULT NULL
) ENGINE=InnoDB DEFAULT CHARSET=utf8mb4 COLLATE=utf8mb4_unicode_ci;

-- --------------------------------------------------------

--
-- Estructura de tabla para la tabla `password_reset_tokens`
--

CREATE TABLE `password_reset_tokens` (
  `email` varchar(255) NOT NULL,
  `token` varchar(255) NOT NULL,
  `created_at` timestamp NULL DEFAULT NULL
) ENGINE=InnoDB DEFAULT CHARSET=utf8mb4 COLLATE=utf8mb4_unicode_ci;

-- --------------------------------------------------------

--
-- Estructura de tabla para la tabla `personal_access_tokens`
--

CREATE TABLE `personal_access_tokens` (
  `id` bigint(20) UNSIGNED NOT NULL,
  `tokenable_type` varchar(255) NOT NULL,
  `tokenable_id` bigint(20) UNSIGNED NOT NULL,
  `name` varchar(255) NOT NULL,
  `token` varchar(64) NOT NULL,
  `abilities` text DEFAULT NULL,
  `last_used_at` timestamp NULL DEFAULT NULL,
  `expires_at` timestamp NULL DEFAULT NULL,
  `created_at` timestamp NULL DEFAULT NULL,
  `updated_at` timestamp NULL DEFAULT NULL
) ENGINE=InnoDB DEFAULT CHARSET=utf8mb4 COLLATE=utf8mb4_unicode_ci;

-- --------------------------------------------------------

--
-- Estructura de tabla para la tabla `users`
--

CREATE TABLE `users` (
  `id` bigint(20) UNSIGNED NOT NULL,
  `name` varchar(255) NOT NULL,
  `email` varchar(255) NOT NULL,
  `email_verified_at` timestamp NULL DEFAULT NULL,
  `password` varchar(255) NOT NULL,
  `remember_token` varchar(100) DEFAULT NULL,
  `created_at` timestamp NULL DEFAULT NULL,
  `updated_at` timestamp NULL DEFAULT NULL
) ENGINE=InnoDB DEFAULT CHARSET=utf8mb4 COLLATE=utf8mb4_unicode_ci;

--
-- Índices para tablas volcadas
--

--
-- Indices de la tabla `editorials`
--
ALTER TABLE `editorials`
  ADD PRIMARY KEY (`id`);

--
-- Indices de la tabla `failed_jobs`
--
ALTER TABLE `failed_jobs`
  ADD PRIMARY KEY (`id`),
  ADD UNIQUE KEY `failed_jobs_uuid_unique` (`uuid`);

--
-- Indices de la tabla `libros`
--
ALTER TABLE `libros`
  ADD PRIMARY KEY (`id`);

--
-- Indices de la tabla `migrations`
--
ALTER TABLE `migrations`
  ADD PRIMARY KEY (`id`);

--
-- Indices de la tabla `password_resets`
--
ALTER TABLE `password_resets`
  ADD KEY `password_resets_email_index` (`email`);

--
-- Indices de la tabla `password_reset_tokens`
--
ALTER TABLE `password_reset_tokens`
  ADD PRIMARY KEY (`email`);

--
-- Indices de la tabla `personal_access_tokens`
--
ALTER TABLE `personal_access_tokens`
  ADD PRIMARY KEY (`id`),
  ADD UNIQUE KEY `personal_access_tokens_token_unique` (`token`),
  ADD KEY `personal_access_tokens_tokenable_type_tokenable_id_index` (`tokenable_type`,`tokenable_id`);

--
-- Indices de la tabla `users`
--
ALTER TABLE `users`
  ADD PRIMARY KEY (`id`),
  ADD UNIQUE KEY `users_email_unique` (`email`);

--
-- AUTO_INCREMENT de las tablas volcadas
--

--
-- AUTO_INCREMENT de la tabla `editorials`
--
ALTER TABLE `editorials`
  MODIFY `id` bigint(20) UNSIGNED NOT NULL AUTO_INCREMENT, AUTO_INCREMENT=31;

--
-- AUTO_INCREMENT de la tabla `failed_jobs`
--
ALTER TABLE `failed_jobs`
  MODIFY `id` bigint(20) UNSIGNED NOT NULL AUTO_INCREMENT;

--
-- AUTO_INCREMENT de la tabla `libros`
--
ALTER TABLE `libros`
  MODIFY `id` bigint(20) UNSIGNED NOT NULL AUTO_INCREMENT, AUTO_INCREMENT=1100;

--
-- AUTO_INCREMENT de la tabla `migrations`
--
ALTER TABLE `migrations`
  MODIFY `id` int(10) UNSIGNED NOT NULL AUTO_INCREMENT, AUTO_INCREMENT=14;

--
-- AUTO_INCREMENT de la tabla `personal_access_tokens`
--
ALTER TABLE `personal_access_tokens`
  MODIFY `id` bigint(20) UNSIGNED NOT NULL AUTO_INCREMENT;

--
-- AUTO_INCREMENT de la tabla `users`
--
ALTER TABLE `users`
  MODIFY `id` bigint(20) UNSIGNED NOT NULL AUTO_INCREMENT;
COMMIT;

/*!40101 SET CHARACTER_SET_CLIENT=@OLD_CHARACTER_SET_CLIENT */;
/*!40101 SET CHARACTER_SET_RESULTS=@OLD_CHARACTER_SET_RESULTS */;
/*!40101 SET COLLATION_CONNECTION=@OLD_COLLATION_CONNECTION */;
