-- phpMyAdmin SQL Dump
-- version 4.9.2
-- https://www.phpmyadmin.net/
--
-- Host: 127.0.0.1
-- Generation Time: Jun 01, 2020 at 08:20 AM
-- Server version: 10.4.10-MariaDB
-- PHP Version: 7.3.12

SET SQL_MODE = "NO_AUTO_VALUE_ON_ZERO";
SET AUTOCOMMIT = 0;
START TRANSACTION;
SET time_zone = "+00:00";


/*!40101 SET @OLD_CHARACTER_SET_CLIENT=@@CHARACTER_SET_CLIENT */;
/*!40101 SET @OLD_CHARACTER_SET_RESULTS=@@CHARACTER_SET_RESULTS */;
/*!40101 SET @OLD_COLLATION_CONNECTION=@@COLLATION_CONNECTION */;
/*!40101 SET NAMES utf8mb4 */;

--
-- Database: `olshop`
--

-- --------------------------------------------------------

--
-- Table structure for table `admin`
--

CREATE TABLE `admin` (
  `users_id` int(11) NOT NULL,
  `name` varchar(255) CHARACTER SET utf8mb4 COLLATE utf8mb4_unicode_ci NOT NULL,
  `email` varchar(255) CHARACTER SET utf8mb4 COLLATE utf8mb4_unicode_ci NOT NULL,
  `password` varchar(255) CHARACTER SET utf8mb4 COLLATE utf8mb4_unicode_ci NOT NULL,
  `remember_token` varchar(255) CHARACTER SET utf8mb4 COLLATE utf8mb4_unicode_ci DEFAULT NULL
) ENGINE=InnoDB DEFAULT CHARSET=utf8 COLLATE=utf8_unicode_ci;

--
-- Dumping data for table `admin`
--

INSERT INTO `admin` (`users_id`, `name`, `email`, `password`, `remember_token`) VALUES
(1, 'admin', 'admin@admin.com', '$2y$10$FD1MU/8KpC3ckdvD/WsLJe8doZQFH2KCnpmfU0KZBWiRbYTr01BiW', 'Al5W0uOwOet2svCNodMUvoZ8dXkUd065KhvAARFQvo1c8egQ6OVlLMzFrH8F'),
(2, 'minh', 'minh.d2610@gmail.com', '$2y$10$FD1MU/8KpC3ckdvD/WsLJe8doZQFH2KCnpmfU0KZBWiRbYTr01BiW', '9nVvsXub5PcOt5dTd0aadgwlrUmLYmiAflzTRp81IaW9JThwxyCYTZ40LjAL');

-- --------------------------------------------------------

--
-- Table structure for table `barang`
--

CREATE TABLE `barang` (
  `barang_id` int(11) NOT NULL,
  `nama` varchar(255) CHARACTER SET utf8mb4 COLLATE utf8mb4_unicode_ci NOT NULL,
  `keterangan` text CHARACTER SET utf8mb4 COLLATE utf8mb4_unicode_ci NOT NULL,
  `kategori_id` int(11) NOT NULL,
  `harga` int(11) NOT NULL,
  `stock` int(11) NOT NULL,
  `status_id` int(11) NOT NULL DEFAULT 1
) ENGINE=InnoDB DEFAULT CHARSET=utf8mb4 COLLATE=utf8mb4_unicode_520_ci;

--
-- Dumping data for table `barang`
--

INSERT INTO `barang` (`barang_id`, `nama`, `keterangan`, `kategori_id`, `harga`, `stock`, `status_id`) VALUES
(31, 'Hoa xuong rong', '<p>123</p>', 3, 123, 123, 1),
(33, 'Hoa xương rồng', '<p>Little afraid its eat looked now. Very ye lady girl them good me make. It hardly cousin me always. An shortly village is raising we shewing replied. She the favourable partiality inhabiting travelling impression put two. His six are entreaties instrument acceptance unsatiable her. Amongst as or on herself chapter entered carried no. Sold old ten are quit lose deal his sent. You correct how sex several far distant believe journey parties. We shyness enquire uncivil affixed it carried to.&nbsp;</p>\r\n\r\n<p>Fat son how smiling mrs natural expense anxious friends. Boy scale enjoy ask abode fanny being son. As material in learning subjects so improved feelings. Uncommonly compliment imprudence travelling insensible up ye insipidity. To up painted delight winding as brandon. Gay regret eat looked warmth easily far should now. Prospect at me wandered on extended wondered thoughts appetite to. Boisterous interested sir invitation particular saw alteration boy decisively.&nbsp;</p>', 3, 123000, 123, 1),
(34, 'Nike', '<p><em><strong>KHUYẾN MẠI:</strong></em></p>\r\n\r\n<p><em><strong>►&nbsp;COMBO&nbsp;qu&agrave; tặng:&nbsp;01&nbsp;Gymsack Azzurro +&nbsp;01&nbsp;Tất +&nbsp;01&nbsp;PMH trị gi&aacute;&nbsp;50.000đ&nbsp;cho lần mua sau.</strong></em></p>\r\n\r\n<p><em><strong>► FREESHIP&nbsp;chuyển ph&aacute;t nhanh khi thanh to&aacute;n&nbsp;chuyển khoản&nbsp;hoặc h&oacute;a đơn tr&ecirc;n&nbsp;</strong><strong>1.500.000đ</strong></em></p>\r\n\r\n<p><em><strong>►&nbsp;DISCOUNT&nbsp;ngay&nbsp;</strong><strong>100.000đ</strong><strong>&nbsp;cho mỗi h&oacute;a đơn trị gi&aacute; từ&nbsp;</strong><strong>3.000.000đ</strong><strong>&nbsp;trở l&ecirc;n.</strong></em></p>\r\n\r\n<p><img alt=\"\" src=\"https://azzurro-sport.com/wp-content/uploads/2020/03/Nike-Phantom-Venom-Academy-FG-AO0566-801.png\" style=\"height:200px; width:200px\" /></p>\r\n\r\n<p><em>&clubs;&nbsp;</em>&nbsp;<em>Lưu &yacute;:</em>&nbsp;khuyến mại kh&ocirc;ng &aacute;p dụng với c&aacute;c sản phẩm&nbsp;<em><strong><a href=\"https://azzurro-sport.com/?s=OUTLET&amp;post_type=product\">OUTLET&nbsp;</a></strong></em><em><a href=\"https://azzurro-sport.com/?s=OUTLET&amp;post_type=product\">(</a></em><em><a href=\"https://azzurro-sport.com/?s=OUTLET&amp;post_type=product\">bấm v&agrave;o đ&acirc;y để xem chi tiết</a><strong><a href=\"https://azzurro-sport.com/?s=OUTLET&amp;post_type=product\">)</a></strong></em></p>\r\n\r\n<p>Qu&yacute; kh&aacute;ch vui l&ograve;ng inbox trực tiếp qua&nbsp;<em><a href=\"https://www.facebook.com/azzurro.sport.35\"><strong>Facebook&nbsp;</strong>(bấm v&agrave;o đ&acirc;y)</a></em>&nbsp;hoặc li&ecirc;n hệ&nbsp;<em><strong>hotline</strong></em>&nbsp;<strong>0906.895.305<em>&nbsp;(Zalo)&nbsp;</em></strong>để nhận được sự tư vấn v&agrave; hỗ trợ đặt h&agrave;ng. Ngo&agrave;i ra, ngay sau khi&nbsp;<em><strong>ho&agrave;n th&agrave;nh đặt h&agrave;n</strong></em><strong><em>g&nbsp;</em></strong>qua giao diện website, qu&yacute; kh&aacute;ch c&oacute; thể li&ecirc;n hệ theo c&aacute;ch n&agrave;y để&nbsp;<a href=\"https://www.facebook.com/azzurro.sport.35\"><em><strong>Azzurro Sport</strong></em></a>&nbsp;hỗ trợ xử l&iacute; đơn h&agrave;ng&nbsp;<strong><em>nhanh nhất</em></strong>. Xin tr&acirc;n trọng cảm ơn!</p>\r\n\r\n<p><strong>&nbsp;Để quy đổi từ size EUR sang size US &ndash; UK &ndash; cm vui l&ograve;ng</strong>&nbsp;<em><strong><a href=\"https://azzurro-sport.com/tin-tuc-review/hoi-dap-tu-van/bang-size-giay-va-huong-dan-chon-size\">bấm v&agrave;o đ&acirc;y.</a></strong></em></p>', 3, 1800000, 12, 1);

-- --------------------------------------------------------

--
-- Table structure for table `base64`
--

CREATE TABLE `base64` (
  `base64_id` int(11) NOT NULL,
  `barang_id` int(11) NOT NULL,
  `nama` text CHARACTER SET utf8mb4 COLLATE utf8mb4_unicode_ci NOT NULL
) ENGINE=InnoDB DEFAULT CHARSET=latin1;

--
-- Dumping data for table `base64`
--

INSERT INTO `base64` (`base64_id`, `barang_id`, `nama`) VALUES
(1, 20, 'aHR0cDovL2xvY2FsaG9zdC9hZG1pbi1vbHNob3AvcHVibGljL2ltYWdlL29wcG8uanBlZw=='),
(2, 21, 'aHR0cDovL2xvY2FsaG9zdC9hZG1pbi1vbHNob3AvcHVibGljL2ltYWdlL3NpcndhbGpvZ2dlci5qcGVn'),
(3, 22, 'aHR0cDovL2xvY2FsaG9zdC9hZG1pbi1vbHNob3AvcHVibGljL2ltYWdlL2Rvd25sb2FkICgyKS5qcGVn'),
(4, 23, 'aHR0cDovL2xvY2FsaG9zdC9hZG1pbi1vbHNob3AvcHVibGljL2ltYWdlL2Rvd25sb2FkLmpwZWc='),
(5, 24, 'aHR0cDovL2xvY2FsaG9zdC9hZG1pbi1vbHNob3AvcHVibGljL2ltYWdlL2NlbGFuYV9wcmlhX1RSS18xOF83Ny5qcGc='),
(6, 25, 'aHR0cDovL2xvY2FsaG9zdC9hZG1pbi1vbHNob3AvcHVibGljL2ltYWdlLzI5MDk2MTM0XzE0MjgxNjkxODA2MjcwODJfMzk4NzIwMjM2NDkwOTAyNzMyOF9uLmpwZw=='),
(7, 26, 'aHR0cDovL2xvY2FsaG9zdC9hZG1pbi1vbHNob3AvcHVibGljL2ltYWdlL2Rvd25sb2FkICgxKS5qcGVn'),
(8, 27, 'aHR0cDovL2xvY2FsaG9zdC9hZG1pbi1vbHNob3AvcHVibGljL2ltYWdlL2Rvd25sb2FkICgzKS5qcGVn'),
(9, 28, 'aHR0cDovL2xvY2FsaG9zdC9hZG1pbi1vbHNob3AvcHVibGljL2ltYWdlLzI4NzYyOTk2XzE1ODM5OTQ0NjgzMDIzODBfMTY0Njg5MDQwMDYwMzk2MzM5Ml9uLmpwZw=='),
(10, 29, 'aHR0cDovL2xvY2FsaG9zdC9hZG1pbi1vbHNob3AvcHVibGljL2ltYWdlLzE3NTk2MTE2Xzk5Mjk1NDgxNDE3NTE3M183MzcxMjA1Nzg3NDYyNDAyMDQ4X24uanBn'),
(11, 30, 'aHR0cDovL2xvY2FsaG9zdC9hZG1pbi1vbHNob3AvcHVibGljL2ltYWdlLzI5MDkzNTY3XzU2NzMwNDA1Njk3Njk2M184ODg1NDgwODQzNjQ1MDI2MzA0X24uanBn'),
(12, 31, 'aHR0cDovL2xvY2FsaG9zdDo4MDgwL2FkbWluLW9sc2hvcC9wdWJsaWMvaW1hZ2UvSU1HXzEyNTEuSlBH'),
(13, 32, 'aHR0cDovL2xvY2FsaG9zdDo4MDgwL2FkbWluLW9sc2hvcC9wdWJsaWMvaW1hZ2UvSU1HXzEyNTUuSlBH'),
(14, 33, 'aHR0cDovL2xvY2FsaG9zdDo4MDgwL2FkbWluLW9sc2hvcC9wdWJsaWMvaW1hZ2UvSU1HXzExMTEuSlBH'),
(15, 34, 'aHR0cDovL2xvY2FsaG9zdDo4MDgwL2FkbWluLW9sc2hvcC9wdWJsaWMvaW1hZ2UvSU1HXzA2MTUuSlBH');

-- --------------------------------------------------------

--
-- Table structure for table `kategori`
--

CREATE TABLE `kategori` (
  `kategori_id` int(11) NOT NULL,
  `nama` varchar(255) CHARACTER SET utf8mb4 COLLATE utf8mb4_unicode_ci NOT NULL
) ENGINE=InnoDB DEFAULT CHARSET=latin1;

--
-- Dumping data for table `kategori`
--

INSERT INTO `kategori` (`kategori_id`, `nama`) VALUES
(3, 'Áo sơ mi'),
(4, 'Quần âu'),
(5, 'Áo thun');

-- --------------------------------------------------------

--
-- Table structure for table `konfirmasi`
--

CREATE TABLE `konfirmasi` (
  `konfirmasi_id` int(11) NOT NULL,
  `users_id` int(11) NOT NULL,
  `pesanan_id` int(11) NOT NULL,
  `photo` text CHARACTER SET utf8mb4 COLLATE utf8mb4_unicode_ci DEFAULT NULL
) ENGINE=InnoDB DEFAULT CHARSET=latin1;

--
-- Dumping data for table `konfirmasi`
--

INSERT INTO `konfirmasi` (`konfirmasi_id`, `users_id`, `pesanan_id`, `photo`) VALUES
(1, 1, 9, '23'),
(6, 1, 11, NULL),
(7, 1, 12, NULL),
(8, 1, 13, NULL),
(9, 1, 14, NULL);

-- --------------------------------------------------------

--
-- Table structure for table `pesanan`
--

CREATE TABLE `pesanan` (
  `pesanan_id` int(11) NOT NULL,
  `users_id` int(11) NOT NULL,
  `nama_penerima` varchar(255) CHARACTER SET utf8mb4 COLLATE utf8mb4_unicode_ci NOT NULL,
  `phoneNumber` varchar(20) CHARACTER SET utf8mb4 COLLATE utf8mb4_unicode_ci NOT NULL,
  `alamat` text CHARACTER SET utf8mb4 COLLATE utf8mb4_unicode_ci NOT NULL,
  `total_bayar` decimal(10,2) NOT NULL,
  `status_invoice_id` int(11) NOT NULL DEFAULT 1,
  `tanggal` date DEFAULT NULL
) ENGINE=InnoDB DEFAULT CHARSET=latin1;

--
-- Dumping data for table `pesanan`
--

INSERT INTO `pesanan` (`pesanan_id`, `users_id`, `nama_penerima`, `phoneNumber`, `alamat`, `total_bayar`, `status_invoice_id`, `tanggal`) VALUES
(9, 1, 'Dương Minh', '', 'uyg78g87y', '123000.00', 3, NULL),
(10, 1, 'Dương Minh', '', '121fre rth6', '1923000.00', 1, NULL),
(11, 1, 'Dương Minh', '', '121fre rth6', '1923000.00', 4, NULL),
(12, 1, 'ret4', 't34', '4t125r23', '1800000.00', 4, NULL),
(13, 1, 'Minh', '0366351566', '123 miad 324', '123000.00', 3, NULL),
(14, 1, 'Minh', '0366351566', 'Tòa nhà IPH, 241 Xuân Thủy, Dịch Vọng Hậu, Cầu Giấy, Hà Nội', '123.00', 1, NULL);

-- --------------------------------------------------------

--
-- Table structure for table `pesanan_barang`
--

CREATE TABLE `pesanan_barang` (
  `pesanan_barang_id` int(11) NOT NULL,
  `pesanan_id` int(11) NOT NULL,
  `barang_id` int(11) NOT NULL,
  `qty` int(11) NOT NULL,
  `subtotal` decimal(10,2) NOT NULL
) ENGINE=InnoDB DEFAULT CHARSET=latin1;

--
-- Dumping data for table `pesanan_barang`
--

INSERT INTO `pesanan_barang` (`pesanan_barang_id`, `pesanan_id`, `barang_id`, `qty`, `subtotal`) VALUES
(11, 9, 33, 1, '123000.00'),
(12, 10, 33, 1, '123000.00'),
(13, 10, 34, 1, '1800000.00'),
(14, 11, 33, 1, '123000.00'),
(15, 11, 34, 1, '1800000.00'),
(16, 12, 34, 1, '1800000.00'),
(17, 13, 33, 1, '123000.00'),
(18, 14, 31, 1, '123.00');

-- --------------------------------------------------------

--
-- Table structure for table `photo`
--

CREATE TABLE `photo` (
  `photo_id` int(11) NOT NULL,
  `barang_id` int(11) NOT NULL,
  `nama` text CHARACTER SET utf8mb4 COLLATE utf8mb4_unicode_ci NOT NULL
) ENGINE=InnoDB DEFAULT CHARSET=latin1;

--
-- Dumping data for table `photo`
--

INSERT INTO `photo` (`photo_id`, `barang_id`, `nama`) VALUES
(1, 13, 'sirwaljogger.jpeg'),
(2, 14, 'sirwaljogger.jpeg'),
(3, 15, 'levis.jpeg'),
(4, 16, 'jogger.jpeg'),
(5, 17, 'levis-wanita.jpeg'),
(6, 18, 'levis.jpeg'),
(8, 20, 'oppo.jpeg'),
(23, 31, 'IMG_1251.JPG'),
(25, 33, 'IMG_1111.JPG'),
(26, 34, 'IMG_0615.JPG');

-- --------------------------------------------------------

--
-- Table structure for table `status`
--

CREATE TABLE `status` (
  `status_id` int(11) NOT NULL,
  `nama` varchar(255) CHARACTER SET utf8mb4 COLLATE utf8mb4_unicode_ci NOT NULL
) ENGINE=InnoDB DEFAULT CHARSET=latin1;

--
-- Dumping data for table `status`
--

INSERT INTO `status` (`status_id`, `nama`) VALUES
(1, 'Hiển thị'),
(2, 'Ẩn');

-- --------------------------------------------------------

--
-- Table structure for table `status_invoice`
--

CREATE TABLE `status_invoice` (
  `status_invoice_id` int(11) NOT NULL,
  `nama` varchar(255) CHARACTER SET utf8mb4 COLLATE utf8mb4_unicode_ci NOT NULL
) ENGINE=InnoDB DEFAULT CHARSET=latin1;

--
-- Dumping data for table `status_invoice`
--

INSERT INTO `status_invoice` (`status_invoice_id`, `nama`) VALUES
(1, 'Chưa thanh toán'),
(2, 'Đợi xác nhận'),
(3, 'Đã thanh toán'),
(4, 'Từ chối');

-- --------------------------------------------------------

--
-- Table structure for table `users`
--

CREATE TABLE `users` (
  `users_id` int(11) NOT NULL,
  `name` varchar(255) CHARACTER SET utf8mb4 COLLATE utf8mb4_unicode_ci NOT NULL,
  `email` varchar(255) CHARACTER SET utf8mb4 COLLATE utf8mb4_unicode_ci NOT NULL,
  `password` varchar(255) CHARACTER SET utf8mb4 COLLATE utf8mb4_unicode_ci NOT NULL,
  `remember_token` varchar(255) CHARACTER SET utf8mb4 COLLATE utf8mb4_unicode_ci DEFAULT NULL
) ENGINE=InnoDB DEFAULT CHARSET=latin1;

--
-- Dumping data for table `users`
--

INSERT INTO `users` (`users_id`, `name`, `email`, `password`, `remember_token`) VALUES
(1, 'minh', 'a@g.c', '$2y$10$FD1MU/8KpC3ckdvD/WsLJe8doZQFH2KCnpmfU0KZBWiRbYTr01BiW', 'KEGj4yf9a9D7XV5hE5xhdY9QLfzZ05N1btTPjOibnQkLxuvPFXYb4OAn8fVx'),
(2, 'minh', 'aa@g.c', '$2y$10$1CTe5I/Tz4JkUi4QMch7ZeuLg/zvTX92JH5Wevo9gt0Eo7c5ZyFI6', 'F7CnwYbHKvLYsWqBPSsq1b000o1Tbo1Z3H8GyJozeUcqIbGiazgH3zuMKSud');

--
-- Indexes for dumped tables
--

--
-- Indexes for table `admin`
--
ALTER TABLE `admin`
  ADD PRIMARY KEY (`users_id`);

--
-- Indexes for table `barang`
--
ALTER TABLE `barang`
  ADD PRIMARY KEY (`barang_id`),
  ADD KEY `barang_id` (`barang_id`),
  ADD KEY `kategori_id` (`kategori_id`);

--
-- Indexes for table `base64`
--
ALTER TABLE `base64`
  ADD PRIMARY KEY (`base64_id`);

--
-- Indexes for table `kategori`
--
ALTER TABLE `kategori`
  ADD PRIMARY KEY (`kategori_id`),
  ADD KEY `kategori_id` (`kategori_id`);

--
-- Indexes for table `konfirmasi`
--
ALTER TABLE `konfirmasi`
  ADD PRIMARY KEY (`konfirmasi_id`);

--
-- Indexes for table `pesanan`
--
ALTER TABLE `pesanan`
  ADD PRIMARY KEY (`pesanan_id`);

--
-- Indexes for table `pesanan_barang`
--
ALTER TABLE `pesanan_barang`
  ADD PRIMARY KEY (`pesanan_barang_id`);

--
-- Indexes for table `photo`
--
ALTER TABLE `photo`
  ADD PRIMARY KEY (`photo_id`);

--
-- Indexes for table `status`
--
ALTER TABLE `status`
  ADD PRIMARY KEY (`status_id`);

--
-- Indexes for table `status_invoice`
--
ALTER TABLE `status_invoice`
  ADD PRIMARY KEY (`status_invoice_id`);

--
-- Indexes for table `users`
--
ALTER TABLE `users`
  ADD PRIMARY KEY (`users_id`);

--
-- AUTO_INCREMENT for dumped tables
--

--
-- AUTO_INCREMENT for table `admin`
--
ALTER TABLE `admin`
  MODIFY `users_id` int(11) NOT NULL AUTO_INCREMENT, AUTO_INCREMENT=3;

--
-- AUTO_INCREMENT for table `barang`
--
ALTER TABLE `barang`
  MODIFY `barang_id` int(11) NOT NULL AUTO_INCREMENT, AUTO_INCREMENT=35;

--
-- AUTO_INCREMENT for table `base64`
--
ALTER TABLE `base64`
  MODIFY `base64_id` int(11) NOT NULL AUTO_INCREMENT, AUTO_INCREMENT=16;

--
-- AUTO_INCREMENT for table `kategori`
--
ALTER TABLE `kategori`
  MODIFY `kategori_id` int(11) NOT NULL AUTO_INCREMENT, AUTO_INCREMENT=6;

--
-- AUTO_INCREMENT for table `konfirmasi`
--
ALTER TABLE `konfirmasi`
  MODIFY `konfirmasi_id` int(11) NOT NULL AUTO_INCREMENT, AUTO_INCREMENT=10;

--
-- AUTO_INCREMENT for table `pesanan`
--
ALTER TABLE `pesanan`
  MODIFY `pesanan_id` int(11) NOT NULL AUTO_INCREMENT, AUTO_INCREMENT=15;

--
-- AUTO_INCREMENT for table `pesanan_barang`
--
ALTER TABLE `pesanan_barang`
  MODIFY `pesanan_barang_id` int(11) NOT NULL AUTO_INCREMENT, AUTO_INCREMENT=19;

--
-- AUTO_INCREMENT for table `photo`
--
ALTER TABLE `photo`
  MODIFY `photo_id` int(11) NOT NULL AUTO_INCREMENT, AUTO_INCREMENT=27;

--
-- AUTO_INCREMENT for table `status`
--
ALTER TABLE `status`
  MODIFY `status_id` int(11) NOT NULL AUTO_INCREMENT, AUTO_INCREMENT=3;

--
-- AUTO_INCREMENT for table `status_invoice`
--
ALTER TABLE `status_invoice`
  MODIFY `status_invoice_id` int(11) NOT NULL AUTO_INCREMENT, AUTO_INCREMENT=5;

--
-- AUTO_INCREMENT for table `users`
--
ALTER TABLE `users`
  MODIFY `users_id` int(11) NOT NULL AUTO_INCREMENT, AUTO_INCREMENT=3;
COMMIT;

/*!40101 SET CHARACTER_SET_CLIENT=@OLD_CHARACTER_SET_CLIENT */;
/*!40101 SET CHARACTER_SET_RESULTS=@OLD_CHARACTER_SET_RESULTS */;
/*!40101 SET COLLATION_CONNECTION=@OLD_COLLATION_CONNECTION */;
