-- phpMyAdmin SQL Dump
-- version 5.1.1
-- https://www.phpmyadmin.net/
--
-- Servidor: 127.0.0.1
-- Tiempo de generación: 28-09-2021 a las 22:46:50
-- Versión del servidor: 10.4.20-MariaDB
-- Versión de PHP: 8.0.9

SET SQL_MODE = "NO_AUTO_VALUE_ON_ZERO";
START TRANSACTION;
SET time_zone = "+00:00";


/*!40101 SET @OLD_CHARACTER_SET_CLIENT=@@CHARACTER_SET_CLIENT */;
/*!40101 SET @OLD_CHARACTER_SET_RESULTS=@@CHARACTER_SET_RESULTS */;
/*!40101 SET @OLD_COLLATION_CONNECTION=@@COLLATION_CONNECTION */;
/*!40101 SET NAMES utf8mb4 */;

--
-- Base de datos: `escuela`
--

-- --------------------------------------------------------

--
-- Estructura de tabla para la tabla `alumno`
--

CREATE TABLE `alumno` (
  `Matricula` varchar(50) NOT NULL,
  `Password` varchar(100) DEFAULT NULL,
  `Nombres` varchar(60) NOT NULL,
  `Apellido_Paterno` varchar(60) NOT NULL,
  `Apellido_Materno` varchar(60) NOT NULL,
  `Fecha_Nacimiento` date DEFAULT NULL,
  `Sexo` int(1) DEFAULT NULL,
  `Curp` varchar(50) DEFAULT NULL,
  `Nacionalidad` varchar(60) DEFAULT NULL,
  `Estado` varchar(60) DEFAULT NULL,
  `Municipio` varchar(100) DEFAULT NULL,
  `Codigo_Postal` varchar(20) DEFAULT NULL,
  `Estado_Actual` varchar(60) DEFAULT NULL,
  `Municipio_Actual` varchar(100) DEFAULT NULL,
  `Localidad_Actual` varchar(60) DEFAULT NULL,
  `Calle_Actual` text DEFAULT NULL,
  `No_Exterior` varchar(20) DEFAULT NULL,
  `No_Interior` varchar(20) DEFAULT NULL,
  `Correo_Electronico` varchar(100) DEFAULT NULL,
  `Telefono` varchar(50) DEFAULT NULL,
  `Telefono_Movil` varchar(50) DEFAULT NULL,
  `Telefono_Emergencia` varchar(50) DEFAULT NULL,
  `Sangre` varchar(20) DEFAULT NULL,
  `Nombre_tutor` varchar(100) DEFAULT NULL,
  `Telefono_Tutor` varchar(100) DEFAULT NULL,
  `Domicilio` text DEFAULT NULL,
  `Id_Salon` varchar(3) NOT NULL
) ENGINE=InnoDB DEFAULT CHARSET=utf8;

--
-- Volcado de datos para la tabla `alumno`
--

INSERT INTO `alumno` (`Matricula`, `Password`, `Nombres`, `Apellido_Paterno`, `Apellido_Materno`, `Fecha_Nacimiento`, `Sexo`, `Curp`, `Nacionalidad`, `Estado`, `Municipio`, `Codigo_Postal`, `Estado_Actual`, `Municipio_Actual`, `Localidad_Actual`, `Calle_Actual`, `No_Exterior`, `No_Interior`, `Correo_Electronico`, `Telefono`, `Telefono_Movil`, `Telefono_Emergencia`, `Sangre`, `Nombre_tutor`, `Telefono_Tutor`, `Domicilio`, `Id_Salon`) VALUES
('ADRVAZ209', NULL, 'ADRIANA ALEJANDRA', 'VAZQUEZ', 'GARCIA', NULL, NULL, NULL, NULL, NULL, NULL, NULL, NULL, NULL, NULL, NULL, NULL, NULL, NULL, NULL, NULL, NULL, NULL, NULL, NULL, NULL, '003'),
('ALBGON202', NULL, 'ALBERTO', 'GONZALEZ', 'PALMA', NULL, NULL, NULL, NULL, NULL, NULL, NULL, NULL, NULL, NULL, NULL, NULL, NULL, NULL, NULL, NULL, NULL, NULL, NULL, NULL, NULL, '003'),
('ALDMU?108', NULL, 'ALDO', 'MU?OZ', 'VEGA', NULL, NULL, NULL, NULL, NULL, NULL, NULL, NULL, NULL, NULL, NULL, NULL, NULL, NULL, NULL, NULL, NULL, NULL, NULL, NULL, NULL, '001'),
('ALDMU?358', NULL, 'ALDO', 'MU?OZ', 'VEGA', NULL, NULL, NULL, NULL, NULL, NULL, NULL, NULL, NULL, NULL, NULL, NULL, NULL, NULL, NULL, NULL, NULL, NULL, NULL, NULL, NULL, '006'),
('ALEROM107', NULL, 'ALEXIS', 'ROMERO', 'ZEMPOALTECA', NULL, NULL, NULL, NULL, NULL, NULL, NULL, NULL, NULL, NULL, NULL, NULL, NULL, NULL, NULL, NULL, NULL, NULL, NULL, NULL, NULL, '001'),
('ALEROM357', NULL, 'ALEXIS', 'ROMERO', 'ZEMPOALTECA', NULL, NULL, NULL, NULL, NULL, NULL, NULL, NULL, NULL, NULL, NULL, NULL, NULL, NULL, NULL, NULL, NULL, NULL, NULL, NULL, NULL, '006'),
('ALESOL251', NULL, 'ALEXIS', 'SOLIS', 'HERNANDEZ', NULL, NULL, NULL, NULL, NULL, NULL, NULL, NULL, NULL, NULL, NULL, NULL, NULL, NULL, NULL, NULL, NULL, NULL, NULL, NULL, NULL, '004'),
('ALIAYA303', NULL, 'ALIN ARIANA', 'AYALA', 'VAZQUEZ', NULL, NULL, NULL, NULL, NULL, NULL, NULL, NULL, NULL, NULL, NULL, NULL, NULL, NULL, NULL, NULL, NULL, NULL, NULL, NULL, NULL, '005'),
('ANALUC106', NULL, 'ANA KAREN', 'LUCERO', 'OLVERA', NULL, NULL, NULL, NULL, NULL, NULL, NULL, NULL, NULL, NULL, NULL, NULL, NULL, NULL, NULL, NULL, NULL, NULL, NULL, NULL, NULL, '001'),
('ANALUC356', NULL, 'ANA KAREN', 'LUCERO', 'OLVERA', NULL, NULL, NULL, NULL, NULL, NULL, NULL, NULL, NULL, NULL, NULL, NULL, NULL, NULL, NULL, NULL, NULL, NULL, NULL, NULL, NULL, '006'),
('ANTPER110', NULL, 'ANTONIO', 'PEREZ', 'CUAPIO', NULL, NULL, NULL, NULL, NULL, NULL, NULL, NULL, NULL, NULL, NULL, NULL, NULL, NULL, NULL, NULL, NULL, NULL, NULL, NULL, NULL, '001'),
('ANTPER360', NULL, 'ANTONIO', 'PEREZ', 'CUAPIO', NULL, NULL, NULL, NULL, NULL, NULL, NULL, NULL, NULL, NULL, NULL, NULL, NULL, NULL, NULL, NULL, NULL, NULL, NULL, NULL, NULL, '006'),
('ARTZEM214', NULL, 'ARTURO', 'ZEMPOALTECA', 'MONTIEL', NULL, NULL, NULL, NULL, NULL, NULL, NULL, NULL, NULL, NULL, NULL, NULL, NULL, NULL, NULL, NULL, NULL, NULL, NULL, NULL, NULL, '003'),
('BRULOP201', NULL, 'BRUNO DE JESUS', 'LOPEZ', 'BARRERA', NULL, NULL, NULL, NULL, NULL, NULL, NULL, NULL, NULL, NULL, NULL, NULL, NULL, NULL, NULL, NULL, NULL, NULL, NULL, NULL, NULL, '003'),
('BRUROD215', NULL, 'BRUNO ESTEBAN', 'RODRIGUEZ', 'VELAZQUEZ', NULL, NULL, NULL, NULL, NULL, NULL, NULL, NULL, NULL, NULL, NULL, NULL, NULL, NULL, NULL, NULL, NULL, NULL, NULL, NULL, NULL, '003'),
('BRYCAL217', NULL, 'BRYAN', 'CALDERON', 'SALAZAR', NULL, NULL, NULL, NULL, NULL, NULL, NULL, NULL, NULL, NULL, NULL, NULL, NULL, NULL, NULL, NULL, NULL, NULL, NULL, NULL, NULL, '003'),
('CLADIA156', NULL, 'CLARA STEFANY', 'DIAZ', 'RODRIGUEZ', NULL, NULL, NULL, NULL, NULL, NULL, NULL, NULL, NULL, NULL, NULL, NULL, NULL, NULL, NULL, NULL, NULL, NULL, NULL, NULL, NULL, '002'),
('CRUVAZ253', NULL, 'CRUZ IHUAZUKI', 'VAZQUEZ', 'DE GABRIEL', NULL, NULL, NULL, NULL, NULL, NULL, NULL, NULL, NULL, NULL, NULL, NULL, NULL, NULL, NULL, NULL, NULL, NULL, NULL, NULL, NULL, '004'),
('EDNSAN159', NULL, 'EDNA DANIELA', 'SANCHEZ', 'CARPIO', NULL, NULL, NULL, NULL, NULL, NULL, NULL, NULL, NULL, NULL, NULL, NULL, NULL, NULL, NULL, NULL, NULL, NULL, NULL, NULL, NULL, '002'),
('ELISAN300', NULL, 'ELIN HERNAN', 'SANCHEZ', 'ROJAS', NULL, NULL, NULL, NULL, NULL, NULL, NULL, NULL, NULL, NULL, NULL, NULL, NULL, NULL, NULL, NULL, NULL, NULL, NULL, NULL, NULL, '005'),
('EVESAN152', NULL, 'EVELYN', 'SANTACRUZ', 'RAMOS', NULL, NULL, NULL, NULL, NULL, NULL, NULL, NULL, NULL, NULL, NULL, NULL, NULL, NULL, NULL, NULL, NULL, NULL, NULL, NULL, NULL, '002'),
('FANCUA204', NULL, 'FANY', 'CUATIANQUIZ', 'MELENDEZ', NULL, NULL, NULL, NULL, NULL, NULL, NULL, NULL, NULL, NULL, NULL, NULL, NULL, NULL, NULL, NULL, NULL, NULL, NULL, NULL, NULL, '003'),
('FLASOS219', NULL, 'FLAVIO XICOTENCATL', 'SOSA', 'HERNANDEZ', NULL, NULL, NULL, NULL, NULL, NULL, NULL, NULL, NULL, NULL, NULL, NULL, NULL, NULL, NULL, NULL, NULL, NULL, NULL, NULL, NULL, '003'),
('FLOPED200', NULL, 'FLORINA', 'PEDROZA', 'MONTALVO', NULL, NULL, NULL, NULL, NULL, NULL, NULL, NULL, NULL, NULL, NULL, NULL, NULL, NULL, NULL, NULL, NULL, NULL, NULL, NULL, NULL, '003'),
('GABCUA213', NULL, 'GABRIEL', 'CUATEPOTZO', 'XOCHIHUA', NULL, NULL, NULL, NULL, NULL, NULL, NULL, NULL, NULL, NULL, NULL, NULL, NULL, NULL, NULL, NULL, NULL, NULL, NULL, NULL, NULL, '003'),
('GABXOC206', NULL, 'GABRIELA', 'XOCHIMATZI', 'TLACOTZI', NULL, NULL, NULL, NULL, NULL, NULL, NULL, NULL, NULL, NULL, NULL, NULL, NULL, NULL, NULL, NULL, NULL, NULL, NULL, NULL, NULL, '003'),
('GUAGON153', NULL, 'GUADALUPE', 'GONZALEZ', 'SANCHEZ', NULL, NULL, NULL, NULL, NULL, NULL, NULL, NULL, NULL, NULL, NULL, NULL, NULL, NULL, NULL, NULL, NULL, NULL, NULL, NULL, NULL, '002'),
('HIRTEP208', NULL, 'HIRAM', 'TEPATZI', 'MORALES', NULL, NULL, NULL, NULL, NULL, NULL, NULL, NULL, NULL, NULL, NULL, NULL, NULL, NULL, NULL, NULL, NULL, NULL, NULL, NULL, NULL, '003'),
('IRASAN100', NULL, 'IRAIS ESTEFANIA', 'SANCHEZ', 'GARCIA', NULL, NULL, NULL, NULL, NULL, NULL, NULL, NULL, NULL, NULL, NULL, NULL, NULL, NULL, NULL, NULL, NULL, NULL, NULL, NULL, NULL, '001'),
('IRASAN350', NULL, 'IRAIS ESTEFANIA', 'SANCHEZ', 'GARCIA', NULL, NULL, NULL, NULL, NULL, NULL, NULL, NULL, NULL, NULL, NULL, NULL, NULL, NULL, NULL, NULL, NULL, NULL, NULL, NULL, NULL, '006'),
('IVAMEL305', NULL, 'IVAN', 'MELENDEZ', 'VERGARA', NULL, NULL, NULL, NULL, NULL, NULL, NULL, NULL, NULL, NULL, NULL, NULL, NULL, NULL, NULL, NULL, NULL, NULL, NULL, NULL, NULL, '005'),
('JAFMON252', NULL, 'JAFET JAIR', 'MONTIEL', 'CARRASCO', NULL, NULL, NULL, NULL, NULL, NULL, NULL, NULL, NULL, NULL, NULL, NULL, NULL, NULL, NULL, NULL, NULL, NULL, NULL, NULL, NULL, '004'),
('JONFLO250', NULL, 'JONATHAN', 'FLORES', 'ACATITLA', NULL, NULL, NULL, NULL, NULL, NULL, NULL, NULL, NULL, NULL, NULL, NULL, NULL, NULL, NULL, NULL, NULL, NULL, NULL, NULL, NULL, '004'),
('JOSHER304', NULL, 'JOSE GUADALUPE', 'HERNANDEZ', 'ORTIZ', NULL, NULL, NULL, NULL, NULL, NULL, NULL, NULL, NULL, NULL, NULL, NULL, NULL, NULL, NULL, NULL, NULL, NULL, NULL, NULL, NULL, '005'),
('JUAGAR254', NULL, 'JUAN CARLOS', 'GARCIA', 'MU?OZ', NULL, NULL, NULL, NULL, NULL, NULL, NULL, NULL, NULL, NULL, NULL, NULL, NULL, NULL, NULL, NULL, NULL, NULL, NULL, NULL, NULL, '004'),
('JUALAN101', NULL, 'JUAN MANUEL', 'LANZAGORTA', 'PEREZ', NULL, NULL, NULL, NULL, NULL, NULL, NULL, NULL, NULL, NULL, NULL, NULL, NULL, NULL, NULL, NULL, NULL, NULL, NULL, NULL, NULL, '001'),
('JUALAN351', NULL, 'JUAN MANUEL', 'LANZAGORTA', 'PEREZ', NULL, NULL, NULL, NULL, NULL, NULL, NULL, NULL, NULL, NULL, NULL, NULL, NULL, NULL, NULL, NULL, NULL, NULL, NULL, NULL, NULL, '006'),
('KARANG301', NULL, 'KAREN JAZMIN', 'ANGULO', 'AGUILAR', NULL, NULL, NULL, NULL, NULL, NULL, NULL, NULL, NULL, NULL, NULL, NULL, NULL, NULL, NULL, NULL, NULL, NULL, NULL, NULL, NULL, '005'),
('LAUPI?218', NULL, 'LAURA', 'PI?A', 'LUCIO', NULL, NULL, NULL, NULL, NULL, NULL, NULL, NULL, NULL, NULL, NULL, NULL, NULL, NULL, NULL, NULL, NULL, NULL, NULL, NULL, NULL, '003'),
('LAUVEN155', NULL, 'LAURA BERENICE', 'VENTURA', 'CHAVEZ', NULL, NULL, NULL, NULL, NULL, NULL, NULL, NULL, NULL, NULL, NULL, NULL, NULL, NULL, NULL, NULL, NULL, NULL, NULL, NULL, NULL, '002'),
('LEOARE302', NULL, 'LEONARDO', 'ARENAS', 'GARCIA', NULL, NULL, NULL, NULL, NULL, NULL, NULL, NULL, NULL, NULL, NULL, NULL, NULL, NULL, NULL, NULL, NULL, NULL, NULL, NULL, NULL, '005'),
('LILSAN151', NULL, 'LILIANA', 'SANTACRUZ', 'RAMOS', NULL, NULL, NULL, NULL, NULL, NULL, NULL, NULL, NULL, NULL, NULL, NULL, NULL, NULL, NULL, NULL, NULL, NULL, NULL, NULL, NULL, '002'),
('MARCUA205', NULL, 'MARIA FERNANDA', 'CUAPIO', 'TEXIS', NULL, NULL, NULL, NULL, NULL, NULL, NULL, NULL, NULL, NULL, NULL, NULL, NULL, NULL, NULL, NULL, NULL, NULL, NULL, NULL, NULL, '003'),
('MARFLO102', NULL, 'MARLEN', 'FLORES', 'RODRIGUEZ', NULL, NULL, NULL, NULL, NULL, NULL, NULL, NULL, NULL, NULL, NULL, NULL, NULL, NULL, NULL, NULL, NULL, NULL, NULL, NULL, NULL, '001'),
('MARFLO203', NULL, 'MARIEL', 'FLORES', 'GONZALEZ', NULL, NULL, NULL, NULL, NULL, NULL, NULL, NULL, NULL, NULL, NULL, NULL, NULL, NULL, NULL, NULL, NULL, NULL, NULL, NULL, NULL, '003'),
('MARFLO352', NULL, 'MARLEN', 'FLORES', 'RODRIGUEZ', NULL, NULL, NULL, NULL, NULL, NULL, NULL, NULL, NULL, NULL, NULL, NULL, NULL, NULL, NULL, NULL, NULL, NULL, NULL, NULL, NULL, '006'),
('MARJIM160', NULL, 'MARIA GUADALUPE', 'JIMENEZ', 'RANGEL', NULL, NULL, NULL, NULL, NULL, NULL, NULL, NULL, NULL, NULL, NULL, NULL, NULL, NULL, NULL, NULL, NULL, NULL, NULL, NULL, NULL, '002'),
('MARPER211', NULL, 'MARICRUZ', 'PEREZ', 'MORALES', NULL, NULL, NULL, NULL, NULL, NULL, NULL, NULL, NULL, NULL, NULL, NULL, NULL, NULL, NULL, NULL, NULL, NULL, NULL, NULL, NULL, '003'),
('MARVEL150', NULL, 'MARIA DEL CARMEN', 'VELAZQUEZ', 'GARCIA', NULL, NULL, NULL, NULL, NULL, NULL, NULL, NULL, NULL, NULL, NULL, NULL, NULL, NULL, NULL, NULL, NULL, NULL, NULL, NULL, NULL, '002'),
('MAYPER154', NULL, 'MAYDELINE', 'PEREZ', 'CUAPIO', NULL, NULL, NULL, NULL, NULL, NULL, NULL, NULL, NULL, NULL, NULL, NULL, NULL, NULL, NULL, NULL, NULL, NULL, NULL, NULL, NULL, '002'),
('MIGLOP207', NULL, 'MIGUEL ANGEL', 'LOPEZ', 'PEREZ', NULL, NULL, NULL, NULL, NULL, NULL, NULL, NULL, NULL, NULL, NULL, NULL, NULL, NULL, NULL, NULL, NULL, NULL, NULL, NULL, NULL, '003'),
('MIRCON161', NULL, 'MIRIAM', 'CONDE', 'LIRA', NULL, NULL, NULL, NULL, NULL, NULL, NULL, NULL, NULL, NULL, NULL, NULL, NULL, NULL, NULL, NULL, NULL, NULL, NULL, NULL, NULL, '002'),
('MIRRAM109', NULL, 'MIRELLA', 'RAMIREZ', 'PLUMA', NULL, NULL, NULL, NULL, NULL, NULL, NULL, NULL, NULL, NULL, NULL, NULL, NULL, NULL, NULL, NULL, NULL, NULL, NULL, NULL, NULL, '001'),
('MIRRAM158', NULL, 'MIRELLA', 'RAMIREZ', 'PLUMA', NULL, NULL, NULL, NULL, NULL, NULL, NULL, NULL, NULL, NULL, NULL, NULL, NULL, NULL, NULL, NULL, NULL, NULL, NULL, NULL, NULL, '002'),
('MIRRAM359', NULL, 'MIRELLA', 'RAMIREZ', 'PLUMA', NULL, NULL, NULL, NULL, NULL, NULL, NULL, NULL, NULL, NULL, NULL, NULL, NULL, NULL, NULL, NULL, NULL, NULL, NULL, NULL, NULL, '006'),
('NETCUA157', NULL, 'NETZAHUAL EDWIN', 'CUATECONTZI', 'NETZAHUAL', NULL, NULL, NULL, NULL, NULL, NULL, NULL, NULL, NULL, NULL, NULL, NULL, NULL, NULL, NULL, NULL, NULL, NULL, NULL, NULL, NULL, '002'),
('OCTFLO210', NULL, 'OCTAVIO', 'FLORES', 'GONZALEZ', NULL, NULL, NULL, NULL, NULL, NULL, NULL, NULL, NULL, NULL, NULL, NULL, NULL, NULL, NULL, NULL, NULL, NULL, NULL, NULL, NULL, '003'),
('OMACIS220', NULL, 'OMAR', 'CISNEROS', 'AGUILA', NULL, NULL, NULL, NULL, NULL, NULL, NULL, NULL, NULL, NULL, NULL, NULL, NULL, NULL, NULL, NULL, NULL, NULL, NULL, NULL, NULL, '003'),
('OMAFLO105', NULL, 'OMAR JUAN', 'FLORES', 'LIMA', NULL, NULL, NULL, NULL, NULL, NULL, NULL, NULL, NULL, NULL, NULL, NULL, NULL, NULL, NULL, NULL, NULL, NULL, NULL, NULL, NULL, '001'),
('OMAFLO355', NULL, 'OMAR JUAN', 'FLORES', 'LIMA', NULL, NULL, NULL, NULL, NULL, NULL, NULL, NULL, NULL, NULL, NULL, NULL, NULL, NULL, NULL, NULL, NULL, NULL, NULL, NULL, NULL, '006'),
('OMAPER400', NULL, 'OMAR', 'PEREZ', 'SANDOVAL', NULL, NULL, NULL, NULL, NULL, NULL, NULL, NULL, NULL, NULL, NULL, NULL, NULL, NULL, NULL, NULL, NULL, NULL, NULL, NULL, NULL, '007'),
('PAOZEC216', NULL, 'PAOLA DENISSE', 'ZECUA', 'MARTINEZ', NULL, NULL, NULL, NULL, NULL, NULL, NULL, NULL, NULL, NULL, NULL, NULL, NULL, NULL, NULL, NULL, NULL, NULL, NULL, NULL, NULL, '003'),
('REYGEO103', NULL, 'REYNALDA', 'GEORGE', 'HERNANDEZ', NULL, NULL, NULL, NULL, NULL, NULL, NULL, NULL, NULL, NULL, NULL, NULL, NULL, NULL, NULL, NULL, NULL, NULL, NULL, NULL, NULL, '001'),
('REYGEO353', NULL, 'REYNALDA', 'GEORGE', 'HERNANDEZ', NULL, NULL, NULL, NULL, NULL, NULL, NULL, NULL, NULL, NULL, NULL, NULL, NULL, NULL, NULL, NULL, NULL, NULL, NULL, NULL, NULL, '006'),
('URIVAZ104', NULL, 'URIEL ARTURO', 'VAZQUEZ', 'CARRASCO', NULL, NULL, NULL, NULL, NULL, NULL, NULL, NULL, NULL, NULL, NULL, NULL, NULL, NULL, NULL, NULL, NULL, NULL, NULL, NULL, NULL, '001'),
('URIVAZ354', NULL, 'URIEL ARTURO', 'VAZQUEZ', 'CARRASCO', NULL, NULL, NULL, NULL, NULL, NULL, NULL, NULL, NULL, NULL, NULL, NULL, NULL, NULL, NULL, NULL, NULL, NULL, NULL, NULL, NULL, '006'),
('YARVAZ212', NULL, 'YARATH YAMILET', 'VAZQUEZ', 'VASQUEZ', NULL, NULL, NULL, NULL, NULL, NULL, NULL, NULL, NULL, NULL, NULL, NULL, NULL, NULL, NULL, NULL, NULL, NULL, NULL, NULL, NULL, '003');

-- --------------------------------------------------------

--
-- Estructura de tabla para la tabla `profesores`
--

CREATE TABLE `profesores` (
  `Matricula` varchar(50) NOT NULL,
  `Password` varchar(100) DEFAULT NULL,
  `Nombres` varchar(60) NOT NULL,
  `Apellido_Paterno` varchar(60) NOT NULL,
  `Apellido_Materno` varchar(60) NOT NULL,
  `Fecha_Nacimiento` date DEFAULT NULL,
  `Sexo` int(1) DEFAULT NULL,
  `Curp` varchar(50) DEFAULT NULL,
  `Nacionalidad` varchar(60) DEFAULT NULL,
  `Estado` varchar(60) DEFAULT NULL,
  `Municipio` varchar(100) DEFAULT NULL,
  `Codigo_Postal` varchar(20) DEFAULT NULL,
  `Estado_Actual` varchar(60) DEFAULT NULL,
  `Municipio_Actual` varchar(100) DEFAULT NULL,
  `Localidad_Actual` varchar(60) DEFAULT NULL,
  `Calle_Actual` text DEFAULT NULL,
  `No_Exterior` varchar(20) DEFAULT NULL,
  `No_Interior` varchar(20) DEFAULT NULL,
  `Correo_Electronico` varchar(100) DEFAULT NULL,
  `Telefono` varchar(50) DEFAULT NULL,
  `Telefono_Movil` varchar(50) DEFAULT NULL,
  `Telefono_Emergencia` varchar(50) DEFAULT NULL,
  `Sangre` varchar(20) DEFAULT NULL
) ENGINE=InnoDB DEFAULT CHARSET=utf8;

--
-- Volcado de datos para la tabla `profesores`
--

INSERT INTO `profesores` (`Matricula`, `Password`, `Nombres`, `Apellido_Paterno`, `Apellido_Materno`, `Fecha_Nacimiento`, `Sexo`, `Curp`, `Nacionalidad`, `Estado`, `Municipio`, `Codigo_Postal`, `Estado_Actual`, `Municipio_Actual`, `Localidad_Actual`, `Calle_Actual`, `No_Exterior`, `No_Interior`, `Correo_Electronico`, `Telefono`, `Telefono_Movil`, `Telefono_Emergencia`, `Sangre`) VALUES
('ADEROM100', NULL, 'ADELINA', 'ROMERO', 'CORTERO', NULL, NULL, NULL, NULL, NULL, NULL, NULL, NULL, NULL, NULL, NULL, NULL, NULL, NULL, NULL, NULL, NULL, NULL),
('ALEAGU101', NULL, 'ALEJANDRO', 'AGUAYO', 'LUNA', NULL, NULL, NULL, NULL, NULL, NULL, NULL, NULL, NULL, NULL, NULL, NULL, NULL, NULL, NULL, NULL, NULL, NULL),
('ALEMOR102', NULL, 'ALEJANDRO', 'MORALES', 'CERVANTES', NULL, NULL, NULL, NULL, NULL, NULL, NULL, NULL, NULL, NULL, NULL, NULL, NULL, NULL, NULL, NULL, NULL, NULL),
('ANAROD103', NULL, 'ANAHI', 'RODRIGUEZ', 'NETZAHUAL', NULL, NULL, NULL, NULL, NULL, NULL, NULL, NULL, NULL, NULL, NULL, NULL, NULL, NULL, NULL, NULL, NULL, NULL),
('BERPER104', NULL, 'BERTINI', 'PEREZ', 'ALARCON', NULL, NULL, NULL, NULL, NULL, NULL, NULL, NULL, NULL, NULL, NULL, NULL, NULL, NULL, NULL, NULL, NULL, NULL),
('CARBUG123', NULL, 'CAROL', 'BUGARIN', 'DIAZ', NULL, NULL, NULL, NULL, NULL, NULL, NULL, NULL, NULL, NULL, NULL, NULL, NULL, NULL, NULL, NULL, NULL, NULL),
('CARURI105', NULL, 'CAROL ZAHARA', 'URIARTE', 'BUGARIN', NULL, NULL, NULL, NULL, NULL, NULL, NULL, NULL, NULL, NULL, NULL, NULL, NULL, NULL, NULL, NULL, NULL, NULL),
('CLAAGU106', NULL, 'CLAUDIA', 'AGUILAR', 'OLAYA', NULL, NULL, NULL, NULL, NULL, NULL, NULL, NULL, NULL, NULL, NULL, NULL, NULL, NULL, NULL, NULL, NULL, NULL),
('CYNCOR136', NULL, 'CYNTHIA', 'CORONA', 'MORENO', NULL, NULL, NULL, NULL, NULL, NULL, NULL, NULL, NULL, NULL, NULL, NULL, NULL, NULL, NULL, NULL, NULL, NULL),
('DANZU?107', NULL, 'DANIELA', 'ZU?IGA', 'P?REZ', NULL, NULL, NULL, NULL, NULL, NULL, NULL, NULL, NULL, NULL, NULL, NULL, NULL, NULL, NULL, NULL, NULL, NULL),
('EDIBER108', NULL, 'EDITH', 'BERNABE', 'AGUIRRE', NULL, NULL, NULL, NULL, NULL, NULL, NULL, NULL, NULL, NULL, NULL, NULL, NULL, NULL, NULL, NULL, NULL, NULL),
('ESTHER110', NULL, 'ESTEFANY', 'HERNANDEZ', 'GONZALEZ', NULL, NULL, NULL, NULL, NULL, NULL, NULL, NULL, NULL, NULL, NULL, NULL, NULL, NULL, NULL, NULL, NULL, NULL),
('IRVL?P111', NULL, 'IRVING', 'L?PEZ', 'ESPINOZA', NULL, NULL, NULL, NULL, NULL, NULL, NULL, NULL, NULL, NULL, NULL, NULL, NULL, NULL, NULL, NULL, NULL, NULL),
('JAVEST112', NULL, 'JAVIER', 'ESTRADA', 'ATEMIZ', NULL, NULL, NULL, NULL, NULL, NULL, NULL, NULL, NULL, NULL, NULL, NULL, NULL, NULL, NULL, NULL, NULL, NULL),
('JAVMEN113', NULL, 'JAVIER', 'MENDIETA', 'PADILLA', NULL, NULL, NULL, NULL, NULL, NULL, NULL, NULL, NULL, NULL, NULL, NULL, NULL, NULL, NULL, NULL, NULL, NULL),
('JENHER114', NULL, 'JENNE', 'HERNANDEZ', 'ROMERO', NULL, NULL, NULL, NULL, NULL, NULL, NULL, NULL, NULL, NULL, NULL, NULL, NULL, NULL, NULL, NULL, NULL, NULL),
('JESRIV115', NULL, 'JESUS', 'RIVERA', 'COYOTZI', NULL, NULL, NULL, NULL, NULL, NULL, NULL, NULL, NULL, NULL, NULL, NULL, NULL, NULL, NULL, NULL, NULL, NULL),
('JOEJIM117', NULL, 'JOEL ANGEL', 'JIMENEZ', 'MARQUEZ', NULL, NULL, NULL, NULL, NULL, NULL, NULL, NULL, NULL, NULL, NULL, NULL, NULL, NULL, NULL, NULL, NULL, NULL),
('JOESOS116', NULL, 'JOEL', 'SOSA', 'DOMINGUEZ', NULL, NULL, NULL, NULL, NULL, NULL, NULL, NULL, NULL, NULL, NULL, NULL, NULL, NULL, NULL, NULL, NULL, NULL),
('JONS?N137', NULL, 'JONATHAN', 'S?NCHEZ', 'VARGAS', NULL, NULL, NULL, NULL, NULL, NULL, NULL, NULL, NULL, NULL, NULL, NULL, NULL, NULL, NULL, NULL, NULL, NULL),
('JORRAM119', NULL, 'JORGE LUIS', 'RAMIREZ', 'ALCOCER', NULL, NULL, NULL, NULL, NULL, NULL, NULL, NULL, NULL, NULL, NULL, NULL, NULL, NULL, NULL, NULL, NULL, NULL),
('JULCUA118', NULL, 'JULIO CESAR', 'CUAMATZI', 'CABRERA', NULL, NULL, NULL, NULL, NULL, NULL, NULL, NULL, NULL, NULL, NULL, NULL, NULL, NULL, NULL, NULL, NULL, NULL),
('KARPER120', NULL, 'KAREN', 'PEREZ', 'MENESES', NULL, NULL, NULL, NULL, NULL, NULL, NULL, NULL, NULL, NULL, NULL, NULL, NULL, NULL, NULL, NULL, NULL, NULL),
('LILMEN121', NULL, 'LILIANA', 'MENESES', 'NU?EZ', NULL, NULL, NULL, NULL, NULL, NULL, NULL, NULL, NULL, NULL, NULL, NULL, NULL, NULL, NULL, NULL, NULL, NULL),
('LUIROD109', NULL, 'LUIS ENRIQUE', 'RODRIGUEZ', 'CUAXILO', NULL, NULL, NULL, NULL, NULL, NULL, NULL, NULL, NULL, NULL, NULL, NULL, NULL, NULL, NULL, NULL, NULL, NULL),
('MELMOR122', NULL, 'MELISSA MARIA', 'MORENO', 'GONZ?LEZ', NULL, NULL, NULL, NULL, NULL, NULL, NULL, NULL, NULL, NULL, NULL, NULL, NULL, NULL, NULL, NULL, NULL, NULL),
('MIGZEC124', NULL, 'MIGUEL ANGEL', 'ZECUA', 'MENESES', NULL, NULL, NULL, NULL, NULL, NULL, NULL, NULL, NULL, NULL, NULL, NULL, NULL, NULL, NULL, NULL, NULL, NULL),
('MONMUR125', NULL, 'MONICA', 'MURGO', 'TISCARE?O', NULL, NULL, NULL, NULL, NULL, NULL, NULL, NULL, NULL, NULL, NULL, NULL, NULL, NULL, NULL, NULL, NULL, NULL),
('PATNET126', NULL, 'PATRICIA', 'NETZAHUALCOYOTL', 'ILHUICATZI', NULL, NULL, NULL, NULL, NULL, NULL, NULL, NULL, NULL, NULL, NULL, NULL, NULL, NULL, NULL, NULL, NULL, NULL),
('QUIMON127', NULL, 'QUITZE', 'MONTEALEGRE', 'CARRO', NULL, NULL, NULL, NULL, NULL, NULL, NULL, NULL, NULL, NULL, NULL, NULL, NULL, NULL, NULL, NULL, NULL, NULL),
('ROCARA128', NULL, 'ROCIO', 'ARANA', 'AGUILAR', NULL, NULL, NULL, NULL, NULL, NULL, NULL, NULL, NULL, NULL, NULL, NULL, NULL, NULL, NULL, NULL, NULL, NULL),
('ROCGON129', NULL, 'ROCIO GRACIELA', 'GONZ?LEZ', 'SERRANO', NULL, NULL, NULL, NULL, NULL, NULL, NULL, NULL, NULL, NULL, NULL, NULL, NULL, NULL, NULL, NULL, NULL, NULL),
('RUBHER133', NULL, 'RUBEN', 'HERRERA', 'ESPINOZA', NULL, NULL, NULL, NULL, NULL, NULL, NULL, NULL, NULL, NULL, NULL, NULL, NULL, NULL, NULL, NULL, NULL, NULL),
('SERARE130', NULL, 'SERGIO ROBERTO', 'ARELLANO', 'ALONSO', NULL, NULL, NULL, NULL, NULL, NULL, NULL, NULL, NULL, NULL, NULL, NULL, NULL, NULL, NULL, NULL, NULL, NULL),
('SILEST132', NULL, 'SILVIA', 'ESTRADA', 'MU?OZ', NULL, NULL, NULL, NULL, NULL, NULL, NULL, NULL, NULL, NULL, NULL, NULL, NULL, NULL, NULL, NULL, NULL, NULL),
('SILPER131', NULL, 'SILVERIO', 'PEREZ', 'FLORES', NULL, NULL, NULL, NULL, NULL, NULL, NULL, NULL, NULL, NULL, NULL, NULL, NULL, NULL, NULL, NULL, NULL, NULL),
('VICMUR134', NULL, 'VICTOR HUGO', 'MURGO', 'TISCARE?O', NULL, NULL, NULL, NULL, NULL, NULL, NULL, NULL, NULL, NULL, NULL, NULL, NULL, NULL, NULL, NULL, NULL, NULL),
('YANYA?135', NULL, 'YANET', 'YA?EZ', 'PEREZ', NULL, NULL, NULL, NULL, NULL, NULL, NULL, NULL, NULL, NULL, NULL, NULL, NULL, NULL, NULL, NULL, NULL, NULL);

-- --------------------------------------------------------

--
-- Estructura de tabla para la tabla `salones`
--

CREATE TABLE `salones` (
  `Id_Salon` varchar(3) NOT NULL,
  `Nombre_carrera` varchar(100) NOT NULL,
  `Cuatrimestre` int(3) NOT NULL,
  `Turno` varchar(50) NOT NULL
) ENGINE=InnoDB DEFAULT CHARSET=utf8;

--
-- Volcado de datos para la tabla `salones`
--

INSERT INTO `salones` (`Id_Salon`, `Nombre_carrera`, `Cuatrimestre`, `Turno`) VALUES
('001', 'Derecho', 1, 'Sabatino'),
('002', 'Pedagogia', 1, 'Sabatino'),
('003', 'Psicologia', 1, 'Sabatino'),
('004', 'Contabilidad', 1, 'Sabatino'),
('005', 'Administracion', 1, 'Sabatino'),
('006', 'Criminalistica', 1, 'Sabatino'),
('007', 'Criminologia', 1, 'Sabatino');

-- --------------------------------------------------------

--
-- Estructura de tabla para la tabla `salones_profesores`
--

CREATE TABLE `salones_profesores` (
  `Matricula_Alumno` varchar(50) NOT NULL,
  `Matricula_Profesor` varchar(50) NOT NULL
) ENGINE=InnoDB DEFAULT CHARSET=utf8;

--
-- Índices para tablas volcadas
--

--
-- Indices de la tabla `alumno`
--
ALTER TABLE `alumno`
  ADD PRIMARY KEY (`Matricula`),
  ADD KEY `Id_Salon` (`Id_Salon`);

--
-- Indices de la tabla `profesores`
--
ALTER TABLE `profesores`
  ADD PRIMARY KEY (`Matricula`);

--
-- Indices de la tabla `salones`
--
ALTER TABLE `salones`
  ADD PRIMARY KEY (`Id_Salon`);

--
-- Indices de la tabla `salones_profesores`
--
ALTER TABLE `salones_profesores`
  ADD KEY `Matricula_Alumno` (`Matricula_Alumno`),
  ADD KEY `Matricula_Profesor` (`Matricula_Profesor`);

--
-- Restricciones para tablas volcadas
--

--
-- Filtros para la tabla `alumno`
--
ALTER TABLE `alumno`
  ADD CONSTRAINT `alumno_ibfk_1` FOREIGN KEY (`Id_Salon`) REFERENCES `salones` (`Id_Salon`) ON DELETE CASCADE ON UPDATE CASCADE;

--
-- Filtros para la tabla `salones_profesores`
--
ALTER TABLE `salones_profesores`
  ADD CONSTRAINT `salones_profesores_ibfk_1` FOREIGN KEY (`Matricula_Alumno`) REFERENCES `alumno` (`Matricula`) ON DELETE CASCADE ON UPDATE CASCADE,
  ADD CONSTRAINT `salones_profesores_ibfk_2` FOREIGN KEY (`Matricula_Profesor`) REFERENCES `profesores` (`Matricula`) ON DELETE CASCADE ON UPDATE CASCADE;
COMMIT;

/*!40101 SET CHARACTER_SET_CLIENT=@OLD_CHARACTER_SET_CLIENT */;
/*!40101 SET CHARACTER_SET_RESULTS=@OLD_CHARACTER_SET_RESULTS */;
/*!40101 SET COLLATION_CONNECTION=@OLD_COLLATION_CONNECTION */;
