USE clinicalTrials;

INSERT INTO Modalidade (id, nome)
VALUES (1, 'Futebol')
     , (2, 'Basquetebol')
     , (3, 'Hoquei')
     , (4, 'Atletismo')
     , (5, 'Volleyball')
     , (6, 'Tenis')
     , (7, 'Golf')
     , (8, 'Andebol')
     , (9, 'Futsal')
     , (10, 'Natacao');

INSERT INTO Organizador (id, nome, email)
values (1, 'Prozis', 'prozis@prozis.pt')
     , (2, 'EDP', 'edp@edp.pt')
     , (3, 'CruzVermelha', 'cruz@vermelha.pt')
     , (4, 'SONAE', 'sonae@sonae.pt');

INSERT INTO Especialidade (id, nome)
VALUES (1, 'Cardiologia')
     , (2, 'Ortopedia')
     , (3, 'Respiratória')
     , (4, 'Oftalmologia')
     , (5, 'Fisioterapia')
     , (6, 'Geral');

INSERT INTO Hospital (id, nome)
VALUES (1, 'S.Joao')
     , (2, 'Santa Maria')
     , (3, 'Santo Antonio')
     , (4, 'Pedro Hispano')
     , (5, 'Hospital de Braga')
     , (6, 'Santa Luzia');

INSERT INTO Equipamento (id, designacao, reutilizavel)
values (1, 'Agulha', 'N')
     , (2, 'Seringa', 'N')
     , (3, 'Tubo de Colheita', 'N')
     , (4, 'Aparelho de Electrocardiograma', 'S')
     , (5, 'Mascara', 'N')
     , (6, 'Sacos Agua Quente', 'S')
     , (7, 'Toalhas', 'S')
     , (8, 'Aparelho Ressonancia Magnetica', 'S')
     , (9, 'Choques', 'S')
     , (10, 'Passadeira', 'S')
     , (11, 'Luvas', 'N')
     , (12, 'Ecografo', 'S')
     , (13, 'Gel Ecografia', 'N')
     , (14, 'Aparelho RaioX', 'S')
     , (15, 'Oxigenio', 'N')
     , (16, 'Aparelho de Espirometria', 'S')
     , (17, 'Lampada de Fenda', 'S')
     , (18, 'Frasco para urina', 'N');

INSERT INTO Atleta (id, email, nome, telemovel, data_nascimento, altura, peso, modalidade_id, genero)
VALUES (1, 'sherley@salgado.pt', 'Sherley Salgado', '911974742', '1990-3-17', 182, 110, 9, 'M')
     , (2, 'juana@espadilha.pt', 'Juana Espadilha', '916709147', '1993-6-24', 161, 88, 2, 'F')
     , (3, 'vinita@polonio.pt', 'Vinita Polonio', '911217593', '1997-2-7', 190, 55, 10, 'F')
     , (4, 'penny@belindro.pt', 'Penny Belindro', '919228939', '1999-8-29', 159, 136, 7, 'F')
     , (5, 'maragaret@percisa.pt', 'Maragaret Percisa', '916891005', '1999-11-16', 174, 94, 1, 'M')
     , (6, 'fawn@pontinha.pt', 'Fawn Pontinha', '919608452', '1989-4-12', 178, 121, 5, 'F')
     , (7, 'lera@biscado.pt', 'Lera Biscado', '912694744', '1987-7-18', 154, 118, 2, 'F')
     , (8, 'alonzo@serzedelo.pt', 'Alonzo Serzedelo', '919749172', '1995-7-8', 177, 120, 3, 'M')
     , (9, 'gretta@feitor.pt', 'Gretta Feitor', '910410580', '1988-12-30', 188, 55, 8, 'M')
     , (10, 'kacey@marues.pt', 'Kacey Marues', '912858723', '1997-9-3', 186, 80, 3, 'F')
     , (11, 'lorena@palrilha.pt', 'Lorena Palrilha', '918983323', '1996-10-27', 165, 111, 5, 'F')
     , (12, 'aimee@hespanha.pt', 'Aimee Hespanha', '912167997', '2000-9-2', 161, 80, 4, 'M')
     , (13, 'see@fernades.pt', 'See Fernades', '911955845', '1980-6-28', 152, 101, 6, 'M')
     , (14, 'nereida@pego.pt', 'Nereida Pego', '919182536', '2001-12-31', 153, 70, 7, 'M')
     , (15, 'sophia@fuso.pt', 'Sophia Fuso', '911679427', '1996-10-9', 184, 68, 4, 'M');

INSERT INTO Prova (id, nome, idOrganizador, data_inicio, data_fim, idModalidade)
VALUES (1, 'Prova 1', 3, '2020-12-5 3:20:36', '2020-12-5 5:20:36', 6)
     , (2, 'Prova 2', 1, '2020-9-11 15:29:21', '2020-9-11 17:29:21', 5)
     , (3, 'Prova 3', 3, '2021-12-7 6:46:48', '2021-12-7 8:46:48', 2)
     , (4, 'Prova 4', 2, '2021-4-1 13:7:0', '2021-4-1 15:7:0', 6)
     , (5, 'Prova 5', 4, '2021-8-19 17:12:28', '2021-8-19 19:12:28', 1)
     , (6, 'Prova 6', 4, '2020-9-8 4:42:27', '2020-9-8 6:42:27', 8)
     , (7, 'Prova 7', 4, '2020-3-19 13:35:19', '2020-3-19 15:35:19', 7)
     , (8, 'Prova 8', 2, '2020-9-4 6:13:20', '2020-9-4 8:13:20', 6)
     , (9, 'Prova 9', 1, '2021-3-10 12:55:48', '2021-3-10 14:55:48', 9)
     , (10, 'Prova 10', 3, '2020-8-14 0:35:46', '2020-8-14 2:35:46', 9);

INSERT INTO Medico (id, email, nome, especialidade_id, hospital)
VALUES (1, 'ophelia@ferrolho.pt', 'Ophelia Ferrolho', 4, 2)
     , (2, 'hung@laiginhas.pt', 'Hung Laiginhas', 2, 1)
     , (3, 'su@alverca.pt', 'Su Alverca', 2, 4)
     , (4, 'beverley@susana.pt', 'Beverley Susana', 4, 3)
     , (5, 'abe@cassapo.pt', 'Abe Cassapo', 6, 6)
     , (6, 'jasper@garrido.pt', 'Jasper Garrido', 3, 6)
     , (7, 'hoa@leston.pt', 'Hoa Leston', 5, 3)
     , (8, 'antonietta@floro.pt', 'Antonietta Floro', 3, 4)
     , (9, 'qiana@aldegalega.pt', 'Qiana Aldegalega', 4, 3)
     , (10, 'jackeline@condesso.pt', 'Jackeline Condesso', 1, 5);

INSERT INTO Exame (id, designacao, idEspecialidade)
VALUES (1, 'Eletrocardiograma', 1)
     , (2, 'ECG com esforco', 1)
     , (3, 'Ecografia Coracao', 1)
     , (4, 'Ressonancia', 2)
     , (5, 'RaioX', 2)
     , (6, 'Forca Pulmoes', 3)
     , (7, 'Recuperacao com Oxigenio', 3)
     , (8, 'Exame aos Olhos', 4)
     , (9, 'Recuperacao Muscular', 5)
     , (10, 'Recuperacao Choques', 5)
     , (11, 'Teste ao sangue', 6)
     , (12, 'Teste a urina', 6);

INSERT INTO Consulta (id, idMedico, idAtleta, hora_inicio, hora_fim)
VALUES (1, 2, 9, '2021-11-18 18:38:48', '2021-11-18 20:38:48')
     , (2, 4, 3, '2021-10-11 14:28:0', '2021-10-11 16:28:0')
     , (3, 5, 4, '2021-6-11 11:0:52', '2021-6-11 13:0:52')
     , (4, 1, 14, '2021-3-16 1:42:28', '2021-3-16 3:42:28')
     , (5, 10, 6, '2020-1-13 17:47:22', '2020-1-13 19:47:22')
     , (6, 3, 15, '2020-3-16 1:33:47', '2020-3-16 3:33:47')
     , (7, 10, 2, '2021-8-20 19:3:8', '2021-8-20 21:3:8')
     , (8, 9, 5, '2021-10-18 5:26:17', '2021-10-18 7:26:17')
     , (9, 10, 4, '2020-5-9 2:40:27', '2020-5-9 4:40:27')
     , (10, 5, 12, '2021-4-3 19:53:35', '2021-4-3 21:53:35');

INSERT INTO Equipamento_In_Hospital (idHospital, idEquipamento, stock)
VALUES (1, 1, 4)
     , (1, 2, 6)
     , (1, 3, 2)
     , (1, 4, 3)
     , (1, 5, 5)
     , (1, 6, 1)
     , (1, 7, 4)
     , (1, 8, 5)
     , (1, 9, 5)
     , (1, 10, 2)
     , (1, 11, 3)
     , (1, 12, 4)
     , (1, 13, 0)
     , (1, 14, 7)
     , (1, 15, 1)
     , (1, 16, 8)
     , (1, 17, 8)
     , (1, 18, 1)
     , (2, 1, 2)
     , (2, 2, 1)
     , (2, 3, 1)
     , (2, 4, 0)
     , (2, 5, 2)
     , (2, 6, 7)
     , (2, 7, 7)
     , (2, 8, 6)
     , (2, 9, 3)
     , (2, 10, 9)
     , (2, 11, 1)
     , (2, 12, 4)
     , (2, 13, 2)
     , (2, 14, 7)
     , (2, 15, 3)
     , (2, 16, 2)
     , (2, 17, 8)
     , (2, 18, 9)
     , (3, 1, 3)
     , (3, 2, 6)
     , (3, 3, 7)
     , (3, 4, 0)
     , (3, 5, 2)
     , (3, 6, 6)
     , (3, 7, 8)
     , (3, 8, 7)
     , (3, 9, 8)
     , (3, 10, 7)
     , (3, 11, 7)
     , (3, 12, 7)
     , (3, 13, 9)
     , (3, 14, 9)
     , (3, 15, 3)
     , (3, 16, 0)
     , (3, 17, 9)
     , (3, 18, 5)
     , (4, 1, 1)
     , (4, 2, 5)
     , (4, 3, 8)
     , (4, 4, 4)
     , (4, 5, 7)
     , (4, 6, 5)
     , (4, 7, 3)
     , (4, 8, 2)
     , (4, 9, 5)
     , (4, 10, 3)
     , (4, 11, 5)
     , (4, 12, 4)
     , (4, 13, 3)
     , (4, 14, 8)
     , (4, 15, 7)
     , (4, 16, 6)
     , (4, 17, 3)
     , (4, 18, 3)
     , (5, 1, 6)
     , (5, 2, 3)
     , (5, 3, 0)
     , (5, 4, 9)
     , (5, 5, 6)
     , (5, 6, 1)
     , (5, 7, 8)
     , (5, 8, 1)
     , (5, 9, 7)
     , (5, 10, 1)
     , (5, 11, 4)
     , (5, 12, 4)
     , (5, 13, 7)
     , (5, 14, 5)
     , (5, 15, 1)
     , (5, 16, 9)
     , (5, 17, 2)
     , (5, 18, 1)
     , (6, 1, 1)
     , (6, 2, 6)
     , (6, 3, 0)
     , (6, 4, 8)
     , (6, 5, 4)
     , (6, 6, 6)
     , (6, 7, 5)
     , (6, 8, 7)
     , (6, 9, 4)
     , (6, 10, 8)
     , (6, 11, 2)
     , (6, 12, 8)
     , (6, 13, 9)
     , (6, 14, 1)
     , (6, 15, 9)
     , (6, 16, 9)
     , (6, 17, 2)
     , (6, 18, 8);

INSERT INTO ExamesNeededInProva (idProva, idExame, data_limite)
VALUES (6, 5, '2019-12-26 13:00:00')
     , (3, 10, '2019-12-26 13:00:00')
     , (3, 4, '2019-12-26 13:00:00')
     , (9, 8, '2019-12-26 13:00:00')
     , (8, 8, '2019-12-26 13:00:00')
     , (4, 7, '2019-12-26 13:00:00')
     , (9, 7, '2019-12-26 13:00:00')
     , (2, 6, '2019-12-26 13:00:00');

INSERT INTO Exame_In_Consulta (exame_id, consulta_id)
VALUES (4, 1)
     , (8, 2)
     , (11, 3)
     , (8, 4)
     , (1, 5)
     , (2, 5)
     , (3, 5)
     , (5, 6)
     , (1, 7)
     , (8, 8)
     , (3, 9)
     , (11, 10)
     , (12, 10);

INSERT INTO Equipamento_In_Exame (idEquipamento, idExame)
VALUES (4, 1)
     , (11, 1)
     , (4, 2)
     , (11, 2)
     , (10, 2)
     , (12, 3)
     , (13, 3)
     , (11, 3)
     , (8, 4)
     , (14, 5)
     , (16, 6)
     , (5, 7)
     , (15, 7)
     , (17, 8)
     , (6, 9)
     , (7, 9)
     , (11, 9)
     , (7, 10)
     , (6, 10)
     , (9, 10)
     , (1, 11)
     , (2, 11)
     , (3, 11)
     , (11, 11)
     , (11, 12)
     , (12, 12);

INSERT INTO Atleta_In_Prova (idAtleta, idProva)
VALUES (1, 10)
     , (1, 9)
     , (2, 3)
     , (4, 7)
     , (11, 2)
     , (6, 2)
     , (14, 7);

INSERT INTO Pedidos_Exame (idAtleta, idHospital, idExame)
VALUES (15, 1, 2),
       (4, 3, 10);
