INSERT INTO tag (id, name, description, persist_date)
VALUES (101, 'Hibernate', 'about Hibernate', '2024-01-01 11:00:00'),
       (102, 'SQL', 'about SQL', '2024-01-01 11:00:00'),
       (103, 'Postrges', 'about Postgres', '2024-01-01 11:00:00'),
       (104, 'Java', 'about Java', '2024-01-01 11:00:00'),
       (105, 'Python', 'about Python', '2024-01-01 11:00:00'),
       (106, 'Assembler', 'about Assembler', '2024-01-01 11:00:00'),
       (107, 'JPA', 'about JPA', '2024-01-01 11:00:00'),
       (108, 'Database', 'about Database', '2024-01-01 11:00:00'),
       (109, 'Test', 'about Test', '2024-01-01 11:00:00'),
       (110, 'Server', 'about Server', '2024-01-01 11:00:00'),
       (111, 'Client', 'about Client', '2024-01-01 11:00:00'),
       (112, 'Error', 'about Error', '2024-01-01 11:00:00'),
       (113, 'Javascript', 'about Javascript', '2024-01-01 11:00:00'),
       (114, 'CSS', 'about CSS', '2024-01-01 11:00:00'),
       (115, 'HTML', 'about HTML', '2024-01-01 11:00:00');

INSERT INTO user_entity (id, dtype, account_id, full_name, persist_date, city, link_site, link_github, link_vk, about,
                         image_link, last_redaction_date, nickname)
VALUES (101, 'Type1', 101, 'Иван Иванов', '2024-01-01 11:00:00', 'Москва', 'https://example.com/ivan', 'https://github.com/ivan',
        'https://vk.com/ivan', 'О Иване', 'https://example.com/images/ivan.jpg', '2024-01-01 11:00:00', 'ivan');


INSERT INTO question (id, title, description, persist_date, account_id, last_redaction_date, is_deleted)
VALUES (101, 'Вопрос 1', 'Описание для первого вопроса', '2024-01-01 11:00:00', 101, '2024-01-01 11:00:00', FALSE),
       (102, 'Вопрос 2', 'Описание для второго вопроса', '2024-01-01 11:00:00', 101, '2024-01-01 11:00:00', FALSE),
       (103, 'Вопрос 3', 'Описание для третьего вопроса', '2024-01-01 11:00:00', 101, '2024-01-01 11:00:00', FALSE),
       (104, 'Вопрос 4', 'Описание для четвертого вопроса', '2024-01-01 11:00:00', 101, '2024-01-01 11:00:00', FALSE),
       (105, 'Вопрос 5', 'Описание для пятого вопроса', '2024-01-01 11:00:00', 101, '2024-01-01 11:00:00', FALSE),
       (106, 'Вопрос 6', 'Описание для шестого вопроса', '2024-01-01 11:00:00', 101, '2024-01-01 11:00:00', FALSE),
       (107, 'Вопрос 7', 'Описание для седьмого вопроса', '2024-01-01 11:00:00', 101, '2024-01-01 11:00:00', FALSE),
       (108, 'Вопрос 8', 'Описание для восьмого вопроса', '2024-01-01 11:00:00', 101, '2024-01-01 11:00:00', FALSE),
       (109, 'Вопрос 9', 'Описание для девятого вопроса', '2024-01-01 11:00:00', 101, '2024-01-01 11:00:00', FALSE),
       (110, 'Вопрос 10', 'Описание для десятого вопроса', '2024-01-01 11:00:00', 101, '2024-01-01 11:00:00', FALSE),
       (111, 'Вопрос 11', 'Описание для одинадцатого вопроса', '2024-01-01 11:00:00', 101, '2024-01-01 11:00:00', FALSE),
       (112, 'Вопрос 12', 'Описание для двенадцатого вопроса', '2024-01-01 11:00:00', 101, '2024-01-01 11:00:00', FALSE),
       (113, 'Вопрос 13', 'Описание для тринадцатого вопроса', '2024-01-01 11:00:00', 101, '2024-01-01 11:00:00', FALSE),
       (114, 'Вопрос 14', 'Описание для четырнадцатого вопроса', '2024-01-01 11:00:00', 101, '2024-01-01 11:00:00', FALSE),
       (115, 'Вопрос 15', 'Описание для пятнадцатого вопроса', '2024-01-01 11:00:00', 101, '2024-01-01 11:00:00', FALSE);


INSERT INTO question_has_tag (question_id, tag_id)
VALUES (101, 101),
       (102, 101),
       (103, 101),
       (104, 101),
       (105, 101),
       (106, 101),
       (107, 101),
       (108, 101),
       (109, 101),
       (110, 101),
       (101, 103),
       (102, 103),
       (103, 103),
       (104, 103),
       (105, 103),
       (106, 103),
       (107, 103),
       (108, 103),
       (109, 103),
       (101, 115),
       (102, 115),
       (103, 115),
       (104, 115),
       (105, 115),
       (106, 115),
       (107, 115),
       (108, 115),
       (101, 110),
       (102, 110),
       (103, 110),
       (104, 110),
       (105, 110),
       (106, 110),
       (107, 110),
       (101, 102),
       (102, 102),
       (103, 102),
       (104, 102),
       (105, 102),
       (106, 102),
       (101, 108),
       (102, 108),
       (103, 108),
       (104, 108),
       (105, 108),
       (101, 105),
       (102, 105),
       (103, 105),
       (104, 105),
       (101, 109),
       (102, 109),
       (103, 109),
       (101, 111),
       (102, 111),
       (101, 114);