-- MySQL dump 10.13  Distrib 5.6.30, for debian-linux-gnu (x86_64)
--
-- Host: localhost    Database: sensmapserver
-- ------------------------------------------------------
-- Server version	5.6.30-0ubuntu0.14.04.1

/*!40101 SET @OLD_CHARACTER_SET_CLIENT=@@CHARACTER_SET_CLIENT */;
/*!40101 SET @OLD_CHARACTER_SET_RESULTS=@@CHARACTER_SET_RESULTS */;
/*!40101 SET @OLD_COLLATION_CONNECTION=@@COLLATION_CONNECTION */;
/*!40101 SET NAMES utf8 */;
/*!40103 SET @OLD_TIME_ZONE=@@TIME_ZONE */;
/*!40103 SET TIME_ZONE='+00:00' */;
/*!40014 SET @OLD_UNIQUE_CHECKS=@@UNIQUE_CHECKS, UNIQUE_CHECKS=0 */;
/*!40014 SET @OLD_FOREIGN_KEY_CHECKS=@@FOREIGN_KEY_CHECKS, FOREIGN_KEY_CHECKS=0 */;
/*!40101 SET @OLD_SQL_MODE=@@SQL_MODE, SQL_MODE='NO_AUTO_VALUE_ON_ZERO' */;
/*!40111 SET @OLD_SQL_NOTES=@@SQL_NOTES, SQL_NOTES=0 */;

--
-- Table structure for table `allowed_feeds`
--

DROP TABLE IF EXISTS `allowed_feeds`;
/*!40101 SET @saved_cs_client     = @@character_set_client */;
/*!40101 SET character_set_client = utf8 */;
CREATE TABLE `allowed_feeds` (
  `id` int(11) NOT NULL AUTO_INCREMENT,
  `feed_id` int(11) NOT NULL,
  `key_id` int(11) NOT NULL,
  PRIMARY KEY (`id`),
  UNIQUE KEY `my_allowed_feed_key` (`feed_id`,`key_id`),
  KEY `feed_id_3` (`feed_id`),
  KEY `key_id` (`key_id`),
  CONSTRAINT `allowed_feeds_ibfk_1` FOREIGN KEY (`feed_id`) REFERENCES `feeds` (`id`) ON DELETE CASCADE,
  CONSTRAINT `allowed_feeds_ibfk_2` FOREIGN KEY (`key_id`) REFERENCES `keys` (`key_id`) ON DELETE CASCADE
) ENGINE=InnoDB DEFAULT CHARSET=latin1;
/*!40101 SET character_set_client = @saved_cs_client */;

--
-- Dumping data for table `allowed_feeds`
--

LOCK TABLES `allowed_feeds` WRITE;
/*!40000 ALTER TABLE `allowed_feeds` DISABLE KEYS */;
/*!40000 ALTER TABLE `allowed_feeds` ENABLE KEYS */;
UNLOCK TABLES;

--
-- Table structure for table `datastreams`
--

DROP TABLE IF EXISTS `datastreams`;
/*!40101 SET @saved_cs_client     = @@character_set_client */;
/*!40101 SET character_set_client = utf8 */;
CREATE TABLE `datastreams` (
  `datastream_id` int(11) NOT NULL AUTO_INCREMENT,
  `feed_reference` int(20) NOT NULL,
  `d_id` varchar(255) NOT NULL COMMENT 'title of datastream, e.g. Humidity',
  `unitType` varchar(255) DEFAULT NULL,
  `symbol` varchar(255) DEFAULT NULL,
  `label` varchar(25) DEFAULT NULL,
  `current_value` varchar(255) DEFAULT NULL,
  `at` datetime(6) DEFAULT NULL,
  PRIMARY KEY (`datastream_id`),
  KEY `feed_reference` (`feed_reference`),
  CONSTRAINT `datastreams_ibfk_1` FOREIGN KEY (`feed_reference`) REFERENCES `feeds` (`id`) ON DELETE CASCADE
) ENGINE=InnoDB AUTO_INCREMENT=2151 DEFAULT CHARSET=latin1;
/*!40101 SET character_set_client = @saved_cs_client */;

--
-- Dumping data for table `datastreams`
--

LOCK TABLES `datastreams` WRITE;
/*!40000 ALTER TABLE `datastreams` DISABLE KEYS */;
INSERT INTO `datastreams` VALUES (22,8,'posX','','','','10.625','2016-06-02 15:45:50.774971'),(23,8,'posY','','','','0','2016-06-02 15:45:50.774971'),(24,8,'posZ','','','','3.68','2016-06-02 15:45:50.774971'),(25,9,'posX','','','','42.5','2016-06-02 15:53:20.251418'),(26,9,'posY','','','','31.875','2016-06-02 15:53:20.251418'),(27,9,'posZ','','','','3.62','2016-06-02 15:53:20.251418'),(28,10,'posX','','','','0','2016-06-02 15:48:54.466157'),(29,10,'posY','','','','10.625','2016-06-02 15:48:54.466157'),(30,10,'posZ','','','','3.62','2016-06-02 15:48:54.466157'),(31,11,'posX','','','','31.25','2016-06-02 15:46:26.559597'),(32,11,'posY','','','','3.125','2016-06-02 15:46:26.559597'),(33,11,'posZ','','','','3.68','2016-06-02 15:46:26.559597'),(34,12,'posX','','','','42.5','2016-06-02 15:46:43.730952'),(35,12,'posY','','','','3.125','2016-06-02 15:46:43.730952'),(36,12,'posZ','','','','3.68','2016-06-02 15:46:43.730952'),(37,13,'posX','','','','42.5','2016-06-02 15:50:15.338898'),(38,13,'posY','','','','10.625','2016-06-02 15:50:15.338898'),(39,13,'posZ','','','','3.62','2016-06-02 15:50:15.338898'),(40,14,'posX','','','','31.25','2016-06-02 15:49:54.998811'),(41,14,'posY','','','','10.625','2016-06-02 15:49:54.998811'),(42,14,'posZ','','','','3.62','2016-06-02 15:49:54.998811'),(43,15,'posX','','','','0','2016-06-02 15:43:55.956732'),(44,15,'posY','','','','0','2016-06-02 15:43:55.956732'),(45,15,'posZ','','','','3.68','2016-06-02 15:43:55.956732'),(49,17,'posX','','','','21.5','2016-06-02 15:52:33.483299'),(50,17,'posY','','','','31.875','2016-06-02 15:52:33.483299'),(51,17,'posZ','','','','3.62','2016-06-02 15:52:33.483299'),(52,18,'posX','','','','0','2016-06-02 15:50:35.344115'),(53,18,'posY','','','','21.25','2016-06-02 15:50:35.344115'),(54,18,'posZ','','','','3.62','2016-06-02 15:50:35.344115'),(55,19,'posX','','','','31.25','2016-06-02 16:00:32.628315'),(56,19,'posY','','','','21.25','2016-06-02 16:00:32.628315'),(57,19,'posZ','','','','3.62','2016-06-02 16:00:32.628315'),(58,20,'posX','','','','21.5','2016-06-02 15:46:10.121897'),(59,20,'posY','','','','0','2016-06-02 15:46:10.121897'),(60,20,'posZ','','','','3.68','2016-06-02 15:46:10.121897'),(61,21,'posX','','','','42.5','2016-06-02 15:51:41.273051'),(62,21,'posY','','','','21.25','2016-06-02 15:51:41.273051'),(63,21,'posZ','','','','3.62','2016-06-02 15:51:41.273051'),(64,22,'posX','','','','2','2016-06-02 14:39:44.497268'),(65,22,'posY','','','','2','2016-06-02 14:39:44.497268'),(66,22,'posZ','','','','0','2016-06-02 14:39:44.497268'),(67,23,'','','','','','2016-06-02 14:06:26.607810'),(68,22,'battery_level','','','','67%','2016-06-02 14:39:44.497268'),(69,22,'firmware_version','','','','3.10','2016-06-02 14:39:44.497268'),(70,22,'hardware_version','','','','4.2','2016-06-02 14:39:44.497268'),(71,22,'platform','','','','TAG Li-ion','2016-06-02 14:39:44.497268'),(72,24,'posX','','','','2.5','2016-06-02 15:51:56.450195'),(73,24,'posY','','','','32.5','2016-06-02 15:51:56.450195'),(74,24,'posZ','','','','3.62','2016-06-02 15:51:56.450195'),(75,25,'posX','','','','11.25','2016-06-02 15:52:13.079027'),(76,25,'posY','','','','32.5','2016-06-02 15:52:13.079027'),(77,25,'posZ','','','','3.62','2016-06-02 15:52:13.079027'),(78,26,'posX','','','','10.625','2016-06-02 15:49:13.166804'),(79,26,'posY','','','','10.625','2016-06-02 15:49:13.166804'),(80,26,'posZ','','','','3.62','2016-06-02 15:49:13.166804'),(81,27,'posX','','','','21.5','2016-06-02 15:49:37.774669'),(82,27,'posY','','','','10.625','2016-06-02 15:49:37.774669'),(83,27,'posZ','','','','3.62','2016-06-02 15:49:37.774669'),(84,28,'posX','','','','10.625','2016-06-02 15:50:49.998780'),(85,28,'posY','','','','21.25','2016-06-02 15:50:49.998780'),(86,28,'posZ','','','','3.62','2016-06-02 15:50:49.998780'),(87,29,'posX','','','','21.5','2016-06-02 15:51:01.633924'),(88,29,'posY','','','','21.25','2016-06-02 15:51:01.633924'),(89,29,'posZ','','','','3.62','2016-06-02 15:51:01.633924'),(90,30,'posX','','','','31.25','2016-06-02 15:52:58.561014'),(91,30,'posY','','','','31.875','2016-06-02 15:52:58.561014'),(92,30,'posZ','','','','3.62','2016-06-02 15:52:58.561014'),(96,32,'posX','','','','15.05','2016-07-11 14:15:18.611737'),(97,32,'posY','','','','31.09','2016-07-11 14:15:18.611737'),(98,32,'posZ','','','','0','2016-07-11 14:15:18.611737'),(99,33,'posX','','','','2','2016-06-02 14:39:44.519257'),(100,33,'posY','','','','4','2016-06-02 14:39:44.519257'),(101,33,'posZ','','','','0','2016-06-02 14:39:44.519257'),(102,34,'posX','','','','2','2016-06-02 14:39:44.539519'),(103,34,'posY','','','','5','2016-06-02 14:39:44.539519'),(104,34,'posZ','','','','0','2016-06-02 14:39:44.539519'),(105,35,'posX','','','','2','2016-06-02 14:39:44.532043'),(106,35,'posY','','','','6','2016-06-02 14:39:44.532043'),(107,35,'posZ','','','','0','2016-06-02 14:39:44.532043'),(108,36,'posX','','','','2','2016-06-02 14:39:44.544511'),(109,36,'posY','','','','7','2016-06-02 14:39:44.544511'),(110,36,'posZ','','','','0','2016-06-02 14:39:44.544511'),(111,37,'posX','','','','2','2016-06-02 14:39:44.627536'),(112,37,'posY','','','','8','2016-06-02 14:39:44.627536'),(113,37,'posZ','','','','0','2016-06-02 14:39:44.627536'),(114,38,'posX','','','','2','2016-07-11 14:22:28.348752'),(115,38,'posY','','','','9','2016-07-11 14:22:28.348752'),(116,38,'posZ','','','','0','2016-07-11 14:22:28.348752'),(117,39,'posX','','','','2','2016-06-02 14:39:44.658726'),(118,39,'posY','','','','10','2016-06-02 14:39:44.658726'),(119,39,'posZ','','','','0','2016-06-02 14:39:44.658726'),(120,40,'posX','','','','49.7','2016-07-11 14:17:04.083234'),(121,40,'posY','','','','32.3','2016-07-11 14:17:04.083234'),(122,40,'posZ','','','','0','2016-07-11 14:17:04.083234'),(123,41,'posX','','','','51.9','2016-06-02 17:21:25.124706'),(124,41,'posY','','','','17.2','2016-06-02 17:21:25.124706'),(125,41,'posZ','','','','0','2016-06-02 17:21:25.124706'),(126,42,'','','','','','2016-06-02 15:47:14.685405'),(127,43,'posX','','','','50.5','2016-06-02 17:21:18.329351'),(128,43,'posY','','','','16.1','2016-06-02 17:21:18.329351'),(129,43,'posZ','','','','0','2016-06-02 17:21:18.329351'),(130,43,'battery_level','','','','59%','2016-11-22 10:25:30.146430'),(131,43,'firmware_version','','','','3.112','2016-06-02 17:21:18.329351'),(132,43,'hardware_version','','','','4.3','2016-06-02 17:21:18.329351'),(133,43,'platform','','','','TAG Li-ion','2016-11-22 10:25:30.146430'),(134,44,'posX','','','','1','2016-07-11 14:17:55.491261'),(135,44,'posY','','','','1','2016-07-11 14:17:55.491261'),(136,44,'posZ','','','','0','2016-07-11 14:17:55.491261'),(137,44,'battery_level','','','','32%','2016-06-02 17:17:41.523417'),(138,44,'firmware_version','','','','3.115','2017-01-11 08:54:03.746000'),(139,44,'hardware_version','','','','4.4','2017-01-11 08:54:03.746000'),(140,44,'platform','','','','TAG Li-ion','2016-06-02 17:17:41.523417'),(141,45,'posX','','','','1','2016-07-11 14:24:12.353029'),(142,45,'posY','','','','1','2016-07-11 14:24:12.353029'),(143,45,'posZ','','','','0','2016-07-11 14:24:12.353029'),(144,45,'battery_level','','','','32%','2016-06-02 17:17:44.429071'),(145,45,'firmware_version','','','','3.112','2016-06-02 16:36:20.433253'),(146,45,'hardware_version','','','','4.3','2016-06-02 16:36:20.433253'),(147,45,'platform','','','','TAG Li-ion','2016-06-02 17:17:44.429071'),(148,46,'posX','','','','1','2016-07-11 14:24:39.686450'),(149,46,'posY','','','','1','2016-07-11 14:24:39.686450'),(150,46,'posZ','','','','0','2016-07-11 14:24:39.686450'),(151,47,'posX','','','','1','2016-07-11 14:25:11.913248'),(152,47,'posY','','','','1','2016-07-11 14:25:11.913248'),(153,47,'posZ','','','','0','2016-07-11 14:25:11.913248'),(154,46,'battery_level','','','','38%','2016-06-02 17:17:47.210747'),(155,46,'firmware_version','','','','3.115','2017-01-11 09:17:25.292000'),(156,46,'hardware_version','','','','4.4','2017-01-11 09:17:25.292000'),(157,46,'platform','','','','TAG Li-ion','2016-06-02 17:17:47.210747'),(158,47,'battery_level','','','','93%','2017-01-10 18:17:35.655000'),(159,47,'firmware_version','','','','3.115','2017-01-10 18:17:35.655000'),(160,47,'hardware_version','','','','4.4','2017-01-10 18:17:35.655000'),(161,47,'platform','','','','TAG Li-ion','2016-06-02 17:18:11.869458'),(162,48,'posX','','','','50.8','2016-06-02 17:21:13.754998'),(163,48,'posY','','','','20.7','2016-06-02 17:21:13.754998'),(164,48,'posZ','','','','0','2016-06-02 17:21:13.754998'),(165,48,'battery_level','','','','34%','2016-06-02 17:18:31.973140'),(166,48,'firmware_version','','','','3.115','2017-01-11 09:00:48.017000'),(167,48,'hardware_version','','','','4.4','2017-01-11 09:00:48.017000'),(168,48,'platform','','','','TAG Li-ion','2016-06-02 17:18:31.973140'),(169,49,'posX','','','','49.8','2016-06-02 17:21:08.180780'),(170,49,'posY','','','','24.2','2016-06-02 17:21:08.180780'),(171,49,'posZ','','','','0','2016-06-02 17:21:08.180780'),(172,49,'battery_level','','','','32%','2016-06-02 17:18:48.197807'),(173,49,'firmware_version','','','','3.115','2017-01-11 08:40:35.766000'),(174,49,'hardware_version','','','','4.4','2017-01-11 08:40:35.766000'),(175,49,'platform','','','','TAG Li-ion','2016-06-02 17:18:48.197807'),(176,50,'posX','','','','49.4','2016-06-02 17:21:03.121912'),(177,50,'posY','','','','27.9','2016-06-02 17:21:03.121912'),(178,50,'posZ','','','','0','2016-06-02 17:21:03.121912'),(179,50,'battery_level','','','','34%','2016-06-02 17:47:02.379587'),(180,50,'firmware_version','','','','3.115','2017-01-11 08:39:01.471000'),(181,50,'hardware_version','','','','4.4','2017-01-11 08:39:01.471000'),(182,50,'platform','','','','TAG Li-ion','2016-06-02 17:47:02.379587'),(183,33,'battery_level','','','','16%','2016-07-11 15:37:12.259332'),(184,33,'firmware_version','','','','3.112','2016-06-02 17:19:31.649230'),(185,33,'hardware_version','','','','4.3','2016-06-02 17:19:31.649230'),(186,33,'platform','','','','TAG Li-ion','2016-07-11 15:37:12.259332'),(187,51,'posX','','','','48.0','2016-06-02 17:20:58.587181'),(188,51,'posY','','','','31.0','2016-06-02 17:20:58.587181'),(189,51,'posZ','','','','0','2016-06-02 17:20:58.587181'),(190,51,'battery_level','','','','71%','2017-01-10 18:32:43.182000'),(191,51,'firmware_version','','','','3.115','2017-01-10 18:32:43.182000'),(192,51,'hardware_version','','','','4.4','2017-01-10 18:32:43.182000'),(193,51,'platform','','','','TAG Li-ion','2016-10-21 17:30:39.887588'),(194,43,'clr','','','','0','2016-06-02 17:21:18.329351'),(195,52,'posX','','','','1','2016-07-11 14:27:08.527390'),(196,52,'posY','','','','1','2016-07-11 14:27:08.527390'),(197,52,'posZ','','','','0','2016-07-11 14:27:08.527390'),(198,52,'battery_level','','','','36%','2016-06-02 17:50:40.285645'),(199,52,'firmware_version','','','','3.115','2017-01-11 08:47:26.500000'),(200,52,'hardware_version','','','','4.4','2017-01-11 08:47:26.500000'),(201,52,'platform','','','','TAG Li-ion','2016-06-02 17:50:40.285645'),(202,53,'posX','','','','1','2016-07-11 14:27:42.580394'),(203,53,'posY','','','','1','2016-07-11 14:27:42.580394'),(204,53,'posZ','','','','0','2016-07-11 14:27:42.580394'),(205,53,'battery_level','','','','36%','2016-06-02 17:51:10.035811'),(206,53,'firmware_version','','','','3.115','2017-01-11 09:53:02.769000'),(207,53,'hardware_version','','','','4.4','2017-01-11 09:53:02.769000'),(208,53,'platform','','','','TAG Li-ion','2016-06-02 17:51:10.035811'),(209,54,'posX','','','','1','2016-07-11 14:33:35.175924'),(210,54,'posY','','','','1','2016-07-11 14:33:35.175924'),(211,54,'posZ','','','','0','2016-07-11 14:33:35.175924'),(212,54,'battery_level','','','','36%','2016-06-02 17:52:00.793663'),(213,54,'firmware_version','','','','3.112','2016-06-02 17:52:00.793663'),(214,54,'hardware_version','','','','4.3','2016-06-02 17:52:00.793663'),(215,54,'platform','','','','TAG Li-ion','2016-06-02 17:52:00.793663'),(216,55,'posX','','','','1','2016-07-11 14:33:05.127268'),(217,55,'posY','','','','1','2016-07-11 14:33:05.127268'),(218,55,'posZ','','','','0','2016-07-11 14:33:05.127268'),(219,55,'battery_level','','','','34%','2016-06-02 17:52:44.063937'),(220,55,'firmware_version','','','','3.115','2017-01-11 09:21:58.816000'),(221,55,'hardware_version','','','','4.4','2017-01-11 09:21:58.816000'),(222,55,'platform','','','','TAG Li-ion','2016-06-02 17:52:44.063937'),(223,56,'posX','','','','1','2016-07-11 14:32:46.117636'),(224,56,'posY','','','','1','2016-07-11 14:32:46.117636'),(225,56,'posZ','','','','0','2016-07-11 14:32:46.117636'),(226,56,'battery_level','','','','34%','2016-06-02 17:53:13.201986'),(227,56,'firmware_version','','','','3.115','2017-01-11 09:54:36.538000'),(228,56,'hardware_version','','','','4.4','2017-01-11 09:54:36.538000'),(229,56,'platform','','','','TAG Li-ion','2016-06-02 17:53:13.201986'),(230,57,'posX','','','','1','2016-07-11 14:32:15.082325'),(231,57,'posY','','','','1','2016-07-11 14:32:15.082325'),(232,57,'posZ','','','','0','2016-07-11 14:32:15.082325'),(233,57,'battery_level','','','','36%','2016-06-02 17:54:13.883928'),(234,57,'firmware_version','','','','3.112','2016-06-02 17:54:13.883928'),(235,57,'hardware_version','','','','4.3','2016-06-02 17:54:13.883928'),(236,57,'platform','','','','TAG Li-ion','2016-06-02 17:54:13.883928'),(237,58,'posX','','','','1','2016-07-11 14:31:48.315032'),(238,58,'posY','','','','1','2016-07-11 14:31:48.315032'),(239,58,'posZ','','','','0','2016-07-11 14:31:48.315032'),(240,58,'battery_level','','','','100%','2017-01-11 08:39:18.267000'),(241,58,'firmware_version','','','','3.115','2017-01-11 08:39:18.267000'),(242,58,'hardware_version','','','','4.4','2017-01-11 08:39:18.267000'),(243,58,'platform','','','','TAG Li-ion','2016-06-02 17:54:45.422210'),(244,59,'posX','','','','1','2016-07-11 14:31:23.773473'),(245,59,'posY','','','','1','2016-07-11 14:31:23.773473'),(246,59,'posZ','','','','0','2016-07-11 14:31:23.773473'),(247,59,'battery_level','','','','34%','2016-06-02 17:56:40.782530'),(248,59,'firmware_version','','','','3.112','2016-06-02 17:56:40.782530'),(249,59,'hardware_version','','','','4.3','2016-06-02 17:56:40.782530'),(250,59,'platform','','','','TAG Li-ion','2016-06-02 17:56:40.782530'),(251,60,'posX','','','','1','2016-07-11 14:30:58.551314'),(252,60,'posY','','','','1','2016-07-11 14:30:58.551314'),(253,60,'posZ','','','','0','2016-07-11 14:30:58.551314'),(254,60,'battery_level','','','','100%','2017-01-11 08:38:53.503000'),(255,60,'firmware_version','','','','3.115','2017-01-11 08:38:53.503000'),(256,60,'hardware_version','','','','4.4','2017-01-11 08:38:53.503000'),(257,60,'platform','','','','TAG Li-ion','2016-06-02 17:57:14.143265'),(258,61,'posX','','','','1','2016-07-11 14:30:33.363308'),(259,61,'posY','','','','1','2016-07-11 14:30:33.363308'),(260,61,'posZ','','','','0','2016-07-11 14:30:33.363308'),(261,61,'battery_level','','','','36%','2016-06-02 17:57:34.563358'),(262,61,'firmware_version','','','','3.115','2017-01-11 08:40:57.536000'),(263,61,'hardware_version','','','','4.4','2017-01-11 08:40:57.536000'),(264,61,'platform','','','','TAG Li-ion','2016-06-02 17:57:34.563358'),(265,62,'posX','','','','9.3','2017-01-10 18:22:05.656373'),(266,62,'posY','','','','32.3','2017-01-10 18:22:05.656373'),(267,62,'posZ','','','','0','2017-01-10 18:22:05.656373'),(268,62,'battery_level','','','','100%','2017-01-11 08:38:52.926000'),(269,62,'firmware_version','','','','3.115','2017-01-11 08:38:52.926000'),(270,62,'hardware_version','','','','4.4','2017-01-11 08:38:52.926000'),(271,62,'platform','','','','TAG Li-ion','2017-01-10 18:22:05.656373'),(272,63,'posX','','','','1','2016-07-11 14:35:57.694307'),(273,63,'posY','','','','1','2016-07-11 14:35:57.694307'),(274,63,'posZ','','','','0','2016-07-11 14:35:57.694307'),(275,63,'battery_level','','','','100%','2017-01-11 08:39:23.008000'),(276,63,'firmware_version','','','','3.115','2017-01-11 08:39:23.008000'),(277,63,'hardware_version','','','','4.4','2017-01-11 08:39:23.008000'),(278,63,'platform','','','','TAG Li-ion','2016-06-02 17:58:24.119083'),(279,41,'battery_level','','','','100%','2017-01-10 18:53:50.673000'),(280,41,'firmware_version','','','','3.115','2017-01-10 18:53:50.673000'),(281,41,'hardware_version','','','','4.4','2017-01-10 18:53:50.673000'),(282,41,'platform','','','','TAG Li-ion','2017-01-10 08:44:54.390615'),(283,39,'battery_level','','','','20%','2016-06-02 18:01:13.741915'),(284,39,'firmware_version','','','','3.112','2016-06-02 18:01:13.741915'),(285,39,'hardware_version','','','','4.3','2016-06-02 18:01:13.741915'),(286,39,'platform','','','','TAG Li-ion','2016-06-02 18:01:13.741915'),(287,64,'posX','','','','1','2016-07-11 14:36:20.183533'),(288,64,'posY','','','','1','2016-07-11 14:36:20.183533'),(289,64,'posZ','','','','0','2016-07-11 14:36:20.183533'),(290,64,'battery_level','','','','38%','2016-06-02 18:02:29.870654'),(291,64,'firmware_version','','','','3.115','2017-01-11 08:40:55.600000'),(292,64,'hardware_version','','','','4.4','2017-01-11 08:40:55.600000'),(293,64,'platform','','','','TAG Li-ion','2016-06-02 18:02:29.870654'),(294,65,'posX','','','','1','2016-07-11 14:36:53.201020'),(295,65,'posY','','','','1','2016-07-11 14:36:53.201020'),(296,65,'posZ','','','','0','2016-07-11 14:36:53.201020'),(297,65,'battery_level','','','','36%','2016-06-02 18:04:23.452292'),(298,65,'firmware_version','','','','3.115','2017-01-11 08:41:03.317000'),(299,65,'hardware_version','','','','4.4','2017-01-11 08:41:03.317000'),(300,65,'platform','','','','TAG Li-ion','2016-06-02 18:04:23.452292'),(301,66,'posX','','','','1','2016-07-11 14:37:16.240642'),(302,66,'posY','','','','1','2016-07-11 14:37:16.240642'),(303,66,'posZ','','','','0','2016-07-11 14:37:16.240642'),(304,66,'battery_level','','','','32%','2016-06-02 18:04:45.387244'),(305,66,'firmware_version','','','','3.115','2017-01-11 08:40:59.454000'),(306,66,'hardware_version','','','','4.4','2017-01-11 08:40:59.454000'),(307,66,'platform','','','','TAG Li-ion','2016-06-02 18:04:45.387244'),(308,67,'posX','','','','1','2016-07-11 14:37:59.298649'),(309,67,'posY','','','','1','2016-07-11 14:37:59.298649'),(310,67,'posZ','','','','0','2016-07-11 14:37:59.298649'),(311,67,'battery_level','','','','36%','2016-06-02 18:05:06.113718'),(312,67,'firmware_version','','','','3.115','2017-01-11 09:56:05.390000'),(313,67,'hardware_version','','','','4.4','2017-01-11 09:56:05.390000'),(314,67,'platform','','','','TAG Li-ion','2016-06-02 18:05:06.113718'),(315,68,'posX','','','','1','2016-07-11 14:38:50.743351'),(316,68,'posY','','','','1','2016-07-11 14:38:50.743351'),(317,68,'posZ','','','','0','2016-07-11 14:38:50.743351'),(318,68,'battery_level','','','','100%','2017-01-11 08:39:12.753000'),(319,68,'firmware_version','','','','3.115','2017-01-11 08:39:12.753000'),(320,68,'hardware_version','','','','4.4','2017-01-11 08:39:12.753000'),(321,68,'platform','','','','TAG Li-ion','2016-06-02 18:05:39.458599'),(322,69,'posX','','','','1','2016-07-11 14:39:34.834584'),(323,69,'posY','','','','1','2016-07-11 14:39:34.834584'),(324,69,'posZ','','','','0','2016-07-11 14:39:34.834584'),(325,69,'battery_level','','','','34%','2016-06-02 18:06:17.304404'),(326,69,'firmware_version','','','','3.115','2017-01-11 09:17:49.958000'),(327,69,'hardware_version','','','','4.4','2017-01-11 09:17:49.958000'),(328,69,'platform','','','','TAG Li-ion','2016-06-02 18:06:17.304404'),(441,35,'battery_level','','','','61%','2016-07-12 09:11:26.938343'),(442,35,'firmware_version','','','','3.112','2016-06-02 18:24:39.202140'),(443,35,'hardware_version','','','','4.3','2016-06-02 18:24:39.202140'),(444,35,'platform','','','','TAG Li-ion','2016-10-15 14:06:17.313123'),(452,36,'battery_level','','','','24%','2016-06-02 18:26:20.714584'),(453,36,'firmware_version','','','','3.112','2016-06-02 18:26:20.714584'),(454,36,'hardware_version','','','','4.3','2016-06-02 18:26:20.714584'),(455,36,'platform','','','','TAG Li-ion','2016-06-02 18:26:20.714584'),(540,38,'battery_level','','','','22%','2016-06-02 18:36:05.975266'),(541,38,'firmware_version','','','','3.112','2016-06-02 18:36:05.975266'),(542,38,'hardware_version','','','','4.3','2016-06-02 18:36:05.975266'),(543,38,'platform','','','','TAG Li-ion','2016-06-02 18:36:05.975266'),(572,40,'battery_level','','','','24%','2016-06-02 18:38:21.768234'),(573,40,'firmware_version','','','','3.112','2016-06-02 18:38:21.768234'),(574,40,'hardware_version','','','','4.3','2016-06-02 18:38:21.768234'),(575,40,'platform','','','','TAG Li-ion','2016-06-02 18:38:21.768234'),(716,34,'firmware_version','','','','3.115','2017-01-11 08:39:19.939000'),(717,34,'hardware_version','','','','4.4','2017-01-11 08:39:19.939000'),(718,34,'platform','','','','TAG Li-ion','2016-06-02 18:49:06.833853'),(866,32,'battery_level','','','','20%','2016-06-02 19:06:23.953809'),(867,32,'firmware_version','','','','3.112','2016-06-02 19:06:23.953809'),(868,32,'hardware_version','','','','4.3','2016-06-02 19:06:23.953809'),(869,32,'platform','','','','TAG Li-ion','2016-06-03 15:13:42.028403'),(891,37,'battery_level','','','','20%','2016-06-02 19:09:21.814351'),(892,37,'firmware_version','','','','3.112','2016-06-02 19:09:21.814351'),(893,37,'hardware_version','','','','4.3','2016-06-02 19:09:21.814351'),(894,37,'platform','','','','TAG Li-ion','2016-06-02 19:09:21.814351'),(895,147,'posX','','','','1','2016-07-11 14:40:11.889764'),(896,147,'posY','','','','1','2016-07-11 14:40:11.889764'),(897,147,'posZ','','','','0','2016-07-11 14:40:11.889764'),(898,148,'posX','','','','1','2016-07-11 14:40:34.450604'),(899,148,'posY','','','','1','2016-07-11 14:40:34.450604'),(900,148,'posZ','','','','0','2016-07-11 14:40:34.450604'),(901,149,'posX','','','','14.66','2016-07-11 14:41:01.582078'),(902,149,'posY','','','','-1.34','2016-07-11 14:41:01.582078'),(903,149,'posZ','','','','0','2016-07-11 14:41:01.582078'),(904,150,'posX','','','','1','2016-07-11 14:41:24.223326'),(905,150,'posY','','','','1','2016-07-11 14:41:24.223326'),(906,150,'posZ','','','','0','2016-07-11 14:41:24.223326'),(907,151,'posX','','','','1','2016-07-11 14:41:48.666301'),(908,151,'posY','','','','1','2016-07-11 14:41:48.666301'),(909,151,'posZ','','','','0','2016-07-11 14:41:48.666301'),(910,152,'posX','','','','24.1','2016-06-03 11:35:28.222651'),(911,152,'posY','','','','14.3','2016-06-03 11:35:28.222651'),(912,152,'posZ','','','','0','2016-06-03 11:35:28.222651'),(913,153,'posX','','','','1','2016-07-11 12:54:41.387821'),(914,153,'posY','','','','1','2016-07-11 12:54:41.387821'),(915,153,'posZ','','','','0','2016-07-11 12:54:41.387821'),(916,154,'posX','','','','38.8','2016-06-03 09:24:46.077533'),(917,154,'posY','','','','18.0','2016-06-03 09:24:46.077533'),(918,154,'posZ','','','','0','2016-06-03 09:24:46.077533'),(919,155,'posX','','','','1','2016-07-11 14:43:07.161005'),(920,155,'posY','','','','1','2016-07-11 14:43:07.161005'),(921,155,'posZ','','','','0','2016-07-11 14:43:07.161005'),(922,156,'posX','','','','1','2016-07-11 14:43:34.707041'),(923,156,'posY','','','','1','2016-07-11 14:43:34.707041'),(924,156,'posZ','','','','0','2016-07-11 14:43:34.707041'),(925,157,'posX','','','','1','2016-07-11 14:44:00.989960'),(926,157,'posY','','','','1','2016-07-11 14:44:00.989960'),(927,157,'posZ','','','','0','2016-07-11 14:44:00.989960'),(928,158,'posX','','','','1','2016-07-11 14:44:24.826124'),(929,158,'posY','','','','1','2016-07-11 14:44:24.826124'),(930,158,'posZ','','','','0','2016-07-11 14:44:24.826124'),(931,159,'posX','','','','1','2016-07-11 14:44:48.218350'),(932,159,'posY','','','','1','2016-07-11 14:44:48.218350'),(933,159,'posZ','','','','0','2016-07-11 14:44:48.218350'),(934,160,'posX','','','','1','2016-07-11 14:45:17.005443'),(935,160,'posY','','','','1','2016-07-11 14:45:17.005443'),(936,160,'posZ','','','','0','2016-07-11 14:45:17.005443'),(937,161,'posX','','','','13.5','2016-06-07 11:47:41.957665'),(938,161,'posY','','','','26.7','2016-06-07 11:47:41.957665'),(939,161,'posZ','','','','0','2016-06-07 11:47:41.957665'),(940,162,'posX','','','','16.2','2016-06-23 10:00:08.367755'),(941,162,'posY','','','','30.7','2016-06-23 10:00:08.367755'),(942,162,'posZ','','','','0','2016-06-23 10:00:08.367755'),(943,163,'posX','','','','1','2016-07-11 14:46:16.474733'),(944,163,'posY','','','','1','2016-07-11 14:46:16.474733'),(945,163,'posZ','','','','0','2016-07-11 14:46:16.474733'),(946,164,'posX','','','','1','2016-07-11 14:46:45.806550'),(947,164,'posY','','','','1','2016-07-11 14:46:45.806550'),(948,164,'posZ','','','','0','2016-07-11 14:46:45.806550'),(949,165,'posX','','','','1','2016-07-11 14:47:09.500118'),(950,165,'posY','','','','1','2016-07-11 14:47:09.500118'),(951,165,'posZ','','','','0','2016-07-11 14:47:09.500118'),(961,149,'battery_level','','','','95%','2017-01-10 18:32:33.915000'),(962,149,'firmware_version','','','','3.115','2017-01-10 18:32:33.915000'),(963,149,'hardware_version','','','','4.4','2017-01-10 18:32:33.915000'),(964,149,'platform','','','','TAG Li-ion','2017-01-10 08:38:58.831326'),(989,177,'posX','','','','1','2016-07-11 14:47:32.596054'),(990,177,'posY','','','','1','2016-07-11 14:47:32.596054'),(991,177,'posZ','','','','0','2016-07-11 14:47:32.596054'),(992,178,'posX','','','','9.9','2017-01-10 18:22:27.291300'),(993,178,'posY','','','','31.7','2017-01-10 18:22:27.291300'),(994,178,'posZ','','','','0','2017-01-10 18:22:27.291300'),(995,179,'posX','','','','1','2016-07-11 14:48:31.599030'),(996,179,'posY','','','','1','2016-07-11 14:48:31.599030'),(997,179,'posZ','','','','0','2016-07-11 14:48:31.599030'),(998,180,'posX','','','','1','2016-07-11 14:48:52.085962'),(999,180,'posY','','','','1','2016-07-11 14:48:52.085962'),(1000,180,'posZ','','','','0','2016-07-11 14:48:52.085962'),(1001,181,'posX','','','','1','2016-07-11 14:49:20.132153'),(1002,181,'posY','','','','1','2016-07-11 14:49:20.132153'),(1003,181,'posZ','','','','0','2016-07-11 14:49:20.132153'),(1004,182,'posX','','','','1','2016-07-11 14:50:05.715368'),(1005,182,'posY','','','','1','2016-07-11 14:50:05.715368'),(1006,182,'posZ','','','','0','2016-07-11 14:50:05.715368'),(1007,183,'posX','','','','1','2016-07-11 14:50:39.805712'),(1008,183,'posY','','','','1','2016-07-11 14:50:39.805712'),(1009,183,'posZ','','','','0','2016-07-11 14:50:39.805712'),(1010,184,'posX','','','','1','2016-07-11 14:51:17.227135'),(1011,184,'posY','','','','1','2016-07-11 14:51:17.227135'),(1012,184,'posZ','','','','0','2016-07-11 14:51:17.227135'),(1013,185,'posX','','','','1','2016-07-11 14:19:01.286250'),(1014,185,'posY','','','','1','2016-07-11 14:19:01.286250'),(1015,185,'posZ','','','','0','2016-07-11 14:19:01.286250'),(1016,186,'posX','','','','1','2016-07-11 14:52:59.847569'),(1017,186,'posY','','','','1','2016-07-11 14:52:59.847569'),(1018,186,'posZ','','','','0','2016-07-11 14:52:59.847569'),(1019,187,'posX','','','','1','2016-07-11 14:53:31.012586'),(1020,187,'posY','','','','1','2016-07-11 14:53:31.012586'),(1021,187,'posZ','','','','0','2016-07-11 14:53:31.012586'),(1022,188,'posX','','','','1','2016-07-11 14:53:51.396739'),(1023,188,'posY','','','','1','2016-07-11 14:53:51.396739'),(1024,188,'posZ','','','','0','2016-07-11 14:53:51.396739'),(1025,189,'posX','','','','1','2016-07-11 14:54:24.816596'),(1026,189,'posY','','','','1','2016-07-11 14:54:24.816596'),(1027,189,'posZ','','','','0','2016-07-11 14:54:24.816596'),(1028,190,'posX','','','','1','2016-07-11 14:54:49.819324'),(1029,190,'posY','','','','1','2016-07-11 14:54:49.819324'),(1030,190,'posZ','','','','0','2016-07-11 14:54:49.819324'),(1031,191,'posX','','','','1','2016-07-11 14:55:22.305313'),(1032,191,'posY','','','','1','2016-07-11 14:55:22.305313'),(1033,191,'posZ','','','','0','2016-07-11 14:55:22.305313'),(1034,192,'posX','','','','1','2016-07-11 14:55:41.751219'),(1035,192,'posY','','','','1','2016-07-11 14:55:41.751219'),(1036,192,'posZ','','','','0','2016-07-11 14:55:41.751219'),(1037,193,'posX','','','','1','2016-07-11 14:56:21.620409'),(1038,193,'posY','','','','1','2016-07-11 14:56:21.620409'),(1039,193,'posZ','','','','0','2016-07-11 14:56:21.620409'),(1040,194,'posX','','','','1','2016-07-11 14:56:45.016170'),(1041,194,'posY','','','','1','2016-07-11 14:56:45.016170'),(1042,194,'posZ','','','','0','2016-07-11 14:56:45.016170'),(1043,195,'posX','','','','1','2016-07-11 14:57:13.133477'),(1044,195,'posY','','','','1','2016-07-11 14:57:13.133477'),(1045,195,'posZ','','','','0','2016-07-11 14:57:13.133477'),(1046,196,'posX','','','','1','2016-07-11 14:57:00.723967'),(1047,196,'posY','','','','1','2016-07-11 14:57:00.723967'),(1048,196,'posZ','','','','0','2016-07-11 14:57:00.723967'),(1049,197,'posX','','','','1','2016-07-11 14:56:48.492599'),(1050,197,'posY','','','','1','2016-07-11 14:56:48.492599'),(1051,197,'posZ','','','','0','2016-07-11 14:56:48.492599'),(1052,198,'posX','','','','1','2016-07-11 14:56:35.439881'),(1053,198,'posY','','','','1','2016-07-11 14:56:35.439881'),(1054,198,'posZ','','','','0','2016-07-11 14:56:35.439881'),(1055,199,'posX','','','','1','2016-07-11 14:55:57.347177'),(1056,199,'posY','','','','1','2016-07-11 14:55:57.347177'),(1057,199,'posZ','','','','0','2016-07-11 14:55:57.347177'),(1093,151,'battery_level','','','','100%','2017-01-10 18:37:37.205000'),(1094,151,'firmware_version','','','','3.115','2017-01-10 18:37:37.205000'),(1095,151,'hardware_version','','','','4.4','2017-01-10 18:37:37.205000'),(1096,151,'platform','','','','TAG Li-ion','2017-01-10 08:46:10.904218'),(1097,150,'battery_level','','','','48%','2016-06-03 11:48:47.333578'),(1098,150,'firmware_version','','','','3.112','2016-06-03 11:48:47.333578'),(1099,150,'hardware_version','','','','4.3','2016-06-03 11:48:47.333578'),(1100,150,'platform','','','','TAG Li-ion','2016-06-03 11:48:47.333578'),(1118,212,'posX','','','','1','2016-07-11 14:55:40.254048'),(1119,212,'posY','','','','1','2016-07-11 14:55:40.254048'),(1120,212,'posZ','','','','0','2016-07-11 14:55:40.254048'),(1121,213,'posX','','','','1','2016-07-11 14:55:24.259495'),(1122,213,'posY','','','','1','2016-07-11 14:55:24.259495'),(1123,213,'posZ','','','','0','2016-07-11 14:55:24.259495'),(1124,214,'posX','','','','1','2016-07-11 14:55:11.582964'),(1125,214,'posY','','','','1','2016-07-11 14:55:11.582964'),(1126,214,'posZ','','','','0','2016-07-11 14:55:11.582964'),(1127,215,'posX','','','','1','2016-07-11 14:55:00.114928'),(1128,215,'posY','','','','1','2016-07-11 14:55:00.114928'),(1129,215,'posZ','','','','0','2016-07-11 14:55:00.114928'),(1130,216,'posX','','','','1','2016-07-11 14:54:35.568581'),(1131,216,'posY','','','','1','2016-07-11 14:54:35.568581'),(1132,216,'posZ','','','','0','2016-07-11 14:54:35.568581'),(1133,217,'posX','','','','1','2016-07-11 14:54:23.666066'),(1134,217,'posY','','','','1','2016-07-11 14:54:23.666066'),(1135,217,'posZ','','','','0','2016-07-11 14:54:23.666066'),(1136,218,'posX','','','','20.8','2016-06-06 08:51:43.761132'),(1137,218,'posY','','','','19.9','2016-06-06 08:51:43.761132'),(1138,218,'posZ','','','','0','2016-06-06 08:51:43.761132'),(1139,219,'posX','','','','1','2016-07-11 14:54:02.563079'),(1140,219,'posY','','','','1','2016-07-11 14:54:02.563079'),(1141,219,'posZ','','','','0','2016-07-11 14:54:02.563079'),(1142,220,'posX','','','','1','2016-07-11 14:53:50.941323'),(1143,220,'posY','','','','1','2016-07-11 14:53:50.941323'),(1144,220,'posZ','','','','0','2016-07-11 14:53:50.941323'),(1145,221,'posX','','','','1','2016-07-11 14:53:36.096832'),(1146,221,'posY','','','','1','2016-07-11 14:53:36.096832'),(1147,221,'posZ','','','','0','2016-07-11 14:53:36.096832'),(1148,222,'posX','','','','1','2016-07-11 14:53:23.104579'),(1149,222,'posY','','','','1','2016-07-11 14:53:23.104579'),(1150,222,'posZ','','','','0','2016-07-11 14:53:23.104579'),(1151,223,'posX','','','','1','2016-07-11 14:53:11.626250'),(1152,223,'posY','','','','1','2016-07-11 14:53:11.626250'),(1153,223,'posZ','','','','0','2016-07-11 14:53:11.626250'),(1154,224,'posX','','','','1','2016-07-11 14:50:26.404984'),(1155,224,'posY','','','','1','2016-07-11 14:50:26.404984'),(1156,224,'posZ','','','','0','2016-07-11 14:50:26.404984'),(1157,225,'posX','','','','1','2016-07-11 14:50:14.128055'),(1158,225,'posY','','','','1','2016-07-11 14:50:14.128055'),(1159,225,'posZ','','','','0','2016-07-11 14:50:14.128055'),(1160,226,'posX','','','','1','2016-07-11 14:50:01.315454'),(1161,226,'posY','','','','1','2016-07-11 14:50:01.315454'),(1162,226,'posZ','','','','0','2016-07-11 14:50:01.315454'),(1163,227,'posX','','','','1','2016-07-11 14:49:47.618942'),(1164,227,'posY','','','','1','2016-07-11 14:49:47.618942'),(1165,227,'posZ','','','','0','2016-07-11 14:49:47.618942'),(1166,228,'posX','','','','10.1','2016-06-27 12:14:10.822384'),(1167,228,'posY','','','','12.6','2016-06-27 12:14:10.822384'),(1168,228,'posZ','','','','0','2016-06-27 12:14:10.822384'),(1169,229,'posX','','','','1','2016-07-11 14:49:21.805967'),(1170,229,'posY','','','','1','2016-07-11 14:49:21.805967'),(1171,229,'posZ','','','','0','2016-07-11 14:49:21.805967'),(1172,230,'posX','','','','21.2','2016-07-11 14:49:08.079677'),(1173,230,'posY','','','','15.5','2016-07-11 14:49:08.079677'),(1174,230,'posZ','','','','0','2016-07-11 14:49:08.079677'),(1175,231,'posX','','','','1','2016-07-11 14:48:57.801469'),(1176,231,'posY','','','','1','2016-07-11 14:48:57.801469'),(1177,231,'posZ','','','','0','2016-07-11 14:48:57.801469'),(1178,232,'posX','','','','1','2016-07-11 14:48:44.391797'),(1179,232,'posY','','','','1','2016-07-11 14:48:44.391797'),(1180,232,'posZ','','','','0','2016-07-11 14:48:44.391797'),(1181,233,'posX','','','','1','2016-07-11 14:48:32.612595'),(1182,233,'posY','','','','1','2016-07-11 14:48:32.612595'),(1183,233,'posZ','','','','0','2016-07-11 14:48:32.612595'),(1184,234,'posX','','','','1','2016-07-11 14:48:20.661371'),(1185,234,'posY','','','','1','2016-07-11 14:48:20.661371'),(1186,234,'posZ','','','','0','2016-07-11 14:48:20.661371'),(1187,235,'posX','','','','1','2016-07-11 14:48:01.388578'),(1188,235,'posY','','','','1','2016-07-11 14:48:01.388578'),(1189,235,'posZ','','','','0','2016-07-11 14:48:01.388578'),(1190,236,'posX','','','','1','2016-07-11 14:47:46.030530'),(1191,236,'posY','','','','1','2016-07-11 14:47:46.030530'),(1192,236,'posZ','','','','0','2016-07-11 14:47:46.030530'),(1193,237,'posX','','','','1','2016-07-11 14:47:33.328043'),(1194,237,'posY','','','','1','2016-07-11 14:47:33.328043'),(1195,237,'posZ','','','','0','2016-07-11 14:47:33.328043'),(1196,238,'posX','','','','1','2016-07-11 14:47:17.302545'),(1197,238,'posY','','','','1','2016-07-11 14:47:17.302545'),(1198,238,'posZ','','','','0','2016-07-11 14:47:17.302545'),(1199,239,'posX','','','','1','2016-07-11 14:46:46.430887'),(1200,239,'posY','','','','1','2016-07-11 14:46:46.430887'),(1201,239,'posZ','','','','0','2016-07-11 14:46:46.430887'),(1202,240,'posX','','','','1','2016-07-11 13:04:09.677711'),(1203,240,'posY','','','','1','2016-07-11 13:04:09.677711'),(1204,240,'posZ','','','','0','2016-07-11 13:04:09.677711'),(1205,240,'battery_level','','','','97%','2017-01-10 18:41:09.427000'),(1206,240,'firmware_version','','','','3.115','2017-01-10 18:41:09.427000'),(1207,240,'hardware_version','','','','4.4','2017-01-10 18:41:09.427000'),(1208,240,'platform','','','','TAG Li-ion','2017-01-10 08:53:01.654731'),(1209,241,'posX','','','','1','2016-07-11 13:00:56.790549'),(1210,241,'posY','','','','1','2016-07-11 13:00:56.790549'),(1211,241,'posZ','','','','0','2016-07-11 13:00:56.790549'),(1212,241,'battery_level','','','','61%','2016-07-11 12:59:37.669914'),(1213,241,'firmware_version','','','','3.115','2017-01-11 08:58:16.604000'),(1214,241,'hardware_version','','','','4.4','2017-01-11 08:58:16.604000'),(1215,241,'platform','','','','TAG Li-ion','2016-07-11 12:59:37.669914'),(1216,242,'posX','','','','1','2016-07-11 13:41:20.611083'),(1217,242,'posY','','','','1','2016-07-11 13:41:20.611083'),(1218,242,'posZ','','','','0','2016-07-11 13:41:20.611083'),(1219,243,'posX','','','','1','2016-07-11 13:42:08.250468'),(1220,243,'posY','','','','1','2016-07-11 13:42:08.250468'),(1221,243,'posZ','','','','0','2016-07-11 13:42:08.250468'),(1222,243,'battery_level','','','','100%','2017-01-11 08:33:51.894000'),(1223,243,'firmware_version','','','','3.115','2017-01-11 08:33:51.894000'),(1224,243,'hardware_version','','','','4.4','2017-01-11 08:33:51.894000'),(1225,243,'platform','','','','TAG Li-ion','2016-07-11 13:19:59.768268'),(1226,244,'posX','','','','1','2016-07-11 13:42:29.581211'),(1227,244,'posY','','','','1','2016-07-11 13:42:29.581211'),(1228,244,'posZ','','','','0','2016-07-11 13:42:29.581211'),(1229,244,'battery_level','','','','100%','2016-07-11 13:22:22.631426'),(1230,244,'firmware_version','','','','3.115','2017-01-10 18:38:35.533000'),(1231,244,'hardware_version','','','','4.4','2017-01-10 18:38:35.533000'),(1232,244,'platform','','','','TAG Li-ion','2016-07-11 13:22:22.631426'),(1233,245,'posX','','','','1','2016-07-11 13:43:27.756931'),(1234,245,'posY','','','','1','2016-07-11 13:43:27.756931'),(1235,245,'posZ','','','','0','2016-07-11 13:43:27.756931'),(1236,245,'battery_level','','','','65%','2016-07-11 13:24:30.575521'),(1237,245,'firmware_version','','','','3.115','2017-01-11 08:59:24.049000'),(1238,245,'hardware_version','','','','4.4','2017-01-11 08:59:24.049000'),(1239,245,'platform','','','','TAG Li-ion','2016-07-11 13:24:30.575521'),(1240,246,'posX','','','','1','2016-07-11 13:44:17.071039'),(1241,246,'posY','','','','1','2016-07-11 13:44:17.071039'),(1242,246,'posZ','','','','0','2016-07-11 13:44:17.071039'),(1243,246,'battery_level','','','','63%','2016-07-11 13:26:53.319596'),(1244,246,'firmware_version','','','','3.115','2017-01-11 09:10:38.272000'),(1245,246,'hardware_version','','','','4.4','2017-01-11 09:10:38.272000'),(1246,246,'platform','','','','TAG Li-ion','2016-07-11 13:26:53.319596'),(1247,247,'posX','','','','1','2016-07-11 13:44:45.142769'),(1248,247,'posY','','','','1','2016-07-11 13:44:45.142769'),(1249,247,'posZ','','','','0','2016-07-11 13:44:45.142769'),(1250,247,'battery_level','','','','100%','2017-01-10 18:46:09.861000'),(1251,247,'firmware_version','','','','3.115','2017-01-10 18:46:09.861000'),(1252,247,'hardware_version','','','','4.4','2017-01-10 18:46:09.861000'),(1253,247,'platform','','','','TAG Li-ion','2016-07-12 09:38:39.105133'),(1254,248,'posX','','','','1','2016-07-11 13:41:45.541665'),(1255,248,'posY','','','','1','2016-07-11 13:41:45.541665'),(1256,248,'posZ','','','','0','2016-07-11 13:41:45.541665'),(1257,248,'battery_level','','','','61%','2016-07-11 13:32:03.150423'),(1258,248,'firmware_version','','','','3.115','2017-01-11 09:03:16.329000'),(1259,248,'hardware_version','','','','4.4','2017-01-11 09:03:16.329000'),(1260,248,'platform','','','','TAG Li-ion','2016-07-11 13:32:03.150423'),(1261,249,'posX','','','','1','2016-07-11 13:40:41.748159'),(1262,249,'posY','','','','1','2016-07-11 13:40:41.748159'),(1263,249,'posZ','','','','0','2016-07-11 13:40:41.748159'),(1264,249,'battery_level','','','','61%','2016-07-11 13:33:59.835592'),(1265,249,'firmware_version','','','','3.115','2017-01-11 08:45:40.201000'),(1266,249,'hardware_version','','','','4.4','2017-01-11 08:45:40.201000'),(1267,249,'platform','','','','TAG Li-ion','2016-07-11 13:33:59.835592'),(1268,250,'posX','','','','1','2016-07-11 13:43:54.457786'),(1269,250,'posY','','','','1','2016-07-11 13:43:54.457786'),(1270,250,'posZ','','','','0','2016-07-11 13:43:54.457786'),(1271,250,'battery_level','','','','95%','2017-01-10 18:41:19.496000'),(1272,250,'firmware_version','','','','3.115','2017-01-10 18:41:19.496000'),(1273,250,'hardware_version','','','','4.4','2017-01-10 18:41:19.496000'),(1274,250,'platform','','','','TAG Li-ion','2017-01-10 08:53:01.857912'),(1275,251,'posX','','','','1','2016-07-11 13:42:59.131695'),(1276,251,'posY','','','','1','2016-07-11 13:42:59.131695'),(1277,251,'posZ','','','','0','2016-07-11 13:42:59.131695'),(1278,251,'battery_level','','','','63%','2016-07-11 13:38:59.859002'),(1279,251,'firmware_version','','','','3.115','2017-01-11 09:05:53.773000'),(1280,251,'hardware_version','','','','4.4','2017-01-11 09:05:53.773000'),(1281,251,'platform','','','','TAG Li-ion','2016-07-11 13:38:59.859002'),(1282,185,'battery_level','','','','59%','2016-07-11 13:40:10.275118'),(1283,185,'firmware_version','','','','3.112','2016-07-11 13:40:10.275118'),(1284,185,'hardware_version','','','','4.3','2016-07-11 13:40:10.275118'),(1285,185,'platform','','','','TAG Li-ion','2016-07-11 13:40:10.275118'),(1286,184,'battery_level','','','','61%','2016-07-12 09:30:36.885834'),(1287,184,'firmware_version','','','','3.112','2016-07-11 13:45:18.867808'),(1288,184,'hardware_version','','','','4.3','2016-07-11 13:45:18.867808'),(1289,184,'platform','','','','TAG Li-ion','2016-07-12 09:30:36.885834'),(1290,252,'posX','','','','1','2016-07-11 14:45:30.926487'),(1291,252,'posY','','','','1','2016-07-11 14:45:30.926487'),(1292,252,'posZ','','','','0','2016-07-11 14:45:30.926487'),(1293,252,'battery_level','','','','61%','2016-07-11 13:46:22.522496'),(1294,252,'firmware_version','','','','3.113','2016-07-11 13:46:22.522496'),(1295,252,'hardware_version','','','','4.3','2016-07-11 13:46:22.522496'),(1296,252,'platform','','','','TAG Li-ion','2016-07-11 13:46:22.522496'),(1297,253,'posX','','','','1','2016-07-11 14:45:03.122611'),(1298,253,'posY','','','','1','2016-07-11 14:45:03.122611'),(1299,253,'posZ','','','','0','2016-07-11 14:45:03.122611'),(1300,253,'battery_level','','','','97%','2017-01-10 18:42:04.422000'),(1301,253,'firmware_version','','','','3.115','2017-01-10 18:42:04.422000'),(1302,253,'hardware_version','','','','4.4','2017-01-10 18:42:04.422000'),(1303,253,'platform','','','','TAG Li-ion','2017-01-10 08:53:09.065407'),(1304,254,'posX','','','','1','2016-07-11 14:44:39.617532'),(1305,254,'posY','','','','1','2016-07-11 14:44:39.617532'),(1306,254,'posZ','','','','0','2016-07-11 14:44:39.617532'),(1307,254,'battery_level','','','','63%','2016-07-11 13:50:47.928066'),(1308,254,'firmware_version','','','','3.113','2016-07-11 13:50:47.928066'),(1309,254,'hardware_version','','','','4.3','2016-07-11 13:50:47.928066'),(1310,254,'platform','','','','TAG Li-ion','2016-07-11 13:50:47.928066'),(1311,255,'posX','','','','1','2016-07-11 14:44:27.164649'),(1312,255,'posY','','','','1','2016-07-11 14:44:27.164649'),(1313,255,'posZ','','','','0','2016-07-11 14:44:27.164649'),(1314,255,'battery_level','','','','97%','2017-01-10 18:45:28.066000'),(1315,255,'firmware_version','','','','3.115','2017-01-10 18:45:28.066000'),(1316,255,'hardware_version','','','','4.4','2017-01-10 18:45:28.066000'),(1317,255,'platform','','','','TAG Li-ion','2017-01-10 08:53:46.124152'),(1318,231,'battery_level','','','','95%','2017-01-10 18:35:43.515000'),(1319,231,'firmware_version','','','','3.115','2017-01-10 18:35:43.515000'),(1320,231,'hardware_version','','','','4.4','2017-01-10 18:35:43.515000'),(1321,231,'platform','','','','TAG Li-ion','2017-01-10 08:40:46.071616'),(1322,256,'posX','','','','1','2016-07-11 14:44:04.763704'),(1323,256,'posY','','','','1','2016-07-11 14:44:04.763704'),(1324,256,'posZ','','','','0','2016-07-11 14:44:04.763704'),(1325,256,'battery_level','','','','63%','2016-07-11 13:54:39.113198'),(1326,256,'firmware_version','','','','3.113','2016-07-11 13:54:39.113198'),(1327,256,'hardware_version','','','','4.3','2016-07-11 13:54:39.113198'),(1328,256,'platform','','','','TAG Li-ion','2016-07-11 13:54:39.113198'),(1329,257,'posX','','','','7.4','2017-01-05 08:05:42.666625'),(1330,257,'posY','','','','27.8','2017-01-05 08:05:42.666625'),(1331,257,'posZ','','','','0','2017-01-05 08:05:42.666625'),(1332,257,'battery_level','','','','63%','2017-01-05 08:05:42.666625'),(1333,257,'firmware_version','','','','3.115','2017-01-11 08:59:57.061000'),(1334,257,'hardware_version','','','','4.4','2017-01-11 08:59:57.061000'),(1335,257,'platform','','','','TAG Li-ion','2017-01-05 08:05:42.666625'),(1336,258,'posX','','','','1','2016-07-11 14:05:26.462083'),(1337,258,'posY','','','','1','2016-07-11 14:05:26.462083'),(1338,258,'posZ','','','','0','2016-07-11 14:05:26.462083'),(1339,258,'battery_level','','','','100%','2017-01-10 18:38:43.130000'),(1340,258,'firmware_version','','','','3.115','2017-01-10 18:38:43.130000'),(1341,258,'hardware_version','','','','4.4','2017-01-10 18:38:43.130000'),(1342,258,'platform','','','','TAG Li-ion','2016-07-11 13:58:17.410464'),(1343,259,'posX','','','','1','2016-07-11 14:05:07.684494'),(1344,259,'posY','','','','1','2016-07-11 14:05:07.684494'),(1345,259,'posZ','','','','0','2016-07-11 14:05:07.684494'),(1346,259,'battery_level','','','','97%','2017-01-10 18:40:28.912000'),(1347,259,'firmware_version','','','','3.115','2017-01-10 18:40:28.912000'),(1348,259,'hardware_version','','','','4.4','2017-01-10 18:40:28.912000'),(1349,259,'platform','','','','TAG Li-ion','2017-01-10 08:52:52.975528'),(1350,260,'posX','','','','1','2016-07-11 14:05:49.268927'),(1351,260,'posY','','','','1','2016-07-11 14:05:49.268927'),(1352,260,'posZ','','','','0','2016-07-11 14:05:49.268927'),(1353,260,'battery_level','','','','63%','2016-07-11 14:02:01.966336'),(1354,260,'firmware_version','','','','3.115','2017-01-11 09:10:48.578000'),(1355,260,'hardware_version','','','','4.4','2017-01-11 09:10:48.578000'),(1356,260,'platform','','','','TAG Li-ion','2016-07-11 14:02:01.966336'),(1357,227,'battery_level','','','','95%','2017-01-10 18:37:04.719000'),(1358,227,'firmware_version','','','','3.115','2017-01-10 18:37:04.719000'),(1359,227,'hardware_version','','','','4.4','2017-01-10 18:37:04.719000'),(1360,227,'platform','','','','TAG Li-ion','2017-01-10 08:53:12.147743'),(1361,261,'posX','','','','1','2016-07-11 14:28:31.256411'),(1362,261,'posY','','','','1','2016-07-11 14:28:31.256411'),(1363,261,'posZ','','','','0','2016-07-11 14:28:31.256411'),(1364,261,'battery_level','','','','97%','2017-01-10 18:41:39.633000'),(1365,261,'firmware_version','','','','3.115','2017-01-10 18:41:39.633000'),(1366,261,'hardware_version','','','','4.4','2017-01-10 18:41:39.633000'),(1367,261,'platform','','','','TAG Li-ion','2017-01-10 08:53:06.962594'),(1368,262,'posX','','','','1','2016-07-11 14:43:23.689022'),(1369,262,'posY','','','','1','2016-07-11 14:43:23.689022'),(1370,262,'posZ','','','','0','2016-07-11 14:43:23.689022'),(1371,262,'battery_level','','','','63%','2016-07-11 14:09:08.117733'),(1372,262,'firmware_version','','','','3.113','2016-07-11 14:09:08.117733'),(1373,262,'hardware_version','','','','4.3','2016-07-11 14:09:08.117733'),(1374,262,'platform','','','','TAG Li-ion','2016-07-11 14:09:08.117733'),(1375,263,'posX','','','','1','2016-07-11 14:43:13.628298'),(1376,263,'posY','','','','1','2016-07-11 14:43:13.628298'),(1377,263,'posZ','','','','0','2016-07-11 14:43:13.628298'),(1378,263,'battery_level','','','','67%','2016-07-11 14:11:01.994858'),(1379,263,'firmware_version','','','','3.115','2017-01-11 09:55:09.837000'),(1380,263,'hardware_version','','','','4.4','2017-01-11 09:55:09.837000'),(1381,263,'platform','','','','TAG Li-ion','2016-07-11 14:11:01.994858'),(1382,264,'posX','','','','1','2016-07-11 14:43:03.168225'),(1383,264,'posY','','','','1','2016-07-11 14:43:03.168225'),(1384,264,'posZ','','','','0','2016-07-11 14:43:03.168225'),(1385,264,'battery_level','','','','63%','2016-07-11 14:12:47.642138'),(1386,264,'firmware_version','','','','3.115','2017-01-11 09:12:49.515000'),(1387,264,'hardware_version','','','','4.4','2017-01-11 09:12:49.515000'),(1388,264,'platform','','','','TAG Li-ion','2016-07-11 14:12:47.642138'),(1389,265,'posX','','','','1','2016-07-11 14:42:36.063602'),(1390,265,'posY','','','','1','2016-07-11 14:42:36.063602'),(1391,265,'posZ','','','','0','2016-07-11 14:42:36.063602'),(1392,265,'battery_level','','','','61%','2016-07-11 14:14:50.629348'),(1393,265,'firmware_version','','','','3.113','2016-07-11 14:14:50.629348'),(1394,265,'hardware_version','','','','4.3','2016-07-11 14:14:50.629348'),(1395,265,'platform','','','','TAG Li-ion','2016-07-11 14:14:50.629348'),(1396,266,'posX','','','','1','2016-07-11 14:20:26.368350'),(1397,266,'posY','','','','1','2016-07-11 14:20:26.368350'),(1398,266,'posZ','','','','0','2016-07-11 14:20:26.368350'),(1399,266,'battery_level','','','','61%','2016-07-11 14:16:51.074389'),(1400,266,'firmware_version','','','','3.115','2017-01-11 09:18:03.202000'),(1401,266,'hardware_version','','','','4.4','2017-01-11 09:18:03.202000'),(1402,266,'platform','','','','TAG Li-ion','2016-07-11 14:16:51.074389'),(1403,267,'posX','','','','1','2016-07-11 14:42:07.759674'),(1404,267,'posY','','','','1','2016-07-11 14:42:07.759674'),(1405,267,'posZ','','','','0','2016-07-11 14:42:07.759674'),(1406,267,'battery_level','','','','63%','2016-07-11 14:20:53.793262'),(1407,267,'firmware_version','','','','3.115','2017-01-11 08:46:43.540000'),(1408,267,'hardware_version','','','','4.4','2017-01-11 08:46:43.540000'),(1409,267,'platform','','','','TAG Li-ion','2016-07-11 14:20:53.793262'),(1410,268,'posX','','','','1','2016-07-11 14:41:51.771274'),(1411,268,'posY','','','','1','2016-07-11 14:41:51.771274'),(1412,268,'posZ','','','','0','2016-07-11 14:41:51.771274'),(1413,268,'battery_level','','','','100%','2017-01-11 08:49:43.719000'),(1414,268,'firmware_version','','','','3.115','2017-01-11 08:49:43.719000'),(1415,268,'hardware_version','','','','4.4','2017-01-11 08:49:43.719000'),(1416,268,'platform','','','','TAG Li-ion','2016-07-11 14:22:18.514349'),(1417,269,'posX','','','','1','2016-07-11 14:41:42.671736'),(1418,269,'posY','','','','1','2016-07-11 14:41:42.671736'),(1419,269,'posZ','','','','0','2016-07-11 14:41:42.671736'),(1420,269,'battery_level','','','','63%','2016-07-11 14:23:53.715596'),(1421,269,'firmware_version','','','','3.115','2017-01-11 08:49:55.329000'),(1422,269,'hardware_version','','','','4.4','2017-01-11 08:49:55.329000'),(1423,269,'platform','','','','TAG Li-ion','2016-07-11 14:23:53.715596'),(1424,270,'posX','','','','1','2016-07-11 14:41:33.485598'),(1425,270,'posY','','','','1','2016-07-11 14:41:33.485598'),(1426,270,'posZ','','','','0','2016-07-11 14:41:33.485598'),(1427,270,'battery_level','','','','61%','2016-07-11 14:25:35.609591'),(1428,270,'firmware_version','','','','3.115','2017-01-11 08:52:50.181000'),(1429,270,'hardware_version','','','','4.4','2017-01-11 08:52:50.181000'),(1430,270,'platform','','','','TAG Li-ion','2016-07-11 14:25:35.609591'),(1431,271,'posX','','','','1','2016-07-11 14:41:22.726684'),(1432,271,'posY','','','','1','2016-07-11 14:41:22.726684'),(1433,271,'posZ','','','','0','2016-07-11 14:41:22.726684'),(1434,271,'battery_level','','','','97%','2017-01-10 18:45:50.189000'),(1435,271,'firmware_version','','','','3.115','2017-01-10 18:45:50.189000'),(1436,271,'hardware_version','','','','4.4','2017-01-10 18:45:50.189000'),(1437,271,'platform','','','','TAG Li-ion','2017-01-10 08:53:58.236413'),(1438,272,'posX','','','','1','2016-07-11 14:41:12.255613'),(1439,272,'posY','','','','1','2016-07-11 14:41:12.255613'),(1440,272,'posZ','','','','0','2016-07-11 14:41:12.255613'),(1441,272,'battery_level','','','','61%','2016-07-11 14:31:16.296613'),(1442,272,'firmware_version','','','','3.115','2017-01-11 08:59:09.701000'),(1443,272,'hardware_version','','','','4.4','2017-01-11 08:59:09.701000'),(1444,272,'platform','','','','TAG Li-ion','2016-07-11 14:31:16.296613'),(1445,273,'posX','','','','1','2016-07-11 14:40:56.086795'),(1446,273,'posY','','','','1','2016-07-11 14:40:56.086795'),(1447,273,'posZ','','','','0','2016-07-11 14:40:56.086795'),(1448,273,'battery_level','','','','100%','2017-01-10 18:43:25.928000'),(1449,273,'firmware_version','','','','3.115','2017-01-10 18:43:25.928000'),(1450,273,'hardware_version','','','','4.4','2017-01-10 18:43:25.928000'),(1451,273,'platform','','','','TAG Li-ion','2017-01-10 08:53:17.376477'),(1452,274,'posX','','','','1','2016-07-11 14:40:37.276833'),(1453,274,'posY','','','','1','2016-07-11 14:40:37.276833'),(1454,274,'posZ','','','','0','2016-07-11 14:40:37.276833'),(1455,274,'battery_level','','','','100%','2017-01-10 18:39:55.235000'),(1456,274,'firmware_version','','','','3.115','2017-01-10 18:39:55.235000'),(1457,274,'hardware_version','','','','4.4','2017-01-10 18:39:55.235000'),(1458,274,'platform','','','','TAG Li-ion','2017-01-10 08:52:51.568928'),(1459,275,'posX','','','','1','2016-07-11 14:40:11.625859'),(1460,275,'posY','','','','1','2016-07-11 14:40:11.625859'),(1461,275,'posZ','','','','0','2016-07-11 14:40:11.625859'),(1462,275,'battery_level','','','','61%','2016-07-11 14:39:21.109594'),(1463,275,'firmware_version','','','','3.115','2017-01-11 09:17:49.195000'),(1464,275,'hardware_version','','','','4.4','2017-01-11 09:17:49.195000'),(1465,275,'platform','','','','TAG Li-ion','2016-07-11 14:39:21.109594'),(1466,276,'posX','','','','1','2016-07-11 14:51:42.956800'),(1467,276,'posY','','','','1','2016-07-11 14:51:42.956800'),(1468,276,'posZ','','','','0','2016-07-11 14:51:42.956800'),(1469,276,'battery_level','','','','63%','2016-07-11 14:40:47.246098'),(1470,276,'firmware_version','','','','3.115','2017-01-11 08:49:45.362000'),(1471,276,'hardware_version','','','','4.4','2017-01-11 08:49:45.362000'),(1472,276,'platform','','','','TAG Li-ion','2016-07-11 14:40:47.246098'),(1473,277,'posX','','','','1','2016-07-11 14:51:53.644891'),(1474,277,'posY','','','','1','2016-07-11 14:51:53.644891'),(1475,277,'posZ','','','','0','2016-07-11 14:51:53.644891'),(1476,277,'battery_level','','','','63%','2016-07-11 14:42:42.187585'),(1477,277,'firmware_version','','','','3.115','2017-01-11 09:12:08.308000'),(1478,277,'hardware_version','','','','4.4','2017-01-11 09:12:08.308000'),(1479,277,'platform','','','','TAG Li-ion','2016-07-11 14:42:42.187585'),(1480,278,'posX','','','','1','2016-07-11 14:52:04.050937'),(1481,278,'posY','','','','1','2016-07-11 14:52:04.050937'),(1482,278,'posZ','','','','0','2016-07-11 14:52:04.050937'),(1483,278,'battery_level','','','','100%','2017-01-11 09:10:18.371000'),(1484,278,'firmware_version','','','','3.115','2017-01-11 09:10:18.371000'),(1485,278,'hardware_version','','','','4.4','2017-01-11 09:10:18.371000'),(1486,278,'platform','','','','TAG Li-ion','2016-07-11 14:44:56.888912'),(1487,279,'posX','','','','1','2016-07-11 14:52:12.462693'),(1488,279,'posY','','','','1','2016-07-11 14:52:12.462693'),(1489,279,'posZ','','','','0','2016-07-11 14:52:12.462693'),(1490,279,'battery_level','','','','63%','2016-07-11 14:46:37.825170'),(1491,279,'firmware_version','','','','3.115','2017-01-11 09:13:22.820000'),(1492,279,'hardware_version','','','','4.4','2017-01-11 09:13:22.820000'),(1493,279,'platform','','','','TAG Li-ion','2016-07-11 14:46:37.825170'),(1494,280,'posX','','','','1','2016-07-11 14:52:21.195401'),(1495,280,'posY','','','','1','2016-07-11 14:52:21.195401'),(1496,280,'posZ','','','','0','2016-07-11 14:52:21.195401'),(1497,280,'battery_level','','','','100%','2017-01-11 08:39:46.037000'),(1498,280,'firmware_version','','','','3.115','2017-01-11 08:39:46.037000'),(1499,280,'hardware_version','','','','4.4','2017-01-11 08:39:46.037000'),(1500,280,'platform','','','','TAG Li-ion','2016-07-11 14:47:55.188988'),(1501,281,'posX','','','','1','2016-07-11 14:52:33.556988'),(1502,281,'posY','','','','1','2016-07-11 14:52:33.556988'),(1503,281,'posZ','','','','0','2016-07-11 14:52:33.556988'),(1504,281,'battery_level','','','','100%','2017-01-11 09:12:37.827000'),(1505,281,'firmware_version','','','','3.115','2017-01-11 09:12:37.827000'),(1506,281,'hardware_version','','','','4.4','2017-01-11 09:12:37.827000'),(1507,281,'platform','','','','TAG Li-ion','2016-07-11 14:49:49.667293'),(1508,282,'posX','','','','1','2016-07-11 14:57:45.871620'),(1509,282,'posY','','','','1','2016-07-11 14:57:45.871620'),(1510,282,'posZ','','','','0','2016-07-11 14:57:45.871620'),(1511,282,'battery_level','','','','63%','2016-07-11 14:52:32.624224'),(1512,282,'firmware_version','','','','3.113','2016-07-11 14:52:32.624224'),(1513,282,'hardware_version','','','','4.3','2016-07-11 14:52:32.624224'),(1514,282,'platform','','','','TAG Li-ion','2016-07-11 14:52:32.624224'),(1515,283,'posX','','','','1','2016-07-11 14:58:03.547096'),(1516,283,'posY','','','','1','2016-07-11 14:58:03.547096'),(1517,283,'posZ','','','','0','2016-07-11 14:58:03.547096'),(1518,283,'battery_level','','','','63%','2016-07-11 14:54:06.345242'),(1519,283,'firmware_version','','','','3.113','2016-07-11 14:54:06.345242'),(1520,283,'hardware_version','','','','4.3','2016-07-11 14:54:06.345242'),(1521,283,'platform','','','','TAG Li-ion','2016-07-11 14:54:06.345242'),(1522,284,'posX','','','','1','2016-07-11 14:58:21.156687'),(1523,284,'posY','','','','1','2016-07-11 14:58:21.156687'),(1524,284,'posZ','','','','0','2016-07-11 14:58:21.156687'),(1525,284,'battery_level','','','','100%','2017-01-10 18:50:58.684000'),(1526,284,'firmware_version','','','','3.115','2017-01-10 18:50:58.684000'),(1527,284,'hardware_version','','','','4.4','2017-01-10 18:50:58.684000'),(1528,284,'platform','','','','TAG Li-ion','2017-01-10 09:02:04.771774'),(1529,285,'posX','','','','1','2016-07-11 14:59:21.908561'),(1530,285,'posY','','','','1','2016-07-11 14:59:21.908561'),(1531,285,'posZ','','','','0','2016-07-11 14:59:21.908561'),(1532,285,'battery_level','','','','61%','2016-07-11 14:57:23.721057'),(1533,285,'firmware_version','','','','3.115','2017-01-11 08:57:12.474000'),(1534,285,'hardware_version','','','','4.4','2017-01-11 08:57:12.474000'),(1535,285,'platform','','','','TAG Li-ion','2016-07-11 14:57:23.721057'),(1536,286,'posX','','','','1','2016-07-11 15:01:01.361212'),(1537,286,'posY','','','','1','2016-07-11 15:01:01.361212'),(1538,286,'posZ','','','','0','2016-07-11 15:01:01.361212'),(1539,286,'battery_level','','','','63%','2016-07-11 14:59:00.532143'),(1540,286,'firmware_version','','','','3.115','2017-01-11 09:03:28.528000'),(1541,286,'hardware_version','','','','4.4','2017-01-11 09:03:28.528000'),(1542,286,'platform','','','','TAG Li-ion','2016-07-11 14:59:00.532143'),(1543,287,'posX','','','','1','2016-07-11 15:01:58.905179'),(1544,287,'posY','','','','1','2016-07-11 15:01:58.905179'),(1545,287,'posZ','','','','0','2016-07-11 15:01:58.905179'),(1546,287,'battery_level','','','','100%','2017-01-10 18:50:46.132000'),(1547,287,'firmware_version','','','','3.115','2017-01-10 18:50:46.132000'),(1548,287,'hardware_version','','','','4.4','2017-01-10 18:50:46.132000'),(1549,287,'platform','','','','TAG Li-ion','2017-01-10 08:57:30.425915'),(1550,288,'posX','','','','1','2016-07-11 15:03:16.060899'),(1551,288,'posY','','','','1','2016-07-11 15:03:16.060899'),(1552,288,'posZ','','','','0','2016-07-11 15:03:16.060899'),(1553,288,'battery_level','','','','63%','2016-07-11 15:02:44.104686'),(1554,288,'firmware_version','','','','3.115','2017-01-11 09:09:54.407000'),(1555,288,'hardware_version','','','','4.4','2017-01-11 09:09:54.407000'),(1556,288,'platform','','','','TAG Li-ion','2016-07-11 15:02:44.104686'),(1557,289,'posX','','','','1','2016-07-11 15:10:03.872339'),(1558,289,'posY','','','','1','2016-07-11 15:10:03.872339'),(1559,289,'posZ','','','','0','2016-07-11 15:10:03.872339'),(1560,289,'battery_level','','','','100%','2017-01-11 08:39:13.422000'),(1561,289,'firmware_version','','','','3.115','2017-01-11 08:39:13.422000'),(1562,289,'hardware_version','','','','4.4','2017-01-11 08:39:13.422000'),(1563,289,'platform','','','','TAG Li-ion','2016-12-03 12:36:47.765151'),(1564,290,'posX','','','','1','2016-07-11 15:16:54.244934'),(1565,290,'posY','','','','1','2016-07-11 15:16:54.244934'),(1566,290,'posZ','','','','0','2016-07-11 15:16:54.244934'),(1567,290,'battery_level','','','','63%','2016-07-11 15:10:53.191096'),(1568,290,'firmware_version','','','','3.113','2016-07-11 15:10:53.191096'),(1569,290,'hardware_version','','','','4.3','2016-07-11 15:10:53.191096'),(1570,290,'platform','','','','TAG Li-ion','2016-07-11 15:10:53.191096'),(1571,291,'posX','','','','1','2016-07-11 15:22:31.993860'),(1572,291,'posY','','','','1','2016-07-11 15:22:31.993860'),(1573,291,'posZ','','','','0','2016-07-11 15:22:31.993860'),(1574,291,'battery_level','','','','61%','2016-07-12 09:55:59.929657'),(1575,291,'firmware_version','','','','3.113','2016-07-11 15:16:29.552392'),(1576,291,'hardware_version','','','','4.3','2016-07-11 15:16:29.552392'),(1577,291,'platform','','','','TAG Li-ion','2016-07-12 09:55:59.929657'),(1578,292,'posX','','','','1','2016-07-11 15:44:58.748338'),(1579,292,'posY','','','','1','2016-07-11 15:44:58.748338'),(1580,292,'posZ','','','','0','2016-07-11 15:44:58.748338'),(1581,292,'battery_level','','','','59%','2016-07-11 15:26:24.732443'),(1582,292,'firmware_version','','','','3.115','2017-01-11 08:51:30.617000'),(1583,292,'hardware_version','','','','4.4','2017-01-11 08:51:30.617000'),(1584,292,'platform','','','','TAG Li-ion','2016-07-11 15:26:24.732443'),(1585,293,'posX','','','','1','2016-07-11 15:45:08.236794'),(1586,293,'posY','','','','1','2016-07-11 15:45:08.236794'),(1587,293,'posZ','','','','0','2016-07-11 15:45:08.236794'),(1588,293,'battery_level','','','','100%','2017-01-11 08:38:53.179000'),(1589,293,'firmware_version','','','','3.115','2017-01-11 08:38:53.179000'),(1590,293,'hardware_version','','','','4.4','2017-01-11 08:38:53.179000'),(1591,293,'platform','','','','TAG Li-ion','2016-07-11 15:27:39.775283'),(1592,294,'posX','','','','1','2016-07-11 15:45:17.383045'),(1593,294,'posY','','','','1','2016-07-11 15:45:17.383045'),(1594,294,'posZ','','','','0','2016-07-11 15:45:17.383045'),(1595,294,'battery_level','','','','61%','2016-07-11 15:28:55.304516'),(1596,294,'firmware_version','','','','3.115','2017-01-11 08:52:46.748000'),(1597,294,'hardware_version','','','','4.4','2017-01-11 08:52:46.748000'),(1598,294,'platform','','','','TAG Li-ion','2016-07-11 15:28:55.304516'),(1599,295,'posX','','','','1','2016-07-11 15:45:31.093369'),(1600,295,'posY','','','','1','2016-07-11 15:45:31.093369'),(1601,295,'posZ','','','','0','2016-07-11 15:45:31.093369'),(1602,295,'battery_level','','','','63%','2016-07-11 15:30:55.139146'),(1603,295,'firmware_version','','','','3.115','2017-01-11 09:18:27.108000'),(1604,295,'hardware_version','','','','4.4','2017-01-11 09:18:27.108000'),(1605,295,'platform','','','','TAG Li-ion','2016-07-11 15:30:55.139146'),(1606,296,'posX','','','','1','2016-07-11 15:45:40.576160'),(1607,296,'posY','','','','1','2016-07-11 15:45:40.576160'),(1608,296,'posZ','','','','0','2016-07-11 15:45:40.576160'),(1609,296,'battery_level','','','','63%','2016-07-11 15:32:55.713474'),(1610,296,'firmware_version','','','','3.115','2017-01-11 08:53:25.108000'),(1611,296,'hardware_version','','','','4.4','2017-01-11 08:53:25.108000'),(1612,296,'platform','','','','TAG Li-ion','2016-07-11 15:32:55.713474'),(1613,297,'posX','','','','1','2016-07-11 15:45:50.462575'),(1614,297,'posY','','','','1','2016-07-11 15:45:50.462575'),(1615,297,'posZ','','','','0','2016-07-11 15:45:50.462575'),(1616,297,'battery_level','','','','63%','2016-07-11 15:34:27.480529'),(1617,297,'firmware_version','','','','3.115','2017-01-11 08:56:28.315000'),(1618,297,'hardware_version','','','','4.4','2017-01-11 08:56:28.315000'),(1619,297,'platform','','','','TAG Li-ion','2016-07-11 15:34:27.480529'),(1620,298,'posX','','','','1','2016-07-11 15:46:01.605854'),(1621,298,'posY','','','','1','2016-07-11 15:46:01.605854'),(1622,298,'posZ','','','','0','2016-07-11 15:46:01.605854'),(1623,298,'battery_level','','','','100%','2017-01-11 08:49:49.445000'),(1624,298,'firmware_version','','','','3.115','2017-01-11 08:49:49.445000'),(1625,298,'hardware_version','','','','4.4','2017-01-11 08:49:49.445000'),(1626,298,'platform','','','','TAG Li-ion','2016-07-11 15:35:49.619180'),(1627,299,'posX','','','','1','2016-07-11 15:46:12.836612'),(1628,299,'posY','','','','1','2016-07-11 15:46:12.836612'),(1629,299,'posZ','','','','0','2016-07-11 15:46:12.836612'),(1630,299,'battery_level','','','','63%','2016-07-11 15:37:19.877048'),(1631,299,'firmware_version','','','','3.115','2017-01-11 08:50:51.174000'),(1632,299,'hardware_version','','','','4.4','2017-01-11 08:50:51.174000'),(1633,299,'platform','','','','TAG Li-ion','2016-07-11 15:37:19.877048'),(1634,300,'posX','','','','1','2016-07-11 15:46:22.576257'),(1635,300,'posY','','','','1','2016-07-11 15:46:22.576257'),(1636,300,'posZ','','','','0','2016-07-11 15:46:22.576257'),(1637,300,'battery_level','','','','100%','2017-01-11 09:07:37.517000'),(1638,300,'firmware_version','','','','3.115','2017-01-11 09:07:37.517000'),(1639,300,'hardware_version','','','','4.4','2017-01-11 09:07:37.517000'),(1640,300,'platform','','','','TAG Li-ion','2016-07-11 15:39:22.482352'),(1641,301,'posX','','','','1','2016-07-11 15:46:32.320388'),(1642,301,'posY','','','','1','2016-07-11 15:46:32.320388'),(1643,301,'posZ','','','','0','2016-07-11 15:46:32.320388'),(1644,301,'battery_level','','','','63%','2016-07-11 15:41:05.372070'),(1645,301,'firmware_version','','','','3.115','2017-01-11 09:17:49.157000'),(1646,301,'hardware_version','','','','4.4','2017-01-11 09:17:49.157000'),(1647,301,'platform','','','','TAG Li-ion','2016-07-11 15:41:05.372070'),(1648,242,'battery_level','','','','61%','2016-07-12 09:36:22.666630'),(1649,242,'firmware_version','','','','3.113','2016-07-11 15:46:16.456573'),(1650,242,'hardware_version','','','','4.3','2016-07-11 15:46:16.456573'),(1651,242,'platform','','','','TAG Li-ion','2016-07-12 09:36:22.666630'),(1652,198,'battery_level','','','','95%','2017-01-10 18:37:48.826000'),(1653,198,'firmware_version','','','','3.115','2017-01-10 18:37:48.826000'),(1654,198,'hardware_version','','','','4.4','2017-01-10 18:37:48.826000'),(1655,198,'platform','','','','TAG Li-ion','2017-01-10 08:52:06.019613'),(1656,214,'battery_level','','','','59%','2016-07-11 16:03:02.022294'),(1657,214,'firmware_version','','','','3.112','2016-07-11 16:03:02.022294'),(1658,214,'hardware_version','','','','4.3','2016-07-11 16:03:02.022294'),(1659,214,'platform','','','','TAG Li-ion','2016-07-11 16:03:02.022294'),(1660,180,'battery_level','','','','97%','2017-01-10 18:32:23.133000'),(1661,180,'firmware_version','','','','3.115','2017-01-10 18:32:23.133000'),(1662,180,'hardware_version','','','','4.4','2017-01-10 18:32:23.133000'),(1663,180,'platform','','','','TAG Li-ion','2017-01-10 08:37:15.910145'),(1664,164,'battery_level','','','','61%','2016-07-11 16:14:47.846889'),(1665,164,'firmware_version','','','','3.112','2016-07-11 16:14:47.846889'),(1666,164,'hardware_version','','','','4.3','2016-07-11 16:14:47.846889'),(1667,164,'platform','','','','TAG Li-ion','2016-07-11 16:14:47.846889'),(1668,196,'battery_level','','','','100%','2016-07-11 16:32:18.338318'),(1669,196,'firmware_version','','','','3.115','2017-01-10 18:18:04.048000'),(1670,196,'hardware_version','','','','4.4','2017-01-10 18:18:04.048000'),(1671,196,'platform','','','','TAG Li-ion','2016-07-11 16:32:18.338318'),(1672,302,'posX','','','','1','2016-07-11 16:56:37.081079'),(1673,302,'posY','','','','1','2016-07-11 16:56:37.081079'),(1674,302,'posZ','','','','0','2016-07-11 16:56:37.081079'),(1675,302,'battery_level','','','','63%','2016-07-11 16:37:40.938313'),(1676,302,'firmware_version','','','','3.115','2017-01-11 08:46:28.379000'),(1677,302,'hardware_version','','','','4.4','2017-01-11 08:46:28.379000'),(1678,302,'platform','','','','TAG Li-ion','2016-07-11 16:37:40.938313'),(1679,303,'posX','','','','1','2016-07-11 16:56:46.868453'),(1680,303,'posY','','','','1','2016-07-11 16:56:46.868453'),(1681,303,'posZ','','','','0','2016-07-11 16:56:46.868453'),(1682,303,'battery_level','','','','61%','2016-07-11 16:40:41.982579'),(1683,303,'firmware_version','','','','3.115','2017-01-11 09:11:19.350000'),(1684,303,'hardware_version','','','','4.4','2017-01-11 09:11:19.350000'),(1685,303,'platform','','','','TAG Li-ion','2016-07-11 16:40:41.982579'),(1686,304,'posX','','','','1','2016-07-11 16:56:56.777781'),(1687,304,'posY','','','','1','2016-07-11 16:56:56.777781'),(1688,304,'posZ','','','','0','2016-07-11 16:56:56.777781'),(1689,304,'battery_level','','','','61%','2016-07-11 16:42:12.147641'),(1690,304,'firmware_version','','','','3.115','2017-01-11 08:59:01.657000'),(1691,304,'hardware_version','','','','4.4','2017-01-11 08:59:01.657000'),(1692,304,'platform','','','','TAG Li-ion','2016-07-11 16:42:12.147641'),(1693,305,'posX','','','','1','2016-07-11 16:57:05.629443'),(1694,305,'posY','','','','1','2016-07-11 16:57:05.629443'),(1695,305,'posZ','','','','0','2016-07-11 16:57:05.629443'),(1696,305,'battery_level','','','','61%','2016-07-11 16:43:20.776175'),(1697,305,'firmware_version','','','','3.115','2017-01-11 08:58:06.221000'),(1698,305,'hardware_version','','','','4.4','2017-01-11 08:58:06.221000'),(1699,305,'platform','','','','TAG Li-ion','2016-07-11 16:43:20.776175'),(1700,306,'posX','','','','1','2016-07-11 16:57:15.451925'),(1701,306,'posY','','','','1','2016-07-11 16:57:15.451925'),(1702,306,'posZ','','','','0','2016-07-11 16:57:15.451925'),(1703,306,'battery_level','','','','100%','2017-01-11 08:44:37.236000'),(1704,306,'firmware_version','','','','3.115','2017-01-11 08:44:37.236000'),(1705,306,'hardware_version','','','','4.4','2017-01-11 08:44:37.236000'),(1706,306,'platform','','','','TAG Li-ion','2016-07-11 16:44:41.709698'),(1707,307,'posX','','','','1','2016-07-11 16:57:24.424575'),(1708,307,'posY','','','','1','2016-07-11 16:57:24.424575'),(1709,307,'posZ','','','','0','2016-07-11 16:57:24.424575'),(1710,307,'battery_level','','','','63%','2016-07-11 16:46:23.777844'),(1711,307,'firmware_version','','','','3.115','2017-01-11 09:06:35.169000'),(1712,307,'hardware_version','','','','4.4','2017-01-11 09:06:35.169000'),(1713,307,'platform','','','','TAG Li-ion','2016-11-15 07:46:39.596509'),(1714,308,'posX','','','','1','2016-07-11 16:57:34.925971'),(1715,308,'posY','','','','1','2016-07-11 16:57:34.925971'),(1716,308,'posZ','','','','0','2016-07-11 16:57:34.925971'),(1717,308,'battery_level','','','','100%','2017-01-11 08:38:40.127000'),(1718,308,'firmware_version','','','','3.115','2017-01-11 08:38:40.127000'),(1719,308,'hardware_version','','','','4.4','2017-01-11 08:38:40.127000'),(1720,308,'platform','','','','TAG Li-ion','2016-07-11 16:47:35.937684'),(1721,309,'posX','','','','1','2016-07-11 16:57:43.738051'),(1722,309,'posY','','','','1','2016-07-11 16:57:43.738051'),(1723,309,'posZ','','','','0','2016-07-11 16:57:43.738051'),(1724,309,'battery_level','','','','63%','2016-07-11 16:48:52.193065'),(1725,309,'firmware_version','','','','3.115','2017-01-11 09:09:43.167000'),(1726,309,'hardware_version','','','','4.4','2017-01-11 09:09:43.167000'),(1727,309,'platform','','','','TAG Li-ion','2016-07-11 16:48:52.193065'),(1728,310,'posX','','','','1','2016-07-11 16:57:57.662661'),(1729,310,'posY','','','','1','2016-07-11 16:57:57.662661'),(1730,310,'posZ','','','','0','2016-07-11 16:57:57.662661'),(1731,310,'battery_level','','','','100%','2016-07-11 16:50:25.787152'),(1732,310,'firmware_version','','','','3.115','2017-01-10 18:42:40.935000'),(1733,310,'hardware_version','','','','4.4','2017-01-10 18:42:40.935000'),(1734,310,'platform','','','','TAG Li-ion','2016-11-02 18:35:37.138144'),(1735,311,'posX','','','','1','2016-07-11 16:58:08.464416'),(1736,311,'posY','','','','1','2016-07-11 16:58:08.464416'),(1737,311,'posZ','','','','0','2016-07-11 16:58:08.464416'),(1738,311,'battery_level','','','','63%','2016-07-11 16:52:01.033896'),(1739,311,'firmware_version','','','','3.115','2017-01-11 09:17:25.474000'),(1740,311,'hardware_version','','','','4.4','2017-01-11 09:17:25.474000'),(1741,311,'platform','','','','TAG Li-ion','2016-07-11 16:52:01.033896'),(1742,312,'posX','','','','1','2016-07-11 17:01:58.629793'),(1743,312,'posY','','','','1','2016-07-11 17:01:58.629793'),(1744,312,'posZ','','','','0','2016-07-11 17:01:58.629793'),(1745,312,'battery_level','','','','61%','2016-07-11 16:53:20.415328'),(1746,312,'firmware_version','','','','3.115','2017-01-11 08:48:15.765000'),(1747,312,'hardware_version','','','','4.4','2017-01-11 08:48:15.765000'),(1748,312,'platform','','','','TAG Li-ion','2016-07-11 16:53:20.415328'),(1749,313,'posX','','','','1','2016-07-11 17:02:08.248579'),(1750,313,'posY','','','','1','2016-07-11 17:02:08.248579'),(1751,313,'posZ','','','','0','2016-07-11 17:02:08.248579'),(1752,313,'battery_level','','','','63%','2016-07-11 16:54:49.713929'),(1753,313,'firmware_version','','','','3.115','2017-01-11 09:18:23.874000'),(1754,313,'hardware_version','','','','4.4','2017-01-11 09:18:23.874000'),(1755,313,'platform','','','','TAG Li-ion','2016-07-11 16:54:49.713929'),(1756,314,'posX','','','','1','2016-07-11 17:02:32.479253'),(1757,314,'posY','','','','1','2016-07-11 17:02:32.479253'),(1758,314,'posZ','','','','0','2016-07-11 17:02:32.479253'),(1759,314,'battery_level','','','','100%','2017-01-11 08:39:01.350000'),(1760,314,'firmware_version','','','','3.115','2017-01-11 08:39:01.350000'),(1761,314,'hardware_version','','','','4.4','2017-01-11 08:39:01.350000'),(1762,314,'platform','','','','TAG Li-ion','2016-07-11 16:56:29.597209'),(1763,315,'posX','','','','1','2016-07-11 17:02:42.371054'),(1764,315,'posY','','','','1','2016-07-11 17:02:42.371054'),(1765,315,'posZ','','','','0','2016-07-11 17:02:42.371054'),(1766,315,'battery_level','','','','100%','2017-01-10 18:49:29.146000'),(1767,315,'firmware_version','','','','3.115','2017-01-10 18:49:29.146000'),(1768,315,'hardware_version','','','','4.4','2017-01-10 18:49:29.146000'),(1769,315,'platform','','','','TAG Li-ion','2017-01-10 09:01:54.405836'),(1770,316,'posX','','','','1','2016-07-11 17:02:51.167035'),(1771,316,'posY','','','','1','2016-07-11 17:02:51.167035'),(1772,316,'posZ','','','','0','2016-07-11 17:02:51.167035'),(1773,316,'battery_level','','','','100%','2017-01-10 18:49:53.356000'),(1774,316,'firmware_version','','','','3.115','2017-01-10 18:49:53.356000'),(1775,316,'hardware_version','','','','4.4','2017-01-10 18:49:53.356000'),(1776,316,'platform','','','','TAG Li-ion','2017-01-10 09:01:09.650413'),(1777,317,'posX','','','','1','2016-07-11 17:03:00.320616'),(1778,317,'posY','','','','1','2016-07-11 17:03:00.320616'),(1779,317,'posZ','','','','0','2016-07-11 17:03:00.320616'),(1780,317,'battery_level','','','','61%','2016-07-11 17:01:01.006686'),(1781,317,'firmware_version','','','','3.115','2017-01-11 08:44:03.578000'),(1782,317,'hardware_version','','','','4.4','2017-01-11 08:44:03.578000'),(1783,317,'platform','','','','TAG Li-ion','2016-07-11 17:01:01.006686'),(1784,318,'posX','','','','1','2016-07-11 17:18:30.425297'),(1785,318,'posY','','','','1','2016-07-11 17:18:30.425297'),(1786,318,'posZ','','','','0','2016-07-11 17:18:30.425297'),(1787,319,'posX','','','','1','2016-07-11 17:18:41.247404'),(1788,319,'posY','','','','1','2016-07-11 17:18:41.247404'),(1789,319,'posZ','','','','0','2016-07-11 17:18:41.247404'),(1790,320,'posX','','','','1','2016-07-11 17:18:53.306435'),(1791,320,'posY','','','','1','2016-07-11 17:18:53.306435'),(1792,320,'posZ','','','','0','2016-07-11 17:18:53.306435'),(1793,320,'battery_level','','','','63%','2016-07-11 17:05:44.977977'),(1794,320,'firmware_version','','','','3.115','2017-01-11 08:45:19.984000'),(1795,320,'hardware_version','','','','4.4','2017-01-11 08:45:19.984000'),(1796,320,'platform','','','','TAG Li-ion','2016-07-11 17:05:44.977977'),(1797,321,'posX','','','','1','2016-07-11 17:19:05.113991'),(1798,321,'posY','','','','1','2016-07-11 17:19:05.113991'),(1799,321,'posZ','','','','0','2016-07-11 17:19:05.113991'),(1800,321,'battery_level','','','','100%','2017-01-10 18:43:09.960000'),(1801,321,'firmware_version','','','','3.115','2017-01-10 18:43:09.960000'),(1802,321,'hardware_version','','','','4.4','2017-01-10 18:43:09.960000'),(1803,321,'platform','','','','TAG Li-ion','2017-01-10 08:44:23.939388'),(1804,322,'posX','','','','1','2016-07-11 17:19:14.254612'),(1805,322,'posY','','','','1','2016-07-11 17:19:14.254612'),(1806,322,'posZ','','','','0','2016-07-11 17:19:14.254612'),(1807,322,'battery_level','','','','95%','2017-01-11 08:38:58.515000'),(1808,322,'firmware_version','','','','3.115','2017-01-11 08:38:58.515000'),(1809,322,'hardware_version','','','','4.4','2017-01-11 08:38:58.515000'),(1810,322,'platform','','','','TAG Li-ion','2016-07-11 17:09:02.789308'),(1811,323,'posX','','','','1','2016-07-11 17:19:21.516959'),(1812,323,'posY','','','','1','2016-07-11 17:19:21.516959'),(1813,323,'posZ','','','','0','2016-07-11 17:19:21.516959'),(1814,323,'battery_level','','','','65%','2016-07-11 17:10:13.638819'),(1815,323,'firmware_version','','','','3.115','2017-01-11 09:03:20.489000'),(1816,323,'hardware_version','','','','4.4','2017-01-11 09:03:20.489000'),(1817,323,'platform','','','','TAG Li-ion','2016-07-11 17:10:13.638819'),(1818,324,'posX','','','','1','2016-07-11 17:19:28.188213'),(1819,324,'posY','','','','1','2016-07-11 17:19:28.188213'),(1820,324,'posZ','','','','0','2016-07-11 17:19:28.188213'),(1821,324,'battery_level','','','','63%','2016-07-11 17:11:25.491592'),(1822,324,'firmware_version','','','','3.115','2017-01-11 08:54:10.827000'),(1823,324,'hardware_version','','','','4.4','2017-01-11 08:54:10.827000'),(1824,324,'platform','','','','TAG Li-ion','2016-07-11 17:11:25.491592'),(1825,325,'posX','','','','1','2016-07-11 17:19:37.184619'),(1826,325,'posY','','','','1','2016-07-11 17:19:37.184619'),(1827,325,'posZ','','','','0','2016-07-11 17:19:37.184619'),(1828,325,'battery_level','','','','63%','2016-07-11 17:12:45.620104'),(1829,325,'firmware_version','','','','3.115','2017-01-11 09:02:08.796000'),(1830,325,'hardware_version','','','','4.4','2017-01-11 09:02:08.796000'),(1831,325,'platform','','','','TAG Li-ion','2016-07-11 17:12:45.620104'),(1832,326,'posX','','','','1','2016-07-11 17:19:44.492386'),(1833,326,'posY','','','','1','2016-07-11 17:19:44.492386'),(1834,326,'posZ','','','','0','2016-07-11 17:19:44.492386'),(1835,326,'battery_level','','','','61%','2016-07-11 17:13:54.047080'),(1836,326,'firmware_version','','','','3.115','2017-01-11 08:54:08.678000'),(1837,326,'hardware_version','','','','4.4','2017-01-11 08:54:08.678000'),(1838,326,'platform','','','','TAG Li-ion','2016-07-11 17:13:54.047080'),(1839,327,'posX','','','','1','2016-07-11 17:19:51.834600'),(1840,327,'posY','','','','1','2016-07-11 17:19:51.834600'),(1841,327,'posZ','','','','0','2016-07-11 17:19:51.834600'),(1842,327,'battery_level','','','','100%','2017-01-11 08:49:44.394000'),(1843,327,'firmware_version','','','','3.115','2017-01-11 08:49:44.394000'),(1844,327,'hardware_version','','','','4.4','2017-01-11 08:49:44.394000'),(1845,327,'platform','','','','TAG Li-ion','2016-07-11 17:15:24.730089'),(1846,328,'posX','','','','1','2016-07-11 17:19:59.175595'),(1847,328,'posY','','','','1','2016-07-11 17:19:59.175595'),(1848,328,'posZ','','','','0','2016-07-11 17:19:59.175595'),(1849,328,'battery_level','','','','100%','2017-01-10 18:48:50.432000'),(1850,328,'firmware_version','','','','3.115','2017-01-10 18:48:50.432000'),(1851,328,'hardware_version','','','','4.4','2017-01-10 18:48:50.432000'),(1852,328,'platform','','','','TAG Li-ion','2017-01-10 08:58:13.640434'),(1853,329,'posX','','','','1','2016-07-11 17:47:23.690819'),(1854,329,'posY','','','','1','2016-07-11 17:47:23.690819'),(1855,329,'posZ','','','','0','2016-07-11 17:47:23.690819'),(1856,329,'battery_level','','','','100%','2017-01-11 08:39:16.312000'),(1857,329,'firmware_version','','','','3.115','2017-01-11 08:39:16.312000'),(1858,329,'hardware_version','','','','4.4','2017-01-11 08:39:16.312000'),(1859,329,'platform','','','','TAG Li-ion','2016-07-11 17:17:46.992719'),(1860,330,'posX','','','','1','2016-07-11 17:47:33.549352'),(1861,330,'posY','','','','1','2016-07-11 17:47:33.549352'),(1862,330,'posZ','','','','0','2016-07-11 17:47:33.549352'),(1863,330,'battery_level','','','','100%','2017-01-11 08:39:19.113000'),(1864,330,'firmware_version','','','','3.115','2017-01-11 08:39:19.113000'),(1865,330,'hardware_version','','','','4.4','2017-01-11 08:39:19.113000'),(1866,330,'platform','','','','TAG Li-ion','2016-07-11 17:19:27.652477'),(1867,331,'posX','','','','1','2016-07-11 17:47:48.192312'),(1868,331,'posY','','','','1','2016-07-11 17:47:48.192312'),(1869,331,'posZ','','','','0','2016-07-11 17:47:48.192312'),(1870,331,'battery_level','','','','100%','2017-01-10 18:41:51.832000'),(1871,331,'firmware_version','','','','3.115','2017-01-10 18:41:51.832000'),(1872,331,'hardware_version','','','','4.4','2017-01-10 18:41:51.832000'),(1873,331,'platform','','','','TAG Li-ion','2017-01-10 08:40:16.413017'),(1874,332,'posX','','','','1','2016-07-11 17:48:06.465892'),(1875,332,'posY','','','','1','2016-07-11 17:48:06.465892'),(1876,332,'posZ','','','','0','2016-07-11 17:48:06.465892'),(1877,332,'battery_level','','','','63%','2016-07-11 17:23:25.890443'),(1878,332,'firmware_version','','','','3.113','2016-07-11 17:23:25.890443'),(1879,332,'hardware_version','','','','4.3','2016-07-11 17:23:25.890443'),(1880,332,'platform','','','','TAG Li-ion','2016-07-11 17:23:25.890443'),(1881,319,'battery_level','','','','61%','2016-07-12 11:31:43.875962'),(1882,319,'firmware_version','','','','3.113','2016-07-11 17:23:40.207777'),(1883,319,'hardware_version','','','','4.3','2016-07-11 17:23:40.207777'),(1884,319,'platform','','','','TAG Li-ion','2016-07-12 11:31:43.875962'),(1885,333,'posX','','','','1','2016-07-11 17:48:15.871920'),(1886,333,'posY','','','','1','2016-07-11 17:48:15.871920'),(1887,333,'posZ','','','','0','2016-07-11 17:48:15.871920'),(1888,333,'battery_level','','','','97%','2017-01-10 18:46:00.607000'),(1889,333,'firmware_version','','','','3.115','2017-01-10 18:46:00.607000'),(1890,333,'hardware_version','','','','4.4','2017-01-10 18:46:00.607000'),(1891,333,'platform','','','','TAG Li-ion','2017-01-10 08:53:59.465682'),(1892,334,'posX','','','','1','2016-07-11 17:48:28.831232'),(1893,334,'posY','','','','1','2016-07-11 17:48:28.831232'),(1894,334,'posZ','','','','0','2016-07-11 17:48:28.831232'),(1895,334,'battery_level','','','','63%','2016-07-11 17:26:03.479171'),(1896,334,'firmware_version','','','','3.113','2016-07-11 17:26:03.479171'),(1897,334,'hardware_version','','','','4.3','2016-07-11 17:26:03.479171'),(1898,334,'platform','','','','TAG Li-ion','2016-12-31 11:38:57.840034'),(1899,335,'posX','','','','1','2016-07-11 17:48:39.309557'),(1900,335,'posY','','','','1','2016-07-11 17:48:39.309557'),(1901,335,'posZ','','','','0','2016-07-11 17:48:39.309557'),(1902,335,'battery_level','','','','95%','2017-01-10 18:42:56.458000'),(1903,335,'firmware_version','','','','3.115','2017-01-10 18:42:56.458000'),(1904,335,'hardware_version','','','','4.4','2017-01-10 18:42:56.458000'),(1905,335,'platform','','','','TAG Li-ion','2017-01-10 08:53:14.862248'),(1906,336,'posX','','','','1','2016-07-11 17:48:48.518943'),(1907,336,'posY','','','','1','2016-07-11 17:48:48.518943'),(1908,336,'posZ','','','','0','2016-07-11 17:48:48.518943'),(1909,336,'battery_level','','','','97%','2017-01-10 18:40:59.217000'),(1910,336,'firmware_version','','','','3.115','2017-01-10 18:40:59.217000'),(1911,336,'hardware_version','','','','4.4','2017-01-10 18:40:59.217000'),(1912,336,'platform','','','','TAG Li-ion','2017-01-10 08:52:59.629931'),(1913,337,'posX','','','','1','2016-07-11 17:48:58.771075'),(1914,337,'posY','','','','1','2016-07-11 17:48:58.771075'),(1915,337,'posZ','','','','0','2016-07-11 17:48:58.771075'),(1916,337,'battery_level','','','','100%','2017-01-10 18:43:18.145000'),(1917,337,'firmware_version','','','','3.115','2017-01-10 18:43:18.145000'),(1918,337,'hardware_version','','','','4.4','2017-01-10 18:43:18.145000'),(1919,337,'platform','','','','TAG Li-ion','2017-01-10 08:43:57.533674'),(1920,338,'posX','','','','1','2016-07-11 17:49:07.394284'),(1921,338,'posY','','','','1','2016-07-11 17:49:07.394284'),(1922,338,'posZ','','','','0','2016-07-11 17:49:07.394284'),(1923,338,'battery_level','','','','97%','2017-01-10 18:40:44.074000'),(1924,338,'firmware_version','','','','3.115','2017-01-10 18:40:44.074000'),(1925,338,'hardware_version','','','','4.4','2017-01-10 18:40:44.074000'),(1926,338,'platform','','','','TAG Li-ion','2017-01-10 08:39:09.011046'),(1927,318,'battery_level','','','','100%','2017-01-11 08:38:43.843000'),(1928,318,'firmware_version','','','','3.115','2017-01-11 08:38:43.843000'),(1929,318,'hardware_version','','','','4.4','2017-01-11 08:38:43.843000'),(1930,318,'platform','','','','TAG Li-ion','2017-01-05 09:48:05.220211'),(1931,156,'battery_level','','','','95%','2017-01-10 18:35:31.765000'),(1932,156,'firmware_version','','','','3.115','2017-01-10 18:35:31.765000'),(1933,156,'hardware_version','','','','4.4','2017-01-10 18:35:31.765000'),(1934,156,'platform','','','','TAG Li-ion','2017-01-10 08:53:05.853507'),(1935,223,'battery_level','','','','100%','2016-07-12 12:00:59.016597'),(1936,223,'firmware_version','','','','3.112','2016-07-12 12:00:59.016597'),(1937,223,'hardware_version','','','','4.3','2016-07-12 12:00:59.016597'),(1938,223,'platform','','','','TAG Li-ion','2016-07-12 12:00:59.016597'),(1939,183,'battery_level','','','','57%','2016-07-12 12:01:47.202369'),(1940,183,'firmware_version','','','','3.112','2016-07-12 12:01:47.202369'),(1941,183,'hardware_version','','','','4.3','2016-07-12 12:01:47.202369'),(1942,183,'platform','','','','TAG Li-ion','2016-07-12 12:01:47.202369'),(1943,236,'battery_level','','','','100%','2016-07-12 12:04:11.575949'),(1944,236,'firmware_version','','','','3.112','2016-07-12 12:04:11.575949'),(1945,236,'hardware_version','','','','4.3','2016-07-12 12:04:11.575949'),(1946,236,'platform','','','','TAG Li-ion','2016-07-12 12:04:11.575949'),(1947,237,'battery_level','','','','75%','2016-07-12 12:06:00.104446'),(1948,237,'firmware_version','','','','3.112','2016-07-12 12:06:00.104446'),(1949,237,'hardware_version','','','','4.3','2016-07-12 12:06:00.104446'),(1950,237,'platform','','','','TAG Li-ion','2016-07-12 12:06:00.104446'),(1951,339,'posX','','','','15.5','2017-01-10 16:48:00.785837'),(1952,339,'posY','','','','0.2','2017-01-10 16:48:00.785837'),(1953,339,'posZ','','','','0','2017-01-10 16:48:00.785837'),(1954,226,'battery_level','','','','100%','2017-01-10 18:52:43.894000'),(1955,226,'firmware_version','','','','3.115','2017-01-10 18:52:43.894000'),(1956,226,'hardware_version','','','','4.4','2017-01-10 18:52:43.894000'),(1957,226,'platform','','','','TAG Li-ion','2017-01-10 09:01:56.838327'),(1958,340,'posX','','','','6.7','2017-01-10 09:19:56.392333'),(1959,340,'posY','','','','32.1','2017-01-10 09:19:56.392333'),(1960,340,'posZ','','','','0','2017-01-10 09:19:56.392333'),(1961,340,'battery_level','','','','81%','2017-01-10 09:18:20.329103'),(1962,340,'firmware_version','','','','3.115','2017-01-10 09:18:20.329103'),(1963,340,'hardware_version','','','','4.4','2017-01-10 09:18:20.329103'),(1964,340,'platform','','','','TAG Li-ion','2017-01-10 09:18:20.329103'),(1977,177,'battery_level','','','','95%','2017-01-10 15:51:11.383000'),(1978,177,'firmware_version','','','','3.115','2017-01-10 15:51:11.383000'),(1979,177,'hardware_version','','','','4.4','2017-01-10 15:51:11.383000'),(1980,177,'platform','','','','TAG Li-ion','2017-01-10 15:51:11.383000'),(1981,339,'battery_level','','','','91%','2017-01-10 16:41:45.053000'),(1982,339,'firmware_version','','','','3.115','2017-01-10 16:41:45.053000'),(1983,339,'hardware_version','','','','4.4','2017-01-10 16:41:45.053000'),(1984,339,'platform','','','','TAG Li-ion','2017-01-10 16:41:45.053000'),(1985,216,'battery_level','','','','93%','2017-01-10 18:12:25.731000'),(1986,216,'firmware_version','','','','3.115','2017-01-10 18:12:25.731000'),(1987,216,'hardware_version','','','','4.4','2017-01-10 18:12:25.731000'),(1988,216,'platform','','','','TAG Li-ion','2017-01-10 18:12:25.731000'),(1989,159,'battery_level','','','','93%','2017-01-10 18:13:52.910000'),(1990,159,'firmware_version','','','','3.115','2017-01-10 18:13:52.910000'),(1991,159,'hardware_version','','','','4.4','2017-01-10 18:13:52.910000'),(1992,159,'platform','','','','TAG Li-ion','2017-01-10 18:13:52.910000'),(1993,217,'battery_level','','','','91%','2017-01-10 18:14:06.156000'),(1994,217,'firmware_version','','','','3.115','2017-01-10 18:14:06.156000'),(1995,217,'hardware_version','','','','4.4','2017-01-10 18:14:06.156000'),(1996,217,'platform','','','','TAG Li-ion','2017-01-10 18:14:06.156000'),(1997,178,'battery_level','','','','89%','2017-01-10 18:14:26.090000'),(1998,178,'firmware_version','','','','3.115','2017-01-10 18:14:26.090000'),(1999,178,'hardware_version','','','','4.4','2017-01-10 18:14:26.090000'),(2000,178,'platform','','','','TAG Li-ion','2017-01-10 18:14:26.090000'),(2001,152,'battery_level','','','','89%','2017-01-10 18:14:45.614000'),(2002,152,'firmware_version','','','','3.115','2017-01-10 18:14:45.614000'),(2003,152,'hardware_version','','','','4.4','2017-01-10 18:14:45.614000'),(2004,152,'platform','','','','TAG Li-ion','2017-01-10 18:14:45.614000'),(2005,190,'battery_level','','','','89%','2017-01-10 18:14:58.630000'),(2006,190,'firmware_version','','','','3.115','2017-01-10 18:14:58.630000'),(2007,190,'hardware_version','','','','4.4','2017-01-10 18:14:58.630000'),(2008,190,'platform','','','','TAG Li-ion','2017-01-10 18:14:58.630000'),(2009,228,'battery_level','','','','91%','2017-01-10 18:15:11.032000'),(2010,228,'firmware_version','','','','3.115','2017-01-10 18:15:11.032000'),(2011,228,'hardware_version','','','','4.4','2017-01-10 18:15:11.032000'),(2012,228,'platform','','','','TAG Li-ion','2017-01-10 18:15:11.032000'),(2013,222,'battery_level','','','','93%','2017-01-10 18:15:21.609000'),(2014,222,'firmware_version','','','','3.115','2017-01-10 18:15:21.609000'),(2015,222,'hardware_version','','','','4.4','2017-01-10 18:15:21.609000'),(2016,222,'platform','','','','TAG Li-ion','2017-01-10 18:15:21.609000'),(2017,163,'battery_level','','','','89%','2017-01-10 18:15:34.677000'),(2018,163,'firmware_version','','','','3.115','2017-01-10 18:15:34.677000'),(2019,163,'hardware_version','','','','4.4','2017-01-10 18:15:34.677000'),(2020,163,'platform','','','','TAG Li-ion','2017-01-10 18:15:34.677000'),(2021,162,'battery_level','','','','91%','2017-01-10 18:15:43.029000'),(2022,162,'firmware_version','','','','3.115','2017-01-10 18:15:43.029000'),(2023,162,'hardware_version','','','','4.4','2017-01-10 18:15:43.029000'),(2024,162,'platform','','','','TAG Li-ion','2017-01-10 18:15:43.029000'),(2025,189,'battery_level','','','','93%','2017-01-10 18:15:57.702000'),(2026,189,'firmware_version','','','','3.115','2017-01-10 18:15:57.702000'),(2027,189,'hardware_version','','','','4.4','2017-01-10 18:15:57.702000'),(2028,189,'platform','','','','TAG Li-ion','2017-01-10 18:15:57.702000'),(2029,192,'battery_level','','','','95%','2017-01-10 18:16:27.356000'),(2030,192,'firmware_version','','','','3.115','2017-01-10 18:16:27.356000'),(2031,192,'hardware_version','','','','4.4','2017-01-10 18:16:27.356000'),(2032,192,'platform','','','','TAG Li-ion','2017-01-10 18:16:27.356000'),(2033,160,'battery_level','','','','93%','2017-01-10 18:16:39.047000'),(2034,160,'firmware_version','','','','3.115','2017-01-10 18:16:39.047000'),(2035,160,'hardware_version','','','','4.4','2017-01-10 18:16:39.047000'),(2036,160,'platform','','','','TAG Li-ion','2017-01-10 18:16:39.047000'),(2037,212,'battery_level','','','','89%','2017-01-10 18:16:47.102000'),(2038,212,'firmware_version','','','','3.115','2017-01-10 18:16:47.102000'),(2039,212,'hardware_version','','','','4.4','2017-01-10 18:16:47.102000'),(2040,212,'platform','','','','TAG Li-ion','2017-01-10 18:16:47.102000'),(2041,233,'battery_level','','','','95%','2017-01-10 18:16:55.709000'),(2042,233,'firmware_version','','','','3.115','2017-01-10 18:16:55.709000'),(2043,233,'hardware_version','','','','4.4','2017-01-10 18:16:55.709000'),(2044,233,'platform','','','','TAG Li-ion','2017-01-10 18:16:55.709000'),(2045,158,'battery_level','','','','91%','2017-01-10 18:17:06.491000'),(2046,158,'firmware_version','','','','3.115','2017-01-10 18:17:06.491000'),(2047,158,'hardware_version','','','','4.4','2017-01-10 18:17:06.491000'),(2048,158,'platform','','','','TAG Li-ion','2017-01-10 18:17:06.491000'),(2049,215,'battery_level','','','','91%','2017-01-10 18:17:55.554000'),(2050,215,'firmware_version','','','','3.115','2017-01-10 18:17:55.554000'),(2051,215,'hardware_version','','','','4.4','2017-01-10 18:17:55.554000'),(2052,215,'platform','','','','TAG Li-ion','2017-01-10 18:17:55.554000'),(2053,234,'battery_level','','','','91%','2017-01-11 08:33:36.069000'),(2054,234,'firmware_version','','','','3.115','2017-01-11 08:33:36.069000'),(2055,234,'hardware_version','','','','4.4','2017-01-11 08:33:36.069000'),(2056,234,'platform','','','','TAG Li-ion','2017-01-11 08:33:36.069000'),(2057,343,'posX','','','','10.5','2017-01-11 10:42:28.932605'),(2058,343,'posY','','','','30.9','2017-01-11 10:42:28.932605'),(2059,343,'posZ','','','','0','2017-01-11 10:42:28.932605'),(2060,344,'posX','','','','12.1','2017-01-11 10:42:23.648730'),(2061,344,'posY','','','','31.3','2017-01-11 10:42:23.648730'),(2062,344,'posZ','','','','0','2017-01-11 10:42:23.648730'),(2063,153,'firmware_version','','','','3.115','2017-01-11 08:38:47.922000'),(2064,153,'hardware_version','','','','4.4','2017-01-11 08:38:47.922000'),(2065,153,'platform','','','','TAG Li-ion','2017-01-11 08:38:47.922000'),(2066,182,'battery_level','','','','100%','2017-01-11 08:39:17.793000'),(2067,182,'firmware_version','','','','3.115','2017-01-11 08:39:17.793000'),(2068,182,'hardware_version','','','','4.4','2017-01-11 08:39:17.793000'),(2069,182,'platform','','','','TAG Li-ion','2017-01-11 08:39:17.793000'),(2070,34,'battery_level','','','','100%','2017-01-11 08:39:19.939000'),(2071,188,'battery_level','','','','100%','2017-01-11 08:39:40.474000'),(2072,188,'firmware_version','','','','3.115','2017-01-11 08:39:40.474000'),(2073,188,'hardware_version','','','','4.4','2017-01-11 08:39:40.474000'),(2074,188,'platform','','','','TAG Li-ion','2017-01-11 08:39:40.474000'),(2075,187,'firmware_version','','','','3.115','2017-01-11 08:40:35.418000'),(2076,187,'hardware_version','','','','4.4','2017-01-11 08:40:35.418000'),(2077,187,'platform','','','','TAG Li-ion','2017-01-11 08:40:35.418000'),(2078,239,'firmware_version','','','','3.115','2017-01-11 08:40:59.971000'),(2079,239,'hardware_version','','','','4.4','2017-01-11 08:40:59.971000'),(2080,239,'platform','','','','TAG Li-ion','2017-01-11 08:40:59.971000'),(2081,213,'firmware_version','','','','3.115','2017-01-11 08:46:30.906000'),(2082,213,'hardware_version','','','','4.4','2017-01-11 08:46:30.906000'),(2083,213,'platform','','','','TAG Li-ion','2017-01-11 08:46:30.906000'),(2084,197,'firmware_version','','','','3.115','2017-01-11 08:48:09.480000'),(2085,197,'hardware_version','','','','4.4','2017-01-11 08:48:09.480000'),(2086,197,'platform','','','','TAG Li-ion','2017-01-11 08:48:09.480000'),(2087,238,'battery_level','','','','100%','2017-01-11 08:48:43.305000'),(2088,238,'firmware_version','','','','3.115','2017-01-11 08:48:43.305000'),(2089,238,'hardware_version','','','','4.4','2017-01-11 08:48:43.305000'),(2090,238,'platform','','','','TAG Li-ion','2017-01-11 08:48:43.305000'),(2091,157,'firmware_version','','','','3.115','2017-01-11 08:49:32.056000'),(2092,157,'hardware_version','','','','4.4','2017-01-11 08:49:32.056000'),(2093,157,'platform','','','','TAG Li-ion','2017-01-11 08:49:32.056000'),(2094,199,'battery_level','','','','100%','2017-01-11 08:49:47.025000'),(2095,199,'firmware_version','','','','3.115','2017-01-11 08:49:47.025000'),(2096,199,'hardware_version','','','','4.4','2017-01-11 08:49:47.025000'),(2097,199,'platform','','','','TAG Li-ion','2017-01-11 08:49:47.025000'),(2098,181,'battery_level','','','','91%','2017-01-11 08:49:49.025000'),(2099,181,'firmware_version','','','','3.115','2017-01-11 08:49:49.025000'),(2100,181,'hardware_version','','','','4.4','2017-01-11 08:49:49.025000'),(2101,181,'platform','','','','TAG Li-ion','2017-01-11 08:49:49.025000'),(2102,179,'battery_level','','','','100%','2017-01-11 08:49:50.430000'),(2103,179,'firmware_version','','','','3.115','2017-01-11 08:49:50.430000'),(2104,179,'hardware_version','','','','4.4','2017-01-11 08:49:50.430000'),(2105,179,'platform','','','','TAG Li-ion','2017-01-11 08:49:50.430000'),(2106,344,'firmware_version','','','','3.115','2017-01-11 10:42:23.648730'),(2107,344,'hardware_version','','','','4.4','2017-01-11 10:42:23.648730'),(2108,344,'platform','','','','TAG Li-ion','2017-01-11 10:42:23.648730'),(2109,218,'battery_level','','','','100%','2017-01-11 09:04:11.280000'),(2110,218,'firmware_version','','','','3.115','2017-01-11 09:04:11.280000'),(2111,218,'hardware_version','','','','4.4','2017-01-11 09:04:11.280000'),(2112,218,'platform','','','','TAG Li-ion','2017-01-11 09:04:11.280000'),(2113,230,'battery_level','','','','100%','2017-01-11 09:15:40.330000'),(2114,230,'firmware_version','','','','3.115','2017-01-11 09:15:40.330000'),(2115,230,'hardware_version','','','','4.4','2017-01-11 09:15:40.330000'),(2116,230,'platform','','','','TAG Li-ion','2017-01-11 09:15:40.330000'),(2117,219,'battery_level','','','','100%','2017-01-11 09:16:47.206000'),(2118,219,'firmware_version','','','','3.115','2017-01-11 09:16:47.206000'),(2119,219,'hardware_version','','','','4.4','2017-01-11 09:16:47.206000'),(2120,219,'platform','','','','TAG Li-ion','2017-01-11 09:16:47.206000'),(2121,343,'firmware_version','','','','3.115','2017-01-11 10:42:28.932605'),(2122,343,'hardware_version','','','','4.4','2017-01-11 10:42:28.932605'),(2123,343,'platform','','','','TAG Li-ion','2017-01-11 10:42:28.932605'),(2124,147,'firmware_version','','','','3.115','2017-01-11 09:18:04.475000'),(2125,147,'hardware_version','','','','4.4','2017-01-11 09:18:04.475000'),(2126,147,'platform','','','','TAG Li-ion','2017-01-11 09:18:04.475000'),(2127,154,'firmware_version','','','','3.115','2017-01-11 09:19:08.561000'),(2128,154,'hardware_version','','','','4.4','2017-01-11 09:19:08.561000'),(2129,154,'platform','','','','TAG Li-ion','2017-01-11 09:19:08.561000'),(2130,148,'firmware_version','','','','3.115','2017-01-11 09:21:58.826000'),(2131,148,'hardware_version','','','','4.4','2017-01-11 09:21:58.826000'),(2132,148,'platform','','','','TAG Li-ion','2017-01-11 09:21:58.826000'),(2133,194,'firmware_version','','','','3.115','2017-01-11 09:22:28.471000'),(2134,194,'hardware_version','','','','4.4','2017-01-11 09:22:28.471000'),(2135,194,'platform','','','','TAG Li-ion','2017-01-11 09:22:28.471000'),(2136,345,'posX','','','','14.5','2017-05-15 09:26:45.136619'),(2137,345,'posY','','','','38.5','2017-05-15 09:26:45.136619'),(2138,345,'posZ','','','','0','2017-05-15 09:26:45.136619'),(2139,346,'posX','','','','21.1','2017-05-15 09:29:02.488219'),(2140,346,'posY','','','','37.4','2017-05-15 09:29:02.488219'),(2141,346,'posZ','','','','0','2017-05-15 09:29:02.488219'),(2142,347,'posX','','','','21.9','2017-05-15 09:28:51.197194'),(2143,347,'posY','','','','38.5','2017-05-15 09:28:51.197194'),(2144,347,'posZ','','','','0','2017-05-15 09:28:51.197194'),(2145,347,'firmware_version','','','','3.115','2017-05-15 09:28:51.197194'),(2146,347,'hardware_version','','','','2.5','2017-05-15 09:28:51.197194'),(2147,346,'firmware_version','','','','3.115','2017-05-15 09:29:02.488219'),(2148,346,'hardware_version','','','','2.5','2017-05-15 09:29:02.488219'),(2149,345,'firmware_version','','','','3.115','2017-05-15 09:26:45.136619'),(2150,345,'hardware_version','','','','2.5','2017-05-15 09:26:45.136619');
/*!40000 ALTER TABLE `datastreams` ENABLE KEYS */;
UNLOCK TABLES;

--
-- Table structure for table `feed_zone`
--

DROP TABLE IF EXISTS `feed_zone`;
/*!40101 SET @saved_cs_client     = @@character_set_client */;
/*!40101 SET character_set_client = utf8 */;
CREATE TABLE `feed_zone` (
  `id` int(11) NOT NULL AUTO_INCREMENT,
  `feed_id` int(11) NOT NULL,
  `zone_id` int(11) NOT NULL,
  `at` datetime(6) NOT NULL,
  `status` varchar(255) NOT NULL,
  PRIMARY KEY (`id`),
  UNIQUE KEY `feed_id` (`feed_id`,`zone_id`),
  KEY `zone_id` (`zone_id`),
  CONSTRAINT `feed_zone_ibfk_1` FOREIGN KEY (`feed_id`) REFERENCES `feeds` (`id`) ON DELETE CASCADE,
  CONSTRAINT `feed_zone_ibfk_2` FOREIGN KEY (`zone_id`) REFERENCES `zones` (`id`) ON DELETE CASCADE
) ENGINE=InnoDB AUTO_INCREMENT=3174 DEFAULT CHARSET=latin1;
/*!40101 SET character_set_client = @saved_cs_client */;

--
-- Dumping data for table `feed_zone`
--

LOCK TABLES `feed_zone` WRITE;
/*!40000 ALTER TABLE `feed_zone` DISABLE KEYS */;
INSERT INTO `feed_zone` VALUES (1,340,1,'2017-07-25 16:59:10.592000','out'),(2,340,2,'2017-07-24 12:59:58.385000','out'),(3,340,3,'2017-07-24 17:52:53.922000','out'),(4,340,4,'2017-01-10 10:44:01.382000','out'),(5,340,5,'2017-07-25 16:59:33.360000','out'),(6,340,6,'2017-07-25 16:59:10.592000','out'),(7,340,7,'2017-07-24 12:59:58.385000','out'),(8,340,8,'2017-07-24 17:52:53.922000','out'),(9,340,9,'2017-01-10 10:44:01.382000','out'),(10,340,10,'2017-07-25 16:59:37.466000','out'),(11,340,11,'2017-07-25 16:59:33.360000','out'),(12,340,12,'2017-06-30 12:18:29.503000','out'),(13,340,13,'2017-01-10 10:44:01.382000','out'),(14,340,14,'2017-07-25 16:58:39.662000','out'),(15,340,15,'2017-07-25 16:58:35.994000','out'),(16,340,16,'2017-07-25 16:58:09.046000','out'),(17,340,17,'2017-07-25 17:00:07.789000','out'),(18,340,18,'2017-07-25 16:59:53.459000','out'),(19,340,19,'2017-07-24 17:51:23.237000','out'),(58,339,1,'2017-07-03 18:19:57.914000','out'),(59,339,2,'2017-07-03 17:29:45.044000','out'),(60,339,3,'2017-07-03 18:20:02.395000','out'),(61,339,4,'2017-01-10 16:45:54.569000','out'),(62,339,5,'2017-07-03 18:20:35.550000','out'),(63,339,6,'2017-07-03 18:19:57.914000','out'),(64,339,7,'2017-07-03 17:29:45.044000','out'),(65,339,8,'2017-07-03 18:20:02.395000','out'),(66,339,9,'2017-01-10 16:45:54.569000','out'),(67,339,10,'2017-07-03 15:25:09.795000','out'),(68,339,11,'2017-07-03 18:20:35.550000','out'),(69,339,12,'2017-06-29 15:11:27.013000','out'),(70,339,13,'2017-01-10 16:45:54.569000','out'),(71,339,14,'2017-07-03 18:19:52.892000','out'),(72,339,15,'2017-07-03 18:19:47.420000','out'),(73,339,16,'2017-07-04 07:34:22.962000','out'),(74,339,17,'2017-07-04 08:12:20.775000','out'),(75,339,18,'2017-07-04 08:10:52.318000','out'),(76,339,19,'2017-07-04 08:10:49.574000','out'),(77,228,1,'2017-01-10 18:19:46.473000','out'),(78,228,2,'2017-01-10 18:19:46.473000','out'),(79,228,3,'2017-01-10 18:19:46.473000','out'),(80,228,4,'2017-01-10 18:19:46.473000','out'),(81,228,5,'2017-01-10 18:19:46.473000','out'),(82,228,6,'2017-01-10 18:19:46.473000','out'),(83,228,7,'2017-01-10 18:19:46.473000','out'),(84,228,8,'2017-01-10 18:19:46.473000','out'),(85,228,9,'2017-01-10 18:19:46.473000','out'),(86,228,10,'2017-01-10 18:19:46.473000','out'),(87,228,11,'2017-01-10 18:19:46.473000','out'),(88,228,12,'2017-01-10 18:19:46.473000','out'),(89,228,13,'2017-01-10 18:19:46.473000','out'),(90,228,14,'2017-01-10 18:19:46.473000','out'),(91,228,15,'2017-01-10 20:31:28.250000','out'),(92,228,16,'2017-01-10 18:19:46.473000','out'),(93,228,17,'2017-01-10 18:19:46.473000','out'),(94,228,18,'2017-01-10 18:19:46.473000','out'),(95,228,19,'2017-01-10 18:19:46.473000','out'),(96,217,1,'2017-07-21 13:27:05.856000','out'),(97,217,2,'2017-07-21 12:25:52.202000','out'),(98,217,3,'2017-07-20 15:16:41.986000','out'),(99,217,4,'2017-01-10 18:20:09.611000','out'),(100,217,5,'2017-07-22 09:09:05.540000','out'),(101,217,6,'2017-07-21 13:27:05.856000','out'),(102,217,7,'2017-07-21 12:25:52.202000','out'),(103,217,8,'2017-07-20 15:16:41.986000','out'),(104,217,9,'2017-01-10 18:20:09.611000','out'),(105,217,10,'2017-07-21 11:20:35.529000','out'),(106,217,11,'2017-07-22 09:09:05.540000','out'),(107,217,12,'2017-07-12 17:03:40.439000','out'),(108,217,13,'2017-01-10 18:20:09.611000','out'),(109,217,14,'2017-07-22 10:12:51.271000','out'),(110,217,15,'2017-07-22 10:12:57.885000','out'),(111,217,16,'2017-07-22 10:12:40.019000','out'),(112,217,17,'2017-07-22 08:52:32.412000','out'),(113,217,18,'2017-07-22 10:58:01.663000','out'),(114,217,19,'2017-07-22 10:57:51.518000','out'),(115,158,1,'2017-07-26 06:04:22.488000','out'),(116,158,2,'2017-07-22 08:24:23.793000','out'),(117,158,3,'2017-06-14 09:15:12.494000','out'),(118,158,4,'2017-01-10 18:20:14.243000','out'),(119,158,5,'2017-07-26 06:04:32.619000','out'),(120,158,6,'2017-07-26 06:04:22.488000','out'),(121,158,7,'2017-07-22 08:24:23.793000','out'),(122,158,8,'2017-06-14 09:15:12.494000','out'),(123,158,9,'2017-01-10 18:20:14.243000','out'),(124,158,10,'2017-07-22 08:28:36.579000','out'),(125,158,11,'2017-07-26 06:04:32.619000','out'),(126,158,12,'2017-07-18 09:37:57.186000','out'),(127,158,13,'2017-01-10 18:20:14.243000','out'),(128,158,14,'2017-07-26 06:03:43.250000','out'),(129,158,15,'2017-07-26 06:03:40.760000','out'),(130,158,16,'2017-07-22 08:22:38.673000','out'),(131,158,17,'2017-07-25 17:36:35.729000','out'),(132,158,18,'2017-07-25 17:35:26.733000','out'),(133,158,19,'2017-07-25 17:15:49.869000','out'),(134,47,1,'2017-05-19 07:12:35.237000','out'),(135,47,2,'2017-05-17 14:38:01.941000','out'),(136,47,3,'2017-05-17 14:48:18.861000','out'),(137,47,4,'2017-01-10 18:20:25.603000','out'),(138,47,5,'2017-05-18 07:14:19.087000','out'),(139,47,6,'2017-05-19 07:12:35.237000','out'),(140,47,7,'2017-05-17 14:38:01.941000','out'),(141,47,8,'2017-05-17 14:47:45.587000','out'),(142,47,9,'2017-01-10 18:20:25.603000','out'),(143,47,10,'2017-05-18 07:14:22.913000','out'),(144,47,11,'2017-05-18 07:14:19.087000','out'),(145,47,12,'2017-05-17 18:31:29.573000','out'),(146,47,13,'2017-01-10 18:20:25.603000','out'),(147,47,14,'2017-05-18 07:12:08.107000','out'),(148,47,15,'2017-05-19 07:12:25.739000','out'),(149,47,16,'2017-05-19 07:07:16.365000','out'),(150,47,17,'2017-05-19 07:12:29.893000','out'),(151,47,18,'2017-05-18 16:19:15.071000','out'),(152,47,19,'2017-05-17 14:36:00.048000','out'),(153,215,1,'2017-07-21 19:01:13.267000','out'),(154,215,2,'2017-07-21 19:01:19.190000','out'),(155,215,3,'2017-07-21 18:28:49.254000','out'),(156,215,4,'2017-01-10 18:20:27.618000','out'),(157,215,5,'2017-07-21 18:56:25.164000','out'),(158,215,6,'2017-07-21 19:01:13.267000','out'),(159,215,7,'2017-07-21 19:01:19.190000','out'),(160,215,8,'2017-07-21 18:28:48.545000','out'),(161,215,9,'2017-01-10 18:20:27.618000','out'),(162,215,10,'2017-07-21 17:56:06.377000','out'),(163,215,11,'2017-07-21 18:56:25.164000','out'),(164,215,12,'2017-07-21 18:54:15.416000','out'),(165,215,13,'2017-01-10 18:20:27.618000','out'),(166,215,14,'2017-07-25 15:42:33.076000','out'),(167,215,15,'2017-07-25 15:52:17.051000','out'),(168,215,16,'2017-07-22 08:33:01.797000','out'),(169,215,17,'2017-07-22 08:05:37.595000','out'),(170,215,18,'2017-07-25 15:52:27.173000','out'),(171,215,19,'2017-07-25 15:40:34.662000','out'),(172,192,1,'2017-07-22 12:12:05.064000','out'),(173,192,2,'2017-07-22 12:11:57.441000','out'),(174,192,3,'2017-07-21 11:58:38.006000','out'),(175,192,4,'2017-01-10 18:21:03.178000','out'),(176,192,5,'2017-07-22 13:14:08.887000','out'),(177,192,6,'2017-07-22 12:12:05.064000','out'),(178,192,7,'2017-07-22 12:11:57.441000','out'),(179,192,8,'2017-07-21 11:57:38.091000','out'),(180,192,9,'2017-01-10 18:21:03.178000','out'),(181,192,10,'2017-07-22 13:14:18.531000','out'),(182,192,11,'2017-07-22 13:14:08.887000','out'),(183,192,12,'2017-07-08 08:07:02.633000','out'),(184,192,13,'2017-01-10 18:21:03.178000','out'),(185,192,14,'2017-07-22 12:12:19.226000','out'),(186,192,15,'2017-07-22 12:11:24.663000','out'),(187,192,16,'2017-07-22 12:11:19.420000','out'),(188,192,17,'2017-07-22 13:13:36.245000','out'),(189,192,18,'2017-07-22 13:13:31.067000','out'),(190,192,19,'2017-07-22 07:28:21.369000','out'),(191,62,1,'2017-07-22 13:05:36.592000','out'),(192,62,2,'2017-07-22 13:04:16.105000','out'),(193,62,3,'2017-07-21 14:46:32.597000','out'),(194,62,4,'2017-01-10 18:22:05.656373','out'),(195,62,5,'2017-07-22 13:05:20.910000','out'),(196,62,6,'2017-07-22 13:05:36.592000','out'),(197,62,7,'2017-07-22 13:04:16.105000','out'),(198,62,8,'2017-07-21 14:46:32.597000','out'),(199,62,9,'2017-01-10 18:22:05.656373','out'),(200,62,10,'2017-07-21 10:21:50.786000','out'),(201,62,11,'2017-07-22 13:05:20.910000','out'),(202,62,12,'2017-07-17 10:57:13.992000','out'),(203,62,13,'2017-01-10 18:22:05.656373','out'),(204,62,14,'2017-07-22 13:06:12.625000','out'),(205,62,15,'2017-07-22 13:03:54.991000','out'),(206,62,16,'2017-07-22 13:02:46.286000','out'),(207,62,17,'2017-07-22 13:07:48.361000','out'),(208,62,18,'2017-07-22 13:07:36.736000','out'),(209,62,19,'2017-07-21 14:48:29.178000','out'),(210,178,1,'2017-05-02 13:10:03.865000','out'),(211,178,2,'2017-05-02 13:09:58.619000','out'),(212,178,3,'2017-04-27 14:36:30.086000','out'),(213,178,4,'2017-01-10 18:22:27.291300','out'),(214,178,5,'2017-04-27 15:13:39.295000','out'),(215,178,6,'2017-05-02 13:10:03.865000','out'),(216,178,7,'2017-05-02 13:09:58.619000','out'),(217,178,8,'2017-04-20 14:16:48.918000','out'),(218,178,9,'2017-01-10 18:22:27.291300','out'),(219,178,10,'2017-04-27 15:06:21.989000','out'),(220,178,11,'2017-04-27 15:13:39.295000','out'),(221,178,12,'2017-04-26 18:37:56.814000','out'),(222,178,13,'2017-01-10 18:22:27.291300','out'),(223,178,14,'2017-05-05 14:44:40.211000','out'),(224,178,15,'2017-05-05 14:44:32.058000','out'),(225,178,16,'2017-05-05 14:44:14.798000','out'),(226,178,17,'2017-05-06 11:53:15.901000','out'),(227,178,18,'2017-05-06 11:21:05.907000','out'),(228,178,19,'2017-05-05 14:17:06.048000','out'),(229,160,1,'2017-07-21 10:27:28.630000','out'),(230,160,2,'2017-07-17 10:15:17.220000','out'),(231,160,3,'2017-07-21 10:27:33.405000','out'),(232,160,4,'2017-01-10 18:22:55.217000','out'),(233,160,5,'2017-07-26 06:33:36.570000','out'),(234,160,6,'2017-07-21 10:27:28.630000','out'),(235,160,7,'2017-07-17 10:15:17.220000','out'),(236,160,8,'2017-07-21 10:27:33.405000','out'),(237,160,9,'2017-01-10 18:22:55.217000','out'),(238,160,10,'2017-07-26 06:32:47.431000','out'),(239,160,11,'2017-07-26 06:33:36.570000','out'),(240,160,12,'2017-07-26 06:33:41.478000','out'),(241,160,13,'2017-01-10 18:22:55.217000','out'),(242,160,14,'2017-07-25 15:50:26.665000','out'),(243,160,15,'2017-07-25 15:35:43.994000','out'),(244,160,16,'2017-07-26 06:32:34.528000','out'),(245,160,17,'2017-07-26 06:32:43.741000','out'),(246,160,18,'2017-07-26 06:52:13.071000','out'),(247,160,19,'2017-07-26 06:52:07.339000','out'),(248,162,1,'2017-07-22 08:22:22.384000','out'),(249,162,2,'2017-07-22 10:16:34.794000','out'),(250,162,3,'2017-07-22 05:29:39.951000','out'),(251,162,4,'2017-01-10 18:22:57.359000','out'),(252,162,5,'2017-07-22 10:18:16.370000','out'),(253,162,6,'2017-07-22 08:22:22.384000','out'),(254,162,7,'2017-07-22 10:16:34.794000','out'),(255,162,8,'2017-07-22 05:29:39.951000','out'),(256,162,9,'2017-01-10 18:22:57.359000','out'),(257,162,10,'2017-07-22 08:23:14.519000','out'),(258,162,11,'2017-07-22 10:18:16.370000','out'),(259,162,12,'2017-07-20 14:38:14.825000','out'),(260,162,13,'2017-01-10 18:22:57.359000','out'),(261,162,14,'2017-07-22 08:21:49.426000','out'),(262,162,15,'2017-07-22 05:28:49.825000','out'),(263,162,16,'2017-07-22 10:53:27.065000','out'),(264,162,17,'2017-07-22 10:19:26.214000','out'),(265,162,18,'2017-07-22 10:54:10.335000','out'),(266,162,19,'2017-07-22 10:15:53.498000','out'),(267,190,1,'2017-07-22 10:24:43.922000','out'),(268,190,2,'2017-07-22 10:24:09.900000','out'),(269,190,3,'2017-07-15 13:34:53.935000','out'),(270,190,4,'2017-01-10 18:22:57.386000','out'),(271,190,5,'2017-07-22 10:27:24.062000','out'),(272,190,6,'2017-07-22 10:24:43.922000','out'),(273,190,7,'2017-07-22 10:24:09.900000','out'),(274,190,8,'2017-06-16 12:29:02.282000','out'),(275,190,9,'2017-01-10 18:22:57.386000','out'),(276,190,10,'2017-07-22 10:28:16.095000','out'),(277,190,11,'2017-07-22 10:27:32.829000','out'),(278,190,12,'2017-07-08 15:34:30.449000','out'),(279,190,13,'2017-01-10 18:22:57.386000','out'),(280,190,14,'2017-07-22 10:21:31.929000','out'),(281,190,15,'2017-07-22 10:21:24.752000','out'),(282,190,16,'2017-07-22 10:21:20.114000','out'),(283,190,17,'2017-07-22 10:30:37.592000','out'),(284,190,18,'2017-07-22 10:30:55.318000','out'),(285,190,19,'2017-07-15 12:40:33.442000','out'),(286,177,1,'2017-04-29 12:14:22.969000','out'),(287,177,2,'2017-04-29 12:13:57.537000','out'),(288,177,3,'2017-04-29 12:14:41.801000','out'),(289,177,4,'2017-01-10 18:22:59.651000','out'),(290,177,5,'2017-04-29 12:42:31.802000','out'),(291,177,6,'2017-04-29 12:14:22.969000','out'),(292,177,7,'2017-04-29 12:13:57.537000','out'),(293,177,8,'2017-04-28 11:03:13.452000','out'),(294,177,9,'2017-01-10 18:22:59.651000','out'),(295,177,10,'2017-04-29 12:42:57.927000','out'),(296,177,11,'2017-04-29 12:42:32.563000','out'),(297,177,12,'2017-04-28 11:42:34.785000','out'),(298,177,13,'2017-01-10 18:22:59.651000','out'),(299,177,14,'2017-04-29 12:38:58.239000','out'),(300,177,15,'2017-04-29 12:39:05.070000','out'),(301,177,16,'2017-04-29 12:38:49.215000','out'),(302,177,17,'2017-04-29 12:43:11.572000','out'),(303,177,18,'2017-04-29 12:43:15.828000','out'),(304,177,19,'2017-04-29 09:12:53.200000','out'),(305,189,1,'2017-06-30 08:21:21.009000','out'),(306,189,2,'2017-06-28 16:50:50.710000','out'),(307,189,3,'2017-06-30 08:20:54.205000','out'),(308,189,4,'2017-01-10 18:22:59.869000','out'),(309,189,5,'2017-07-22 09:43:20.131000','out'),(310,189,6,'2017-06-30 08:21:21.009000','out'),(311,189,7,'2017-06-28 16:50:50.710000','out'),(312,189,8,'2017-06-30 08:20:52.908000','out'),(313,189,9,'2017-01-10 18:22:59.869000','out'),(314,189,10,'2017-07-22 09:43:13.841000','out'),(315,189,11,'2017-07-22 09:43:20.131000','out'),(316,189,12,'2017-06-29 06:49:49.264000','out'),(317,189,13,'2017-01-10 18:22:59.869000','out'),(318,189,14,'2017-07-01 08:10:35.391000','out'),(319,189,15,'2017-07-22 10:03:12.356000','out'),(320,189,16,'2017-07-01 08:49:22.872000','out'),(321,189,17,'2017-07-22 09:40:43.375000','out'),(322,189,18,'2017-07-22 10:03:24.229000','out'),(323,189,19,'2017-07-22 10:31:46.259000','out'),(324,233,1,'2017-07-20 14:08:00.549000','out'),(325,233,2,'2017-07-17 09:34:50.784000','out'),(326,233,3,'2017-07-10 13:47:31.361000','out'),(327,233,4,'2017-01-10 18:22:59.955000','out'),(328,233,5,'2017-07-20 14:08:15.743000','out'),(329,233,6,'2017-07-20 14:08:00.549000','out'),(330,233,7,'2017-07-17 09:34:50.784000','out'),(331,233,8,'2017-07-10 13:47:31.361000','out'),(332,233,9,'2017-01-10 18:22:59.955000','out'),(333,233,10,'2017-07-20 13:40:53.289000','out'),(334,233,11,'2017-07-20 14:08:15.743000','out'),(335,233,12,'2017-07-15 10:07:53.764000','out'),(336,233,13,'2017-01-10 18:22:59.955000','out'),(337,233,14,'2017-07-22 15:05:14.347000','out'),(338,233,15,'2017-07-22 15:05:26.710000','out'),(339,233,16,'2017-07-20 14:06:14.029000','out'),(340,233,17,'2017-07-22 15:09:12.747000','out'),(341,233,18,'2017-07-22 15:10:45.962000','out'),(342,233,19,'2017-07-20 13:40:42.045000','out'),(343,222,1,'2017-06-03 14:18:54.299000','out'),(344,222,2,'2017-06-03 14:18:50.404000','out'),(345,222,3,'2017-06-03 14:18:59.703000','out'),(346,222,4,'2017-01-10 18:22:59.986000','out'),(347,222,5,'2017-06-03 13:41:28.640000','out'),(348,222,6,'2017-06-03 14:18:54.299000','out'),(349,222,7,'2017-06-03 14:18:50.404000','out'),(350,222,8,'2017-05-31 12:13:51.278000','out'),(351,222,9,'2017-01-10 18:22:59.986000','out'),(352,222,10,'2017-06-03 13:41:21.946000','out'),(353,222,11,'2017-06-03 13:41:28.640000','out'),(354,222,12,'2017-05-31 15:54:47.306000','out'),(355,222,13,'2017-01-10 18:22:59.986000','out'),(356,222,14,'2017-06-03 14:16:42.468000','out'),(357,222,15,'2017-06-03 14:21:21.042000','out'),(358,222,16,'2017-06-03 14:26:51.635000','out'),(359,222,17,'2017-06-03 14:27:16.735000','out'),(360,222,18,'2017-06-03 14:27:00.786000','out'),(361,222,19,'2017-06-02 09:49:58.116000','out'),(362,196,1,'2017-07-25 08:06:19.981000','out'),(363,196,2,'2017-07-25 08:06:11.506000','out'),(364,196,3,'2017-07-14 09:37:03.572000','out'),(365,196,4,'2017-01-10 18:23:00.634000','out'),(366,196,5,'2017-07-25 06:38:33.709000','out'),(367,196,6,'2017-07-25 08:06:18.623000','out'),(368,196,7,'2017-07-25 08:06:11.506000','out'),(369,196,8,'2017-07-14 09:37:03.572000','out'),(370,196,9,'2017-01-10 18:23:00.634000','out'),(371,196,10,'2017-07-25 06:38:23.727000','out'),(372,196,11,'2017-07-25 06:38:33.709000','out'),(373,196,12,'2017-07-25 05:54:52.154000','out'),(374,196,13,'2017-01-10 18:23:00.634000','out'),(375,196,14,'2017-07-25 05:55:27.968000','out'),(376,196,15,'2017-07-25 07:00:29.789000','out'),(377,196,16,'2017-07-25 08:05:31.597000','out'),(378,196,17,'2017-07-24 18:02:06.262000','out'),(379,196,18,'2017-07-25 08:36:21.884000','out'),(380,196,19,'2017-07-25 07:41:49.306000','out'),(381,212,1,'2017-06-03 19:05:11.152000','out'),(382,212,2,'2017-06-03 19:03:35.305000','out'),(383,212,3,'2017-05-29 08:15:24.370000','out'),(384,212,4,'2017-01-10 18:23:01.510000','out'),(385,212,5,'2017-06-06 07:44:01.728000','out'),(386,212,6,'2017-06-03 19:05:12.309000','out'),(387,212,7,'2017-06-03 19:03:35.305000','out'),(388,212,8,'2017-05-29 08:15:24.370000','out'),(389,212,9,'2017-01-10 18:23:01.510000','out'),(390,212,10,'2017-06-06 07:44:29.943000','out'),(391,212,11,'2017-06-06 07:44:01.728000','out'),(392,212,12,'2017-06-03 19:03:52.039000','out'),(393,212,13,'2017-01-10 18:23:01.510000','out'),(394,212,14,'2017-06-06 07:13:07.898000','out'),(395,212,15,'2017-06-06 07:10:06.620000','out'),(396,212,16,'2017-06-06 07:10:02.918000','out'),(397,212,17,'2017-06-06 07:43:56.370000','out'),(398,212,18,'2017-06-06 07:43:38.153000','out'),(399,212,19,'2017-06-06 06:27:46.028000','out'),(400,163,1,'2017-06-03 16:39:14.273000','out'),(401,163,2,'2017-06-03 16:38:18.027000','out'),(402,163,3,'2017-06-03 13:16:44.433000','out'),(403,163,4,'2017-01-10 18:23:03.764000','out'),(404,163,5,'2017-06-03 16:40:38.211000','out'),(405,163,6,'2017-06-03 16:39:14.273000','out'),(406,163,7,'2017-06-03 16:38:18.027000','out'),(407,163,8,'2017-06-03 13:16:44.433000','out'),(408,163,9,'2017-01-10 18:23:03.764000','out'),(409,163,10,'2017-06-03 16:40:36.373000','out'),(410,163,11,'2017-06-03 16:40:38.211000','out'),(411,163,12,'2017-06-01 16:29:27.728000','out'),(412,163,13,'2017-01-10 18:23:03.764000','out'),(413,163,14,'2017-06-03 16:38:11.728000','out'),(414,163,15,'2017-06-03 16:38:08.055000','out'),(415,163,16,'2017-06-03 14:44:10.688000','out'),(416,163,17,'2017-06-03 16:15:57.592000','out'),(417,163,18,'2017-06-03 17:56:30.793000','out'),(418,163,19,'2017-06-03 16:15:44.309000','out'),(419,216,1,'2017-06-03 13:56:30.761000','out'),(420,216,2,'2017-06-02 08:15:43.055000','out'),(421,216,3,'2017-06-01 13:09:39.003000','out'),(422,216,4,'2017-01-10 18:23:04.543000','out'),(423,216,5,'2017-06-03 13:57:07.623000','out'),(424,216,6,'2017-06-03 13:56:30.761000','out'),(425,216,7,'2017-06-02 08:15:43.055000','out'),(426,216,8,'2017-06-01 13:09:37.530000','out'),(427,216,9,'2017-01-10 18:23:04.543000','out'),(428,216,10,'2017-06-03 13:57:10.769000','out'),(429,216,11,'2017-06-03 13:57:07.623000','out'),(430,216,12,'2017-06-03 15:02:49.700000','out'),(431,216,13,'2017-01-10 18:23:04.543000','out'),(432,216,14,'2017-06-03 13:55:56.500000','out'),(433,216,15,'2017-06-02 11:22:55.577000','out'),(434,216,16,'2017-06-02 11:19:53.422000','out'),(435,216,17,'2017-06-03 15:29:47.962000','out'),(436,216,18,'2017-06-03 15:29:37.406000','out'),(437,216,19,'2017-06-03 15:28:44.393000','out'),(438,316,1,'2017-06-26 09:04:07.971000','out'),(439,316,2,'2017-06-23 11:37:34.149000','out'),(440,316,3,'2017-01-10 18:50:07.830000','out'),(441,316,4,'2017-01-10 18:50:07.830000','out'),(442,316,5,'2017-06-26 09:25:41.913000','out'),(443,316,6,'2017-06-26 09:04:07.971000','out'),(444,316,7,'2017-06-23 11:37:34.149000','out'),(445,316,8,'2017-01-10 18:50:07.830000','out'),(446,316,9,'2017-01-10 18:50:07.830000','out'),(447,316,10,'2017-06-27 13:27:10.679000','out'),(448,316,11,'2017-06-26 09:25:41.913000','out'),(449,316,12,'2017-01-10 18:50:07.830000','out'),(450,316,13,'2017-01-10 18:50:07.830000','out'),(451,316,14,'2017-06-26 09:25:29.254000','out'),(452,316,15,'2017-06-27 12:27:12.858000','out'),(453,316,16,'2017-06-27 13:40:17.481000','out'),(454,316,17,'2017-06-27 14:07:36.170000','out'),(455,316,18,'2017-06-27 13:27:04.776000','out'),(456,316,19,'2017-06-27 13:27:02.312000','out'),(457,315,1,'2017-05-29 14:36:53.215000','out'),(458,315,2,'2017-05-30 15:13:41.024000','out'),(459,315,3,'2017-05-29 14:36:45.281000','out'),(460,315,4,'2017-01-10 18:50:36.684000','out'),(461,315,5,'2017-05-30 15:14:46.820000','out'),(462,315,6,'2017-05-29 14:36:53.215000','out'),(463,315,7,'2017-05-30 15:13:41.024000','out'),(464,315,8,'2017-05-29 14:36:45.281000','out'),(465,315,9,'2017-01-10 18:50:36.684000','out'),(466,315,10,'2017-05-29 14:37:21.527000','out'),(467,315,11,'2017-05-30 15:14:46.820000','out'),(468,315,12,'2017-05-27 08:40:20.126000','out'),(469,315,13,'2017-01-10 18:50:36.684000','out'),(470,315,14,'2017-05-30 16:51:24.632000','out'),(471,315,15,'2017-05-29 17:33:54.962000','out'),(472,315,16,'2017-05-30 16:50:49.025000','out'),(473,315,17,'2017-05-27 10:22:09.013000','out'),(474,315,18,'2017-05-29 17:34:13.660000','out'),(475,315,19,'2017-05-27 08:42:29.724000','out'),(476,328,1,'2017-07-01 14:44:55.330000','out'),(477,328,2,'2017-07-01 14:44:27.847000','out'),(478,328,3,'2017-06-23 10:38:37.890000','out'),(479,328,4,'2017-01-10 18:50:49.943000','out'),(480,328,5,'2017-07-01 14:45:21.637000','out'),(481,328,6,'2017-07-01 14:44:55.330000','out'),(482,328,7,'2017-07-01 14:44:27.847000','out'),(483,328,8,'2017-06-23 10:38:37.890000','out'),(484,328,9,'2017-01-10 18:50:49.943000','out'),(485,328,10,'2017-07-01 14:45:28.125000','out'),(486,328,11,'2017-07-01 14:45:21.637000','out'),(487,328,12,'2017-06-24 17:19:18.678000','out'),(488,328,13,'2017-01-10 18:50:49.943000','out'),(489,328,14,'2017-07-01 17:37:27.567000','out'),(490,328,15,'2017-07-01 17:36:12.494000','out'),(491,328,16,'2017-07-01 17:36:07.696000','out'),(492,328,17,'2017-07-01 16:11:12.627000','out'),(493,328,18,'2017-07-03 16:11:44.649000','out'),(494,328,19,'2017-07-03 16:09:29.824000','out'),(495,152,1,'2017-05-02 14:55:33.601000','out'),(496,152,2,'2017-05-02 14:22:55.388000','out'),(497,152,3,'2017-05-02 14:23:08.726000','out'),(498,152,4,'2017-01-10 19:15:42.565000','out'),(499,152,5,'2017-05-02 14:55:36.944000','out'),(500,152,6,'2017-05-02 14:55:33.601000','out'),(501,152,7,'2017-05-02 14:22:55.388000','out'),(502,152,8,'2017-04-13 15:58:32.169000','out'),(503,152,9,'2017-01-10 19:15:42.565000','out'),(504,152,10,'2017-04-13 17:23:04.298000','out'),(505,152,11,'2017-05-02 14:55:36.944000','out'),(506,152,12,'2017-04-13 12:17:59.750000','out'),(507,152,13,'2017-01-10 19:15:42.565000','out'),(508,152,14,'2017-05-02 14:22:52.797000','out'),(509,152,15,'2017-05-08 12:35:37.491000','out'),(510,152,16,'2017-05-02 14:54:43.149000','out'),(511,152,17,'2017-05-02 14:55:03.517000','out'),(512,152,18,'2017-05-08 12:35:43.532000','out'),(513,152,19,'2017-05-05 13:05:41.554000','out'),(514,159,1,'2017-07-22 12:46:27.169000','out'),(515,159,2,'2017-07-22 12:48:54.681000','out'),(516,159,3,'2017-07-20 09:03:01.727000','out'),(517,159,4,'2017-01-10 19:15:44.860000','out'),(518,159,5,'2017-07-22 16:32:37.055000','out'),(519,159,6,'2017-07-22 12:46:27.169000','out'),(520,159,7,'2017-07-22 12:48:54.681000','out'),(521,159,8,'2017-07-20 09:03:01.727000','out'),(522,159,9,'2017-01-10 19:15:44.860000','out'),(523,159,10,'2017-07-22 16:32:42.883000','out'),(524,159,11,'2017-07-22 16:32:37.055000','out'),(525,159,12,'2017-07-05 17:35:30.648000','out'),(526,159,13,'2017-01-10 19:15:44.860000','out'),(527,159,14,'2017-07-22 12:48:59.300000','out'),(528,159,15,'2017-07-22 16:52:59.799000','out'),(529,159,16,'2017-07-22 14:57:56.660000','out'),(530,159,17,'2017-07-22 17:14:10.325000','out'),(531,159,18,'2017-07-22 17:27:00.685000','out'),(532,159,19,'2017-07-22 15:54:54.451000','out'),(533,258,1,'2017-05-13 08:50:19.158000','out'),(534,258,2,'2017-05-13 08:50:16.615000','out'),(535,258,3,'2017-05-06 09:01:56.740000','out'),(536,258,4,'2017-01-10 19:25:49.543000','out'),(537,258,5,'2017-05-19 09:06:11.763000','out'),(538,258,6,'2017-05-13 08:50:19.158000','out'),(539,258,7,'2017-05-13 08:50:16.615000','out'),(540,258,8,'2017-05-06 09:01:56.740000','out'),(541,258,9,'2017-01-10 19:25:49.543000','out'),(542,258,10,'2017-05-19 09:06:16.278000','out'),(543,258,11,'2017-05-19 09:06:11.763000','out'),(544,258,12,'2017-05-02 09:14:54.044000','out'),(545,258,13,'2017-01-10 19:25:49.543000','out'),(546,258,14,'2017-05-13 08:40:42.860000','out'),(547,258,15,'2017-05-19 09:24:34.159000','out'),(548,258,16,'2017-05-19 09:24:20.416000','out'),(549,258,17,'2017-05-19 09:25:26.336000','out'),(550,258,18,'2017-05-19 09:25:11.548000','out'),(551,258,19,'2017-05-19 08:50:45.809000','out'),(552,244,1,'2017-07-22 10:27:26.853000','out'),(553,244,2,'2017-07-22 10:27:14.374000','out'),(554,244,3,'2017-07-17 10:36:42.075000','out'),(555,244,4,'2017-01-10 19:33:15.625000','out'),(556,244,5,'2017-07-22 10:28:12.600000','out'),(557,244,6,'2017-07-22 10:27:26.853000','out'),(558,244,7,'2017-07-22 10:27:14.374000','out'),(559,244,8,'2017-06-24 12:56:49.244000','out'),(560,244,9,'2017-01-10 19:33:15.625000','out'),(561,244,10,'2017-07-22 10:28:17.354000','out'),(562,244,11,'2017-07-22 10:28:12.600000','out'),(563,244,12,'2017-07-22 08:52:01.447000','out'),(564,244,13,'2017-01-10 19:33:15.625000','out'),(565,244,14,'2017-07-22 10:27:11.396000','out'),(566,244,15,'2017-07-22 10:27:06.819000','out'),(567,244,16,'2017-07-22 09:27:01.004000','out'),(568,244,17,'2017-07-22 10:30:17.782000','out'),(569,244,18,'2017-07-22 10:28:45.075000','out'),(570,244,19,'2017-07-22 10:26:04.172000','out'),(571,284,1,'2017-06-16 16:01:58.829000','out'),(572,284,2,'2017-06-16 16:01:13.826000','out'),(573,284,3,'2017-06-09 18:43:34.130000','out'),(574,284,4,'2017-01-10 19:47:16.607000','out'),(575,284,5,'2017-06-14 08:18:01.602000','out'),(576,284,6,'2017-06-16 16:01:58.829000','out'),(577,284,7,'2017-06-16 16:01:13.826000','out'),(578,284,8,'2017-06-08 11:22:22.988000','out'),(579,284,9,'2017-01-10 19:47:16.607000','out'),(580,284,10,'2017-06-16 16:02:20.409000','out'),(581,284,11,'2017-06-14 08:18:01.602000','out'),(582,284,12,'2017-06-13 18:52:25.304000','out'),(583,284,13,'2017-01-10 19:47:16.607000','out'),(584,284,14,'2017-06-16 16:01:09.585000','out'),(585,284,15,'2017-06-16 16:01:04.957000','out'),(586,284,16,'2017-06-16 16:00:00.945000','out'),(587,284,17,'2017-06-16 16:02:22.540000','out'),(588,284,18,'2017-07-05 11:40:20.741000','out'),(589,284,19,'2017-07-05 11:40:13.863000','out'),(590,287,1,'2017-07-21 15:44:29.656000','out'),(591,287,2,'2017-07-21 15:41:32.356000','out'),(592,287,3,'2017-07-06 16:27:01.491000','out'),(593,287,4,'2017-01-10 19:48:35.534000','out'),(594,287,5,'2017-07-20 09:05:54.013000','out'),(595,287,6,'2017-07-21 15:44:29.656000','out'),(596,287,7,'2017-07-21 15:41:32.356000','out'),(597,287,8,'2017-07-06 16:27:01.491000','out'),(598,287,9,'2017-01-10 19:48:35.534000','out'),(599,287,10,'2017-07-20 09:05:55.176000','out'),(600,287,11,'2017-07-20 09:05:54.013000','out'),(601,287,12,'2017-07-20 09:05:21.047000','out'),(602,287,13,'2017-01-10 19:48:35.534000','out'),(603,287,14,'2017-07-21 15:45:11.035000','out'),(604,287,15,'2017-07-21 15:45:13.226000','out'),(605,287,16,'2017-07-21 15:45:54.531000','out'),(606,287,17,'2017-07-20 12:38:00.719000','out'),(607,287,18,'2017-07-21 15:49:41.700000','out'),(608,287,19,'2017-07-21 15:49:38.767000','out'),(609,227,1,'2017-07-25 16:22:02.550000','out'),(610,227,2,'2017-07-25 16:22:07.767000','out'),(611,227,3,'2017-07-25 07:40:27.350000','out'),(612,227,4,'2017-01-10 19:54:03.659000','out'),(613,227,5,'2017-07-25 07:40:18.845000','out'),(614,227,6,'2017-07-25 16:22:02.550000','out'),(615,227,7,'2017-07-25 16:22:07.767000','out'),(616,227,8,'2017-07-25 07:40:27.350000','out'),(617,227,9,'2017-01-10 19:54:03.659000','out'),(618,227,10,'2017-07-24 16:32:30.477000','out'),(619,227,11,'2017-07-25 07:40:18.845000','out'),(620,227,12,'2017-07-24 17:34:45.782000','out'),(621,227,13,'2017-01-10 19:54:03.659000','out'),(622,227,14,'2017-07-25 16:22:23.383000','out'),(623,227,15,'2017-07-25 16:22:27.811000','out'),(624,227,16,'2017-07-25 17:13:05.548000','out'),(625,227,17,'2017-07-25 17:30:27.078000','out'),(626,227,18,'2017-07-25 16:26:37.148000','out'),(627,227,19,'2017-07-25 12:49:22.376000','out'),(628,337,1,'2017-07-20 08:21:50.425000','out'),(629,337,2,'2017-07-20 08:21:01.286000','out'),(630,337,3,'2017-07-20 08:21:38.173000','out'),(631,337,4,'2017-01-10 19:56:28.601000','out'),(632,337,5,'2017-07-17 15:40:15.098000','out'),(633,337,6,'2017-07-20 08:21:50.425000','out'),(634,337,7,'2017-07-20 08:21:01.286000','out'),(635,337,8,'2017-07-20 08:21:18.978000','out'),(636,337,9,'2017-01-10 19:56:28.601000','out'),(637,337,10,'2017-07-19 11:15:02.965000','out'),(638,337,11,'2017-07-17 15:40:15.098000','out'),(639,337,12,'2017-06-16 16:53:16.642000','out'),(640,337,13,'2017-01-10 19:56:28.601000','out'),(641,337,14,'2017-07-20 08:20:58.698000','out'),(642,337,15,'2017-07-17 15:40:53.059000','out'),(643,337,16,'2017-07-20 17:44:58.089000','out'),(644,337,17,'2017-07-20 14:25:47.950000','out'),(645,337,18,'2017-07-21 09:12:54.966000','out'),(646,337,19,'2017-07-21 08:49:04.737000','out'),(647,273,1,'2017-07-15 18:19:42.145000','out'),(648,273,2,'2017-07-22 13:22:47.983000','out'),(649,273,3,'2017-07-15 18:19:03.994000','out'),(650,273,4,'2017-01-10 19:58:04.236000','out'),(651,273,5,'2017-07-15 18:41:18.392000','out'),(652,273,6,'2017-07-15 18:19:42.145000','out'),(653,273,7,'2017-07-22 13:22:47.983000','out'),(654,273,8,'2017-07-15 18:18:43.243000','out'),(655,273,9,'2017-01-10 19:58:04.236000','out'),(656,273,10,'2017-07-25 14:03:10.654000','out'),(657,273,11,'2017-07-15 18:41:18.392000','out'),(658,273,12,'2017-07-25 14:02:49.959000','out'),(659,273,13,'2017-01-10 19:58:04.236000','out'),(660,273,14,'2017-07-22 13:23:00.767000','out'),(661,273,15,'2017-07-25 14:40:02.720000','out'),(662,273,16,'2017-07-25 14:39:44.976000','out'),(663,273,17,'2017-07-25 14:19:45.890000','out'),(664,273,18,'2017-07-25 14:40:30.500000','out'),(665,273,19,'2017-07-25 14:17:59.555000','out'),(666,149,1,'2017-06-30 11:16:13.361000','out'),(667,149,2,'2017-06-30 11:16:19.145000','out'),(668,149,3,'2017-06-08 11:15:31.302000','out'),(669,149,4,'2017-01-10 19:58:06.650000','out'),(670,149,5,'2017-06-28 10:25:25.240000','out'),(671,149,6,'2017-06-30 11:16:13.361000','out'),(672,149,7,'2017-06-30 11:16:19.145000','out'),(673,149,8,'2017-06-08 11:15:31.302000','out'),(674,149,9,'2017-01-10 19:58:06.650000','out'),(675,149,10,'2017-06-30 11:15:31.155000','out'),(676,149,11,'2017-06-28 10:25:25.240000','out'),(677,149,12,'2017-06-19 13:34:55.561000','out'),(678,149,13,'2017-01-10 19:58:06.650000','out'),(679,149,14,'2017-07-01 13:47:24.313000','out'),(680,149,15,'2017-07-03 15:09:16.914000','out'),(681,149,16,'2017-07-03 15:10:42.622000','out'),(682,149,17,'2017-07-03 14:28:49.397000','out'),(683,149,18,'2017-07-03 15:11:19.902000','out'),(684,149,19,'2017-07-03 14:44:20.006000','out'),(685,250,1,'2017-06-14 10:07:00.755000','out'),(686,250,2,'2017-06-14 10:06:51.202000','out'),(687,250,3,'2017-06-08 18:46:34.979000','out'),(688,250,4,'2017-01-10 19:59:58.612000','out'),(689,250,5,'2017-06-14 19:23:49.234000','out'),(690,250,6,'2017-06-14 10:07:00.755000','out'),(691,250,7,'2017-06-14 10:06:51.202000','out'),(692,250,8,'2017-06-08 18:46:34.979000','out'),(693,250,9,'2017-01-10 19:59:58.612000','out'),(694,250,10,'2017-06-14 19:23:45.933000','out'),(695,250,11,'2017-06-14 19:23:49.234000','out'),(696,250,12,'2017-06-10 19:39:40.647000','out'),(697,250,13,'2017-01-10 19:59:58.612000','out'),(698,250,14,'2017-06-14 09:59:04.765000','out'),(699,250,15,'2017-06-14 09:59:01.809000','out'),(700,250,16,'2017-06-14 19:23:37.678000','out'),(701,250,17,'2017-06-14 19:23:44.197000','out'),(702,250,18,'2017-06-16 14:58:19.064000','out'),(703,250,19,'2017-06-14 16:21:30.602000','out'),(704,255,1,'2017-07-20 13:47:12.235000','out'),(705,255,2,'2017-07-20 13:38:57.582000','out'),(706,255,3,'2017-07-20 13:39:13.143000','out'),(707,255,4,'2017-01-10 20:02:46.553000','out'),(708,255,5,'2017-07-21 12:24:29.002000','out'),(709,255,6,'2017-07-20 13:47:12.235000','out'),(710,255,7,'2017-07-20 13:38:57.582000','out'),(711,255,8,'2017-07-20 13:39:13.143000','out'),(712,255,9,'2017-01-10 20:02:46.553000','out'),(713,255,10,'2017-07-21 12:25:51.160000','out'),(714,255,11,'2017-07-21 12:24:29.002000','out'),(715,255,12,'2017-07-20 13:46:17.100000','out'),(716,255,13,'2017-01-10 20:02:46.553000','out'),(717,255,14,'2017-07-21 08:14:28.520000','out'),(718,255,15,'2017-07-20 13:38:30.273000','out'),(719,255,16,'2017-07-21 12:24:11.160000','out'),(720,255,17,'2017-07-21 10:39:19.720000','out'),(721,255,18,'2017-07-21 10:39:22.230000','out'),(722,255,19,'2017-07-21 10:39:44.459000','out'),(723,259,1,'2017-01-13 16:04:11.697000','out'),(724,259,2,'2017-01-13 16:04:02.838000','out'),(725,259,3,'2017-01-11 11:59:47.593000','out'),(726,259,4,'2017-01-10 20:08:22.506000','out'),(727,259,5,'2017-01-11 15:25:36.016000','out'),(728,259,6,'2017-01-13 16:04:11.697000','out'),(729,259,7,'2017-01-13 16:04:02.838000','out'),(730,259,8,'2017-01-11 11:59:47.593000','out'),(731,259,9,'2017-01-10 20:08:22.506000','out'),(732,259,10,'2017-01-14 16:39:37.431000','out'),(733,259,11,'2017-01-11 15:25:36.016000','out'),(734,259,12,'2017-01-10 20:08:22.506000','out'),(735,259,13,'2017-01-10 20:08:22.506000','out'),(736,259,14,'2017-01-14 15:41:31.136000','out'),(737,259,15,'2017-01-14 15:41:39.301000','out'),(738,259,16,'2017-01-14 15:41:23.289000','out'),(739,259,17,'2017-01-14 16:39:35.576000','out'),(740,259,18,'2017-01-14 15:43:04.789000','out'),(741,259,19,'2017-01-14 09:37:19.946000','out'),(742,331,1,'2017-07-21 07:12:02.399000','out'),(743,331,2,'2017-07-21 07:12:14.825000','out'),(744,331,3,'2017-07-20 19:11:07.903000','out'),(745,331,4,'2017-01-10 20:10:06.111000','out'),(746,331,5,'2017-07-20 19:11:21.976000','out'),(747,331,6,'2017-07-21 07:11:52.432000','out'),(748,331,7,'2017-07-21 07:12:14.825000','out'),(749,331,8,'2017-07-20 19:11:07.903000','out'),(750,331,9,'2017-01-10 20:10:06.111000','out'),(751,331,10,'2017-06-27 06:23:18.729000','out'),(752,331,11,'2017-07-20 19:11:21.976000','out'),(753,331,12,'2017-06-27 13:25:08.816000','out'),(754,331,13,'2017-01-10 20:10:06.111000','out'),(755,331,14,'2017-07-21 07:12:27.468000','out'),(756,331,15,'2017-07-21 09:17:25.785000','out'),(757,331,16,'2017-07-21 12:47:25.301000','out'),(758,331,17,'2017-07-21 09:17:50.945000','out'),(759,331,18,'2017-07-21 10:34:28.155000','out'),(760,331,19,'2017-07-21 10:34:24.739000','out'),(761,261,1,'2017-01-12 13:29:06.200000','out'),(762,261,2,'2017-01-12 13:29:15.490000','out'),(763,261,3,'2017-01-10 20:10:25.971000','out'),(764,261,4,'2017-01-10 20:10:25.971000','out'),(765,261,5,'2017-01-10 20:10:25.971000','out'),(766,261,6,'2017-01-12 13:29:06.200000','out'),(767,261,7,'2017-01-12 13:29:15.490000','out'),(768,261,8,'2017-01-10 20:10:25.971000','out'),(769,261,9,'2017-01-10 20:10:25.971000','out'),(770,261,10,'2017-01-10 20:10:25.971000','out'),(771,261,11,'2017-01-10 20:10:25.971000','out'),(772,261,12,'2017-01-10 20:10:25.971000','out'),(773,261,13,'2017-01-10 20:10:25.971000','out'),(774,261,14,'2017-01-12 13:29:20.457000','out'),(775,261,15,'2017-01-14 08:00:12.650000','out'),(776,261,16,'2017-01-14 07:59:11.796000','out'),(777,261,17,'2017-01-12 17:15:22.259000','out'),(778,261,18,'2017-01-14 08:02:08.326000','out'),(779,261,19,'2017-01-14 08:02:05.829000','out'),(780,231,1,'2017-07-01 11:21:56.449000','out'),(781,231,2,'2017-07-01 11:21:51.800000','out'),(782,231,3,'2017-06-29 08:45:16.950000','out'),(783,231,4,'2017-01-10 20:11:14.716000','out'),(784,231,5,'2017-06-30 13:58:15.955000','out'),(785,231,6,'2017-07-01 11:21:56.449000','out'),(786,231,7,'2017-07-01 11:21:51.800000','out'),(787,231,8,'2017-06-02 16:19:58.583000','out'),(788,231,9,'2017-01-10 20:11:14.716000','out'),(789,231,10,'2017-07-01 11:22:44.154000','out'),(790,231,11,'2017-06-30 13:58:15.955000','out'),(791,231,12,'2017-06-29 16:23:56.037000','out'),(792,231,13,'2017-01-10 20:11:14.716000','out'),(793,231,14,'2017-07-01 11:21:46.837000','out'),(794,231,15,'2017-07-03 15:46:45.270000','out'),(795,231,16,'2017-07-03 15:50:56.950000','out'),(796,231,17,'2017-07-01 12:08:43.835000','out'),(797,231,18,'2017-07-03 15:51:16.792000','out'),(798,231,19,'2017-07-01 10:53:59.131000','out'),(799,271,1,'2017-07-19 17:32:54.919000','out'),(800,271,2,'2017-07-19 17:32:58.466000','out'),(801,271,3,'2017-07-18 15:58:13.574000','out'),(802,271,4,'2017-01-10 20:14:23.509000','out'),(803,271,5,'2017-07-20 09:03:30.512000','out'),(804,271,6,'2017-07-19 17:32:54.919000','out'),(805,271,7,'2017-07-19 17:32:58.466000','out'),(806,271,8,'2017-07-18 15:58:13.574000','out'),(807,271,9,'2017-01-10 20:14:23.509000','out'),(808,271,10,'2017-07-20 09:02:41.281000','out'),(809,271,11,'2017-07-20 09:03:30.512000','out'),(810,271,12,'2017-07-19 11:50:08.295000','out'),(811,271,13,'2017-01-10 20:14:23.509000','out'),(812,271,14,'2017-07-22 17:18:04.006000','out'),(813,271,15,'2017-07-22 17:18:10.344000','out'),(814,271,16,'2017-07-22 17:17:50.631000','out'),(815,271,17,'2017-07-22 14:34:16.677000','out'),(816,271,18,'2017-07-22 17:18:18.231000','out'),(817,271,19,'2017-07-21 16:14:45.890000','out'),(818,41,1,'2017-07-19 16:12:35.266000','out'),(819,41,2,'2017-07-07 19:39:53.022000','out'),(820,41,3,'2017-07-18 17:16:44.234000','out'),(821,41,4,'2017-01-10 20:17:11.468000','out'),(822,41,5,'2017-07-19 17:05:22.041000','out'),(823,41,6,'2017-07-19 16:12:35.266000','out'),(824,41,7,'2017-07-07 19:39:53.022000','out'),(825,41,8,'2017-07-18 17:16:44.234000','out'),(826,41,9,'2017-01-10 20:17:11.468000','out'),(827,41,10,'2017-07-15 13:17:34.063000','out'),(828,41,11,'2017-07-19 17:05:22.041000','out'),(829,41,12,'2017-07-07 13:41:05.830000','out'),(830,41,13,'2017-01-10 20:17:11.468000','out'),(831,41,14,'2017-07-19 16:12:07.196000','out'),(832,41,15,'2017-07-20 07:53:01.449000','out'),(833,41,16,'2017-07-22 13:25:31.189000','out'),(834,41,17,'2017-07-22 13:25:48.794000','out'),(835,41,18,'2017-07-22 13:38:07.917000','out'),(836,41,19,'2017-07-22 12:19:28.492000','out'),(837,333,1,'2017-07-22 19:20:25.015000','out'),(838,333,2,'2017-07-21 19:09:22.723000','out'),(839,333,3,'2017-07-22 19:20:38.614000','out'),(840,333,4,'2017-01-10 20:17:25.922000','out'),(841,333,5,'2017-07-18 12:17:02.364000','out'),(842,333,6,'2017-07-22 19:20:25.015000','out'),(843,333,7,'2017-07-21 19:09:22.723000','out'),(844,333,8,'2017-07-22 19:20:38.614000','out'),(845,333,9,'2017-01-10 20:17:25.922000','out'),(846,333,10,'2017-07-24 11:28:27.687000','out'),(847,333,11,'2017-07-18 12:17:02.364000','out'),(848,333,12,'2017-07-25 13:06:33.255000','out'),(849,333,13,'2017-01-10 20:17:25.922000','out'),(850,333,14,'2017-07-25 13:06:05.508000','out'),(851,333,15,'2017-07-25 13:06:00.853000','out'),(852,333,16,'2017-07-25 14:34:31.271000','out'),(853,333,17,'2017-07-25 14:34:42.124000','out'),(854,333,18,'2017-07-25 14:34:39.901000','out'),(855,333,19,'2017-07-25 09:22:45.971000','out'),(856,226,1,'2017-06-30 15:42:43.759000','out'),(857,226,2,'2017-06-29 16:17:35.077000','out'),(858,226,3,'2017-06-03 18:40:04.214000','out'),(859,226,4,'2017-01-10 20:17:50.315000','out'),(860,226,5,'2017-06-29 11:15:55.159000','out'),(861,226,6,'2017-06-30 15:42:43.759000','out'),(862,226,7,'2017-06-29 16:17:35.077000','out'),(863,226,8,'2017-05-24 14:38:01.024000','out'),(864,226,9,'2017-01-10 20:17:50.315000','out'),(865,226,10,'2017-06-29 11:15:49.740000','out'),(866,226,11,'2017-06-29 11:15:55.159000','out'),(867,226,12,'2017-06-20 09:59:52.043000','out'),(868,226,13,'2017-01-10 20:17:50.315000','out'),(869,226,14,'2017-07-03 15:18:53.829000','out'),(870,226,15,'2017-07-03 15:19:08.241000','out'),(871,226,16,'2017-07-03 15:19:28.165000','out'),(872,226,17,'2017-07-01 12:49:35.946000','out'),(873,226,18,'2017-07-03 15:21:05.200000','out'),(874,226,19,'2017-07-03 15:20:41.989000','out'),(875,240,1,'2017-07-15 14:33:11.329000','out'),(876,240,2,'2017-07-20 18:27:45.650000','out'),(877,240,3,'2017-07-15 14:33:09.469000','out'),(878,240,4,'2017-01-10 20:17:51.354000','out'),(879,240,5,'2017-07-19 16:59:35.383000','out'),(880,240,6,'2017-07-15 14:33:11.329000','out'),(881,240,7,'2017-07-20 18:27:45.650000','out'),(882,240,8,'2017-07-15 14:31:53.155000','out'),(883,240,9,'2017-01-10 20:17:51.354000','out'),(884,240,10,'2017-07-21 11:27:42.913000','out'),(885,240,11,'2017-07-19 16:59:32.545000','out'),(886,240,12,'2017-07-07 16:30:56.769000','out'),(887,240,13,'2017-01-10 20:17:51.354000','out'),(888,240,14,'2017-07-20 18:27:50.948000','out'),(889,240,15,'2017-07-24 09:26:03.160000','out'),(890,240,16,'2017-07-24 15:20:44.104000','out'),(891,240,17,'2017-07-24 15:25:38.051000','out'),(892,240,18,'2017-07-24 15:24:38.161000','out'),(893,240,19,'2017-07-24 14:07:24.859000','out'),(894,156,1,'2017-03-06 16:14:19.612000','out'),(895,156,2,'2017-03-06 16:13:23.689000','out'),(896,156,3,'2017-03-04 12:14:00.809000','out'),(897,156,4,'2017-01-10 20:17:51.522000','out'),(898,156,5,'2017-03-07 08:19:04.948000','out'),(899,156,6,'2017-03-06 16:14:19.612000','out'),(900,156,7,'2017-03-06 16:13:23.689000','out'),(901,156,8,'2017-03-04 12:14:00.809000','out'),(902,156,9,'2017-01-10 20:17:51.522000','out'),(903,156,10,'2017-03-07 16:14:30.755000','out'),(904,156,11,'2017-03-07 08:19:04.948000','out'),(905,156,12,'2017-03-07 08:19:46.514000','out'),(906,156,13,'2017-01-10 20:17:51.522000','out'),(907,156,14,'2017-03-04 12:13:37.934000','out'),(908,156,15,'2017-03-06 16:11:30.785000','out'),(909,156,16,'2017-03-06 16:11:15.072000','out'),(910,156,17,'2017-03-06 17:09:17.161000','out'),(911,156,18,'2017-03-07 16:05:32.724000','out'),(912,156,19,'2017-03-07 08:18:09.770000','out'),(913,335,1,'2017-07-20 12:36:26.145000','out'),(914,335,2,'2017-07-21 15:28:13.457000','out'),(915,335,3,'2017-07-20 12:36:08.148000','out'),(916,335,4,'2017-01-10 20:17:52.211000','out'),(917,335,5,'2017-07-20 12:51:18.353000','out'),(918,335,6,'2017-07-20 12:36:26.145000','out'),(919,335,7,'2017-07-21 15:28:13.457000','out'),(920,335,8,'2017-03-18 14:18:54.757000','out'),(921,335,9,'2017-01-10 20:17:52.211000','out'),(922,335,10,'2017-07-22 11:41:49.305000','out'),(923,335,11,'2017-07-20 12:51:18.353000','out'),(924,335,12,'2017-07-24 17:18:54.758000','out'),(925,335,13,'2017-01-10 20:17:52.211000','out'),(926,335,14,'2017-07-24 12:43:47.004000','out'),(927,335,15,'2017-07-24 17:18:12.038000','out'),(928,335,16,'2017-07-25 17:52:54.802000','out'),(929,335,17,'2017-07-24 17:39:14.964000','out'),(930,335,18,'2017-07-25 17:53:12.330000','out'),(931,335,19,'2017-07-25 16:19:03.649000','out'),(932,336,1,'2017-07-21 16:51:08.498000','out'),(933,336,2,'2017-07-25 18:07:31.146000','out'),(934,336,3,'2017-07-21 16:51:11.027000','out'),(935,336,4,'2017-01-10 20:17:53.642000','out'),(936,336,5,'2017-07-25 18:07:55.951000','out'),(937,336,6,'2017-07-21 16:51:08.498000','out'),(938,336,7,'2017-07-25 18:07:31.146000','out'),(939,336,8,'2017-07-21 16:51:11.027000','out'),(940,336,9,'2017-01-10 20:17:53.642000','out'),(941,336,10,'2017-07-21 16:54:35.430000','out'),(942,336,11,'2017-07-25 18:07:55.951000','out'),(943,336,12,'2017-07-21 16:52:44.010000','out'),(944,336,13,'2017-01-10 20:17:53.642000','out'),(945,336,14,'2017-07-25 18:05:59.158000','out'),(946,336,15,'2017-07-25 18:06:18.790000','out'),(947,336,16,'2017-07-24 14:50:42.711000','out'),(948,336,17,'2017-07-24 14:53:22.426000','out'),(949,336,18,'2017-07-24 14:52:37.314000','out'),(950,336,19,'2017-07-24 14:11:47.887000','out'),(951,151,1,'2017-04-05 11:34:04.948000','out'),(952,151,2,'2017-04-05 11:37:56.632000','out'),(953,151,3,'2017-04-05 11:30:53.609000','out'),(954,151,4,'2017-01-10 20:17:56.387000','out'),(955,151,5,'2017-04-05 11:41:01.767000','out'),(956,151,6,'2017-04-05 11:34:04.948000','out'),(957,151,7,'2017-04-05 11:37:56.632000','out'),(958,151,8,'2017-03-25 17:03:42.165000','out'),(959,151,9,'2017-01-10 20:17:56.387000','out'),(960,151,10,'2017-04-05 11:47:10.344000','out'),(961,151,11,'2017-04-05 11:41:01.767000','out'),(962,151,12,'2017-04-05 11:33:44.288000','out'),(963,151,13,'2017-01-10 20:17:56.387000','out'),(964,151,14,'2017-04-05 11:37:50.383000','out'),(965,151,15,'2017-04-05 10:00:01.341000','out'),(966,151,16,'2017-04-05 09:56:20.243000','out'),(967,151,17,'2017-04-05 12:22:19.851000','out'),(968,151,18,'2017-04-05 12:22:07.503000','out'),(969,151,19,'2017-04-05 11:42:23.734000','out'),(970,274,1,'2017-07-20 17:09:09.292000','out'),(971,274,2,'2017-07-21 14:42:00.671000','out'),(972,274,3,'2017-06-30 19:55:10.616000','out'),(973,274,4,'2017-01-10 20:18:07.777000','out'),(974,274,5,'2017-07-21 14:42:32.780000','out'),(975,274,6,'2017-07-20 17:09:09.292000','out'),(976,274,7,'2017-07-21 14:42:00.671000','out'),(977,274,8,'2017-05-22 12:31:09.633000','out'),(978,274,9,'2017-01-10 20:18:07.777000','out'),(979,274,10,'2017-07-21 14:43:57.534000','out'),(980,274,11,'2017-07-21 14:42:32.780000','out'),(981,274,12,'2017-07-20 17:09:32.583000','out'),(982,274,13,'2017-01-10 20:18:07.777000','out'),(983,274,14,'2017-07-21 14:41:56.996000','out'),(984,274,15,'2017-07-22 14:24:10.345000','out'),(985,274,16,'2017-07-21 14:07:22.239000','out'),(986,274,17,'2017-07-21 14:43:59.376000','out'),(987,274,18,'2017-07-21 14:07:28.032000','out'),(988,274,19,'2017-07-15 15:21:25.343000','out'),(989,338,1,'2017-07-24 11:40:21.152000','out'),(990,338,2,'2017-07-24 11:40:24.808000','out'),(991,338,3,'2017-02-25 17:30:18.985000','out'),(992,338,4,'2017-01-10 20:18:09.183000','out'),(993,338,5,'2017-07-24 11:39:54.920000','out'),(994,338,6,'2017-07-24 11:40:21.152000','out'),(995,338,7,'2017-07-24 11:40:24.808000','out'),(996,338,8,'2017-02-25 17:30:18.001000','out'),(997,338,9,'2017-01-10 20:18:09.183000','out'),(998,338,10,'2017-02-25 18:01:31.390000','out'),(999,338,11,'2017-07-24 11:39:54.920000','out'),(1000,338,12,'2017-02-24 17:17:57.979000','out'),(1001,338,13,'2017-01-10 20:18:09.183000','out'),(1002,338,14,'2017-07-24 11:46:23.284000','out'),(1003,338,15,'2017-07-24 17:17:50.830000','out'),(1004,338,16,'2017-07-25 10:15:50.788000','out'),(1005,338,17,'2017-07-24 15:59:22.682000','out'),(1006,338,18,'2017-07-25 10:15:56.267000','out'),(1007,338,19,'2017-07-24 14:48:47.196000','out'),(1008,180,1,'2017-06-16 15:16:28.087000','out'),(1009,180,2,'2017-06-16 13:41:33.025000','out'),(1010,180,3,'2017-06-09 18:01:24.316000','out'),(1011,180,4,'2017-01-10 20:21:56.396000','out'),(1012,180,5,'2017-06-14 17:44:07.055000','out'),(1013,180,6,'2017-06-16 15:16:28.087000','out'),(1014,180,7,'2017-06-16 13:41:37.426000','out'),(1015,180,8,'2017-06-09 18:01:24.316000','out'),(1016,180,9,'2017-01-10 20:21:56.396000','out'),(1017,180,10,'2017-06-14 17:29:52.621000','out'),(1018,180,11,'2017-06-14 17:44:07.055000','out'),(1019,180,12,'2017-06-16 15:16:32.628000','out'),(1020,180,13,'2017-01-10 20:21:56.396000','out'),(1021,180,14,'2017-06-16 15:16:21.162000','out'),(1022,180,15,'2017-06-16 13:41:24.055000','out'),(1023,180,16,'2017-06-16 15:16:17.066000','out'),(1024,180,17,'2017-06-16 15:17:16.919000','out'),(1025,180,18,'2017-06-16 12:16:56.022000','out'),(1026,180,19,'2017-06-16 10:39:42.189000','out'),(1027,310,1,'2017-01-10 20:25:10.961000','out'),(1028,310,2,'2017-01-10 20:25:10.961000','out'),(1029,310,3,'2017-01-10 20:25:10.961000','out'),(1030,310,4,'2017-01-10 20:25:10.961000','out'),(1031,310,5,'2017-01-10 20:25:10.961000','out'),(1032,310,6,'2017-01-10 20:25:10.961000','out'),(1033,310,7,'2017-01-10 20:25:10.961000','out'),(1034,310,8,'2017-01-10 20:25:10.961000','out'),(1035,310,9,'2017-01-10 20:25:10.961000','out'),(1036,310,10,'2017-01-10 20:25:10.961000','out'),(1037,310,11,'2017-01-10 20:25:10.961000','out'),(1038,310,12,'2017-01-10 20:25:10.961000','out'),(1039,310,13,'2017-01-10 20:25:10.961000','out'),(1040,310,14,'2017-01-10 20:25:10.961000','out'),(1041,310,15,'2017-01-12 10:03:25.486000','out'),(1042,310,16,'2017-01-12 10:03:22.591000','out'),(1043,310,17,'2017-01-10 20:25:10.961000','out'),(1044,310,18,'2017-01-12 10:03:35.182000','out'),(1045,310,19,'2017-01-10 20:25:10.961000','out'),(1046,321,1,'2017-07-24 11:23:58.262000','out'),(1047,321,2,'2017-07-24 09:48:15.187000','out'),(1048,321,3,'2017-07-24 09:48:27.394000','out'),(1049,321,4,'2017-01-10 20:29:54.525000','out'),(1050,321,5,'2017-07-24 09:48:34.801000','out'),(1051,321,6,'2017-07-24 11:23:58.262000','out'),(1052,321,7,'2017-07-24 09:48:15.187000','out'),(1053,321,8,'2017-07-24 09:48:27.394000','out'),(1054,321,9,'2017-01-10 20:29:54.525000','out'),(1055,321,10,'2017-07-25 14:58:16.130000','out'),(1056,321,11,'2017-07-24 09:48:34.801000','out'),(1057,321,12,'2017-07-11 13:48:56.133000','out'),(1058,321,13,'2017-01-10 20:29:54.525000','out'),(1059,321,14,'2017-07-24 11:24:58.455000','out'),(1060,321,15,'2017-07-25 14:57:48.245000','out'),(1061,321,16,'2017-07-25 17:22:18.380000','out'),(1062,321,17,'2017-07-25 14:58:03.052000','out'),(1063,321,18,'2017-07-25 17:23:07.180000','out'),(1064,321,19,'2017-07-24 12:11:51.305000','out'),(1065,51,1,'2017-07-24 14:17:29.566000','out'),(1066,51,2,'2017-07-24 14:17:15.878000','out'),(1067,51,3,'2017-07-22 19:44:22.142000','out'),(1068,51,4,'2017-01-10 20:31:03.432000','out'),(1069,51,5,'2017-07-24 15:13:45.948000','out'),(1070,51,6,'2017-07-24 14:17:29.566000','out'),(1071,51,7,'2017-07-24 14:17:15.878000','out'),(1072,51,8,'2017-07-22 19:44:22.142000','out'),(1073,51,9,'2017-01-10 20:31:03.432000','out'),(1074,51,10,'2017-07-24 15:09:48.624000','out'),(1075,51,11,'2017-07-24 15:13:45.948000','out'),(1076,51,12,'2017-07-24 15:13:14.676000','out'),(1077,51,13,'2017-01-10 20:31:03.432000','out'),(1078,51,14,'2017-07-24 14:17:01.253000','out'),(1079,51,15,'2017-07-24 08:22:52.486000','out'),(1080,51,16,'2017-07-24 08:21:12.073000','out'),(1081,51,17,'2017-07-24 15:09:47.644000','out'),(1082,51,18,'2017-07-24 14:16:51.087000','out'),(1083,51,19,'2017-07-24 15:09:26.463000','out'),(1084,247,1,'2017-01-13 15:07:02.553000','out'),(1085,247,2,'2017-01-13 15:07:11.257000','out'),(1086,247,3,'2017-01-13 15:06:51.287000','out'),(1087,247,4,'2017-01-10 20:31:05.635000','out'),(1088,247,5,'2017-01-14 09:08:55.487000','out'),(1089,247,6,'2017-01-13 15:07:02.553000','out'),(1090,247,7,'2017-01-13 15:07:11.257000','out'),(1091,247,8,'2017-01-10 20:31:05.635000','out'),(1092,247,9,'2017-01-10 20:31:05.635000','out'),(1093,247,10,'2017-01-14 16:39:38.883000','out'),(1094,247,11,'2017-01-14 09:08:55.487000','out'),(1095,247,12,'2017-01-10 20:31:05.635000','out'),(1096,247,13,'2017-01-10 20:31:05.635000','out'),(1097,247,14,'2017-01-13 15:07:26.243000','out'),(1098,247,15,'2017-01-13 15:05:19.873000','out'),(1099,247,16,'2017-01-12 17:02:51.402000','out'),(1100,247,17,'2017-01-14 16:39:33.893000','out'),(1101,247,18,'2017-01-14 15:40:37.809000','out'),(1102,247,19,'2017-01-14 11:38:40.463000','out'),(1103,198,1,'2017-07-25 18:23:34.320000','out'),(1104,198,2,'2017-07-25 18:18:50.237000','out'),(1105,198,3,'2017-06-21 17:20:38.496000','out'),(1106,198,4,'2017-01-10 20:31:10.272000','out'),(1107,198,5,'2017-07-25 18:24:46.873000','out'),(1108,198,6,'2017-07-25 18:23:34.320000','out'),(1109,198,7,'2017-07-25 18:18:50.237000','out'),(1110,198,8,'2017-06-21 17:20:38.496000','out'),(1111,198,9,'2017-01-10 20:31:10.272000','out'),(1112,198,10,'2017-07-25 18:24:04.250000','out'),(1113,198,11,'2017-07-25 18:24:46.873000','out'),(1114,198,12,'2017-07-22 10:29:26.322000','out'),(1115,198,13,'2017-01-10 20:31:10.272000','out'),(1116,198,14,'2017-07-25 18:18:44.567000','out'),(1117,198,15,'2017-07-25 18:18:20.153000','out'),(1118,198,16,'2017-07-25 18:18:13.819000','out'),(1119,198,17,'2017-07-25 19:01:49.609000','out'),(1120,198,18,'2017-07-25 18:15:34.375000','out'),(1121,198,19,'2017-07-25 16:15:35.121000','out'),(1122,253,1,'2017-07-25 18:04:04.942000','out'),(1123,253,2,'2017-07-24 10:29:03.354000','out'),(1124,253,3,'2017-07-25 18:04:35.701000','out'),(1125,253,4,'2017-01-10 20:31:16.226000','out'),(1126,253,5,'2017-07-25 18:05:37.385000','out'),(1127,253,6,'2017-07-25 18:04:04.942000','out'),(1128,253,7,'2017-07-24 10:29:06.065000','out'),(1129,253,8,'2017-07-25 18:04:31.347000','out'),(1130,253,9,'2017-01-10 20:31:16.226000','out'),(1131,253,10,'2017-07-25 15:07:22.726000','out'),(1132,253,11,'2017-07-25 18:05:37.385000','out'),(1133,253,12,'2017-07-25 15:07:35.673000','out'),(1134,253,13,'2017-01-10 20:31:16.226000','out'),(1135,253,14,'2017-07-25 18:03:58.548000','out'),(1136,253,15,'2017-07-25 18:03:52.270000','out'),(1137,253,16,'2017-07-25 18:03:21.668000','out'),(1138,253,17,'2017-07-25 18:27:27.582000','out'),(1139,253,18,'2017-07-25 15:07:13.762000','out'),(1140,253,19,'2017-07-24 11:06:51.703000','out'),(1141,301,1,'2017-07-25 07:49:09.726000','out'),(1142,301,2,'2017-07-25 07:48:59.574000','out'),(1143,301,3,'2017-07-04 14:27:50.504000','out'),(1144,301,4,'2017-01-11 08:38:58.410000','out'),(1145,301,5,'2017-07-25 07:49:58.306000','out'),(1146,301,6,'2017-07-25 07:49:09.726000','out'),(1147,301,7,'2017-07-25 07:48:59.574000','out'),(1148,301,8,'2017-07-04 14:27:40.390000','out'),(1149,301,9,'2017-01-11 08:38:58.410000','out'),(1150,301,10,'2017-07-24 17:45:00.393000','out'),(1151,301,11,'2017-07-25 07:49:58.306000','out'),(1152,301,12,'2017-07-25 07:46:32.524000','out'),(1153,301,13,'2017-01-11 08:38:58.410000','out'),(1154,301,14,'2017-07-25 06:57:39.302000','out'),(1155,301,15,'2017-07-25 06:57:24.160000','out'),(1156,301,16,'2017-07-25 13:45:30.633000','out'),(1157,301,17,'2017-07-25 08:42:23.886000','out'),(1158,301,18,'2017-07-25 13:46:07.727000','out'),(1159,301,19,'2017-07-25 11:04:44.945000','out'),(1160,277,1,'2017-07-25 17:28:52.278000','out'),(1161,277,2,'2017-07-25 17:28:40.781000','out'),(1162,277,3,'2017-07-22 07:48:10.463000','out'),(1163,277,4,'2017-01-11 08:38:58.162000','out'),(1164,277,5,'2017-07-25 17:29:03.980000','out'),(1165,277,6,'2017-07-25 17:28:52.278000','out'),(1166,277,7,'2017-07-25 17:28:40.781000','out'),(1167,277,8,'2017-06-30 12:56:41.230000','out'),(1168,277,9,'2017-01-11 08:38:58.162000','out'),(1169,277,10,'2017-07-25 17:29:46.671000','out'),(1170,277,11,'2017-07-25 17:29:03.980000','out'),(1171,277,12,'2017-07-22 15:33:47.200000','out'),(1172,277,13,'2017-01-11 08:38:58.162000','out'),(1173,277,14,'2017-07-25 17:28:25.389000','out'),(1174,277,15,'2017-07-25 17:28:20.335000','out'),(1175,277,16,'2017-07-25 17:28:05.039000','out'),(1176,277,17,'2017-07-25 17:29:51.364000','out'),(1177,277,18,'2017-07-25 17:30:44.927000','out'),(1178,277,19,'2017-07-25 08:37:57.491000','out'),(1179,53,1,'2017-07-22 11:37:22.424000','out'),(1180,53,2,'2017-07-20 14:22:23.387000','out'),(1181,53,3,'2017-07-22 11:37:17.955000','out'),(1182,295,1,'2017-07-24 10:30:03.562000','out'),(1183,53,4,'2017-01-11 08:38:58.515000','out'),(1184,295,2,'2017-07-25 11:13:51.492000','out'),(1185,53,5,'2017-07-22 11:38:22.608000','out'),(1186,295,3,'2017-05-24 16:50:47.673000','out'),(1187,53,6,'2017-07-22 11:37:22.424000','out'),(1188,295,4,'2017-01-11 08:38:58.519000','out'),(1189,53,7,'2017-07-20 14:22:23.387000','out'),(1190,295,5,'2017-07-24 10:31:08.301000','out'),(1191,53,8,'2017-07-18 08:32:33.259000','out'),(1192,295,6,'2017-07-24 10:30:03.562000','out'),(1193,53,9,'2017-01-11 08:38:58.515000','out'),(1194,295,7,'2017-07-25 11:13:51.492000','out'),(1195,53,10,'2017-07-22 08:26:31.491000','out'),(1196,295,8,'2017-04-19 16:28:51.787000','out'),(1197,53,11,'2017-07-22 11:38:22.608000','out'),(1198,295,9,'2017-01-11 08:38:58.519000','out'),(1199,53,12,'2017-07-12 08:34:42.927000','out'),(1200,295,10,'2017-07-24 10:31:01.434000','out'),(1201,53,13,'2017-01-11 08:38:58.515000','out'),(1202,295,11,'2017-07-24 10:31:13.085000','out'),(1203,53,14,'2017-07-22 11:37:01.018000','out'),(1204,295,12,'2017-07-22 08:04:22.682000','out'),(1205,53,15,'2017-07-22 11:36:55.116000','out'),(1206,53,16,'2017-07-22 08:25:56.666000','out'),(1207,295,13,'2017-01-11 08:38:58.519000','out'),(1208,53,17,'2017-07-22 08:26:23.074000','out'),(1209,295,14,'2017-07-25 11:14:02.832000','out'),(1210,53,18,'2017-07-22 13:08:06.580000','out'),(1211,295,15,'2017-07-25 11:14:00.251000','out'),(1212,53,19,'2017-07-22 13:06:48.257000','out'),(1213,295,16,'2017-07-25 09:50:41.389000','out'),(1214,295,17,'2017-07-25 10:42:15.849000','out'),(1215,295,18,'2017-07-25 11:14:10.359000','out'),(1216,295,19,'2017-07-25 11:12:02.358000','out'),(1217,154,1,'2017-07-12 08:50:38.266000','out'),(1218,154,2,'2017-07-10 17:59:40.240000','out'),(1219,154,3,'2017-07-12 08:50:25.200000','out'),(1220,154,4,'2017-01-11 08:38:58.585000','out'),(1221,154,5,'2017-07-12 14:13:58.286000','out'),(1222,154,6,'2017-07-12 08:50:38.266000','out'),(1223,154,7,'2017-07-10 17:59:40.240000','out'),(1224,154,8,'2017-07-12 08:50:25.200000','out'),(1225,154,9,'2017-01-11 08:38:58.585000','out'),(1226,154,10,'2017-07-12 16:54:42.991000','out'),(1227,154,11,'2017-07-12 14:13:58.286000','out'),(1228,154,12,'2017-07-10 19:07:27.104000','out'),(1229,154,13,'2017-01-11 08:38:58.585000','out'),(1230,154,14,'2017-07-12 08:50:07.973000','out'),(1231,154,15,'2017-07-12 16:52:25.307000','out'),(1232,154,16,'2017-07-12 15:20:26.190000','out'),(1233,154,17,'2017-07-12 16:54:44.898000','out'),(1234,154,18,'2017-07-12 16:55:21.367000','out'),(1235,154,19,'2017-07-12 16:55:08.974000','out'),(1236,318,1,'2017-07-24 16:13:35.581000','out'),(1237,318,2,'2017-07-24 16:13:39.906000','out'),(1238,318,3,'2017-07-22 10:50:12.897000','out'),(1239,318,4,'2017-01-11 08:38:58.665000','out'),(1240,318,5,'2017-07-22 15:01:46.393000','out'),(1241,318,6,'2017-07-24 16:13:35.581000','out'),(1242,318,7,'2017-07-24 16:13:39.906000','out'),(1243,318,8,'2017-07-21 05:50:30.352000','out'),(1244,318,9,'2017-01-11 08:38:58.665000','out'),(1245,318,10,'2017-07-22 15:01:50.411000','out'),(1246,318,11,'2017-07-22 15:01:46.393000','out'),(1247,318,12,'2017-07-20 18:08:44.400000','out'),(1248,318,13,'2017-01-11 08:38:58.665000','out'),(1249,318,14,'2017-07-24 16:13:42.245000','out'),(1250,318,15,'2017-07-24 16:13:50.689000','out'),(1251,318,16,'2017-07-22 15:34:14.783000','out'),(1252,318,17,'2017-07-24 16:19:38.330000','out'),(1253,318,18,'2017-07-24 16:19:34.687000','out'),(1254,318,19,'2017-07-24 16:19:12.424000','out'),(1255,63,1,'2017-07-22 12:36:44.513000','out'),(1256,63,2,'2017-07-22 06:50:32.188000','out'),(1257,63,3,'2017-07-22 05:54:20.495000','out'),(1258,63,4,'2017-01-11 08:38:58.686000','out'),(1259,63,5,'2017-07-22 12:40:13.494000','out'),(1260,63,6,'2017-07-22 12:36:44.513000','out'),(1261,63,7,'2017-07-22 06:50:32.188000','out'),(1262,63,8,'2017-07-22 05:54:20.495000','out'),(1263,63,9,'2017-01-11 08:38:58.686000','out'),(1264,63,10,'2017-07-22 12:40:18.253000','out'),(1265,63,11,'2017-07-22 12:40:13.494000','out'),(1266,63,12,'2017-07-21 18:10:59.719000','out'),(1267,63,13,'2017-01-11 08:38:58.686000','out'),(1268,63,14,'2017-07-22 12:36:16.484000','out'),(1269,63,15,'2017-07-22 12:35:57.416000','out'),(1270,63,16,'2017-07-22 12:35:53.002000','out'),(1271,63,17,'2017-07-22 12:40:32.442000','out'),(1272,63,18,'2017-07-22 12:40:28.260000','out'),(1273,63,19,'2017-07-22 08:09:58.441000','out'),(1274,285,1,'2017-04-29 06:21:46.972000','out'),(1275,285,2,'2017-04-29 06:20:51.444000','out'),(1276,285,3,'2017-03-24 16:33:09.522000','out'),(1277,285,4,'2017-01-11 08:38:58.718000','out'),(1278,285,5,'2017-04-29 12:57:29.510000','out'),(1279,285,6,'2017-04-29 06:21:46.972000','out'),(1280,285,7,'2017-04-29 06:20:51.444000','out'),(1281,285,8,'2017-03-24 16:33:06.130000','out'),(1282,285,9,'2017-01-11 08:38:58.718000','out'),(1283,285,10,'2017-04-29 12:57:40.972000','out'),(1284,285,11,'2017-04-29 12:57:29.510000','out'),(1285,285,12,'2017-04-29 12:57:26.938000','out'),(1286,285,13,'2017-01-11 08:38:58.718000','out'),(1287,285,14,'2017-04-29 07:37:08.987000','out'),(1288,285,15,'2017-04-29 09:24:43.026000','out'),(1289,285,16,'2017-04-29 09:21:57.290000','out'),(1290,285,17,'2017-04-29 12:57:46.806000','out'),(1291,285,18,'2017-04-29 12:57:54.513000','out'),(1292,285,19,'2017-04-29 12:55:31.975000','out'),(1293,309,1,'2017-07-24 15:36:52.547000','out'),(1294,309,2,'2017-07-24 15:36:11.182000','out'),(1295,309,3,'2017-07-24 14:52:51.679000','out'),(1296,309,4,'2017-01-11 08:38:58.828000','out'),(1297,309,5,'2017-07-14 12:32:08.759000','out'),(1298,309,6,'2017-07-24 15:36:52.547000','out'),(1299,309,7,'2017-07-24 15:36:11.182000','out'),(1300,309,8,'2017-07-24 14:52:40.705000','out'),(1301,309,9,'2017-01-11 08:38:58.828000','out'),(1302,309,10,'2017-07-24 16:08:00.231000','out'),(1303,309,11,'2017-07-14 12:32:08.759000','out'),(1304,309,12,'2017-07-24 14:53:11.391000','out'),(1305,309,13,'2017-01-11 08:38:58.828000','out'),(1306,309,14,'2017-07-24 15:34:47.502000','out'),(1307,309,15,'2017-07-24 15:34:42.026000','out'),(1308,309,16,'2017-07-24 16:07:25.775000','out'),(1309,309,17,'2017-07-24 16:08:52.489000','out'),(1310,309,18,'2017-07-24 16:08:49.352000','out'),(1311,309,19,'2017-07-24 14:02:07.472000','out'),(1312,249,1,'2017-05-06 09:27:15.091000','out'),(1313,249,2,'2017-05-06 08:15:13.339000','out'),(1314,249,3,'2017-02-15 17:46:53.425000','out'),(1315,249,4,'2017-01-11 08:38:58.943000','out'),(1316,249,5,'2017-05-06 09:27:57.327000','out'),(1317,249,6,'2017-05-06 09:27:15.091000','out'),(1318,249,7,'2017-05-06 08:15:13.339000','out'),(1319,249,8,'2017-02-15 17:46:52.716000','out'),(1320,249,9,'2017-01-11 08:38:58.943000','out'),(1321,249,10,'2017-04-28 11:13:32.329000','out'),(1322,249,11,'2017-05-06 09:27:57.327000','out'),(1323,249,12,'2017-05-06 09:53:05.961000','out'),(1324,249,13,'2017-01-11 08:38:58.943000','out'),(1325,249,14,'2017-05-06 09:22:50.970000','out'),(1326,249,15,'2017-05-06 09:22:42.502000','out'),(1327,249,16,'2017-05-06 10:30:24.763000','out'),(1328,249,17,'2017-05-06 09:28:24.147000','out'),(1329,249,18,'2017-05-06 10:30:47.349000','out'),(1330,249,19,'2017-05-06 09:22:16.012000','out'),(1331,330,1,'2017-07-25 14:16:07.887000','out'),(1332,330,2,'2017-07-25 13:22:30.229000','out'),(1333,330,3,'2017-07-25 13:21:46.823000','out'),(1334,330,4,'2017-01-11 08:38:59.044000','out'),(1335,330,5,'2017-07-22 10:41:12.493000','out'),(1336,330,6,'2017-07-25 13:21:50.430000','out'),(1337,330,7,'2017-07-25 13:22:30.229000','out'),(1338,330,8,'2017-07-22 10:39:21.882000','out'),(1339,330,9,'2017-01-11 08:38:59.044000','out'),(1340,330,10,'2017-07-20 15:44:33.367000','out'),(1341,330,11,'2017-07-22 10:41:12.493000','out'),(1342,330,12,'2017-07-25 14:16:15.963000','out'),(1343,330,13,'2017-01-11 08:38:59.044000','out'),(1344,330,14,'2017-07-25 13:36:16.960000','out'),(1345,330,15,'2017-07-25 13:36:22.100000','out'),(1346,330,16,'2017-07-25 13:36:00.353000','out'),(1347,330,17,'2017-07-25 13:23:48.294000','out'),(1348,330,18,'2017-07-25 13:33:14.603000','out'),(1349,330,19,'2017-07-25 13:32:40.192000','out'),(1350,267,1,'2017-07-24 15:24:51.882000','out'),(1351,267,2,'2017-07-24 13:23:06.909000','out'),(1352,267,3,'2017-07-24 15:27:54.645000','out'),(1353,267,4,'2017-01-11 08:38:59.065000','out'),(1354,267,5,'2017-07-24 13:26:31.764000','out'),(1355,267,6,'2017-07-24 15:24:51.882000','out'),(1356,267,7,'2017-07-24 13:23:06.909000','out'),(1357,267,8,'2017-07-24 15:25:51.016000','out'),(1358,267,9,'2017-01-11 08:38:59.065000','out'),(1359,267,10,'2017-07-24 13:26:36.363000','out'),(1360,267,11,'2017-07-24 13:26:31.764000','out'),(1361,267,12,'2017-07-24 15:50:01.471000','out'),(1362,267,13,'2017-01-11 08:38:59.065000','out'),(1363,267,14,'2017-07-24 15:24:43.242000','out'),(1364,267,15,'2017-07-24 14:44:20.374000','out'),(1365,267,16,'2017-07-24 16:05:50.726000','out'),(1366,267,17,'2017-07-24 15:06:46.797000','out'),(1367,267,18,'2017-07-24 16:05:59.924000','out'),(1368,267,19,'2017-07-24 13:40:50.971000','out'),(1369,302,1,'2017-02-15 09:06:07.255000','out'),(1370,302,2,'2017-02-15 09:06:00.673000','out'),(1371,49,1,'2017-07-25 15:15:43.453000','out'),(1372,302,3,'2017-02-15 09:03:23.459000','out'),(1373,302,4,'2017-01-11 08:38:59.123000','out'),(1374,49,2,'2017-07-25 15:15:28.399000','out'),(1375,302,5,'2017-02-15 09:07:33.782000','out'),(1376,49,3,'2017-07-17 14:22:32.796000','out'),(1377,302,6,'2017-02-15 09:06:07.255000','out'),(1378,49,4,'2017-01-11 08:38:59.122000','out'),(1379,302,7,'2017-02-15 09:06:00.673000','out'),(1380,49,5,'2017-07-25 15:18:36.440000','out'),(1381,302,8,'2017-02-15 09:03:21.307000','out'),(1382,49,6,'2017-07-25 15:15:43.453000','out'),(1383,302,9,'2017-01-11 08:38:59.123000','out'),(1384,49,7,'2017-07-25 15:15:28.399000','out'),(1385,302,10,'2017-02-11 19:20:58.276000','out'),(1386,49,8,'2017-07-01 17:39:56.286000','out'),(1387,302,11,'2017-02-15 09:07:33.782000','out'),(1388,49,9,'2017-01-11 08:38:59.122000','out'),(1389,302,12,'2017-02-04 09:49:15.579000','out'),(1390,49,10,'2017-07-25 15:18:32.912000','out'),(1391,302,13,'2017-01-11 08:38:59.123000','out'),(1392,49,11,'2017-07-25 15:18:36.440000','out'),(1393,302,14,'2017-02-15 08:57:39.465000','out'),(1394,49,12,'2017-07-17 14:32:43.957000','out'),(1395,302,15,'2017-02-15 08:57:25.467000','out'),(1396,49,13,'2017-01-11 08:38:59.122000','out'),(1397,302,16,'2017-02-14 17:28:08.875000','out'),(1398,302,17,'2017-02-15 09:09:23.705000','out'),(1399,49,14,'2017-07-25 15:12:36.932000','out'),(1400,302,18,'2017-02-15 09:27:53.417000','out'),(1401,49,15,'2017-07-25 15:12:26.418000','out'),(1402,302,19,'2017-02-15 09:27:50.923000','out'),(1403,49,16,'2017-07-25 15:12:15.776000','out'),(1404,49,17,'2017-07-25 15:18:06.676000','out'),(1405,49,18,'2017-07-26 07:01:02.684000','out'),(1406,49,19,'2017-07-26 07:01:00.684000','out'),(1407,148,1,'2017-07-24 16:02:51.768000','out'),(1408,148,2,'2017-07-24 16:02:44.578000','out'),(1409,148,3,'2017-07-24 16:02:57.005000','out'),(1410,148,4,'2017-01-11 08:38:59.192000','out'),(1411,148,5,'2017-07-24 16:03:09.420000','out'),(1412,148,6,'2017-07-24 16:02:51.768000','out'),(1413,148,7,'2017-07-24 16:02:44.578000','out'),(1414,148,8,'2017-07-24 16:02:55.732000','out'),(1415,148,9,'2017-01-11 08:38:59.192000','out'),(1416,148,10,'2017-07-22 14:15:19.752000','out'),(1417,148,11,'2017-07-24 16:03:09.420000','out'),(1418,148,12,'2017-06-03 07:30:23.883000','out'),(1419,148,13,'2017-01-11 08:38:59.192000','out'),(1420,148,14,'2017-07-24 16:02:40.915000','out'),(1421,148,15,'2017-07-24 16:02:34.243000','out'),(1422,148,16,'2017-07-24 16:02:31.719000','out'),(1423,148,17,'2017-07-22 14:17:41.805000','out'),(1424,148,18,'2017-07-22 14:15:06.400000','out'),(1425,148,19,'2017-07-22 14:13:37.233000','out'),(1426,313,1,'2017-07-22 13:14:36.809000','out'),(1427,313,2,'2017-07-13 08:26:16.592000','out'),(1428,313,3,'2017-07-11 12:34:42.008000','out'),(1429,313,4,'2017-01-11 08:38:59.390000','out'),(1430,313,5,'2017-07-22 13:15:37.005000','out'),(1431,313,6,'2017-07-22 13:14:36.809000','out'),(1432,313,7,'2017-07-13 08:26:16.592000','out'),(1433,313,8,'2017-07-11 12:34:42.008000','out'),(1434,313,9,'2017-01-11 08:38:59.390000','out'),(1435,313,10,'2017-07-11 16:22:01.335000','out'),(1436,313,11,'2017-07-22 13:15:37.005000','out'),(1437,313,12,'2017-07-13 08:26:26.220000','out'),(1438,313,13,'2017-01-11 08:38:59.390000','out'),(1439,313,14,'2017-07-22 13:14:28.653000','out'),(1440,313,15,'2017-07-22 13:14:20.849000','out'),(1441,313,16,'2017-07-22 13:14:15.357000','out'),(1442,313,17,'2017-07-22 13:19:19.044000','out'),(1443,313,18,'2017-07-22 13:18:50.378000','out'),(1444,313,19,'2017-07-22 12:58:50.150000','out'),(1445,326,1,'2017-07-22 16:39:15.036000','out'),(1446,326,2,'2017-07-22 15:01:09.977000','out'),(1447,326,3,'2017-07-11 15:32:14.142000','out'),(1448,326,4,'2017-01-11 08:38:59.449000','out'),(1449,326,5,'2017-07-25 19:27:41.022000','out'),(1450,326,6,'2017-07-22 16:39:15.036000','out'),(1451,326,7,'2017-07-22 15:01:09.977000','out'),(1452,326,8,'2017-07-11 15:32:14.142000','out'),(1453,326,9,'2017-01-11 08:38:59.449000','out'),(1454,326,10,'2017-07-25 19:27:45.581000','out'),(1455,326,11,'2017-07-25 19:27:41.022000','out'),(1456,326,12,'2017-07-11 11:27:19.695000','out'),(1457,326,13,'2017-01-11 08:38:59.449000','out'),(1458,326,14,'2017-07-25 18:31:28.151000','out'),(1459,326,15,'2017-07-25 18:32:01.766000','out'),(1460,326,16,'2017-07-25 18:31:15.155000','out'),(1461,326,17,'2017-07-25 19:27:51.238000','out'),(1462,326,18,'2017-07-25 19:32:36.038000','out'),(1463,326,19,'2017-07-25 19:32:32.526000','out'),(1464,317,1,'2017-06-02 10:45:42.828000','out'),(1465,317,2,'2017-06-03 08:25:52.376000','out'),(1466,317,3,'2017-05-24 18:26:16.174000','out'),(1467,317,4,'2017-01-11 08:38:59.487000','out'),(1468,317,5,'2017-06-03 08:27:09.127000','out'),(1469,317,6,'2017-06-02 10:45:42.828000','out'),(1470,317,7,'2017-06-03 08:25:52.376000','out'),(1471,317,8,'2017-05-24 18:26:16.174000','out'),(1472,317,9,'2017-01-11 08:38:59.487000','out'),(1473,317,10,'2017-06-03 07:47:01.048000','out'),(1474,317,11,'2017-06-03 08:27:09.127000','out'),(1475,317,12,'2017-05-27 06:59:57.550000','out'),(1476,317,13,'2017-01-11 08:38:59.487000','out'),(1477,317,14,'2017-06-01 07:18:42.589000','out'),(1478,317,15,'2017-06-02 10:58:26.872000','out'),(1479,317,16,'2017-06-03 08:25:38.705000','out'),(1480,317,17,'2017-06-03 07:47:00.569000','out'),(1481,317,18,'2017-06-03 08:25:42.309000','out'),(1482,317,19,'2017-06-03 07:46:49.752000','out'),(1483,260,1,'2017-07-07 16:19:28.790000','out'),(1484,260,2,'2017-07-07 16:57:37.042000','out'),(1485,260,3,'2017-07-06 14:33:56.957000','out'),(1486,260,4,'2017-01-11 08:38:59.492000','out'),(1487,197,1,'2017-07-22 12:27:31.278000','out'),(1488,260,5,'2017-07-07 16:20:17.043000','out'),(1489,197,2,'2017-07-22 12:26:07.438000','out'),(1490,260,6,'2017-07-07 16:19:28.790000','out'),(1491,197,3,'2017-07-21 17:31:37.225000','out'),(1492,260,7,'2017-07-07 16:57:37.042000','out'),(1493,197,4,'2017-01-11 08:38:59.500000','out'),(1494,260,8,'2017-07-06 14:33:56.957000','out'),(1495,197,5,'2017-07-22 12:27:12.490000','out'),(1496,260,9,'2017-01-11 08:38:59.492000','out'),(1497,197,6,'2017-07-22 12:27:31.278000','out'),(1498,260,10,'2017-07-07 16:20:19.441000','out'),(1499,197,7,'2017-07-22 12:26:07.438000','out'),(1500,260,11,'2017-07-07 16:20:17.043000','out'),(1501,197,8,'2017-07-06 08:32:25.110000','out'),(1502,260,12,'2017-07-07 16:20:10.454000','out'),(1503,260,13,'2017-01-11 08:38:59.492000','out'),(1504,197,9,'2017-01-11 08:38:59.500000','out'),(1505,260,14,'2017-07-07 16:57:20.915000','out'),(1506,197,10,'2017-07-22 12:44:29.319000','out'),(1507,260,15,'2017-07-06 14:33:31.419000','out'),(1508,197,11,'2017-07-22 12:27:12.490000','out'),(1509,260,16,'2017-07-07 17:05:35.342000','out'),(1510,197,12,'2017-07-06 08:41:19.992000','out'),(1511,260,17,'2017-07-07 17:05:52.325000','out'),(1512,197,13,'2017-01-11 08:38:59.500000','out'),(1513,197,14,'2017-07-22 12:23:29.275000','out'),(1514,260,18,'2017-07-07 16:57:50.782000','out'),(1515,197,15,'2017-07-22 12:24:41.757000','out'),(1516,260,19,'2017-07-07 16:58:50.396000','out'),(1517,197,16,'2017-07-22 15:04:41.343000','out'),(1518,197,17,'2017-07-22 13:50:08.428000','out'),(1519,197,18,'2017-07-22 15:22:29.389000','out'),(1520,197,19,'2017-07-22 13:50:02.472000','out'),(1521,257,1,'2017-07-22 16:00:30.504000','out'),(1522,257,2,'2017-07-22 15:59:05.036000','out'),(1523,257,3,'2017-07-21 09:07:15.527000','out'),(1524,257,4,'2017-01-11 08:38:59.537000','out'),(1525,257,5,'2017-07-22 17:03:39.259000','out'),(1526,257,6,'2017-07-22 16:00:30.504000','out'),(1527,257,7,'2017-07-22 15:59:05.036000','out'),(1528,257,8,'2017-07-20 16:45:26.551000','out'),(1529,257,9,'2017-01-11 08:38:59.537000','out'),(1530,257,10,'2017-07-22 17:03:34.787000','out'),(1531,257,11,'2017-07-22 17:03:39.259000','out'),(1532,257,12,'2017-07-22 17:05:05.733000','out'),(1533,257,13,'2017-01-11 08:38:59.537000','out'),(1534,257,14,'2017-07-22 15:59:01.319000','out'),(1535,257,15,'2017-07-25 08:50:56.521000','out'),(1536,257,16,'2017-07-25 08:50:36.934000','out'),(1537,257,17,'2017-07-22 17:03:33.914000','out'),(1538,257,18,'2017-07-25 09:40:35.467000','out'),(1539,257,19,'2017-07-25 09:40:30.954000','out'),(1540,311,1,'2017-07-25 14:07:17.993000','out'),(1541,311,2,'2017-07-25 14:06:22.682000','out'),(1542,311,3,'2017-07-08 10:41:49.004000','out'),(1543,311,4,'2017-01-11 08:38:59.580000','out'),(1544,311,5,'2017-07-22 09:16:04.603000','out'),(1545,311,6,'2017-07-25 14:07:17.993000','out'),(1546,311,7,'2017-07-25 14:06:22.682000','out'),(1547,311,8,'2017-07-08 10:41:49.004000','out'),(1548,311,9,'2017-01-11 08:38:59.580000','out'),(1549,311,10,'2017-07-22 14:42:26.821000','out'),(1550,311,11,'2017-07-22 09:16:04.603000','out'),(1551,311,12,'2017-07-01 12:03:17.414000','out'),(1552,311,13,'2017-01-11 08:38:59.580000','out'),(1553,311,14,'2017-07-25 15:36:50.629000','out'),(1554,311,15,'2017-07-25 15:36:49.644000','out'),(1555,311,16,'2017-07-25 13:00:59.329000','out'),(1556,311,17,'2017-07-25 13:05:26.369000','out'),(1557,311,18,'2017-07-25 15:37:08.768000','out'),(1558,311,19,'2017-07-25 15:35:46.061000','out'),(1559,69,1,'2017-07-22 15:48:21.475000','out'),(1560,69,2,'2017-06-09 10:21:11.168000','out'),(1561,69,3,'2017-07-22 15:47:37.111000','out'),(1562,307,1,'2017-07-22 10:55:59.872000','out'),(1563,69,4,'2017-01-11 08:38:59.650000','out'),(1564,307,2,'2017-07-22 10:56:03.362000','out'),(1565,69,5,'2017-07-22 13:20:59.502000','out'),(1566,307,3,'2017-07-22 10:52:02.281000','out'),(1567,69,6,'2017-07-22 15:48:24.124000','out'),(1568,307,4,'2017-01-11 08:38:59.657000','out'),(1569,69,7,'2017-06-09 10:21:11.168000','out'),(1570,307,5,'2017-07-22 10:55:41.382000','out'),(1571,69,8,'2017-07-22 15:47:37.111000','out'),(1572,307,6,'2017-07-22 10:55:59.872000','out'),(1573,69,9,'2017-01-11 08:38:59.650000','out'),(1574,307,7,'2017-07-22 10:56:03.362000','out'),(1575,69,10,'2017-06-09 07:11:24.150000','out'),(1576,307,8,'2017-07-22 10:51:55.994000','out'),(1577,69,11,'2017-07-22 13:20:59.502000','out'),(1578,307,9,'2017-01-11 08:38:59.657000','out'),(1579,69,12,'2017-07-22 15:51:13.017000','out'),(1580,307,10,'2017-07-22 11:44:22.659000','out'),(1581,69,13,'2017-01-11 08:38:59.650000','out'),(1582,307,11,'2017-07-22 10:55:41.382000','out'),(1583,69,14,'2017-07-22 15:46:50.916000','out'),(1584,307,12,'2017-06-19 19:49:11.610000','out'),(1585,69,15,'2017-07-22 15:46:24.702000','out'),(1586,307,13,'2017-01-11 08:38:59.657000','out'),(1587,69,16,'2017-07-22 15:46:17.228000','out'),(1588,307,14,'2017-07-22 13:09:19.155000','out'),(1589,69,17,'2017-07-22 14:33:21.149000','out'),(1590,307,15,'2017-07-22 13:10:14.070000','out'),(1591,69,18,'2017-07-22 15:27:11.309000','out'),(1592,307,16,'2017-07-22 12:52:31.543000','out'),(1593,69,19,'2017-07-22 14:34:19.127000','out'),(1594,307,17,'2017-07-22 11:44:03.974000','out'),(1595,307,18,'2017-07-22 13:10:40.922000','out'),(1596,307,19,'2017-07-22 12:13:21.716000','out'),(1597,241,1,'2017-07-22 17:45:09.447000','out'),(1598,241,2,'2017-07-22 17:45:36.311000','out'),(1599,241,3,'2017-07-22 17:44:21.648000','out'),(1600,241,4,'2017-01-11 08:38:59.712000','out'),(1601,241,5,'2017-07-25 16:04:12.204000','out'),(1602,241,6,'2017-07-22 17:45:09.011000','out'),(1603,241,7,'2017-07-22 17:45:36.311000','out'),(1604,241,8,'2017-07-22 17:43:52.091000','out'),(1605,241,9,'2017-01-11 08:38:59.712000','out'),(1606,241,10,'2017-07-22 15:13:12.590000','out'),(1607,241,11,'2017-07-25 16:04:13.686000','out'),(1608,241,12,'2017-07-21 16:07:08.641000','out'),(1609,241,13,'2017-01-11 08:38:59.712000','out'),(1610,241,14,'2017-07-25 16:54:55.708000','out'),(1611,241,15,'2017-07-25 16:55:00.399000','out'),(1612,241,16,'2017-07-26 06:37:34.489000','out'),(1613,241,17,'2017-07-25 16:02:55.997000','out'),(1614,241,18,'2017-07-26 06:37:41.489000','out'),(1615,241,19,'2017-07-25 15:44:57.607000','out'),(1616,64,1,'2017-07-25 16:25:02.601000','out'),(1617,64,2,'2017-07-25 16:24:57.839000','out'),(1618,64,3,'2017-07-22 16:50:37.451000','out'),(1619,64,4,'2017-01-11 08:38:59.755000','out'),(1620,64,5,'2017-07-25 16:25:08.113000','out'),(1621,64,6,'2017-07-25 16:25:02.601000','out'),(1622,64,7,'2017-07-25 16:24:57.839000','out'),(1623,64,8,'2017-07-22 16:50:37.451000','out'),(1624,64,9,'2017-01-11 08:38:59.755000','out'),(1625,64,10,'2017-07-25 16:02:35.019000','out'),(1626,64,11,'2017-07-25 16:25:08.113000','out'),(1627,64,12,'2017-07-24 15:09:46.943000','out'),(1628,64,13,'2017-01-11 08:38:59.755000','out'),(1629,64,14,'2017-07-24 14:09:37.793000','out'),(1630,64,15,'2017-07-25 16:00:13.351000','out'),(1631,64,16,'2017-07-25 16:24:06.758000','out'),(1632,64,17,'2017-07-25 15:31:00.768000','out'),(1633,64,18,'2017-07-25 16:24:21.053000','out'),(1634,64,19,'2017-07-25 15:01:38.869000','out'),(1635,272,1,'2017-07-21 09:07:56.533000','out'),(1636,272,2,'2017-07-21 10:43:29.114000','out'),(1637,272,3,'2017-07-20 11:48:36.770000','out'),(1638,272,4,'2017-01-11 08:38:59.842000','out'),(1639,272,5,'2017-07-22 09:28:42.168000','out'),(1640,272,6,'2017-07-21 09:07:56.533000','out'),(1641,272,7,'2017-07-21 10:43:29.114000','out'),(1642,272,8,'2017-07-08 11:35:21.380000','out'),(1643,272,9,'2017-01-11 08:38:59.842000','out'),(1644,272,10,'2017-07-22 09:28:37.933000','out'),(1645,272,11,'2017-07-22 09:28:42.168000','out'),(1646,272,12,'2017-07-18 07:37:29.379000','out'),(1647,272,13,'2017-01-11 08:38:59.842000','out'),(1648,272,14,'2017-07-22 09:27:40.113000','out'),(1649,272,15,'2017-07-22 09:27:51.345000','out'),(1650,272,16,'2017-07-21 09:41:44.756000','out'),(1651,272,17,'2017-07-24 08:27:49.274000','out'),(1652,272,18,'2017-07-24 08:30:07.402000','out'),(1653,272,19,'2017-07-24 08:30:04.153000','out'),(1654,314,1,'2017-06-02 16:46:33.578000','out'),(1655,314,2,'2017-06-02 15:10:17.848000','out'),(1656,314,3,'2017-06-02 14:43:11.976000','out'),(1657,314,4,'2017-01-11 08:38:59.933000','out'),(1658,314,5,'2017-06-03 08:23:26.759000','out'),(1659,314,6,'2017-06-02 14:42:34.631000','out'),(1660,314,7,'2017-06-02 15:10:17.848000','out'),(1661,314,8,'2017-06-02 14:43:11.976000','out'),(1662,314,9,'2017-01-11 08:38:59.933000','out'),(1663,314,10,'2017-06-03 08:25:35.410000','out'),(1664,314,11,'2017-06-03 08:23:26.759000','out'),(1665,314,12,'2017-05-23 14:14:51.550000','out'),(1666,314,13,'2017-01-11 08:38:59.933000','out'),(1667,314,14,'2017-06-02 16:47:19.093000','out'),(1668,314,15,'2017-06-03 08:21:01.931000','out'),(1669,314,16,'2017-06-03 08:19:13.039000','out'),(1670,314,17,'2017-06-03 08:21:47.174000','out'),(1671,314,18,'2017-06-03 08:21:43.242000','out'),(1672,314,19,'2017-06-02 16:45:16.008000','out'),(1673,304,1,'2017-02-08 15:42:11.960000','out'),(1674,55,1,'2017-07-22 15:26:57.449000','out'),(1675,304,2,'2017-02-10 09:44:09.550000','out'),(1676,55,2,'2017-07-22 15:26:11.911000','out'),(1677,304,3,'2017-01-23 19:30:13.524000','out'),(1678,55,3,'2017-07-21 08:58:59.417000','out'),(1679,304,4,'2017-01-11 08:39:00.011000','out'),(1680,55,4,'2017-01-11 08:39:00.014000','out'),(1681,304,5,'2017-02-08 15:43:28.988000','out'),(1682,55,5,'2017-07-22 14:49:22.402000','out'),(1683,304,6,'2017-02-08 15:42:11.960000','out'),(1684,55,6,'2017-07-22 15:26:57.449000','out'),(1685,304,7,'2017-02-10 09:44:09.550000','out'),(1686,55,7,'2017-07-22 15:26:11.911000','out'),(1687,304,8,'2017-01-11 08:39:00.011000','out'),(1688,55,8,'2017-07-21 08:58:59.417000','out'),(1689,304,9,'2017-01-11 08:39:00.011000','out'),(1690,55,9,'2017-01-11 08:39:00.014000','out'),(1691,304,10,'2017-02-10 10:03:58.699000','out'),(1692,55,10,'2017-07-22 14:49:33.291000','out'),(1693,304,11,'2017-02-08 15:43:28.988000','out'),(1694,55,11,'2017-07-22 14:49:22.402000','out'),(1695,304,12,'2017-01-11 08:39:00.011000','out'),(1696,55,12,'2017-07-22 11:55:00.618000','out'),(1697,304,13,'2017-01-11 08:39:00.011000','out'),(1698,55,13,'2017-01-11 08:39:00.014000','out'),(1699,304,14,'2017-02-10 09:44:18.636000','out'),(1700,55,14,'2017-07-22 15:24:42.974000','out'),(1701,304,15,'2017-02-10 13:53:42.260000','out'),(1702,55,15,'2017-07-22 15:24:53.799000','out'),(1703,304,16,'2017-02-10 13:53:38.227000','out'),(1704,55,16,'2017-07-22 14:48:37.089000','out'),(1705,304,17,'2017-02-10 10:56:27.908000','out'),(1706,55,17,'2017-07-22 15:30:59.052000','out'),(1707,304,18,'2017-02-10 13:53:50.885000','out'),(1708,55,18,'2017-07-22 14:50:17.482000','out'),(1709,304,19,'2017-02-10 09:26:48.059000','out'),(1710,55,19,'2017-07-22 14:11:29.157000','out'),(1711,46,1,'2017-06-02 17:41:32.229000','out'),(1712,46,2,'2017-06-02 17:41:36.774000','out'),(1713,46,3,'2017-05-30 16:06:21.255000','out'),(1714,46,4,'2017-01-11 08:39:00.037000','out'),(1715,46,5,'2017-06-02 18:19:06.426000','out'),(1716,46,6,'2017-06-02 17:41:32.229000','out'),(1717,46,7,'2017-06-02 17:41:36.774000','out'),(1718,46,8,'2017-05-30 16:06:21.255000','out'),(1719,46,9,'2017-01-11 08:39:00.037000','out'),(1720,46,10,'2017-06-01 10:56:54.316000','out'),(1721,46,11,'2017-06-02 18:19:06.426000','out'),(1722,46,12,'2017-05-31 08:19:11.876000','out'),(1723,46,13,'2017-01-11 08:39:00.037000','out'),(1724,46,14,'2017-06-02 17:42:57.793000','out'),(1725,46,15,'2017-06-02 18:35:15.803000','out'),(1726,46,16,'2017-06-02 16:46:23.860000','out'),(1727,46,17,'2017-06-02 18:18:20.651000','out'),(1728,46,18,'2017-06-02 18:35:37.840000','out'),(1729,46,19,'2017-06-02 18:18:09.745000','out'),(1730,67,1,'2017-04-22 10:00:46.925000','out'),(1731,67,2,'2017-04-22 10:00:42.028000','out'),(1732,67,3,'2017-04-12 17:33:14.916000','out'),(1733,67,4,'2017-01-11 08:39:00.072000','out'),(1734,67,5,'2017-04-22 09:41:21.707000','out'),(1735,67,6,'2017-04-22 10:00:46.925000','out'),(1736,67,7,'2017-04-22 10:00:42.028000','out'),(1737,67,8,'2017-04-11 08:30:51.984000','out'),(1738,67,9,'2017-01-11 08:39:00.072000','out'),(1739,67,10,'2017-04-15 15:33:36.449000','out'),(1740,67,11,'2017-04-22 09:41:21.707000','out'),(1741,67,12,'2017-04-22 10:01:24.560000','out'),(1742,67,13,'2017-01-11 08:39:00.072000','out'),(1743,67,14,'2017-04-22 09:40:32.992000','out'),(1744,67,15,'2017-04-22 09:40:26.927000','out'),(1745,67,16,'2017-04-22 09:40:23.706000','out'),(1746,67,17,'2017-04-18 15:12:57.646000','out'),(1747,67,18,'2017-04-22 09:22:20.941000','out'),(1748,67,19,'2017-04-22 09:22:07.522000','out'),(1749,153,1,'2017-07-25 18:23:58.826000','out'),(1750,153,2,'2017-07-25 18:23:56.910000','out'),(1751,153,3,'2017-07-25 18:24:15.110000','out'),(1752,153,4,'2017-01-11 08:39:00.118000','out'),(1753,153,5,'2017-07-25 18:26:21.593000','out'),(1754,153,6,'2017-07-25 18:23:58.826000','out'),(1755,153,7,'2017-07-25 18:23:56.910000','out'),(1756,153,8,'2017-07-25 18:24:15.110000','out'),(1757,153,9,'2017-01-11 08:39:00.118000','out'),(1758,153,10,'2017-07-25 15:57:25.538000','out'),(1759,153,11,'2017-07-25 18:26:21.593000','out'),(1760,153,12,'2017-07-22 10:27:19.377000','out'),(1761,153,13,'2017-01-11 08:39:00.118000','out'),(1762,153,14,'2017-07-25 18:23:52.079000','out'),(1763,153,15,'2017-07-25 18:22:44.300000','out'),(1764,153,16,'2017-07-25 18:22:39.110000','out'),(1765,153,17,'2017-07-25 15:57:29.666000','out'),(1766,153,18,'2017-07-25 17:48:17.652000','out'),(1767,153,19,'2017-07-25 16:54:32.830000','out'),(1768,60,1,'2017-07-25 14:22:13.969000','out'),(1769,60,2,'2017-07-24 07:51:41.590000','out'),(1770,60,3,'2017-07-20 17:11:15.704000','out'),(1771,60,4,'2017-01-11 08:39:00.145000','out'),(1772,60,5,'2017-07-25 14:22:55.608000','out'),(1773,60,6,'2017-07-25 14:22:13.969000','out'),(1774,60,7,'2017-07-24 07:51:41.590000','out'),(1775,60,8,'2017-07-20 17:11:15.704000','out'),(1776,60,9,'2017-01-11 08:39:00.145000','out'),(1777,60,10,'2017-07-24 13:27:35.014000','out'),(1778,60,11,'2017-07-25 14:22:55.608000','out'),(1779,60,12,'2017-07-20 11:27:16.038000','out'),(1780,60,13,'2017-01-11 08:39:00.145000','out'),(1781,60,14,'2017-07-24 13:25:59.963000','out'),(1782,60,15,'2017-07-24 07:51:56.108000','out'),(1783,60,16,'2017-07-25 14:21:57.516000','out'),(1784,60,17,'2017-07-25 12:48:25.135000','out'),(1785,60,18,'2017-07-24 13:29:32.631000','out'),(1786,60,19,'2017-07-25 12:48:19.110000','out'),(1787,303,1,'2017-07-22 10:23:16.975000','out'),(1788,303,2,'2017-07-14 14:50:12.852000','out'),(1789,303,3,'2017-07-15 09:39:12.102000','out'),(1790,303,4,'2017-01-11 08:39:00.214000','out'),(1791,303,5,'2017-07-22 14:22:02.257000','out'),(1792,303,6,'2017-07-22 10:23:16.975000','out'),(1793,303,7,'2017-07-14 14:50:12.852000','out'),(1794,303,8,'2017-07-15 09:39:12.102000','out'),(1795,303,9,'2017-01-11 08:39:00.214000','out'),(1796,303,10,'2017-07-22 14:21:52.357000','out'),(1797,303,11,'2017-07-22 14:22:02.257000','out'),(1798,303,12,'2017-07-22 14:22:06.440000','out'),(1799,303,13,'2017-01-11 08:39:00.214000','out'),(1800,303,14,'2017-07-22 14:21:37.012000','out'),(1801,303,15,'2017-07-22 15:20:00.521000','out'),(1802,303,16,'2017-07-25 10:39:41.131000','out'),(1803,303,17,'2017-07-25 10:39:54.038000','out'),(1804,303,18,'2017-07-25 10:39:47.355000','out'),(1805,303,19,'2017-07-25 10:05:59.965000','out'),(1806,187,1,'2017-07-22 12:32:18.287000','out'),(1807,187,2,'2017-07-22 12:32:10.870000','out'),(1808,187,3,'2017-07-15 13:51:21.115000','out'),(1809,187,4,'2017-01-11 08:39:00.237000','out'),(1810,187,5,'2017-07-22 12:33:50.286000','out'),(1811,187,6,'2017-07-22 12:32:18.287000','out'),(1812,187,7,'2017-07-22 12:32:10.870000','out'),(1813,187,8,'2017-07-15 13:51:21.115000','out'),(1814,187,9,'2017-01-11 08:39:00.237000','out'),(1815,187,10,'2017-07-22 07:45:50.286000','out'),(1816,187,11,'2017-07-22 12:33:50.286000','out'),(1817,187,12,'2017-07-19 08:12:59.984000','out'),(1818,187,13,'2017-01-11 08:39:00.237000','out'),(1819,187,14,'2017-07-22 12:31:02.973000','out'),(1820,187,15,'2017-07-22 12:30:56.905000','out'),(1821,187,16,'2017-07-22 12:56:31.519000','out'),(1822,187,17,'2017-07-22 13:13:53.397000','out'),(1823,343,1,'2017-05-30 09:07:57.996000','out'),(1824,187,18,'2017-07-22 13:13:33.403000','out'),(1825,187,19,'2017-07-22 13:13:29.099000','out'),(1826,343,2,'2017-05-30 09:08:00.356000','out'),(1827,343,3,'2017-05-29 07:25:48.461000','out'),(1828,263,1,'2017-07-22 08:43:57.884000','out'),(1829,263,2,'2017-07-15 11:52:44.431000','out'),(1830,343,4,'2017-01-11 08:39:00.238000','out'),(1831,263,3,'2017-07-22 08:43:39.677000','out'),(1832,263,4,'2017-01-11 08:39:00.243000','out'),(1833,343,5,'2017-05-30 09:06:59.570000','out'),(1834,263,5,'2017-07-22 08:45:00.027000','out'),(1835,343,6,'2017-05-30 09:07:57.996000','out'),(1836,263,6,'2017-07-22 08:43:57.884000','out'),(1837,343,7,'2017-05-30 09:08:00.356000','out'),(1838,263,7,'2017-07-15 11:52:44.431000','out'),(1839,343,8,'2017-05-29 07:25:48.461000','out'),(1840,263,8,'2017-04-20 09:53:48.770000','out'),(1841,343,9,'2017-01-11 08:39:00.238000','out'),(1842,263,9,'2017-01-11 08:39:00.243000','out'),(1843,343,10,'2017-06-03 09:46:56.805000','out'),(1844,263,10,'2017-07-22 08:44:55.579000','out'),(1845,343,11,'2017-05-30 09:06:59.570000','out'),(1846,263,11,'2017-07-22 08:45:00.027000','out'),(1847,343,12,'2017-05-16 10:05:46.555000','out'),(1848,263,12,'2017-07-05 15:49:19.623000','out'),(1849,343,13,'2017-01-11 08:39:00.238000','out'),(1850,263,13,'2017-01-11 08:39:00.243000','out'),(1851,343,14,'2017-05-30 09:08:02.973000','out'),(1852,263,14,'2017-07-22 08:41:47.934000','out'),(1853,343,15,'2017-06-03 09:31:48.312000','out'),(1854,263,15,'2017-07-22 08:41:50.929000','out'),(1855,343,16,'2017-06-03 09:30:43.911000','out'),(1856,263,16,'2017-07-22 09:04:09.981000','out'),(1857,343,17,'2017-06-03 09:47:35.611000','out'),(1858,263,17,'2017-07-22 09:04:40.095000','out'),(1859,343,18,'2017-06-03 09:45:56.371000','out'),(1860,263,18,'2017-07-22 09:04:17.491000','out'),(1861,343,19,'2017-06-03 08:41:03.507000','out'),(1862,263,19,'2017-07-22 10:30:59.302000','out'),(1863,312,1,'2017-07-22 08:36:17.376000','out'),(1864,312,2,'2017-07-21 14:50:22.097000','out'),(1865,312,3,'2017-07-22 08:36:09.031000','out'),(1866,312,4,'2017-01-11 08:39:00.245000','out'),(1867,312,5,'2017-07-22 12:36:55.560000','out'),(1868,312,6,'2017-07-22 08:36:17.376000','out'),(1869,312,7,'2017-07-21 14:50:22.097000','out'),(1870,312,8,'2017-07-22 08:36:08.128000','out'),(1871,312,9,'2017-01-11 08:39:00.245000','out'),(1872,312,10,'2017-07-22 12:36:50.833000','out'),(1873,312,11,'2017-07-22 12:36:55.560000','out'),(1874,312,12,'2017-07-15 09:06:13.916000','out'),(1875,312,13,'2017-01-11 08:39:00.245000','out'),(1876,312,14,'2017-07-22 11:24:57.669000','out'),(1877,312,15,'2017-07-22 11:24:33.954000','out'),(1878,312,16,'2017-07-22 12:51:16.352000','out'),(1879,312,17,'2017-07-22 13:09:08.700000','out'),(1880,312,18,'2017-07-22 13:07:14.931000','out'),(1881,312,19,'2017-07-22 13:07:05.316000','out'),(1882,251,1,'2017-07-22 10:30:59.689000','out'),(1883,251,2,'2017-07-22 10:30:57.031000','out'),(1884,251,3,'2017-07-22 10:30:11.001000','out'),(1885,251,4,'2017-01-11 08:39:00.413000','out'),(1886,251,5,'2017-07-22 10:31:53.733000','out'),(1887,251,6,'2017-07-22 10:30:59.689000','out'),(1888,251,7,'2017-07-22 10:30:57.031000','out'),(1889,251,8,'2017-07-22 10:30:11.001000','out'),(1890,251,9,'2017-01-11 08:39:00.413000','out'),(1891,251,10,'2017-07-22 10:32:29.925000','out'),(1892,251,11,'2017-07-22 10:31:53.733000','out'),(1893,251,12,'2017-07-14 16:05:45.483000','out'),(1894,251,13,'2017-01-11 08:39:00.413000','out'),(1895,251,14,'2017-07-22 10:29:43.038000','out'),(1896,251,15,'2017-07-22 10:10:49.912000','out'),(1897,251,16,'2017-07-22 10:10:46.816000','out'),(1898,251,17,'2017-07-22 10:32:45.560000','out'),(1899,251,18,'2017-07-22 10:32:42.628000','out'),(1900,251,19,'2017-07-22 09:30:42.812000','out'),(1901,52,1,'2017-07-22 16:05:30.249000','out'),(1902,52,2,'2017-07-22 16:05:28.557000','out'),(1903,52,3,'2017-07-15 11:16:37.034000','out'),(1904,52,4,'2017-01-11 08:39:00.476000','out'),(1905,52,5,'2017-07-25 09:42:01.796000','out'),(1906,52,6,'2017-07-22 16:05:30.249000','out'),(1907,52,7,'2017-07-22 16:05:28.557000','out'),(1908,52,8,'2017-07-15 11:16:06.018000','out'),(1909,52,9,'2017-01-11 08:39:00.476000','out'),(1910,52,10,'2017-07-25 09:42:28.613000','out'),(1911,52,11,'2017-07-25 09:42:01.796000','out'),(1912,52,12,'2017-07-18 16:36:27.376000','out'),(1913,52,13,'2017-01-11 08:39:00.476000','out'),(1914,52,14,'2017-07-22 16:05:24.154000','out'),(1915,52,15,'2017-07-22 16:04:48.727000','out'),(1916,52,16,'2017-07-22 16:04:43.091000','out'),(1917,52,17,'2017-07-25 13:00:26.038000','out'),(1918,52,18,'2017-07-25 12:59:59.894000','out'),(1919,52,19,'2017-07-25 12:59:52.459000','out'),(1920,294,1,'2017-07-15 07:14:55.923000','out'),(1921,294,2,'2017-07-15 07:14:16.348000','out'),(1922,68,1,'2017-04-21 08:30:50.437000','out'),(1923,294,3,'2017-07-14 13:18:21.627000','out'),(1924,68,2,'2017-04-21 09:29:51.897000','out'),(1925,294,4,'2017-01-11 08:39:00.552000','out'),(1926,68,3,'2017-03-17 18:02:30.710000','out'),(1927,294,5,'2017-07-17 14:52:29.205000','out'),(1928,68,4,'2017-01-11 08:39:00.548000','out'),(1929,294,6,'2017-07-15 07:14:55.923000','out'),(1930,68,5,'2017-04-20 12:08:01.841000','out'),(1931,294,7,'2017-07-15 07:14:16.348000','out'),(1932,68,6,'2017-04-21 08:30:50.437000','out'),(1933,294,8,'2017-07-04 14:46:40.872000','out'),(1934,68,7,'2017-04-21 09:30:14.050000','out'),(1935,294,9,'2017-01-11 08:39:00.552000','out'),(1936,68,8,'2017-03-17 18:02:30.710000','out'),(1937,294,10,'2017-07-13 11:46:02.455000','out'),(1938,68,9,'2017-01-11 08:39:00.548000','out'),(1939,294,11,'2017-07-17 14:52:29.205000','out'),(1940,68,10,'2017-04-21 08:31:15.436000','out'),(1941,294,12,'2017-07-11 11:02:21.889000','out'),(1942,68,11,'2017-04-20 12:08:01.841000','out'),(1943,294,13,'2017-01-11 08:39:00.552000','out'),(1944,68,12,'2017-04-13 06:18:42.690000','out'),(1945,294,14,'2017-07-17 14:56:43.556000','out'),(1946,68,13,'2017-01-11 08:39:00.548000','out'),(1947,294,15,'2017-07-17 14:56:18.747000','out'),(1948,68,14,'2017-04-21 09:30:25.765000','out'),(1949,294,16,'2017-07-17 14:55:32.954000','out'),(1950,68,15,'2017-04-21 09:30:26.863000','out'),(1951,294,17,'2017-07-17 14:52:19.625000','out'),(1952,68,16,'2017-04-21 08:29:03.585000','out'),(1953,294,18,'2017-07-17 14:57:00.521000','out'),(1954,68,17,'2017-04-21 09:06:50.852000','out'),(1955,294,19,'2017-07-15 09:59:23.938000','out'),(1956,68,18,'2017-04-21 09:06:47.853000','out'),(1957,68,19,'2017-04-21 09:31:42.892000','out'),(1958,297,1,'2017-07-25 08:21:44.246000','out'),(1959,297,2,'2017-07-25 08:21:39.631000','out'),(1960,297,3,'2017-07-22 17:14:57.040000','out'),(1961,297,4,'2017-01-11 08:39:00.578000','out'),(1962,297,5,'2017-07-25 08:22:15.436000','out'),(1963,297,6,'2017-07-25 08:21:44.246000','out'),(1964,297,7,'2017-07-25 08:21:39.631000','out'),(1965,297,8,'2017-07-22 17:14:57.040000','out'),(1966,297,9,'2017-01-11 08:39:00.578000','out'),(1967,297,10,'2017-07-24 16:41:03.534000','out'),(1968,300,1,'2017-07-25 15:51:29.521000','out'),(1969,297,11,'2017-07-25 08:22:15.436000','out'),(1970,297,12,'2017-07-24 16:42:17.127000','out'),(1971,300,2,'2017-07-25 15:51:26.348000','out'),(1972,300,3,'2017-07-25 15:15:37.852000','out'),(1973,297,13,'2017-01-11 08:39:00.578000','out'),(1974,300,4,'2017-01-11 08:39:00.577000','out'),(1975,297,14,'2017-07-25 08:21:36.665000','out'),(1976,300,5,'2017-07-22 16:56:12.996000','out'),(1977,297,15,'2017-07-25 08:21:34.439000','out'),(1978,300,6,'2017-07-25 15:51:29.521000','out'),(1979,297,16,'2017-07-24 18:19:21.465000','out'),(1980,300,7,'2017-07-25 15:51:26.348000','out'),(1981,297,17,'2017-07-24 14:55:10.788000','out'),(1982,300,8,'2017-07-22 10:08:27.727000','out'),(1983,297,18,'2017-07-25 08:01:37.969000','out'),(1984,300,9,'2017-01-11 08:39:00.577000','out'),(1985,297,19,'2017-07-24 16:13:51.164000','out'),(1986,300,10,'2017-07-22 16:55:18.102000','out'),(1987,300,11,'2017-07-22 16:56:12.996000','out'),(1988,300,12,'2017-07-25 15:52:02.594000','out'),(1989,300,13,'2017-01-11 08:39:00.577000','out'),(1990,300,14,'2017-07-25 19:02:11.083000','out'),(1991,300,15,'2017-07-25 19:22:34.684000','out'),(1992,300,16,'2017-07-25 19:02:02.678000','out'),(1993,300,17,'2017-07-25 17:21:49.547000','out'),(1994,300,18,'2017-07-25 19:22:55.369000','out'),(1995,300,19,'2017-07-22 17:29:01.769000','out'),(1996,329,1,'2017-07-25 16:49:03.398000','out'),(1997,329,2,'2017-07-25 16:48:57.338000','out'),(1998,329,3,'2017-07-24 14:44:28.913000','out'),(1999,329,4,'2017-01-11 08:39:00.634000','out'),(2000,329,5,'2017-07-24 14:45:18.753000','out'),(2001,329,6,'2017-07-25 16:49:03.398000','out'),(2002,329,7,'2017-07-25 16:48:57.338000','out'),(2003,329,8,'2017-07-24 14:44:28.913000','out'),(2004,329,9,'2017-01-11 08:39:00.634000','out'),(2005,329,10,'2017-07-25 16:49:17.902000','out'),(2006,329,11,'2017-07-24 14:45:18.753000','out'),(2007,329,12,'2017-06-14 13:09:57.086000','out'),(2008,329,13,'2017-01-11 08:39:00.634000','out'),(2009,329,14,'2017-07-25 16:48:46.950000','out'),(2010,329,15,'2017-07-26 06:33:43.572000','out'),(2011,329,16,'2017-07-26 06:33:26.079000','out'),(2012,329,17,'2017-07-25 16:49:35.678000','out'),(2013,329,18,'2017-07-26 06:35:07.658000','out'),(2014,329,19,'2017-07-26 05:41:41.541000','out'),(2015,279,1,'2017-07-24 15:45:01.247000','out'),(2016,279,2,'2017-07-22 17:10:39.395000','out'),(2017,279,3,'2017-07-22 13:54:10.638000','out'),(2018,279,4,'2017-01-11 08:39:00.686000','out'),(2019,279,5,'2017-07-24 15:45:31.890000','out'),(2020,279,6,'2017-07-24 15:45:01.247000','out'),(2021,279,7,'2017-07-22 17:10:39.395000','out'),(2022,279,8,'2017-07-22 13:54:10.638000','out'),(2023,279,9,'2017-01-11 08:39:00.686000','out'),(2024,279,10,'2017-07-24 15:45:50.237000','out'),(2025,279,11,'2017-07-24 15:45:31.890000','out'),(2026,279,12,'2017-07-22 15:56:57.837000','out'),(2027,279,13,'2017-01-11 08:39:00.686000','out'),(2028,279,14,'2017-07-22 17:38:32.807000','out'),(2029,279,15,'2017-07-24 15:44:52.046000','out'),(2030,279,16,'2017-07-24 15:44:19.714000','out'),(2031,279,17,'2017-07-24 15:44:57.025000','out'),(2032,279,18,'2017-07-24 15:28:14.144000','out'),(2033,279,19,'2017-07-22 18:53:23.443000','out'),(2034,66,1,'2017-07-25 16:51:31.232000','out'),(2035,66,2,'2017-07-25 15:16:55.457000','out'),(2036,66,3,'2017-07-25 16:51:36.359000','out'),(2037,66,4,'2017-01-11 08:39:00.768000','out'),(2038,66,5,'2017-07-25 16:52:25.949000','out'),(2039,66,6,'2017-07-25 16:51:31.232000','out'),(2040,66,7,'2017-07-25 15:16:55.457000','out'),(2041,66,8,'2017-07-25 15:01:59.803000','out'),(2042,66,9,'2017-01-11 08:39:00.768000','out'),(2043,66,10,'2017-07-25 16:29:21.202000','out'),(2044,66,11,'2017-07-25 16:52:25.949000','out'),(2045,66,12,'2017-06-29 17:32:46.837000','out'),(2046,66,13,'2017-01-11 08:39:00.768000','out'),(2047,66,14,'2017-07-25 16:50:45.341000','out'),(2048,66,15,'2017-07-25 16:50:35.749000','out'),(2049,66,16,'2017-07-25 15:56:52.168000','out'),(2050,66,17,'2017-07-25 16:29:39.128000','out'),(2051,66,18,'2017-07-25 16:29:31.870000','out'),(2052,66,19,'2017-07-25 16:28:02.970000','out'),(2053,292,1,'2017-07-25 12:28:52.495000','out'),(2054,292,2,'2017-07-25 12:32:30.684000','out'),(2055,292,3,'2017-07-15 10:34:16.735000','out'),(2056,292,4,'2017-01-11 08:39:00.799000','out'),(2057,292,5,'2017-07-25 12:32:47.918000','out'),(2058,292,6,'2017-07-25 12:28:52.495000','out'),(2059,292,7,'2017-07-25 12:32:30.684000','out'),(2060,292,8,'2017-07-15 10:34:16.735000','out'),(2061,292,9,'2017-01-11 08:39:00.799000','out'),(2062,292,10,'2017-07-25 12:32:53.975000','out'),(2063,292,11,'2017-07-25 12:32:47.918000','out'),(2064,292,12,'2017-07-24 14:26:45.358000','out'),(2065,292,13,'2017-01-11 08:39:00.799000','out'),(2066,292,14,'2017-07-25 12:31:23.031000','out'),(2067,292,15,'2017-07-25 12:01:55.261000','out'),(2068,292,16,'2017-07-25 12:01:39.598000','out'),(2069,292,17,'2017-07-25 12:28:11.310000','out'),(2070,292,18,'2017-07-25 12:06:30.125000','out'),(2071,292,19,'2017-07-25 12:28:04.692000','out'),(2072,194,1,'2017-07-25 13:44:31.555000','out'),(2073,194,2,'2017-07-24 09:01:33.057000','out'),(2074,194,3,'2017-07-25 13:44:46.126000','out'),(2075,194,4,'2017-01-11 08:39:00.826000','out'),(2076,194,5,'2017-07-25 12:55:43.407000','out'),(2077,194,6,'2017-07-25 13:44:48.150000','out'),(2078,194,7,'2017-07-24 09:01:33.057000','out'),(2079,194,8,'2017-07-25 13:44:46.126000','out'),(2080,194,9,'2017-01-11 08:39:00.826000','out'),(2081,194,10,'2017-07-25 12:55:36.049000','out'),(2082,194,11,'2017-07-25 12:55:43.407000','out'),(2083,194,12,'2017-07-24 13:37:26.374000','out'),(2084,194,13,'2017-01-11 08:39:00.826000','out'),(2085,194,14,'2017-07-25 13:43:47.446000','out'),(2086,194,15,'2017-07-25 14:08:52.597000','out'),(2087,194,16,'2017-07-26 07:02:00.161000','out'),(2088,194,17,'2017-07-26 07:04:34.801000','out'),(2089,194,18,'2017-07-26 07:04:10.577000','out'),(2090,194,19,'2017-07-25 09:06:20.885000','out'),(2091,56,1,'2017-07-25 08:51:27.944000','out'),(2092,56,2,'2017-07-24 12:28:17.663000','out'),(2093,56,3,'2017-07-24 10:08:35.497000','out'),(2094,56,4,'2017-01-11 08:39:00.911000','out'),(2095,56,5,'2017-07-25 08:53:22.103000','out'),(2096,56,6,'2017-07-25 08:51:27.944000','out'),(2097,56,7,'2017-07-24 12:28:17.663000','out'),(2098,56,8,'2017-07-24 10:08:35.497000','out'),(2099,56,9,'2017-01-11 08:39:00.911000','out'),(2100,56,10,'2017-07-25 08:51:03.068000','out'),(2101,56,11,'2017-07-25 08:53:22.103000','out'),(2102,56,12,'2017-07-25 08:52:11.989000','out'),(2103,56,13,'2017-01-11 08:39:00.911000','out'),(2104,56,14,'2017-07-24 12:28:12.423000','out'),(2105,56,15,'2017-07-24 12:56:29.352000','out'),(2106,56,16,'2017-07-24 12:56:13.055000','out'),(2107,56,17,'2017-07-25 08:50:59.590000','out'),(2108,56,18,'2017-07-25 08:50:22.655000','out'),(2109,56,19,'2017-07-25 08:50:15.519000','out'),(2110,147,1,'2017-01-11 09:32:47.048000','out'),(2111,147,2,'2017-01-11 09:32:45.307000','out'),(2112,147,3,'2017-01-11 08:39:00.918000','out'),(2113,147,4,'2017-01-11 08:39:00.918000','out'),(2114,147,5,'2017-01-11 10:04:39.049000','out'),(2115,147,6,'2017-01-11 09:32:47.048000','out'),(2116,147,7,'2017-01-11 09:32:45.307000','out'),(2117,147,8,'2017-01-11 08:39:00.918000','out'),(2118,147,9,'2017-01-11 08:39:00.918000','out'),(2119,147,10,'2017-01-11 09:32:26.545000','out'),(2120,147,11,'2017-01-11 10:04:39.049000','out'),(2121,147,12,'2017-01-11 08:39:00.918000','out'),(2122,147,13,'2017-01-11 08:39:00.918000','out'),(2123,147,14,'2017-01-11 09:55:00.104000','out'),(2124,147,15,'2017-01-11 12:21:08.499000','out'),(2125,147,16,'2017-01-11 09:18:49.806000','out'),(2126,147,17,'2017-01-11 12:21:27.584000','out'),(2127,147,18,'2017-01-11 12:21:18.173000','out'),(2128,147,19,'2017-01-11 08:39:00.918000','out'),(2129,325,1,'2017-07-25 16:21:55.882000','out'),(2130,325,2,'2017-07-25 16:21:47.550000','out'),(2131,325,3,'2017-07-21 16:26:53.455000','out'),(2132,325,4,'2017-01-11 08:39:00.987000','out'),(2133,325,5,'2017-07-25 16:22:00.086000','out'),(2134,325,6,'2017-07-25 16:21:55.882000','out'),(2135,325,7,'2017-07-25 16:21:47.550000','out'),(2136,325,8,'2017-07-21 16:26:53.455000','out'),(2137,325,9,'2017-01-11 08:39:00.987000','out'),(2138,325,10,'2017-07-25 13:25:25.940000','out'),(2139,325,11,'2017-07-25 13:27:46.397000','out'),(2140,325,12,'2017-07-25 13:26:24.181000','out'),(2141,325,13,'2017-01-11 08:39:00.987000','out'),(2142,325,14,'2017-07-25 16:23:51.475000','out'),(2143,325,15,'2017-07-25 16:23:04.019000','out'),(2144,325,16,'2017-07-25 16:22:55.754000','out'),(2145,325,17,'2017-07-25 14:19:33.491000','out'),(2146,325,18,'2017-07-25 16:24:06.206000','out'),(2147,325,19,'2017-07-25 09:59:29.876000','out'),(2148,323,1,'2017-06-23 17:27:26.600000','out'),(2149,323,2,'2017-06-24 09:11:06.641000','out'),(2150,323,3,'2017-06-21 18:01:31.810000','out'),(2151,323,4,'2017-01-11 08:39:01.014000','out'),(2152,323,5,'2017-06-24 16:37:30.156000','out'),(2153,323,6,'2017-06-23 17:27:26.600000','out'),(2154,323,7,'2017-06-24 09:11:06.641000','out'),(2155,323,8,'2017-06-21 15:23:45.767000','out'),(2156,323,9,'2017-01-11 08:39:01.014000','out'),(2157,323,10,'2017-06-24 16:35:42.968000','out'),(2158,323,11,'2017-06-24 16:37:30.156000','out'),(2159,323,12,'2017-06-21 17:31:23.871000','out'),(2160,323,13,'2017-01-11 08:39:01.014000','out'),(2161,323,14,'2017-06-24 09:11:54.022000','out'),(2162,323,15,'2017-06-24 18:00:32.371000','out'),(2163,323,16,'2017-06-26 08:22:51.917000','out'),(2164,323,17,'2017-06-26 08:22:30.054000','out'),(2165,323,18,'2017-06-26 08:22:42.665000','out'),(2166,323,19,'2017-06-26 07:52:05.764000','out'),(2167,280,1,'2017-07-17 15:12:21.378000','out'),(2168,280,2,'2017-07-17 15:12:16.164000','out'),(2169,280,3,'2017-07-07 12:52:10.526000','out'),(2170,280,4,'2017-01-11 08:39:01.025000','out'),(2171,280,5,'2017-07-17 09:54:01.253000','out'),(2172,280,6,'2017-07-17 15:12:21.378000','out'),(2173,280,7,'2017-07-17 15:12:16.164000','out'),(2174,280,8,'2017-07-07 12:52:10.526000','out'),(2175,280,9,'2017-01-11 08:39:01.025000','out'),(2176,280,10,'2017-07-17 09:53:58.898000','out'),(2177,280,11,'2017-07-17 09:54:01.253000','out'),(2178,280,12,'2017-07-11 09:39:52.039000','out'),(2179,280,13,'2017-01-11 08:39:01.025000','out'),(2180,280,14,'2017-07-17 14:35:47.187000','out'),(2181,280,15,'2017-07-17 15:11:37.193000','out'),(2182,280,16,'2017-07-17 15:11:02.588000','out'),(2183,280,17,'2017-07-17 14:40:26.122000','out'),(2184,280,18,'2017-07-17 15:11:38.762000','out'),(2185,280,19,'2017-07-17 14:29:03.416000','out'),(2186,322,1,'2017-07-21 17:55:06.822000','out'),(2187,322,2,'2017-07-21 17:55:18.460000','out'),(2188,322,3,'2017-07-21 11:34:30.193000','out'),(2189,293,1,'2017-07-22 17:49:54.856000','out'),(2190,322,4,'2017-01-11 08:39:01.063000','out'),(2191,293,2,'2017-07-22 15:53:22.656000','out'),(2192,322,5,'2017-07-21 17:54:35.843000','out'),(2193,322,6,'2017-07-21 17:55:06.822000','out'),(2194,293,3,'2017-07-06 15:19:06.539000','out'),(2195,322,7,'2017-07-21 17:55:18.460000','out'),(2196,293,4,'2017-01-11 08:39:01.069000','out'),(2197,322,8,'2017-07-15 11:42:34.031000','out'),(2198,293,5,'2017-07-22 18:42:44.548000','out'),(2199,322,9,'2017-01-11 08:39:01.063000','out'),(2200,293,6,'2017-07-22 17:49:54.856000','out'),(2201,322,10,'2017-07-21 17:54:28.961000','out'),(2202,293,7,'2017-07-22 15:53:22.656000','out'),(2203,322,11,'2017-07-21 17:54:35.843000','out'),(2204,293,8,'2017-07-06 15:19:06.539000','out'),(2205,322,12,'2017-07-20 09:58:25.430000','out'),(2206,293,9,'2017-01-11 08:39:01.069000','out'),(2207,322,13,'2017-01-11 08:39:01.063000','out'),(2208,293,10,'2017-07-22 18:42:54.893000','out'),(2209,322,14,'2017-07-22 09:10:07.292000','out'),(2210,293,11,'2017-07-22 18:42:44.548000','out'),(2211,322,15,'2017-07-22 09:09:51.360000','out'),(2212,293,12,'2017-07-22 18:42:34.141000','out'),(2213,322,16,'2017-07-22 09:08:48.897000','out'),(2214,293,13,'2017-01-11 08:39:01.069000','out'),(2215,322,17,'2017-07-21 17:54:03.258000','out'),(2216,293,14,'2017-07-22 15:53:18.612000','out'),(2217,322,18,'2017-07-22 09:11:16.090000','out'),(2218,293,15,'2017-07-22 15:53:08.074000','out'),(2219,322,19,'2017-07-22 09:33:51.793000','out'),(2220,293,16,'2017-07-22 18:23:47.978000','out'),(2221,293,17,'2017-07-22 18:42:21.929000','out'),(2222,293,18,'2017-07-22 18:43:15.249000','out'),(2223,293,19,'2017-07-22 18:41:46.412000','out'),(2224,239,1,'2017-07-22 10:36:28.244000','out'),(2225,239,2,'2017-07-21 11:07:41.758000','out'),(2226,239,3,'2017-07-21 14:21:35.966000','out'),(2227,239,4,'2017-01-11 08:39:01.216000','out'),(2228,239,5,'2017-07-22 10:36:49.415000','out'),(2229,239,6,'2017-07-22 10:36:28.244000','out'),(2230,239,7,'2017-07-21 11:07:41.758000','out'),(2231,239,8,'2017-07-21 14:21:35.966000','out'),(2232,239,9,'2017-01-11 08:39:01.216000','out'),(2233,239,10,'2017-07-22 10:36:52.807000','out'),(2234,239,11,'2017-07-22 10:36:49.415000','out'),(2235,239,12,'2017-07-21 11:08:01.618000','out'),(2236,239,13,'2017-01-11 08:39:01.216000','out'),(2237,239,14,'2017-07-22 10:52:38.417000','out'),(2238,239,15,'2017-07-22 10:52:42.299000','out'),(2239,239,16,'2017-07-22 10:51:36.058000','out'),(2240,239,17,'2017-07-22 10:37:01.239000','out'),(2241,239,18,'2017-07-22 10:57:34.690000','out'),(2242,239,19,'2017-07-22 10:53:11.952000','out'),(2243,58,1,'2017-07-25 10:48:27.538000','out'),(2244,58,2,'2017-07-21 09:34:21.534000','out'),(2245,58,3,'2017-07-20 10:12:44.135000','out'),(2246,58,4,'2017-01-11 08:39:01.285000','out'),(2247,58,5,'2017-07-25 10:50:29.648000','out'),(2248,58,6,'2017-07-25 10:48:27.538000','out'),(2249,58,7,'2017-07-21 09:34:21.534000','out'),(2250,58,8,'2017-07-20 10:12:36.847000','out'),(2251,58,9,'2017-01-11 08:39:01.285000','out'),(2252,58,10,'2017-07-25 10:50:33.574000','out'),(2253,58,11,'2017-07-25 10:50:29.648000','out'),(2254,58,12,'2017-07-17 16:11:54.526000','out'),(2255,58,13,'2017-01-11 08:39:01.285000','out'),(2256,58,14,'2017-07-25 10:47:38.026000','out'),(2257,58,15,'2017-07-25 10:47:32.878000','out'),(2258,58,16,'2017-07-25 10:47:30.257000','out'),(2259,58,17,'2017-07-22 07:55:00.143000','out'),(2260,58,18,'2017-07-25 10:51:56.307000','out'),(2261,58,19,'2017-07-25 10:51:52.674000','out'),(2262,245,1,'2017-04-28 08:52:16.491000','out'),(2263,245,2,'2017-04-27 14:05:10.965000','out'),(2264,245,3,'2017-04-15 11:04:48.314000','out'),(2265,245,4,'2017-01-11 08:39:01.374000','out'),(2266,245,5,'2017-04-28 13:06:48.454000','out'),(2267,245,6,'2017-04-28 08:52:24.277000','out'),(2268,245,7,'2017-04-27 14:05:10.965000','out'),(2269,245,8,'2017-04-11 17:24:50.178000','out'),(2270,245,9,'2017-01-11 08:39:01.374000','out'),(2271,245,10,'2017-04-28 13:27:59.851000','out'),(2272,245,11,'2017-04-28 13:06:48.454000','out'),(2273,245,12,'2017-04-25 17:30:02.636000','out'),(2274,245,13,'2017-01-11 08:39:01.374000','out'),(2275,245,14,'2017-04-28 08:51:32.852000','out'),(2276,245,15,'2017-04-28 08:51:27.005000','out'),(2277,245,16,'2017-04-28 12:51:27.779000','out'),(2278,245,17,'2017-04-28 13:27:36.125000','out'),(2279,245,18,'2017-04-29 13:30:06.153000','out'),(2280,245,19,'2017-04-28 13:06:11.629000','out'),(2281,50,1,'2017-05-19 09:28:57.327000','out'),(2282,50,2,'2017-05-19 09:29:39.856000','out'),(2283,50,3,'2017-05-19 07:24:04.352000','out'),(2284,50,4,'2017-01-11 08:39:01.471000','out'),(2285,50,5,'2017-05-19 07:25:18.273000','out'),(2286,50,6,'2017-05-19 09:28:57.327000','out'),(2287,50,7,'2017-05-19 09:29:39.222000','out'),(2288,50,8,'2017-05-19 07:24:04.352000','out'),(2289,50,9,'2017-01-11 08:39:01.471000','out'),(2290,50,10,'2017-05-19 09:30:27.080000','out'),(2291,50,11,'2017-05-19 07:25:18.273000','out'),(2292,50,12,'2017-05-18 09:02:58.971000','out'),(2293,50,13,'2017-01-11 08:39:01.471000','out'),(2294,50,14,'2017-05-19 09:29:04.803000','out'),(2295,50,15,'2017-05-19 09:29:11.047000','out'),(2296,50,16,'2017-05-19 09:27:12.313000','out'),(2297,50,17,'2017-05-19 07:23:02.058000','out'),(2298,50,18,'2017-05-19 09:28:26.969000','out'),(2299,50,19,'2017-05-19 09:28:05.992000','out'),(2300,248,1,'2017-07-24 10:11:41.927000','out'),(2301,248,2,'2017-07-22 13:02:17.993000','out'),(2302,248,3,'2017-07-24 10:11:39.840000','out'),(2303,248,4,'2017-01-11 08:39:01.572000','out'),(2304,248,5,'2017-07-24 12:15:25.781000','out'),(2305,248,6,'2017-07-24 10:11:41.927000','out'),(2306,248,7,'2017-07-22 13:02:17.993000','out'),(2307,248,8,'2017-07-24 10:11:39.840000','out'),(2308,248,9,'2017-01-11 08:39:01.572000','out'),(2309,248,10,'2017-07-24 12:15:34.086000','out'),(2310,248,11,'2017-07-24 12:15:25.781000','out'),(2311,248,12,'2017-07-24 08:59:39.804000','out'),(2312,248,13,'2017-01-11 08:39:01.572000','out'),(2313,248,14,'2017-07-24 10:10:13.860000','out'),(2314,248,15,'2017-07-24 10:10:10.514000','out'),(2315,248,16,'2017-07-24 12:50:50.721000','out'),(2316,248,17,'2017-07-24 12:17:36.823000','out'),(2317,248,18,'2017-07-24 12:17:32.199000','out'),(2318,248,19,'2017-07-24 12:17:27.063000','out'),(2319,269,1,'2017-07-22 10:39:40.427000','out'),(2320,269,2,'2017-07-22 10:39:26.405000','out'),(2321,269,3,'2017-07-20 18:00:46.312000','out'),(2322,269,4,'2017-01-11 08:39:01.609000','out'),(2323,269,5,'2017-07-22 10:35:48.140000','out'),(2324,269,6,'2017-07-22 10:39:40.427000','out'),(2325,269,7,'2017-07-22 10:39:20.834000','out'),(2326,269,8,'2017-07-20 18:00:46.312000','out'),(2327,269,9,'2017-01-11 08:39:01.609000','out'),(2328,269,10,'2017-07-22 10:35:35.866000','out'),(2329,157,1,'2017-01-11 09:32:49.593000','out'),(2330,269,11,'2017-07-22 10:35:48.140000','out'),(2331,157,2,'2017-01-11 09:32:44.989000','out'),(2332,269,12,'2017-07-10 19:29:40.835000','out'),(2333,269,13,'2017-01-11 08:39:01.609000','out'),(2334,157,3,'2017-01-11 08:39:01.605000','out'),(2335,269,14,'2017-07-22 08:59:31.193000','out'),(2336,157,4,'2017-01-11 08:39:01.605000','out'),(2337,269,15,'2017-07-22 10:11:55.877000','out'),(2338,269,16,'2017-07-22 08:55:46.207000','out'),(2339,157,5,'2017-01-11 10:04:38.792000','out'),(2340,269,17,'2017-07-22 10:41:02.971000','out'),(2341,157,6,'2017-01-11 09:32:49.593000','out'),(2342,269,18,'2017-07-22 10:35:06.010000','out'),(2343,157,7,'2017-01-11 09:32:44.989000','out'),(2344,269,19,'2017-07-22 10:35:02.092000','out'),(2345,157,8,'2017-01-11 08:39:01.605000','out'),(2346,157,9,'2017-01-11 08:39:01.605000','out'),(2347,157,10,'2017-01-11 09:32:25.192000','out'),(2348,157,11,'2017-01-11 10:04:38.792000','out'),(2349,157,12,'2017-01-11 08:39:01.605000','out'),(2350,157,13,'2017-01-11 08:39:01.605000','out'),(2351,157,14,'2017-01-11 10:04:17.287000','out'),(2352,157,15,'2017-01-11 09:55:04.865000','out'),(2353,157,16,'2017-01-11 08:39:01.605000','out'),(2354,157,17,'2017-01-11 09:32:30.037000','out'),(2355,157,18,'2017-01-11 09:32:35.548000','out'),(2356,157,19,'2017-01-11 08:39:01.605000','out'),(2357,270,1,'2017-07-22 06:32:24.471000','out'),(2358,270,2,'2017-07-25 08:52:51.067000','out'),(2359,270,3,'2017-07-22 10:51:02.133000','out'),(2360,270,4,'2017-01-11 08:39:01.705000','out'),(2361,270,5,'2017-07-25 07:31:10.010000','out'),(2362,270,6,'2017-07-22 06:32:24.471000','out'),(2363,270,7,'2017-07-25 08:52:51.067000','out'),(2364,270,8,'2017-07-22 10:51:02.133000','out'),(2365,270,9,'2017-01-11 08:39:01.705000','out'),(2366,270,10,'2017-07-25 07:30:24.458000','out'),(2367,270,11,'2017-07-25 07:31:10.010000','out'),(2368,270,12,'2017-07-22 11:11:25.321000','out'),(2369,270,13,'2017-01-11 08:39:01.705000','out'),(2370,270,14,'2017-07-25 08:51:05.382000','out'),(2371,270,15,'2017-07-25 08:51:08.474000','out'),(2372,270,16,'2017-07-25 08:48:42.046000','out'),(2373,270,17,'2017-07-25 07:30:12.150000','out'),(2374,270,18,'2017-07-25 09:54:31.860000','out'),(2375,270,19,'2017-07-25 09:52:14.366000','out'),(2376,265,1,'2017-01-11 08:39:01.759000','out'),(2377,265,2,'2017-01-11 08:39:01.759000','out'),(2378,265,3,'2017-01-11 08:39:01.759000','out'),(2379,265,4,'2017-01-11 08:39:01.759000','out'),(2380,265,5,'2017-01-11 08:39:01.759000','out'),(2381,265,6,'2017-01-11 08:39:01.759000','out'),(2382,265,7,'2017-01-11 08:39:01.759000','out'),(2383,265,8,'2017-01-11 08:39:01.759000','out'),(2384,265,9,'2017-01-11 08:39:01.759000','out'),(2385,265,10,'2017-01-11 08:39:01.759000','out'),(2386,265,11,'2017-01-11 08:39:01.759000','out'),(2387,265,12,'2017-01-11 08:39:01.759000','out'),(2388,265,13,'2017-01-11 08:39:01.759000','out'),(2389,265,14,'2017-01-11 08:39:01.759000','out'),(2390,265,15,'2017-01-11 08:39:01.759000','out'),(2391,265,16,'2017-01-11 08:39:01.759000','out'),(2392,265,17,'2017-01-11 08:39:01.759000','out'),(2393,265,18,'2017-01-11 08:39:01.759000','out'),(2394,265,19,'2017-01-11 08:39:01.759000','out'),(2395,305,1,'2017-06-23 09:58:55.878000','out'),(2396,238,1,'2017-07-25 11:13:31.001000','out'),(2397,238,2,'2017-07-25 11:13:19.976000','out'),(2398,305,2,'2017-06-23 09:58:51.306000','out'),(2399,238,3,'2017-07-22 13:51:13.414000','out'),(2400,305,3,'2017-06-02 11:34:20.707000','out'),(2401,238,4,'2017-01-11 08:39:12.269000','out'),(2402,305,4,'2017-01-11 08:39:12.268000','out'),(2403,238,5,'2017-07-25 11:13:32.307000','out'),(2404,238,6,'2017-07-25 11:13:31.001000','out'),(2405,305,5,'2017-06-23 10:01:30.081000','out'),(2406,238,7,'2017-07-25 11:13:19.976000','out'),(2407,238,8,'2017-07-14 11:12:24.027000','out'),(2408,305,6,'2017-06-23 09:58:55.878000','out'),(2409,238,9,'2017-01-11 08:39:12.269000','out'),(2410,305,7,'2017-06-23 09:58:51.306000','out'),(2411,238,10,'2017-07-22 14:25:03.547000','out'),(2412,238,11,'2017-07-25 11:13:32.307000','out'),(2413,305,8,'2017-06-02 11:34:20.707000','out'),(2414,238,12,'2017-07-22 14:25:15.545000','out'),(2415,238,13,'2017-01-11 08:39:12.269000','out'),(2416,238,14,'2017-07-25 11:12:43.002000','out'),(2417,305,9,'2017-01-11 08:39:12.268000','out'),(2418,238,15,'2017-07-25 13:03:45.362000','out'),(2419,238,16,'2017-07-25 09:55:46.778000','out'),(2420,238,17,'2017-07-25 13:27:15.020000','out'),(2421,305,10,'2017-06-23 11:21:38.079000','out'),(2422,238,18,'2017-07-25 13:26:47.360000','out'),(2423,305,11,'2017-06-23 10:01:30.081000','out'),(2424,238,19,'2017-07-25 11:12:23.822000','out'),(2425,305,12,'2017-06-17 09:42:27.296000','out'),(2426,305,13,'2017-01-11 08:39:12.268000','out'),(2427,305,14,'2017-06-23 09:57:49.992000','out'),(2428,305,15,'2017-06-17 11:25:23.602000','out'),(2429,305,16,'2017-06-23 11:20:56.774000','out'),(2430,305,17,'2017-06-23 11:21:32.256000','out'),(2431,305,18,'2017-06-23 11:21:08.973000','out'),(2432,305,19,'2017-06-23 10:39:15.617000','out'),(2433,281,1,'2017-07-24 13:25:24.150000','out'),(2434,281,2,'2017-07-24 13:24:49.281000','out'),(2435,281,3,'2017-07-24 12:59:13.244000','out'),(2436,281,4,'2017-01-11 08:39:12.290000','out'),(2437,281,5,'2017-07-24 16:51:56.506000','out'),(2438,281,6,'2017-07-24 13:25:24.150000','out'),(2439,281,7,'2017-07-24 13:24:49.281000','out'),(2440,281,8,'2017-07-24 12:59:13.244000','out'),(2441,281,9,'2017-01-11 08:39:12.290000','out'),(2442,281,10,'2017-07-24 16:51:28.728000','out'),(2443,281,11,'2017-07-24 16:51:56.506000','out'),(2444,281,12,'2017-07-24 16:51:54.101000','out'),(2445,281,13,'2017-01-11 08:39:12.290000','out'),(2446,281,14,'2017-07-24 16:51:01.114000','out'),(2447,281,15,'2017-07-24 16:51:14.181000','out'),(2448,281,16,'2017-07-25 08:26:49.767000','out'),(2449,281,17,'2017-07-25 08:56:38.363000','out'),(2450,281,18,'2017-07-25 08:56:23.280000','out'),(2451,281,19,'2017-07-25 08:54:03.937000','out'),(2452,276,1,'2017-07-15 13:26:11.373000','out'),(2453,276,2,'2017-07-15 13:26:14.012000','out'),(2454,276,3,'2017-07-15 13:26:04.536000','out'),(2455,276,4,'2017-01-11 08:39:12.305000','out'),(2456,276,5,'2017-07-15 13:10:15.933000','out'),(2457,276,6,'2017-07-15 13:26:11.373000','out'),(2458,276,7,'2017-07-15 13:26:14.012000','out'),(2459,276,8,'2017-07-15 13:26:04.536000','out'),(2460,276,9,'2017-01-11 08:39:12.305000','out'),(2461,276,10,'2017-07-15 14:03:11.855000','out'),(2462,276,11,'2017-07-15 13:10:15.933000','out'),(2463,276,12,'2017-07-14 07:36:21.088000','out'),(2464,276,13,'2017-01-11 08:39:12.305000','out'),(2465,276,14,'2017-07-15 13:26:16.327000','out'),(2466,276,15,'2017-07-15 13:26:25.685000','out'),(2467,276,16,'2017-07-22 10:50:04.521000','out'),(2468,276,17,'2017-07-15 14:03:25.167000','out'),(2469,276,18,'2017-07-22 10:50:19.558000','out'),(2470,276,19,'2017-07-15 14:19:42.523000','out'),(2471,44,1,'2017-07-22 08:09:13.889000','out'),(2472,44,2,'2017-07-21 15:04:38.899000','out'),(2473,44,3,'2017-05-29 13:59:12.154000','out'),(2474,44,4,'2017-01-11 08:39:12.349000','out'),(2475,44,5,'2017-07-22 08:43:37.383000','out'),(2476,44,6,'2017-07-22 08:09:13.889000','out'),(2477,44,7,'2017-07-21 15:04:38.899000','out'),(2478,44,8,'2017-05-29 08:09:29.005000','out'),(2479,44,9,'2017-01-11 08:39:12.349000','out'),(2480,44,10,'2017-07-22 08:43:34.887000','out'),(2481,44,11,'2017-07-22 08:43:37.383000','out'),(2482,44,12,'2017-07-22 08:45:00.384000','out'),(2483,44,13,'2017-01-11 08:39:12.349000','out'),(2484,44,14,'2017-07-21 15:04:20.598000','out'),(2485,44,15,'2017-07-21 15:04:02.698000','out'),(2486,44,16,'2017-07-22 08:12:03.618000','out'),(2487,44,17,'2017-07-25 15:10:54.419000','out'),(2488,44,18,'2017-07-25 15:59:27.068000','out'),(2489,44,19,'2017-07-25 15:09:27.496000','out'),(2490,182,1,'2017-01-11 08:39:12.348000','out'),(2491,182,2,'2017-01-11 08:39:12.348000','out'),(2492,182,3,'2017-01-11 08:39:12.348000','out'),(2493,182,4,'2017-01-11 08:39:12.348000','out'),(2494,182,5,'2017-01-11 08:39:12.348000','out'),(2495,182,6,'2017-01-11 08:39:12.348000','out'),(2496,182,7,'2017-01-11 08:39:12.348000','out'),(2497,182,8,'2017-01-11 08:39:12.348000','out'),(2498,182,9,'2017-01-11 08:39:12.348000','out'),(2499,182,10,'2017-01-11 14:30:40.197000','out'),(2500,182,11,'2017-01-11 08:39:12.348000','out'),(2501,182,12,'2017-01-11 08:39:12.348000','out'),(2502,182,13,'2017-01-11 08:39:12.348000','out'),(2503,182,14,'2017-01-11 08:39:12.348000','out'),(2504,182,15,'2017-01-11 10:40:54.473000','out'),(2505,182,16,'2017-01-11 10:43:25.889000','out'),(2506,182,17,'2017-01-11 14:30:38.357000','out'),(2507,182,18,'2017-01-11 14:30:35.925000','out'),(2508,182,19,'2017-01-11 14:30:33.742000','out'),(2509,264,1,'2017-07-20 14:46:24.193000','out'),(2510,264,2,'2017-07-20 11:21:54.334000','out'),(2511,264,3,'2017-07-19 11:03:09.183000','out'),(2512,264,4,'2017-01-11 08:39:12.459000','out'),(2513,264,5,'2017-07-20 14:38:44.925000','out'),(2514,264,6,'2017-07-20 14:46:24.193000','out'),(2515,264,7,'2017-07-20 11:21:54.334000','out'),(2516,264,8,'2017-07-14 18:01:06.850000','out'),(2517,264,9,'2017-01-11 08:39:12.459000','out'),(2518,264,10,'2017-07-20 14:39:09.417000','out'),(2519,264,11,'2017-07-20 14:38:44.925000','out'),(2520,264,12,'2017-07-20 14:38:28.583000','out'),(2521,264,13,'2017-01-11 08:39:12.459000','out'),(2522,264,14,'2017-07-20 14:35:05.264000','out'),(2523,264,15,'2017-07-20 14:43:08.950000','out'),(2524,264,16,'2017-07-20 14:43:11.506000','out'),(2525,264,17,'2017-07-20 14:39:16.896000','out'),(2526,264,18,'2017-07-20 14:47:07.087000','out'),(2527,264,19,'2017-07-20 14:52:34.365000','out'),(2528,306,1,'2017-07-25 11:56:21.278000','out'),(2529,306,2,'2017-07-25 11:56:23.194000','out'),(2530,306,3,'2017-05-19 09:38:24.320000','out'),(2531,306,4,'2017-01-11 08:39:12.517000','out'),(2532,306,5,'2017-07-25 09:38:38.288000','out'),(2533,306,6,'2017-07-25 11:56:21.278000','out'),(2534,306,7,'2017-07-25 11:56:23.194000','out'),(2535,306,8,'2017-05-19 09:38:24.320000','out'),(2536,306,9,'2017-01-11 08:39:12.517000','out'),(2537,306,10,'2017-07-25 05:46:42.405000','out'),(2538,306,11,'2017-07-25 09:38:38.288000','out'),(2539,306,12,'2017-07-24 17:29:31.391000','out'),(2540,306,13,'2017-01-11 08:39:12.517000','out'),(2541,306,14,'2017-07-25 11:19:01.847000','out'),(2542,306,15,'2017-07-25 12:33:47.623000','out'),(2543,306,16,'2017-07-25 12:33:44.926000','out'),(2544,306,17,'2017-07-25 11:52:45.777000','out'),(2545,306,18,'2017-07-25 12:39:53.384000','out'),(2546,306,19,'2017-07-25 12:09:47.689000','out'),(2547,188,1,'2017-07-24 16:12:51.866000','out'),(2548,188,2,'2017-07-24 13:40:29.788000','out'),(2549,188,3,'2017-07-24 15:12:24.210000','out'),(2550,188,4,'2017-01-11 08:39:12.533000','out'),(2551,188,5,'2017-07-24 16:14:32.381000','out'),(2552,188,6,'2017-07-24 16:12:51.866000','out'),(2553,188,7,'2017-07-24 13:40:29.788000','out'),(2554,188,8,'2017-07-24 15:12:24.210000','out'),(2555,188,9,'2017-01-11 08:39:12.533000','out'),(2556,188,10,'2017-07-24 13:37:53.438000','out'),(2557,188,11,'2017-07-24 16:14:32.381000','out'),(2558,188,12,'2017-07-24 12:56:32.377000','out'),(2559,188,13,'2017-01-11 08:39:12.533000','out'),(2560,188,14,'2017-07-24 16:12:47.959000','out'),(2561,188,15,'2017-07-24 15:12:09.171000','out'),(2562,188,16,'2017-07-24 16:12:33.243000','out'),(2563,188,17,'2017-07-24 13:46:14.177000','out'),(2564,188,18,'2017-07-24 16:12:37.395000','out'),(2565,188,19,'2017-07-24 15:44:22.944000','out'),(2566,246,1,'2017-07-18 15:31:04.175000','out'),(2567,246,2,'2017-07-18 13:23:03.470000','out'),(2568,246,3,'2017-07-18 15:30:59.949000','out'),(2569,246,4,'2017-01-11 08:39:12.597000','out'),(2570,246,5,'2017-07-25 13:36:46.383000','out'),(2571,246,6,'2017-07-18 15:31:04.175000','out'),(2572,246,7,'2017-07-18 13:23:03.470000','out'),(2573,246,8,'2017-07-18 14:08:45.232000','out'),(2574,246,9,'2017-01-11 08:39:12.597000','out'),(2575,246,10,'2017-07-25 15:52:18.794000','out'),(2576,246,11,'2017-07-25 13:36:48.385000','out'),(2577,246,12,'2017-07-18 15:32:48.969000','out'),(2578,246,13,'2017-01-11 08:39:12.597000','out'),(2579,246,14,'2017-07-22 09:48:38.070000','out'),(2580,246,15,'2017-07-22 09:48:45.342000','out'),(2581,246,16,'2017-07-22 10:46:46.803000','out'),(2582,246,17,'2017-07-25 15:52:22.104000','out'),(2583,246,18,'2017-07-25 15:52:31.652000','out'),(2584,246,19,'2017-07-25 15:51:48.093000','out'),(2585,266,1,'2017-05-19 07:50:36.311000','out'),(2586,266,2,'2017-05-19 07:50:32.696000','out'),(2587,266,3,'2017-05-18 09:44:35.255000','out'),(2588,266,4,'2017-01-11 08:39:12.692000','out'),(2589,266,5,'2017-05-19 08:22:16.644000','out'),(2590,266,6,'2017-05-19 07:50:36.311000','out'),(2591,266,7,'2017-05-19 07:50:32.696000','out'),(2592,266,8,'2017-05-06 13:45:15.431000','out'),(2593,266,9,'2017-01-11 08:39:12.692000','out'),(2594,266,10,'2017-05-19 08:22:25.333000','out'),(2595,266,11,'2017-05-19 08:22:16.644000','out'),(2596,266,12,'2017-05-19 09:23:43.253000','out'),(2597,266,13,'2017-01-11 08:39:12.692000','out'),(2598,266,14,'2017-05-19 09:23:08.749000','out'),(2599,266,15,'2017-05-19 09:23:12.543000','out'),(2600,266,16,'2017-05-19 09:22:03.310000','out'),(2601,266,17,'2017-05-19 08:22:26.274000','out'),(2602,266,18,'2017-05-19 08:23:11.185000','out'),(2603,266,19,'2017-05-18 14:25:50.889000','out'),(2604,320,1,'2017-07-22 08:39:51.549000','out'),(2605,320,2,'2017-07-22 08:39:47.797000','out'),(2606,320,3,'2017-07-21 15:02:27.427000','out'),(2607,320,4,'2017-01-11 08:39:12.724000','out'),(2608,320,5,'2017-07-22 08:40:00.578000','out'),(2609,320,6,'2017-07-22 08:39:51.549000','out'),(2610,320,7,'2017-07-22 08:39:47.797000','out'),(2611,320,8,'2017-07-17 08:21:54.479000','out'),(2612,320,9,'2017-01-11 08:39:12.724000','out'),(2613,320,10,'2017-07-22 08:41:57.966000','out'),(2614,320,11,'2017-07-22 08:40:00.578000','out'),(2615,320,12,'2017-07-21 09:32:04.100000','out'),(2616,320,13,'2017-01-11 08:39:12.724000','out'),(2617,320,14,'2017-07-21 16:21:54.684000','out'),(2618,320,15,'2017-07-22 10:47:02.863000','out'),(2619,320,16,'2017-07-22 10:44:57.241000','out'),(2620,320,17,'2017-07-22 09:15:43.675000','out'),(2621,320,18,'2017-07-22 10:47:13.779000','out'),(2622,320,19,'2017-07-21 15:38:31.136000','out'),(2623,219,1,'2017-06-16 08:49:36.384000','out'),(2624,219,2,'2017-06-16 08:49:05.765000','out'),(2625,219,3,'2017-06-10 14:53:10.902000','out'),(2626,219,4,'2017-01-11 08:39:12.805000','out'),(2627,219,5,'2017-06-16 09:44:07.509000','out'),(2628,219,6,'2017-06-16 08:49:36.384000','out'),(2629,219,7,'2017-06-16 08:49:05.765000','out'),(2630,219,8,'2017-06-06 15:11:44.748000','out'),(2631,219,9,'2017-01-11 08:39:12.805000','out'),(2632,219,10,'2017-06-16 09:44:02.594000','out'),(2633,219,11,'2017-06-16 09:44:07.509000','out'),(2634,219,12,'2017-06-03 15:02:53.636000','out'),(2635,219,13,'2017-01-11 08:39:12.805000','out'),(2636,219,14,'2017-06-16 08:48:38.278000','out'),(2637,219,15,'2017-06-16 08:48:32.552000','out'),(2638,219,16,'2017-06-16 09:41:44.562000','out'),(2639,219,17,'2017-06-16 09:43:58.871000','out'),(2640,219,18,'2017-06-16 09:43:29.374000','out'),(2641,219,19,'2017-06-16 08:48:16.111000','out'),(2642,308,1,'2017-04-08 09:35:24.215000','out'),(2643,308,2,'2017-04-01 11:14:27.676000','out'),(2644,308,3,'2017-04-08 09:35:17.106000','out'),(2645,308,4,'2017-01-11 08:39:12.942000','out'),(2646,308,5,'2017-04-08 07:59:21.900000','out'),(2647,308,6,'2017-04-08 09:35:24.215000','out'),(2648,308,7,'2017-04-01 11:14:27.676000','out'),(2649,308,8,'2017-03-18 15:02:39.321000','out'),(2650,308,9,'2017-01-11 08:39:12.942000','out'),(2651,308,10,'2017-04-15 12:29:41.951000','out'),(2652,308,11,'2017-04-08 07:59:21.900000','out'),(2653,308,12,'2017-04-01 11:09:54.399000','out'),(2654,308,13,'2017-01-11 08:39:12.942000','out'),(2655,308,14,'2017-04-15 11:28:13.122000','out'),(2656,308,15,'2017-04-15 12:00:33.978000','out'),(2657,308,16,'2017-04-15 12:32:17.558000','out'),(2658,308,17,'2017-04-15 12:30:24.536000','out'),(2659,308,18,'2017-04-15 12:33:52.622000','out'),(2660,308,19,'2017-04-15 12:33:48.642000','out'),(2661,275,1,'2017-07-25 09:33:15.847000','out'),(2662,275,2,'2017-07-25 09:33:19.392000','out'),(2663,275,3,'2017-07-22 13:15:01.624000','out'),(2664,275,4,'2017-01-11 08:39:12.934000','out'),(2665,275,5,'2017-07-25 10:57:00.124000','out'),(2666,275,6,'2017-07-25 10:54:21.794000','out'),(2667,275,7,'2017-07-25 09:33:19.392000','out'),(2668,275,8,'2017-07-14 13:03:07.985000','out'),(2669,275,9,'2017-01-11 08:39:12.934000','out'),(2670,275,10,'2017-07-22 19:03:09.523000','out'),(2671,275,11,'2017-07-25 10:57:00.124000','out'),(2672,275,12,'2017-07-14 13:50:46.809000','out'),(2673,275,13,'2017-01-11 08:39:12.934000','out'),(2674,275,14,'2017-07-25 10:54:15.022000','out'),(2675,275,15,'2017-07-25 10:54:07.843000','out'),(2676,275,16,'2017-07-25 10:53:53.201000','out'),(2677,275,17,'2017-07-25 09:31:21.243000','out'),(2678,275,18,'2017-07-25 11:17:34.163000','out'),(2679,275,19,'2017-07-25 10:09:45.081000','out'),(2680,344,1,'2017-05-27 07:45:55.440000','out'),(2681,344,2,'2017-05-27 07:47:22.910000','out'),(2682,344,3,'2017-05-24 13:41:49.155000','out'),(2683,344,4,'2017-01-11 08:39:13.028000','out'),(2684,344,5,'2017-05-27 08:09:55.163000','out'),(2685,344,6,'2017-05-27 07:45:55.440000','out'),(2686,344,7,'2017-05-27 07:47:22.910000','out'),(2687,344,8,'2017-05-24 13:41:49.155000','out'),(2688,344,9,'2017-01-11 08:39:13.028000','out'),(2689,344,10,'2017-05-27 08:10:00.363000','out'),(2690,344,11,'2017-05-27 08:09:55.163000','out'),(2691,344,12,'2017-05-13 10:22:02.103000','out'),(2692,344,13,'2017-01-11 08:39:13.028000','out'),(2693,344,14,'2017-05-30 08:51:38.115000','out'),(2694,344,15,'2017-05-30 08:51:42.595000','out'),(2695,344,16,'2017-05-27 08:08:51.521000','out'),(2696,344,17,'2017-05-30 08:52:04.307000','out'),(2697,344,18,'2017-06-03 09:09:47.674000','out'),(2698,344,19,'2017-05-30 09:07:36.038000','out'),(2699,34,1,'2017-07-22 10:41:21.793000','out'),(2700,34,2,'2017-07-04 17:17:45.449000','out'),(2701,34,3,'2017-07-04 15:19:28.495000','out'),(2702,34,4,'2017-01-11 08:39:13.112000','out'),(2703,34,5,'2017-07-22 10:41:28.554000','out'),(2704,34,6,'2017-07-22 10:41:21.793000','out'),(2705,34,7,'2017-07-04 17:17:45.449000','out'),(2706,34,8,'2017-07-04 15:19:25.431000','out'),(2707,34,9,'2017-01-11 08:39:13.112000','out'),(2708,34,10,'2017-07-22 10:42:30.995000','out'),(2709,34,11,'2017-07-22 10:41:28.554000','out'),(2710,34,12,'2017-07-22 10:22:02.498000','out'),(2711,34,13,'2017-01-11 08:39:13.112000','out'),(2712,34,14,'2017-07-04 17:27:36.819000','out'),(2713,34,15,'2017-07-15 14:28:58.051000','out'),(2714,34,16,'2017-07-15 14:28:49.137000','out'),(2715,34,17,'2017-07-22 10:42:34.806000','out'),(2716,34,18,'2017-07-22 10:42:44.886000','out'),(2717,34,19,'2017-07-22 10:20:15.101000','out'),(2718,286,1,'2017-05-17 17:11:51.403000','out'),(2719,286,2,'2017-05-17 07:20:35.538000','out'),(2720,286,3,'2017-05-13 07:36:09.959000','out'),(2721,286,4,'2017-01-11 08:39:13.123000','out'),(2722,286,5,'2017-05-17 17:10:08.093000','out'),(2723,286,6,'2017-05-17 17:11:51.403000','out'),(2724,286,7,'2017-05-17 07:20:35.538000','out'),(2725,286,8,'2017-05-04 15:05:41.208000','out'),(2726,286,9,'2017-01-11 08:39:13.123000','out'),(2727,286,10,'2017-05-17 17:10:04.929000','out'),(2728,286,11,'2017-05-17 17:10:08.093000','out'),(2729,286,12,'2017-05-12 15:55:23.799000','out'),(2730,286,13,'2017-01-11 08:39:13.123000','out'),(2731,286,14,'2017-05-17 10:20:00.329000','out'),(2732,286,15,'2017-05-18 08:23:54.280000','out'),(2733,286,16,'2017-05-19 09:22:09.561000','out'),(2734,286,17,'2017-05-18 07:57:41.525000','out'),(2735,286,18,'2017-05-19 09:24:43.543000','out'),(2736,286,19,'2017-05-18 07:32:40.863000','out'),(2737,288,1,'2017-07-22 16:12:19.727000','out'),(2738,288,2,'2017-06-29 16:21:02.370000','out'),(2739,288,3,'2017-06-30 07:20:09.483000','out'),(2740,288,4,'2017-01-11 08:39:13.146000','out'),(2741,288,5,'2017-07-22 16:13:20.651000','out'),(2742,288,6,'2017-07-22 16:12:19.727000','out'),(2743,288,7,'2017-06-29 16:21:02.370000','out'),(2744,288,8,'2017-05-24 16:40:43.878000','out'),(2745,288,9,'2017-01-11 08:39:13.146000','out'),(2746,288,10,'2017-07-22 13:15:41.293000','out'),(2747,288,11,'2017-07-22 16:13:20.651000','out'),(2748,288,12,'2017-07-22 16:12:41.650000','out'),(2749,288,13,'2017-01-11 08:39:13.146000','out'),(2750,288,14,'2017-07-13 13:49:00.011000','out'),(2751,288,15,'2017-07-13 13:48:50.246000','out'),(2752,288,16,'2017-07-22 13:15:20.689000','out'),(2753,288,17,'2017-07-22 13:18:25.274000','out'),(2754,288,18,'2017-07-13 13:54:45.835000','out'),(2755,288,19,'2017-07-13 13:51:42.889000','out'),(2756,48,1,'2017-06-03 18:23:50.398000','out'),(2757,48,2,'2017-06-03 18:24:17.055000','out'),(2758,48,3,'2017-05-17 10:22:33.320000','out'),(2759,48,4,'2017-01-11 08:39:13.162000','out'),(2760,48,5,'2017-06-03 11:08:35.307000','out'),(2761,48,6,'2017-06-03 18:23:48.703000','out'),(2762,48,7,'2017-06-03 18:24:17.055000','out'),(2763,48,8,'2017-05-17 10:22:25.958000','out'),(2764,48,9,'2017-01-11 08:39:13.162000','out'),(2765,48,10,'2017-06-03 11:09:27.979000','out'),(2766,48,11,'2017-06-03 11:08:35.307000','out'),(2767,48,12,'2017-05-18 13:32:19.493000','out'),(2768,48,13,'2017-01-11 08:39:13.162000','out'),(2769,48,14,'2017-06-03 18:24:39.794000','out'),(2770,48,15,'2017-06-03 18:24:45.972000','out'),(2771,48,16,'2017-06-03 18:16:01.805000','out'),(2772,48,17,'2017-06-03 19:04:18.345000','out'),(2773,48,18,'2017-06-03 19:35:44.276000','out'),(2774,48,19,'2017-06-03 11:09:53.739000','out'),(2775,296,1,'2017-07-22 11:49:10.302000','out'),(2776,296,2,'2017-07-22 07:53:43.422000','out'),(2777,296,3,'2017-07-22 11:49:00.334000','out'),(2778,296,4,'2017-01-11 08:39:13.219000','out'),(2779,296,5,'2017-07-22 15:56:23.965000','out'),(2780,296,6,'2017-07-22 11:49:10.302000','out'),(2781,296,7,'2017-07-22 07:53:43.422000','out'),(2782,296,8,'2017-07-22 11:49:00.334000','out'),(2783,296,9,'2017-01-11 08:39:13.219000','out'),(2784,296,10,'2017-07-22 15:58:00.546000','out'),(2785,296,11,'2017-07-22 15:56:23.965000','out'),(2786,296,12,'2017-07-22 15:54:49.223000','out'),(2787,296,13,'2017-01-11 08:39:13.219000','out'),(2788,296,14,'2017-07-22 11:48:42.204000','out'),(2789,296,15,'2017-07-22 11:47:16.221000','out'),(2790,296,16,'2017-07-22 15:18:22.003000','out'),(2791,296,17,'2017-07-22 15:58:06.346000','out'),(2792,296,18,'2017-07-22 15:58:09.839000','out'),(2793,296,19,'2017-07-22 15:53:08.747000','out'),(2794,65,1,'2017-05-11 08:16:41.068000','out'),(2795,65,2,'2017-05-11 08:16:22.784000','out'),(2796,65,3,'2017-05-06 17:45:26.229000','out'),(2797,65,4,'2017-01-11 08:39:13.328000','out'),(2798,65,5,'2017-05-11 15:47:16.450000','out'),(2799,65,6,'2017-05-11 08:16:41.068000','out'),(2800,65,7,'2017-05-11 08:16:22.784000','out'),(2801,65,8,'2017-05-06 17:45:08.314000','out'),(2802,65,9,'2017-01-11 08:39:13.328000','out'),(2803,65,10,'2017-05-11 13:26:59.481000','out'),(2804,65,11,'2017-05-11 15:47:16.450000','out'),(2805,65,12,'2017-05-06 17:00:18.673000','out'),(2806,65,13,'2017-01-11 08:39:13.328000','out'),(2807,65,14,'2017-05-11 15:46:21.345000','out'),(2808,65,15,'2017-05-11 15:46:15.413000','out'),(2809,65,16,'2017-05-11 15:44:13.056000','out'),(2810,65,17,'2017-05-11 15:46:27.377000','out'),(2811,65,18,'2017-05-11 13:24:56.642000','out'),(2812,65,19,'2017-05-11 14:00:41.884000','out'),(2813,324,1,'2017-07-07 11:11:07.216000','out'),(2814,324,2,'2017-07-01 12:09:56.753000','out'),(2815,324,3,'2017-06-16 11:19:33.985000','out'),(2816,324,4,'2017-01-11 08:39:13.362000','out'),(2817,324,5,'2017-07-07 11:11:46.610000','out'),(2818,324,6,'2017-07-07 11:11:07.216000','out'),(2819,324,7,'2017-07-01 12:09:56.753000','out'),(2820,324,8,'2017-05-18 15:38:13.609000','out'),(2821,324,9,'2017-01-11 08:39:13.362000','out'),(2822,324,10,'2017-07-07 14:23:00.971000','out'),(2823,324,11,'2017-07-07 11:11:46.610000','out'),(2824,324,12,'2017-06-19 07:37:28.609000','out'),(2825,324,13,'2017-01-11 08:39:13.362000','out'),(2826,324,14,'2017-07-07 14:03:01.566000','out'),(2827,324,15,'2017-07-07 14:04:16.224000','out'),(2828,324,16,'2017-07-07 14:00:33.420000','out'),(2829,324,17,'2017-07-15 07:41:45.830000','out'),(2830,324,18,'2017-07-22 07:35:27.008000','out'),(2831,324,19,'2017-07-22 07:35:22.976000','out'),(2832,213,1,'2017-06-03 18:01:36.094000','out'),(2833,213,2,'2017-06-03 09:42:33.731000','out'),(2834,213,3,'2017-05-24 12:19:13.299000','out'),(2835,213,4,'2017-01-11 08:39:13.372000','out'),(2836,213,5,'2017-06-03 18:02:51.782000','out'),(2837,213,6,'2017-06-03 18:01:36.094000','out'),(2838,213,7,'2017-06-03 09:42:33.731000','out'),(2839,213,8,'2017-05-20 09:41:35.155000','out'),(2840,213,9,'2017-01-11 08:39:13.372000','out'),(2841,213,10,'2017-06-03 18:02:55.174000','out'),(2842,213,11,'2017-06-03 18:02:51.782000','out'),(2843,213,12,'2017-06-03 10:01:45.461000','out'),(2844,213,13,'2017-01-11 08:39:13.372000','out'),(2845,213,14,'2017-06-03 18:00:41.511000','out'),(2846,213,15,'2017-06-03 17:33:21.177000','out'),(2847,213,16,'2017-06-03 18:00:30.213000','out'),(2848,213,17,'2017-06-03 18:05:48.615000','out'),(2849,213,18,'2017-06-03 18:03:04.021000','out'),(2850,213,19,'2017-06-03 15:36:17.351000','out'),(2851,289,1,'2017-07-25 18:33:38.593000','out'),(2852,289,2,'2017-07-25 18:33:15.430000','out'),(2853,289,3,'2017-07-25 18:33:42.410000','out'),(2854,289,4,'2017-01-11 08:39:13.422000','out'),(2855,289,5,'2017-07-25 18:47:53.538000','out'),(2856,289,6,'2017-07-25 18:33:38.593000','out'),(2857,289,7,'2017-07-25 18:33:15.430000','out'),(2858,289,8,'2017-07-25 18:33:42.410000','out'),(2859,289,9,'2017-01-11 08:39:13.422000','out'),(2860,289,10,'2017-07-25 18:47:35.122000','out'),(2861,289,11,'2017-07-25 18:47:53.538000','out'),(2862,289,12,'2017-07-25 13:04:28.320000','out'),(2863,289,13,'2017-01-11 08:39:13.422000','out'),(2864,289,14,'2017-07-25 18:33:11.168000','out'),(2865,289,15,'2017-07-25 18:46:50.559000','out'),(2866,289,16,'2017-07-25 15:53:14.342000','out'),(2867,289,17,'2017-07-25 18:47:28.245000','out'),(2868,289,18,'2017-07-25 18:47:19.938000','out'),(2869,289,19,'2017-07-25 17:57:59.215000','out'),(2870,61,1,'2017-05-11 11:22:40.863000','out'),(2871,61,2,'2017-05-11 10:57:20.416000','out'),(2872,61,3,'2017-05-05 14:37:07.233000','out'),(2873,61,4,'2017-01-11 08:39:13.629000','out'),(2874,61,5,'2017-05-11 11:24:00.479000','out'),(2875,61,6,'2017-05-11 11:22:40.863000','out'),(2876,61,7,'2017-05-11 10:57:20.416000','out'),(2877,61,8,'2017-05-02 14:14:50.986000','out'),(2878,61,9,'2017-01-11 08:39:13.629000','out'),(2879,61,10,'2017-05-10 08:40:22.152000','out'),(2880,61,11,'2017-05-11 11:24:00.479000','out'),(2881,61,12,'2017-05-08 11:33:31.262000','out'),(2882,61,13,'2017-01-11 08:39:13.629000','out'),(2883,61,14,'2017-05-11 13:51:10.501000','out'),(2884,61,15,'2017-05-11 13:51:06.377000','out'),(2885,61,16,'2017-05-11 13:49:31.566000','out'),(2886,61,17,'2017-05-11 15:32:50.486000','out'),(2887,61,18,'2017-05-11 15:32:40.221000','out'),(2888,61,19,'2017-05-11 15:32:37.623000','out'),(2889,299,1,'2017-07-25 09:53:13.636000','out'),(2890,299,2,'2017-07-25 09:53:08.332000','out'),(2891,299,3,'2017-07-21 14:52:30.254000','out'),(2892,299,4,'2017-01-11 08:39:13.969000','out'),(2893,299,5,'2017-07-25 09:53:49.668000','out'),(2894,299,6,'2017-07-25 09:53:13.636000','out'),(2895,299,7,'2017-07-25 09:53:08.332000','out'),(2896,299,8,'2017-07-21 14:52:30.254000','out'),(2897,299,9,'2017-01-11 08:39:13.969000','out'),(2898,299,10,'2017-07-22 14:03:47.482000','out'),(2899,299,11,'2017-07-25 09:53:49.668000','out'),(2900,299,12,'2017-06-02 10:04:56.106000','out'),(2901,299,13,'2017-01-11 08:39:13.969000','out'),(2902,299,14,'2017-07-21 17:57:49.136000','out'),(2903,299,15,'2017-07-25 09:52:40.901000','out'),(2904,299,16,'2017-07-25 09:52:19.617000','out'),(2905,299,17,'2017-07-25 14:11:28.188000','out'),(2906,299,18,'2017-07-25 14:10:25.324000','out'),(2907,299,19,'2017-07-25 13:00:53.936000','out'),(2908,278,1,'2017-04-28 15:32:14.314000','out'),(2909,278,2,'2017-04-28 15:34:14.703000','out'),(2910,278,3,'2017-04-24 08:18:18.935000','out'),(2911,278,4,'2017-01-11 08:39:15.324000','out'),(2912,278,5,'2017-04-28 15:39:49.695000','out'),(2913,278,6,'2017-04-28 15:32:14.314000','out'),(2914,278,7,'2017-04-28 15:34:14.703000','out'),(2915,278,8,'2017-04-24 08:18:18.935000','out'),(2916,278,9,'2017-01-11 08:39:15.324000','out'),(2917,278,10,'2017-04-28 15:39:07.778000','out'),(2918,278,11,'2017-04-28 15:39:49.695000','out'),(2919,278,12,'2017-04-22 18:55:52.650000','out'),(2920,278,13,'2017-01-11 08:39:15.324000','out'),(2921,278,14,'2017-04-28 15:34:35.903000','out'),(2922,278,15,'2017-04-28 15:38:36.749000','out'),(2923,278,16,'2017-04-28 15:38:20.439000','out'),(2924,278,17,'2017-04-27 16:22:19.206000','out'),(2925,278,18,'2017-04-29 07:38:24.316000','out'),(2926,278,19,'2017-04-27 18:23:33.441000','out'),(2927,230,1,'2017-04-29 05:39:56.727000','out'),(2928,230,2,'2017-04-29 05:39:50.872000','out'),(2929,230,3,'2017-04-29 05:40:11.635000','out'),(2930,230,4,'2017-01-11 08:46:04.649000','out'),(2931,230,5,'2017-04-29 05:40:55.285000','out'),(2932,230,6,'2017-04-29 05:39:56.727000','out'),(2933,230,7,'2017-04-28 17:50:22.086000','out'),(2934,230,8,'2017-04-22 16:50:04.731000','out'),(2935,230,9,'2017-01-11 08:46:04.649000','out'),(2936,230,10,'2017-04-29 08:24:10.569000','out'),(2937,230,11,'2017-04-29 05:40:55.285000','out'),(2938,230,12,'2017-04-22 06:31:29.179000','out'),(2939,230,13,'2017-01-11 08:46:04.649000','out'),(2940,230,14,'2017-04-29 05:39:47.145000','out'),(2941,230,15,'2017-04-29 09:46:26.700000','out'),(2942,230,16,'2017-04-29 08:26:38.753000','out'),(2943,230,17,'2017-04-29 08:24:13.853000','out'),(2944,230,18,'2017-04-29 10:23:04.568000','out'),(2945,230,19,'2017-04-29 09:40:37.961000','out'),(2946,218,1,'2017-04-29 12:02:48.770000','out'),(2947,218,2,'2017-04-29 12:02:51.292000','out'),(2948,218,3,'2017-04-29 07:49:49.199000','out'),(2949,218,4,'2017-01-11 09:04:21.975000','out'),(2950,218,5,'2017-04-29 12:02:36.741000','out'),(2951,218,6,'2017-04-29 12:02:48.770000','out'),(2952,218,7,'2017-04-29 12:02:51.292000','out'),(2953,218,8,'2017-01-11 09:04:21.975000','out'),(2954,218,9,'2017-01-11 09:04:21.975000','out'),(2955,218,10,'2017-04-29 12:02:33.848000','out'),(2956,218,11,'2017-04-29 12:02:36.741000','out'),(2957,218,12,'2017-04-29 08:27:35.433000','out'),(2958,218,13,'2017-01-11 09:04:21.975000','out'),(2959,218,14,'2017-04-29 12:03:32.779000','out'),(2960,218,15,'2017-04-29 12:03:07.452000','out'),(2961,218,16,'2017-04-29 10:57:26.598000','out'),(2962,218,17,'2017-04-29 11:34:27.630000','out'),(2963,218,18,'2017-04-29 12:01:10.365000','out'),(2964,218,19,'2017-04-29 11:32:49.928000','out'),(2965,327,1,'2017-07-25 12:29:26.438000','out'),(2966,327,2,'2017-07-24 11:09:02.017000','out'),(2967,327,3,'2017-07-25 12:29:36.483000','out'),(2968,327,4,'2017-01-11 09:58:03.386000','out'),(2969,327,5,'2017-07-24 11:09:50.795000','out'),(2970,327,6,'2017-07-25 12:29:26.438000','out'),(2971,327,7,'2017-07-24 11:09:02.017000','out'),(2972,327,8,'2017-07-25 12:29:36.483000','out'),(2973,327,9,'2017-01-11 09:58:03.386000','out'),(2974,327,10,'2017-07-25 12:31:23.982000','out'),(2975,327,11,'2017-07-24 11:09:50.795000','out'),(2976,327,12,'2017-07-24 14:04:43.275000','out'),(2977,327,13,'2017-01-11 09:58:03.386000','out'),(2978,327,14,'2017-07-25 12:29:19.122000','out'),(2979,327,15,'2017-07-25 12:29:13.858000','out'),(2980,327,16,'2017-07-25 11:17:57.754000','out'),(2981,327,17,'2017-07-25 11:20:18.635000','out'),(2982,327,18,'2017-07-25 12:03:07.820000','out'),(2983,327,19,'2017-07-25 09:03:04.883000','out'),(2984,199,1,'2017-07-24 15:35:11.243000','out'),(2985,199,2,'2017-07-24 15:32:27.138000','out'),(2986,199,3,'2017-07-24 15:34:58.289000','out'),(2987,199,4,'2017-01-11 09:58:38.496000','out'),(2988,199,5,'2017-07-24 15:36:01.034000','out'),(2989,199,6,'2017-07-24 15:35:11.243000','out'),(2990,199,7,'2017-07-24 15:32:27.138000','out'),(2991,199,8,'2017-07-24 15:34:58.289000','out'),(2992,199,9,'2017-01-11 09:58:38.496000','out'),(2993,199,10,'2017-07-24 15:36:06.254000','out'),(2994,199,11,'2017-07-24 15:36:01.034000','out'),(2995,199,12,'2017-06-22 15:49:57.834000','out'),(2996,199,13,'2017-01-11 09:58:38.496000','out'),(2997,199,14,'2017-07-24 15:33:07.077000','out'),(2998,199,15,'2017-07-24 15:27:38.076000','out'),(2999,199,16,'2017-07-24 15:40:26.836000','out'),(3000,199,17,'2017-07-24 13:57:29.661000','out'),(3001,199,18,'2017-07-24 15:44:24.132000','out'),(3002,199,19,'2017-07-24 16:27:32.124000','out'),(3003,179,1,'2017-07-24 11:17:45.390000','out'),(3004,179,2,'2017-07-24 11:17:35.026000','out'),(3005,179,3,'2017-07-24 11:17:41.989000','out'),(3006,179,4,'2017-01-11 09:59:59.943000','out'),(3007,179,5,'2017-07-24 16:21:10.980000','out'),(3008,179,6,'2017-07-24 11:17:45.390000','out'),(3009,179,7,'2017-07-24 11:17:35.026000','out'),(3010,179,8,'2017-07-24 11:17:41.989000','out'),(3011,179,9,'2017-01-11 09:59:59.943000','out'),(3012,179,10,'2017-07-24 16:21:26.541000','out'),(3013,179,11,'2017-07-24 16:21:10.980000','out'),(3014,179,12,'2017-07-21 12:57:31.473000','out'),(3015,179,13,'2017-01-11 09:59:59.943000','out'),(3016,179,14,'2017-07-24 11:33:17.882000','out'),(3017,179,15,'2017-07-24 17:08:09.535000','out'),(3018,179,16,'2017-07-24 17:08:04.096000','out'),(3019,179,17,'2017-07-25 08:54:04.882000','out'),(3020,179,18,'2017-07-25 08:53:58.307000','out'),(3021,179,19,'2017-07-25 08:52:27.352000','out'),(3022,298,1,'2017-07-22 11:36:45.944000','out'),(3023,298,2,'2017-07-22 11:40:12.411000','out'),(3024,298,3,'2017-07-15 19:29:28.994000','out'),(3025,298,4,'2017-01-11 10:03:46.031000','out'),(3026,298,5,'2017-07-22 11:40:42.852000','out'),(3027,298,6,'2017-07-22 11:36:45.944000','out'),(3028,298,7,'2017-07-22 11:40:12.411000','out'),(3029,298,8,'2017-07-15 19:29:12.296000','out'),(3030,298,9,'2017-01-11 10:03:46.031000','out'),(3031,298,10,'2017-07-22 11:36:23.403000','out'),(3032,298,11,'2017-07-22 11:40:42.852000','out'),(3033,298,12,'2017-07-17 11:45:14.799000','out'),(3034,298,13,'2017-01-11 10:03:46.031000','out'),(3035,298,14,'2017-07-22 11:36:51.086000','out'),(3036,298,15,'2017-07-25 09:38:13.216000','out'),(3037,298,16,'2017-07-25 09:37:54.403000','out'),(3038,298,17,'2017-07-25 07:46:36.711000','out'),(3039,298,18,'2017-07-25 09:38:22.972000','out'),(3040,298,19,'2017-07-24 16:04:52.491000','out'),(3041,181,1,'2017-04-29 14:51:18.242000','out'),(3042,181,2,'2017-04-29 14:51:15.063000','out'),(3043,181,3,'2017-04-29 13:45:41.389000','out'),(3044,181,4,'2017-01-11 10:03:47.454000','out'),(3045,181,5,'2017-04-29 15:18:42.034000','out'),(3046,181,6,'2017-04-29 14:51:18.242000','out'),(3047,181,7,'2017-04-29 14:51:15.063000','out'),(3048,181,8,'2017-04-29 13:45:41.389000','out'),(3049,181,9,'2017-01-11 10:03:47.454000','out'),(3050,181,10,'2017-04-29 15:19:12.199000','out'),(3051,181,11,'2017-04-29 15:18:42.034000','out'),(3052,181,12,'2017-04-29 11:45:35.853000','out'),(3053,181,13,'2017-01-11 10:03:47.454000','out'),(3054,181,14,'2017-04-29 14:51:09.784000','out'),(3055,181,15,'2017-04-29 14:28:25.405000','out'),(3056,181,16,'2017-04-29 14:28:10.446000','out'),(3057,181,17,'2017-04-29 15:16:47.522000','out'),(3058,181,18,'2017-04-29 15:16:43.306000','out'),(3059,181,19,'2017-04-29 15:16:22.638000','out'),(3060,234,1,'2017-02-17 13:45:42.260000','out'),(3061,234,2,'2017-02-17 13:45:39.000000','out'),(3062,234,3,'2017-02-17 08:58:58.382000','out'),(3063,234,4,'2017-01-11 10:03:54.905000','out'),(3064,234,5,'2017-03-21 12:34:59.724000','out'),(3065,234,6,'2017-02-17 13:45:42.260000','out'),(3066,234,7,'2017-02-17 13:45:39.000000','out'),(3067,234,8,'2017-02-17 08:58:58.382000','out'),(3068,234,9,'2017-01-11 10:03:54.905000','out'),(3069,234,10,'2017-03-21 12:34:55.182000','out'),(3070,234,11,'2017-03-21 12:34:59.724000','out'),(3071,234,12,'2017-02-17 13:32:17.921000','out'),(3072,234,13,'2017-01-11 10:03:54.905000','out'),(3073,234,14,'2017-02-17 13:44:38.926000','out'),(3074,234,15,'2017-03-21 09:03:51.736000','out'),(3075,234,16,'2017-03-21 09:03:46.775000','out'),(3076,234,17,'2017-03-21 12:35:30.205000','out'),(3077,234,18,'2017-03-21 12:34:48.282000','out'),(3078,234,19,'2017-03-21 12:34:44.957000','out'),(3079,268,1,'2017-01-11 10:04:00.080000','out'),(3080,268,2,'2017-01-11 10:04:00.080000','out'),(3081,268,3,'2017-01-11 10:04:00.080000','out'),(3082,268,4,'2017-01-11 10:04:00.080000','out'),(3083,268,5,'2017-01-11 10:04:38.215000','out'),(3084,268,6,'2017-01-11 10:04:00.080000','out'),(3085,268,7,'2017-01-11 10:04:00.080000','out'),(3086,268,8,'2017-01-11 10:04:00.080000','out'),(3087,268,9,'2017-01-11 10:04:00.080000','out'),(3088,268,10,'2017-01-11 10:04:00.080000','out'),(3089,268,11,'2017-01-11 10:04:38.215000','out'),(3090,268,12,'2017-01-11 10:04:00.080000','out'),(3091,268,13,'2017-01-11 10:04:00.080000','out'),(3092,268,14,'2017-01-11 10:04:00.080000','out'),(3093,268,15,'2017-01-11 10:04:21.852000','out'),(3094,268,16,'2017-05-11 15:40:07.464000','out'),(3095,268,17,'2017-05-11 15:40:24.112000','out'),(3096,268,18,'2017-05-11 15:40:13.767000','out'),(3097,268,19,'2017-01-11 10:04:00.080000','out'),(3098,243,1,'2017-07-13 14:17:42.549000','out'),(3099,243,2,'2017-07-13 06:01:07.177000','out'),(3100,243,3,'2017-07-13 05:34:00.738000','out'),(3101,243,4,'2017-01-11 10:04:02.429000','out'),(3102,243,5,'2017-07-22 13:14:58.150000','out'),(3103,243,6,'2017-07-13 14:17:42.549000','out'),(3104,243,7,'2017-07-13 06:01:07.177000','out'),(3105,243,8,'2017-07-13 05:34:00.738000','out'),(3106,243,9,'2017-01-11 10:04:02.429000','out'),(3107,243,10,'2017-07-22 13:14:59.505000','out'),(3108,243,11,'2017-07-22 13:14:58.150000','out'),(3109,243,12,'2017-07-22 13:13:39.830000','out'),(3110,243,13,'2017-01-11 10:04:02.429000','out'),(3111,243,14,'2017-07-13 12:41:17.527000','out'),(3112,243,15,'2017-07-13 12:41:11.205000','out'),(3113,243,16,'2017-07-22 13:15:28.449000','out'),(3114,243,17,'2017-07-22 13:15:10.084000','out'),(3115,243,18,'2017-07-22 13:18:44.615000','out'),(3116,243,19,'2017-07-22 13:11:43.623000','out'),(3117,346,1,'2017-05-15 07:46:56.282000','out'),(3118,346,2,'2017-05-15 07:46:56.282000','out'),(3119,346,3,'2017-05-15 07:46:56.282000','out'),(3120,346,4,'2017-05-15 07:46:56.282000','out'),(3121,346,5,'2017-05-15 07:46:56.282000','out'),(3122,346,6,'2017-05-15 07:46:56.282000','out'),(3123,346,7,'2017-05-15 07:46:56.282000','out'),(3124,346,8,'2017-05-15 07:46:56.282000','out'),(3125,346,9,'2017-05-15 07:46:56.282000','out'),(3126,346,10,'2017-05-15 07:46:56.282000','out'),(3127,346,11,'2017-05-15 07:46:56.282000','out'),(3128,346,12,'2017-05-15 07:46:56.282000','out'),(3129,346,13,'2017-05-15 07:46:56.282000','out'),(3130,346,14,'2017-05-15 07:46:56.282000','out'),(3131,346,15,'2017-05-15 07:46:56.282000','out'),(3132,346,16,'2017-05-15 07:46:56.282000','out'),(3133,346,17,'2017-05-15 08:56:53.427000','out'),(3134,346,18,'2017-05-15 08:56:51.375000','out'),(3135,346,19,'2017-05-15 07:46:56.282000','out'),(3136,347,1,'2017-05-15 07:46:57.684000','out'),(3137,347,2,'2017-05-15 07:46:57.684000','out'),(3138,347,3,'2017-05-15 07:46:57.684000','out'),(3139,347,4,'2017-05-15 07:46:57.684000','out'),(3140,347,5,'2017-05-15 07:46:57.684000','out'),(3141,347,6,'2017-05-15 07:46:57.684000','out'),(3142,347,7,'2017-05-15 07:46:57.684000','out'),(3143,347,8,'2017-05-15 07:46:57.684000','out'),(3144,347,9,'2017-05-15 07:46:57.684000','out'),(3145,347,10,'2017-05-15 07:46:57.684000','out'),(3146,347,11,'2017-05-15 07:46:57.684000','out'),(3147,347,12,'2017-05-15 07:46:57.684000','out'),(3148,347,13,'2017-05-15 07:46:57.684000','out'),(3149,347,14,'2017-05-15 07:46:57.684000','out'),(3150,347,15,'2017-05-15 07:46:57.684000','out'),(3151,347,16,'2017-05-15 07:46:57.684000','out'),(3152,347,17,'2017-05-15 07:46:57.684000','out'),(3153,347,18,'2017-05-15 08:56:51.647000','out'),(3154,347,19,'2017-05-15 08:56:49.262000','out'),(3155,345,1,'2017-05-15 10:21:20.740000','out'),(3156,345,2,'2017-05-15 07:46:58.091000','out'),(3157,345,3,'2017-05-15 07:46:58.091000','out'),(3158,345,4,'2017-05-15 07:46:58.091000','out'),(3159,345,5,'2017-05-15 07:46:58.091000','out'),(3160,345,6,'2017-05-15 10:21:20.740000','out'),(3161,345,7,'2017-05-15 07:46:58.091000','out'),(3162,345,8,'2017-05-15 07:46:58.091000','out'),(3163,345,9,'2017-05-15 07:46:58.091000','out'),(3164,345,10,'2017-05-15 07:46:58.091000','out'),(3165,345,11,'2017-05-15 07:46:58.091000','out'),(3166,345,12,'2017-05-15 07:46:58.091000','out'),(3167,345,13,'2017-05-15 07:46:58.091000','out'),(3168,345,14,'2017-05-15 10:14:06.004000','out'),(3169,345,15,'2017-05-15 09:31:23.390000','out'),(3170,345,16,'2017-05-15 10:20:47.171000','out'),(3171,345,17,'2017-05-15 10:21:37.886000','out'),(3172,345,18,'2017-05-15 10:21:31.235000','out'),(3173,345,19,'2017-05-15 09:54:37.504000','out');
/*!40000 ALTER TABLE `feed_zone` ENABLE KEYS */;
UNLOCK TABLES;

--
-- Table structure for table `feeds`
--

DROP TABLE IF EXISTS `feeds`;
/*!40101 SET @saved_cs_client     = @@character_set_client */;
/*!40101 SET character_set_client = utf8 */;
CREATE TABLE `feeds` (
  `id` int(20) NOT NULL AUTO_INCREMENT,
  `alias` varchar(255) DEFAULT NULL,
  `title` varchar(255) NOT NULL,
  `private` tinyint(1) NOT NULL,
  `description` varchar(3000) DEFAULT NULL,
  `feed` int(11) DEFAULT NULL,
  `status` varchar(10) NOT NULL,
  `updated` datetime(6) NOT NULL COMMENT 'last time the feed was updated',
  `created` datetime(6) NOT NULL COMMENT 'time of creation',
  `creator` varchar(50) NOT NULL,
  `creator_id` int(11) DEFAULT NULL,
  `version` varchar(5) NOT NULL,
  `website` varchar(255) DEFAULT NULL,
  `disposition` varchar(10) NOT NULL COMMENT 'Whether the “location” is mobile or fixed.',
  `ele` varchar(255) DEFAULT NULL,
  `name` varchar(255) DEFAULT NULL,
  `lat` double DEFAULT NULL,
  `exposure` varchar(20) DEFAULT NULL,
  `lon` double DEFAULT NULL,
  `domain` varchar(20) DEFAULT NULL,
  PRIMARY KEY (`id`),
  KEY `title` (`title`),
  KEY `Description` (`description`(767))
) ENGINE=InnoDB AUTO_INCREMENT=348 DEFAULT CHARSET=latin1;
/*!40101 SET character_set_client = @saved_cs_client */;

--
-- Dumping data for table `feeds`
--

LOCK TABLES `feeds` WRITE;
/*!40000 ALTER TABLE `feeds` DISABLE KEYS */;
INSERT INTO `feeds` VALUES (8,'','0xD88039628DD3',0,NULL,10,'live','2016-06-02 15:45:50.774971','2016-05-18 12:06:41.133152','rtlsuser',171,'1.0.0',NULL,'fixed','plan','Building:Stiegler',0,'indoor',0,''),(9,'','0xD8803962A3F7',0,NULL,10,'live','2016-06-02 15:53:20.251418','2016-05-18 12:06:41.222368','rtlsuser',171,'1.0.0',NULL,'fixed','plan','Building:Stiegler',0,'indoor',0,''),(10,'','0xD88039625892',0,NULL,10,'live','2016-06-02 15:48:54.466157','2016-05-18 12:06:41.312067','rtlsuser',171,'1.0.0',NULL,'fixed','plan','Building:Stiegler',0,'indoor',0,''),(11,'','0xD8803961EA33',0,NULL,10,'live','2016-06-02 15:46:26.559597','2016-05-18 12:06:41.332849','rtlsuser',171,'1.0.0',NULL,'fixed','plan','Building:Stiegler',0,'indoor',0,''),(12,'','0xD88039626E84',0,NULL,10,'live','2016-06-02 15:46:43.730952','2016-05-18 12:06:41.353403','rtlsuser',171,'1.0.0',NULL,'fixed','plan','Building:Stiegler',0,'indoor',0,''),(13,'','0xD8803961EA16',0,NULL,10,'live','2016-06-02 15:50:15.338898','2016-05-18 12:06:41.375543','rtlsuser',171,'1.0.0',NULL,'fixed','plan','Building:Stiegler',0,'indoor',0,''),(14,'','0xD8803961ECEC',0,NULL,10,'live','2016-06-02 15:49:54.998811','2016-05-18 12:06:41.406316','rtlsuser',171,'1.0.0',NULL,'fixed','plan','Building:Stiegler',0,'indoor',0,''),(15,'','0xD8803962127F',0,NULL,10,'live','2016-06-02 15:43:55.956732','2016-05-18 12:06:41.420067','rtlsuser',171,'1.0.0',NULL,'fixed','plan','Building:Stiegler',0,'indoor',0,''),(17,'','0xD88039625AC5',0,NULL,10,'live','2016-06-02 15:52:33.483299','2016-05-18 12:06:41.440658','rtlsuser',171,'1.0.0',NULL,'fixed','plan','Building:Stiegler',0,'indoor',0,''),(18,'','0xD8803961FC5D',0,NULL,10,'live','2016-06-02 15:50:35.344115','2016-05-18 12:06:41.449515','rtlsuser',171,'1.0.0',NULL,'fixed','plan','Building:Stiegler',0,'indoor',0,''),(19,'','0xD8803962A364',0,NULL,10,'live','2016-06-02 16:00:32.628315','2016-05-18 12:06:41.460211','rtlsuser',171,'1.0.0',NULL,'fixed','plan','Building:Stiegler',0,'indoor',0,''),(20,'','0xD88039622046',0,NULL,10,'live','2016-06-02 15:46:10.121897','2016-05-18 12:06:41.473275','rtlsuser',171,'1.0.0',NULL,'fixed','plan','Building:Stiegler',0,'indoor',0,''),(21,'','0xD8803961FDEF',0,NULL,10,'live','2016-06-02 15:51:41.273051','2016-05-18 12:06:41.481796','rtlsuser',171,'1.0.0',NULL,'fixed','plan','Building:Stiegler',0,'indoor',0,''),(22,'','0x00205EA80867',0,NULL,10,'live','2016-06-02 14:39:44.497268','2016-05-18 12:08:08.617176','rtlsuser',171,'1.0.0',NULL,'fixed','plan','Building:Stiegler',0,'indoor',0,''),(23,'','Building:SiConTE',0,NULL,NULL,'live','2016-06-02 14:06:26.607810','2016-05-18 14:30:44.833676','rtlsuser',171,'1.0.0',NULL,'fixed','','',0,'outdoor',0,'physical'),(24,'','0xD880396239B0',0,NULL,10,'live','2016-06-02 15:51:56.450195','2016-05-20 10:25:40.285212','rtlsuser',171,'1.0.0',NULL,'fixed','plan','Building:Stiegler',0,'indoor',0,''),(25,'','0xD88039621F23',0,NULL,10,'live','2016-06-02 15:52:13.079027','2016-06-02 11:40:41.642693','rtlsuser',171,'1.0.0',NULL,'fixed','plan','Building:Stiegler',0,'indoor',0,''),(26,'','0xD8803962884C',0,NULL,10,'live','2016-06-02 15:49:13.166804','2016-06-02 11:40:41.671751','rtlsuser',171,'1.0.0',NULL,'fixed','plan','Building:Stiegler',0,'indoor',0,''),(27,'','0xD8803962946F',0,NULL,10,'live','2016-06-02 15:49:37.774669','2016-06-02 11:40:41.689465','rtlsuser',171,'1.0.0',NULL,'fixed','plan','Building:Stiegler',0,'indoor',0,''),(28,'','0xD880396278DD',0,NULL,10,'live','2016-06-02 15:50:49.998780','2016-06-02 11:40:41.725640','rtlsuser',171,'1.0.0',NULL,'fixed','plan','Building:Stiegler',0,'indoor',0,''),(29,'','0xD8803961F9F6',0,NULL,10,'live','2016-06-02 15:51:01.633924','2016-06-02 11:40:41.744147','rtlsuser',171,'1.0.0',NULL,'fixed','plan','Building:Stiegler',0,'indoor',0,''),(30,'','0xD8803962933F',0,NULL,10,'live','2016-06-02 15:52:58.561014','2016-06-02 12:10:08.725378','rtlsuser',171,'1.0.0',NULL,'fixed','plan','Building:Stiegler',0,'indoor',0,''),(32,'','0x00205EFE0F22',0,NULL,10,'live','2016-07-11 14:15:18.611737','2016-06-02 12:22:47.049134','rtlsuser',171,'1.0.0',NULL,'fixed','plan','Building:Stiegler',0,'indoor',0,''),(33,'','0x00205EFB0E8D',0,NULL,10,'live','2016-07-11 15:37:12.259332','2016-06-02 12:22:48.055058','rtlsuser',171,'1.0.0',NULL,'fixed','plan','Building:Stiegler',0,'indoor',0,''),(34,'','0x00205F0900AB',0,NULL,10,'live','2017-01-11 08:39:19.942369','2016-06-02 12:22:48.122884','rtlsuser',171,'1.0.0',NULL,'fixed','plan','Building:Stiegler',0,'indoor',0,''),(35,'','0x00205EFB1721',0,NULL,10,'live','2016-10-15 14:06:17.313123','2016-06-02 12:22:48.275321','rtlsuser',171,'1.0.0',NULL,'fixed','plan','Building:Stiegler',0,'indoor',0,''),(36,'','0x00205EFE0F29',0,NULL,10,'live','2016-06-02 18:26:20.714584','2016-06-02 12:22:51.378686','rtlsuser',171,'1.0.0',NULL,'fixed','plan','Building:Stiegler',0,'indoor',0,''),(37,'','0x00205EFF1C55',0,NULL,10,'live','2016-06-02 19:09:21.814351','2016-06-02 12:22:51.595766','rtlsuser',171,'1.0.0',NULL,'fixed','plan','Building:Stiegler',0,'indoor',0,''),(38,'','0x00205EFB1024',0,NULL,10,'live','2016-07-11 14:22:28.348752','2016-06-02 12:22:52.666380','rtlsuser',171,'1.0.0',NULL,'fixed','plan','Building:Stiegler',0,'indoor',0,''),(39,'','0x00205F0901E1',0,NULL,10,'live','2016-06-02 18:01:13.741915','2016-06-02 12:23:02.915956','rtlsuser',171,'1.0.0',NULL,'fixed','plan','Building:Stiegler',0,'indoor',0,''),(40,'','0x00205EFE1013',0,NULL,10,'live','2016-07-11 14:17:04.083234','2016-06-02 12:23:02.940146','rtlsuser',171,'1.0.0',NULL,'fixed','plan','Building:Stiegler',0,'indoor',0,''),(41,'','0x00205F090588',0,NULL,10,'live','2017-01-10 18:53:50.677769','2016-06-02 12:23:04.055179','rtlsuser',171,'1.0.0',NULL,'fixed','plan','Building:Stiegler',0,'indoor',0,''),(42,'','Building:Stiegler',0,NULL,NULL,'live','2016-06-02 15:47:14.685405','2016-06-02 14:39:36.016251','rtlsuser',171,'1.0.0',NULL,'fixed','','',0,'outdoor',0,'physical'),(43,'','0x00205EA90CD2',0,NULL,10,'live','2016-11-22 10:25:30.146430','2016-06-02 15:24:20.530958','rtlsuser',171,'1.0.0',NULL,'fixed','plan','Building:Stiegler',0,'indoor',0,''),(44,'','0x00205EFE0E84',0,NULL,10,'live','2017-01-11 08:54:03.748960','2016-06-02 16:29:57.492851','rtlsuser',171,'1.0.0',NULL,'fixed','plan','Building:Stiegler',0,'indoor',0,''),(45,'','0x00205EA90C8B',0,NULL,10,'live','2016-07-11 14:24:12.353029','2016-06-02 16:36:19.425787','rtlsuser',171,'1.0.0',NULL,'fixed','plan','Building:Stiegler',0,'indoor',0,''),(46,'','0x00205F090686',0,NULL,10,'live','2017-01-11 09:17:25.295044','2016-06-02 16:38:55.039671','rtlsuser',171,'1.0.0',NULL,'fixed','plan','Building:Stiegler',0,'indoor',0,''),(47,'','0x00205EFE0F24',0,NULL,10,'live','2017-01-10 18:17:35.658687','2016-06-02 16:39:43.834038','rtlsuser',171,'1.0.0',NULL,'fixed','plan','Building:Stiegler',0,'indoor',0,''),(48,'','0x00205EA90C91',0,NULL,10,'live','2017-01-11 09:00:48.020349','2016-06-02 17:18:30.963886','rtlsuser',171,'1.0.0',NULL,'fixed','plan','Building:Stiegler',0,'indoor',0,''),(49,'','0x00205EFE0E63',0,NULL,10,'live','2017-01-11 08:40:35.769347','2016-06-02 17:18:47.185628','rtlsuser',171,'1.0.0',NULL,'fixed','plan','Building:Stiegler',0,'indoor',0,''),(50,'','0x00205EFE0EB3',0,NULL,10,'live','2017-01-11 08:39:01.474548','2016-06-02 17:19:13.023309','rtlsuser',171,'1.0.0',NULL,'fixed','plan','Building:Stiegler',0,'indoor',0,''),(51,'','0x00205EFB1243',0,NULL,10,'live','2017-01-10 18:32:43.188653','2016-06-02 17:20:28.434631','rtlsuser',171,'1.0.0',NULL,'fixed','plan','Building:Stiegler',0,'indoor',0,''),(52,'','0x00205EFB11DB',0,NULL,10,'live','2017-01-11 08:47:26.503376','2016-06-02 17:50:39.278587','rtlsuser',171,'1.0.0',NULL,'fixed','plan','Building:Stiegler',0,'indoor',0,''),(53,'','0x00205F0906FC',0,NULL,10,'live','2017-01-11 09:53:02.773483','2016-06-02 17:51:09.027896','rtlsuser',171,'1.0.0',NULL,'fixed','plan','Building:Stiegler',0,'indoor',0,''),(54,'','0x00205EFE0F17',0,NULL,10,'live','2016-07-11 14:33:35.175924','2016-06-02 17:51:59.785202','rtlsuser',171,'1.0.0',NULL,'fixed','plan','Building:Stiegler',0,'indoor',0,''),(55,'','0x00205F090810',0,NULL,10,'live','2017-01-11 09:21:58.820903','2016-06-02 17:52:43.054577','rtlsuser',171,'1.0.0',NULL,'fixed','plan','Building:Stiegler',0,'indoor',0,''),(56,'','0x00205EFF1C5F',0,NULL,10,'live','2017-01-11 09:54:36.541475','2016-06-02 17:53:12.198843','rtlsuser',171,'1.0.0',NULL,'fixed','plan','Building:Stiegler',0,'indoor',0,''),(57,'','0x00205EFE0FCD',0,NULL,10,'live','2016-07-11 14:32:15.082325','2016-06-02 17:54:12.881057','rtlsuser',171,'1.0.0',NULL,'fixed','plan','Building:Stiegler',0,'indoor',0,''),(58,'','0x00205F09060E',0,NULL,10,'live','2017-01-11 08:39:18.275722','2016-06-02 17:54:44.419401','rtlsuser',171,'1.0.0',NULL,'fixed','plan','Building:Stiegler',0,'indoor',0,''),(59,'','0x00205EFF1C54',0,NULL,10,'live','2016-07-11 14:31:23.773473','2016-06-02 17:56:39.776910','rtlsuser',171,'1.0.0',NULL,'fixed','plan','Building:Stiegler',0,'indoor',0,''),(60,'','0x00205EFE1017',0,NULL,10,'live','2017-01-11 08:38:53.506052','2016-06-02 17:57:13.137101','rtlsuser',171,'1.0.0',NULL,'fixed','plan','Building:Stiegler',0,'indoor',0,''),(61,'','0x00205EFE0EFB',0,NULL,10,'live','2017-01-11 08:40:57.539768','2016-06-02 17:57:33.556938','rtlsuser',171,'1.0.0',NULL,'fixed','plan','Building:Stiegler',0,'indoor',0,''),(62,'','0x00205EFF1C4F',0,NULL,10,'live','2017-01-11 08:38:52.929377','2016-06-02 17:57:59.385678','rtlsuser',171,'1.0.0',NULL,'fixed','plan','Building:Stiegler',0,'indoor',0,''),(63,'','0x00205EFB115F',0,NULL,10,'live','2017-01-11 08:39:23.012129','2016-06-02 17:58:23.112704','rtlsuser',171,'1.0.0',NULL,'fixed','plan','Building:Stiegler',0,'indoor',0,''),(64,'','0x00205EA907AE',0,NULL,10,'live','2017-01-11 08:40:55.604005','2016-06-02 18:02:28.860179','rtlsuser',171,'1.0.0',NULL,'fixed','plan','Building:Stiegler',0,'indoor',0,''),(65,'','0x00205EFF1C25',0,NULL,10,'live','2017-01-11 08:41:03.320522','2016-06-02 18:04:22.445262','rtlsuser',171,'1.0.0',NULL,'fixed','plan','Building:Stiegler',0,'indoor',0,''),(66,'','0x00205EFE0F6D',0,NULL,10,'live','2017-01-11 08:40:59.457644','2016-06-02 18:04:44.380606','rtlsuser',171,'1.0.0',NULL,'fixed','plan','Building:Stiegler',0,'indoor',0,''),(67,'','0x00205EFE0ECA',0,NULL,10,'live','2017-01-11 09:56:05.393788','2016-06-02 18:05:05.106693','rtlsuser',171,'1.0.0',NULL,'fixed','plan','Building:Stiegler',0,'indoor',0,''),(68,'','0x00205F0905B7',0,NULL,10,'live','2017-01-11 08:39:13.045119','2016-06-02 18:05:38.454771','rtlsuser',171,'1.0.0',NULL,'fixed','plan','Building:Stiegler',0,'indoor',0,''),(69,'','0x00205EFB0F98',0,NULL,10,'live','2017-01-11 09:17:49.961208','2016-06-02 18:06:16.298626','rtlsuser',171,'1.0.0',NULL,'fixed','plan','Building:Stiegler',0,'indoor',0,''),(147,'','0x00205F0908FA',0,NULL,10,'live','2017-01-11 09:18:04.477922','2016-06-03 09:23:08.434514','rtlsuser',171,'1.0.0',NULL,'fixed','plan','Building:Stiegler',0,'indoor',0,''),(148,'','0x00205EFE0EC9',0,NULL,10,'live','2017-01-11 09:21:58.831208','2016-06-03 09:23:08.465333','rtlsuser',171,'1.0.0',NULL,'fixed','plan','Building:Stiegler',0,'indoor',0,''),(149,'','0x00205EFB100F',0,NULL,10,'live','2017-01-10 18:32:33.922255','2016-06-03 09:23:10.422770','rtlsuser',171,'1.0.0',NULL,'fixed','plan','Building:Stiegler',0,'indoor',0,''),(150,'','0x00205EFB16DB',0,NULL,10,'live','2016-07-11 14:41:24.223326','2016-06-03 09:23:11.490552','rtlsuser',171,'1.0.0',NULL,'fixed','plan','Building:Stiegler',0,'indoor',0,''),(151,'','0x00205EFE0FC7',0,NULL,10,'live','2017-01-10 18:37:37.212963','2016-06-03 09:23:11.924417','rtlsuser',171,'1.0.0',NULL,'fixed','plan','Building:Stiegler',0,'indoor',0,''),(152,'','0x00205F0907BC',0,NULL,10,'live','2017-01-10 18:14:45.621505','2016-06-03 09:23:15.448728','rtlsuser',171,'1.0.0',NULL,'fixed','plan','Building:Stiegler',0,'indoor',0,''),(153,'','0x00205EFB14E5',0,NULL,10,'live','2017-01-11 08:38:47.925028','2016-06-03 09:24:32.570239','rtlsuser',171,'1.0.0',NULL,'fixed','plan','Building:Stiegler',0,'indoor',0,''),(154,'','0x00205EA90759',0,NULL,10,'live','2017-01-11 09:19:08.564380','2016-06-03 09:24:38.801779','rtlsuser',171,'1.0.0',NULL,'fixed','plan','Building:Stiegler',0,'indoor',0,''),(155,'','0x00205EFE1052',0,NULL,10,'live','2016-07-11 14:43:07.161005','2016-06-03 09:26:37.575664','rtlsuser',171,'1.0.0',NULL,'fixed','plan','Building:Stiegler',0,'indoor',0,''),(156,'','0x00205EFB1544',0,NULL,10,'live','2017-01-10 18:35:31.769234','2016-06-03 09:28:33.960702','rtlsuser',171,'1.0.0',NULL,'fixed','plan','Building:Stiegler',0,'indoor',0,''),(157,'','0x00205EFB0DF3',0,NULL,10,'live','2017-01-11 08:49:32.059633','2016-06-03 09:28:35.032895','rtlsuser',171,'1.0.0',NULL,'fixed','plan','Building:Stiegler',0,'indoor',0,''),(158,'','0x00205F09010E',0,NULL,10,'live','2017-01-10 18:17:06.498151','2016-06-03 09:28:46.071221','rtlsuser',171,'1.0.0',NULL,'fixed','plan','Building:Stiegler',0,'indoor',0,''),(159,'','0x00205EFB0FD4',0,NULL,10,'live','2017-01-10 18:13:52.914094','2016-06-03 09:28:50.147675','rtlsuser',171,'1.0.0',NULL,'fixed','plan','Building:Stiegler',0,'indoor',0,''),(160,'','0x00205F090123',0,NULL,10,'live','2017-01-10 18:16:39.050160','2016-06-03 09:28:53.552426','rtlsuser',171,'1.0.0',NULL,'fixed','plan','Building:Stiegler',0,'indoor',0,''),(161,'','0x00205EFB14CB',0,NULL,10,'live','2016-06-07 11:47:41.957665','2016-06-03 09:28:54.821229','rtlsuser',171,'1.0.0',NULL,'fixed','plan','Building:Stiegler',0,'indoor',0,''),(162,'','0x00205EFB1321',0,NULL,10,'live','2017-01-10 18:15:43.034275','2016-06-03 09:29:13.381659','rtlsuser',171,'1.0.0',NULL,'fixed','plan','Building:Stiegler',0,'indoor',0,''),(163,'','0x00205EFF1CE9',0,NULL,10,'live','2017-01-10 18:15:34.680274','2016-06-03 09:31:52.297411','rtlsuser',171,'1.0.0',NULL,'fixed','plan','Building:Stiegler',0,'indoor',0,''),(164,'','0x00205EFE0E93',0,NULL,10,'live','2016-07-11 16:14:47.846889','2016-06-03 09:31:55.448508','rtlsuser',171,'1.0.0',NULL,'fixed','plan','Building:Stiegler',0,'indoor',0,''),(165,'','0x00205F090020',0,NULL,10,'live','2016-07-11 14:47:09.500118','2016-06-03 09:33:43.973886','rtlsuser',171,'1.0.0',NULL,'fixed','plan','Building:Stiegler',0,'indoor',0,''),(177,'','0x00205EFB0EE2',0,NULL,10,'live','2017-01-10 15:51:11.389636','2016-06-03 10:09:29.663455','rtlsuser',171,'1.0.0',NULL,'fixed','plan','Building:Stiegler',0,'indoor',0,''),(178,'','0x00205EFB12AC',0,NULL,10,'live','2017-01-10 18:22:27.291300','2016-06-03 10:09:30.401884','rtlsuser',171,'1.0.0',NULL,'fixed','plan','Building:Stiegler',0,'indoor',0,''),(179,'','0x00205EFB1577',0,NULL,10,'live','2017-01-11 08:49:50.436440','2016-06-03 10:09:30.491672','rtlsuser',171,'1.0.0',NULL,'fixed','plan','Building:Stiegler',0,'indoor',0,''),(180,'','0x00205EFE0EFC',0,NULL,10,'live','2017-01-10 18:32:23.139791','2016-06-03 10:09:30.837117','rtlsuser',171,'1.0.0',NULL,'fixed','plan','Building:Stiegler',0,'indoor',0,''),(181,'','0x00205EFB12B6',0,NULL,10,'live','2017-01-11 08:49:49.029963','2016-06-03 10:09:31.018866','rtlsuser',171,'1.0.0',NULL,'fixed','plan','Building:Stiegler',0,'indoor',0,''),(182,'','0x00205EFB1344',0,NULL,10,'live','2017-01-11 08:39:17.801736','2016-06-03 10:09:31.133600','rtlsuser',171,'1.0.0',NULL,'fixed','plan','Building:Stiegler',0,'indoor',0,''),(183,'','0x00205EFF1C30',0,NULL,10,'live','2016-07-12 12:01:47.202369','2016-06-03 10:09:31.145117','rtlsuser',171,'1.0.0',NULL,'fixed','plan','Building:Stiegler',0,'indoor',0,''),(184,'','0x00205EFB1250',0,NULL,10,'live','2016-07-12 09:30:36.885834','2016-06-03 10:09:31.393637','rtlsuser',171,'1.0.0',NULL,'fixed','plan','Building:Stiegler',0,'indoor',0,''),(185,'','0x00205F090103',0,NULL,10,'live','2016-07-11 14:19:01.286250','2016-06-03 10:09:31.694020','rtlsuser',171,'1.0.0',NULL,'fixed','plan','Building:Stiegler',0,'indoor',0,''),(186,'','0x00205EFB15C8',0,NULL,10,'live','2016-07-11 14:52:59.847569','2016-06-03 10:09:32.901958','rtlsuser',171,'1.0.0',NULL,'fixed','plan','Building:Stiegler',0,'indoor',0,''),(187,'','0x00205F090075',0,NULL,10,'live','2017-01-11 08:40:35.429028','2016-06-03 10:09:36.008734','rtlsuser',171,'1.0.0',NULL,'fixed','plan','Building:Stiegler',0,'indoor',0,''),(188,'','0x00205EFB152A',0,NULL,10,'live','2017-01-11 08:39:40.480331','2016-06-03 10:09:36.263246','rtlsuser',171,'1.0.0',NULL,'fixed','plan','Building:Stiegler',0,'indoor',0,''),(189,'','0x00205EFB126B',0,NULL,10,'live','2017-01-10 18:15:57.709449','2016-06-03 10:09:36.363099','rtlsuser',171,'1.0.0',NULL,'fixed','plan','Building:Stiegler',0,'indoor',0,''),(190,'','0x00205EFB161F',0,NULL,10,'live','2017-01-10 18:14:58.636328','2016-06-03 10:09:36.405200','rtlsuser',171,'1.0.0',NULL,'fixed','plan','Building:Stiegler',0,'indoor',0,''),(191,'','0x00205EFB1706',0,NULL,10,'live','2016-07-11 14:55:22.305313','2016-06-03 10:09:36.552643','rtlsuser',171,'1.0.0',NULL,'fixed','plan','Building:Stiegler',0,'indoor',0,''),(192,'','0x00205EFE0F3F',0,NULL,10,'live','2017-01-10 18:16:27.360534','2016-06-03 10:09:36.665633','rtlsuser',171,'1.0.0',NULL,'fixed','plan','Building:Stiegler',0,'indoor',0,''),(193,'','0x00205F090096',0,NULL,10,'live','2016-07-11 14:56:21.620409','2016-06-03 10:09:36.793613','rtlsuser',171,'1.0.0',NULL,'fixed','plan','Building:Stiegler',0,'indoor',0,''),(194,'','0x00205EFB134B',0,NULL,10,'live','2017-01-11 09:22:28.474183','2016-06-03 10:09:36.861129','rtlsuser',171,'1.0.0',NULL,'fixed','plan','Building:Stiegler',0,'indoor',0,''),(195,'','0x00205F090895',0,NULL,10,'live','2016-07-11 14:57:13.133477','2016-06-03 10:09:38.031054','rtlsuser',171,'1.0.0',NULL,'fixed','plan','Building:Stiegler',0,'indoor',0,''),(196,'','0x00205EFB1588',0,NULL,10,'live','2017-01-10 18:18:04.057471','2016-06-03 10:09:38.759164','rtlsuser',171,'1.0.0',NULL,'fixed','plan','Building:Stiegler',0,'indoor',0,''),(197,'','0x00205F090079',0,NULL,10,'live','2017-01-11 08:48:09.483381','2016-06-03 10:09:38.804425','rtlsuser',171,'1.0.0',NULL,'fixed','plan','Building:Stiegler',0,'indoor',0,''),(198,'','0x00205EFB0E82',0,NULL,10,'live','2017-01-10 18:37:48.832804','2016-06-03 10:09:47.133021','rtlsuser',171,'1.0.0',NULL,'fixed','plan','Building:Stiegler',0,'indoor',0,''),(199,'','0x00205EFE0F9B',0,NULL,10,'live','2017-01-11 08:49:47.028445','2016-06-03 10:10:04.445050','rtlsuser',171,'1.0.0',NULL,'fixed','plan','Building:Stiegler',0,'indoor',0,''),(212,'','0x00205F09087F',0,NULL,10,'live','2017-01-10 18:16:47.106375','2016-06-04 09:11:48.184158','rtlsuser',171,'1.0.0',NULL,'fixed','plan','Building:Stiegler',0,'indoor',0,''),(213,'','0x00205EA90C93',0,NULL,10,'live','2017-01-11 08:46:30.909606','2016-06-04 09:11:51.778104','rtlsuser',171,'1.0.0',NULL,'fixed','plan','Building:Stiegler',0,'indoor',0,''),(214,'','0x00205EFB16D9',0,NULL,10,'live','2016-07-11 16:03:02.022294','2016-06-04 09:11:52.011981','rtlsuser',171,'1.0.0',NULL,'fixed','plan','Building:Stiegler',0,'indoor',0,''),(215,'','0x00205EFB1709',0,NULL,10,'live','2017-01-10 18:17:55.559129','2016-06-04 09:12:19.692975','rtlsuser',171,'1.0.0',NULL,'fixed','plan','Building:Stiegler',0,'indoor',0,''),(216,'','0x00205EFB1113',0,NULL,10,'live','2017-01-10 18:12:25.738137','2016-06-04 09:12:38.689161','rtlsuser',171,'1.0.0',NULL,'fixed','plan','Building:Stiegler',0,'indoor',0,''),(217,'','0x00205EFB1570',0,NULL,10,'live','2017-01-10 18:14:06.162278','2016-06-04 09:12:54.544331','rtlsuser',171,'1.0.0',NULL,'fixed','plan','Building:Stiegler',0,'indoor',0,''),(218,'','0x00205EFB12E8',0,NULL,10,'live','2017-01-11 09:04:11.283370','2016-06-04 09:12:56.384254','rtlsuser',171,'1.0.0',NULL,'fixed','plan','Building:Stiegler',0,'indoor',0,''),(219,'','0x00205EFF19A1',0,NULL,10,'live','2017-01-11 09:16:47.209685','2016-06-04 09:12:57.690119','rtlsuser',171,'1.0.0',NULL,'fixed','plan','Building:Stiegler',0,'indoor',0,''),(220,'','0x00205F0906A6',0,NULL,10,'live','2016-07-11 14:53:50.941323','2016-06-04 09:13:03.176450','rtlsuser',171,'1.0.0',NULL,'fixed','plan','Building:Stiegler',0,'indoor',0,''),(221,'','0x00205EFB1684',0,NULL,10,'live','2016-07-11 14:53:36.096832','2016-06-04 09:14:22.585263','rtlsuser',171,'1.0.0',NULL,'fixed','plan','Building:Stiegler',0,'indoor',0,''),(222,'','0x00205F090866',0,NULL,10,'live','2017-01-10 18:15:21.612976','2016-06-04 09:16:03.712084','rtlsuser',171,'1.0.0',NULL,'fixed','plan','Building:Stiegler',0,'indoor',0,''),(223,'','0x00205EFB13BE',0,NULL,10,'live','2016-07-12 12:00:59.016597','2016-06-04 09:16:07.967892','rtlsuser',171,'1.0.0',NULL,'fixed','plan','Building:Stiegler',0,'indoor',0,''),(224,'','0x00205EFE10D1',0,NULL,10,'live','2016-07-11 14:50:26.404984','2016-06-04 09:16:12.455714','rtlsuser',171,'1.0.0',NULL,'fixed','plan','Building:Stiegler',0,'indoor',0,''),(225,'','0x00205F090209',0,NULL,10,'live','2016-07-11 14:50:14.128055','2016-06-04 09:16:12.475090','rtlsuser',171,'1.0.0',NULL,'fixed','plan','Building:Stiegler',0,'indoor',0,''),(226,'','0x00205EFB1269',0,NULL,10,'live','2017-01-10 18:52:43.899477','2016-06-04 09:16:12.499619','rtlsuser',171,'1.0.0',NULL,'fixed','plan','Building:Stiegler',0,'indoor',0,''),(227,'','0x00205EFB151A',0,NULL,10,'live','2017-01-10 18:37:04.722990','2016-06-04 09:16:21.794806','rtlsuser',171,'1.0.0',NULL,'fixed','plan','Building:Stiegler',0,'indoor',0,''),(228,'','0x00205EFF1C60',0,NULL,10,'live','2017-01-10 18:15:11.035352','2016-06-04 09:16:57.533113','rtlsuser',171,'1.0.0',NULL,'fixed','plan','Building:Stiegler',0,'indoor',0,''),(229,'','0x00205EFB16CF',0,NULL,10,'live','2016-07-11 14:49:21.805967','2016-06-04 09:19:24.876523','rtlsuser',171,'1.0.0',NULL,'fixed','plan','Building:Stiegler',0,'indoor',0,''),(230,'','0x00205F0905B3',0,NULL,10,'live','2017-01-11 09:15:40.334912','2016-06-04 09:20:32.042849','rtlsuser',171,'1.0.0',NULL,'fixed','plan','Building:Stiegler',0,'indoor',0,''),(231,'','0x00205F0908A2',0,NULL,10,'live','2017-01-10 18:35:43.521687','2016-06-04 09:20:32.903928','rtlsuser',171,'1.0.0',NULL,'fixed','plan','Building:Stiegler',0,'indoor',0,''),(232,'','0x00205EFF1C6F',0,NULL,10,'live','2016-07-11 14:48:44.391797','2016-06-04 09:22:24.946036','rtlsuser',171,'1.0.0',NULL,'fixed','plan','Building:Stiegler',0,'indoor',0,''),(233,'','0x00205EFB0D7C',0,NULL,10,'live','2017-01-10 18:16:55.716536','2016-06-04 10:48:49.688285','rtlsuser',171,'1.0.0',NULL,'fixed','plan','Building:Stiegler',0,'indoor',0,''),(234,'','0x00205EFB15DF',0,NULL,10,'live','2017-01-11 08:33:36.074528','2016-06-08 10:18:10.256999','rtlsuser',171,'1.0.0',NULL,'fixed','plan','Building:Stiegler',0,'indoor',0,''),(235,'','0x00205EA9075A',0,NULL,10,'live','2016-07-11 14:48:01.388578','2016-06-08 10:38:17.027805','rtlsuser',171,'1.0.0',NULL,'fixed','plan','Building:Stiegler',0,'indoor',0,''),(236,'','0x00205EFE0F84',0,NULL,10,'live','2016-07-12 12:04:11.575949','2016-06-10 08:03:48.054646','rtlsuser',171,'1.0.0',NULL,'fixed','plan','Building:Stiegler',0,'indoor',0,''),(237,'','0x00205EFB149E',0,NULL,10,'live','2016-07-12 12:06:00.104446','2016-06-10 09:11:07.160799','rtlsuser',171,'1.0.0',NULL,'fixed','plan','Building:Stiegler',0,'indoor',0,''),(238,'','0x00205EFE0EA0',0,NULL,10,'live','2017-01-11 08:48:43.308532','2016-06-10 09:20:37.120100','rtlsuser',171,'1.0.0',NULL,'fixed','plan','Building:Stiegler',0,'indoor',0,''),(239,'','0x00205EFB15BF',0,NULL,10,'live','2017-01-11 08:40:59.974421','2016-06-17 11:33:59.959537','rtlsuser',171,'1.0.0',NULL,'fixed','plan','Building:Stiegler',0,'indoor',0,''),(240,'','0x00205F151082',0,NULL,10,'live','2017-01-10 18:41:09.433566','2016-07-11 12:45:16.494956','rtlsuser',171,'1.0.0',NULL,'fixed','plan','Building:Stiegler',0,'indoor',0,''),(241,'','0x00205F151079',0,NULL,10,'live','2017-01-11 08:58:16.609999','2016-07-11 12:58:49.106734','rtlsuser',171,'1.0.0',NULL,'fixed','plan','Building:Stiegler',0,'indoor',0,''),(242,'','0x00205F151063',0,NULL,10,'live','2016-07-12 09:36:22.666630','2016-07-11 13:17:24.699218','rtlsuser',171,'1.0.0',NULL,'fixed','plan','Building:Stiegler',0,'indoor',0,''),(243,'','0x00205F1510AA',0,NULL,10,'live','2017-01-11 08:33:51.900077','2016-07-11 13:19:58.764758','rtlsuser',171,'1.0.0',NULL,'fixed','plan','Building:Stiegler',0,'indoor',0,''),(244,'','0x00205F151107',0,NULL,10,'live','2017-01-10 18:38:35.539407','2016-07-11 13:22:21.625973','rtlsuser',171,'1.0.0',NULL,'fixed','plan','Building:Stiegler',0,'indoor',0,''),(245,'','0x00205F150E4A',0,NULL,10,'live','2017-01-11 08:59:24.051997','2016-07-11 13:24:29.569371','rtlsuser',171,'1.0.0',NULL,'fixed','plan','Building:Stiegler',0,'indoor',0,''),(246,'','0x00205F1510ED',0,NULL,10,'live','2017-01-11 09:10:38.274846','2016-07-11 13:26:52.313925','rtlsuser',171,'1.0.0',NULL,'fixed','plan','Building:Stiegler',0,'indoor',0,''),(247,'','0x00205F151062',0,NULL,10,'live','2017-01-10 18:46:09.869116','2016-07-11 13:29:36.520390','rtlsuser',171,'1.0.0',NULL,'fixed','plan','Building:Stiegler',0,'indoor',0,''),(248,'','0x00205F1510AC',0,NULL,10,'live','2017-01-11 09:03:16.335472','2016-07-11 13:32:02.144814','rtlsuser',171,'1.0.0',NULL,'fixed','plan','Building:Stiegler',0,'indoor',0,''),(249,'','0x00205F151066',0,NULL,10,'live','2017-01-11 08:45:40.204724','2016-07-11 13:33:58.828187','rtlsuser',171,'1.0.0',NULL,'fixed','plan','Building:Stiegler',0,'indoor',0,''),(250,'','0x00205F1510FF',0,NULL,10,'live','2017-01-10 18:41:19.502996','2016-07-11 13:36:29.820379','rtlsuser',171,'1.0.0',NULL,'fixed','plan','Building:Stiegler',0,'indoor',0,''),(251,'','0x00205F151106',0,NULL,10,'live','2017-01-11 09:05:53.776205','2016-07-11 13:38:58.848582','rtlsuser',171,'1.0.0',NULL,'fixed','plan','Building:Stiegler',0,'indoor',0,''),(252,'','0x00205F15105D',0,NULL,10,'live','2016-07-11 14:45:30.926487','2016-07-11 13:46:21.515738','rtlsuser',171,'1.0.0',NULL,'fixed','plan','Building:Stiegler',0,'indoor',0,''),(253,'','0x00205F150E49',0,NULL,10,'live','2017-01-10 18:42:04.428329','2016-07-11 13:48:51.328811','rtlsuser',171,'1.0.0',NULL,'fixed','plan','Building:Stiegler',0,'indoor',0,''),(254,'','0x00205F1510B8',0,NULL,10,'live','2016-07-11 14:44:39.617532','2016-07-11 13:50:46.918591','rtlsuser',171,'1.0.0',NULL,'fixed','plan','Building:Stiegler',0,'indoor',0,''),(255,'','0x00205F1510D6',0,NULL,10,'live','2017-01-10 18:45:28.071202','2016-07-11 13:52:35.600476','rtlsuser',171,'1.0.0',NULL,'fixed','plan','Building:Stiegler',0,'indoor',0,''),(256,'','0x00205F1510A2',0,NULL,10,'live','2016-07-11 14:44:04.763704','2016-07-11 13:54:38.102581','rtlsuser',171,'1.0.0',NULL,'fixed','plan','Building:Stiegler',0,'indoor',0,''),(257,'','0x00205F1510AE',0,NULL,10,'live','2017-01-11 08:59:57.064488','2016-07-11 13:56:12.416524','rtlsuser',171,'1.0.0',NULL,'fixed','plan','Building:Stiegler',0,'indoor',0,''),(258,'','0x00205F1510F4',0,NULL,10,'live','2017-01-10 18:38:43.136559','2016-07-11 13:58:16.404442','rtlsuser',171,'1.0.0',NULL,'fixed','plan','Building:Stiegler',0,'indoor',0,''),(259,'','0x00205F151085',0,NULL,10,'live','2017-01-10 18:40:28.919970','2016-07-11 14:00:22.219974','rtlsuser',171,'1.0.0',NULL,'fixed','plan','Building:Stiegler',0,'indoor',0,''),(260,'','0x00205F150CC6',0,NULL,10,'live','2017-01-11 09:10:48.582467','2016-07-11 14:02:00.958640','rtlsuser',171,'1.0.0',NULL,'fixed','plan','Building:Stiegler',0,'indoor',0,''),(261,'','0x00205F150A3A',0,NULL,10,'live','2017-01-10 18:41:39.639533','2016-07-11 14:04:05.605267','rtlsuser',171,'1.0.0',NULL,'fixed','plan','Building:Stiegler',0,'indoor',0,''),(262,'','0x00205F1510DC',0,NULL,10,'live','2016-07-11 14:43:23.689022','2016-07-11 14:09:07.111710','rtlsuser',171,'1.0.0',NULL,'fixed','plan','Building:Stiegler',0,'indoor',0,''),(263,'','0x00205F151036',0,NULL,10,'live','2017-01-11 09:55:09.840642','2016-07-11 14:11:00.988917','rtlsuser',171,'1.0.0',NULL,'fixed','plan','Building:Stiegler',0,'indoor',0,''),(264,'','0x00205F150A57',0,NULL,10,'live','2017-01-11 09:12:49.521496','2016-07-11 14:12:46.636167','rtlsuser',171,'1.0.0',NULL,'fixed','plan','Building:Stiegler',0,'indoor',0,''),(265,'','0x00205F1510A1',0,NULL,10,'live','2016-07-11 14:42:36.063602','2016-07-11 14:14:49.624619','rtlsuser',171,'1.0.0',NULL,'fixed','plan','Building:Stiegler',0,'indoor',0,''),(266,'','0x00205F15109D',0,NULL,10,'live','2017-01-11 09:18:03.204669','2016-07-11 14:16:50.070679','rtlsuser',171,'1.0.0',NULL,'fixed','plan','Building:Stiegler',0,'indoor',0,''),(267,'','0x00205F150CD4',0,NULL,10,'live','2017-01-11 08:46:43.543020','2016-07-11 14:20:52.787651','rtlsuser',171,'1.0.0',NULL,'fixed','plan','Building:Stiegler',0,'indoor',0,''),(268,'','0x00205F1510EE',0,NULL,10,'live','2017-01-11 08:49:43.723947','2016-07-11 14:22:17.508713','rtlsuser',171,'1.0.0',NULL,'fixed','plan','Building:Stiegler',0,'indoor',0,''),(269,'','0x00205F1510B3',0,NULL,10,'live','2017-01-11 08:49:55.331970','2016-07-11 14:23:52.709930','rtlsuser',171,'1.0.0',NULL,'fixed','plan','Building:Stiegler',0,'indoor',0,''),(270,'','0x00205F1510DB',0,NULL,10,'live','2017-01-11 08:52:50.184305','2016-07-11 14:25:34.602843','rtlsuser',171,'1.0.0',NULL,'fixed','plan','Building:Stiegler',0,'indoor',0,''),(271,'','0x00205F15108D',0,NULL,10,'live','2017-01-10 18:45:50.193974','2016-07-11 14:27:18.860311','rtlsuser',171,'1.0.0',NULL,'fixed','plan','Building:Stiegler',0,'indoor',0,''),(272,'','0x00205F150CC8',0,NULL,10,'live','2017-01-11 08:59:09.705884','2016-07-11 14:31:15.288330','rtlsuser',171,'1.0.0',NULL,'fixed','plan','Building:Stiegler',0,'indoor',0,''),(273,'','0x00205F151091',0,NULL,10,'live','2017-01-10 18:43:25.931215','2016-07-11 14:33:10.529306','rtlsuser',171,'1.0.0',NULL,'fixed','plan','Building:Stiegler',0,'indoor',0,''),(274,'','0x00205F151019',0,NULL,10,'live','2017-01-10 18:39:55.239463','2016-07-11 14:37:16.037621','rtlsuser',171,'1.0.0',NULL,'fixed','plan','Building:Stiegler',0,'indoor',0,''),(275,'','0x00205F1510FD',0,NULL,10,'live','2017-01-11 09:17:49.199899','2016-07-11 14:39:20.104970','rtlsuser',171,'1.0.0',NULL,'fixed','plan','Building:Stiegler',0,'indoor',0,''),(276,'','0x00205F1510F8',0,NULL,10,'live','2017-01-11 08:49:45.365200','2016-07-11 14:40:46.239109','rtlsuser',171,'1.0.0',NULL,'fixed','plan','Building:Stiegler',0,'indoor',0,''),(277,'','0x00205F1510B7',0,NULL,10,'live','2017-01-11 09:12:08.314788','2016-07-11 14:42:41.175884','rtlsuser',171,'1.0.0',NULL,'fixed','plan','Building:Stiegler',0,'indoor',0,''),(278,'','0x00205F15105B',0,NULL,10,'live','2017-01-11 09:10:18.374469','2016-07-11 14:44:55.876343','rtlsuser',171,'1.0.0',NULL,'fixed','plan','Building:Stiegler',0,'indoor',0,''),(279,'','0x00205F151021',0,NULL,10,'live','2017-01-11 09:13:22.823584','2016-07-11 14:46:36.817089','rtlsuser',171,'1.0.0',NULL,'fixed','plan','Building:Stiegler',0,'indoor',0,''),(280,'','0x00205F15107E',0,NULL,10,'live','2017-01-11 08:39:46.041518','2016-07-11 14:47:54.189400','rtlsuser',171,'1.0.0',NULL,'fixed','plan','Building:Stiegler',0,'indoor',0,''),(281,'','0x00205F1510D9',0,NULL,10,'live','2017-01-11 09:12:37.830439','2016-07-11 14:49:48.659750','rtlsuser',171,'1.0.0',NULL,'fixed','plan','Building:Stiegler',0,'indoor',0,''),(282,'','0x00205F15101F',0,NULL,10,'live','2016-07-11 14:57:45.871620','2016-07-11 14:52:31.615523','rtlsuser',171,'1.0.0',NULL,'fixed','plan','Building:Stiegler',0,'indoor',0,''),(283,'','0x00205F1510F7',0,NULL,10,'live','2016-07-11 14:58:03.547096','2016-07-11 14:54:05.330877','rtlsuser',171,'1.0.0',NULL,'fixed','plan','Building:Stiegler',0,'indoor',0,''),(284,'','0x00205F15110B',0,NULL,10,'live','2017-01-10 18:50:58.687331','2016-07-11 14:55:44.409019','rtlsuser',171,'1.0.0',NULL,'fixed','plan','Building:Stiegler',0,'indoor',0,''),(285,'','0x00205F1510DD',0,NULL,10,'live','2017-01-11 08:57:12.477837','2016-07-11 14:57:22.715672','rtlsuser',171,'1.0.0',NULL,'fixed','plan','Building:Stiegler',0,'indoor',0,''),(286,'','0x00205F150A40',0,NULL,10,'live','2017-01-11 09:03:28.534122','2016-07-11 14:58:59.526642','rtlsuser',171,'1.0.0',NULL,'fixed','plan','Building:Stiegler',0,'indoor',0,''),(287,'','0x00205F1510A9',0,NULL,10,'live','2017-01-10 18:50:46.135970','2016-07-11 15:00:50.830182','rtlsuser',171,'1.0.0',NULL,'fixed','plan','Building:Stiegler',0,'indoor',0,''),(288,'','0x00205F151054',0,NULL,10,'live','2017-01-11 09:09:54.414309','2016-07-11 15:02:43.097953','rtlsuser',171,'1.0.0',NULL,'fixed','plan','Building:Stiegler',0,'indoor',0,''),(289,'','0x00205F1510AD',0,NULL,10,'live','2017-01-11 08:39:13.425992','2016-07-11 15:08:39.378010','rtlsuser',171,'1.0.0',NULL,'fixed','plan','Building:Stiegler',0,'indoor',0,''),(290,'','0x00205F1510F2',0,NULL,10,'live','2016-07-11 15:16:54.244934','2016-07-11 15:10:52.185059','rtlsuser',171,'1.0.0',NULL,'fixed','plan','Building:Stiegler',0,'indoor',0,''),(291,'','0x00205F15110D',0,NULL,10,'live','2016-07-12 09:55:59.929657','2016-07-11 15:16:28.543975','rtlsuser',171,'1.0.0',NULL,'fixed','plan','Building:Stiegler',0,'indoor',0,''),(292,'','0x00205F15109F',0,NULL,10,'live','2017-01-11 08:51:30.619884','2016-07-11 15:26:23.725775','rtlsuser',171,'1.0.0',NULL,'fixed','plan','Building:Stiegler',0,'indoor',0,''),(293,'','0x00205F1510D8',0,NULL,10,'live','2017-01-11 08:38:53.182305','2016-07-11 15:27:38.770838','rtlsuser',171,'1.0.0',NULL,'fixed','plan','Building:Stiegler',0,'indoor',0,''),(294,'','0x00205F1511B1',0,NULL,10,'live','2017-01-11 08:52:46.751343','2016-07-11 15:28:54.299756','rtlsuser',171,'1.0.0',NULL,'fixed','plan','Building:Stiegler',0,'indoor',0,''),(295,'','0x00205F151186',0,NULL,10,'live','2017-01-11 09:18:27.111310','2016-07-11 15:30:54.136410','rtlsuser',171,'1.0.0',NULL,'fixed','plan','Building:Stiegler',0,'indoor',0,''),(296,'','0x00205F151090',0,NULL,10,'live','2017-01-11 08:53:25.111382','2016-07-11 15:32:54.708035','rtlsuser',171,'1.0.0',NULL,'fixed','plan','Building:Stiegler',0,'indoor',0,''),(297,'','0x00205F1510E4',0,NULL,10,'live','2017-01-11 08:56:28.321144','2016-07-11 15:34:26.475116','rtlsuser',171,'1.0.0',NULL,'fixed','plan','Building:Stiegler',0,'indoor',0,''),(298,'','0x00205F15108F',0,NULL,10,'live','2017-01-11 08:49:49.448982','2016-07-11 15:35:48.611695','rtlsuser',171,'1.0.0',NULL,'fixed','plan','Building:Stiegler',0,'indoor',0,''),(299,'','0x00205F1510D5',0,NULL,10,'live','2017-01-11 08:50:51.178498','2016-07-11 15:37:18.872750','rtlsuser',171,'1.0.0',NULL,'fixed','plan','Building:Stiegler',0,'indoor',0,''),(300,'','0x00205F151100',0,NULL,10,'live','2017-01-11 09:07:37.524089','2016-07-11 15:39:21.475564','rtlsuser',171,'1.0.0',NULL,'fixed','plan','Building:Stiegler',0,'indoor',0,''),(301,'','0x00205F15107F',0,NULL,10,'live','2017-01-11 09:17:49.160551','2016-07-11 15:41:04.362873','rtlsuser',171,'1.0.0',NULL,'fixed','plan','Building:Stiegler',0,'indoor',0,''),(302,'','0x00205F151077',0,NULL,10,'live','2017-01-11 08:46:28.385158','2016-07-11 16:37:39.929673','rtlsuser',171,'1.0.0',NULL,'fixed','plan','Building:Stiegler',0,'indoor',0,''),(303,'','0x00205F1510B1',0,NULL,10,'live','2017-01-11 09:11:19.352864','2016-07-11 16:40:40.979757','rtlsuser',171,'1.0.0',NULL,'fixed','plan','Building:Stiegler',0,'indoor',0,''),(304,'','0x00205F15105E',0,NULL,10,'live','2017-01-11 08:59:01.660806','2016-07-11 16:42:11.139250','rtlsuser',171,'1.0.0',NULL,'fixed','plan','Building:Stiegler',0,'indoor',0,''),(305,'','0x00205F150A58',0,NULL,10,'live','2017-01-11 08:58:06.227555','2016-07-11 16:43:19.769902','rtlsuser',171,'1.0.0',NULL,'fixed','plan','Building:Stiegler',0,'indoor',0,''),(306,'','0x00205F1510F9',0,NULL,10,'live','2017-01-11 08:44:37.241309','2016-07-11 16:44:40.705681','rtlsuser',171,'1.0.0',NULL,'fixed','plan','Building:Stiegler',0,'indoor',0,''),(307,'','0x00205F151025',0,NULL,10,'live','2017-01-11 09:06:35.174638','2016-07-11 16:46:22.771970','rtlsuser',171,'1.0.0',NULL,'fixed','plan','Building:Stiegler',0,'indoor',0,''),(308,'','0x00205F150CC2',0,NULL,10,'live','2017-01-11 08:38:40.130409','2016-07-11 16:47:34.936575','rtlsuser',171,'1.0.0',NULL,'fixed','plan','Building:Stiegler',0,'indoor',0,''),(309,'','0x00205F151031',0,NULL,10,'live','2017-01-11 09:09:43.170311','2016-07-11 16:48:51.183921','rtlsuser',171,'1.0.0',NULL,'fixed','plan','Building:Stiegler',0,'indoor',0,''),(310,'','0x00205F151114',0,NULL,10,'live','2017-01-10 18:42:40.940479','2016-07-11 16:50:24.780651','rtlsuser',171,'1.0.0',NULL,'fixed','plan','Building:Stiegler',0,'indoor',0,''),(311,'','0x00205F151029',0,NULL,10,'live','2017-01-11 09:17:25.478792','2016-07-11 16:52:00.030615','rtlsuser',171,'1.0.0',NULL,'fixed','plan','Building:Stiegler',0,'indoor',0,''),(312,'','0x00205F1510E7',0,NULL,10,'live','2017-01-11 08:48:15.767818','2016-07-11 16:53:19.408535','rtlsuser',171,'1.0.0',NULL,'fixed','plan','Building:Stiegler',0,'indoor',0,''),(313,'','0x00205F1510A7',0,NULL,10,'live','2017-01-11 09:18:23.877135','2016-07-11 16:54:48.707668','rtlsuser',171,'1.0.0',NULL,'fixed','plan','Building:Stiegler',0,'indoor',0,''),(314,'','0x00205F15106C',0,NULL,10,'live','2017-01-11 08:39:01.356739','2016-07-11 16:56:28.584228','rtlsuser',171,'1.0.0',NULL,'fixed','plan','Building:Stiegler',0,'indoor',0,''),(315,'','0x00205F1510E8',0,NULL,10,'live','2017-01-10 18:49:29.156189','2016-07-11 16:57:40.470835','rtlsuser',171,'1.0.0',NULL,'fixed','plan','Building:Stiegler',0,'indoor',0,''),(316,'','0x00205F151105',0,NULL,10,'live','2017-01-10 18:49:53.361490','2016-07-11 16:58:54.580225','rtlsuser',171,'1.0.0',NULL,'fixed','plan','Building:Stiegler',0,'indoor',0,''),(317,'','0x00205F1510B5',0,NULL,10,'live','2017-01-11 08:44:03.582077','2016-07-11 17:00:59.995181','rtlsuser',171,'1.0.0',NULL,'fixed','plan','Building:Stiegler',0,'indoor',0,''),(318,'','0x00205F150CB1',0,NULL,10,'live','2017-01-11 08:38:43.849358','2016-07-11 17:02:30.711241','rtlsuser',171,'1.0.0',NULL,'fixed','plan','Building:Stiegler',0,'indoor',0,''),(319,'','0x00205F151096',0,NULL,10,'live','2016-07-12 11:31:43.875962','2016-07-11 17:04:02.886135','rtlsuser',171,'1.0.0',NULL,'fixed','plan','Building:Stiegler',0,'indoor',0,''),(320,'','0x00205F1510AB',0,NULL,10,'live','2017-01-11 08:45:19.989346','2016-07-11 17:05:43.976171','rtlsuser',171,'1.0.0',NULL,'fixed','plan','Building:Stiegler',0,'indoor',0,''),(321,'','0x00205F15109C',0,NULL,10,'live','2017-01-10 18:43:09.963291','2016-07-11 17:07:00.879354','rtlsuser',171,'1.0.0',NULL,'fixed','plan','Building:Stiegler',0,'indoor',0,''),(322,'','0x00205F151064',0,NULL,10,'live','2017-01-11 08:38:58.518722','2016-07-11 17:09:01.785621','rtlsuser',171,'1.0.0',NULL,'fixed','plan','Building:Stiegler',0,'indoor',0,''),(323,'','0x00205F151015',0,NULL,10,'live','2017-01-11 09:03:20.492738','2016-07-11 17:10:12.635265','rtlsuser',171,'1.0.0',NULL,'fixed','plan','Building:Stiegler',0,'indoor',0,''),(324,'','0x00205F1510A6',0,NULL,10,'live','2017-01-11 08:54:10.829919','2016-07-11 17:11:24.486449','rtlsuser',171,'1.0.0',NULL,'fixed','plan','Building:Stiegler',0,'indoor',0,''),(325,'','0x00205F15101E',0,NULL,10,'live','2017-01-11 09:02:08.799823','2016-07-11 17:12:44.615295','rtlsuser',171,'1.0.0',NULL,'fixed','plan','Building:Stiegler',0,'indoor',0,''),(326,'','0x00205F150E3D',0,NULL,10,'live','2017-01-11 08:54:08.681212','2016-07-11 17:13:53.042968','rtlsuser',171,'1.0.0',NULL,'fixed','plan','Building:Stiegler',0,'indoor',0,''),(327,'','0x00205F150A38',0,NULL,10,'live','2017-01-11 08:49:44.396888','2016-07-11 17:15:23.724755','rtlsuser',171,'1.0.0',NULL,'fixed','plan','Building:Stiegler',0,'indoor',0,''),(328,'','0x00205F15102B',0,NULL,10,'live','2017-01-10 18:48:50.439743','2016-07-11 17:16:38.968488','rtlsuser',171,'1.0.0',NULL,'fixed','plan','Building:Stiegler',0,'indoor',0,''),(329,'','0x00205F1510FC',0,NULL,10,'live','2017-01-11 08:39:16.318028','2016-07-11 17:17:45.982381','rtlsuser',171,'1.0.0',NULL,'fixed','plan','Building:Stiegler',0,'indoor',0,''),(330,'','0x00205F150A6F',0,NULL,10,'live','2017-01-11 08:39:19.119352','2016-07-11 17:19:26.647469','rtlsuser',171,'1.0.0',NULL,'fixed','plan','Building:Stiegler',0,'indoor',0,''),(331,'','0x00205F150CC7',0,NULL,10,'live','2017-01-10 18:41:51.835678','2016-07-11 17:21:29.580720','rtlsuser',171,'1.0.0',NULL,'fixed','plan','Building:Stiegler',0,'indoor',0,''),(332,'','0x00205F150A5A',0,NULL,10,'live','2016-07-11 17:48:06.465892','2016-07-11 17:23:24.886292','rtlsuser',171,'1.0.0',NULL,'fixed','plan','Building:Stiegler',0,'indoor',0,''),(333,'','0x00205F15105C',0,NULL,10,'live','2017-01-10 18:46:00.613838','2016-07-11 17:24:49.853390','rtlsuser',171,'1.0.0',NULL,'fixed','plan','Building:Stiegler',0,'indoor',0,''),(334,'','0x00205F151116',0,NULL,10,'live','2016-12-31 11:38:57.840034','2016-07-11 17:26:02.473758','rtlsuser',171,'1.0.0',NULL,'fixed','plan','Building:Stiegler',0,'indoor',0,''),(335,'','0x00205F1510E9',0,NULL,10,'live','2017-01-10 18:42:56.464739','2016-07-11 17:27:06.075956','rtlsuser',171,'1.0.0',NULL,'fixed','plan','Building:Stiegler',0,'indoor',0,''),(336,'','0x00205F1510EF',0,NULL,10,'live','2017-01-10 18:40:59.224505','2016-07-11 17:28:07.899914','rtlsuser',171,'1.0.0',NULL,'fixed','plan','Building:Stiegler',0,'indoor',0,''),(337,'','0x00205F150E3B',0,NULL,10,'live','2017-01-10 18:43:18.148204','2016-07-11 17:29:17.792213','rtlsuser',171,'1.0.0',NULL,'fixed','plan','Building:Stiegler',0,'indoor',0,''),(338,'','0x00205F15110C',0,NULL,10,'live','2017-01-10 18:40:44.077224','2016-07-11 17:30:28.498445','rtlsuser',171,'1.0.0',NULL,'fixed','plan','Building:Stiegler',0,'indoor',0,''),(339,'','0x00205EFE0F41',0,NULL,10,'live','2017-01-10 16:48:00.785837','2016-07-15 08:36:35.077903','rtlsuser',171,'1.0.0',NULL,'fixed','plan','Building:Stiegler',0,'indoor',0,''),(340,'','0x00205F140345',0,NULL,10,'live','2017-01-10 09:19:56.392333','2017-01-10 09:18:19.320291','rtlsuser',171,'1.0.0',NULL,'fixed','plan','Building:Stiegler',0,'indoor',0,''),(343,'','0x00205EFB14D8',0,NULL,10,'live','2017-01-11 10:42:28.932605','2017-01-11 08:38:20.253988','rtlsuser',171,'1.0.0',NULL,'','plan','Building:Stiegler',0,'indoor',0,''),(344,'','0x00205F0908ED',0,NULL,10,'live','2017-01-11 10:42:23.648730','2017-01-11 08:38:37.638331','rtlsuser',171,'1.0.0',NULL,'','plan','Building:Stiegler',0,'indoor',0,''),(345,'','0x00205FE1332A',0,NULL,10,'live','2017-05-15 09:26:45.136619','2017-05-15 07:42:34.137696','rtlsuser',171,'1.0.0',NULL,'','plan','Building:Stiegler',0,'indoor',0,''),(346,'','0x00205FE12B42',0,NULL,10,'live','2017-05-15 09:29:02.488219','2017-05-15 07:42:34.382539','rtlsuser',171,'1.0.0',NULL,'','plan','Building:Stiegler',0,'indoor',0,''),(347,'','0x00205FE12937',0,NULL,10,'live','2017-05-15 09:28:51.197194','2017-05-15 07:42:34.491466','rtlsuser',171,'1.0.0',NULL,'','plan','Building:Stiegler',0,'indoor',0,'');
/*!40000 ALTER TABLE `feeds` ENABLE KEYS */;
UNLOCK TABLES;

--
-- Table structure for table `keys`
--

DROP TABLE IF EXISTS `keys`;
/*!40101 SET @saved_cs_client     = @@character_set_client */;
/*!40101 SET character_set_client = utf8 */;
CREATE TABLE `keys` (
  `key_id` int(11) NOT NULL AUTO_INCREMENT,
  `key_name` varchar(255) NOT NULL,
  `key_value` varchar(255) NOT NULL,
  `getProperty` tinyint(1) NOT NULL,
  `putProperty` tinyint(1) NOT NULL,
  `postProperty` tinyint(1) NOT NULL,
  `deleteProperty` tinyint(1) NOT NULL,
  `user_reference` int(11) NOT NULL,
  PRIMARY KEY (`key_id`),
  KEY `user_reference` (`user_reference`),
  CONSTRAINT `keys_ibfk_1` FOREIGN KEY (`user_reference`) REFERENCES `users` (`userID`) ON DELETE CASCADE
) ENGINE=InnoDB AUTO_INCREMENT=231 DEFAULT CHARSET=latin1;
/*!40101 SET character_set_client = @saved_cs_client */;

--
-- Dumping data for table `keys`
--

LOCK TABLES `keys` WRITE;
/*!40000 ALTER TABLE `keys` DISABLE KEYS */;
INSERT INTO `keys` VALUES (225,'allkey','17254faec6a60f58458308763',1,1,1,1,171),(230,'read_only','171555a8fe71148a165392904',1,0,0,0,171);
/*!40000 ALTER TABLE `keys` ENABLE KEYS */;
UNLOCK TABLES;

--
-- Table structure for table `log`
--

DROP TABLE IF EXISTS `log`;
/*!40101 SET @saved_cs_client     = @@character_set_client */;
/*!40101 SET character_set_client = utf8 */;
CREATE TABLE `log` (
  `log` text NOT NULL,
  `id` int(11) NOT NULL AUTO_INCREMENT,
  PRIMARY KEY (`id`)
) ENGINE=InnoDB DEFAULT CHARSET=latin1;
/*!40101 SET character_set_client = @saved_cs_client */;

--
-- Dumping data for table `log`
--

LOCK TABLES `log` WRITE;
/*!40000 ALTER TABLE `log` DISABLE KEYS */;
/*!40000 ALTER TABLE `log` ENABLE KEYS */;
UNLOCK TABLES;

--
-- Table structure for table `tags`
--

DROP TABLE IF EXISTS `tags`;
/*!40101 SET @saved_cs_client     = @@character_set_client */;
/*!40101 SET character_set_client = utf8 */;
CREATE TABLE `tags` (
  `tag_id` int(11) NOT NULL AUTO_INCREMENT,
  `feed_id_reference` int(11) NOT NULL,
  `tag` varchar(500) DEFAULT NULL,
  PRIMARY KEY (`tag_id`),
  KEY `feed_id_reference` (`feed_id_reference`),
  KEY `feed_id_reference_2` (`feed_id_reference`),
  CONSTRAINT `tags_ibfk_1` FOREIGN KEY (`feed_id_reference`) REFERENCES `feeds` (`id`) ON DELETE CASCADE
) ENGINE=InnoDB AUTO_INCREMENT=1344 DEFAULT CHARSET=latin1;
/*!40101 SET character_set_client = @saved_cs_client */;

--
-- Dumping data for table `tags`
--

LOCK TABLES `tags` WRITE;
/*!40000 ALTER TABLE `tags` DISABLE KEYS */;
INSERT INTO `tags` VALUES (167,23,'outdoorview'),(215,33,'outdoorview'),(217,33,'#rtls_type#tag'),(218,35,'outdoorview'),(219,34,'outdoorview'),(220,35,'#rtls_type#tag'),(221,22,'outdoorview'),(222,36,'outdoorview'),(223,34,'#rtls_type#tag'),(224,36,'#rtls_type#tag'),(225,22,'#rtls_type#tag'),(226,37,'outdoorview'),(227,37,'#rtls_type#tag'),(230,39,'outdoorview'),(232,39,'#rtls_type#tag'),(238,15,'outdoorview'),(239,15,'#rtls_type#anchor'),(240,8,'outdoorview'),(241,8,'#rtls_type#anchor'),(242,20,'outdoorview'),(243,20,'#rtls_type#anchor'),(244,11,'outdoorview'),(245,11,'#rtls_type#anchor'),(246,12,'outdoorview'),(247,12,'#rtls_type#anchor'),(248,42,'plan:#plan#:URL:#http://192.168.225.2/sensmapserver/svgs/uploads/266c117e6b3fb136ec65b0b54f479a6c297de5fdc9771f4f8a93b2556436b604/2f8a24c6/stiegler_low_res.png#'),(249,42,'#plan#_scale:#27.32413075200172'),(250,42,'#plan#_zeroaxis:(#125.83933649289114_#242.07898894154934)'),(251,42,'outdoorview'),(254,10,'outdoorview'),(255,10,'#rtls_type#anchor'),(256,26,'outdoorview'),(257,26,'#rtls_type#anchor'),(258,27,'outdoorview'),(259,27,'#rtls_type#anchor'),(260,14,'outdoorview'),(261,14,'#rtls_type#anchor'),(262,13,'outdoorview'),(263,13,'#rtls_type#anchor'),(264,18,'outdoorview'),(265,18,'#rtls_type#anchor'),(266,28,'outdoorview'),(267,28,'#rtls_type#anchor'),(268,29,'outdoorview'),(269,29,'#rtls_type#anchor'),(272,21,'outdoorview'),(273,21,'#rtls_type#anchor'),(274,24,'outdoorview'),(275,24,'#rtls_type#anchor'),(276,25,'outdoorview'),(277,25,'#rtls_type#anchor'),(278,17,'outdoorview'),(279,17,'#rtls_type#anchor'),(280,30,'outdoorview'),(281,30,'#rtls_type#anchor'),(282,9,'outdoorview'),(283,9,'#rtls_type#anchor'),(284,19,'outdoorview'),(285,19,'#rtls_type#anchor'),(304,51,'outdoorview'),(305,51,'#rtls_type#tag'),(306,50,'outdoorview'),(307,50,'#rtls_type#tag'),(308,49,'outdoorview'),(309,49,'#rtls_type#tag'),(310,48,'outdoorview'),(311,48,'#rtls_type#tag'),(312,43,'outdoorview'),(313,43,'#rtls_type#tag'),(314,41,'outdoorview'),(315,41,'#rtls_type#tag'),(526,154,'outdoorview'),(527,154,'#rtls_type#tag'),(636,152,'outdoorview'),(637,152,'#rtls_type#tag'),(694,218,'outdoorview'),(695,218,'#rtls_type#tag'),(696,161,'outdoorview'),(697,161,'#rtls_type#tag'),(710,162,'outdoorview'),(711,162,'#rtls_type#tag'),(712,228,'outdoorview'),(713,228,'#rtls_type#tag'),(716,153,'outdoorview'),(717,153,'#rtls_type#tag'),(720,241,'outdoorview'),(721,241,'#rtls_type#tag'),(722,240,'outdoorview'),(723,240,'#rtls_type#tag'),(744,249,'outdoorview'),(745,249,'#rtls_type#tag'),(746,242,'outdoorview'),(747,242,'#rtls_type#tag'),(748,248,'outdoorview'),(749,248,'#rtls_type#tag'),(750,243,'outdoorview'),(751,243,'#rtls_type#tag'),(752,244,'outdoorview'),(753,244,'#rtls_type#tag'),(754,251,'outdoorview'),(755,251,'#rtls_type#tag'),(756,245,'outdoorview'),(757,245,'#rtls_type#tag'),(758,250,'outdoorview'),(759,250,'#rtls_type#tag'),(760,246,'outdoorview'),(761,246,'#rtls_type#tag'),(762,247,'outdoorview'),(763,247,'#rtls_type#tag'),(784,259,'outdoorview'),(785,259,'#rtls_type#tag'),(786,258,'outdoorview'),(787,258,'#rtls_type#tag'),(788,260,'outdoorview'),(789,260,'#rtls_type#tag'),(800,32,'outdoorview'),(801,32,'#rtls_type#tag'),(804,40,'outdoorview'),(805,40,'#rtls_type#tag'),(806,44,'outdoorview'),(807,44,'#rtls_type#tag'),(810,185,'outdoorview'),(811,185,'#rtls_type#tag'),(812,266,'outdoorview'),(813,266,'#rtls_type#tag'),(818,38,'outdoorview'),(819,38,'#rtls_type#tag'),(822,45,'outdoorview'),(823,45,'#rtls_type#tag'),(824,46,'outdoorview'),(825,46,'#rtls_type#tag'),(826,47,'outdoorview'),(827,47,'#rtls_type#tag'),(830,52,'outdoorview'),(831,52,'#rtls_type#tag'),(834,53,'outdoorview'),(835,53,'#rtls_type#tag'),(836,261,'outdoorview'),(837,261,'#rtls_type#tag'),(838,61,'outdoorview'),(839,61,'#rtls_type#tag'),(840,60,'outdoorview'),(841,60,'#rtls_type#tag'),(844,59,'outdoorview'),(845,59,'#rtls_type#tag'),(846,58,'outdoorview'),(847,58,'#rtls_type#tag'),(848,57,'outdoorview'),(849,57,'#rtls_type#tag'),(850,56,'outdoorview'),(851,56,'#rtls_type#tag'),(852,55,'outdoorview'),(853,55,'#rtls_type#tag'),(856,54,'outdoorview'),(857,54,'#rtls_type#tag'),(858,63,'outdoorview'),(859,63,'#rtls_type#tag'),(860,64,'outdoorview'),(861,64,'#rtls_type#tag'),(862,65,'outdoorview'),(863,65,'#rtls_type#tag'),(866,66,'outdoorview'),(867,66,'#rtls_type#tag'),(868,67,'outdoorview'),(869,67,'#rtls_type#tag'),(870,68,'outdoorview'),(871,68,'#rtls_type#tag'),(874,69,'outdoorview'),(875,69,'#rtls_type#tag'),(876,275,'outdoorview'),(877,275,'#rtls_type#tag'),(878,147,'outdoorview'),(879,147,'#rtls_type#tag'),(880,148,'outdoorview'),(881,148,'#rtls_type#tag'),(882,274,'outdoorview'),(883,274,'#rtls_type#tag'),(886,273,'outdoorview'),(887,273,'#rtls_type#tag'),(888,149,'outdoorview'),(889,149,'#rtls_type#tag'),(890,272,'outdoorview'),(891,272,'#rtls_type#tag'),(892,271,'outdoorview'),(893,271,'#rtls_type#tag'),(894,150,'outdoorview'),(895,150,'#rtls_type#tag'),(896,270,'outdoorview'),(897,270,'#rtls_type#tag'),(898,269,'outdoorview'),(899,269,'#rtls_type#tag'),(900,151,'outdoorview'),(901,151,'#rtls_type#tag'),(902,268,'outdoorview'),(903,268,'#rtls_type#tag'),(904,267,'outdoorview'),(905,267,'#rtls_type#tag'),(906,265,'outdoorview'),(907,265,'#rtls_type#tag'),(910,264,'outdoorview'),(911,264,'#rtls_type#tag'),(912,155,'outdoorview'),(913,155,'#rtls_type#tag'),(914,263,'outdoorview'),(915,263,'#rtls_type#tag'),(916,262,'outdoorview'),(917,262,'#rtls_type#tag'),(918,156,'outdoorview'),(919,156,'#rtls_type#tag'),(920,157,'outdoorview'),(921,157,'#rtls_type#tag'),(922,256,'outdoorview'),(923,256,'#rtls_type#tag'),(924,158,'outdoorview'),(925,158,'#rtls_type#tag'),(926,255,'outdoorview'),(927,255,'#rtls_type#tag'),(928,254,'outdoorview'),(929,254,'#rtls_type#tag'),(930,159,'outdoorview'),(931,159,'#rtls_type#tag'),(935,253,'#rtls_type#tag'),(936,253,'outdoorview'),(937,253,'outdoorview'),(938,253,'#rtls_type#tag'),(939,253,'#rtls_type#tag'),(940,160,'outdoorview'),(941,160,'#rtls_type#tag'),(942,252,'outdoorview'),(943,252,'#rtls_type#tag'),(944,163,'outdoorview'),(945,163,'#rtls_type#tag'),(948,164,'outdoorview'),(949,164,'#rtls_type#tag'),(950,239,'outdoorview'),(951,239,'#rtls_type#tag'),(952,165,'outdoorview'),(953,165,'#rtls_type#tag'),(961,238,'#rtls_type#tag'),(962,238,'outdoorview'),(963,238,'#rtls_type#tag'),(964,177,'outdoorview'),(965,177,'#rtls_type#tag'),(966,237,'outdoorview'),(967,237,'#rtls_type#tag'),(968,236,'outdoorview'),(969,236,'#rtls_type#tag'),(972,235,'outdoorview'),(973,235,'#rtls_type#tag'),(974,234,'outdoorview'),(975,234,'outdoorview'),(976,234,'#rtls_type#tag'),(977,234,'#rtls_type#tag'),(978,179,'outdoorview'),(979,179,'#rtls_type#tag'),(980,233,'outdoorview'),(981,233,'#rtls_type#tag'),(982,232,'outdoorview'),(983,232,'#rtls_type#tag'),(984,180,'outdoorview'),(985,180,'#rtls_type#tag'),(986,231,'outdoorview'),(987,231,'#rtls_type#tag'),(988,230,'outdoorview'),(989,230,'#rtls_type#tag'),(990,181,'outdoorview'),(991,181,'#rtls_type#tag'),(992,229,'outdoorview'),(993,229,'#rtls_type#tag'),(994,227,'outdoorview'),(995,227,'#rtls_type#tag'),(998,226,'outdoorview'),(999,226,'#rtls_type#tag'),(1000,182,'outdoorview'),(1001,182,'#rtls_type#tag'),(1002,225,'outdoorview'),(1003,225,'#rtls_type#tag'),(1004,224,'outdoorview'),(1005,224,'#rtls_type#tag'),(1006,183,'outdoorview'),(1007,183,'#rtls_type#tag'),(1008,184,'outdoorview'),(1009,184,'#rtls_type#tag'),(1010,276,'outdoorview'),(1011,276,'#rtls_type#tag'),(1012,277,'outdoorview'),(1013,277,'#rtls_type#tag'),(1014,278,'outdoorview'),(1015,278,'#rtls_type#tag'),(1016,279,'outdoorview'),(1017,279,'#rtls_type#tag'),(1018,280,'outdoorview'),(1019,280,'#rtls_type#tag'),(1022,281,'outdoorview'),(1023,281,'#rtls_type#tag'),(1024,186,'outdoorview'),(1025,186,'#rtls_type#tag'),(1026,223,'outdoorview'),(1027,223,'#rtls_type#tag'),(1028,222,'outdoorview'),(1029,222,'#rtls_type#tag'),(1030,187,'outdoorview'),(1031,187,'#rtls_type#tag'),(1032,221,'outdoorview'),(1033,221,'#rtls_type#tag'),(1034,220,'outdoorview'),(1035,220,'#rtls_type#tag'),(1036,188,'outdoorview'),(1037,188,'#rtls_type#tag'),(1038,219,'outdoorview'),(1039,219,'#rtls_type#tag'),(1042,217,'outdoorview'),(1043,217,'#rtls_type#tag'),(1044,189,'outdoorview'),(1045,189,'#rtls_type#tag'),(1046,216,'outdoorview'),(1047,216,'#rtls_type#tag'),(1048,190,'outdoorview'),(1049,190,'#rtls_type#tag'),(1050,215,'outdoorview'),(1051,215,'#rtls_type#tag'),(1052,214,'outdoorview'),(1053,214,'#rtls_type#tag'),(1054,191,'outdoorview'),(1055,191,'#rtls_type#tag'),(1056,213,'outdoorview'),(1057,213,'#rtls_type#tag'),(1058,212,'outdoorview'),(1059,212,'#rtls_type#tag'),(1060,192,'outdoorview'),(1061,192,'#rtls_type#tag'),(1064,199,'outdoorview'),(1065,199,'#rtls_type#tag'),(1066,193,'outdoorview'),(1067,193,'#rtls_type#tag'),(1068,198,'outdoorview'),(1069,198,'#rtls_type#tag'),(1070,194,'outdoorview'),(1071,194,'#rtls_type#tag'),(1072,197,'outdoorview'),(1073,197,'#rtls_type#tag'),(1074,196,'outdoorview'),(1075,196,'#rtls_type#tag'),(1076,195,'outdoorview'),(1077,195,'#rtls_type#tag'),(1080,282,'outdoorview'),(1081,282,'#rtls_type#tag'),(1082,283,'outdoorview'),(1083,283,'#rtls_type#tag'),(1084,284,'outdoorview'),(1085,284,'#rtls_type#tag'),(1090,285,'outdoorview'),(1091,285,'#rtls_type#tag'),(1094,286,'outdoorview'),(1095,286,'#rtls_type#tag'),(1096,287,'outdoorview'),(1097,287,'#rtls_type#tag'),(1100,288,'outdoorview'),(1101,288,'#rtls_type#tag'),(1104,289,'outdoorview'),(1105,289,'#rtls_type#tag'),(1110,290,'outdoorview'),(1111,290,'#rtls_type#tag'),(1112,291,'outdoorview'),(1113,291,'#rtls_type#tag'),(1134,292,'outdoorview'),(1135,292,'#rtls_type#tag'),(1136,293,'outdoorview'),(1137,293,'#rtls_type#tag'),(1138,294,'outdoorview'),(1139,294,'#rtls_type#tag'),(1140,295,'outdoorview'),(1141,295,'#rtls_type#tag'),(1142,296,'outdoorview'),(1143,296,'#rtls_type#tag'),(1144,297,'outdoorview'),(1145,297,'#rtls_type#tag'),(1146,298,'outdoorview'),(1147,298,'#rtls_type#tag'),(1148,299,'outdoorview'),(1149,299,'#rtls_type#tag'),(1150,300,'outdoorview'),(1151,300,'#rtls_type#tag'),(1152,301,'outdoorview'),(1153,301,'#rtls_type#tag'),(1180,302,'outdoorview'),(1181,302,'#rtls_type#tag'),(1182,303,'outdoorview'),(1183,303,'#rtls_type#tag'),(1184,304,'outdoorview'),(1185,304,'#rtls_type#tag'),(1186,305,'outdoorview'),(1187,305,'#rtls_type#tag'),(1188,306,'outdoorview'),(1189,306,'#rtls_type#tag'),(1190,307,'outdoorview'),(1191,307,'#rtls_type#tag'),(1192,308,'outdoorview'),(1193,308,'#rtls_type#tag'),(1196,309,'outdoorview'),(1197,309,'#rtls_type#tag'),(1198,310,'outdoorview'),(1199,310,'#rtls_type#tag'),(1200,311,'outdoorview'),(1201,311,'#rtls_type#tag'),(1206,312,'outdoorview'),(1207,312,'#rtls_type#tag'),(1208,313,'outdoorview'),(1209,313,'#rtls_type#tag'),(1212,314,'outdoorview'),(1213,314,'#rtls_type#tag'),(1214,315,'outdoorview'),(1215,315,'#rtls_type#tag'),(1216,316,'outdoorview'),(1217,316,'#rtls_type#tag'),(1218,317,'outdoorview'),(1219,317,'#rtls_type#tag'),(1242,318,'outdoorview'),(1243,318,'#rtls_type#tag'),(1244,319,'outdoorview'),(1245,319,'#rtls_type#tag'),(1246,320,'outdoorview'),(1247,320,'#rtls_type#tag'),(1248,321,'outdoorview'),(1249,321,'#rtls_type#tag'),(1250,322,'outdoorview'),(1251,322,'#rtls_type#tag'),(1252,323,'outdoorview'),(1253,323,'#rtls_type#tag'),(1256,324,'outdoorview'),(1257,324,'#rtls_type#tag'),(1258,325,'outdoorview'),(1259,325,'#rtls_type#tag'),(1260,326,'outdoorview'),(1261,326,'#rtls_type#tag'),(1262,327,'outdoorview'),(1263,327,'#rtls_type#tag'),(1264,328,'outdoorview'),(1265,328,'#rtls_type#tag'),(1282,329,'outdoorview'),(1283,329,'#rtls_type#tag'),(1284,330,'outdoorview'),(1285,330,'#rtls_type#tag'),(1286,331,'outdoorview'),(1287,331,'#rtls_type#tag'),(1288,332,'outdoorview'),(1289,332,'#rtls_type#tag'),(1290,333,'outdoorview'),(1291,333,'#rtls_type#tag'),(1292,334,'outdoorview'),(1293,334,'#rtls_type#tag'),(1294,335,'outdoorview'),(1295,335,'#rtls_type#tag'),(1296,336,'outdoorview'),(1297,336,'#rtls_type#tag'),(1298,337,'outdoorview'),(1299,337,'#rtls_type#tag'),(1300,338,'outdoorview'),(1301,338,'#rtls_type#tag'),(1304,257,'outdoorview'),(1305,257,'#rtls_type#tag'),(1312,340,'outdoorview'),(1313,340,'#rtls_type#tag'),(1318,339,'outdoorview'),(1319,339,'#rtls_type#tag'),(1320,62,'outdoorview'),(1321,62,'#rtls_type#tag'),(1322,178,'outdoorview'),(1323,178,'#rtls_type#tag'),(1328,344,'outdoorview'),(1329,344,'#rtls_type#tag'),(1330,343,'outdoorview'),(1331,343,'#rtls_type#tag'),(1338,345,'outdoorview'),(1339,345,'#rtls_type#tag'),(1340,347,'outdoorview'),(1341,347,'#rtls_type#tag'),(1342,346,'outdoorview'),(1343,346,'#rtls_type#tag');
/*!40000 ALTER TABLE `tags` ENABLE KEYS */;
UNLOCK TABLES;

--
-- Table structure for table `users`
--

DROP TABLE IF EXISTS `users`;
/*!40101 SET @saved_cs_client     = @@character_set_client */;
/*!40101 SET character_set_client = utf8 */;
CREATE TABLE `users` (
  `userID` int(11) NOT NULL AUTO_INCREMENT,
  `username` varchar(50) NOT NULL,
  `password` varbinary(250) NOT NULL,
  `deleted` tinyint(1) NOT NULL,
  `setup` tinyint(1) NOT NULL DEFAULT '0',
  PRIMARY KEY (`userID`,`username`),
  UNIQUE KEY `username` (`username`)
) ENGINE=InnoDB AUTO_INCREMENT=172 DEFAULT CHARSET=latin1;
/*!40101 SET character_set_client = @saved_cs_client */;

--
-- Dumping data for table `users`
--

LOCK TABLES `users` WRITE;
/*!40000 ALTER TABLE `users` DISABLE KEYS */;
INSERT INTO `users` VALUES (171,'rtlsuser','f733d9855cf1afba8615017d30cd02c60fac1780f5857951423be17946c3a4ef',0,1);
/*!40000 ALTER TABLE `users` ENABLE KEYS */;
UNLOCK TABLES;

--
-- Table structure for table `waypoints`
--

DROP TABLE IF EXISTS `waypoints`;
/*!40101 SET @saved_cs_client     = @@character_set_client */;
/*!40101 SET character_set_client = utf8 */;
CREATE TABLE `waypoints` (
  `wp_id` int(11) NOT NULL AUTO_INCREMENT,
  `feed_reference` int(11) NOT NULL,
  `ele` varchar(255) NOT NULL,
  `latitude` varchar(255) NOT NULL,
  `longitude` varchar(255) NOT NULL,
  `at` datetime(6) NOT NULL,
  PRIMARY KEY (`wp_id`),
  KEY `feed_reference` (`feed_reference`),
  CONSTRAINT `waypoints_ibfk_1` FOREIGN KEY (`feed_reference`) REFERENCES `feeds` (`id`) ON DELETE CASCADE
) ENGINE=InnoDB DEFAULT CHARSET=latin1;
/*!40101 SET character_set_client = @saved_cs_client */;

--
-- Dumping data for table `waypoints`
--

LOCK TABLES `waypoints` WRITE;
/*!40000 ALTER TABLE `waypoints` DISABLE KEYS */;
/*!40000 ALTER TABLE `waypoints` ENABLE KEYS */;
UNLOCK TABLES;

--
-- Table structure for table `zones`
--

DROP TABLE IF EXISTS `zones`;
/*!40101 SET @saved_cs_client     = @@character_set_client */;
/*!40101 SET character_set_client = utf8 */;
CREATE TABLE `zones` (
  `id` int(11) NOT NULL AUTO_INCREMENT,
  `name` varchar(255) DEFAULT NULL,
  `type` varchar(255) DEFAULT NULL,
  `feed_id` int(11) NOT NULL,
  `polygon` geometry NOT NULL,
  `plan` varchar(255) NOT NULL,
  `scale` float NOT NULL,
  `originX` float NOT NULL,
  `originY` float NOT NULL,
  PRIMARY KEY (`id`),
  KEY `id` (`id`)
) ENGINE=InnoDB AUTO_INCREMENT=20 DEFAULT CHARSET=latin1;
/*!40101 SET character_set_client = @saved_cs_client */;

--
-- Dumping data for table `zones`
--

LOCK TABLES `zones` WRITE;
/*!40000 ALTER TABLE `zones` DISABLE KEYS */;
INSERT INTO `zones` VALUES (1,'shelves 1',NULL,23,'\0\0\0\0\0\0\0\0\0\0\0\0\0��&�G��?���q\0��?���q\0�@*[2r��?��&�G�@U�h�$@�>���<�?U�h�$@��&�G��?���q\0��?','SiConTe',25.0861,382,72),(2,'shelves2',NULL,23,'\0\0\0\0\0\0\0\0\0\0\0\0\0/���@���q\0��?P2s�@���q\0��?P2s�@U�h�$@�s)$��@��[c@$@/���@���q\0��?','SiConTe',25.0861,382,72),(3,'shelves 3',NULL,23,'\0\0\0\0\0\0\0\0\0\0\0\0\0��Wn9ܿ�.�k-@��Wn9���.�k-@��Wn9��U�h�$@�����ٿU�h�$@��Wn9ܿ�.�k-@','SiConTe',25.0861,382,72),(4,'shelves 4',NULL,23,'\0\0\0\0\0\0\0\0\0\0\0\0\0��#��\r�l�\\�@��[c@�l�\\�@��u�n��U�h�$@-	W=k�\r���[c@$@��#��\r�l�\\�@','SiConTe',25.0861,382,72),(5,'shelves 5',NULL,23,'\0\0\0\0\0\0\0\0\0\0\0\0\0��&�G��?�	�$��(@���q\0�@�	�$��(@WZ�G@��Ȍ�1@��Y����?7~�VX�1@��&�G��?�	�$��(@','SiConTe',25.0861,382,72),(6,'Shelves 1',NULL,23,'\0\0\0\0\0\0\0\0\0\0\0\0\0,7n�\ZZ�?����-�?�����@����-�?�����@�?#�l�#@ς���?���(4$@,7n�\ZZ�?����-�?','storePlanII',38.8305,0,0),(7,'Shelves 2',NULL,23,'\0\0\0\0\0\0\0\0\0\0\0\0\0�b5�(�@���XTj�?vsgAk�@\0��Ȧ�?o��SN�@��c�$@�<�*��@���(4$@�b5�(�@���XTj�?','storePlanII',38.8305,0,0),(8,'Shelves 3',NULL,23,'\0\0\0\0\0\0\0\0\0\0\0\0\0t��B���\r7F@t��B��࿤��(4$@t��B��࿤��(4$@�%���k�����(4$@�%���k����T�@t��B���\r7F@','storePlanII',38.8305,0,0),(9,'shelves 4',NULL,23,'\0\0\0\0\0\0\0\0\0\0\0\0\0�Z�3�\r���T�@�Z�3�\r���c�$@�8�+.��?#�l�#@�^������T�@�Z�3�\r���T�@','storePlanII',38.8305,0,0),(10,'shelves 5',NULL,23,'\0\0\0\0\0\0\0\0\0\0\0\0\0vsgAk�@���(@�<�*��@���(@�z=��@��z:�5@s�����@��z:�5@vsgAk�@���(@','storePlanII',38.8305,0,0),(11,'shelves 6',NULL,23,'\0\0\0\0\0\0\0\0\0\0\0\0\0�lD�M@\n_��W�(@�����@��ޔ1@ς���?��ޔ1@,7n�\ZZ�?\r9f�(@�lD�M@\n_��W�(@','storePlanII',38.8305,0,0),(12,'shelves 7',NULL,23,'\0\0\0\0\0\0\0\0\0\0\0\0\0t��B���\n_��W�(@t��B�����ޔ1@zU��\Z/����ޔ1@zU��\Z/��\r9f�(@t��B���\n_��W�(@','storePlanII',38.8305,0,0),(13,'shelves 8',NULL,23,'\0\0\0\0\0\0\0\0\0\0\0\0\0 ��<\r�\r9f�(@\"���P�\r�~ǲk1@�^������ޔ1@��C>���\n_��W�(@ ��<\r�\r9f�(@','storePlanII',38.8305,0,0),(14,'shelves 9',NULL,23,'\0\0\0\0\0\0\0\0\0\0\0\0\0*8- @.S�}g�?���WA @�e�$@K����\"@�e�$@I7Ci?�\"@�?\n+�?*8- @.S�}g�?','storePlanII',38.8305,0,0),(15,'shelves 10',NULL,23,'\0\0\0\0\0\0\0\0\0\0\0\0\0�5��E�&@.S�}g�?�Ț�~�&@�)�Gx�#@�եZ-_)@�)�Gx�#@�եZ-_)@.S�}g�?�5��E�&@.S�}g�?','storePlanII',38.8305,0,0),(16,'shelves 11',NULL,23,'\0\0\0\0\0\0\0\0\0\0\0\0\0:��i�c-@�?\n+�?:��i�c-@ז�?$@��C�0@ז�?$@;:�\r0@�?\n+�?:��i�c-@�?\n+�?','storePlanII',38.8305,0,0),(17,'shelves 12',NULL,23,'\0\0\0\0\0\0\0\0\0\0\0\0\0\r�چ� @>��1*�(@I7Ci?�\"@>��1*�(@I7Ci?�\"@���x�5@���WA @���x�5@\r�چ� @>��1*�(@','storePlanII',38.8305,0,0),(18,'shelves 13',NULL,23,'\0\0\0\0\0\0\0\0\0\0\0\0\0�[=x��&@>��1*�(@�եZ-_)@>��1*�(@�B��r)@r�A�\\�5@�5��E�&@���x�5@�[=x��&@>��1*�(@','storePlanII',38.8305,0,0),(19,'shelves 14',NULL,23,'\0\0\0\0\0\0\0\0\0\0\0\0\0<g��lw-@>��1*�(@��C�0@>��1*�(@;:�\r0@�`�\'@�5@:��i�c-@�`�\'@�5@<g��lw-@>��1*�(@','storePlanII',38.8305,0,0);
/*!40000 ALTER TABLE `zones` ENABLE KEYS */;
UNLOCK TABLES;
/*!40103 SET TIME_ZONE=@OLD_TIME_ZONE */;

/*!40101 SET SQL_MODE=@OLD_SQL_MODE */;
/*!40014 SET FOREIGN_KEY_CHECKS=@OLD_FOREIGN_KEY_CHECKS */;
/*!40014 SET UNIQUE_CHECKS=@OLD_UNIQUE_CHECKS */;
/*!40101 SET CHARACTER_SET_CLIENT=@OLD_CHARACTER_SET_CLIENT */;
/*!40101 SET CHARACTER_SET_RESULTS=@OLD_CHARACTER_SET_RESULTS */;
/*!40101 SET COLLATION_CONNECTION=@OLD_COLLATION_CONNECTION */;
/*!40111 SET SQL_NOTES=@OLD_SQL_NOTES */;

-- Dump completed on 2017-07-26  7:16:00
