begin;
use `students` ;

insert into students_group (id, name) 
values 
	(1, 'К3-62Б'),
    (2, 'К3-63Б'),
    (3, 'К3-64Б'),
    (4, 'К3-66Б');
    
    
insert into discipline (id, name)
values 
	(1, 'Схемотехника ЭВМ'),
    (2, 'Операционные системы'),
    (3, 'Сети ЭВМ и телекоммуникации'),
    (4, 'Элективные курсы по физической культуре'),
    (5, 'Конструкторско-технологическое обеспечение ЭВМ'),
    (6, 'Основы измерительной техники'),
    (7, 'Реляционная алгебра'),
    (8, 'Организация ЭВМ и систем'),
    (9, 'Технологическая практика');
    
    
insert into student (id, number_in_group, last_name, first_name, middle_name, gradebook_number, group_id) 
values 
	(1, 1, 'Авдеев', 'Григорий', 'Александрович', '19МК321', 1),
	(2, 2, 'Ан', 'Владислав', 'Дмитриевич', '19МК038', 1),
	(3, 3, 'Артемов', 'Артемий', 'Артемович', '19МК147', 1),
	(4, 4, 'Волков', 'Никита', 'Александрович', '19МК003', 1),
	(5, 5, 'Воробьев', 'Семен', 'Дмитриевич', '18У190', 1),
	(6, 6, 'Воскресенский', 'Олег', 'Андреевич', '19МК169', 1),
	(7, 7, 'Иванов', 'Михаил', 'Андреевич', '19МК067', 1),
	(8, 8, 'Коптев', 'Егор', 'Максимович', '19МК079', 1),
	(9, 9, 'Кулагин', 'Роман', 'Юрьевич', '19МК088', 1),
	(10, 10, 'Легин', 'Даниил', 'Иванович', '19МК205', 1),
	(11, 11, 'Морева', 'Ольга', 'Константиновна', '19МК781', 1),
	(12, 12, 'Найдиков', 'Артем', 'Олегович', '15МК625', 1),
	(13, 13, 'Носков', 'Илья', 'Васильевич', '19МК104', 1),
	(14, 14, 'Савченко', 'Вероника', 'Алексеевна', '19МК068', 1),
	(15, 15, 'Соловьёв', 'Павел', 'Александрович', '18МК250', 1),
	(16, 16, 'Усов', 'Иван', 'Валерьевич', '19МК355', 1),
	(17, 17, 'Фомичев', 'Владимир', 'Николаевич', '19МК127', 1),
	(18, 18, 'Фролова', 'Полина', 'Викторовна', '19МК128', 1),
	(19, 19, 'Чупис', 'Сергей', 'Александрович', '19МК266', 1),
	(20, 20, 'Юдин', 'Кирилл', 'Игоревич', '19МК031', 1),
	(21, 1, 'Верхов', 'Максим', 'Сергеевич', '19МК167', 2),
	(22, 2, 'Евтушенко', 'Сергей', 'Юрьевич', '19МК182', 2),
	(23, 3, 'Завьялов', 'Семен', 'Сергеевич', '17МК094', 2),
	(24, 4, 'Зайцев', 'Евгений', 'Александрович', '19МК185', 2),
	(25, 5, 'Кузьминов', 'Иван', 'Александрович', '19МК200', 2),
	(26, 6, 'Ларионова', 'Надежда', 'Александровна', '19МК090', 2),
	(27, 7, 'Лукьянов', 'Алексей', 'Олегович', '19МК208', 2),
	(28, 8, 'Машкарь', 'Марк', 'Юрьевич', '19МК013', 2),
	(29, 9, 'Минаков', 'Артем', 'Вячеславович', '19МК015', 2),
	(30, 10, 'Молодкин', 'Владислав', 'Микайлович', '19МК219', 2),
	(31, 11, 'Наумов', 'Сергей', 'Алексеевич', '19МК102', 2),
	(32, 12, 'Носков', 'Максим', 'Павлович', '19МК105', 2),
	(33, 13, 'Сапрыкин', 'Дмитрий', 'Андреевич', '19МК240', 2),
	(34, 14, 'Сергеев', 'Николай', 'Валерьевич', '19МК113', 2),
	(35, 15, 'Скворцов', 'Максим', 'Сергеевич', '19МК246', 2),
	(36, 16, 'Содрицов', 'Владислав', 'Ярославович', '19МЛ442', 2),
	(37, 17, 'Тебеньков', 'Константин', 'Анатольевич', '19МК024', 2),
	(38, 18, 'Тимофеев', 'Юрий', 'Алексеевич', '19МК125', 2),
	(39, 19, 'Хохлов', 'Данила', 'Николаевич', '19МК260', 2),
	(40, 20, 'Цветков', 'Юрий', 'Алексеевич', '19МК027', 2),
	(41, 21, 'Шошкин', 'Денис', 'Сергеевич', '19МК270', 2),
	(42, 22, 'Ярославцев', 'Егор', 'Викторович', '19МК274', 2),
	(43, 1, 'Базылев', 'Артемий', 'Александрович', '19МК040', 3),
	(44, 2, 'Волков', 'Егор', 'Олегович', '19МК168', 3),
	(45, 3, 'Галицкий', 'Дмитрий', 'Константинович', '19МК054', 3),
	(46, 4, 'Геворгов', 'Артем', 'Ааронович', '19МК055', 3),
	(47, 5, 'Зотов', 'Илья', 'Александрович', '19МК187', 3),
	(48, 6, 'Котерев', 'Максим', 'Андреевич', '19МК081', 3),
	(49, 7, 'Красовский', 'Глеб', 'Олегович', '19МК084', 3),
	(50, 8, 'Кулешов', 'Ярослав', 'Георгиевич', '19МК201', 3),
	(51, 9, 'Лунякин', 'Сергей', 'Валерьевич', '19МК209', 3),
	(52, 10, 'Лямин', 'Александр', 'Сергеевич', '19МК094', 3),
	(53, 11, 'Марков', 'Георгий', 'сергеевич', '19МК328', 3),
	(54, 12, 'Михальченко', 'Мария', 'Евгеньевна', '19МК100', 3),
	(55, 13, 'Ольховик', 'Никита', 'Сергеевич', '19МК106', 3),
	(56, 14, 'Полторацкий', 'Станислав', 'Александрович', '19МК232', 3),
	(57, 15, 'Санжурин', 'Сергей', 'Владимирович', '19МК239', 3),
	(58, 16, 'Семенов', 'Виталий', 'Михайлович', '19МК242', 3),
	(59, 17, 'Соболюк', 'Николай', 'Алексеевич', '19МК247', 3),
	(60, 18, 'Фалин', 'Александр', 'Дмитриевич', '19МК259', 3),
	(61, 19, 'Федоров', 'Георгий', 'Дмитриевич', '18У547', 3),
	(62, 20, 'Цыбулин', 'Петр', 'Алексеевич', '19МК129', 3),
	(63, 21, 'Щербаков', 'Валерий', 'Юрьевич', '19МК135', 3),
	(64, 22, 'Яшин', 'Никита', 'Алексеевич', '19МК136', 3),
	(65, 1, 'Боровиков', 'Федор', 'Викторович', '19МК322', 4),
	(66, 2, 'Воронин', 'Михаил', 'Юрьевич', '16МК676', 4),
	(67, 3, 'Заидов', 'Анар', 'Рафикович', '19МК341', 4),
	(68, 4, 'Зайцев', 'Алексей', 'Игоревич', '19МК324', 4),
	(69, 5, 'Какурин', 'Олег', 'Николаевич', '17МК345', 4),
	(70, 6, 'Кочетова', 'Анастасия', 'Олеговна', '18МК237', 4),
	(71, 7, 'Линкевич', 'Матвей', 'Михайлович', '19МК300', 4),
	(72, 8, 'Патокин', 'Сергей', 'Валерьевич', '19МК308', 4),
	(73, 9, 'Плиев', 'Владислав', 'Максимович', '17МК156', 4);
    

insert into assessment (student_id, discipline_id, assessment, assessment_type)
values
	(1, 1, "Отл", "Кур"),
	(1, 2, "Зчт", "Зач"),
	(1, 3, "Зчт", "Зач"),
	(1, 4, "Зчт", "Зач"),
	(1, 5, "Отл", "Зач"),
	(1, 6, "Отл", "Зач"),
	(1, 7, "Отл", "Зач"),
	(1, 8, "Хор", "Экз"),
	(1, 1, "Хор", "Экз"),
	(2, 1, "Я", "Кур"),
	(2, 2, "Я", "Зач"),
	(2, 3, "Я", "Зач"),
	(2, 4, "Я", "Зач"),
	(2, 5, "Я", "Зач"),
	(2, 6, "Я", "Зач"),
	(2, 7, "Отл", "Зач"),
	(2, 8, "Я", "Экз"),
	(2, 1, "Я", "Экз"),
	(3, 1, "Я", "Кур"),
	(3, 2, "Я", "Зач"),
	(3, 3, "Я", "Зач"),
	(3, 4, "Зчт", "Зач"),
	(3, 5, "Я", "Зач"),
	(3, 6, "Отл", "Зач"),
	(3, 7, "Хор", "Зач"),
	(3, 8, "Я", "Экз"),
	(3, 1, "Я", "Экз"),
	(4, 1, "Хор", "Кур"),
	(4, 2, "Зчт", "Зач"),
	(4, 3, "Зчт", "Зач"),
	(4, 4, "Зчт", "Зач"),
	(4, 5, "Отл", "Зач"),
	(4, 6, "Отл", "Зач"),
	(4, 7, "Хор", "Зач"),
	(4, 8, "Хор", "Экз"),
	(4, 1, "Хор", "Экз"),
	(5, 1, "Хор", "Кур"),
	(5, 2, "Я", "Зач"),
	(5, 3, "Я", "Зач"),
	(5, 4, "Я", "Зач"),
	(5, 5, "Я", "Зач"),
	(5, 6, "Отл", "Зач"),
	(5, 7, "Я", "Зач"),
	(5, 8, "Я", "Экз"),
	(5, 1, "Хор", "Экз"),
	(6, 1, "Удов", "Кур"),
	(6, 2, "Я", "Зач"),
	(6, 3, "Я", "Зач"),
	(6, 4, "Зчт", "Зач"),
	(6, 5, "Хор", "Зач"),
	(6, 6, "Отл", "Зач"),
	(6, 7, "Я", "Зач"),
	(6, 8, "Я", "Экз"),
	(6, 1, "Отл", "Экз"),
	(7, 1, "Отл", "Кур"),
	(7, 2, "Зчт", "Зач"),
	(7, 3, "Зчт", "Зач"),
	(7, 4, "Зчт", "Зач"),
	(7, 5, "Отл", "Зач"),
	(7, 6, "Отл", "Зач"),
	(7, 7, "Отл", "Зач"),
	(7, 8, "Отл", "Экз"),
	(7, 1, "Хор", "Экз"),
	(8, 1, "Отл", "Кур"),
	(8, 2, "Зчт", "Зач"),
	(8, 3, "Зчт", "Зач"),
	(8, 4, "Зчт", "Зач"),
	(8, 5, "Отл", "Зач"),
	(8, 6, "Отл", "Зач"),
	(8, 7, "Хор", "Зач"),
	(8, 8, "Хор", "Экз"),
	(8, 1, "Хор", "Экз"),
	(9, 1, "Удов", "Кур"),
	(9, 2, "Я", "Зач"),
	(9, 3, "Я", "Зач"),
	(9, 4, "Зчт", "Зач"),
	(9, 5, "Хор", "Зач"),
	(9, 6, "Хор", "Зач"),
	(9, 7, "Удов", "Зач"),
	(9, 8, "Я", "Экз"),
	(9, 1, "Удов", "Экз"),
	(10, 1, "Хор", "Кур"),
	(10, 2, "Я", "Зач"),
	(10, 3, "Я", "Зач"),
	(10, 4, "Зчт", "Зач"),
	(10, 5, "Хор", "Зач"),
	(10, 6, "Хор", "Зач"),
	(10, 7, "Удов", "Зач"),
	(10, 8, "Я", "Экз"),
	(10, 1, "Удов", "Экз"),
	(11, 1, "Я", "Кур"),
	(11, 2, "Я", "Зач"),
	(11, 3, "Я", "Зач"),
	(11, 4, "Я", "Зач"),
	(11, 5, "Я", "Зач"),
	(11, 6, "Я", "Зач"),
	(11, 7, "Я", "Зач"),
	(11, 8, "Я", "Экз"),
	(11, 1, "Я", "Экз"),
	(12, 1, "Я", "Кур"),
	(12, 2, "Я", "Зач"),
	(12, 3, "Я", "Зач"),
	(12, 4, "Я", "Зач"),
	(12, 5, "Я", "Зач"),
	(12, 6, "Я", "Зач"),
	(12, 7, "Я", "Зач"),
	(12, 8, "Я", "Экз"),
	(12, 1, "Я", "Экз"),
	(13, 1, "Отл", "Кур"),
	(13, 2, "Зчт", "Зач"),
	(13, 3, "Зчт", "Зач"),
	(13, 4, "Зчт", "Зач"),
	(13, 5, "Отл", "Зач"),
	(13, 6, "Отл", "Зач"),
	(13, 7, "Отл", "Зач"),
	(13, 8, "Отл", "Экз"),
	(13, 1, "Хор", "Экз"),
	(14, 1, "Отл", "Кур"),
	(14, 2, "Зчт", "Зач"),
	(14, 3, "Зчт", "Зач"),
	(14, 4, "Зчт", "Зач"),
	(14, 5, "Отл", "Зач"),
	(14, 6, "Отл", "Зач"),
	(14, 7, "Отл", "Зач"),
	(14, 8, "Отл", "Экз"),
	(14, 1, "Отл", "Экз"),
	(15, 1, "Я", "Кур"),
	(15, 2, "Я", "Зач"),
	(15, 3, "Зчт", "Зач"),
	(15, 4, "Я", "Зач"),
	(15, 5, "Я", "Зач"),
	(15, 6, "Отл", "Зач"),
	(15, 7, "Я", "Зач"),
	(15, 8, "Я", "Экз"),
	(15, 1, "Я", "Экз"),
	(16, 1, "Отл", "Кур"),
	(16, 2, "Зчт", "Зач"),
	(16, 3, "Я", "Зач"),
	(16, 4, "Зчт", "Зач"),
	(16, 5, "Отл", "Зач"),
	(16, 6, "Хор", "Зач"),
	(16, 7, "Отл", "Зач"),
	(16, 8, "Отл", "Экз"),
	(16, 1, "Отл", "Экз"),
	(17, 1, "Отл", "Кур"),
	(17, 2, "Зчт", "Зач"),
	(17, 3, "Зчт", "Зач"),
	(17, 4, "Зчт", "Зач"),
	(17, 5, "Хор", "Зач"),
	(17, 6, "Отл", "Зач"),
	(17, 7, "Отл", "Зач"),
	(17, 8, "Хор", "Экз"),
	(17, 1, "Отл", "Экз"),
	(18, 1, "Отл", "Кур"),
	(18, 2, "Зчт", "Зач"),
	(18, 3, "Зчт", "Зач"),
	(18, 4, "Зчт", "Зач"),
	(18, 5, "Отл", "Зач"),
	(18, 6, "Отл", "Зач"),
	(18, 7, "Отл", "Зач"),
	(18, 8, "Отл", "Экз"),
	(18, 1, "Отл", "Экз"),
	(19, 1, "Отл", "Кур"),
	(19, 2, "Зчт", "Зач"),
	(19, 3, "Зчт", "Зач"),
	(19, 4, "Зчт", "Зач"),
	(19, 5, "Хор", "Зач"),
	(19, 6, "Отл", "Зач"),
	(19, 7, "Хор", "Зач"),
	(19, 8, "Хор", "Экз"),
	(19, 1, "Отл", "Экз"),
	(20, 1, "Отл", "Кур"),
	(20, 2, "Зчт", "Зач"),
	(20, 3, "Зчт", "Зач"),
	(20, 4, "Зчт", "Зач"),
	(20, 5, "Отл", "Зач"),
	(20, 6, "Отл", "Зач"),
	(20, 7, "Отл", "Зач"),
	(20, 8, "Хор", "Экз"),
	(20, 1, "Отл", "Экз"),
	(21, 1, "Я", "Кур"),
	(21, 2, "Я", "Зач"),
	(21, 3, "Я", "Зач"),
	(21, 4, "Я", "Зач"),
	(21, 5, "Я", "Зач"),
	(21, 6, "Я", "Зач"),
	(21, 7, "Я", "Зач"),
	(21, 8, "Я", "Экз"),
	(21, 1, "Я", "Экз"),
	(22, 1, "Удов", "Кур"),
	(22, 2, "Я", "Зач"),
	(22, 3, "Я", "Зач"),
	(22, 4, "Я", "Зач"),
	(22, 5, "Я", "Зач"),
	(22, 6, "Отл", "Зач"),
	(22, 7, "Я", "Зач"),
	(22, 8, "Удов", "Экз"),
	(22, 1, "Хор", "Экз"),
	(23, 1, "Я", "Кур"),
	(23, 2, "Я", "Зач"),
	(23, 3, "Я", "Зач"),
	(23, 4, "Я", "Зач"),
	(23, 5, "Я", "Зач"),
	(23, 6, "Я", "Зач"),
	(23, 7, "Я", "Зач"),
	(23, 8, "Я", "Экз"),
	(23, 1, "Я", "Экз"),
	(24, 1, "Хор", "Кур"),
	(24, 2, "Я", "Зач"),
	(24, 3, "Я", "Зач"),
	(24, 4, "Зчт", "Зач"),
	(24, 5, "Я", "Зач"),
	(24, 6, "Отл", "Зач"),
	(24, 7, "Я", "Зач"),
	(24, 8, "Я", "Экз"),
	(24, 1, "Хор", "Экз"),
	(25, 1, "Я", "Кур"),
	(25, 2, "Я", "Зач"),
	(25, 3, "Я", "Зач"),
	(25, 4, "Я", "Зач"),
	(25, 5, "Я", "Зач"),
	(25, 6, "Я", "Зач"),
	(25, 7, "Я", "Зач"),
	(25, 8, "Я", "Экз"),
	(25, 1, "Я", "Экз"),
	(26, 1, "Я", "Кур"),
	(26, 2, "Я", "Зач"),
	(26, 3, "Я", "Зач"),
	(26, 4, "Зчт", "Зач"),
	(26, 5, "Я", "Зач"),
	(26, 6, "Отл", "Зач"),
	(26, 7, "Я", "Зач"),
	(26, 8, "Я", "Экз"),
	(26, 1, "Я", "Экз"),
	(27, 1, "Я", "Кур"),
	(27, 2, "Я", "Зач"),
	(27, 3, "Я", "Зач"),
	(27, 4, "Я", "Зач"),
	(27, 5, "Я", "Зач"),
	(27, 6, "Отл", "Зач"),
	(27, 7, "Я", "Зач"),
	(27, 8, "Я", "Экз"),
	(27, 1, "Я", "Экз"),
	(28, 1, "Я", "Кур"),
	(28, 2, "Я", "Зач"),
	(28, 3, "Я", "Зач"),
	(28, 4, "Зчт", "Зач"),
	(28, 5, "Хор", "Зач"),
	(28, 6, "Отл", "Зач"),
	(28, 7, "Я", "Зач"),
	(28, 8, "Удов", "Экз"),
	(28, 1, "Я", "Экз"),
	(29, 1, "Я", "Кур"),
	(29, 2, "Я", "Зач"),
	(29, 3, "Я", "Зач"),
	(29, 4, "Я", "Зач"),
	(29, 5, "Я", "Зач"),
	(29, 6, "Отл", "Зач"),
	(29, 7, "Я", "Зач"),
	(29, 8, "Я", "Экз"),
	(29, 1, "Я", "Экз"),
	(30, 1, "Я", "Кур"),
	(30, 2, "Я", "Зач"),
	(30, 3, "Я", "Зач"),
	(30, 4, "Зчт", "Зач"),
	(30, 5, "Я", "Зач"),
	(30, 6, "Отл", "Зач"),
	(30, 7, "Я", "Зач"),
	(30, 8, "Я", "Экз"),
	(30, 1, "Я", "Экз"),
	(31, 1, "Я", "Кур"),
	(31, 2, "Я", "Зач"),
	(31, 3, "Я", "Зач"),
	(31, 4, "Я", "Зач"),
	(31, 5, "Я", "Зач"),
	(31, 6, "Отл", "Зач"),
	(31, 7, "Я", "Зач"),
	(31, 8, "Отл", "Экз"),
	(31, 1, "Я", "Экз"),
	(32, 1, "Я", "Кур"),
	(32, 2, "Я", "Зач"),
	(32, 3, "Я", "Зач"),
	(32, 4, "Зчт", "Зач"),
	(32, 5, "Я", "Зач"),
	(32, 6, "Отл", "Зач"),
	(32, 7, "Я", "Зач"),
	(32, 8, "Я", "Экз"),
	(32, 1, "Я", "Экз"),
	(33, 1, "Я", "Кур"),
	(33, 2, "Я", "Зач"),
	(33, 3, "Я", "Зач"),
	(33, 4, "Зчт", "Зач"),
	(33, 5, "Удов", "Зач"),
	(33, 6, "Отл", "Зач"),
	(33, 7, "Удов", "Зач"),
	(33, 8, "Удов", "Экз"),
	(33, 1, "Я", "Экз"),
	(34, 1, "Я", "Кур"),
	(34, 2, "Я", "Зач"),
	(34, 3, "Я", "Зач"),
	(34, 4, "Я", "Зач"),
	(34, 5, "Я", "Зач"),
	(34, 6, "Я", "Зач"),
	(34, 7, "Я", "Зач"),
	(34, 8, "Я", "Экз"),
	(34, 1, "Я", "Экз"),
	(35, 1, "Удов", "Кур"),
	(35, 2, "Я", "Зач"),
	(35, 3, "Я", "Зач"),
	(35, 4, "Зчт", "Зач"),
	(35, 5, "Я", "Зач"),
	(35, 6, "Я", "Зач"),
	(35, 7, "Я", "Зач"),
	(35, 8, "Удов", "Экз"),
	(35, 1, "Хор", "Экз"),
	(36, 1, "Удов", "Кур"),
	(36, 2, "Я", "Зач"),
	(36, 3, "Я", "Зач"),
	(36, 4, "Зчт", "Зач"),
	(36, 5, "Хор", "Зач"),
	(36, 6, "Я", "Зач"),
	(36, 7, "Хор", "Зач"),
	(36, 8, "Удов", "Экз"),
	(36, 1, "Удов", "Экз"),
	(37, 1, "Я", "Кур"),
	(37, 2, "Я", "Зач"),
	(37, 3, "Я", "Зач"),
	(37, 4, "Зчт", "Зач"),
	(37, 5, "Я", "Зач"),
	(37, 6, "Отл", "Зач"),
	(37, 7, "Я", "Зач"),
	(37, 8, "Я", "Экз"),
	(37, 1, "Я", "Экз"),
	(38, 1, "Я", "Кур"),
	(38, 2, "Я", "Зач"),
	(38, 3, "Зчт", "Зач"),
	(38, 4, "Зчт", "Зач"),
	(38, 5, "Отл", "Зач"),
	(38, 6, "Отл", "Зач"),
	(38, 7, "Отл", "Зач"),
	(38, 8, "Хор", "Экз"),
	(38, 1, "Я", "Экз"),
	(39, 1, "Я", "Кур"),
	(39, 2, "Я", "Зач"),
	(39, 3, "Я", "Зач"),
	(39, 4, "Зчт", "Зач"),
	(39, 5, "Я", "Зач"),
	(39, 6, "Отл", "Зач"),
	(39, 7, "Я", "Зач"),
	(39, 8, "Я", "Экз"),
	(39, 1, "Я", "Экз"),
	(40, 1, "Отл", "Кур"),
	(40, 2, "Зчт", "Зач"),
	(40, 3, "Зчт", "Зач"),
	(40, 4, "Зчт", "Зач"),
	(40, 5, "Отл", "Зач"),
	(40, 6, "Отл", "Зач"),
	(40, 7, "Отл", "Зач"),
	(40, 8, "Отл", "Экз"),
	(40, 1, "Отл", "Экз"),
	(41, 1, "Я", "Кур"),
	(41, 2, "Я", "Зач"),
	(41, 3, "Я", "Зач"),
	(41, 4, "Я", "Зач"),
	(41, 5, "Я", "Зач"),
	(41, 6, "Отл", "Зач"),
	(41, 7, "Я", "Зач"),
	(41, 8, "Я", "Экз"),
	(41, 1, "Я", "Экз"),
	(42, 1, "Я", "Кур"),
	(42, 2, "Я", "Зач"),
	(42, 3, "Я", "Зач"),
	(42, 4, "Зчт", "Зач"),
	(42, 5, "Я", "Зач"),
	(42, 6, "Отл", "Зач"),
	(42, 7, "Я", "Зач"),
	(42, 8, "Я", "Экз"),
	(42, 1, "Я", "Экз"),
 	(43, 1, "Отл", "Кур"),
	(43, 2, "Зчт", "Зач"),
	(43, 3, "Зчт", "Зач"),
	(43, 4, "Зчт", "Зач"),
	(43, 5, "Отл", "Зач"),
	(43, 6, "Отл", "Зач"),
	(43, 7, "Отл", "Зач"),
	(43, 8, "Хор", "Экз"),
	(43, 1, "Хор", "Экз"),
 	(44, 1, "Я", "Кур"),
	(44, 2, "Я", "Зач"),
	(44, 3, "Я", "Зач"),
	(44, 4, "Я", "Зач"),
	(44, 5, "Я", "Зач"),
	(44, 6, "Я", "Зач"),
	(44, 7, "Я", "Зач"),
	(44, 8, "Я", "Экз"),
	(44, 1, "Я", "Экз"),
 	(45, 1, "Я", "Кур"),
	(45, 2, "Я", "Зач"),
	(45, 3, "Я", "Зач"),
	(45, 4, "Я", "Зач"),
	(45, 5, "Я", "Зач"),
	(45, 6, "Я", "Зач"),
	(45, 7, "Я", "Зач"),
	(45, 8, "Я", "Экз"),
	(45, 1, "Я", "Экз"),
 	(46, 1, "Хор", "Кур"),
	(46, 2, "Зчт", "Зач"),
	(46, 3, "Зчт", "Зач"),
	(46, 4, "Зчт", "Зач"),
	(46, 5, "Отл", "Зач"),
	(46, 6, "Отл", "Зач"),
	(46, 7, "Отл", "Зач"),
	(46, 8, "Хор", "Экз"),
	(46, 1, "Отл", "Экз"),
 	(47, 1, "Отл", "Кур"),
	(47, 2, "Зчт", "Зач"),
	(47, 3, "Зчт", "Зач"),
	(47, 4, "Зчт", "Зач"),
	(47, 5, "Отл", "Зач"),
	(47, 6, "Отл", "Зач"),
	(47, 7, "Отл", "Зач"),
	(47, 8, "Хор", "Экз"),
	(47, 1, "Отл", "Экз"),
 	(48, 1, "Я", "Кур"),
	(48, 2, "Зчт", "Зач"),
	(48, 3, "Я", "Зач"),
	(48, 4, "Я", "Зач"),
	(48, 5, "Я", "Зач"),
	(48, 6, "Отл", "Зач"),
	(48, 7, "Отл", "Зач"),
	(48, 8, "Удов", "Экз"),
	(48, 1, "Я", "Экз"),
 	(49, 1, "Я", "Кур"),
	(49, 2, "Я", "Зач"),
	(49, 3, "Зчт", "Зач"),
	(49, 4, "Зчт", "Зач"),
	(49, 5, "Хор", "Зач"),
	(49, 6, "Отл", "Зач"),
	(49, 7, "Отл", "Зач"),
	(49, 8, "Хор", "Экз"),
	(49, 1, "Я", "Экз"),
 	(50, 1, "Я", "Кур"),
	(50, 2, "Я", "Зач"),
	(50, 3, "Я", "Зач"),
	(50, 4, "Я", "Зач"),
	(50, 5, "Я", "Зач"),
	(50, 6, "Я", "Зач"),
	(50, 7, "Я", "Зач"),
	(50, 8, "Я", "Экз"),
	(50, 1, "Я", "Экз"),
 	(51,  1, "Я", "Кур"),
	(51, 2, "Я", "Зач"),
	(51, 3, "Я", "Зач"),
	(51, 4, "Я", "Зач"),
	(51, 5, "Я", "Зач"),
	(51, 6, "Я", "Зач"),
	(51, 7, "Я", "Зач"),
	(51, 8, "Я", "Экз"),
	(51, 1, "Я", "Экз"),
 	(52, 1, "Я", "Кур"),
	(52, 2, "Я", "Зач"),
	(52, 3, "Зчт", "Зач"),
	(52, 4, "Зчт", "Зач"),
	(52, 5, "Я", "Зач"),
	(52, 6, "Отл", "Зач"),
	(52, 7, "Я", "Зач"),
	(52, 8, "Я", "Экз"),
	(52, 1, "Я", "Экз"),
 	(53, 1, "Хор", "Кур"),
	(53, 2, "Зчт", "Зач"),
	(53, 3, "Зчт", "Зач"),
	(53, 4, "Я", "Зач"),
	(53, 5, "Отл", "Зач"),
	(53, 6, "Отл", "Зач"),
	(53, 7, "Хор", "Зач"),
	(53, 8, "Удов", "Экз"),
	(53, 1, "Хор", "Экз"),
 	(54, 1, "Я", "Кур"),
	(54, 2, "Я", "Зач"),
	(54, 3, "Зчт", "Зач"),
	(54, 4, "Зчт", "Зач"),
	(54, 5, "Я", "Зач"),
	(54, 6, "Отл", "Зач"),
	(54, 7, "Хор", "Зач"),
	(54, 8, "Хор", "Экз"),
	(54, 1, "Я", "Экз"),
 	(55, 1, "Отл", "Кур"),
	(55, 2, "Зчт", "Зач"),
	(55, 3, "Зчт", "Зач"),
	(55, 4, "Зчт", "Зач"),
	(55, 5, "Отл", "Зач"),
	(55, 6, "Отл", "Зач"),
	(55, 7, "Отл", "Зач"),
	(55, 8, "Хор", "Экз"),
	(55, 1, "Хор", "Экз"),
 	(56, 1, "Удов", "Кур"),
	(56, 2, "Я", "Зач"),
	(56, 3, "Я", "Зач"),
	(56, 4, "Зчт", "Зач"),
	(56, 5, "Я", "Зач"),
	(56, 6, "Хор", "Зач"),
	(56, 7, "Я", "Зач"),
	(56, 8, "Я", "Экз"),
	(56, 1, "Отл", "Экз"),
 	(57, 1, "Я", "Кур"),
	(57, 2, "Я", "Зач"),
	(57, 3, "Я", "Зач"),
	(57, 4, "Я", "Зач"),
	(57, 5, "Я", "Зач"),
	(57, 6, "Я", "Зач"),
	(57, 7, "Я", "Зач"),
	(57, 8, "Я", "Экз"),
	(57, 1, "Я", "Экз"),
 	(58, 1, "Хор", "Кур"),
	(58, 2, "Я", "Зач"),
	(58, 3, "Я", "Зач"),
	(58, 4, "Я", "Зач"),
	(58, 5, "Я", "Зач"),
	(58, 6, "Хор", "Зач"),
	(58, 7, "Я", "Зач"),
	(58, 8, "Я", "Экз"),
	(58, 1, "Отл", "Экз"),
 	(59, 1, "Удов", "Кур"),
	(59, 2, "Я", "Зач"),
	(59, 3, "Я", "Зач"),
	(59, 4, "Я", "Зач"),
	(59, 5, "Я", "Зач"),
	(59, 6, "Хор", "Зач"),
	(59, 7, "Я", "Зач"),
	(59, 8, "Я", "Экз"),
	(59, 1, "Удов", "Экз"),
 	(60, 1, "Я", "Кур"),
	(60, 2, "Я", "Зач"),
	(60, 3, "Я", "Зач"),
	(60, 4, "Зчт", "Зач"),
	(60, 5, "Я", "Зач"),
	(60, 6, "Отл", "Зач"),
	(60, 7, "Я", "Зач"),
	(60, 8, "Я", "Экз"),
	(60, 1, "Я", "Экз"),
 	(61, 1, "Я", "Кур"),
	(61, 2, "Я", "Зач"),
	(61, 3, "Я", "Зач"),
	(61, 4, "Зчт", "Зач"),
	(61, 5, "Я", "Зач"),
	(61, 6, "Отл", "Зач"),
	(61, 7, "Я", "Зач"),
	(61, 8, "Я", "Экз"),
	(61, 1, "Я", "Экз"),
 	(62, 1, "Я", "Кур"),
	(62, 2, "Я", "Зач"),
	(62, 3, "Я", "Зач"),
	(62, 4, "Зчт", "Зач"),
	(62, 5, "Я", "Зач"),
	(62, 6, "Отл", "Зач"),
	(62, 7, "Я", "Зач"),
	(62, 8, "Я", "Экз"),
	(62, 1, "Я", "Экз"),
 	(63, 1, "Я", "Кур"),
	(63, 2, "Я", "Зач"),
	(63, 3, "Я", "Зач"),
	(63, 4, "Зчт", "Зач"),
	(63, 5, "Я", "Зач"),
	(63, 6, "Я", "Зач"),
	(63, 7, "Я", "Зач"),
	(63, 8, "Я", "Экз"),
	(63, 1, "Я", "Экз"),
 	(64, 1, "Я", "Кур"),
	(64, 2, "Я", "Зач"),
	(64, 3, "Я", "Зач"),
	(64, 4, "Я", "Зач"),
	(64, 5, "Я", "Зач"),
	(64, 6, "Я", "Зач"),
	(64, 7, "Я", "Зач"),
	(64, 8, "Я", "Экз"),
	(64, 1, "Я", "Экз"),
	(65, 1, "Я", "Кур"),
	(65, 2, "Я", "Зач"),
	(65, 3, "Зчт", "Зач"),
	(65, 4, "Я", "Зач"),
	(65, 5, "Я", "Зач"),
	(65, 6, "Я", "Зач"),
	(65, 7, "Я", "Зач"),
	(65, 8, "Я", "Экз"),
	(65, 1, "Я", "Экз"),
	(66, 1, "Я", "Кур"),
	(66, 2, "Я", "Зач"),
	(66, 3, "Я", "Зач"),
	(66, 4, "Я", "Зач"),
	(66, 5, "Я", "Зач"),
	(66, 6, "Я", "Зач"),
	(66, 7, "Я", "Зач"),
	(66, 8, "Я", "Экз"),
	(66, 1, "Я", "Экз"),
	(67, 1, "Отл", "Кур"),
	(67, 2, "Я", "Зач"),
	(67, 3, "Зчт", "Зач"),
	(67, 4, "Зчт", "Зач"),
	(67, 5, "Отл", "Зач"),
	(67, 6, "Отл", "Зач"),
	(67, 7, "Удов", "Зач"),
	(67, 8, "Удов", "Экз"),
	(67, 1, "Хор", "Экз"),
	(68, 1, "Отл", "Кур"),
	(68, 2, "Зчт", "Зач"),
	(68, 3, "Зчт", "Зач"),
	(68, 4, "Зчт", "Зач"),
	(68, 5, "Отл", "Зач"),
	(68, 6, "Отл", "Зач"),
	(68, 7, "Отл", "Зач"),
	(68, 8, "Хор", "Экз"),
	(68, 1, "Отл", "Экз"),
	(69, 1, "Я", "Кур"),
	(69, 2, "Я", "Зач"),
	(69, 3, "Я", "Зач"),
	(69, 4, "Зчт", "Зач"),
	(69, 5, "Я", "Зач"),
	(69, 6, "Я", "Зач"),
	(69, 7, "Я", "Зач"),
	(69, 8, "Я", "Экз"),
	(69, 1, "Я", "Экз"),
	(70, 1, "Я", "Кур"),
	(70, 2, "Я", "Зач"),
	(70, 3, "Я", "Зач"),
	(70, 4, "Я", "Зач"),
	(70, 5, "Я", "Зач"),
	(70, 6, "Я", "Зач"),
	(70, 7, "Я", "Зач"),
	(70, 8, "Я", "Экз"),
	(70, 1, "Я", "Экз"),
	(71, 1, "Хор", "Кур"),
	(71, 2, "Я", "Зач"),
	(71, 3, "Зчт", "Зач"),
	(71, 4, "Зчт", "Зач"),
	(71, 5, "Отл", "Зач"),
	(71, 6, "Отл", "Зач"),
	(71, 7, "Удов", "Зач"),
	(71, 8, "Удов", "Экз"),
	(71, 1, "Удов", "Экз"),
	(72, 1, "Отл", "Кур"),
	(72, 2, "Зчт", "Зач"),
	(72, 3, "Зчт", "Зач"),
	(72, 4, "Зчт", "Зач"),
	(72, 5, "Отл", "Зач"),
	(72, 6, "Отл", "Зач"),
	(72, 7, "Отл", "Зач"),
	(72, 8, "Отл", "Экз"),
	(72, 1, "Отл", "Экз"),
	(73, 1, "Я", "Кур"),
	(73, 2, "Я", "Зач"),
	(73, 3, "Зчт", "Зач"),
	(73, 4, "Я", "Зач"),
	(73, 5, "Я", "Зач"),
	(73, 6, "Отл", "Зач"),
	(73, 7, "Я", "Зач"),
	(73, 8, "Удов", "Экз"),
	(73, 1, "Я", "Экз");

commit;