-- --------------------------------------------------------
-- Хост:                         127.0.0.1
-- Версия сервера:               5.7.20 - MySQL Community Server (GPL)
-- Операционная система:         Win64
-- HeidiSQL Версия:              9.5.0.5196
-- --------------------------------------------------------

/*!40101 SET @OLD_CHARACTER_SET_CLIENT=@@CHARACTER_SET_CLIENT */;
/*!40101 SET NAMES utf8 */;
/*!50503 SET NAMES utf8mb4 */;
/*!40014 SET @OLD_FOREIGN_KEY_CHECKS=@@FOREIGN_KEY_CHECKS, FOREIGN_KEY_CHECKS=0 */;
/*!40101 SET @OLD_SQL_MODE=@@SQL_MODE, SQL_MODE='NO_AUTO_VALUE_ON_ZERO' */;


-- Дамп структуры базы данных transport
CREATE DATABASE IF NOT EXISTS `transport` /*!40100 DEFAULT CHARACTER SET utf8 */;
USE `transport`;

-- Дамп структуры для таблица transport.applications
CREATE TABLE IF NOT EXISTS `applications` (
  `id` int(10) unsigned NOT NULL AUTO_INCREMENT,
  `name` varchar(255) COLLATE utf8mb4_unicode_ci DEFAULT NULL,
  `category_service` varchar(255) COLLATE utf8mb4_unicode_ci DEFAULT NULL,
  `count_car` int(11) DEFAULT NULL,
  `address` varchar(255) COLLATE utf8mb4_unicode_ci DEFAULT NULL,
  `phone` varchar(255) COLLATE utf8mb4_unicode_ci DEFAULT NULL,
  `message` text COLLATE utf8mb4_unicode_ci,
  `status` enum('OPEN','CLOSE') COLLATE utf8mb4_unicode_ci DEFAULT NULL,
  `created_at` timestamp NULL DEFAULT NULL,
  `updated_at` timestamp NULL DEFAULT NULL,
  PRIMARY KEY (`id`)
) ENGINE=InnoDB AUTO_INCREMENT=8 DEFAULT CHARSET=utf8mb4 COLLATE=utf8mb4_unicode_ci;

-- Дамп данных таблицы transport.applications: ~2 rows (приблизительно)
/*!40000 ALTER TABLE `applications` DISABLE KEYS */;
INSERT INTO `applications` (`id`, `name`, `category_service`, `count_car`, `address`, `phone`, `message`, `status`, `created_at`, `updated_at`) VALUES
	(6, 'Maxim', '2', 1, 'Calina Puskin 2', '37360557165', 'Apartament 1', NULL, '2020-01-07 13:43:09', '2020-01-07 13:43:09'),
	(7, 'Maxim Socol', '1', 22, 'Decebal 139/5', '061008408', 'Подьезд А', 'OPEN', '2020-01-07 13:44:00', '2020-01-07 14:47:45');
/*!40000 ALTER TABLE `applications` ENABLE KEYS */;

-- Дамп структуры для таблица transport.benefits
CREATE TABLE IF NOT EXISTS `benefits` (
  `id` int(10) unsigned NOT NULL AUTO_INCREMENT,
  `title` varchar(255) COLLATE utf8mb4_unicode_ci DEFAULT NULL,
  `excerpt` varchar(255) COLLATE utf8mb4_unicode_ci DEFAULT NULL,
  `photo` varchar(255) COLLATE utf8mb4_unicode_ci DEFAULT NULL,
  `status` enum('ON','OFF') COLLATE utf8mb4_unicode_ci DEFAULT NULL,
  `order` int(11) DEFAULT NULL,
  `meta_title` text COLLATE utf8mb4_unicode_ci,
  `meta_description` text COLLATE utf8mb4_unicode_ci,
  `created_at` timestamp NULL DEFAULT NULL,
  `updated_at` timestamp NULL DEFAULT NULL,
  PRIMARY KEY (`id`)
) ENGINE=InnoDB AUTO_INCREMENT=5 DEFAULT CHARSET=utf8mb4 COLLATE=utf8mb4_unicode_ci;

-- Дамп данных таблицы transport.benefits: ~4 rows (приблизительно)
/*!40000 ALTER TABLE `benefits` DISABLE KEYS */;
INSERT INTO `benefits` (`id`, `title`, `excerpt`, `photo`, `status`, `order`, `meta_title`, `meta_description`, `created_at`, `updated_at`) VALUES
	(1, 'Sigur', 'Asigurăm servicii sigure de transport. Echipa noastră calificată se ocupă de întregul proces al mutării, de la încărcare la descărcare și depozitare, și pe toată durata călătoriei avem grijă ca marfa Dvs să fie în siguranță.', 'benefits/January2020/eATGK1lP7ucRbvZinNKM.png', 'ON', 1, 'Ocean Freight', 'Ocean Freight plays perhaps the most vital role in most transportation and supply chain', '2020-01-03 16:37:00', '2020-01-23 13:51:01'),
	(2, 'Rapid', 'Acționăm rapid atunci când aveți nevoie de transportare în regim de urgență, punând la dispoziția Dvs un taxi marfă, care va salva din timpul prețios pe care îl aveți.', 'benefits/January2020/yzRC8VrtrcoZ3o44ubBl.png', 'ON', 1, 'Ocean Freight', 'Ocean Freight plays perhaps the most vital role in most transportation and supply chain', '2020-01-03 16:37:00', '2020-01-23 13:43:09'),
	(3, 'Comod', 'Pe lângă serviciile standard pe care le avem, oferim și servicii personalizate care presupun deplasarea oricăror obiecte la destinația dorită atât în Republica Moldova cât și în țările Uniunii Europene, cu disponibilitate Non Stop!', 'benefits/January2020/nC0ttzyaUyuAb3rks02y.png', 'ON', 1, 'Ocean Freight', 'Ocean Freight plays perhaps the most vital role in most transportation and supply chain', '2020-01-03 16:37:00', '2020-01-23 13:47:16'),
	(4, 'Calitativ', 'Tratăm fiecare client cu respect și onorăm fiecare comandă cu mare grijă, oferind servicii de înaltă calitate și o deservire maximală, cu scopul de a fi mereu la momentul și locul potrivit pentru a vă ajuta cu orice transportare.', 'benefits/January2020/P4JiC3WtADP2ONkgDV5K.png', 'ON', 1, 'Ocean Freight', 'Ocean Freight plays perhaps the most vital role in most transportation and supply chain', '2020-01-03 16:37:00', '2020-01-23 13:47:25');
/*!40000 ALTER TABLE `benefits` ENABLE KEYS */;

-- Дамп структуры для таблица transport.cars
CREATE TABLE IF NOT EXISTS `cars` (
  `id` int(10) unsigned NOT NULL AUTO_INCREMENT,
  `title` varchar(255) COLLATE utf8mb4_unicode_ci DEFAULT NULL,
  `price` int(11) DEFAULT NULL,
  `price_km` varchar(50) COLLATE utf8mb4_unicode_ci DEFAULT NULL,
  `min_hour` int(11) DEFAULT NULL,
  `min_km` int(11) DEFAULT NULL,
  `dimensions` varchar(255) COLLATE utf8mb4_unicode_ci DEFAULT NULL,
  `size` varchar(255) COLLATE utf8mb4_unicode_ci DEFAULT NULL,
  `max_kg` int(11) DEFAULT NULL,
  `lading` varchar(50) COLLATE utf8mb4_unicode_ci DEFAULT NULL,
  `photo` varchar(255) COLLATE utf8mb4_unicode_ci DEFAULT NULL,
  `status` enum('ON','OFF') COLLATE utf8mb4_unicode_ci DEFAULT NULL,
  `order` int(11) DEFAULT NULL,
  `created_at` timestamp NULL DEFAULT NULL,
  `updated_at` timestamp NULL DEFAULT NULL,
  PRIMARY KEY (`id`)
) ENGINE=InnoDB AUTO_INCREMENT=5 DEFAULT CHARSET=utf8mb4 COLLATE=utf8mb4_unicode_ci;

-- Дамп данных таблицы transport.cars: ~4 rows (приблизительно)
/*!40000 ALTER TABLE `cars` DISABLE KEYS */;
INSERT INTO `cars` (`id`, `title`, `price`, `price_km`, `min_hour`, `min_km`, `dimensions`, `size`, `max_kg`, `lading`, `photo`, `status`, `order`, `created_at`, `updated_at`) VALUES
	(1, 'Extra', 150, '5.0', 1, 50, '1.75 x 1.8 x 4.20', '20', 2, 'posterioară', 'cars\\January2020\\DZQKAgrm18E74df7DhST.png', 'ON', 1, '2020-01-03 22:31:00', '2020-01-03 22:47:19'),
	(2, 'Mini', 130, '4.0', 2, 50, '1.75 x 1.9 x 3.20', '10', 1, 'posterioară', 'cars\\January2020\\qQZeTlekmzwuQzTeRTsw.png', 'ON', 2, '2020-01-03 22:31:00', '2020-01-06 11:33:46'),
	(3, 'Extra min', 150, '5.0', 1, 50, '1.75 x 1.8 x 4.20', '20', 2, 'posterioară', 'cars\\January2020\\DZQKAgrm18E74df7DhST.png', 'ON', 3, '2020-01-03 22:31:00', '2020-01-03 22:47:19'),
	(4, 'Moto', 130, '4.0', 2, 50, '1.75 x 1.9 x 3.20', '10', 1, 'posterioară', 'cars\\January2020\\qQZeTlekmzwuQzTeRTsw.png', 'ON', 4, '2020-01-03 22:31:00', '2020-01-06 11:33:46');
/*!40000 ALTER TABLE `cars` ENABLE KEYS */;

-- Дамп структуры для таблица transport.categories
CREATE TABLE IF NOT EXISTS `categories` (
  `id` int(10) unsigned NOT NULL AUTO_INCREMENT,
  `parent_id` int(10) unsigned DEFAULT NULL,
  `order` int(11) NOT NULL DEFAULT '1',
  `name` varchar(255) COLLATE utf8mb4_unicode_ci NOT NULL,
  `slug` varchar(255) COLLATE utf8mb4_unicode_ci NOT NULL,
  `created_at` timestamp NULL DEFAULT NULL,
  `updated_at` timestamp NULL DEFAULT NULL,
  PRIMARY KEY (`id`),
  UNIQUE KEY `categories_slug_unique` (`slug`),
  KEY `categories_parent_id_foreign` (`parent_id`),
  CONSTRAINT `categories_parent_id_foreign` FOREIGN KEY (`parent_id`) REFERENCES `categories` (`id`) ON DELETE SET NULL ON UPDATE CASCADE
) ENGINE=InnoDB AUTO_INCREMENT=3 DEFAULT CHARSET=utf8mb4 COLLATE=utf8mb4_unicode_ci;

-- Дамп данных таблицы transport.categories: ~2 rows (приблизительно)
/*!40000 ALTER TABLE `categories` DISABLE KEYS */;
INSERT INTO `categories` (`id`, `parent_id`, `order`, `name`, `slug`, `created_at`, `updated_at`) VALUES
	(1, NULL, 1, 'Category 1', 'category-1', '2019-12-30 18:50:07', '2019-12-30 18:50:07'),
	(2, NULL, 1, 'Category 2', 'category-2', '2019-12-30 18:50:07', '2019-12-30 18:50:07');
/*!40000 ALTER TABLE `categories` ENABLE KEYS */;

-- Дамп структуры для таблица transport.category_services
CREATE TABLE IF NOT EXISTS `category_services` (
  `id` int(10) unsigned NOT NULL AUTO_INCREMENT,
  `name` varchar(255) COLLATE utf8mb4_unicode_ci DEFAULT NULL,
  `slug` varchar(255) COLLATE utf8mb4_unicode_ci DEFAULT NULL,
  `body` text COLLATE utf8mb4_unicode_ci,
  `status` enum('ON','OFF') COLLATE utf8mb4_unicode_ci DEFAULT NULL,
  `order` int(11) DEFAULT NULL,
  `created_at` timestamp NULL DEFAULT NULL,
  `updated_at` timestamp NULL DEFAULT NULL,
  PRIMARY KEY (`id`)
) ENGINE=InnoDB AUTO_INCREMENT=3 DEFAULT CHARSET=utf8mb4 COLLATE=utf8mb4_unicode_ci;

-- Дамп данных таблицы transport.category_services: ~2 rows (приблизительно)
/*!40000 ALTER TABLE `category_services` DISABLE KEYS */;
INSERT INTO `category_services` (`id`, `name`, `slug`, `body`, `status`, `order`, `created_at`, `updated_at`) VALUES
	(1, 'Personal', 'personal', '<p>Transportation Team s-a impus rapid pe piață, din dorința de a asigura clienților noștri calitate și promptitudine &icirc;n furnizarea de soluții logistice complete, cum ar fi transportarea obiectelor personale și cele de business. Am investit &icirc;n angajați calificați și procese manageriale care oferă clienților noștri soluții eficiente și comode de transportare pentru a vă satisfice la cel mai &icirc;nalt nivel nevoile Dvs.</p>', 'ON', 1, '2020-01-03 17:19:00', '2020-01-28 10:16:55'),
	(2, 'Bussiness', 'bussiness', NULL, 'ON', 2, '2020-01-03 17:19:00', '2020-01-06 16:38:10');
/*!40000 ALTER TABLE `category_services` ENABLE KEYS */;

-- Дамп структуры для таблица transport.clients
CREATE TABLE IF NOT EXISTS `clients` (
  `id` int(10) unsigned NOT NULL AUTO_INCREMENT,
  `photo` varchar(255) COLLATE utf8mb4_unicode_ci DEFAULT NULL,
  `name` varchar(255) COLLATE utf8mb4_unicode_ci DEFAULT NULL,
  `slug` varchar(255) COLLATE utf8mb4_unicode_ci DEFAULT NULL,
  `status` enum('ON','OFF') COLLATE utf8mb4_unicode_ci DEFAULT NULL,
  `order` int(11) DEFAULT NULL,
  `created_at` timestamp NULL DEFAULT NULL,
  `updated_at` timestamp NULL DEFAULT NULL,
  PRIMARY KEY (`id`)
) ENGINE=InnoDB AUTO_INCREMENT=9 DEFAULT CHARSET=utf8mb4 COLLATE=utf8mb4_unicode_ci;

-- Дамп данных таблицы transport.clients: ~8 rows (приблизительно)
/*!40000 ALTER TABLE `clients` DISABLE KEYS */;
INSERT INTO `clients` (`id`, `photo`, `name`, `slug`, `status`, `order`, `created_at`, `updated_at`) VALUES
	(1, 'clients\\January2020\\dVkgPWPncLXji81UsSNp.png', 'Test', NULL, 'ON', 1, '2020-01-03 21:39:02', '2020-01-03 21:39:02'),
	(2, 'clients\\January2020\\dVkgPWPncLXji81UsSNp.png', 'Test', NULL, 'ON', 1, '2020-01-03 21:39:02', '2020-01-03 21:39:02'),
	(3, 'clients\\January2020\\dVkgPWPncLXji81UsSNp.png', 'Test', NULL, 'ON', 1, '2020-01-03 21:39:02', '2020-01-03 21:39:02'),
	(4, 'clients\\January2020\\dVkgPWPncLXji81UsSNp.png', 'Test', NULL, 'ON', 1, '2020-01-03 21:39:02', '2020-01-03 21:39:02'),
	(5, 'clients\\January2020\\dVkgPWPncLXji81UsSNp.png', 'Test', NULL, 'ON', 1, '2020-01-03 21:39:02', '2020-01-03 21:39:02'),
	(6, 'clients\\January2020\\dVkgPWPncLXji81UsSNp.png', 'Test', NULL, 'ON', 1, '2020-01-03 21:39:02', '2020-01-03 21:39:02'),
	(7, 'clients\\January2020\\dVkgPWPncLXji81UsSNp.png', 'Test', NULL, 'ON', 1, '2020-01-03 21:39:02', '2020-01-03 21:39:02'),
	(8, 'clients\\January2020\\dVkgPWPncLXji81UsSNp.png', 'Test', NULL, 'ON', 1, '2020-01-03 21:39:02', '2020-01-03 21:39:02');
/*!40000 ALTER TABLE `clients` ENABLE KEYS */;

-- Дамп структуры для таблица transport.contacts
CREATE TABLE IF NOT EXISTS `contacts` (
  `id` int(10) unsigned NOT NULL AUTO_INCREMENT,
  `name` varchar(255) COLLATE utf8mb4_unicode_ci DEFAULT NULL,
  `email` varchar(255) COLLATE utf8mb4_unicode_ci DEFAULT NULL,
  `subject` varchar(255) COLLATE utf8mb4_unicode_ci DEFAULT NULL,
  `message` varchar(255) COLLATE utf8mb4_unicode_ci DEFAULT NULL,
  `status` enum('OPEN','CLOSED') COLLATE utf8mb4_unicode_ci DEFAULT NULL,
  `created_at` timestamp NULL DEFAULT NULL,
  `updated_at` timestamp NULL DEFAULT NULL,
  PRIMARY KEY (`id`)
) ENGINE=InnoDB DEFAULT CHARSET=utf8mb4 COLLATE=utf8mb4_unicode_ci;

-- Дамп данных таблицы transport.contacts: ~0 rows (приблизительно)
/*!40000 ALTER TABLE `contacts` DISABLE KEYS */;
/*!40000 ALTER TABLE `contacts` ENABLE KEYS */;

-- Дамп структуры для таблица transport.data_rows
CREATE TABLE IF NOT EXISTS `data_rows` (
  `id` int(10) unsigned NOT NULL AUTO_INCREMENT,
  `data_type_id` int(10) unsigned NOT NULL,
  `field` varchar(255) COLLATE utf8mb4_unicode_ci NOT NULL,
  `type` varchar(255) COLLATE utf8mb4_unicode_ci NOT NULL,
  `display_name` varchar(255) COLLATE utf8mb4_unicode_ci NOT NULL,
  `required` tinyint(1) NOT NULL DEFAULT '0',
  `browse` tinyint(1) NOT NULL DEFAULT '1',
  `read` tinyint(1) NOT NULL DEFAULT '1',
  `edit` tinyint(1) NOT NULL DEFAULT '1',
  `add` tinyint(1) NOT NULL DEFAULT '1',
  `delete` tinyint(1) NOT NULL DEFAULT '1',
  `details` text COLLATE utf8mb4_unicode_ci,
  `order` int(11) NOT NULL DEFAULT '1',
  PRIMARY KEY (`id`),
  KEY `data_rows_data_type_id_foreign` (`data_type_id`),
  CONSTRAINT `data_rows_data_type_id_foreign` FOREIGN KEY (`data_type_id`) REFERENCES `data_types` (`id`) ON DELETE CASCADE ON UPDATE CASCADE
) ENGINE=InnoDB AUTO_INCREMENT=142 DEFAULT CHARSET=utf8mb4 COLLATE=utf8mb4_unicode_ci;

-- Дамп данных таблицы transport.data_rows: ~138 rows (приблизительно)
/*!40000 ALTER TABLE `data_rows` DISABLE KEYS */;
INSERT INTO `data_rows` (`id`, `data_type_id`, `field`, `type`, `display_name`, `required`, `browse`, `read`, `edit`, `add`, `delete`, `details`, `order`) VALUES
	(1, 1, 'id', 'number', 'ID', 1, 0, 0, 0, 0, 0, NULL, 1),
	(2, 1, 'name', 'text', 'Name', 1, 1, 1, 1, 1, 1, NULL, 2),
	(3, 1, 'email', 'text', 'Email', 1, 1, 1, 1, 1, 1, NULL, 3),
	(4, 1, 'password', 'password', 'Password', 1, 0, 0, 1, 1, 0, NULL, 4),
	(5, 1, 'remember_token', 'text', 'Remember Token', 0, 0, 0, 0, 0, 0, NULL, 5),
	(6, 1, 'created_at', 'timestamp', 'Created At', 0, 1, 1, 0, 0, 0, NULL, 6),
	(7, 1, 'updated_at', 'timestamp', 'Updated At', 0, 0, 0, 0, 0, 0, NULL, 7),
	(8, 1, 'avatar', 'image', 'Avatar', 0, 1, 1, 1, 1, 1, NULL, 8),
	(9, 1, 'user_belongsto_role_relationship', 'relationship', 'Role', 0, 1, 1, 1, 1, 0, '{"model":"TCG\\\\Voyager\\\\Models\\\\Role","table":"roles","type":"belongsTo","column":"role_id","key":"id","label":"display_name","pivot_table":"roles","pivot":0}', 10),
	(10, 1, 'user_belongstomany_role_relationship', 'relationship', 'Roles', 0, 1, 1, 1, 1, 0, '{"model":"TCG\\\\Voyager\\\\Models\\\\Role","table":"roles","type":"belongsToMany","column":"id","key":"id","label":"display_name","pivot_table":"user_roles","pivot":"1","taggable":"0"}', 11),
	(11, 1, 'settings', 'hidden', 'Settings', 0, 0, 0, 0, 0, 0, NULL, 12),
	(12, 2, 'id', 'number', 'ID', 1, 0, 0, 0, 0, 0, NULL, 1),
	(13, 2, 'name', 'text', 'Name', 1, 1, 1, 1, 1, 1, NULL, 2),
	(14, 2, 'created_at', 'timestamp', 'Created At', 0, 0, 0, 0, 0, 0, NULL, 3),
	(15, 2, 'updated_at', 'timestamp', 'Updated At', 0, 0, 0, 0, 0, 0, NULL, 4),
	(16, 3, 'id', 'number', 'ID', 1, 0, 0, 0, 0, 0, NULL, 1),
	(17, 3, 'name', 'text', 'Name', 1, 1, 1, 1, 1, 1, NULL, 2),
	(18, 3, 'created_at', 'timestamp', 'Created At', 0, 0, 0, 0, 0, 0, NULL, 3),
	(19, 3, 'updated_at', 'timestamp', 'Updated At', 0, 0, 0, 0, 0, 0, NULL, 4),
	(20, 3, 'display_name', 'text', 'Display Name', 1, 1, 1, 1, 1, 1, NULL, 5),
	(21, 1, 'role_id', 'text', 'Role', 1, 1, 1, 1, 1, 1, NULL, 9),
	(22, 4, 'id', 'number', 'ID', 1, 0, 0, 0, 0, 0, NULL, 1),
	(23, 4, 'parent_id', 'select_dropdown', 'Parent', 0, 0, 1, 1, 1, 1, '{"default":"","null":"","options":{"":"-- None --"},"relationship":{"key":"id","label":"name"}}', 2),
	(24, 4, 'order', 'text', 'Order', 1, 1, 1, 1, 1, 1, '{"default":1}', 3),
	(25, 4, 'name', 'text', 'Name', 1, 1, 1, 1, 1, 1, NULL, 4),
	(26, 4, 'slug', 'text', 'Slug', 1, 1, 1, 1, 1, 1, '{"slugify":{"origin":"name"}}', 5),
	(27, 4, 'created_at', 'timestamp', 'Created At', 0, 0, 1, 0, 0, 0, NULL, 6),
	(28, 4, 'updated_at', 'timestamp', 'Updated At', 0, 0, 0, 0, 0, 0, NULL, 7),
	(29, 5, 'id', 'number', 'ID', 1, 0, 0, 0, 0, 0, NULL, 1),
	(30, 5, 'author_id', 'text', 'Author', 1, 0, 1, 1, 0, 1, NULL, 2),
	(31, 5, 'category_id', 'text', 'Category', 1, 0, 1, 1, 1, 0, NULL, 3),
	(32, 5, 'title', 'text', 'Title', 1, 1, 1, 1, 1, 1, NULL, 4),
	(33, 5, 'excerpt', 'text_area', 'Excerpt', 1, 0, 1, 1, 1, 1, NULL, 5),
	(34, 5, 'body', 'rich_text_box', 'Body', 1, 0, 1, 1, 1, 1, NULL, 6),
	(35, 5, 'image', 'image', 'Post Image', 0, 1, 1, 1, 1, 1, '{"resize":{"width":"1000","height":"null"},"quality":"70%","upsize":true,"thumbnails":[{"name":"medium","scale":"50%"},{"name":"small","scale":"25%"},{"name":"cropped","crop":{"width":"300","height":"250"}}]}', 7),
	(36, 5, 'slug', 'text', 'Slug', 1, 0, 1, 1, 1, 1, '{"slugify":{"origin":"title","forceUpdate":true},"validation":{"rule":"unique:posts,slug"}}', 8),
	(37, 5, 'meta_description', 'text_area', 'Meta Description', 1, 0, 1, 1, 1, 1, NULL, 9),
	(38, 5, 'meta_keywords', 'text_area', 'Meta Keywords', 1, 0, 1, 1, 1, 1, NULL, 10),
	(39, 5, 'status', 'select_dropdown', 'Status', 1, 1, 1, 1, 1, 1, '{"default":"DRAFT","options":{"PUBLISHED":"published","DRAFT":"draft","PENDING":"pending"}}', 11),
	(40, 5, 'created_at', 'timestamp', 'Created At', 0, 1, 1, 0, 0, 0, NULL, 12),
	(41, 5, 'updated_at', 'timestamp', 'Updated At', 0, 0, 0, 0, 0, 0, NULL, 13),
	(42, 5, 'seo_title', 'text', 'SEO Title', 0, 1, 1, 1, 1, 1, NULL, 14),
	(43, 5, 'featured', 'checkbox', 'Featured', 1, 1, 1, 1, 1, 1, NULL, 15),
	(44, 6, 'id', 'number', 'ID', 1, 0, 0, 0, 0, 0, '{}', 1),
	(45, 6, 'author_id', 'text', 'Author', 1, 0, 0, 0, 0, 0, '{}', 2),
	(46, 6, 'title', 'text', 'Title', 1, 1, 1, 1, 1, 1, '{}', 3),
	(47, 6, 'excerpt', 'text_area', 'Excerpt', 0, 0, 1, 1, 1, 1, '{}', 4),
	(48, 6, 'body', 'rich_text_box', 'Body', 0, 0, 1, 1, 1, 1, '{}', 5),
	(49, 6, 'slug', 'text', 'Slug', 1, 0, 1, 1, 1, 1, '{"slugify":{"origin":"title"},"validation":{"rule":"unique:pages,slug"}}', 6),
	(50, 6, 'meta_description', 'text', 'Meta Description', 0, 0, 1, 1, 1, 1, '{}', 7),
	(51, 6, 'meta_keywords', 'text', 'Meta Keywords', 0, 0, 1, 1, 1, 1, '{}', 8),
	(52, 6, 'status', 'select_dropdown', 'Status', 1, 1, 1, 1, 1, 1, '{"default":"INACTIVE","options":{"INACTIVE":"INACTIVE","ACTIVE":"ACTIVE"}}', 9),
	(53, 6, 'created_at', 'timestamp', 'Created At', 0, 1, 1, 0, 0, 0, '{}', 10),
	(54, 6, 'updated_at', 'timestamp', 'Updated At', 0, 0, 0, 0, 0, 0, '{}', 11),
	(55, 6, 'image', 'image', 'Page Image', 0, 1, 1, 1, 1, 1, '{}', 12),
	(56, 7, 'id', 'text', 'Id', 1, 0, 0, 0, 0, 0, '{}', 1),
	(57, 7, 'name', 'text', 'Name', 0, 1, 1, 1, 1, 1, '{}', 2),
	(58, 7, 'email', 'text', 'Email', 0, 1, 1, 1, 1, 1, '{}', 3),
	(59, 7, 'subject', 'text', 'Subject', 0, 1, 1, 1, 1, 1, '{}', 4),
	(60, 7, 'message', 'text', 'Message', 0, 0, 1, 1, 1, 1, '{}', 5),
	(61, 7, 'status', 'text', 'Status', 0, 1, 1, 1, 1, 1, '{"default":"OPEN","options":{"OPEN":"OPEN","CLOSED":"CLOSED"}}', 6),
	(62, 7, 'created_at', 'timestamp', 'Created At', 0, 1, 1, 1, 0, 1, '{}', 7),
	(63, 7, 'updated_at', 'timestamp', 'Updated At', 0, 0, 0, 0, 0, 0, '{}', 8),
	(64, 8, 'id', 'text', 'Id', 1, 0, 0, 0, 0, 0, '{}', 1),
	(65, 8, 'title', 'text', 'Title', 0, 1, 1, 1, 1, 1, '{}', 2),
	(66, 8, 'excerpt', 'text_area', 'Excerpt', 0, 0, 1, 1, 1, 1, '{}', 4),
	(67, 8, 'slug', 'text', 'Slug', 0, 0, 1, 1, 1, 1, 'null', 3),
	(68, 8, 'text_button', 'text', 'Text Button', 0, 0, 1, 1, 1, 1, '{}', 5),
	(69, 8, 'order', 'text', 'Order', 0, 1, 1, 1, 1, 1, '{}', 6),
	(70, 8, 'status', 'select_dropdown', 'Status', 0, 1, 1, 1, 1, 1, '{"default":"ON","options":{"ON":"ON","OFF":"OFF"}}', 7),
	(71, 8, 'photo', 'image', 'Photo', 0, 1, 1, 1, 1, 1, '{}', 8),
	(72, 8, 'breadcrumbs_photo', 'image', 'Breadcrumbs Photo', 0, 0, 1, 1, 1, 1, '{}', 9),
	(73, 8, 'created_at', 'timestamp', 'Created At', 0, 0, 1, 1, 0, 1, '{}', 10),
	(74, 8, 'updated_at', 'timestamp', 'Updated At', 0, 0, 0, 0, 0, 0, '{}', 11),
	(75, 9, 'id', 'text', 'Id', 1, 0, 0, 0, 0, 0, '{}', 1),
	(76, 9, 'title', 'text', 'Title', 0, 1, 1, 1, 1, 1, '{}', 2),
	(77, 9, 'excerpt', 'text_area', 'Excerpt', 0, 0, 1, 1, 1, 1, '{}', 3),
	(78, 9, 'photo', 'image', 'Photo', 0, 1, 1, 1, 1, 1, '{}', 4),
	(79, 9, 'status', 'select_dropdown', 'Status', 0, 1, 1, 1, 1, 1, '{"default":"ON","options":{"ON":"ON","OFF":"OFF"}}', 5),
	(80, 9, 'order', 'text', 'Order', 0, 1, 1, 1, 1, 1, '{}', 6),
	(81, 9, 'created_at', 'timestamp', 'Created At', 0, 0, 1, 1, 0, 1, '{}', 9),
	(82, 9, 'updated_at', 'timestamp', 'Updated At', 0, 0, 0, 0, 0, 0, '{}', 10),
	(83, 10, 'id', 'text', 'Id', 1, 0, 0, 0, 0, 0, '{}', 1),
	(84, 10, 'photo', 'image', 'Photo', 0, 1, 1, 1, 1, 1, '{}', 2),
	(85, 10, 'name', 'text', 'Name', 0, 1, 1, 1, 1, 1, '{}', 3),
	(86, 10, 'slug', 'text', 'Slug', 0, 1, 1, 1, 1, 1, '{}', 4),
	(87, 10, 'status', 'select_dropdown', 'Status', 0, 1, 1, 1, 1, 1, '{"default":"ON","options":{"ON":"ON","OFF":"OFF"}}', 5),
	(88, 10, 'order', 'text', 'Order', 0, 1, 1, 1, 1, 1, '{}', 6),
	(89, 10, 'created_at', 'timestamp', 'Created At', 0, 1, 1, 1, 0, 1, '{}', 7),
	(90, 10, 'updated_at', 'timestamp', 'Updated At', 0, 0, 0, 0, 0, 0, '{}', 8),
	(91, 11, 'id', 'text', 'Id', 1, 0, 0, 0, 0, 0, '{}', 1),
	(92, 11, 'title', 'text', 'Title', 0, 1, 1, 1, 1, 1, '{}', 2),
	(93, 11, 'excerpt', 'text_area', 'Excerpt', 0, 0, 1, 1, 1, 1, '{}', 4),
	(94, 11, 'photo', 'image', 'Photo', 0, 1, 1, 1, 1, 1, '{}', 5),
	(95, 11, 'status', 'select_dropdown', 'Status', 0, 1, 1, 1, 1, 1, '{"default":"ON","options":{"ON":"ON","OFF":"OFF"}}', 6),
	(96, 11, 'order', 'text', 'Order', 0, 1, 1, 1, 1, 1, '{}', 7),
	(97, 11, 'created_at', 'timestamp', 'Created At', 0, 0, 1, 1, 0, 1, '{}', 10),
	(98, 11, 'updated_at', 'timestamp', 'Updated At', 0, 0, 0, 0, 0, 0, '{}', 11),
	(99, 9, 'meta_title', 'text_area', 'Meta Title', 0, 0, 1, 1, 1, 1, '{}', 7),
	(100, 9, 'meta_description', 'text_area', 'Meta Description', 0, 0, 1, 1, 1, 1, '{}', 8),
	(101, 11, 'meta_title', 'text_area', 'Meta Title', 0, 0, 1, 1, 1, 1, '{}', 8),
	(102, 11, 'meta_description', 'text_area', 'Meta Description', 0, 0, 1, 1, 1, 1, '{}', 9),
	(103, 6, 'meta_title', 'text', 'Meta Title', 1, 0, 1, 1, 1, 1, '{}', 8),
	(104, 12, 'id', 'text', 'Id', 1, 0, 0, 0, 0, 0, '{}', 1),
	(105, 12, 'title', 'text', 'Title', 0, 1, 1, 1, 1, 1, '{}', 2),
	(106, 12, 'price', 'text', 'Price', 0, 1, 1, 1, 1, 1, '{}', 3),
	(108, 12, 'min_hour', 'text', 'Min Hour', 0, 1, 1, 1, 1, 1, '{}', 5),
	(109, 12, 'min_km', 'text', 'Min Km', 0, 1, 1, 1, 1, 1, '{}', 6),
	(110, 12, 'dimensions', 'text', 'Dimensions', 0, 0, 1, 1, 1, 1, '{}', 7),
	(111, 12, 'size', 'text', 'Size', 0, 1, 1, 1, 1, 1, '{}', 8),
	(112, 12, 'max_kg', 'text', 'Max Kg', 0, 1, 1, 1, 1, 1, '{}', 9),
	(113, 12, 'photo', 'image', 'Photo', 0, 1, 1, 1, 1, 1, '{}', 11),
	(114, 12, 'status', 'text', 'Status', 0, 1, 1, 1, 1, 1, '{"default":"ON","options":{"ON":"ON","OFF":"OFF"}}', 12),
	(115, 12, 'order', 'text', 'Order', 0, 1, 1, 1, 1, 1, '{}', 13),
	(116, 12, 'created_at', 'timestamp', 'Created At', 0, 0, 1, 1, 0, 1, '{}', 14),
	(117, 12, 'updated_at', 'timestamp', 'Updated At', 0, 0, 0, 0, 0, 0, '{}', 15),
	(118, 13, 'id', 'text', 'Id', 1, 0, 0, 0, 0, 0, '{}', 1),
	(119, 13, 'name', 'text', 'Name', 0, 1, 1, 1, 1, 1, '{}', 2),
	(120, 13, 'status', 'select_dropdown', 'Status', 0, 1, 1, 1, 1, 1, '{"default":"ON","options":{"ON":"ON","OFF":"OFF"}}', 5),
	(121, 13, 'order', 'text', 'Order', 0, 1, 1, 1, 1, 1, '{}', 6),
	(122, 13, 'created_at', 'timestamp', 'Created At', 0, 1, 1, 1, 0, 1, '{}', 7),
	(123, 13, 'updated_at', 'timestamp', 'Updated At', 0, 0, 0, 0, 0, 0, '{}', 8),
	(124, 11, 'category_id', 'select_dropdown', 'Category', 0, 1, 1, 1, 1, 1, '{}', 3),
	(125, 11, 'service_belongsto_category_service_relationship', 'relationship', 'category_services', 0, 1, 1, 1, 1, 1, '{"model":"App\\\\CategoryService","table":"category_services","type":"belongsTo","column":"category_id","key":"id","label":"name","pivot_table":"benefits","pivot":"0","taggable":null}', 12),
	(126, 12, 'lading', 'text', 'Incarcarea', 0, 0, 1, 1, 1, 1, '{}', 10),
	(127, 12, 'price_km', 'text', 'Pret km', 0, 1, 1, 1, 1, 1, '{}', 4),
	(128, 13, 'slug', 'text', 'Slug', 0, 0, 1, 1, 1, 1, '{"slugify":{"origin":"name","forceUpdate":true},"validation":{"rule":"unique:category_services,slug"}}', 3),
	(129, 14, 'id', 'text', 'Id', 1, 0, 0, 0, 0, 0, '{}', 1),
	(130, 14, 'name', 'text', 'Name', 0, 1, 1, 1, 1, 1, '{}', 2),
	(131, 14, 'category_service', 'text', 'Category Service', 0, 1, 1, 1, 1, 1, '{}', 3),
	(132, 14, 'count_car', 'text', 'Count Car', 0, 1, 1, 1, 1, 1, '{}', 5),
	(133, 14, 'phone', 'text', 'Phone', 0, 1, 1, 1, 1, 1, '{}', 6),
	(135, 14, 'message', 'text_area', 'Message', 0, 0, 1, 1, 1, 1, '{}', 8),
	(136, 14, 'status', 'text', 'Status', 0, 1, 1, 1, 1, 1, '{"default":"OPEN","options":{"OPEN":"OPEN","CLOSE":"CLOSE"}}', 9),
	(137, 14, 'created_at', 'timestamp', 'Created At', 0, 1, 1, 1, 0, 1, '{}', 10),
	(138, 14, 'updated_at', 'timestamp', 'Updated At', 0, 0, 0, 0, 0, 0, '{}', 11),
	(139, 14, 'application_belongsto_category_service_relationship', 'relationship', 'Category Service', 0, 1, 1, 1, 1, 1, '{"model":"App\\\\CategoryService","table":"category_services","type":"belongsTo","column":"category_service","key":"id","label":"name","pivot_table":"applications","pivot":"0","taggable":"0"}', 4),
	(140, 14, 'address', 'text', 'Address', 0, 1, 1, 1, 1, 1, '{}', 5),
	(141, 13, 'body', 'rich_text_box', 'Body', 0, 0, 1, 1, 1, 1, '{}', 4);
/*!40000 ALTER TABLE `data_rows` ENABLE KEYS */;

-- Дамп структуры для таблица transport.data_types
CREATE TABLE IF NOT EXISTS `data_types` (
  `id` int(10) unsigned NOT NULL AUTO_INCREMENT,
  `name` varchar(255) COLLATE utf8mb4_unicode_ci NOT NULL,
  `slug` varchar(255) COLLATE utf8mb4_unicode_ci NOT NULL,
  `display_name_singular` varchar(255) COLLATE utf8mb4_unicode_ci NOT NULL,
  `display_name_plural` varchar(255) COLLATE utf8mb4_unicode_ci NOT NULL,
  `icon` varchar(255) COLLATE utf8mb4_unicode_ci DEFAULT NULL,
  `model_name` varchar(255) COLLATE utf8mb4_unicode_ci DEFAULT NULL,
  `policy_name` varchar(255) COLLATE utf8mb4_unicode_ci DEFAULT NULL,
  `controller` varchar(255) COLLATE utf8mb4_unicode_ci DEFAULT NULL,
  `description` varchar(255) COLLATE utf8mb4_unicode_ci DEFAULT NULL,
  `generate_permissions` tinyint(1) NOT NULL DEFAULT '0',
  `server_side` tinyint(4) NOT NULL DEFAULT '0',
  `details` text COLLATE utf8mb4_unicode_ci,
  `created_at` timestamp NULL DEFAULT NULL,
  `updated_at` timestamp NULL DEFAULT NULL,
  PRIMARY KEY (`id`),
  UNIQUE KEY `data_types_name_unique` (`name`),
  UNIQUE KEY `data_types_slug_unique` (`slug`)
) ENGINE=InnoDB AUTO_INCREMENT=15 DEFAULT CHARSET=utf8mb4 COLLATE=utf8mb4_unicode_ci;

-- Дамп данных таблицы transport.data_types: ~14 rows (приблизительно)
/*!40000 ALTER TABLE `data_types` DISABLE KEYS */;
INSERT INTO `data_types` (`id`, `name`, `slug`, `display_name_singular`, `display_name_plural`, `icon`, `model_name`, `policy_name`, `controller`, `description`, `generate_permissions`, `server_side`, `details`, `created_at`, `updated_at`) VALUES
	(1, 'users', 'users', 'User', 'Users', 'voyager-person', 'TCG\\Voyager\\Models\\User', 'TCG\\Voyager\\Policies\\UserPolicy', 'TCG\\Voyager\\Http\\Controllers\\VoyagerUserController', '', 1, 0, NULL, '2019-12-30 18:50:06', '2019-12-30 18:50:06'),
	(2, 'menus', 'menus', 'Menu', 'Menus', 'voyager-list', 'TCG\\Voyager\\Models\\Menu', NULL, '', '', 1, 0, NULL, '2019-12-30 18:50:06', '2019-12-30 18:50:06'),
	(3, 'roles', 'roles', 'Role', 'Roles', 'voyager-lock', 'TCG\\Voyager\\Models\\Role', NULL, '', '', 1, 0, NULL, '2019-12-30 18:50:06', '2019-12-30 18:50:06'),
	(4, 'categories', 'categories', 'Category', 'Categories', 'voyager-categories', 'TCG\\Voyager\\Models\\Category', NULL, '', '', 1, 0, NULL, '2019-12-30 18:50:07', '2019-12-30 18:50:07'),
	(5, 'posts', 'posts', 'Post', 'Posts', 'voyager-news', 'TCG\\Voyager\\Models\\Post', 'TCG\\Voyager\\Policies\\PostPolicy', '', '', 1, 0, NULL, '2019-12-30 18:50:07', '2019-12-30 18:50:07'),
	(6, 'pages', 'pages', 'Page', 'Pages', 'voyager-file-text', 'TCG\\Voyager\\Models\\Page', NULL, NULL, NULL, 1, 0, '{"order_column":null,"order_display_column":null,"order_direction":"desc","default_search_key":null,"scope":null}', '2019-12-30 18:50:07', '2020-01-02 12:40:28'),
	(7, 'contacts', 'contacts', 'Contact', 'Contacts', 'voyager-bubble', 'App\\Contact', NULL, NULL, NULL, 1, 0, '{"order_column":null,"order_display_column":null,"order_direction":"asc","default_search_key":null}', '2019-12-31 09:12:55', '2019-12-31 09:12:55'),
	(8, 'sliders', 'sliders', 'Slider', 'Sliders', NULL, 'App\\Slider', NULL, NULL, NULL, 1, 0, '{"order_column":null,"order_display_column":null,"order_direction":"asc","default_search_key":null,"scope":null}', '2019-12-31 10:48:05', '2020-01-03 15:41:28'),
	(9, 'benefits', 'benefits', 'Benefit', 'Benefits', NULL, 'App\\Benefit', NULL, NULL, NULL, 1, 0, '{"order_column":null,"order_display_column":null,"order_direction":"asc","default_search_key":null,"scope":null}', '2020-01-02 10:59:49', '2020-01-02 11:18:02'),
	(10, 'clients', 'clients', 'Client', 'Clients', 'voyager-people', 'App\\Client', NULL, NULL, NULL, 1, 0, '{"order_column":null,"order_display_column":null,"order_direction":"asc","default_search_key":null}', '2020-01-02 11:03:18', '2020-01-02 11:03:18'),
	(11, 'services', 'services', 'Service', 'Services', 'voyager-star', 'App\\Service', NULL, NULL, NULL, 1, 0, '{"order_column":null,"order_display_column":null,"order_direction":"asc","default_search_key":null,"scope":null}', '2020-01-02 11:08:02', '2020-01-03 17:00:11'),
	(12, 'cars', 'cars', 'Car', 'Cars', NULL, 'App\\Car', NULL, NULL, NULL, 1, 0, '{"order_column":null,"order_display_column":null,"order_direction":"asc","default_search_key":null,"scope":null}', '2020-01-03 13:57:13', '2020-01-03 22:52:59'),
	(13, 'category_services', 'category-services', 'Category Service', 'Category Services', 'voyager-archive', 'App\\CategoryService', NULL, NULL, NULL, 1, 0, '{"order_column":null,"order_display_column":null,"order_direction":"asc","default_search_key":null,"scope":null}', '2020-01-03 16:58:30', '2020-01-28 10:25:34'),
	(14, 'applications', 'applications', 'Application', 'Applications', NULL, 'App\\Application', NULL, NULL, NULL, 1, 0, '{"order_column":null,"order_display_column":null,"order_direction":"asc","default_search_key":null,"scope":null}', '2020-01-07 12:47:19', '2020-01-07 14:47:07');
/*!40000 ALTER TABLE `data_types` ENABLE KEYS */;

-- Дамп структуры для таблица transport.failed_jobs
CREATE TABLE IF NOT EXISTS `failed_jobs` (
  `id` bigint(20) unsigned NOT NULL AUTO_INCREMENT,
  `connection` text COLLATE utf8mb4_unicode_ci NOT NULL,
  `queue` text COLLATE utf8mb4_unicode_ci NOT NULL,
  `payload` longtext COLLATE utf8mb4_unicode_ci NOT NULL,
  `exception` longtext COLLATE utf8mb4_unicode_ci NOT NULL,
  `failed_at` timestamp NOT NULL DEFAULT CURRENT_TIMESTAMP,
  PRIMARY KEY (`id`)
) ENGINE=InnoDB DEFAULT CHARSET=utf8mb4 COLLATE=utf8mb4_unicode_ci;

-- Дамп данных таблицы transport.failed_jobs: ~0 rows (приблизительно)
/*!40000 ALTER TABLE `failed_jobs` DISABLE KEYS */;
/*!40000 ALTER TABLE `failed_jobs` ENABLE KEYS */;

-- Дамп структуры для таблица transport.ltm_translations
CREATE TABLE IF NOT EXISTS `ltm_translations` (
  `id` bigint(20) unsigned NOT NULL AUTO_INCREMENT,
  `status` int(11) NOT NULL DEFAULT '0',
  `locale` varchar(255) COLLATE utf8mb4_bin NOT NULL,
  `group` varchar(255) COLLATE utf8mb4_bin NOT NULL,
  `key` text COLLATE utf8mb4_bin NOT NULL,
  `value` text COLLATE utf8mb4_bin,
  `created_at` timestamp NULL DEFAULT NULL,
  `updated_at` timestamp NULL DEFAULT NULL,
  PRIMARY KEY (`id`)
) ENGINE=InnoDB AUTO_INCREMENT=441 DEFAULT CHARSET=utf8mb4 COLLATE=utf8mb4_bin;

-- Дамп данных таблицы transport.ltm_translations: ~393 rows (приблизительно)
/*!40000 ALTER TABLE `ltm_translations` DISABLE KEYS */;
INSERT INTO `ltm_translations` (`id`, `status`, `locale`, `group`, `key`, `value`, `created_at`, `updated_at`) VALUES
	(9, 0, 'ro', 'home', 'all-services', 'Vezi toate servicii', '2020-01-02 12:26:23', '2020-01-23 15:38:55'),
	(10, 0, 'ru', 'home', 'all-services', 'Все сервисы', '2020-01-02 12:26:36', '2020-01-23 15:38:55'),
	(12, 0, 'ro', 'bread', 'home', 'Pagina principala', '2020-01-06 08:03:32', '2020-01-27 16:00:32'),
	(13, 0, 'ru', 'bread', 'home', 'Главная страница', '2020-01-06 08:03:42', '2020-01-27 16:00:32'),
	(15, 0, 'ro', 'table', 'table', 'https://docs.google.com/spreadsheets/d/e/2PACX-1vSqq5Y2xP6M6eXHVQrZcvfZMcPGdHJ8LZ7DDkjL_1a8_D8NnhRz2LAbHvU9t1TZieX4Y7IQ9ashhnV9/pubhtml', '2020-01-06 14:52:52', '2020-01-23 15:38:55'),
	(16, 0, 'ru', 'table', 'table', 'https://docs.google.com/spreadsheets/d/e/2PACX-1vSqq5Y2xP6M6eXHVQrZcvfZMcPGdHJ8LZ7DDkjL_1a8_D8NnhRz2LAbHvU9t1TZieX4Y7IQ9ashhnV9/pubhtml', '2020-01-06 14:52:56', '2020-01-23 15:38:55'),
	(18, 0, 'ro', 'bread', 'services', 'Servicii', '2020-01-06 16:20:31', '2020-01-27 16:00:32'),
	(19, 0, 'ru', 'bread', 'services', 'Сервисы', '2020-01-06 16:20:40', '2020-01-27 16:00:32'),
	(52, 1, 'ro', 'services', 'services-title', 'Servicii', '2020-01-23 13:24:55', '2020-01-27 15:58:20'),
	(53, 1, 'ru', 'services', 'services-title', 'Сервисы', '2020-01-23 13:25:04', '2020-01-27 15:58:21'),
	(54, 0, 'en', 'auth', 'failed', 'These credentials do not match our records.', '2020-01-23 13:52:07', '2020-01-27 16:00:13'),
	(55, 0, 'en', 'auth', 'throttle', 'Too many login attempts. Please try again in :seconds seconds.', '2020-01-23 13:52:07', '2020-01-27 16:00:13'),
	(56, 0, 'en', 'home', 'all-services', 'All services', '2020-01-23 13:52:07', '2020-01-23 15:38:55'),
	(57, 0, 'en', 'pagination', 'previous', '&laquo; Previous', '2020-01-23 13:52:07', '2020-01-23 15:38:55'),
	(58, 0, 'en', 'pagination', 'next', 'Next &raquo;', '2020-01-23 13:52:07', '2020-01-23 15:38:55'),
	(59, 0, 'en', 'passwords', 'reset', 'Your password has been reset!', '2020-01-23 13:52:07', '2020-01-23 15:38:55'),
	(60, 0, 'en', 'passwords', 'sent', 'We have e-mailed your password reset link!', '2020-01-23 13:52:07', '2020-01-23 15:38:55'),
	(61, 0, 'en', 'passwords', 'throttled', 'Please wait before retrying.', '2020-01-23 13:52:07', '2020-01-23 15:38:55'),
	(62, 0, 'en', 'passwords', 'token', 'This password reset token is invalid.', '2020-01-23 13:52:07', '2020-01-23 15:38:55'),
	(63, 0, 'en', 'passwords', 'user', 'We can\'t find a user with that e-mail address.', '2020-01-23 13:52:07', '2020-01-23 15:38:55'),
	(64, 0, 'en', 'validation', 'accepted', 'The :attribute must be accepted.', '2020-01-23 13:52:07', '2020-01-23 15:38:55'),
	(65, 0, 'en', 'validation', 'active_url', 'The :attribute is not a valid URL.', '2020-01-23 13:52:07', '2020-01-23 15:38:55'),
	(66, 0, 'en', 'validation', 'after', 'The :attribute must be a date after :date.', '2020-01-23 13:52:07', '2020-01-23 15:38:55'),
	(67, 0, 'en', 'validation', 'after_or_equal', 'The :attribute must be a date after or equal to :date.', '2020-01-23 13:52:07', '2020-01-23 15:38:55'),
	(68, 0, 'en', 'validation', 'alpha', 'The :attribute may only contain letters.', '2020-01-23 13:52:07', '2020-01-23 15:38:55'),
	(69, 0, 'en', 'validation', 'alpha_dash', 'The :attribute may only contain letters, numbers, dashes and underscores.', '2020-01-23 13:52:07', '2020-01-23 15:38:55'),
	(70, 0, 'en', 'validation', 'alpha_num', 'The :attribute may only contain letters and numbers.', '2020-01-23 13:52:07', '2020-01-23 15:38:55'),
	(71, 0, 'en', 'validation', 'array', 'The :attribute must be an array.', '2020-01-23 13:52:07', '2020-01-23 15:38:55'),
	(72, 0, 'en', 'validation', 'before', 'The :attribute must be a date before :date.', '2020-01-23 13:52:07', '2020-01-23 15:38:55'),
	(73, 0, 'en', 'validation', 'before_or_equal', 'The :attribute must be a date before or equal to :date.', '2020-01-23 13:52:07', '2020-01-23 15:38:55'),
	(74, 0, 'en', 'validation', 'between.numeric', 'The :attribute must be between :min and :max.', '2020-01-23 13:52:07', '2020-01-23 15:38:55'),
	(75, 0, 'en', 'validation', 'between.file', 'The :attribute must be between :min and :max kilobytes.', '2020-01-23 13:52:07', '2020-01-23 15:38:55'),
	(76, 0, 'en', 'validation', 'between.string', 'The :attribute must be between :min and :max characters.', '2020-01-23 13:52:07', '2020-01-23 15:38:55'),
	(77, 0, 'en', 'validation', 'between.array', 'The :attribute must have between :min and :max items.', '2020-01-23 13:52:07', '2020-01-23 15:38:55'),
	(78, 0, 'en', 'validation', 'boolean', 'The :attribute field must be true or false.', '2020-01-23 13:52:07', '2020-01-23 15:38:55'),
	(79, 0, 'en', 'validation', 'confirmed', 'The :attribute confirmation does not match.', '2020-01-23 13:52:07', '2020-01-23 15:38:55'),
	(80, 0, 'en', 'validation', 'date', 'The :attribute is not a valid date.', '2020-01-23 13:52:07', '2020-01-23 15:38:55'),
	(81, 0, 'en', 'validation', 'date_equals', 'The :attribute must be a date equal to :date.', '2020-01-23 13:52:07', '2020-01-23 15:38:55'),
	(82, 0, 'en', 'validation', 'date_format', 'The :attribute does not match the format :format.', '2020-01-23 13:52:07', '2020-01-23 15:38:55'),
	(83, 0, 'en', 'validation', 'different', 'The :attribute and :other must be different.', '2020-01-23 13:52:07', '2020-01-23 15:38:55'),
	(84, 0, 'en', 'validation', 'digits', 'The :attribute must be :digits digits.', '2020-01-23 13:52:07', '2020-01-23 15:38:55'),
	(85, 0, 'en', 'validation', 'digits_between', 'The :attribute must be between :min and :max digits.', '2020-01-23 13:52:07', '2020-01-23 15:38:55'),
	(86, 0, 'en', 'validation', 'dimensions', 'The :attribute has invalid image dimensions.', '2020-01-23 13:52:07', '2020-01-23 15:38:55'),
	(87, 0, 'en', 'validation', 'distinct', 'The :attribute field has a duplicate value.', '2020-01-23 13:52:07', '2020-01-23 15:38:55'),
	(88, 0, 'en', 'validation', 'email', 'The :attribute must be a valid email address.', '2020-01-23 13:52:07', '2020-01-23 15:38:55'),
	(89, 0, 'en', 'validation', 'ends_with', 'The :attribute must end with one of the following: :values', '2020-01-23 13:52:07', '2020-01-23 15:38:55'),
	(90, 0, 'en', 'validation', 'exists', 'The selected :attribute is invalid.', '2020-01-23 13:52:07', '2020-01-23 15:38:55'),
	(91, 0, 'en', 'validation', 'file', 'The :attribute must be a file.', '2020-01-23 13:52:07', '2020-01-23 15:38:55'),
	(92, 0, 'en', 'validation', 'filled', 'The :attribute field must have a value.', '2020-01-23 13:52:07', '2020-01-23 15:38:55'),
	(93, 0, 'en', 'validation', 'gt.numeric', 'The :attribute must be greater than :value.', '2020-01-23 13:52:07', '2020-01-23 15:38:55'),
	(94, 0, 'en', 'validation', 'gt.file', 'The :attribute must be greater than :value kilobytes.', '2020-01-23 13:52:07', '2020-01-23 15:38:55'),
	(95, 0, 'en', 'validation', 'gt.string', 'The :attribute must be greater than :value characters.', '2020-01-23 13:52:07', '2020-01-23 15:38:55'),
	(96, 0, 'en', 'validation', 'gt.array', 'The :attribute must have more than :value items.', '2020-01-23 13:52:07', '2020-01-23 15:38:55'),
	(97, 0, 'en', 'validation', 'gte.numeric', 'The :attribute must be greater than or equal :value.', '2020-01-23 13:52:07', '2020-01-23 15:38:55'),
	(98, 0, 'en', 'validation', 'gte.file', 'The :attribute must be greater than or equal :value kilobytes.', '2020-01-23 13:52:07', '2020-01-23 15:38:55'),
	(99, 0, 'en', 'validation', 'gte.string', 'The :attribute must be greater than or equal :value characters.', '2020-01-23 13:52:07', '2020-01-23 15:38:55'),
	(100, 0, 'en', 'validation', 'gte.array', 'The :attribute must have :value items or more.', '2020-01-23 13:52:07', '2020-01-23 15:38:55'),
	(101, 0, 'en', 'validation', 'image', 'The :attribute must be an image.', '2020-01-23 13:52:07', '2020-01-23 15:38:55'),
	(102, 0, 'en', 'validation', 'in', 'The selected :attribute is invalid.', '2020-01-23 13:52:07', '2020-01-23 15:38:55'),
	(103, 0, 'en', 'validation', 'in_array', 'The :attribute field does not exist in :other.', '2020-01-23 13:52:07', '2020-01-23 15:38:55'),
	(104, 0, 'en', 'validation', 'integer', 'The :attribute must be an integer.', '2020-01-23 13:52:07', '2020-01-23 15:38:55'),
	(105, 0, 'en', 'validation', 'ip', 'The :attribute must be a valid IP address.', '2020-01-23 13:52:07', '2020-01-23 15:38:55'),
	(106, 0, 'en', 'validation', 'ipv4', 'The :attribute must be a valid IPv4 address.', '2020-01-23 13:52:07', '2020-01-23 15:38:55'),
	(107, 0, 'en', 'validation', 'ipv6', 'The :attribute must be a valid IPv6 address.', '2020-01-23 13:52:07', '2020-01-23 15:38:55'),
	(108, 0, 'en', 'validation', 'json', 'The :attribute must be a valid JSON string.', '2020-01-23 13:52:07', '2020-01-23 15:38:55'),
	(109, 0, 'en', 'validation', 'lt.numeric', 'The :attribute must be less than :value.', '2020-01-23 13:52:07', '2020-01-23 15:38:55'),
	(110, 0, 'en', 'validation', 'lt.file', 'The :attribute must be less than :value kilobytes.', '2020-01-23 13:52:07', '2020-01-23 15:38:55'),
	(111, 0, 'en', 'validation', 'lt.string', 'The :attribute must be less than :value characters.', '2020-01-23 13:52:07', '2020-01-23 15:38:55'),
	(112, 0, 'en', 'validation', 'lt.array', 'The :attribute must have less than :value items.', '2020-01-23 13:52:07', '2020-01-23 15:38:55'),
	(113, 0, 'en', 'validation', 'lte.numeric', 'The :attribute must be less than or equal :value.', '2020-01-23 13:52:07', '2020-01-23 15:38:55'),
	(114, 0, 'en', 'validation', 'lte.file', 'The :attribute must be less than or equal :value kilobytes.', '2020-01-23 13:52:07', '2020-01-23 15:38:55'),
	(115, 0, 'en', 'validation', 'lte.string', 'The :attribute must be less than or equal :value characters.', '2020-01-23 13:52:07', '2020-01-23 15:38:55'),
	(116, 0, 'en', 'validation', 'lte.array', 'The :attribute must not have more than :value items.', '2020-01-23 13:52:07', '2020-01-23 15:38:55'),
	(117, 0, 'en', 'validation', 'max.numeric', 'The :attribute may not be greater than :max.', '2020-01-23 13:52:07', '2020-01-23 15:38:55'),
	(118, 0, 'en', 'validation', 'max.file', 'The :attribute may not be greater than :max kilobytes.', '2020-01-23 13:52:07', '2020-01-23 15:38:55'),
	(119, 0, 'en', 'validation', 'max.string', 'The :attribute may not be greater than :max characters.', '2020-01-23 13:52:07', '2020-01-23 15:38:55'),
	(120, 0, 'en', 'validation', 'max.array', 'The :attribute may not have more than :max items.', '2020-01-23 13:52:07', '2020-01-23 15:38:55'),
	(121, 0, 'en', 'validation', 'mimes', 'The :attribute must be a file of type: :values.', '2020-01-23 13:52:07', '2020-01-23 15:38:55'),
	(122, 0, 'en', 'validation', 'mimetypes', 'The :attribute must be a file of type: :values.', '2020-01-23 13:52:07', '2020-01-23 15:38:55'),
	(123, 0, 'en', 'validation', 'min.numeric', 'The :attribute must be at least :min.', '2020-01-23 13:52:07', '2020-01-23 15:38:55'),
	(124, 0, 'en', 'validation', 'min.file', 'The :attribute must be at least :min kilobytes.', '2020-01-23 13:52:07', '2020-01-23 15:38:55'),
	(125, 0, 'en', 'validation', 'min.string', 'The :attribute must be at least :min characters.', '2020-01-23 13:52:07', '2020-01-23 15:38:55'),
	(126, 0, 'en', 'validation', 'min.array', 'The :attribute must have at least :min items.', '2020-01-23 13:52:07', '2020-01-23 15:38:55'),
	(127, 0, 'en', 'validation', 'not_in', 'The selected :attribute is invalid.', '2020-01-23 13:52:07', '2020-01-23 15:38:55'),
	(128, 0, 'en', 'validation', 'not_regex', 'The :attribute format is invalid.', '2020-01-23 13:52:07', '2020-01-23 15:38:55'),
	(129, 0, 'en', 'validation', 'numeric', 'The :attribute must be a number.', '2020-01-23 13:52:07', '2020-01-23 15:38:55'),
	(130, 0, 'en', 'validation', 'password', 'The password is incorrect.', '2020-01-23 13:52:07', '2020-01-23 15:38:55'),
	(131, 0, 'en', 'validation', 'present', 'The :attribute field must be present.', '2020-01-23 13:52:07', '2020-01-23 15:38:55'),
	(132, 0, 'en', 'validation', 'regex', 'The :attribute format is invalid.', '2020-01-23 13:52:07', '2020-01-23 15:38:55'),
	(133, 0, 'en', 'validation', 'required', 'The :attribute field is required.', '2020-01-23 13:52:07', '2020-01-23 15:38:55'),
	(134, 0, 'en', 'validation', 'required_if', 'The :attribute field is required when :other is :value.', '2020-01-23 13:52:07', '2020-01-23 15:38:55'),
	(135, 0, 'en', 'validation', 'required_unless', 'The :attribute field is required unless :other is in :values.', '2020-01-23 13:52:07', '2020-01-23 15:38:55'),
	(136, 0, 'en', 'validation', 'required_with', 'The :attribute field is required when :values is present.', '2020-01-23 13:52:07', '2020-01-23 15:38:55'),
	(137, 0, 'en', 'validation', 'required_with_all', 'The :attribute field is required when :values are present.', '2020-01-23 13:52:07', '2020-01-23 15:38:55'),
	(138, 0, 'en', 'validation', 'required_without', 'The :attribute field is required when :values is not present.', '2020-01-23 13:52:07', '2020-01-23 15:38:55'),
	(139, 0, 'en', 'validation', 'required_without_all', 'The :attribute field is required when none of :values are present.', '2020-01-23 13:52:07', '2020-01-23 15:38:55'),
	(140, 0, 'en', 'validation', 'same', 'The :attribute and :other must match.', '2020-01-23 13:52:07', '2020-01-23 15:38:55'),
	(141, 0, 'en', 'validation', 'size.numeric', 'The :attribute must be :size.', '2020-01-23 13:52:07', '2020-01-23 15:38:55'),
	(142, 0, 'en', 'validation', 'size.file', 'The :attribute must be :size kilobytes.', '2020-01-23 13:52:07', '2020-01-23 15:38:55'),
	(143, 0, 'en', 'validation', 'size.string', 'The :attribute must be :size characters.', '2020-01-23 13:52:07', '2020-01-23 15:38:55'),
	(144, 0, 'en', 'validation', 'size.array', 'The :attribute must contain :size items.', '2020-01-23 13:52:08', '2020-01-23 15:38:55'),
	(145, 0, 'en', 'validation', 'starts_with', 'The :attribute must start with one of the following: :values', '2020-01-23 13:52:08', '2020-01-23 15:38:55'),
	(146, 0, 'en', 'validation', 'string', 'The :attribute must be a string.', '2020-01-23 13:52:08', '2020-01-23 15:38:55'),
	(147, 0, 'en', 'validation', 'timezone', 'The :attribute must be a valid zone.', '2020-01-23 13:52:08', '2020-01-23 15:38:55'),
	(148, 0, 'en', 'validation', 'unique', 'The :attribute has already been taken.', '2020-01-23 13:52:08', '2020-01-23 15:38:55'),
	(149, 0, 'en', 'validation', 'uploaded', 'The :attribute failed to upload.', '2020-01-23 13:52:08', '2020-01-23 15:38:55'),
	(150, 0, 'en', 'validation', 'url', 'The :attribute format is invalid.', '2020-01-23 13:52:08', '2020-01-23 15:38:55'),
	(151, 0, 'en', 'validation', 'uuid', 'The :attribute must be a valid UUID.', '2020-01-23 13:52:08', '2020-01-23 15:38:55'),
	(152, 0, 'en', 'validation', 'custom.attribute-name.rule-name', 'custom-message', '2020-01-23 13:52:08', '2020-01-23 15:38:55'),
	(153, 0, 'ro', 'auth', 'failed', 'These credentials do not match our records.', '2020-01-23 13:52:08', '2020-01-27 16:00:13'),
	(154, 0, 'ro', 'auth', 'throttle', 'Too many login attempts. Please try again in :seconds seconds.', '2020-01-23 13:52:08', '2020-01-27 16:00:13'),
	(155, 0, 'ro', 'pagination', 'previous', '&laquo; Previous', '2020-01-23 13:52:08', '2020-01-23 15:38:55'),
	(156, 0, 'ro', 'pagination', 'next', 'Next &raquo;', '2020-01-23 13:52:08', '2020-01-23 15:38:55'),
	(157, 0, 'ro', 'passwords', 'reset', 'Your password has been reset!', '2020-01-23 13:52:08', '2020-01-23 15:38:55'),
	(158, 0, 'ro', 'passwords', 'sent', 'We have e-mailed your password reset link!', '2020-01-23 13:52:08', '2020-01-23 15:38:55'),
	(159, 0, 'ro', 'passwords', 'throttled', 'Please wait before retrying.', '2020-01-23 13:52:08', '2020-01-23 15:38:55'),
	(160, 0, 'ro', 'passwords', 'token', 'This password reset token is invalid.', '2020-01-23 13:52:08', '2020-01-23 15:38:55'),
	(161, 0, 'ro', 'passwords', 'user', 'We can\'t find a user with that e-mail address.', '2020-01-23 13:52:08', '2020-01-23 15:38:55'),
	(162, 0, 'ro', 'validation', 'accepted', 'The :attribute must be accepted.', '2020-01-23 13:52:08', '2020-01-23 15:38:55'),
	(163, 0, 'ro', 'validation', 'active_url', 'The :attribute is not a valid URL.', '2020-01-23 13:52:08', '2020-01-23 15:38:55'),
	(164, 0, 'ro', 'validation', 'after', 'The :attribute must be a date after :date.', '2020-01-23 13:52:08', '2020-01-23 15:38:55'),
	(165, 0, 'ro', 'validation', 'after_or_equal', 'The :attribute must be a date after or equal to :date.', '2020-01-23 13:52:08', '2020-01-23 15:38:55'),
	(166, 0, 'ro', 'validation', 'alpha', 'The :attribute may only contain letters.', '2020-01-23 13:52:08', '2020-01-23 15:38:55'),
	(167, 0, 'ro', 'validation', 'alpha_dash', 'The :attribute may only contain letters, numbers, dashes and underscores.', '2020-01-23 13:52:08', '2020-01-23 15:38:55'),
	(168, 0, 'ro', 'validation', 'alpha_num', 'The :attribute may only contain letters and numbers.', '2020-01-23 13:52:08', '2020-01-23 15:38:55'),
	(169, 0, 'ro', 'validation', 'array', 'The :attribute must be an array.', '2020-01-23 13:52:08', '2020-01-23 15:38:55'),
	(170, 0, 'ro', 'validation', 'before', 'The :attribute must be a date before :date.', '2020-01-23 13:52:08', '2020-01-23 15:38:55'),
	(171, 0, 'ro', 'validation', 'before_or_equal', 'The :attribute must be a date before or equal to :date.', '2020-01-23 13:52:08', '2020-01-23 15:38:55'),
	(172, 0, 'ro', 'validation', 'between.numeric', 'The :attribute must be between :min and :max.', '2020-01-23 13:52:08', '2020-01-23 15:38:55'),
	(173, 0, 'ro', 'validation', 'between.file', 'The :attribute must be between :min and :max kilobytes.', '2020-01-23 13:52:08', '2020-01-23 15:38:55'),
	(174, 0, 'ro', 'validation', 'between.string', 'The :attribute must be between :min and :max characters.', '2020-01-23 13:52:08', '2020-01-23 15:38:55'),
	(175, 0, 'ro', 'validation', 'between.array', 'The :attribute must have between :min and :max items.', '2020-01-23 13:52:08', '2020-01-23 15:38:55'),
	(176, 0, 'ro', 'validation', 'boolean', 'The :attribute field must be true or false.', '2020-01-23 13:52:08', '2020-01-23 15:38:55'),
	(177, 0, 'ro', 'validation', 'confirmed', 'The :attribute confirmation does not match.', '2020-01-23 13:52:08', '2020-01-23 15:38:55'),
	(178, 0, 'ro', 'validation', 'date', 'The :attribute is not a valid date.', '2020-01-23 13:52:08', '2020-01-23 15:38:55'),
	(179, 0, 'ro', 'validation', 'date_equals', 'The :attribute must be a date equal to :date.', '2020-01-23 13:52:08', '2020-01-23 15:38:55'),
	(180, 0, 'ro', 'validation', 'date_format', 'The :attribute does not match the format :format.', '2020-01-23 13:52:08', '2020-01-23 15:38:55'),
	(181, 0, 'ro', 'validation', 'different', 'The :attribute and :other must be different.', '2020-01-23 13:52:08', '2020-01-23 15:38:55'),
	(182, 0, 'ro', 'validation', 'digits', 'The :attribute must be :digits digits.', '2020-01-23 13:52:08', '2020-01-23 15:38:55'),
	(183, 0, 'ro', 'validation', 'digits_between', 'The :attribute must be between :min and :max digits.', '2020-01-23 13:52:08', '2020-01-23 15:38:55'),
	(184, 0, 'ro', 'validation', 'dimensions', 'The :attribute has invalid image dimensions.', '2020-01-23 13:52:08', '2020-01-23 15:38:55'),
	(185, 0, 'ro', 'validation', 'distinct', 'The :attribute field has a duplicate value.', '2020-01-23 13:52:08', '2020-01-23 15:38:55'),
	(186, 0, 'ro', 'validation', 'email', 'The :attribute must be a valid email address.', '2020-01-23 13:52:08', '2020-01-23 15:38:55'),
	(187, 0, 'ro', 'validation', 'ends_with', 'The :attribute must end with one of the following: :values', '2020-01-23 13:52:08', '2020-01-23 15:38:55'),
	(188, 0, 'ro', 'validation', 'exists', 'The selected :attribute is invalid.', '2020-01-23 13:52:08', '2020-01-23 15:38:55'),
	(189, 0, 'ro', 'validation', 'file', 'The :attribute must be a file.', '2020-01-23 13:52:08', '2020-01-23 15:38:55'),
	(190, 0, 'ro', 'validation', 'filled', 'The :attribute field must have a value.', '2020-01-23 13:52:08', '2020-01-23 15:38:55'),
	(191, 0, 'ro', 'validation', 'gt.numeric', 'The :attribute must be greater than :value.', '2020-01-23 13:52:08', '2020-01-23 15:38:55'),
	(192, 0, 'ro', 'validation', 'gt.file', 'The :attribute must be greater than :value kilobytes.', '2020-01-23 13:52:08', '2020-01-23 15:38:55'),
	(193, 0, 'ro', 'validation', 'gt.string', 'The :attribute must be greater than :value characters.', '2020-01-23 13:52:08', '2020-01-23 15:38:55'),
	(194, 0, 'ro', 'validation', 'gt.array', 'The :attribute must have more than :value items.', '2020-01-23 13:52:08', '2020-01-23 15:38:55'),
	(195, 0, 'ro', 'validation', 'gte.numeric', 'The :attribute must be greater than or equal :value.', '2020-01-23 13:52:08', '2020-01-23 15:38:55'),
	(196, 0, 'ro', 'validation', 'gte.file', 'The :attribute must be greater than or equal :value kilobytes.', '2020-01-23 13:52:08', '2020-01-23 15:38:55'),
	(197, 0, 'ro', 'validation', 'gte.string', 'The :attribute must be greater than or equal :value characters.', '2020-01-23 13:52:08', '2020-01-23 15:38:55'),
	(198, 0, 'ro', 'validation', 'gte.array', 'The :attribute must have :value items or more.', '2020-01-23 13:52:08', '2020-01-23 15:38:55'),
	(199, 0, 'ro', 'validation', 'image', 'The :attribute must be an image.', '2020-01-23 13:52:08', '2020-01-23 15:38:55'),
	(200, 0, 'ro', 'validation', 'in', 'The selected :attribute is invalid.', '2020-01-23 13:52:08', '2020-01-23 15:38:55'),
	(201, 0, 'ro', 'validation', 'in_array', 'The :attribute field does not exist in :other.', '2020-01-23 13:52:08', '2020-01-23 15:38:55'),
	(202, 0, 'ro', 'validation', 'integer', 'The :attribute must be an integer.', '2020-01-23 13:52:08', '2020-01-23 15:38:55'),
	(203, 0, 'ro', 'validation', 'ip', 'The :attribute must be a valid IP address.', '2020-01-23 13:52:08', '2020-01-23 15:38:55'),
	(204, 0, 'ro', 'validation', 'ipv4', 'The :attribute must be a valid IPv4 address.', '2020-01-23 13:52:08', '2020-01-23 15:38:55'),
	(205, 0, 'ro', 'validation', 'ipv6', 'The :attribute must be a valid IPv6 address.', '2020-01-23 13:52:08', '2020-01-23 15:38:55'),
	(206, 0, 'ro', 'validation', 'json', 'The :attribute must be a valid JSON string.', '2020-01-23 13:52:08', '2020-01-23 15:38:55'),
	(207, 0, 'ro', 'validation', 'lt.numeric', 'The :attribute must be less than :value.', '2020-01-23 13:52:08', '2020-01-23 15:38:55'),
	(208, 0, 'ro', 'validation', 'lt.file', 'The :attribute must be less than :value kilobytes.', '2020-01-23 13:52:08', '2020-01-23 15:38:55'),
	(209, 0, 'ro', 'validation', 'lt.string', 'The :attribute must be less than :value characters.', '2020-01-23 13:52:08', '2020-01-23 15:38:55'),
	(210, 0, 'ro', 'validation', 'lt.array', 'The :attribute must have less than :value items.', '2020-01-23 13:52:08', '2020-01-23 15:38:55'),
	(211, 0, 'ro', 'validation', 'lte.numeric', 'The :attribute must be less than or equal :value.', '2020-01-23 13:52:08', '2020-01-23 15:38:55'),
	(212, 0, 'ro', 'validation', 'lte.file', 'The :attribute must be less than or equal :value kilobytes.', '2020-01-23 13:52:08', '2020-01-23 15:38:55'),
	(213, 0, 'ro', 'validation', 'lte.string', 'The :attribute must be less than or equal :value characters.', '2020-01-23 13:52:08', '2020-01-23 15:38:55'),
	(214, 0, 'ro', 'validation', 'lte.array', 'The :attribute must not have more than :value items.', '2020-01-23 13:52:08', '2020-01-23 15:38:55'),
	(215, 0, 'ro', 'validation', 'max.numeric', 'The :attribute may not be greater than :max.', '2020-01-23 13:52:08', '2020-01-23 15:38:55'),
	(216, 0, 'ro', 'validation', 'max.file', 'The :attribute may not be greater than :max kilobytes.', '2020-01-23 13:52:08', '2020-01-23 15:38:55'),
	(217, 0, 'ro', 'validation', 'max.string', 'The :attribute may not be greater than :max characters.', '2020-01-23 13:52:08', '2020-01-23 15:38:55'),
	(218, 0, 'ro', 'validation', 'max.array', 'The :attribute may not have more than :max items.', '2020-01-23 13:52:08', '2020-01-23 15:38:55'),
	(219, 0, 'ro', 'validation', 'mimes', 'The :attribute must be a file of type: :values.', '2020-01-23 13:52:08', '2020-01-23 15:38:55'),
	(220, 0, 'ro', 'validation', 'mimetypes', 'The :attribute must be a file of type: :values.', '2020-01-23 13:52:08', '2020-01-23 15:38:55'),
	(221, 0, 'ro', 'validation', 'min.numeric', 'The :attribute must be at least :min.', '2020-01-23 13:52:08', '2020-01-23 15:38:55'),
	(222, 0, 'ro', 'validation', 'min.file', 'The :attribute must be at least :min kilobytes.', '2020-01-23 13:52:08', '2020-01-23 15:38:55'),
	(223, 0, 'ro', 'validation', 'min.string', 'The :attribute must be at least :min characters.', '2020-01-23 13:52:08', '2020-01-23 15:38:55'),
	(224, 0, 'ro', 'validation', 'min.array', 'The :attribute must have at least :min items.', '2020-01-23 13:52:08', '2020-01-23 15:38:55'),
	(225, 0, 'ro', 'validation', 'not_in', 'The selected :attribute is invalid.', '2020-01-23 13:52:08', '2020-01-23 15:38:55'),
	(226, 0, 'ro', 'validation', 'not_regex', 'The :attribute format is invalid.', '2020-01-23 13:52:08', '2020-01-23 15:38:55'),
	(227, 0, 'ro', 'validation', 'numeric', 'The :attribute must be a number.', '2020-01-23 13:52:08', '2020-01-23 15:38:55'),
	(228, 0, 'ro', 'validation', 'password', 'The password is incorrect.', '2020-01-23 13:52:08', '2020-01-23 15:38:55'),
	(229, 0, 'ro', 'validation', 'present', 'The :attribute field must be present.', '2020-01-23 13:52:08', '2020-01-23 15:38:55'),
	(230, 0, 'ro', 'validation', 'regex', 'The :attribute format is invalid.', '2020-01-23 13:52:08', '2020-01-23 15:38:55'),
	(231, 0, 'ro', 'validation', 'required', 'The :attribute field is required.', '2020-01-23 13:52:08', '2020-01-23 15:38:55'),
	(232, 0, 'ro', 'validation', 'required_if', 'The :attribute field is required when :other is :value.', '2020-01-23 13:52:08', '2020-01-23 15:38:55'),
	(233, 0, 'ro', 'validation', 'required_unless', 'The :attribute field is required unless :other is in :values.', '2020-01-23 13:52:08', '2020-01-23 15:38:55'),
	(234, 0, 'ro', 'validation', 'required_with', 'The :attribute field is required when :values is present.', '2020-01-23 13:52:08', '2020-01-23 15:38:55'),
	(235, 0, 'ro', 'validation', 'required_with_all', 'The :attribute field is required when :values are present.', '2020-01-23 13:52:08', '2020-01-23 15:38:55'),
	(236, 0, 'ro', 'validation', 'required_without', 'The :attribute field is required when :values is not present.', '2020-01-23 13:52:08', '2020-01-23 15:38:55'),
	(237, 0, 'ro', 'validation', 'required_without_all', 'The :attribute field is required when none of :values are present.', '2020-01-23 13:52:08', '2020-01-23 15:38:55'),
	(238, 0, 'ro', 'validation', 'same', 'The :attribute and :other must match.', '2020-01-23 13:52:08', '2020-01-23 15:38:55'),
	(239, 0, 'ro', 'validation', 'size.numeric', 'The :attribute must be :size.', '2020-01-23 13:52:08', '2020-01-23 15:38:55'),
	(240, 0, 'ro', 'validation', 'size.file', 'The :attribute must be :size kilobytes.', '2020-01-23 13:52:08', '2020-01-23 15:38:55'),
	(241, 0, 'ro', 'validation', 'size.string', 'The :attribute must be :size characters.', '2020-01-23 13:52:08', '2020-01-23 15:38:55'),
	(242, 0, 'ro', 'validation', 'size.array', 'The :attribute must contain :size items.', '2020-01-23 13:52:08', '2020-01-23 15:38:55'),
	(243, 0, 'ro', 'validation', 'starts_with', 'The :attribute must start with one of the following: :values', '2020-01-23 13:52:08', '2020-01-23 15:38:55'),
	(244, 0, 'ro', 'validation', 'string', 'The :attribute must be a string.', '2020-01-23 13:52:08', '2020-01-23 15:38:55'),
	(245, 0, 'ro', 'validation', 'timezone', 'The :attribute must be a valid zone.', '2020-01-23 13:52:08', '2020-01-23 15:38:55'),
	(246, 0, 'ro', 'validation', 'unique', 'The :attribute has already been taken.', '2020-01-23 13:52:08', '2020-01-23 15:38:55'),
	(247, 0, 'ro', 'validation', 'uploaded', 'The :attribute failed to upload.', '2020-01-23 13:52:08', '2020-01-23 15:38:55'),
	(248, 0, 'ro', 'validation', 'url', 'The :attribute format is invalid.', '2020-01-23 13:52:08', '2020-01-23 15:38:55'),
	(249, 0, 'ro', 'validation', 'uuid', 'The :attribute must be a valid UUID.', '2020-01-23 13:52:08', '2020-01-23 15:38:55'),
	(250, 0, 'ro', 'validation', 'custom.attribute-name.rule-name', 'custom-message', '2020-01-23 13:52:08', '2020-01-23 15:38:55'),
	(251, 0, 'ru', 'auth', 'failed', 'These credentials do not match our records.', '2020-01-23 13:52:08', '2020-01-27 16:00:13'),
	(252, 0, 'ru', 'auth', 'throttle', 'Too many login attempts. Please try again in :seconds seconds.', '2020-01-23 13:52:08', '2020-01-27 16:00:13'),
	(253, 0, 'ru', 'pagination', 'previous', '&laquo; Previous', '2020-01-23 13:52:08', '2020-01-23 15:38:55'),
	(254, 0, 'ru', 'pagination', 'next', 'Next &raquo;', '2020-01-23 13:52:08', '2020-01-23 15:38:55'),
	(255, 0, 'ru', 'passwords', 'reset', 'Your password has been reset!', '2020-01-23 13:52:08', '2020-01-23 15:38:55'),
	(256, 0, 'ru', 'passwords', 'sent', 'We have e-mailed your password reset link!', '2020-01-23 13:52:08', '2020-01-23 15:38:55'),
	(257, 0, 'ru', 'passwords', 'throttled', 'Please wait before retrying.', '2020-01-23 13:52:08', '2020-01-23 15:38:55'),
	(258, 0, 'ru', 'passwords', 'token', 'This password reset token is invalid.', '2020-01-23 13:52:08', '2020-01-23 15:38:55'),
	(259, 0, 'ru', 'passwords', 'user', 'We can\'t find a user with that e-mail address.', '2020-01-23 13:52:08', '2020-01-23 15:38:55'),
	(260, 0, 'ru', 'validation', 'accepted', 'The :attribute must be accepted.', '2020-01-23 13:52:08', '2020-01-23 15:38:55'),
	(261, 0, 'ru', 'validation', 'active_url', 'The :attribute is not a valid URL.', '2020-01-23 13:52:08', '2020-01-23 15:38:55'),
	(262, 0, 'ru', 'validation', 'after', 'The :attribute must be a date after :date.', '2020-01-23 13:52:08', '2020-01-23 15:38:55'),
	(263, 0, 'ru', 'validation', 'after_or_equal', 'The :attribute must be a date after or equal to :date.', '2020-01-23 13:52:08', '2020-01-23 15:38:55'),
	(264, 0, 'ru', 'validation', 'alpha', 'The :attribute may only contain letters.', '2020-01-23 13:52:08', '2020-01-23 15:38:55'),
	(265, 0, 'ru', 'validation', 'alpha_dash', 'The :attribute may only contain letters, numbers, dashes and underscores.', '2020-01-23 13:52:08', '2020-01-23 15:38:55'),
	(266, 0, 'ru', 'validation', 'alpha_num', 'The :attribute may only contain letters and numbers.', '2020-01-23 13:52:08', '2020-01-23 15:38:55'),
	(267, 0, 'ru', 'validation', 'array', 'The :attribute must be an array.', '2020-01-23 13:52:08', '2020-01-23 15:38:55'),
	(268, 0, 'ru', 'validation', 'before', 'The :attribute must be a date before :date.', '2020-01-23 13:52:08', '2020-01-23 15:38:55'),
	(269, 0, 'ru', 'validation', 'before_or_equal', 'The :attribute must be a date before or equal to :date.', '2020-01-23 13:52:08', '2020-01-23 15:38:55'),
	(270, 0, 'ru', 'validation', 'between.numeric', 'The :attribute must be between :min and :max.', '2020-01-23 13:52:08', '2020-01-23 15:38:55'),
	(271, 0, 'ru', 'validation', 'between.file', 'The :attribute must be between :min and :max kilobytes.', '2020-01-23 13:52:08', '2020-01-23 15:38:55'),
	(272, 0, 'ru', 'validation', 'between.string', 'The :attribute must be between :min and :max characters.', '2020-01-23 13:52:08', '2020-01-23 15:38:55'),
	(273, 0, 'ru', 'validation', 'between.array', 'The :attribute must have between :min and :max items.', '2020-01-23 13:52:08', '2020-01-23 15:38:55'),
	(274, 0, 'ru', 'validation', 'boolean', 'The :attribute field must be true or false.', '2020-01-23 13:52:08', '2020-01-23 15:38:55'),
	(275, 0, 'ru', 'validation', 'confirmed', 'The :attribute confirmation does not match.', '2020-01-23 13:52:08', '2020-01-23 15:38:55'),
	(276, 0, 'ru', 'validation', 'date', 'The :attribute is not a valid date.', '2020-01-23 13:52:08', '2020-01-23 15:38:55'),
	(277, 0, 'ru', 'validation', 'date_equals', 'The :attribute must be a date equal to :date.', '2020-01-23 13:52:08', '2020-01-23 15:38:55'),
	(278, 0, 'ru', 'validation', 'date_format', 'The :attribute does not match the format :format.', '2020-01-23 13:52:08', '2020-01-23 15:38:55'),
	(279, 0, 'ru', 'validation', 'different', 'The :attribute and :other must be different.', '2020-01-23 13:52:08', '2020-01-23 15:38:55'),
	(280, 0, 'ru', 'validation', 'digits', 'The :attribute must be :digits digits.', '2020-01-23 13:52:08', '2020-01-23 15:38:55'),
	(281, 0, 'ru', 'validation', 'digits_between', 'The :attribute must be between :min and :max digits.', '2020-01-23 13:52:08', '2020-01-23 15:38:55'),
	(282, 0, 'ru', 'validation', 'dimensions', 'The :attribute has invalid image dimensions.', '2020-01-23 13:52:08', '2020-01-23 15:38:55'),
	(283, 0, 'ru', 'validation', 'distinct', 'The :attribute field has a duplicate value.', '2020-01-23 13:52:08', '2020-01-23 15:38:55'),
	(284, 0, 'ru', 'validation', 'email', 'The :attribute must be a valid email address.', '2020-01-23 13:52:08', '2020-01-23 15:38:55'),
	(285, 0, 'ru', 'validation', 'ends_with', 'The :attribute must end with one of the following: :values', '2020-01-23 13:52:08', '2020-01-23 15:38:55'),
	(286, 0, 'ru', 'validation', 'exists', 'The selected :attribute is invalid.', '2020-01-23 13:52:08', '2020-01-23 15:38:55'),
	(287, 0, 'ru', 'validation', 'file', 'The :attribute must be a file.', '2020-01-23 13:52:08', '2020-01-23 15:38:55'),
	(288, 0, 'ru', 'validation', 'filled', 'The :attribute field must have a value.', '2020-01-23 13:52:08', '2020-01-23 15:38:55'),
	(289, 0, 'ru', 'validation', 'gt.numeric', 'The :attribute must be greater than :value.', '2020-01-23 13:52:08', '2020-01-23 15:38:55'),
	(290, 0, 'ru', 'validation', 'gt.file', 'The :attribute must be greater than :value kilobytes.', '2020-01-23 13:52:08', '2020-01-23 15:38:55'),
	(291, 0, 'ru', 'validation', 'gt.string', 'The :attribute must be greater than :value characters.', '2020-01-23 13:52:08', '2020-01-23 15:38:55'),
	(292, 0, 'ru', 'validation', 'gt.array', 'The :attribute must have more than :value items.', '2020-01-23 13:52:08', '2020-01-23 15:38:55'),
	(293, 0, 'ru', 'validation', 'gte.numeric', 'The :attribute must be greater than or equal :value.', '2020-01-23 13:52:08', '2020-01-23 15:38:55'),
	(294, 0, 'ru', 'validation', 'gte.file', 'The :attribute must be greater than or equal :value kilobytes.', '2020-01-23 13:52:08', '2020-01-23 15:38:55'),
	(295, 0, 'ru', 'validation', 'gte.string', 'The :attribute must be greater than or equal :value characters.', '2020-01-23 13:52:08', '2020-01-23 15:38:55'),
	(296, 0, 'ru', 'validation', 'gte.array', 'The :attribute must have :value items or more.', '2020-01-23 13:52:08', '2020-01-23 15:38:55'),
	(297, 0, 'ru', 'validation', 'image', 'The :attribute must be an image.', '2020-01-23 13:52:08', '2020-01-23 15:38:55'),
	(298, 0, 'ru', 'validation', 'in', 'The selected :attribute is invalid.', '2020-01-23 13:52:08', '2020-01-23 15:38:55'),
	(299, 0, 'ru', 'validation', 'in_array', 'The :attribute field does not exist in :other.', '2020-01-23 13:52:08', '2020-01-23 15:38:55'),
	(300, 0, 'ru', 'validation', 'integer', 'The :attribute must be an integer.', '2020-01-23 13:52:08', '2020-01-23 15:38:55'),
	(301, 0, 'ru', 'validation', 'ip', 'The :attribute must be a valid IP address.', '2020-01-23 13:52:08', '2020-01-23 15:38:55'),
	(302, 0, 'ru', 'validation', 'ipv4', 'The :attribute must be a valid IPv4 address.', '2020-01-23 13:52:08', '2020-01-23 15:38:55'),
	(303, 0, 'ru', 'validation', 'ipv6', 'The :attribute must be a valid IPv6 address.', '2020-01-23 13:52:08', '2020-01-23 15:38:55'),
	(304, 0, 'ru', 'validation', 'json', 'The :attribute must be a valid JSON string.', '2020-01-23 13:52:08', '2020-01-23 15:38:55'),
	(305, 0, 'ru', 'validation', 'lt.numeric', 'The :attribute must be less than :value.', '2020-01-23 13:52:08', '2020-01-23 15:38:55'),
	(306, 0, 'ru', 'validation', 'lt.file', 'The :attribute must be less than :value kilobytes.', '2020-01-23 13:52:08', '2020-01-23 15:38:55'),
	(307, 0, 'ru', 'validation', 'lt.string', 'The :attribute must be less than :value characters.', '2020-01-23 13:52:08', '2020-01-23 15:38:55'),
	(308, 0, 'ru', 'validation', 'lt.array', 'The :attribute must have less than :value items.', '2020-01-23 13:52:08', '2020-01-23 15:38:55'),
	(309, 0, 'ru', 'validation', 'lte.numeric', 'The :attribute must be less than or equal :value.', '2020-01-23 13:52:08', '2020-01-23 15:38:55'),
	(310, 0, 'ru', 'validation', 'lte.file', 'The :attribute must be less than or equal :value kilobytes.', '2020-01-23 13:52:08', '2020-01-23 15:38:55'),
	(311, 0, 'ru', 'validation', 'lte.string', 'The :attribute must be less than or equal :value characters.', '2020-01-23 13:52:08', '2020-01-23 15:38:55'),
	(312, 0, 'ru', 'validation', 'lte.array', 'The :attribute must not have more than :value items.', '2020-01-23 13:52:08', '2020-01-23 15:38:55'),
	(313, 0, 'ru', 'validation', 'max.numeric', 'The :attribute may not be greater than :max.', '2020-01-23 13:52:08', '2020-01-23 15:38:55'),
	(314, 0, 'ru', 'validation', 'max.file', 'The :attribute may not be greater than :max kilobytes.', '2020-01-23 13:52:08', '2020-01-23 15:38:55'),
	(315, 0, 'ru', 'validation', 'max.string', 'The :attribute may not be greater than :max characters.', '2020-01-23 13:52:08', '2020-01-23 15:38:55'),
	(316, 0, 'ru', 'validation', 'max.array', 'The :attribute may not have more than :max items.', '2020-01-23 13:52:08', '2020-01-23 15:38:55'),
	(317, 0, 'ru', 'validation', 'mimes', 'The :attribute must be a file of type: :values.', '2020-01-23 13:52:08', '2020-01-23 15:38:55'),
	(318, 0, 'ru', 'validation', 'mimetypes', 'The :attribute must be a file of type: :values.', '2020-01-23 13:52:08', '2020-01-23 15:38:55'),
	(319, 0, 'ru', 'validation', 'min.numeric', 'The :attribute must be at least :min.', '2020-01-23 13:52:08', '2020-01-23 15:38:55'),
	(320, 0, 'ru', 'validation', 'min.file', 'The :attribute must be at least :min kilobytes.', '2020-01-23 13:52:08', '2020-01-23 15:38:55'),
	(321, 0, 'ru', 'validation', 'min.string', 'The :attribute must be at least :min characters.', '2020-01-23 13:52:08', '2020-01-23 15:38:55'),
	(322, 0, 'ru', 'validation', 'min.array', 'The :attribute must have at least :min items.', '2020-01-23 13:52:08', '2020-01-23 15:38:55'),
	(323, 0, 'ru', 'validation', 'not_in', 'The selected :attribute is invalid.', '2020-01-23 13:52:08', '2020-01-23 15:38:55'),
	(324, 0, 'ru', 'validation', 'not_regex', 'The :attribute format is invalid.', '2020-01-23 13:52:08', '2020-01-23 15:38:55'),
	(325, 0, 'ru', 'validation', 'numeric', 'The :attribute must be a number.', '2020-01-23 13:52:08', '2020-01-23 15:38:55'),
	(326, 0, 'ru', 'validation', 'password', 'The password is incorrect.', '2020-01-23 13:52:08', '2020-01-23 15:38:55'),
	(327, 0, 'ru', 'validation', 'present', 'The :attribute field must be present.', '2020-01-23 13:52:08', '2020-01-23 15:38:55'),
	(328, 0, 'ru', 'validation', 'regex', 'The :attribute format is invalid.', '2020-01-23 13:52:08', '2020-01-23 15:38:55'),
	(329, 0, 'ru', 'validation', 'required', 'The :attribute field is required.', '2020-01-23 13:52:08', '2020-01-23 15:38:55'),
	(330, 0, 'ru', 'validation', 'required_if', 'The :attribute field is required when :other is :value.', '2020-01-23 13:52:08', '2020-01-23 15:38:55'),
	(331, 0, 'ru', 'validation', 'required_unless', 'The :attribute field is required unless :other is in :values.', '2020-01-23 13:52:08', '2020-01-23 15:38:55'),
	(332, 0, 'ru', 'validation', 'required_with', 'The :attribute field is required when :values is present.', '2020-01-23 13:52:08', '2020-01-23 15:38:55'),
	(333, 0, 'ru', 'validation', 'required_with_all', 'The :attribute field is required when :values are present.', '2020-01-23 13:52:08', '2020-01-23 15:38:55'),
	(334, 0, 'ru', 'validation', 'required_without', 'The :attribute field is required when :values is not present.', '2020-01-23 13:52:08', '2020-01-23 15:38:55'),
	(335, 0, 'ru', 'validation', 'required_without_all', 'The :attribute field is required when none of :values are present.', '2020-01-23 13:52:08', '2020-01-23 15:38:55'),
	(336, 0, 'ru', 'validation', 'same', 'The :attribute and :other must match.', '2020-01-23 13:52:08', '2020-01-23 15:38:55'),
	(337, 0, 'ru', 'validation', 'size.numeric', 'The :attribute must be :size.', '2020-01-23 13:52:08', '2020-01-23 15:38:55'),
	(338, 0, 'ru', 'validation', 'size.file', 'The :attribute must be :size kilobytes.', '2020-01-23 13:52:08', '2020-01-23 15:38:55'),
	(339, 0, 'ru', 'validation', 'size.string', 'The :attribute must be :size characters.', '2020-01-23 13:52:08', '2020-01-23 15:38:55'),
	(340, 0, 'ru', 'validation', 'size.array', 'The :attribute must contain :size items.', '2020-01-23 13:52:08', '2020-01-23 15:38:55'),
	(341, 0, 'ru', 'validation', 'starts_with', 'The :attribute must start with one of the following: :values', '2020-01-23 13:52:08', '2020-01-23 15:38:55'),
	(342, 0, 'ru', 'validation', 'string', 'The :attribute must be a string.', '2020-01-23 13:52:08', '2020-01-23 15:38:55'),
	(343, 0, 'ru', 'validation', 'timezone', 'The :attribute must be a valid zone.', '2020-01-23 13:52:08', '2020-01-23 15:38:55'),
	(344, 0, 'ru', 'validation', 'unique', 'The :attribute has already been taken.', '2020-01-23 13:52:08', '2020-01-23 15:38:55'),
	(345, 0, 'ru', 'validation', 'uploaded', 'The :attribute failed to upload.', '2020-01-23 13:52:08', '2020-01-23 15:38:55'),
	(346, 0, 'ru', 'validation', 'url', 'The :attribute format is invalid.', '2020-01-23 13:52:08', '2020-01-23 15:38:55'),
	(347, 0, 'ru', 'validation', 'uuid', 'The :attribute must be a valid UUID.', '2020-01-23 13:52:08', '2020-01-23 15:38:55'),
	(348, 0, 'ru', 'validation', 'custom.attribute-name.rule-name', 'custom-message', '2020-01-23 13:52:08', '2020-01-23 15:38:55'),
	(349, 0, 'ro', 'cars', 'title', 'Tarife', '2020-01-23 13:54:06', '2020-01-27 16:00:46'),
	(350, 0, 'ru', 'cars', 'title', 'Тарифы', '2020-01-23 13:54:15', '2020-01-27 16:00:46'),
	(351, 0, 'ro', 'cars', 'de-la', 'de la', '2020-01-23 13:58:11', '2020-01-27 16:00:46'),
	(352, 0, 'ro', 'cars', 'detalii', 'detalii', '2020-01-23 13:58:42', '2020-01-27 16:00:46'),
	(353, 0, 'ro', 'cars', 'h', 'ora', '2020-01-23 13:59:10', '2020-01-27 16:00:46'),
	(354, 0, 'ro', 'cars', 'incarcare', 'încărcare', '2020-01-23 13:59:42', '2020-01-27 16:00:46'),
	(355, 0, 'ro', 'cars', 'km', 'km', '2020-01-23 13:59:47', '2020-01-27 16:00:46'),
	(356, 0, 'ro', 'cars', 'l-h', 'lei - o oră', '2020-01-23 14:00:27', '2020-01-27 16:00:46'),
	(357, 0, 'ro', 'cars', 'l-km', 'lei 1 km', '2020-01-23 14:00:39', '2020-01-27 16:00:46'),
	(358, 0, 'ro', 'cars', 'minim', 'minim', '2020-01-23 14:01:20', '2020-01-27 16:00:46'),
	(359, 0, 'ro', 'cars', 'm', 'm', '2020-01-23 14:02:19', '2020-01-27 16:00:46'),
	(360, 0, 'ro', 'clients', 'title', 'Partenerii noștri', '2020-01-23 15:13:45', '2020-01-23 15:38:55'),
	(361, 0, 'ro', 'contact', 'title', 'Contactează-ne', '2020-01-23 15:18:50', '2020-01-23 15:38:55'),
	(362, 0, 'ro', 'contact', 'email', 'Email', '2020-01-23 15:19:30', '2020-01-23 15:38:55'),
	(363, 0, 'ro', 'contact', 'message', 'Mesaj', '2020-01-23 15:19:43', '2020-01-23 15:38:55'),
	(364, 0, 'ro', 'contact', 'nume', 'Numele', '2020-01-23 15:20:05', '2020-01-23 15:38:55'),
	(365, 0, 'ro', 'contact', 'subject', 'Subiect', '2020-01-23 15:20:13', '2020-01-23 15:38:55'),
	(366, 0, 'ro', 'contact', 'send', 'Transmite', '2020-01-23 15:20:38', '2020-01-23 15:38:55'),
	(367, 0, 'translations', 'bread', 'home', NULL, '2020-01-23 17:02:15', '2020-01-23 17:02:15'),
	(368, 0, 'translations', 'bread', 'services', NULL, '2020-01-23 17:02:15', '2020-01-23 17:02:15'),
	(369, 0, 'translations', 'tarif', 'title1', NULL, '2020-01-23 17:02:15', '2020-01-23 17:02:15'),
	(370, 0, 'translations', 'tarif', 'title2', NULL, '2020-01-23 17:02:15', '2020-01-23 17:02:15'),
	(371, 0, 'translations', 'footer', 'description', NULL, '2020-01-23 17:02:15', '2020-01-23 17:02:15'),
	(372, 0, 'translations', 'footer', 'social1', NULL, '2020-01-23 17:02:15', '2020-01-23 17:02:15'),
	(373, 0, 'translations', 'footer', 'social2', NULL, '2020-01-23 17:02:15', '2020-01-23 17:02:15'),
	(374, 0, 'translations', 'footer', 'social3', NULL, '2020-01-23 17:02:15', '2020-01-23 17:02:15'),
	(375, 0, 'translations', 'footer', 'social4', NULL, '2020-01-23 17:02:15', '2020-01-23 17:02:15'),
	(376, 0, 'translations', 'footer', 'contact', NULL, '2020-01-23 17:02:15', '2020-01-23 17:02:15'),
	(377, 0, 'translations', 'footer', 'site-title', NULL, '2020-01-23 17:02:15', '2020-01-23 17:02:15'),
	(378, 0, 'translations', 'footer', 'address', NULL, '2020-01-23 17:02:15', '2020-01-23 17:02:15'),
	(379, 0, 'translations', 'footer', 'tel', NULL, '2020-01-23 17:02:15', '2020-01-23 17:02:15'),
	(380, 0, 'translations', 'footer', 'number', NULL, '2020-01-23 17:02:15', '2020-01-23 17:02:15'),
	(381, 0, 'translations', 'footer', 'email', NULL, '2020-01-23 17:02:15', '2020-01-23 17:02:15'),
	(382, 0, 'translations', 'footer', 'mail', NULL, '2020-01-23 17:02:15', '2020-01-23 17:02:15'),
	(383, 0, 'translations', 'footer', 'pages', NULL, '2020-01-23 17:02:15', '2020-01-23 17:02:15'),
	(384, 0, 'translations', 'cars', 'alege', NULL, '2020-01-23 17:02:15', '2020-01-23 17:02:15'),
	(385, 0, 'translations', 'application', 'title', NULL, '2020-01-23 17:02:15', '2020-01-23 17:02:15'),
	(386, 0, 'translations', 'application', 'title2', NULL, '2020-01-23 17:02:15', '2020-01-23 17:02:15'),
	(387, 0, 'translations', 'application', 'excerpt', NULL, '2020-01-23 17:02:15', '2020-01-23 17:02:15'),
	(388, 0, 'translations', 'application', 'name', NULL, '2020-01-23 17:02:15', '2020-01-23 17:02:15'),
	(389, 0, 'translations', 'application', 'service', NULL, '2020-01-23 17:02:15', '2020-01-23 17:02:15'),
	(390, 0, 'translations', 'application', 'select-service', NULL, '2020-01-23 17:02:15', '2020-01-23 17:02:15'),
	(391, 0, 'translations', 'application', 'count-car', NULL, '2020-01-23 17:02:15', '2020-01-23 17:02:15'),
	(392, 0, 'translations', 'application', 'address', NULL, '2020-01-23 17:02:15', '2020-01-23 17:02:15'),
	(393, 0, 'translations', 'application', 'phone', NULL, '2020-01-23 17:02:15', '2020-01-23 17:02:15'),
	(394, 0, 'translations', 'application', 'message', NULL, '2020-01-23 17:02:15', '2020-01-23 17:02:15'),
	(395, 0, 'translations', 'application', 'button', NULL, '2020-01-23 17:02:15', '2020-01-23 17:02:15'),
	(396, 0, 'translations', 'cars', 'title', NULL, '2020-01-23 17:02:15', '2020-01-23 17:02:15'),
	(397, 0, 'translations', 'cars', 'incarcare', NULL, '2020-01-23 17:02:15', '2020-01-23 17:02:15'),
	(398, 0, 'translations', 'cars', 'detalii', NULL, '2020-01-23 17:02:15', '2020-01-23 17:02:15'),
	(399, 0, 'translations', 'cars', 'm', NULL, '2020-01-23 17:02:15', '2020-01-23 17:02:15'),
	(400, 0, 'translations', 'cars', 'de-la', NULL, '2020-01-23 17:02:15', '2020-01-23 17:02:15'),
	(401, 0, 'translations', 'cars', 'l-h', NULL, '2020-01-23 17:02:15', '2020-01-23 17:02:15'),
	(402, 0, 'translations', 'cars', 'minim', NULL, '2020-01-23 17:02:15', '2020-01-23 17:02:15'),
	(403, 0, 'translations', 'cars', 'h', NULL, '2020-01-23 17:02:15', '2020-01-23 17:02:15'),
	(404, 0, 'translations', 'cars', 'l-km', NULL, '2020-01-23 17:02:15', '2020-01-23 17:02:15'),
	(405, 0, 'translations', 'cars', 'km', NULL, '2020-01-23 17:02:15', '2020-01-23 17:02:15'),
	(406, 0, 'translations', 'clients', 'title', NULL, '2020-01-23 17:02:15', '2020-01-23 17:02:15'),
	(407, 0, 'translations', 'services', 'services-title', NULL, '2020-01-23 17:02:15', '2020-01-23 17:02:15'),
	(408, 0, 'translations', 'services', 'all-services', NULL, '2020-01-23 17:02:15', '2020-01-23 17:02:15'),
	(409, 0, 'translations', 'benefits', 'title', NULL, '2020-01-23 17:02:15', '2020-01-23 17:02:15'),
	(410, 0, 'translations', 'contact', 'title', NULL, '2020-01-23 17:02:15', '2020-01-23 17:02:15'),
	(411, 0, 'translations', 'contact', 'nume', NULL, '2020-01-23 17:02:15', '2020-01-23 17:02:15'),
	(412, 0, 'translations', 'contact', 'email', NULL, '2020-01-23 17:02:15', '2020-01-23 17:02:15'),
	(413, 0, 'translations', 'contact', 'subject-title', NULL, '2020-01-23 17:02:15', '2020-01-23 17:02:15'),
	(414, 0, 'translations', 'contact', 'subject', NULL, '2020-01-23 17:02:15', '2020-01-23 17:02:15'),
	(415, 0, 'translations', 'contact', 'message-title', NULL, '2020-01-23 17:02:15', '2020-01-23 17:02:15'),
	(416, 0, 'translations', 'contact', 'message', NULL, '2020-01-23 17:02:15', '2020-01-23 17:02:15'),
	(417, 0, 'translations', 'contact', 'send', NULL, '2020-01-23 17:02:15', '2020-01-23 17:02:15'),
	(418, 0, 'translations', 'about', 'more', NULL, '2020-01-23 17:02:15', '2020-01-23 17:02:15'),
	(419, 0, 'translations', 'contact', 'address', NULL, '2020-01-23 17:02:15', '2020-01-23 17:02:15'),
	(420, 0, 'translations', 'contact', 'tel', NULL, '2020-01-23 17:02:15', '2020-01-23 17:02:15'),
	(421, 0, 'translations', 'contact', 'number', NULL, '2020-01-23 17:02:15', '2020-01-23 17:02:15'),
	(422, 0, 'translations', 'contact', 'mail', NULL, '2020-01-23 17:02:15', '2020-01-23 17:02:15'),
	(423, 0, 'translations', '_json', 'pt', NULL, '2020-01-23 17:02:15', '2020-01-23 17:02:15'),
	(424, 0, 'translations', '_json', 'es', NULL, '2020-01-23 17:02:15', '2020-01-23 17:02:15'),
	(425, 0, 'translations', '_json', 'de', NULL, '2020-01-23 17:02:15', '2020-01-23 17:02:15'),
	(426, 0, 'ro', 'application', 'title2', 'Comanda', '2020-01-23 17:02:34', '2020-01-27 15:59:45'),
	(427, 0, 'ru', 'application', 'title2', 'Test', '2020-01-23 17:02:39', '2020-01-27 15:59:45'),
	(428, 0, 'ro', 'benefits', 'title', 'Beneficii', '2020-01-23 17:55:27', '2020-01-27 16:00:21'),
	(429, 0, 'ro', 'application', 'address', 'Adresa', '2020-01-23 17:57:19', '2020-01-27 15:59:45'),
	(430, 0, 'ro', 'application', 'message', 'Mesaj', '2020-01-23 17:57:26', '2020-01-27 15:59:45'),
	(431, 0, 'ro', 'application', 'name', 'Nume', '2020-01-23 17:57:30', '2020-01-27 15:59:45'),
	(432, 0, 'ro', 'application', 'phone', 'Telefon', '2020-01-23 17:59:01', '2020-01-27 15:59:45'),
	(433, 0, 'ro', 'application', 'service', 'Tipul de serviciu', '2020-01-23 18:02:25', '2020-01-27 15:59:45'),
	(434, 0, 'ro', 'application', 'title', 'Plasați', '2020-01-23 18:02:48', '2020-01-27 15:59:45'),
	(435, 0, 'ro', 'application', 'count-car', 'Numarul de mașini', '2020-01-23 18:11:27', '2020-01-27 15:59:45'),
	(436, 0, 'ro', 'application', 'button', 'Expediază', '2020-01-23 18:15:43', '2020-01-27 15:59:45'),
	(437, 1, 'ro', 'call', 'title', 'Чтобы оставить заявку перейдите по ссылке', '2020-01-27 15:58:20', '2020-01-27 15:58:20'),
	(438, 1, 'ro', 'call', 'ostaviti', 'Оставить заявку', '2020-01-27 15:58:20', '2020-01-27 15:58:20'),
	(439, 1, 'ru', 'call', 'title', 'Чтобы оставить заявку перейдите по ссылке', '2020-01-27 15:58:21', '2020-01-27 15:58:21'),
	(440, 1, 'ru', 'call', 'ostaviti', 'Оставить заявку', '2020-01-27 15:58:21', '2020-01-27 15:58:21');
/*!40000 ALTER TABLE `ltm_translations` ENABLE KEYS */;

-- Дамп структуры для таблица transport.menus
CREATE TABLE IF NOT EXISTS `menus` (
  `id` int(10) unsigned NOT NULL AUTO_INCREMENT,
  `name` varchar(255) COLLATE utf8mb4_unicode_ci NOT NULL,
  `created_at` timestamp NULL DEFAULT NULL,
  `updated_at` timestamp NULL DEFAULT NULL,
  PRIMARY KEY (`id`),
  UNIQUE KEY `menus_name_unique` (`name`)
) ENGINE=InnoDB AUTO_INCREMENT=4 DEFAULT CHARSET=utf8mb4 COLLATE=utf8mb4_unicode_ci;

-- Дамп данных таблицы transport.menus: ~3 rows (приблизительно)
/*!40000 ALTER TABLE `menus` DISABLE KEYS */;
INSERT INTO `menus` (`id`, `name`, `created_at`, `updated_at`) VALUES
	(1, 'admin', '2019-12-30 18:50:06', '2019-12-30 18:50:06'),
	(2, 'main', '2020-01-02 13:48:03', '2020-01-02 13:48:03'),
	(3, 'footer', '2020-01-07 15:59:27', '2020-01-07 15:59:27');
/*!40000 ALTER TABLE `menus` ENABLE KEYS */;

-- Дамп структуры для таблица transport.menu_items
CREATE TABLE IF NOT EXISTS `menu_items` (
  `id` int(10) unsigned NOT NULL AUTO_INCREMENT,
  `menu_id` int(10) unsigned DEFAULT NULL,
  `title` varchar(255) COLLATE utf8mb4_unicode_ci NOT NULL,
  `url` varchar(255) COLLATE utf8mb4_unicode_ci NOT NULL,
  `target` varchar(255) COLLATE utf8mb4_unicode_ci NOT NULL DEFAULT '_self',
  `icon_class` varchar(255) COLLATE utf8mb4_unicode_ci DEFAULT NULL,
  `color` varchar(255) COLLATE utf8mb4_unicode_ci DEFAULT NULL,
  `parent_id` int(11) DEFAULT NULL,
  `order` int(11) NOT NULL,
  `created_at` timestamp NULL DEFAULT NULL,
  `updated_at` timestamp NULL DEFAULT NULL,
  `route` varchar(255) COLLATE utf8mb4_unicode_ci DEFAULT NULL,
  `parameters` text COLLATE utf8mb4_unicode_ci,
  PRIMARY KEY (`id`),
  KEY `menu_items_menu_id_foreign` (`menu_id`),
  CONSTRAINT `menu_items_menu_id_foreign` FOREIGN KEY (`menu_id`) REFERENCES `menus` (`id`) ON DELETE CASCADE
) ENGINE=InnoDB AUTO_INCREMENT=36 DEFAULT CHARSET=utf8mb4 COLLATE=utf8mb4_unicode_ci;

-- Дамп данных таблицы transport.menu_items: ~35 rows (приблизительно)
/*!40000 ALTER TABLE `menu_items` DISABLE KEYS */;
INSERT INTO `menu_items` (`id`, `menu_id`, `title`, `url`, `target`, `icon_class`, `color`, `parent_id`, `order`, `created_at`, `updated_at`, `route`, `parameters`) VALUES
	(1, 1, 'Dashboard', '', '_self', 'voyager-boat', NULL, NULL, 1, '2019-12-30 18:50:06', '2019-12-30 18:50:06', 'voyager.dashboard', NULL),
	(2, 1, 'Media', '', '_self', 'voyager-images', NULL, NULL, 4, '2019-12-30 18:50:06', '2020-01-02 10:24:28', 'voyager.media.index', NULL),
	(3, 1, 'Users', '', '_self', 'voyager-person', NULL, NULL, 3, '2019-12-30 18:50:06', '2019-12-30 18:50:06', 'voyager.users.index', NULL),
	(4, 1, 'Roles', '', '_self', 'voyager-lock', NULL, NULL, 2, '2019-12-30 18:50:06', '2019-12-30 18:50:06', 'voyager.roles.index', NULL),
	(5, 1, 'Tools', '', '_self', 'voyager-tools', NULL, NULL, 16, '2019-12-30 18:50:06', '2020-01-07 12:52:01', NULL, NULL),
	(6, 1, 'Menu Builder', '', '_self', 'voyager-list', NULL, 5, 1, '2019-12-30 18:50:06', '2020-01-02 10:24:28', 'voyager.menus.index', NULL),
	(7, 1, 'Database', '', '_self', 'voyager-data', NULL, 5, 2, '2019-12-30 18:50:06', '2020-01-02 10:24:28', 'voyager.database.index', NULL),
	(8, 1, 'Compass', '', '_self', 'voyager-compass', NULL, 5, 3, '2019-12-30 18:50:06', '2020-01-02 10:24:28', 'voyager.compass.index', NULL),
	(9, 1, 'BREAD', '', '_self', 'voyager-bread', NULL, 5, 4, '2019-12-30 18:50:06', '2020-01-02 10:24:28', 'voyager.bread.index', NULL),
	(10, 1, 'Settings', '', '_self', 'voyager-settings', NULL, NULL, 17, '2019-12-30 18:50:06', '2020-01-07 12:52:01', 'voyager.settings.index', NULL),
	(11, 1, 'Categories', '', '_self', 'voyager-categories', NULL, NULL, 7, '2019-12-30 18:50:07', '2020-01-02 10:24:28', 'voyager.categories.index', NULL),
	(12, 1, 'Posts', '', '_self', 'voyager-news', NULL, NULL, 5, '2019-12-30 18:50:07', '2020-01-02 10:24:28', 'voyager.posts.index', NULL),
	(13, 1, 'Pages', '', '_self', 'voyager-file-text', NULL, NULL, 6, '2019-12-30 18:50:08', '2020-01-02 10:24:28', 'voyager.pages.index', NULL),
	(14, 1, 'Hooks', '', '_self', 'voyager-hook', NULL, 5, 5, '2019-12-30 18:50:08', '2020-01-02 10:24:28', 'voyager.hooks', NULL),
	(15, 1, 'Contacts', '', '_self', 'voyager-bubble', NULL, NULL, 9, '2019-12-31 09:12:55', '2020-01-02 10:24:33', 'voyager.contacts.index', NULL),
	(16, 1, 'Sliders', '', '_self', 'voyager-play', '#000000', NULL, 8, '2019-12-31 10:48:05', '2020-01-02 10:25:04', 'voyager.sliders.index', 'null'),
	(17, 1, 'Translations', '/translations', '_self', 'voyager-character', '#000000', NULL, 18, '2020-01-02 10:40:32', '2020-01-07 12:52:01', NULL, ''),
	(18, 1, 'Benefits', '', '_self', 'voyager-check', '#000000', NULL, 10, '2020-01-02 10:59:49', '2020-01-02 11:09:37', 'voyager.benefits.index', 'null'),
	(19, 1, 'Clients', '', '_self', 'voyager-people', NULL, NULL, 11, '2020-01-02 11:03:18', '2020-01-02 11:08:42', 'voyager.clients.index', NULL),
	(20, 1, 'Services', '', '_self', 'voyager-star', NULL, NULL, 12, '2020-01-02 11:08:02', '2020-01-02 11:08:46', 'voyager.services.index', NULL),
	(21, 2, 'Pagina principala', '', '_self', NULL, '#000000', NULL, 1, '2020-01-02 13:50:01', '2020-01-02 14:43:10', NULL, ''),
	(22, 2, 'Despre noi', 'about', '_self', NULL, '#000000', NULL, 2, '2020-01-02 13:50:53', '2020-01-06 08:07:19', NULL, ''),
	(23, 2, 'Contacte', 'contact', '_self', NULL, '#000000', NULL, 6, '2020-01-02 13:51:34', '2020-01-07 10:20:07', NULL, ''),
	(24, 2, 'Tarife', 'tarife', '_self', NULL, '#000000', NULL, 4, '2020-01-02 14:43:03', '2020-01-06 16:10:16', NULL, ''),
	(25, 1, 'Cars', '', '_self', 'voyager-truck', '#000000', NULL, 14, '2020-01-03 13:57:13', '2020-01-03 21:48:26', 'voyager.cars.index', 'null'),
	(26, 1, 'Category Services', '', '_self', 'voyager-archive', NULL, NULL, 13, '2020-01-03 16:58:30', '2020-01-03 21:46:27', 'voyager.category-services.index', NULL),
	(27, 2, 'Servicii', 'service', '_self', NULL, '#000000', NULL, 3, '2020-01-06 16:08:44', '2020-01-06 16:11:19', NULL, ''),
	(28, 2, 'Aplică acum', 'aplica', '_self', NULL, '#000000', NULL, 5, '2020-01-07 10:20:01', '2020-01-07 15:25:50', NULL, ''),
	(29, 1, 'Applications', '', '_self', 'voyager-shop', '#000000', NULL, 15, '2020-01-07 12:47:19', '2020-01-07 12:52:39', 'voyager.applications.index', 'null'),
	(30, 3, 'Pagina principala', '', '_self', NULL, '#000000', NULL, 19, '2020-01-07 16:00:04', '2020-01-07 16:00:28', NULL, ''),
	(31, 3, 'Despre noi', 'about', '_self', NULL, '#000000', NULL, 20, '2020-01-07 16:05:48', '2020-01-07 16:05:48', NULL, ''),
	(32, 3, 'Servicii', 'service', '_self', NULL, '#000000', NULL, 21, '2020-01-07 16:06:26', '2020-01-07 16:06:26', NULL, ''),
	(33, 3, 'Tarife', 'tarife', '_self', NULL, '#000000', NULL, 22, '2020-01-07 16:07:05', '2020-01-07 16:07:05', NULL, ''),
	(34, 3, 'Aplică acum', 'aplica', '_self', NULL, '#000000', NULL, 23, '2020-01-07 16:07:38', '2020-01-07 16:07:38', NULL, ''),
	(35, 3, 'Contacte', 'contact', '_self', NULL, '#000000', NULL, 24, '2020-01-07 16:08:08', '2020-01-07 16:08:08', NULL, '');
/*!40000 ALTER TABLE `menu_items` ENABLE KEYS */;

-- Дамп структуры для таблица transport.migrations
CREATE TABLE IF NOT EXISTS `migrations` (
  `id` int(10) unsigned NOT NULL AUTO_INCREMENT,
  `migration` varchar(255) COLLATE utf8mb4_unicode_ci NOT NULL,
  `batch` int(11) NOT NULL,
  PRIMARY KEY (`id`)
) ENGINE=InnoDB AUTO_INCREMENT=29 DEFAULT CHARSET=utf8mb4 COLLATE=utf8mb4_unicode_ci;

-- Дамп данных таблицы transport.migrations: ~28 rows (приблизительно)
/*!40000 ALTER TABLE `migrations` DISABLE KEYS */;
INSERT INTO `migrations` (`id`, `migration`, `batch`) VALUES
	(1, '2014_10_12_000000_create_users_table', 1),
	(2, '2014_10_12_100000_create_password_resets_table', 1),
	(3, '2016_01_01_000000_add_voyager_user_fields', 1),
	(4, '2016_01_01_000000_create_data_types_table', 1),
	(5, '2016_05_19_173453_create_menu_table', 1),
	(6, '2016_10_21_190000_create_roles_table', 1),
	(7, '2016_10_21_190000_create_settings_table', 1),
	(8, '2016_11_30_135954_create_permission_table', 1),
	(9, '2016_11_30_141208_create_permission_role_table', 1),
	(10, '2016_12_26_201236_data_types__add__server_side', 1),
	(11, '2017_01_13_000000_add_route_to_menu_items_table', 1),
	(12, '2017_01_14_005015_create_translations_table', 1),
	(13, '2017_01_15_000000_make_table_name_nullable_in_permissions_table', 1),
	(14, '2017_03_06_000000_add_controller_to_data_types_table', 1),
	(15, '2017_04_21_000000_add_order_to_data_rows_table', 1),
	(16, '2017_07_05_210000_add_policyname_to_data_types_table', 1),
	(17, '2017_08_05_000000_add_group_to_settings_table', 1),
	(18, '2017_11_26_013050_add_user_role_relationship', 1),
	(19, '2017_11_26_015000_create_user_roles_table', 1),
	(20, '2018_03_11_000000_add_user_settings', 1),
	(21, '2018_03_14_000000_add_details_to_data_types_table', 1),
	(22, '2018_03_16_000000_make_settings_value_nullable', 1),
	(23, '2019_08_19_000000_create_failed_jobs_table', 1),
	(24, '2016_01_01_000000_create_pages_table', 2),
	(25, '2016_01_01_000000_create_posts_table', 2),
	(26, '2016_02_15_204651_create_categories_table', 2),
	(27, '2017_04_11_000000_alter_post_nullable_fields_table', 2),
	(28, '2014_04_02_193005_create_translations_table', 3);
/*!40000 ALTER TABLE `migrations` ENABLE KEYS */;

-- Дамп структуры для таблица transport.pages
CREATE TABLE IF NOT EXISTS `pages` (
  `id` int(10) unsigned NOT NULL AUTO_INCREMENT,
  `author_id` int(11) NOT NULL,
  `title` varchar(255) COLLATE utf8mb4_unicode_ci NOT NULL,
  `excerpt` text COLLATE utf8mb4_unicode_ci,
  `body` text COLLATE utf8mb4_unicode_ci,
  `image` varchar(255) COLLATE utf8mb4_unicode_ci DEFAULT NULL,
  `slug` varchar(255) COLLATE utf8mb4_unicode_ci NOT NULL,
  `meta_title` text COLLATE utf8mb4_unicode_ci NOT NULL,
  `meta_description` text COLLATE utf8mb4_unicode_ci,
  `meta_keywords` text COLLATE utf8mb4_unicode_ci,
  `status` enum('ACTIVE','INACTIVE') COLLATE utf8mb4_unicode_ci NOT NULL DEFAULT 'INACTIVE',
  `created_at` timestamp NULL DEFAULT NULL,
  `updated_at` timestamp NULL DEFAULT NULL,
  PRIMARY KEY (`id`),
  UNIQUE KEY `pages_slug_unique` (`slug`)
) ENGINE=InnoDB AUTO_INCREMENT=8 DEFAULT CHARSET=utf8mb4 COLLATE=utf8mb4_unicode_ci;

-- Дамп данных таблицы transport.pages: ~6 rows (приблизительно)
/*!40000 ALTER TABLE `pages` DISABLE KEYS */;
INSERT INTO `pages` (`id`, `author_id`, `title`, `excerpt`, `body`, `image`, `slug`, `meta_title`, `meta_description`, `meta_keywords`, `status`, `created_at`, `updated_at`) VALUES
	(2, 1, 'Pagina principala', '', '', NULL, '/', 'Pagina principala', 'Pagina principala', 'Pagina principala', 'ACTIVE', '2020-01-02 12:43:55', '2020-01-10 10:58:57'),
	(3, 1, 'Tarife', 'Calcularea tarifelor pentru transportare este direct proporțională de cererea Dvs și de toate specificațiile și caracteristicile încărcăturii, precum ar fi dimensiunea, volumul, greutatea etc.\r\nFiind fiecare comandă întotdeauna unică, costul acesteia este calculată cu exacticitatea de către managerii noștri, în baza unor factori și criterii care influențează prețul final (termini și urgență de livrare, distanța parcursului transportului de mărfuri, caracteristicile mărfurilor etc.). \r\nDe asemenea, pentru fiecare marfă există și transportul adecvat acesteia. Toate vehiculele au parametri tehnici diferiți în baza capacității de încărcare și volumului mărfii.', '<table>\n<tbody>\n<tr>\n<th>Направления/Цена</th>\n<th>Botanica</th>\n<th>Buiucani</th>\n<th>Centru</th>\n<th>Ciocana</th>\n<th>Codru</th>\n<th>Durlesti</th>\n<th>Petricani</th>\n<th>Posta Veche</th>\n<th>Riscani</th>\n<th>Sculeanca</th>\n<th>Telecentru</th>\n</tr>\n<tr>\n<th>Botanica</th>\n<td>130 лей</td>\n<td>150 лей</td>\n<td>140 лей</td>\n<td>150 лей</td>\n<td>160 лей</td>\n<td>180 лей</td>\n<td>160 лей</td>\n<td>150 лей</td>\n<td>150 лей</td>\n<td>150 лей</td>\n<td>140 лей</td>\n</tr>\n<tr>\n<th>Buiucani</th>\n<td>150 лей</td>\n<td>130 лей</td>\n<td>140 лей</td>\n<td>150 лей</td>\n<td>160 лей</td>\n<td>180 лей</td>\n<td>160 лей</td>\n<td>150 лей</td>\n<td>150 лей</td>\n<td>150 лей</td>\n<td>140 лей</td>\n</tr>\n<tr>\n<th>Botanica</th>\n<td>130 лей</td>\n<td>150 лей</td>\n<td>140 лей</td>\n<td>150 лей</td>\n<td>160 лей</td>\n<td>180 лей</td>\n<td>160 лей</td>\n<td>150 лей</td>\n<td>150 лей</td>\n<td>150 лей</td>\n<td>140 лей</td>\n</tr>\n<tr>\n<th>Botanica</th>\n<td>130 лей</td>\n<td>150 лей</td>\n<td>140 лей</td>\n<td>150 лей</td>\n<td>160 лей</td>\n<td>180 лей</td>\n<td>160 лей</td>\n<td>150 лей</td>\n<td>150 лей</td>\n<td>150 лей</td>\n<td>140 лей</td>\n</tr>\n<tr>\n<th>Botanica</th>\n<td>130 лей</td>\n<td>150 лей</td>\n<td>140 лей</td>\n<td>150 лей</td>\n<td>160 лей</td>\n<td>180 лей</td>\n<td>160 лей</td>\n<td>150 лей</td>\n<td>150 лей</td>\n<td>150 лей</td>\n<td>140 лей</td>\n</tr>\n</tbody>\n</table>', NULL, 'tarife', 'Tarife', 'Tarife', NULL, 'ACTIVE', '2020-01-03 23:19:05', '2020-01-20 23:35:18'),
	(4, 1, 'Despre noi', NULL, '<p>Transportation Team s-a impus rapid pe piață, din dorința de a asigura clienților noștri calitate și promptitudine &icirc;n furnizarea de soluții logistice complete, cum ar fi transportarea obiectelor personale și cele de business. Am investit &icirc;n angajați calificați și procese manageriale care oferă clienților noștri soluții eficiente și comode de transportare pentru a vă satisfice la cel mai &icirc;nalt nivel nevoile Dvs.&nbsp;</p>\n<p>Compania noastră gestionează cu succes problema livrării mărfurilor prin alocarea tipului adecvat de vehicul, lu&acirc;nd &icirc;n considerare toate caracteristicile &icirc;ncărcăturii și organizează cea mai optima rută pentru operațiunile de &icirc;ncărcare și descărcare.</p>\n<p>Transportation Team este mereu la dispoziția Dvs pentru a vă atrage atenția asupra tuturor detaliilor importante, cu scopul de a efectua livrarea mărfurilor fără &icirc;nt&acirc;rzieri și fără costuri suplimentare!</p>\n<p>&nbsp;</p>', 'pages\\January2020\\8ZeEyRwrQ0NGau9VZApr.png', 'about', 'Despre noi', NULL, NULL, 'ACTIVE', '2020-01-03 23:51:37', '2020-01-20 23:31:07'),
	(5, 1, 'Contacte', '', '', NULL, 'contact', 'Contacte', '', '', 'ACTIVE', '2020-01-06 08:29:35', '2020-01-06 08:29:35'),
	(6, 1, 'Servicii', '', '', NULL, 'services', 'Servicii', '', '', 'ACTIVE', '2020-01-06 16:05:06', '2020-01-06 16:09:20'),
	(7, 1, 'Aplica acum', '', '', NULL, 'application', 'Aplica acum', '', '', 'ACTIVE', '2020-01-07 10:17:11', '2020-01-07 11:04:11');
/*!40000 ALTER TABLE `pages` ENABLE KEYS */;

-- Дамп структуры для таблица transport.password_resets
CREATE TABLE IF NOT EXISTS `password_resets` (
  `email` varchar(255) COLLATE utf8mb4_unicode_ci NOT NULL,
  `token` varchar(255) COLLATE utf8mb4_unicode_ci NOT NULL,
  `created_at` timestamp NULL DEFAULT NULL,
  KEY `password_resets_email_index` (`email`)
) ENGINE=InnoDB DEFAULT CHARSET=utf8mb4 COLLATE=utf8mb4_unicode_ci;

-- Дамп данных таблицы transport.password_resets: ~0 rows (приблизительно)
/*!40000 ALTER TABLE `password_resets` DISABLE KEYS */;
/*!40000 ALTER TABLE `password_resets` ENABLE KEYS */;

-- Дамп структуры для таблица transport.permissions
CREATE TABLE IF NOT EXISTS `permissions` (
  `id` bigint(20) unsigned NOT NULL AUTO_INCREMENT,
  `key` varchar(255) COLLATE utf8mb4_unicode_ci NOT NULL,
  `table_name` varchar(255) COLLATE utf8mb4_unicode_ci DEFAULT NULL,
  `created_at` timestamp NULL DEFAULT NULL,
  `updated_at` timestamp NULL DEFAULT NULL,
  PRIMARY KEY (`id`),
  KEY `permissions_key_index` (`key`)
) ENGINE=InnoDB AUTO_INCREMENT=82 DEFAULT CHARSET=utf8mb4 COLLATE=utf8mb4_unicode_ci;

-- Дамп данных таблицы transport.permissions: ~81 rows (приблизительно)
/*!40000 ALTER TABLE `permissions` DISABLE KEYS */;
INSERT INTO `permissions` (`id`, `key`, `table_name`, `created_at`, `updated_at`) VALUES
	(1, 'browse_admin', NULL, '2019-12-30 18:50:06', '2019-12-30 18:50:06'),
	(2, 'browse_bread', NULL, '2019-12-30 18:50:06', '2019-12-30 18:50:06'),
	(3, 'browse_database', NULL, '2019-12-30 18:50:06', '2019-12-30 18:50:06'),
	(4, 'browse_media', NULL, '2019-12-30 18:50:06', '2019-12-30 18:50:06'),
	(5, 'browse_compass', NULL, '2019-12-30 18:50:06', '2019-12-30 18:50:06'),
	(6, 'browse_menus', 'menus', '2019-12-30 18:50:06', '2019-12-30 18:50:06'),
	(7, 'read_menus', 'menus', '2019-12-30 18:50:06', '2019-12-30 18:50:06'),
	(8, 'edit_menus', 'menus', '2019-12-30 18:50:06', '2019-12-30 18:50:06'),
	(9, 'add_menus', 'menus', '2019-12-30 18:50:06', '2019-12-30 18:50:06'),
	(10, 'delete_menus', 'menus', '2019-12-30 18:50:06', '2019-12-30 18:50:06'),
	(11, 'browse_roles', 'roles', '2019-12-30 18:50:06', '2019-12-30 18:50:06'),
	(12, 'read_roles', 'roles', '2019-12-30 18:50:06', '2019-12-30 18:50:06'),
	(13, 'edit_roles', 'roles', '2019-12-30 18:50:06', '2019-12-30 18:50:06'),
	(14, 'add_roles', 'roles', '2019-12-30 18:50:06', '2019-12-30 18:50:06'),
	(15, 'delete_roles', 'roles', '2019-12-30 18:50:06', '2019-12-30 18:50:06'),
	(16, 'browse_users', 'users', '2019-12-30 18:50:06', '2019-12-30 18:50:06'),
	(17, 'read_users', 'users', '2019-12-30 18:50:06', '2019-12-30 18:50:06'),
	(18, 'edit_users', 'users', '2019-12-30 18:50:06', '2019-12-30 18:50:06'),
	(19, 'add_users', 'users', '2019-12-30 18:50:06', '2019-12-30 18:50:06'),
	(20, 'delete_users', 'users', '2019-12-30 18:50:06', '2019-12-30 18:50:06'),
	(21, 'browse_settings', 'settings', '2019-12-30 18:50:06', '2019-12-30 18:50:06'),
	(22, 'read_settings', 'settings', '2019-12-30 18:50:06', '2019-12-30 18:50:06'),
	(23, 'edit_settings', 'settings', '2019-12-30 18:50:06', '2019-12-30 18:50:06'),
	(24, 'add_settings', 'settings', '2019-12-30 18:50:06', '2019-12-30 18:50:06'),
	(25, 'delete_settings', 'settings', '2019-12-30 18:50:06', '2019-12-30 18:50:06'),
	(26, 'browse_categories', 'categories', '2019-12-30 18:50:07', '2019-12-30 18:50:07'),
	(27, 'read_categories', 'categories', '2019-12-30 18:50:07', '2019-12-30 18:50:07'),
	(28, 'edit_categories', 'categories', '2019-12-30 18:50:07', '2019-12-30 18:50:07'),
	(29, 'add_categories', 'categories', '2019-12-30 18:50:07', '2019-12-30 18:50:07'),
	(30, 'delete_categories', 'categories', '2019-12-30 18:50:07', '2019-12-30 18:50:07'),
	(31, 'browse_posts', 'posts', '2019-12-30 18:50:07', '2019-12-30 18:50:07'),
	(32, 'read_posts', 'posts', '2019-12-30 18:50:07', '2019-12-30 18:50:07'),
	(33, 'edit_posts', 'posts', '2019-12-30 18:50:07', '2019-12-30 18:50:07'),
	(34, 'add_posts', 'posts', '2019-12-30 18:50:07', '2019-12-30 18:50:07'),
	(35, 'delete_posts', 'posts', '2019-12-30 18:50:07', '2019-12-30 18:50:07'),
	(36, 'browse_pages', 'pages', '2019-12-30 18:50:08', '2019-12-30 18:50:08'),
	(37, 'read_pages', 'pages', '2019-12-30 18:50:08', '2019-12-30 18:50:08'),
	(38, 'edit_pages', 'pages', '2019-12-30 18:50:08', '2019-12-30 18:50:08'),
	(39, 'add_pages', 'pages', '2019-12-30 18:50:08', '2019-12-30 18:50:08'),
	(40, 'delete_pages', 'pages', '2019-12-30 18:50:08', '2019-12-30 18:50:08'),
	(41, 'browse_hooks', NULL, '2019-12-30 18:50:08', '2019-12-30 18:50:08'),
	(42, 'browse_contacts', 'contacts', '2019-12-31 09:12:55', '2019-12-31 09:12:55'),
	(43, 'read_contacts', 'contacts', '2019-12-31 09:12:55', '2019-12-31 09:12:55'),
	(44, 'edit_contacts', 'contacts', '2019-12-31 09:12:55', '2019-12-31 09:12:55'),
	(45, 'add_contacts', 'contacts', '2019-12-31 09:12:55', '2019-12-31 09:12:55'),
	(46, 'delete_contacts', 'contacts', '2019-12-31 09:12:55', '2019-12-31 09:12:55'),
	(47, 'browse_sliders', 'sliders', '2019-12-31 10:48:05', '2019-12-31 10:48:05'),
	(48, 'read_sliders', 'sliders', '2019-12-31 10:48:05', '2019-12-31 10:48:05'),
	(49, 'edit_sliders', 'sliders', '2019-12-31 10:48:05', '2019-12-31 10:48:05'),
	(50, 'add_sliders', 'sliders', '2019-12-31 10:48:05', '2019-12-31 10:48:05'),
	(51, 'delete_sliders', 'sliders', '2019-12-31 10:48:05', '2019-12-31 10:48:05'),
	(52, 'browse_benefits', 'benefits', '2020-01-02 10:59:49', '2020-01-02 10:59:49'),
	(53, 'read_benefits', 'benefits', '2020-01-02 10:59:49', '2020-01-02 10:59:49'),
	(54, 'edit_benefits', 'benefits', '2020-01-02 10:59:49', '2020-01-02 10:59:49'),
	(55, 'add_benefits', 'benefits', '2020-01-02 10:59:49', '2020-01-02 10:59:49'),
	(56, 'delete_benefits', 'benefits', '2020-01-02 10:59:49', '2020-01-02 10:59:49'),
	(57, 'browse_clients', 'clients', '2020-01-02 11:03:18', '2020-01-02 11:03:18'),
	(58, 'read_clients', 'clients', '2020-01-02 11:03:18', '2020-01-02 11:03:18'),
	(59, 'edit_clients', 'clients', '2020-01-02 11:03:18', '2020-01-02 11:03:18'),
	(60, 'add_clients', 'clients', '2020-01-02 11:03:18', '2020-01-02 11:03:18'),
	(61, 'delete_clients', 'clients', '2020-01-02 11:03:18', '2020-01-02 11:03:18'),
	(62, 'browse_services', 'services', '2020-01-02 11:08:02', '2020-01-02 11:08:02'),
	(63, 'read_services', 'services', '2020-01-02 11:08:02', '2020-01-02 11:08:02'),
	(64, 'edit_services', 'services', '2020-01-02 11:08:02', '2020-01-02 11:08:02'),
	(65, 'add_services', 'services', '2020-01-02 11:08:02', '2020-01-02 11:08:02'),
	(66, 'delete_services', 'services', '2020-01-02 11:08:02', '2020-01-02 11:08:02'),
	(67, 'browse_cars', 'cars', '2020-01-03 13:57:13', '2020-01-03 13:57:13'),
	(68, 'read_cars', 'cars', '2020-01-03 13:57:13', '2020-01-03 13:57:13'),
	(69, 'edit_cars', 'cars', '2020-01-03 13:57:13', '2020-01-03 13:57:13'),
	(70, 'add_cars', 'cars', '2020-01-03 13:57:13', '2020-01-03 13:57:13'),
	(71, 'delete_cars', 'cars', '2020-01-03 13:57:13', '2020-01-03 13:57:13'),
	(72, 'browse_category_services', 'category_services', '2020-01-03 16:58:30', '2020-01-03 16:58:30'),
	(73, 'read_category_services', 'category_services', '2020-01-03 16:58:30', '2020-01-03 16:58:30'),
	(74, 'edit_category_services', 'category_services', '2020-01-03 16:58:30', '2020-01-03 16:58:30'),
	(75, 'add_category_services', 'category_services', '2020-01-03 16:58:30', '2020-01-03 16:58:30'),
	(76, 'delete_category_services', 'category_services', '2020-01-03 16:58:30', '2020-01-03 16:58:30'),
	(77, 'browse_applications', 'applications', '2020-01-07 12:47:19', '2020-01-07 12:47:19'),
	(78, 'read_applications', 'applications', '2020-01-07 12:47:19', '2020-01-07 12:47:19'),
	(79, 'edit_applications', 'applications', '2020-01-07 12:47:19', '2020-01-07 12:47:19'),
	(80, 'add_applications', 'applications', '2020-01-07 12:47:19', '2020-01-07 12:47:19'),
	(81, 'delete_applications', 'applications', '2020-01-07 12:47:19', '2020-01-07 12:47:19');
/*!40000 ALTER TABLE `permissions` ENABLE KEYS */;

-- Дамп структуры для таблица transport.permission_role
CREATE TABLE IF NOT EXISTS `permission_role` (
  `permission_id` bigint(20) unsigned NOT NULL,
  `role_id` bigint(20) unsigned NOT NULL,
  PRIMARY KEY (`permission_id`,`role_id`),
  KEY `permission_role_permission_id_index` (`permission_id`),
  KEY `permission_role_role_id_index` (`role_id`),
  CONSTRAINT `permission_role_permission_id_foreign` FOREIGN KEY (`permission_id`) REFERENCES `permissions` (`id`) ON DELETE CASCADE,
  CONSTRAINT `permission_role_role_id_foreign` FOREIGN KEY (`role_id`) REFERENCES `roles` (`id`) ON DELETE CASCADE
) ENGINE=InnoDB DEFAULT CHARSET=utf8mb4 COLLATE=utf8mb4_unicode_ci;

-- Дамп данных таблицы transport.permission_role: ~80 rows (приблизительно)
/*!40000 ALTER TABLE `permission_role` DISABLE KEYS */;
INSERT INTO `permission_role` (`permission_id`, `role_id`) VALUES
	(1, 1),
	(2, 1),
	(3, 1),
	(4, 1),
	(5, 1),
	(6, 1),
	(7, 1),
	(8, 1),
	(9, 1),
	(10, 1),
	(11, 1),
	(12, 1),
	(13, 1),
	(14, 1),
	(15, 1),
	(16, 1),
	(17, 1),
	(18, 1),
	(19, 1),
	(20, 1),
	(21, 1),
	(22, 1),
	(23, 1),
	(24, 1),
	(25, 1),
	(26, 1),
	(27, 1),
	(28, 1),
	(29, 1),
	(30, 1),
	(31, 1),
	(32, 1),
	(33, 1),
	(34, 1),
	(35, 1),
	(36, 1),
	(37, 1),
	(38, 1),
	(39, 1),
	(40, 1),
	(42, 1),
	(43, 1),
	(44, 1),
	(45, 1),
	(46, 1),
	(47, 1),
	(48, 1),
	(49, 1),
	(50, 1),
	(51, 1),
	(52, 1),
	(53, 1),
	(54, 1),
	(55, 1),
	(56, 1),
	(57, 1),
	(58, 1),
	(59, 1),
	(60, 1),
	(61, 1),
	(62, 1),
	(63, 1),
	(64, 1),
	(65, 1),
	(66, 1),
	(67, 1),
	(68, 1),
	(69, 1),
	(70, 1),
	(71, 1),
	(72, 1),
	(73, 1),
	(74, 1),
	(75, 1),
	(76, 1),
	(77, 1),
	(78, 1),
	(79, 1),
	(80, 1),
	(81, 1);
/*!40000 ALTER TABLE `permission_role` ENABLE KEYS */;

-- Дамп структуры для таблица transport.posts
CREATE TABLE IF NOT EXISTS `posts` (
  `id` int(10) unsigned NOT NULL AUTO_INCREMENT,
  `author_id` int(11) NOT NULL,
  `category_id` int(11) DEFAULT NULL,
  `title` varchar(255) COLLATE utf8mb4_unicode_ci NOT NULL,
  `seo_title` varchar(255) COLLATE utf8mb4_unicode_ci DEFAULT NULL,
  `excerpt` text COLLATE utf8mb4_unicode_ci,
  `body` text COLLATE utf8mb4_unicode_ci NOT NULL,
  `image` varchar(255) COLLATE utf8mb4_unicode_ci DEFAULT NULL,
  `slug` varchar(255) COLLATE utf8mb4_unicode_ci NOT NULL,
  `meta_description` text COLLATE utf8mb4_unicode_ci,
  `meta_keywords` text COLLATE utf8mb4_unicode_ci,
  `status` enum('PUBLISHED','DRAFT','PENDING') COLLATE utf8mb4_unicode_ci NOT NULL DEFAULT 'DRAFT',
  `featured` tinyint(1) NOT NULL DEFAULT '0',
  `created_at` timestamp NULL DEFAULT NULL,
  `updated_at` timestamp NULL DEFAULT NULL,
  PRIMARY KEY (`id`),
  UNIQUE KEY `posts_slug_unique` (`slug`)
) ENGINE=InnoDB AUTO_INCREMENT=5 DEFAULT CHARSET=utf8mb4 COLLATE=utf8mb4_unicode_ci;

-- Дамп данных таблицы transport.posts: ~4 rows (приблизительно)
/*!40000 ALTER TABLE `posts` DISABLE KEYS */;
INSERT INTO `posts` (`id`, `author_id`, `category_id`, `title`, `seo_title`, `excerpt`, `body`, `image`, `slug`, `meta_description`, `meta_keywords`, `status`, `featured`, `created_at`, `updated_at`) VALUES
	(1, 0, NULL, 'Lorem Ipsum Post', NULL, 'This is the excerpt for the Lorem Ipsum Post', '<p>This is the body of the lorem ipsum post</p>', 'posts/post1.jpg', 'lorem-ipsum-post', 'This is the meta description', 'keyword1, keyword2, keyword3', 'PUBLISHED', 0, '2019-12-30 18:50:07', '2019-12-30 18:50:07'),
	(2, 0, NULL, 'My Sample Post', NULL, 'This is the excerpt for the sample Post', '<p>This is the body for the sample post, which includes the body.</p>\n                <h2>We can use all kinds of format!</h2>\n                <p>And include a bunch of other stuff.</p>', 'posts/post2.jpg', 'my-sample-post', 'Meta Description for sample post', 'keyword1, keyword2, keyword3', 'PUBLISHED', 0, '2019-12-30 18:50:07', '2019-12-30 18:50:07'),
	(3, 0, NULL, 'Latest Post', NULL, 'This is the excerpt for the latest post', '<p>This is the body for the latest post</p>', 'posts/post3.jpg', 'latest-post', 'This is the meta description', 'keyword1, keyword2, keyword3', 'PUBLISHED', 0, '2019-12-30 18:50:07', '2019-12-30 18:50:07'),
	(4, 0, NULL, 'Yarr Post', NULL, 'Reef sails nipperkin bring a spring upon her cable coffer jury mast spike marooned Pieces of Eight poop deck pillage. Clipper driver coxswain galleon hempen halter come about pressgang gangplank boatswain swing the lead. Nipperkin yard skysail swab lanyard Blimey bilge water ho quarter Buccaneer.', '<p>Swab deadlights Buccaneer fire ship square-rigged dance the hempen jig weigh anchor cackle fruit grog furl. Crack Jennys tea cup chase guns pressgang hearties spirits hogshead Gold Road six pounders fathom measured fer yer chains. Main sheet provost come about trysail barkadeer crimp scuttle mizzenmast brig plunder.</p>\n<p>Mizzen league keelhaul galleon tender cog chase Barbary Coast doubloon crack Jennys tea cup. Blow the man down lugsail fire ship pinnace cackle fruit line warp Admiral of the Black strike colors doubloon. Tackle Jack Ketch come about crimp rum draft scuppers run a shot across the bow haul wind maroon.</p>\n<p>Interloper heave down list driver pressgang holystone scuppers tackle scallywag bilged on her anchor. Jack Tar interloper draught grapple mizzenmast hulk knave cable transom hogshead. Gaff pillage to go on account grog aft chase guns piracy yardarm knave clap of thunder.</p>', 'posts/post4.jpg', 'yarr-post', 'this be a meta descript', 'keyword1, keyword2, keyword3', 'PUBLISHED', 0, '2019-12-30 18:50:07', '2019-12-30 18:50:07');
/*!40000 ALTER TABLE `posts` ENABLE KEYS */;

-- Дамп структуры для таблица transport.roles
CREATE TABLE IF NOT EXISTS `roles` (
  `id` bigint(20) unsigned NOT NULL AUTO_INCREMENT,
  `name` varchar(255) COLLATE utf8mb4_unicode_ci NOT NULL,
  `display_name` varchar(255) COLLATE utf8mb4_unicode_ci NOT NULL,
  `created_at` timestamp NULL DEFAULT NULL,
  `updated_at` timestamp NULL DEFAULT NULL,
  PRIMARY KEY (`id`),
  UNIQUE KEY `roles_name_unique` (`name`)
) ENGINE=InnoDB AUTO_INCREMENT=3 DEFAULT CHARSET=utf8mb4 COLLATE=utf8mb4_unicode_ci;

-- Дамп данных таблицы transport.roles: ~2 rows (приблизительно)
/*!40000 ALTER TABLE `roles` DISABLE KEYS */;
INSERT INTO `roles` (`id`, `name`, `display_name`, `created_at`, `updated_at`) VALUES
	(1, 'admin', 'Administrator', '2019-12-30 18:50:06', '2019-12-30 18:50:06'),
	(2, 'user', 'Normal User', '2019-12-30 18:50:06', '2019-12-30 18:50:06');
/*!40000 ALTER TABLE `roles` ENABLE KEYS */;

-- Дамп структуры для таблица transport.services
CREATE TABLE IF NOT EXISTS `services` (
  `id` int(10) unsigned NOT NULL AUTO_INCREMENT,
  `title` varchar(255) COLLATE utf8mb4_unicode_ci DEFAULT NULL,
  `category_id` int(11) DEFAULT NULL,
  `excerpt` varchar(255) COLLATE utf8mb4_unicode_ci DEFAULT NULL,
  `photo` varchar(255) COLLATE utf8mb4_unicode_ci DEFAULT NULL,
  `status` enum('ON','OFF') COLLATE utf8mb4_unicode_ci DEFAULT NULL,
  `order` int(11) DEFAULT NULL,
  `meta_title` text COLLATE utf8mb4_unicode_ci,
  `meta_description` text COLLATE utf8mb4_unicode_ci,
  `created_at` timestamp NULL DEFAULT NULL,
  `updated_at` timestamp NULL DEFAULT NULL,
  PRIMARY KEY (`id`)
) ENGINE=InnoDB AUTO_INCREMENT=9 DEFAULT CHARSET=utf8mb4 COLLATE=utf8mb4_unicode_ci;

-- Дамп данных таблицы transport.services: ~8 rows (приблизительно)
/*!40000 ALTER TABLE `services` DISABLE KEYS */;
INSERT INTO `services` (`id`, `title`, `category_id`, `excerpt`, `photo`, `status`, `order`, `meta_title`, `meta_description`, `created_at`, `updated_at`) VALUES
	(1, 'Mutări apartamente', 1, 'Ocean Freight plays perhaps the most vital role in most transportation and supply chain', 'services\\January2020\\psam96RJC5b561RNZykm.jpg', 'ON', 1, '', '', '2020-01-03 17:20:00', '2020-01-26 22:01:08'),
	(2, 'Mutare restaurante și cafenele', 2, 'Ocean Freight plays perhaps the most vital role in most transportation and supply chain', 'services\\January2020\\psam96RJC5b561RNZykm.jpg', 'ON', 2, 'Servicii incarcare', 'Ocean Freight plays perhaps the most vital role in most transportation and supply chain', '2020-01-03 21:24:00', '2020-01-23 19:11:58'),
	(3, 'Mutări vile', 1, 'Ocean Freight plays perhaps the most vital role in most transportation and supply chain', 'services\\January2020\\psam96RJC5b561RNZykm.jpg', 'ON', 1, '', '', '2020-01-03 17:20:00', '2020-01-23 19:06:54'),
	(4, 'Transportarea mobilei', 1, 'Ocean Freight plays perhaps the most vital role in most transportation and supply chain', 'services\\January2020\\psam96RJC5b561RNZykm.jpg', 'ON', 1, '', '', '2020-01-03 17:20:00', '2020-01-23 19:09:25'),
	(5, 'Transportarea tehnicii de uz casnic', 1, 'Ocean Freight plays perhaps the most vital role in most transportation and supply chain', 'services\\January2020\\psam96RJC5b561RNZykm.jpg', 'ON', 1, '', '', '2020-01-03 17:20:00', '2020-01-23 19:09:03'),
	(6, 'Servicii incărcare și descărcare', 2, 'Ocean Freight plays perhaps the most vital role in most transportation and supply chain', 'services\\January2020\\psam96RJC5b561RNZykm.jpg', 'ON', 2, 'Servicii incarcare', 'Ocean Freight plays perhaps the most vital role in most transportation and supply chain', '2020-01-03 21:24:00', '2020-01-23 19:11:34'),
	(7, 'Livrare mărfuri', 2, 'Ocean Freight plays perhaps the most vital role in most transportation and supply chain', 'services\\January2020\\psam96RJC5b561RNZykm.jpg', 'ON', 2, 'Servicii incarcare', 'Ocean Freight plays perhaps the most vital role in most transportation and supply chain', '2020-01-03 21:24:00', '2020-01-23 19:13:12'),
	(8, 'Relocări oficii', 2, 'Ocean Freight plays perhaps the most vital role in most transportation and supply chain', 'services\\January2020\\psam96RJC5b561RNZykm.jpg', 'ON', 2, 'Servicii incarcare', 'Ocean Freight plays perhaps the most vital role in most transportation and supply chain', '2020-01-03 21:24:00', '2020-01-23 19:12:28');
/*!40000 ALTER TABLE `services` ENABLE KEYS */;

-- Дамп структуры для таблица transport.settings
CREATE TABLE IF NOT EXISTS `settings` (
  `id` int(10) unsigned NOT NULL AUTO_INCREMENT,
  `key` varchar(255) COLLATE utf8mb4_unicode_ci NOT NULL,
  `display_name` varchar(255) COLLATE utf8mb4_unicode_ci NOT NULL,
  `value` text COLLATE utf8mb4_unicode_ci,
  `details` text COLLATE utf8mb4_unicode_ci,
  `type` varchar(255) COLLATE utf8mb4_unicode_ci NOT NULL,
  `order` int(11) NOT NULL DEFAULT '1',
  `group` varchar(255) COLLATE utf8mb4_unicode_ci DEFAULT NULL,
  PRIMARY KEY (`id`),
  UNIQUE KEY `settings_key_unique` (`key`)
) ENGINE=InnoDB AUTO_INCREMENT=11 DEFAULT CHARSET=utf8mb4 COLLATE=utf8mb4_unicode_ci;

-- Дамп данных таблицы transport.settings: ~10 rows (приблизительно)
/*!40000 ALTER TABLE `settings` DISABLE KEYS */;
INSERT INTO `settings` (`id`, `key`, `display_name`, `value`, `details`, `type`, `order`, `group`) VALUES
	(1, 'site.title', 'Site Title', 'Site Title', '', 'text', 1, 'Site'),
	(2, 'site.description', 'Site Description', 'Site Description', '', 'text', 2, 'Site'),
	(3, 'site.logo', 'Site Logo', '', '', 'image', 3, 'Site'),
	(4, 'site.google_analytics_tracking_id', 'Google Analytics Tracking ID', '', '', 'text', 4, 'Site'),
	(5, 'admin.bg_image', 'Admin Background Image', '', '', 'image', 5, 'Admin'),
	(6, 'admin.title', 'Admin Title', 'Voyager', '', 'text', 1, 'Admin'),
	(7, 'admin.description', 'Admin Description', 'Welcome to Voyager. The Missing Admin for Laravel', '', 'text', 2, 'Admin'),
	(8, 'admin.loader', 'Admin Loader', '', '', 'image', 3, 'Admin'),
	(9, 'admin.icon_image', 'Admin Icon Image', '', '', 'image', 4, 'Admin'),
	(10, 'admin.google_analytics_client_id', 'Google Analytics Client ID (used for admin dashboard)', '', '', 'text', 1, 'Admin');
/*!40000 ALTER TABLE `settings` ENABLE KEYS */;

-- Дамп структуры для таблица transport.sliders
CREATE TABLE IF NOT EXISTS `sliders` (
  `id` int(10) unsigned NOT NULL AUTO_INCREMENT,
  `title` varchar(255) COLLATE utf8mb4_unicode_ci DEFAULT NULL,
  `excerpt` varchar(255) COLLATE utf8mb4_unicode_ci DEFAULT NULL,
  `slug` varchar(255) COLLATE utf8mb4_unicode_ci DEFAULT NULL,
  `text_button` varchar(255) COLLATE utf8mb4_unicode_ci DEFAULT NULL,
  `order` int(11) DEFAULT NULL,
  `status` enum('ON','OFF') COLLATE utf8mb4_unicode_ci DEFAULT NULL,
  `photo` varchar(255) COLLATE utf8mb4_unicode_ci DEFAULT NULL,
  `breadcrumbs_photo` varchar(255) COLLATE utf8mb4_unicode_ci DEFAULT NULL,
  `created_at` timestamp NULL DEFAULT NULL,
  `updated_at` timestamp NULL DEFAULT NULL,
  PRIMARY KEY (`id`)
) ENGINE=InnoDB AUTO_INCREMENT=6 DEFAULT CHARSET=utf8mb4 COLLATE=utf8mb4_unicode_ci;

-- Дамп данных таблицы transport.sliders: ~3 rows (приблизительно)
/*!40000 ALTER TABLE `sliders` DISABLE KEYS */;
INSERT INTO `sliders` (`id`, `title`, `excerpt`, `slug`, `text_button`, `order`, `status`, `photo`, `breadcrumbs_photo`, `created_at`, `updated_at`) VALUES
	(1, 'Large enough to handle, small enough to care', '', 'about', 'Mai multe', 1, 'ON', 'sliders\\January2020\\zjLFxpZ29vYS02zyHovY.jpg', NULL, '2020-01-03 15:39:00', '2020-01-27 17:15:37'),
	(4, 'Large enough to handle, small enough to care', '', 'about', 'Mai multe', 2, 'ON', 'sliders\\January2020\\Ei1hAOErqH0XSWcMHt7z.jpg', NULL, '2020-01-03 15:39:00', '2020-01-27 16:23:40'),
	(5, 'Large enough to handle, small enough to care', '', 'about', 'Mai multe', 3, 'ON', 'sliders\\January2020\\Ei1hAOErqH0XSWcMHt7z.jpg', NULL, '2020-01-03 15:39:00', '2020-01-27 16:23:40');
/*!40000 ALTER TABLE `sliders` ENABLE KEYS */;

-- Дамп структуры для таблица transport.translations
CREATE TABLE IF NOT EXISTS `translations` (
  `id` int(10) unsigned NOT NULL AUTO_INCREMENT,
  `table_name` varchar(255) COLLATE utf8mb4_unicode_ci NOT NULL,
  `column_name` varchar(255) COLLATE utf8mb4_unicode_ci NOT NULL,
  `foreign_key` int(10) unsigned NOT NULL,
  `locale` varchar(255) COLLATE utf8mb4_unicode_ci NOT NULL,
  `value` text COLLATE utf8mb4_unicode_ci NOT NULL,
  `created_at` timestamp NULL DEFAULT NULL,
  `updated_at` timestamp NULL DEFAULT NULL,
  PRIMARY KEY (`id`),
  UNIQUE KEY `translations_table_name_column_name_foreign_key_locale_unique` (`table_name`,`column_name`,`foreign_key`,`locale`)
) ENGINE=InnoDB AUTO_INCREMENT=193 DEFAULT CHARSET=utf8mb4 COLLATE=utf8mb4_unicode_ci;

-- Дамп данных таблицы transport.translations: ~189 rows (приблизительно)
/*!40000 ALTER TABLE `translations` DISABLE KEYS */;
INSERT INTO `translations` (`id`, `table_name`, `column_name`, `foreign_key`, `locale`, `value`, `created_at`, `updated_at`) VALUES
	(1, 'data_types', 'display_name_singular', 5, 'pt', 'Post', '2019-12-30 18:50:08', '2019-12-30 18:50:08'),
	(2, 'data_types', 'display_name_singular', 6, 'pt', 'Página', '2019-12-30 18:50:08', '2019-12-30 18:50:08'),
	(3, 'data_types', 'display_name_singular', 1, 'pt', 'Utilizador', '2019-12-30 18:50:08', '2019-12-30 18:50:08'),
	(4, 'data_types', 'display_name_singular', 4, 'pt', 'Categoria', '2019-12-30 18:50:08', '2019-12-30 18:50:08'),
	(5, 'data_types', 'display_name_singular', 2, 'pt', 'Menu', '2019-12-30 18:50:08', '2019-12-30 18:50:08'),
	(6, 'data_types', 'display_name_singular', 3, 'pt', 'Função', '2019-12-30 18:50:08', '2019-12-30 18:50:08'),
	(7, 'data_types', 'display_name_plural', 5, 'pt', 'Posts', '2019-12-30 18:50:08', '2019-12-30 18:50:08'),
	(8, 'data_types', 'display_name_plural', 6, 'pt', 'Páginas', '2019-12-30 18:50:08', '2019-12-30 18:50:08'),
	(9, 'data_types', 'display_name_plural', 1, 'pt', 'Utilizadores', '2019-12-30 18:50:08', '2019-12-30 18:50:08'),
	(10, 'data_types', 'display_name_plural', 4, 'pt', 'Categorias', '2019-12-30 18:50:08', '2019-12-30 18:50:08'),
	(11, 'data_types', 'display_name_plural', 2, 'pt', 'Menus', '2019-12-30 18:50:08', '2019-12-30 18:50:08'),
	(12, 'data_types', 'display_name_plural', 3, 'pt', 'Funções', '2019-12-30 18:50:08', '2019-12-30 18:50:08'),
	(13, 'categories', 'slug', 1, 'pt', 'categoria-1', '2019-12-30 18:50:08', '2019-12-30 18:50:08'),
	(14, 'categories', 'name', 1, 'pt', 'Categoria 1', '2019-12-30 18:50:08', '2019-12-30 18:50:08'),
	(15, 'categories', 'slug', 2, 'pt', 'categoria-2', '2019-12-30 18:50:08', '2019-12-30 18:50:08'),
	(16, 'categories', 'name', 2, 'pt', 'Categoria 2', '2019-12-30 18:50:08', '2019-12-30 18:50:08'),
	(17, 'pages', 'title', 1, 'pt', 'Olá Mundo', '2019-12-30 18:50:08', '2019-12-30 18:50:08'),
	(18, 'pages', 'slug', 1, 'pt', 'ola-mundo', '2019-12-30 18:50:08', '2019-12-30 18:50:08'),
	(19, 'pages', 'body', 1, 'pt', '<p>Olá Mundo. Scallywag grog swab Cat o\'nine tails scuttle rigging hardtack cable nipper Yellow Jack. Handsomely spirits knave lad killick landlubber or just lubber deadlights chantey pinnace crack Jennys tea cup. Provost long clothes black spot Yellow Jack bilged on her anchor league lateen sail case shot lee tackle.</p>\r\n<p>Ballast spirits fluke topmast me quarterdeck schooner landlubber or just lubber gabion belaying pin. Pinnace stern galleon starboard warp carouser to go on account dance the hempen jig jolly boat measured fer yer chains. Man-of-war fire in the hole nipperkin handsomely doubloon barkadeer Brethren of the Coast gibbet driver squiffy.</p>', '2019-12-30 18:50:08', '2019-12-30 18:50:08'),
	(20, 'menu_items', 'title', 1, 'pt', 'Painel de Controle', '2019-12-30 18:50:08', '2019-12-30 18:50:08'),
	(21, 'menu_items', 'title', 2, 'pt', 'Media', '2019-12-30 18:50:08', '2019-12-30 18:50:08'),
	(22, 'menu_items', 'title', 12, 'pt', 'Publicações', '2019-12-30 18:50:08', '2019-12-30 18:50:08'),
	(23, 'menu_items', 'title', 3, 'pt', 'Utilizadores', '2019-12-30 18:50:08', '2019-12-30 18:50:08'),
	(24, 'menu_items', 'title', 11, 'pt', 'Categorias', '2019-12-30 18:50:08', '2019-12-30 18:50:08'),
	(25, 'menu_items', 'title', 13, 'pt', 'Páginas', '2019-12-30 18:50:08', '2019-12-30 18:50:08'),
	(26, 'menu_items', 'title', 4, 'pt', 'Funções', '2019-12-30 18:50:08', '2019-12-30 18:50:08'),
	(27, 'menu_items', 'title', 5, 'pt', 'Ferramentas', '2019-12-30 18:50:08', '2019-12-30 18:50:08'),
	(28, 'menu_items', 'title', 6, 'pt', 'Menus', '2019-12-30 18:50:08', '2019-12-30 18:50:08'),
	(29, 'menu_items', 'title', 7, 'pt', 'Base de dados', '2019-12-30 18:50:08', '2019-12-30 18:50:08'),
	(30, 'menu_items', 'title', 10, 'pt', 'Configurações', '2019-12-30 18:50:08', '2019-12-30 18:50:08'),
	(31, 'data_rows', 'display_name', 44, 'ru', 'ID', '2020-01-02 12:40:28', '2020-01-02 12:40:28'),
	(32, 'data_rows', 'display_name', 45, 'ru', 'Author', '2020-01-02 12:40:28', '2020-01-02 12:40:28'),
	(33, 'data_rows', 'display_name', 46, 'ru', 'Title', '2020-01-02 12:40:28', '2020-01-02 12:40:28'),
	(34, 'data_rows', 'display_name', 47, 'ru', 'Excerpt', '2020-01-02 12:40:28', '2020-01-02 12:40:28'),
	(35, 'data_rows', 'display_name', 48, 'ru', 'Body', '2020-01-02 12:40:28', '2020-01-02 12:40:28'),
	(36, 'data_rows', 'display_name', 55, 'ru', 'Page Image', '2020-01-02 12:40:28', '2020-01-02 12:40:28'),
	(37, 'data_rows', 'display_name', 49, 'ru', 'Slug', '2020-01-02 12:40:28', '2020-01-02 12:40:28'),
	(38, 'data_rows', 'display_name', 50, 'ru', 'Meta Description', '2020-01-02 12:40:28', '2020-01-02 12:40:28'),
	(39, 'data_rows', 'display_name', 51, 'ru', 'Meta Keywords', '2020-01-02 12:40:28', '2020-01-02 12:40:28'),
	(40, 'data_rows', 'display_name', 52, 'ru', 'Status', '2020-01-02 12:40:28', '2020-01-02 12:40:28'),
	(41, 'data_rows', 'display_name', 53, 'ru', 'Created At', '2020-01-02 12:40:28', '2020-01-02 12:40:28'),
	(42, 'data_rows', 'display_name', 54, 'ru', 'Updated At', '2020-01-02 12:40:28', '2020-01-02 12:40:28'),
	(43, 'data_types', 'display_name_singular', 6, 'ru', 'Page', '2020-01-02 12:40:29', '2020-01-02 12:40:29'),
	(44, 'data_types', 'display_name_plural', 6, 'ru', 'Pages', '2020-01-02 12:40:29', '2020-01-02 12:40:29'),
	(45, 'pages', 'title', 2, 'ru', 'Главная страница', '2020-01-02 12:43:55', '2020-01-02 12:43:55'),
	(46, 'pages', 'slug', 2, 'ru', '/', '2020-01-02 12:43:55', '2020-01-10 10:58:57'),
	(47, 'pages', 'meta_title', 2, 'ru', 'Главная страница', '2020-01-02 12:43:55', '2020-01-02 12:43:55'),
	(48, 'pages', 'meta_description', 2, 'ru', 'Главная страница', '2020-01-02 12:43:55', '2020-01-02 12:43:55'),
	(49, 'pages', 'meta_keywords', 2, 'ru', 'Главная страница', '2020-01-02 12:43:55', '2020-01-02 12:43:55'),
	(50, 'menu_items', 'title', 21, 'ru', 'Главная страница', '2020-01-02 13:50:01', '2020-01-02 13:50:01'),
	(51, 'menu_items', 'title', 22, 'ru', 'О нас', '2020-01-02 13:50:53', '2020-01-02 13:50:53'),
	(52, 'menu_items', 'title', 23, 'ru', 'Контакты', '2020-01-02 13:51:34', '2020-01-02 13:51:34'),
	(53, 'menu_items', 'title', 24, 'ru', 'Тарифы', '2020-01-02 14:43:03', '2020-01-02 14:43:03'),
	(54, 'data_rows', 'display_name', 64, 'ru', 'Id', '2020-01-03 15:41:28', '2020-01-03 15:41:28'),
	(55, 'data_rows', 'display_name', 65, 'ru', 'Title', '2020-01-03 15:41:28', '2020-01-03 15:41:28'),
	(56, 'data_rows', 'display_name', 66, 'ru', 'Excerpt', '2020-01-03 15:41:28', '2020-01-03 15:41:28'),
	(57, 'data_rows', 'display_name', 67, 'ru', 'Slug', '2020-01-03 15:41:28', '2020-01-03 15:41:28'),
	(58, 'data_rows', 'display_name', 68, 'ru', 'Text Button', '2020-01-03 15:41:28', '2020-01-03 15:41:28'),
	(59, 'data_rows', 'display_name', 69, 'ru', 'Order', '2020-01-03 15:41:28', '2020-01-03 15:41:28'),
	(60, 'data_rows', 'display_name', 70, 'ru', 'Status', '2020-01-03 15:41:28', '2020-01-03 15:41:28'),
	(61, 'data_rows', 'display_name', 71, 'ru', 'Photo', '2020-01-03 15:41:28', '2020-01-03 15:41:28'),
	(62, 'data_rows', 'display_name', 72, 'ru', 'Breadcrumbs Photo', '2020-01-03 15:41:28', '2020-01-03 15:41:28'),
	(63, 'data_rows', 'display_name', 73, 'ru', 'Created At', '2020-01-03 15:41:28', '2020-01-03 15:41:28'),
	(64, 'data_rows', 'display_name', 74, 'ru', 'Updated At', '2020-01-03 15:41:28', '2020-01-03 15:41:28'),
	(65, 'data_types', 'display_name_singular', 8, 'ru', 'Slider', '2020-01-03 15:41:28', '2020-01-03 15:41:28'),
	(66, 'data_types', 'display_name_plural', 8, 'ru', 'Sliders', '2020-01-03 15:41:28', '2020-01-03 15:41:28'),
	(67, 'sliders', 'title', 1, 'ru', 'Large enough to handle, small enough to care', '2020-01-03 15:41:45', '2020-01-03 15:41:45'),
	(68, 'sliders', 'text_button', 1, 'ru', 'Mai multe', '2020-01-03 15:41:45', '2020-01-03 15:41:45'),
	(69, 'data_rows', 'display_name', 91, 'ru', 'Id', '2020-01-03 17:00:11', '2020-01-03 17:00:11'),
	(70, 'data_rows', 'display_name', 92, 'ru', 'Title', '2020-01-03 17:00:11', '2020-01-03 17:00:11'),
	(71, 'data_rows', 'display_name', 93, 'ru', 'Excerpt', '2020-01-03 17:00:11', '2020-01-03 17:00:11'),
	(72, 'data_rows', 'display_name', 94, 'ru', 'Photo', '2020-01-03 17:00:11', '2020-01-03 17:00:11'),
	(73, 'data_rows', 'display_name', 95, 'ru', 'Status', '2020-01-03 17:00:11', '2020-01-03 17:00:11'),
	(74, 'data_rows', 'display_name', 96, 'ru', 'Order', '2020-01-03 17:00:11', '2020-01-03 17:00:11'),
	(75, 'data_rows', 'display_name', 101, 'ru', 'Meta Title', '2020-01-03 17:00:11', '2020-01-03 17:00:11'),
	(76, 'data_rows', 'display_name', 102, 'ru', 'Meta Description', '2020-01-03 17:00:11', '2020-01-03 17:00:11'),
	(77, 'data_rows', 'display_name', 97, 'ru', 'Created At', '2020-01-03 17:00:11', '2020-01-03 17:00:11'),
	(78, 'data_rows', 'display_name', 98, 'ru', 'Updated At', '2020-01-03 17:00:11', '2020-01-03 17:00:11'),
	(79, 'data_types', 'display_name_singular', 11, 'ru', 'Service', '2020-01-03 17:00:11', '2020-01-03 17:00:11'),
	(80, 'data_types', 'display_name_plural', 11, 'ru', 'Services', '2020-01-03 17:00:11', '2020-01-03 17:00:11'),
	(81, 'services', 'title', 1, 'ru', 'Mutari apartamente', '2020-01-03 21:21:13', '2020-01-03 21:21:13'),
	(82, 'services', 'excerpt', 1, 'ru', 'Ocean Freight plays perhaps the most vital role in most transportation and supply chain', '2020-01-03 21:23:08', '2020-01-03 21:23:08'),
	(83, 'menu_items', 'title', 25, 'ru', 'Cars', '2020-01-03 21:48:26', '2020-01-03 21:48:26'),
	(84, 'data_rows', 'display_name', 104, 'ru', 'Id', '2020-01-03 22:46:31', '2020-01-03 22:46:31'),
	(85, 'data_rows', 'display_name', 105, 'ru', 'Title', '2020-01-03 22:46:31', '2020-01-03 22:46:31'),
	(86, 'data_rows', 'display_name', 106, 'ru', 'Price', '2020-01-03 22:46:31', '2020-01-03 22:46:31'),
	(87, 'data_rows', 'display_name', 107, 'ru', 'Price Hour', '2020-01-03 22:46:31', '2020-01-03 22:46:31'),
	(88, 'data_rows', 'display_name', 108, 'ru', 'Min Hour', '2020-01-03 22:46:31', '2020-01-03 22:46:31'),
	(89, 'data_rows', 'display_name', 109, 'ru', 'Min Km', '2020-01-03 22:46:31', '2020-01-03 22:46:31'),
	(90, 'data_rows', 'display_name', 110, 'ru', 'Dimensions', '2020-01-03 22:46:31', '2020-01-03 22:46:31'),
	(91, 'data_rows', 'display_name', 111, 'ru', 'Size', '2020-01-03 22:46:31', '2020-01-03 22:46:31'),
	(92, 'data_rows', 'display_name', 112, 'ru', 'Max Kg', '2020-01-03 22:46:31', '2020-01-03 22:46:31'),
	(93, 'data_rows', 'display_name', 113, 'ru', 'Photo', '2020-01-03 22:46:31', '2020-01-03 22:46:31'),
	(94, 'data_rows', 'display_name', 114, 'ru', 'Status', '2020-01-03 22:46:31', '2020-01-03 22:46:31'),
	(95, 'data_rows', 'display_name', 115, 'ru', 'Order', '2020-01-03 22:46:31', '2020-01-03 22:46:31'),
	(96, 'data_rows', 'display_name', 116, 'ru', 'Created At', '2020-01-03 22:46:31', '2020-01-03 22:46:31'),
	(97, 'data_rows', 'display_name', 117, 'ru', 'Updated At', '2020-01-03 22:46:31', '2020-01-03 22:46:31'),
	(98, 'data_types', 'display_name_singular', 12, 'ru', 'Car', '2020-01-03 22:46:31', '2020-01-03 22:46:31'),
	(99, 'data_types', 'display_name_plural', 12, 'ru', 'Cars', '2020-01-03 22:46:31', '2020-01-03 22:46:31'),
	(100, 'data_rows', 'display_name', 126, 'ru', 'Incarcarea', '2020-01-03 22:46:57', '2020-01-03 22:46:57'),
	(101, 'cars', 'title', 1, 'ru', 'Extra', '2020-01-03 22:47:19', '2020-01-03 22:47:19'),
	(102, 'pages', 'title', 3, 'ru', 'Тарифы', '2020-01-03 23:19:05', '2020-01-03 23:19:05'),
	(103, 'pages', 'slug', 3, 'ru', 'tarify', '2020-01-03 23:19:05', '2020-01-03 23:19:05'),
	(104, 'pages', 'meta_title', 3, 'ru', 'Тарифы', '2020-01-03 23:19:05', '2020-01-03 23:19:05'),
	(105, 'pages', 'title', 4, 'ru', 'О нас', '2020-01-03 23:53:19', '2020-01-03 23:53:19'),
	(106, 'pages', 'slug', 4, 'ru', 'about', '2020-01-03 23:53:19', '2020-01-03 23:53:19'),
	(107, 'pages', 'body', 4, 'ru', '<p>Whether you require distribution or fulfillment, defined freight forwarding, or a complete supply chain solution, GL can provide you with a customized solution tailored to your needs.</p>\n<p>Whether you require distribution or fulfillment, defined freight forwarding, or a complete supply chain solution, GL can provide you with a customized solution tailored to your needs.</p>', '2020-01-03 23:53:19', '2020-01-03 23:53:19'),
	(108, 'pages', 'meta_title', 4, 'ru', 'О нас', '2020-01-03 23:53:19', '2020-01-03 23:53:19'),
	(109, 'pages', 'meta_description', 3, 'ru', 'Tarife', '2020-01-06 08:20:59', '2020-01-06 08:20:59'),
	(110, 'pages', 'title', 5, 'ru', 'Контакты', '2020-01-06 08:29:35', '2020-01-06 08:29:35'),
	(111, 'pages', 'slug', 5, 'ru', 'kontakty', '2020-01-06 08:29:35', '2020-01-06 08:29:35'),
	(112, 'pages', 'meta_title', 5, 'ru', 'Контакты', '2020-01-06 08:29:35', '2020-01-06 08:29:35'),
	(113, 'category_services', 'name', 2, 'ru', 'Bussines', '2020-01-06 08:43:30', '2020-01-06 08:43:30'),
	(114, 'category_services', 'name', 1, 'ru', 'Personal', '2020-01-06 08:43:38', '2020-01-06 08:43:38'),
	(115, 'data_rows', 'display_name', 118, 'ru', 'Id', '2020-01-06 08:46:40', '2020-01-06 08:46:40'),
	(116, 'data_rows', 'display_name', 119, 'ru', 'Name', '2020-01-06 08:46:40', '2020-01-06 08:46:40'),
	(117, 'data_rows', 'display_name', 120, 'ru', 'Status', '2020-01-06 08:46:40', '2020-01-06 08:46:40'),
	(118, 'data_rows', 'display_name', 121, 'ru', 'Order', '2020-01-06 08:46:40', '2020-01-06 08:46:40'),
	(119, 'data_rows', 'display_name', 122, 'ru', 'Created At', '2020-01-06 08:46:40', '2020-01-06 08:46:40'),
	(120, 'data_rows', 'display_name', 123, 'ru', 'Updated At', '2020-01-06 08:46:40', '2020-01-06 08:46:40'),
	(121, 'data_types', 'display_name_singular', 13, 'ru', 'Category Service', '2020-01-06 08:46:40', '2020-01-06 08:46:40'),
	(122, 'data_types', 'display_name_plural', 13, 'ru', 'Category Services', '2020-01-06 08:46:40', '2020-01-06 08:46:40'),
	(123, 'cars', 'title', 2, 'ru', 'Mini', '2020-01-06 11:33:46', '2020-01-06 11:33:46'),
	(124, 'pages', 'body', 3, 'ru', '<table>\n<tbody>\n<tr>\n<th>Направления/Цена</th>\n<th>Botanica</th>\n<th>Buiucani</th>\n<th>Centru</th>\n<th>Ciocana</th>\n<th>Codru</th>\n<th>Durlesti</th>\n<th>Petricani</th>\n<th>Posta Veche</th>\n<th>Riscani</th>\n<th>Sculeanca</th>\n<th>Telecentru</th>\n</tr>\n<tr>\n<th>Botanica</th>\n<td>130 лей</td>\n<td>150 лей</td>\n<td>140 лей</td>\n<td>150 лей</td>\n<td>160 лей</td>\n<td>180 лей</td>\n<td>160 лей</td>\n<td>150 лей</td>\n<td>150 лей</td>\n<td>150 лей</td>\n<td>140 лей</td>\n</tr>\n<tr>\n<th>Buiucani</th>\n<td>150 лей</td>\n<td>130 лей</td>\n<td>140 лей</td>\n<td>150 лей</td>\n<td>160 лей</td>\n<td>180 лей</td>\n<td>160 лей</td>\n<td>150 лей</td>\n<td>150 лей</td>\n<td>150 лей</td>\n<td>140 лей</td>\n</tr>\n<tr>\n<th>Botanica</th>\n<td>130 лей</td>\n<td>150 лей</td>\n<td>140 лей</td>\n<td>150 лей</td>\n<td>160 лей</td>\n<td>180 лей</td>\n<td>160 лей</td>\n<td>150 лей</td>\n<td>150 лей</td>\n<td>150 лей</td>\n<td>140 лей</td>\n</tr>\n<tr>\n<th>Botanica</th>\n<td>130 лей</td>\n<td>150 лей</td>\n<td>140 лей</td>\n<td>150 лей</td>\n<td>160 лей</td>\n<td>180 лей</td>\n<td>160 лей</td>\n<td>150 лей</td>\n<td>150 лей</td>\n<td>150 лей</td>\n<td>140 лей</td>\n</tr>\n<tr>\n<th>Botanica</th>\n<td>130 лей</td>\n<td>150 лей</td>\n<td>140 лей</td>\n<td>150 лей</td>\n<td>160 лей</td>\n<td>180 лей</td>\n<td>160 лей</td>\n<td>150 лей</td>\n<td>150 лей</td>\n<td>150 лей</td>\n<td>140 лей</td>\n</tr>\n</tbody>\n</table>', '2020-01-06 15:37:00', '2020-01-09 17:24:39'),
	(125, 'pages', 'title', 6, 'ru', 'Сервисы', '2020-01-06 16:05:06', '2020-01-06 16:05:06'),
	(126, 'pages', 'slug', 6, 'ru', 'services', '2020-01-06 16:05:06', '2020-01-06 16:05:06'),
	(127, 'pages', 'meta_title', 6, 'ru', 'Сервисы', '2020-01-06 16:05:06', '2020-01-06 16:05:06'),
	(128, 'menu_items', 'title', 27, 'ru', 'Сервисы', '2020-01-06 16:08:44', '2020-01-06 16:08:44'),
	(129, 'category_services', 'slug', 1, 'ru', 'personal', '2020-01-06 16:37:59', '2020-01-06 16:37:59'),
	(130, 'category_services', 'slug', 2, 'ru', 'bussiness', '2020-01-06 16:38:10', '2020-01-06 16:38:10'),
	(131, 'pages', 'title', 7, 'ru', 'Подать заявку', '2020-01-07 10:17:11', '2020-01-07 11:04:11'),
	(132, 'pages', 'slug', 7, 'ru', 'application', '2020-01-07 10:17:11', '2020-01-07 10:17:37'),
	(133, 'pages', 'meta_title', 7, 'ru', 'Подать заявку', '2020-01-07 10:17:11', '2020-01-07 11:04:11'),
	(134, 'menu_items', 'title', 28, 'ru', 'Подать заявку', '2020-01-07 10:20:01', '2020-01-07 10:20:01'),
	(135, 'data_rows', 'display_name', 129, 'ru', 'Id', '2020-01-07 12:50:46', '2020-01-07 12:50:46'),
	(136, 'data_rows', 'display_name', 130, 'ru', 'Name', '2020-01-07 12:50:46', '2020-01-07 12:50:46'),
	(137, 'data_rows', 'display_name', 131, 'ru', 'Category Service', '2020-01-07 12:50:46', '2020-01-07 12:50:46'),
	(138, 'data_rows', 'display_name', 132, 'ru', 'Count Car', '2020-01-07 12:50:46', '2020-01-07 12:50:46'),
	(139, 'data_rows', 'display_name', 133, 'ru', 'Phone', '2020-01-07 12:50:46', '2020-01-07 12:50:46'),
	(140, 'data_rows', 'display_name', 134, 'ru', 'Email', '2020-01-07 12:50:46', '2020-01-07 12:50:46'),
	(141, 'data_rows', 'display_name', 135, 'ru', 'Message', '2020-01-07 12:50:46', '2020-01-07 12:50:46'),
	(142, 'data_rows', 'display_name', 136, 'ru', 'Status', '2020-01-07 12:50:46', '2020-01-07 12:50:46'),
	(143, 'data_rows', 'display_name', 137, 'ru', 'Created At', '2020-01-07 12:50:46', '2020-01-07 12:50:46'),
	(144, 'data_rows', 'display_name', 138, 'ru', 'Updated At', '2020-01-07 12:50:46', '2020-01-07 12:50:46'),
	(145, 'data_rows', 'display_name', 139, 'ru', 'category_services', '2020-01-07 12:50:46', '2020-01-07 12:50:46'),
	(146, 'data_types', 'display_name_singular', 14, 'ru', 'Application', '2020-01-07 12:50:46', '2020-01-07 12:50:46'),
	(147, 'data_types', 'display_name_plural', 14, 'ru', 'Applications', '2020-01-07 12:50:46', '2020-01-07 12:50:46'),
	(148, 'menu_items', 'title', 29, 'ru', 'Applications', '2020-01-07 12:52:39', '2020-01-07 12:52:39'),
	(149, 'data_rows', 'display_name', 140, 'ru', 'Address', '2020-01-07 14:47:07', '2020-01-07 14:47:07'),
	(150, 'menu_items', 'title', 30, 'ru', 'Главная страница', '2020-01-07 16:00:04', '2020-01-07 16:00:04'),
	(151, 'menu_items', 'title', 31, 'ru', 'О нас', '2020-01-07 16:05:48', '2020-01-07 16:05:48'),
	(152, 'menu_items', 'title', 32, 'ru', 'Сервисы', '2020-01-07 16:06:26', '2020-01-07 16:06:26'),
	(153, 'menu_items', 'title', 33, 'ru', 'Тарифы', '2020-01-07 16:07:05', '2020-01-07 16:07:05'),
	(154, 'menu_items', 'title', 34, 'ru', 'Подать заявку', '2020-01-07 16:07:38', '2020-01-07 16:07:38'),
	(155, 'menu_items', 'title', 35, 'ru', 'Контакты', '2020-01-07 16:08:08', '2020-01-07 16:08:08'),
	(156, 'benefits', 'title', 1, 'ru', 'Ocean Freight', '2020-01-08 15:31:47', '2020-01-08 15:31:47'),
	(157, 'benefits', 'excerpt', 1, 'ru', 'Ocean Freight plays perhaps the most vital role in most transportation and supply chain', '2020-01-08 15:31:47', '2020-01-08 15:31:47'),
	(158, 'benefits', 'meta_title', 1, 'ru', 'Ocean Freight', '2020-01-08 15:31:47', '2020-01-08 15:31:47'),
	(159, 'benefits', 'meta_description', 1, 'ru', 'Ocean Freight plays perhaps the most vital role in most transportation and supply chain', '2020-01-08 15:31:47', '2020-01-08 15:31:47'),
	(160, 'services', 'title', 2, 'ru', 'Servicii incarcare', '2020-01-08 15:37:39', '2020-01-08 15:37:39'),
	(161, 'services', 'excerpt', 2, 'ru', 'Ocean Freight plays perhaps the most vital role in most transportation and supply chain', '2020-01-08 15:37:39', '2020-01-08 15:37:39'),
	(162, 'services', 'meta_title', 2, 'ru', 'Servicii incarcare', '2020-01-08 15:37:39', '2020-01-08 15:37:39'),
	(163, 'services', 'meta_description', 2, 'ru', 'Ocean Freight plays perhaps the most vital role in most transportation and supply chain', '2020-01-08 15:37:39', '2020-01-08 15:37:39'),
	(164, 'pages', 'excerpt', 3, 'ru', 'Lorem ipsum dolor sit amet consectetur adipisicing elit. Earum sunt molestiae alias. Suscipit aut ea voluptatum ipsa laboriosam odit, repellat veniam facere perferendis, corrupti sequi quo officiis delectus reiciendis adipisci. Lorem ipsum dolor sit amet consectetur adipisicing elit. Earum sunt molestiae alias. Suscipit aut ea voluptatum ipsa laboriosam odit, repellat veniam facere perferendis, corrupti sequi quo officiis delectus reiciendis adipisci.\nLorem ipsum dolor sit amet consectetur adipisicing elit. Earum sunt molestiae alias. Suscipit aut ea voluptatum ipsa laboriosam odit, repellat veniam facere perferendis, corrupti sequi quo officiis delectus reiciendis adipisci.\nLorem ipsum dolor sit amet consectetur adipisicing elit. Earum sunt molestiae alias. Suscipit aut ea voluptatum ipsa laboriosam odit, repellat veniam facere perferendis, corrupti sequi quo officiis delectus reiciendis adipisci.\nLorem ipsum dolor sit amet consectetur adipisicing elit. Earum sunt molestiae alias. Suscipit aut ea voluptatum ipsa laboriosam odit, repellat veniam facere perferendis, corrupti sequi quo officiis delectus reiciendis adipisci.', '2020-01-09 17:24:39', '2020-01-09 17:24:39'),
	(165, 'benefits', 'title', 2, 'ru', 'Ocean Freight', '2020-01-20 23:40:47', '2020-01-20 23:40:47'),
	(166, 'benefits', 'excerpt', 2, 'ru', 'Ocean Freight plays perhaps the most vital role in most transportation and supply chain', '2020-01-20 23:40:47', '2020-01-20 23:40:47'),
	(167, 'benefits', 'meta_title', 2, 'ru', 'Ocean Freight', '2020-01-20 23:40:47', '2020-01-20 23:40:47'),
	(168, 'benefits', 'meta_description', 2, 'ru', 'Ocean Freight plays perhaps the most vital role in most transportation and supply chain', '2020-01-20 23:40:47', '2020-01-20 23:40:47'),
	(169, 'benefits', 'title', 3, 'ru', 'Ocean Freight', '2020-01-20 23:41:26', '2020-01-20 23:41:26'),
	(170, 'benefits', 'excerpt', 3, 'ru', 'Ocean Freight plays perhaps the most vital role in most transportation and supply chain', '2020-01-20 23:41:26', '2020-01-20 23:41:26'),
	(171, 'benefits', 'meta_title', 3, 'ru', 'Ocean Freight', '2020-01-20 23:41:26', '2020-01-20 23:41:26'),
	(172, 'benefits', 'meta_description', 3, 'ru', 'Ocean Freight plays perhaps the most vital role in most transportation and supply chain', '2020-01-20 23:41:26', '2020-01-20 23:41:26'),
	(173, 'benefits', 'title', 4, 'ru', 'Ocean Freight', '2020-01-20 23:50:30', '2020-01-20 23:50:30'),
	(174, 'benefits', 'excerpt', 4, 'ru', 'Ocean Freight plays perhaps the most vital role in most transportation and supply chain', '2020-01-20 23:50:30', '2020-01-20 23:50:30'),
	(175, 'benefits', 'meta_title', 4, 'ru', 'Ocean Freight', '2020-01-20 23:50:30', '2020-01-20 23:50:30'),
	(176, 'benefits', 'meta_description', 4, 'ru', 'Ocean Freight plays perhaps the most vital role in most transportation and supply chain', '2020-01-20 23:50:30', '2020-01-20 23:50:30'),
	(177, 'services', 'excerpt', 3, 'ru', 'Ocean Freight plays perhaps the most vital role in most transportation and supply chain', '2020-01-23 19:06:54', '2020-01-23 19:06:54'),
	(178, 'services', 'excerpt', 4, 'ru', 'Ocean Freight plays perhaps the most vital role in most transportation and supply chain', '2020-01-23 19:07:55', '2020-01-23 19:07:55'),
	(179, 'services', 'excerpt', 5, 'ru', 'Ocean Freight plays perhaps the most vital role in most transportation and supply chain', '2020-01-23 19:09:03', '2020-01-23 19:09:03'),
	(180, 'services', 'title', 4, 'ru', 'Transportarea mobile', '2020-01-23 19:09:25', '2020-01-23 19:09:25'),
	(181, 'services', 'excerpt', 6, 'ru', 'Ocean Freight plays perhaps the most vital role in most transportation and supply chain', '2020-01-23 19:11:34', '2020-01-23 19:11:34'),
	(182, 'services', 'meta_title', 6, 'ru', 'Servicii incarcare', '2020-01-23 19:11:34', '2020-01-23 19:11:34'),
	(183, 'services', 'meta_description', 6, 'ru', 'Ocean Freight plays perhaps the most vital role in most transportation and supply chain', '2020-01-23 19:11:34', '2020-01-23 19:11:34'),
	(184, 'services', 'excerpt', 8, 'ru', 'Ocean Freight plays perhaps the most vital role in most transportation and supply chain', '2020-01-23 19:12:28', '2020-01-23 19:12:28'),
	(185, 'services', 'meta_title', 8, 'ru', 'Servicii incarcare', '2020-01-23 19:12:28', '2020-01-23 19:12:28'),
	(186, 'services', 'meta_description', 8, 'ru', 'Ocean Freight plays perhaps the most vital role in most transportation and supply chain', '2020-01-23 19:12:28', '2020-01-23 19:12:28'),
	(187, 'services', 'excerpt', 7, 'ru', 'Ocean Freight plays perhaps the most vital role in most transportation and supply chain', '2020-01-23 19:13:12', '2020-01-23 19:13:12'),
	(188, 'services', 'meta_title', 7, 'ru', 'Servicii incarcare', '2020-01-23 19:13:12', '2020-01-23 19:13:12'),
	(189, 'services', 'meta_description', 7, 'ru', 'Ocean Freight plays perhaps the most vital role in most transportation and supply chain', '2020-01-23 19:13:12', '2020-01-23 19:13:12'),
	(190, 'data_rows', 'display_name', 128, 'ru', 'Slug', '2020-01-28 10:14:10', '2020-01-28 10:14:10'),
	(191, 'data_rows', 'display_name', 141, 'ru', 'Body', '2020-01-28 10:15:05', '2020-01-28 10:15:05'),
	(192, 'category_services', 'body', 1, 'ru', '<p>Transportation Team s-a impus rapid pe piață, din dorința de a asigura clienților noștri calitate și promptitudine &icirc;n furnizarea de soluții logistice complete, cum ar fi transportarea obiectelor personale și cele de business. Am investit &icirc;n angajați calificați și procese manageriale care oferă clienților noștri soluții eficiente și comode de transportare pentru a vă satisfice la cel mai &icirc;nalt nivel nevoile Dvs.</p>', '2020-01-28 10:26:45', '2020-01-28 10:26:45');
/*!40000 ALTER TABLE `translations` ENABLE KEYS */;

-- Дамп структуры для таблица transport.users
CREATE TABLE IF NOT EXISTS `users` (
  `id` bigint(20) unsigned NOT NULL AUTO_INCREMENT,
  `role_id` bigint(20) unsigned DEFAULT NULL,
  `name` varchar(255) COLLATE utf8mb4_unicode_ci NOT NULL,
  `email` varchar(255) COLLATE utf8mb4_unicode_ci NOT NULL,
  `avatar` varchar(255) COLLATE utf8mb4_unicode_ci DEFAULT 'users/default.png',
  `email_verified_at` timestamp NULL DEFAULT NULL,
  `password` varchar(255) COLLATE utf8mb4_unicode_ci NOT NULL,
  `remember_token` varchar(100) COLLATE utf8mb4_unicode_ci DEFAULT NULL,
  `settings` text COLLATE utf8mb4_unicode_ci,
  `created_at` timestamp NULL DEFAULT NULL,
  `updated_at` timestamp NULL DEFAULT NULL,
  PRIMARY KEY (`id`),
  UNIQUE KEY `users_email_unique` (`email`),
  KEY `users_role_id_foreign` (`role_id`),
  CONSTRAINT `users_role_id_foreign` FOREIGN KEY (`role_id`) REFERENCES `roles` (`id`)
) ENGINE=InnoDB AUTO_INCREMENT=2 DEFAULT CHARSET=utf8mb4 COLLATE=utf8mb4_unicode_ci;

-- Дамп данных таблицы transport.users: ~0 rows (приблизительно)
/*!40000 ALTER TABLE `users` DISABLE KEYS */;
INSERT INTO `users` (`id`, `role_id`, `name`, `email`, `avatar`, `email_verified_at`, `password`, `remember_token`, `settings`, `created_at`, `updated_at`) VALUES
	(1, 1, 'Admin', 'admin@admin.com', 'users/default.png', NULL, '$2y$10$lVGFM2nh8ZjwulFYJeQneeLanoaeELa/hp4eGpV5CFrPZp5ZiFgHq', 'JXDgMn9m2T04GraII1QHcl0IjkwVYqhLx3nIFBJLVYNArx4M4akyvEuGqtna', '{"locale":"ru"}', '2019-12-30 18:50:07', '2020-01-02 12:35:03');
/*!40000 ALTER TABLE `users` ENABLE KEYS */;

-- Дамп структуры для таблица transport.user_roles
CREATE TABLE IF NOT EXISTS `user_roles` (
  `user_id` bigint(20) unsigned NOT NULL,
  `role_id` bigint(20) unsigned NOT NULL,
  PRIMARY KEY (`user_id`,`role_id`),
  KEY `user_roles_user_id_index` (`user_id`),
  KEY `user_roles_role_id_index` (`role_id`),
  CONSTRAINT `user_roles_role_id_foreign` FOREIGN KEY (`role_id`) REFERENCES `roles` (`id`) ON DELETE CASCADE,
  CONSTRAINT `user_roles_user_id_foreign` FOREIGN KEY (`user_id`) REFERENCES `users` (`id`) ON DELETE CASCADE
) ENGINE=InnoDB DEFAULT CHARSET=utf8mb4 COLLATE=utf8mb4_unicode_ci;

-- Дамп данных таблицы transport.user_roles: ~0 rows (приблизительно)
/*!40000 ALTER TABLE `user_roles` DISABLE KEYS */;
/*!40000 ALTER TABLE `user_roles` ENABLE KEYS */;

/*!40101 SET SQL_MODE=IFNULL(@OLD_SQL_MODE, '') */;
/*!40014 SET FOREIGN_KEY_CHECKS=IF(@OLD_FOREIGN_KEY_CHECKS IS NULL, 1, @OLD_FOREIGN_KEY_CHECKS) */;
/*!40101 SET CHARACTER_SET_CLIENT=@OLD_CHARACTER_SET_CLIENT */;
