-- phpMyAdmin SQL Dump
-- version 4.1.14
-- http://www.phpmyadmin.net
--
-- Host: 127.0.0.1
-- Generation Time: Dec 10, 2015 at 12:42 PM
-- Server version: 5.6.17
-- PHP Version: 5.5.12

SET SQL_MODE = "NO_AUTO_VALUE_ON_ZERO";
SET time_zone = "+00:00";


/*!40101 SET @OLD_CHARACTER_SET_CLIENT=@@CHARACTER_SET_CLIENT */;
/*!40101 SET @OLD_CHARACTER_SET_RESULTS=@@CHARACTER_SET_RESULTS */;
/*!40101 SET @OLD_COLLATION_CONNECTION=@@COLLATION_CONNECTION */;
/*!40101 SET NAMES utf8 */;

--
-- Database: `informe_db`
--

-- --------------------------------------------------------

--
-- Table structure for table `admins`
--

CREATE TABLE IF NOT EXISTS `admins` (
  `id` int(11) NOT NULL AUTO_INCREMENT,
  `username` varchar(50) NOT NULL,
  `hashed_password` varchar(60) NOT NULL,
  PRIMARY KEY (`id`),
  UNIQUE KEY `username` (`username`)
) ENGINE=InnoDB  DEFAULT CHARSET=latin1 AUTO_INCREMENT=6 ;

--
-- Dumping data for table `admins`
--

INSERT INTO `admins` (`id`, `username`, `hashed_password`) VALUES
(1, 'admin@mymail.eku.edu', '$2y$10$OTk1NWRjNGMzYmY1MTZlNesR7TSDm4nHNh7VXj/.sbW7XZDyMBWla'),
(2, 'admin1@mymail.eku.edu', '$2y$10$ZWFlZTBkM2I2YTgyOWI2O.9Z.v02btjBaQADF4uYVGD6ttZ/GbETC'),
(3, 'admin2@mymail.eku.edu', '$2y$10$OWZmNjU1MGU3MTQ0NmUxNOURxZ8Mefo7vDvV/iQc3Jsrl2JrvB0rO'),
(5, 'myemaol@mymail.eku.edu', '$2y$10$NzU4NTUwMTFjYTI4NTg0YOB3zin/Tr/2QIz9XUA0gd1DP2vAdCtRu');

-- --------------------------------------------------------

--
-- Table structure for table `course_schedules`
--

CREATE TABLE IF NOT EXISTS `course_schedules` (
  `crn` int(10) NOT NULL COMMENT 'CRN is primary key',
  `course_subject` varchar(3) NOT NULL COMMENT 'subject will be intials (ex: CSC, NET)',
  `course_number` int(5) NOT NULL,
  `course_name` varchar(255) NOT NULL,
  `days_met` varchar(15) DEFAULT NULL COMMENT 'Format: M/W/F, T/R, ect.',
  `times_met` varchar(25) DEFAULT NULL COMMENT 'Format: 8:00am - 9:50am, 12:20pm - 1:10pm, 2:00pm - 3:15pm, etc.',
  PRIMARY KEY (`crn`),
  UNIQUE KEY `course_name` (`course_name`)
) ENGINE=InnoDB DEFAULT CHARSET=latin1;

--
-- Dumping data for table `course_schedules`
--

INSERT INTO `course_schedules` (`crn`, `course_subject`, `course_number`, `course_name`, `days_met`, `times_met`) VALUES
(123456789, 'sub', 1, 'This is a test Course Name', 'M/W/F', '8:00am - 8:55am'),
(1212121212, 'sub', 2, 'This is another test Course Name', 'T/R', '2:00pm - 3:15pm');

-- --------------------------------------------------------

--
-- Table structure for table `informe_admins`
--

CREATE TABLE IF NOT EXISTS `informe_admins` (
  `id` int(11) NOT NULL AUTO_INCREMENT,
  `username` varchar(50) NOT NULL,
  `hashed_password` varchar(60) NOT NULL,
  PRIMARY KEY (`id`),
  UNIQUE KEY `username` (`username`)
) ENGINE=InnoDB  DEFAULT CHARSET=latin1 AUTO_INCREMENT=6 ;

--
-- Dumping data for table `informe_admins`
--

INSERT INTO `informe_admins` (`id`, `username`, `hashed_password`) VALUES
(1, 'admin@mymail.eku.edu', '$2y$10$OTk1NWRjNGMzYmY1MTZlNesR7TSDm4nHNh7VXj/.sbW7XZDyMBWla'),
(2, 'admin1@mymail.eku.edu', '$2y$10$ZWFlZTBkM2I2YTgyOWI2O.9Z.v02btjBaQADF4uYVGD6ttZ/GbETC'),
(3, 'admin2@mymail.eku.edu', '$2y$10$OWZmNjU1MGU3MTQ0NmUxNOURxZ8Mefo7vDvV/iQc3Jsrl2JrvB0rO'),
(5, 'myemaol@mymail.eku.edu', '$2y$10$NzU4NTUwMTFjYTI4NTg0YOB3zin/Tr/2QIz9XUA0gd1DP2vAdCtRu');

-- --------------------------------------------------------

--
-- Table structure for table `informe_course_schedules`
--

CREATE TABLE IF NOT EXISTS `informe_course_schedules` (
  `crn` int(10) NOT NULL COMMENT 'CRN is primary key',
  `course_subject` varchar(3) NOT NULL COMMENT 'subject will be intials (ex: CSC, NET)',
  `course_number` int(5) NOT NULL,
  `course_name` varchar(255) NOT NULL,
  `days_met` varchar(15) DEFAULT NULL COMMENT 'Format: M/W/F, T/R, ect.',
  `times_met` varchar(25) DEFAULT NULL COMMENT 'Format: 8:00am - 9:50am, 12:20pm - 1:10pm, 2:00pm - 3:15pm, etc.',
  PRIMARY KEY (`crn`),
  UNIQUE KEY `course_name` (`course_name`)
) ENGINE=InnoDB DEFAULT CHARSET=latin1;

--
-- Dumping data for table `informe_course_schedules`
--

INSERT INTO `informe_course_schedules` (`crn`, `course_subject`, `course_number`, `course_name`, `days_met`, `times_met`) VALUES
(123456789, 'sub', 1, 'This is a test Course Name', 'M/W/F', '8:00am - 8:55am'),
(1212121212, 'sub', 2, 'This is another test Course Name', 'T/R', '2:00pm - 3:15pm');

-- --------------------------------------------------------

--
-- Table structure for table `informe_pages`
--

CREATE TABLE IF NOT EXISTS `informe_pages` (
  `id` int(11) NOT NULL AUTO_INCREMENT,
  `subject_id` int(11) NOT NULL,
  `menu_name` varchar(255) NOT NULL,
  `position` int(3) NOT NULL,
  `visible` tinyint(1) NOT NULL,
  `content` longblob,
  PRIMARY KEY (`id`),
  KEY `subject_id` (`subject_id`)
) ENGINE=InnoDB  DEFAULT CHARSET=latin1 AUTO_INCREMENT=21 ;

--
-- Dumping data for table `informe_pages`
--

INSERT INTO `informe_pages` (`id`, `subject_id`, `menu_name`, `position`, `visible`, `content`) VALUES
(1, 1, 'Our Mission', 1, 1, 0x546865206d697373696f6e206f6620746865204465706172746d656e74206f6620436f6d707574657220536369656e636520697320746f2070726f7669646520756e646572677261647561746520616e640d0a677261647561746520656475636174696f6e20746861742077696c6c20707265706172652073747564656e747320746f206265636f6d652074686f7567687466756c2c2070726f647563746976650d0a6d656d62657273206f662074686520636f6d707574696e672070726f66657373696f6e20616e6420636f6d6d756e6974792e0d0a0d0a546865206d697373696f6e206f66207468652042616368656c6f72206f6620536369656e636520696e20436f6d707574657220536369656e63652070726f6772616d20697320746f2070726f766964650d0a73747564656e7473207769746820616e20656475636174696f6e20746861742077696c6c2070726570617265207468656d20746f20646576656c6f7020612063617265657220696e207468650d0a6669656c6473206f6620636f6d707574657220736369656e6365206f7220636f6d707574657220666f72656e736963732e0d0a0d0a546865206d697373696f6e206f6620746865204d617374657273206f6620536369656e636520696e204170706c69656420436f6d707574696e672070726f6772616d20697320746f2070726f766964650d0a73747564656e7473207769746820612070726f66657373696f6e616c20656475636174696f6e20746861742077696c6c2070726570617265207468656d20746f20646576656c6f702061206361726565720d0a696e20616476616e63656420636f6d707574696e67206669656c64732e20202020202020202020202020202020202020202020202020202020202020202020202020),
(2, 1, 'Our Goals', 2, 1, 0x546865206465706172746d656e742077696c6c2070726f766964652068696768207175616c69747920756e646572677261647561746520616e6420677261647561746520656475636174696f6e20696e0d0a636f6d707574657220736369656e636520627920656e68616e63696e67207465616368696e67206566666563746976656e6573732c20726566696e696e6720637572726963756c756d20746f206b6565700d0a7468652070726f6772616d2063757272656e742077697468207468652072617069646c79206368616e67696e6720636f6d707574657220746563686e6f6c6f677920616e642070726f766964696e670d0a65717569706d656e742f666163696c697469657320666f722073747564656e747320746f2061636365737320616e64206761696e2070726163746963616c20657870657269656e63652e0d0a0d0a546865206465706172746d656e742077696c6c2070726f76696465206566666563746976652061636164656d6963206164766973696e6720746f2070726f6d6f74652073747564656e740d0a6c6561726e696e6720616e6420646576656c6f706d656e74206f7574636f6d657320616e6420616368696576656d656e74206f6620656475636174696f6e616c20676f616c732e0d0a0d0a54686520666163756c74792077696c6c2072656d61696e2063757272656e7420696e20746865206469736369706c696e65207468726f7567682070726f66657373696f6e616c0d0a646576656c6f706d656e7420616e64207363686f6c61726c7920616374697669747920616e6420696e637265617365206f70706f7274756e697469657320666f7220616e64206e756d626572206f660d0a636f6c6c61626f72617469766520666163756c74792f73747564656e742072657365617263682070726f6a656374732e0d0a0d0a546865206465706172746d656e742077696c6c2073657276652074686520556e69766572736974792c2074686520436f6d6d6f6e7765616c7468206f66204b656e7475636b7920616e64207468650d0a6e6174696f6e207468726f75676820746865207072616374696365206f662070726f66657373696f6e616c206163746976697469657320616e64207365727669636520696e207468650d0a636f6d707574696e67206669656c642e2020202020202020),
(3, 2, 'Computer Science General Option', 1, 1, 0x4275696c6473206120736f6c696420666f756e646174696f6e20696e2070726f6772616d6d696e67206c616e67756167657320616e6420636f6d70757465722073797374656d732e20546869730d0a6f7074696f6e20616c736f2070726f766964657320796f75207769746820657870657269656e636520616e6420646576656c6f707320736b696c6c7320696e2073797374656d20616e616c797369732c0d0a64657369676e2c20646f63756d656e746174696f6e20616e6420696d706c656d656e746174696f6e2e),
(4, 2, 'Computer Technology Option', 2, 1, 0x507265706172657320796f7520666f72206e6574776f726b2063657274696669636174696f6e206578616d696e6174696f6e7320616e64207175616c696669636174696f6e20666f720d0a70726f6772616d6d696e6720616e6420696e647573747269616c20636f6e74726f6c2073797374656d732c206d6963726f20636f6e74726f6c6c65727320616e64206d6963726f0d0a70726f63657373696e672c204c414e202620504320636f6d6d756e69636174696f6e7320616e64206e6574776f726b2073656375726974792e2020202020202020),
(5, 3, 'Possible Careers for Gen Option', 1, 1, 0x20202020202020202020202050726f6772616d6d696e672c204d756c7469766973696f6e2c20496e632e20466169726661782c2056410d0a5765622064657369676e2c20536f667477617265204d6173746572732c20496e632e2c20526963686d6f6e642c204b590d0a50726f6772616d6d696e672c20537572616e2053797374656d732c205665727361696c6c65732c204b590d0a50726f6772616d6d696e672c2043656e74726520436f6c6c6567652c2044616e76696c6c652c204b590d0a50726f6772616d6d696e672c204c6f636b68656564204d617274696e2c204c6578696e67746f6e2c204b590d0a50726f6772616d6d696e672c20437573746f6d20446174612050726f63657373696e672c204672616e6b666f72742c204b5920202020202020202020202020202020),
(6, 3, 'Possible Careers for Computer Tech Option', 2, 1, 0x496e6672617374727563747572652c204173686c616e6420496e632e2c204c6578696e67746f6e2c204b590d0a496e6672617374727563747572652c204c656769736c617469766520526573656172636820436f6d6d697373696f6e2c204672616e6b666f72742c204b590d0a496e6672617374727563747572652c20476c6f62616c20496e666f726d6174696f6e2053797374656d732c204c6578696e67746f6e2c204b59200d0a496e6672617374727563747572652c2043656e7472416c6572742c204c6578696e67746f6e2c204b59200d0a496e6672617374727563747572652c20436f6c6473747265616d204c61626f7261746f726965732c204c6578696e67746f6e2c204b5920),
(7, 2, 'Interactive Multimedia Option', 3, 1, 0x446576656c6f70732065787065727469736520696e2067616d652064657369676e2c20332d44206d6f64656c696e6720616e6420616e696d6174696f6e2c2067726170686963730d0a70726f6772616d6d696e672c20616e64206d756c74696d656469612073797374656d732e),
(8, 2, 'Bioinformatics Option', 4, 1, 0x537570706f727473206170706c69636174696f6e7320696e2067656e65746963732c2062696f6368656d69737472792c206d6f6c6563756c617220616e642063656c6c2062696f6c6f67792c0d0a737461746973746963616c20616e616c79736973206f66206578706572696d656e74616c20646174612e20507265706172657320796f7520666f7220656e74727920696e746f206d616e790d0a67726164756174652070726f6772616d732e),
(9, 2, 'Forensics and Security Option', 5, 1, 0x436f6e63656e747261746573207374756469657320696e207468652067726f77696e672061726561206f6620636f6d70757465722073797374656d2061646d696e697374726174696f6e2c0d0a64617461626173652073656375726974792c206e6574776f726b2073656375726974792c20636f6d707574657220666f72656e736963732c20696e666f726d6174696f6e206173737572616e63652c0d0a616e642072656c6174656420736563757269747920746563686e69717565732e2020202020),
(10, 2, 'Statistical Computing Option', 6, 1, 0x436f6d62696e65732073746174697374696373207769746820636f6d707574657220736369656e6365207769746820616e20656d706861736973206f6e2064617461206d696e696e672e0d0a507265706172657320796f7520746f20646576656c6f7020736f66747761726520736f6c7574696f6e7320616e6420696e7465727072657420737461746973746963616c20616e616c79736973206f660d0a6f62736572766174696f6e616c20616e64206578706572696d656e74616c20646174612e),
(11, 4, 'General Four Year Plan', 1, 1, 0x20202020202020202020202020202020202020202020202020202020202020202020202046726573686d616e20596561723a0d0a46616c6c2053656d65737465723a2041534f203130302c20435343203138352c20435343203139302c204d415420323334206f72204d415420323334482c2047656e2e2045642e2031410d0a537072696e672053656d65737465723a20435343203139312c20435343203139352c204d415420323434206f72204d415420323434482c2047656e2e2045642e2031422c2047656e2e2045642e2031430d0a0d0a536f70686f6d6f726520596561723a0d0a46616c6c2053656d65737465723a20435343203331302c204d4154203233392c20435343203331332c2047656e2045642033412c2047656e2e2045642e20340d0a537072696e672053656d65737465723a20435343203332302c20435343203334302c20454554203235322c2047656e2e45642e2033420d0a0d0a4a756e696f7220596561723a0d0a46616c6c2053656d65737465723a20435343203434302c2043534320333039206f7220435343203330392c20535441203237302c2047656e2e2045642e20342c2047656e2e2045642e2035410d0a537072696e672053656d65737465723a20435343203336302c2043534320456c6563746976652c20506879736963616c20536369656e636520456c6563746976652c2047656e2e2045642e2035422e2c204672656520456c6563746976650d0a0d0a53656e696f7220596561723a0d0a46616c6c2053656d65737465723a20435343203430302c20435343203439342c203439352c203439362c206f7220494e46203139352c2043534320456c6563746976652c2047656e2e2045642e20362c2057656c6c6e6573732c204672656520456c6563746976650d0a537072696e672053656d65737465723a435343203436302c20435343203534352c2047656e2e2045642e20362c204672656520456c656374697665202020202020202020202020202020202020202020202020),
(12, 4, 'Computer Technology Four Year Plan', 2, 1, 0x46726573686d616e20596561723a0d0a46616c6c2053656d65737465723a2041534f203130302c20435343203138352c20435343203139302c20454554203235322c2047656e2e2045642e2031412c2047656e2e2045642e2031430d0a537072696e672053656d65737465723a20435343203139312c20435343203139352c204d415420323334206f72204d415420323334482c204e4554203330322c2047656e2e2045642e2031420d0a0d0a536f70686f6d6f726520596561723a0d0a46616c6c2053656d65737465723a20435343203331302c204e4554203330332c20435343203331332c2047656e2e2045642e2033412c2047656e2e2045642e20340d0a537072696e672053656d65737465723a20435343203334302c204e4554203334332c2043534320456c6563746976652c2047656e2e2045642e2033422c2047656e2e2045642e20340d0a0d0a4a756e696f7220596561723a0d0a46616c6c2053656d65737465723a2043534320333038206f7220435343203330392c204e4554203335342c2047656e2e2045642e2035412c2057656c6c6e6573732c204672656520456c6563746976650d0a537072696e672053656d65737465723a20435343203336302c20435343203534352c204e4554203334342c2047656e2e2045642e2035422c204672656520456c6563746976650d0a0d0a53656e696f7220596561723a0d0a46616c6c2053656d65737465723a20435343203334392c20435343203439342c203439352c203439362c206f7220494e46203439352c204e4554203435342c20435343203434302c2047656e2e2045642e20362c204672656520456c6563746976650d0a537072696e672053656d65737465723a20435343203436302c204e4554203430332c2047656e2e2045642e20362c204672656520456c6563746976652c204672656520456c6563746976652020202020202020),
(13, 4, 'Interactive Multimedia Four Year Plan', 3, 1, 0x46726573686d616e20596561723a0d0a46616c6c2053656d65737465723a2041534f203130302c20435343203138352c20435343203139302c20454554203235322c204d415420323334206f7220323334482c2047656e2e2045642e2031410d0a537072696e672053656d65737465723a20435343203134302c20435343203139312c20435343203139352c204d4154203233392c2047656e2e2045642e2031420d0a0d0a536f70686f6d6f726520596561723a0d0a46616c6c2053656d65737465723a20435343203331332c20435343203331302c204d415420323434206f7220323434482c20504859203230310d0a537072696e672053656d65737465723a20435343203334302c2043534320456c6563746976652c20415254203230302c20535441203237302c2047656e2e2045642e2033420d0a0d0a4a756e696f7220596561723a0d0a46616c6c2053656d65737465723a20435343203331352c2043534320333038206f72203330392c2053657175656e636520456c65637469766520312c2047656e2e2045642e2035412c204d5553203239300d0a537072696e672053656d65737465723a20435343203331362c2043534320353230206f72203535352c2053657175656e636520456c65637469766520322c2047656e2e2045642e20342c2057656c6c6e6573730d0a0d0a53656e696f7220596561723a0d0a46616c6c2053656d65737465723a20435343203535302c20434f4d203230302c20415254203130302c2054454320313930206f72203331332c20435343203439342c203439352c203439362c206f7220494e46203439352c2047656e2e2045642e20360d0a537072696e672053656d65737465723a20435343203439312c2041524820333930206f72203339312c2047656e2e2045642e2031432c2047656e2e2045642e20362c204672656520456c656374697665),
(14, 4, 'Bioinformatics 4 Year Plan', 4, 1, 0x46726573686d616e20596561723a0d0a46616c6c2053656d65737465723a2041534f203130302c20435343203139302c20435343203139352c2042494f203131206f72203131322c20434845203131312c20434845203131314c0d0a537072696e672053656d65737465723a20435343203139312c20435343203139352c2042494f203331352c20434845203131322c20434845203131324c2c2047656e2e2045642e2031410d0a0d0a536f70686f6d6f726520596561723a0d0a46616c6c2053656d65737465723a20435343203331302c20435343203331332c2042494f203333312c20434845203336312c20434845203336314c2c2047656e2e2045642e2031420d0a537072696e672053656d65737465723a20435343203334302c20434845203336322c20434845203336324c2c2047656e2e2045642e2031432c2047656e2e2045642e2033420d0a0d0a4a756e696f7220596561723a0d0a46616c6c2053656d65737465723a20535441203237302c2042494f203531312c20353331206f7220353331532c2047656e2e2045642e2033412c2047656e2e2045642e2035412c2057656c6c6e6573730d0a537072696e672053656d65737465723a2043534320436f6e63656e74726174696f6e20456c6563746976652c204d415420323334206f7220323334482c20535441203332302c2047656e2e2045642e2035422c204672656520456c6563746976650d0a0d0a53656e696f7220596561723a0d0a46616c6c2053656d65737465723a20526573747269637469766520456c6563746976652c2043534320333038206f7220435343203330392c20435343203439342c203439352c203439362c206f7220494e46203439352c204d4154203536352c2047656e2e2045642e20360d0a537072696e672053656d65737465723a2043534320436f6e63656e74726174696f6e20456c6563746976652c2042494f203533332c2042494f203539382c2043484520343331206f7220434845203433302c20434845203433322c2047656e2e2045642e2036),
(15, 4, 'Forensics Security Four Year Plan', 5, 1, 0x46726573686d616e20596561723a0d0a46616c6c2053656d65737465723a2041534f203130302c20435343203138352c20435343203139302c20535441203237302c2047656e2e2045642e2031412c2047656e2e2045642e2031430d0a537072696e672053656d65737465723a20435343203139312c20435343203139352c204d415420323334206f7220323334482c204e4554203330332c2047656e2045642e2031420d0a0d0a536f70686f6d6f726520596561723a0d0a46616c6c2053656d65737465723a20435343203331302c20435343203331332c204e4554203335342c2047656e2e2045642e2033412c2047656e2e2045642e20340d0a537072696e672053656d65737465723a20435343203333322c20435343203334302c204e4554203435342c20464f52203330312c2047656e2e2045642e2033420d0a0d0a4a756e696f7220596561723a0d0a46616c6c2053656d65737465723a20435343203430302c20494e46203331382c2043534320333038206f72203330392c20494e46203332312c20464f52203430310d0a537072696e672053656d65737465723a20435343203336302c20435343203532302c20494e46203332322c2047656e2e2045642e20342c2047656e2e2045642e2035420d0a0d0a53656e696f7220596561723a0d0a46616c6c2053656d65737465723a20435343203534322c20435343203534372c204f7074696f6e20537570706f7274696e6720436f7572736520526573747269637469766520456c6563746976652c2047656e2e2045642e2035412c2047656e2e2045642e20360d0a537072696e672053656d65737465723a20435343203439352c203439362c206f7220494e46203439352c20435343203534382c20435343203534392c2057656c6c6e6573732c2047656e2e2045642036),
(16, 4, 'Statistical Computing Four Year Plan', 6, 1, 0x46726573686d616e20596561723a0d0a46616c6c2053656d65737465723a2041534f203130302c20435343203138352c20435343203139302c20535441203237302c204d415420323334206f7220323334480d0a537072696e672053656d65737465723a20435343203139312c20435343203139352c204d415420323434206f7220323434482c20535441203332302c2047656e2e2045642e2031410d0a0d0a536f70686f6d6f726520596561723a0d0a46616c6c2053656d65737465723a20435343203331302c20435343203331332c20535441203337352c2047656e2e2045642e2031422c2047656e2e2045642e2033410d0a537072696e672053656d65737465723a20435343203332302c20435343203334302c20435343203338302c2047656e2e2045642e2031410d0a0d0a4a756e696f7220596561723a0d0a46616c6c2053656d65737465723a2043534320333038206f72203330392c20535441203537352c2057656c6c6e6573732c2047656e2e2045642e20342c2047656e2e2045642e2035410d0a537072696e672053656d65737465723a20435343203534352c20535441203538302c2047656e2e2045642e20342c2047656e2e2045642e2035422c204672656520456c6563746976650d0a0d0a53656e696f7220596561723a0d0a46616c6c2053656d65737465723a20435343203534342c20435343203439342c203439352c203439362c206f7220494e46203439352c20537570706f7274696e6720436f757273652053657175656e63652c2047656e2e2045642e20362c204672656520456c6563746976652c204672656520456c656374697665200d0a537072696e672053656d65737465723a20535441203538352c20537570706f7274696e6720436f757273652053657175656e63652c2047656e2e2045642e20362c204672656520456c6563746976652c204672656520456c656374697665),
(17, 5, 'Event 1', 1, 1, 0x5468697320776f756c6420626520636f6e74656e7420666f72204576656e742031),
(18, 5, 'Event 2', 2, 1, 0x7468697320776f756c6420626520636f6e74656e7420666f72204576656e742032),
(19, 3, 'Possible Careers for Interactive Option Option', 1, 1, 0x50726f6772616d6d696e672c2057656e64656c6c2057696c736f6e20436f6e73756c74696e672c20526963686d6f6e642c204b590d0a50726f6772616d6d696e672c20454b5520416c756d6e692052656c6174696f6e732c20526963686d6f6e642c204b59),
(20, 3, 'Possible Careers for Forensics and Security Option', 4, 1, 0x536563757269747920616e6420666f72656e736963732c20454b552049542073656375726974792c20526963686d6f6e642c204b590d0a536563757269747920616e6420666f72656e736963732c2048617272697320436f72706f726174696f6e2c20687474703a2f2f6861727269732e636f6d2f0d0a50726f6772616d6d696e672c20454f53204343412c2068747470733a2f2f7777772e656f732d7573612e636f6d2f486f6d652e617370780d0a50726f6772616d6d696e672c204c6f636b68656564204d617274696e2c204c6578696e67746f6e2c204b59);

-- --------------------------------------------------------

--
-- Table structure for table `informe_subjects`
--

CREATE TABLE IF NOT EXISTS `informe_subjects` (
  `id` int(11) NOT NULL AUTO_INCREMENT,
  `menu_name` varchar(255) NOT NULL,
  `position` int(3) NOT NULL,
  `visible` tinyint(1) NOT NULL,
  PRIMARY KEY (`id`)
) ENGINE=InnoDB  DEFAULT CHARSET=latin1 AUTO_INCREMENT=6 ;

--
-- Dumping data for table `informe_subjects`
--

INSERT INTO `informe_subjects` (`id`, `menu_name`, `position`, `visible`) VALUES
(1, 'General Information', 1, 1),
(2, 'Degree Programs', 2, 1),
(3, 'Careers in Computer Science', 3, 1),
(4, 'Four Year Plan', 4, 1),
(5, 'CSC News and Events', 5, 1);

-- --------------------------------------------------------

--
-- Table structure for table `pages`
--

CREATE TABLE IF NOT EXISTS `pages` (
  `id` int(11) NOT NULL AUTO_INCREMENT,
  `subject_id` int(11) NOT NULL,
  `menu_name` varchar(255) NOT NULL,
  `position` int(3) NOT NULL,
  `visible` tinyint(1) NOT NULL,
  `content` longblob,
  PRIMARY KEY (`id`),
  KEY `subject_id` (`subject_id`)
) ENGINE=InnoDB  DEFAULT CHARSET=latin1 AUTO_INCREMENT=21 ;

--
-- Dumping data for table `pages`
--

INSERT INTO `pages` (`id`, `subject_id`, `menu_name`, `position`, `visible`, `content`) VALUES
(1, 1, 'Our Mission', 1, 1, 0x546865206d697373696f6e206f6620746865204465706172746d656e74206f6620436f6d707574657220536369656e636520697320746f2070726f7669646520756e646572677261647561746520616e640d0a677261647561746520656475636174696f6e20746861742077696c6c20707265706172652073747564656e747320746f206265636f6d652074686f7567687466756c2c2070726f647563746976650d0a6d656d62657273206f662074686520636f6d707574696e672070726f66657373696f6e20616e6420636f6d6d756e6974792e0d0a0d0a546865206d697373696f6e206f66207468652042616368656c6f72206f6620536369656e636520696e20436f6d707574657220536369656e63652070726f6772616d20697320746f2070726f766964650d0a73747564656e7473207769746820616e20656475636174696f6e20746861742077696c6c2070726570617265207468656d20746f20646576656c6f7020612063617265657220696e207468650d0a6669656c6473206f6620636f6d707574657220736369656e6365206f7220636f6d707574657220666f72656e736963732e0d0a0d0a546865206d697373696f6e206f6620746865204d617374657273206f6620536369656e636520696e204170706c69656420436f6d707574696e672070726f6772616d20697320746f2070726f766964650d0a73747564656e7473207769746820612070726f66657373696f6e616c20656475636174696f6e20746861742077696c6c2070726570617265207468656d20746f20646576656c6f702061206361726565720d0a696e20616476616e63656420636f6d707574696e67206669656c64732e20202020202020202020202020202020202020202020202020202020202020202020202020),
(2, 1, 'Our Goals', 2, 1, 0x546865206465706172746d656e742077696c6c2070726f766964652068696768207175616c69747920756e646572677261647561746520616e6420677261647561746520656475636174696f6e20696e0d0a636f6d707574657220736369656e636520627920656e68616e63696e67207465616368696e67206566666563746976656e6573732c20726566696e696e6720637572726963756c756d20746f206b6565700d0a7468652070726f6772616d2063757272656e742077697468207468652072617069646c79206368616e67696e6720636f6d707574657220746563686e6f6c6f677920616e642070726f766964696e670d0a65717569706d656e742f666163696c697469657320666f722073747564656e747320746f2061636365737320616e64206761696e2070726163746963616c20657870657269656e63652e0d0a0d0a546865206465706172746d656e742077696c6c2070726f76696465206566666563746976652061636164656d6963206164766973696e6720746f2070726f6d6f74652073747564656e740d0a6c6561726e696e6720616e6420646576656c6f706d656e74206f7574636f6d657320616e6420616368696576656d656e74206f6620656475636174696f6e616c20676f616c732e0d0a0d0a54686520666163756c74792077696c6c2072656d61696e2063757272656e7420696e20746865206469736369706c696e65207468726f7567682070726f66657373696f6e616c0d0a646576656c6f706d656e7420616e64207363686f6c61726c7920616374697669747920616e6420696e637265617365206f70706f7274756e697469657320666f7220616e64206e756d626572206f660d0a636f6c6c61626f72617469766520666163756c74792f73747564656e742072657365617263682070726f6a656374732e0d0a0d0a546865206465706172746d656e742077696c6c2073657276652074686520556e69766572736974792c2074686520436f6d6d6f6e7765616c7468206f66204b656e7475636b7920616e64207468650d0a6e6174696f6e207468726f75676820746865207072616374696365206f662070726f66657373696f6e616c206163746976697469657320616e64207365727669636520696e207468650d0a636f6d707574696e67206669656c642e2020202020202020),
(3, 2, 'Computer Science General Option', 1, 1, 0x4275696c6473206120736f6c696420666f756e646174696f6e20696e2070726f6772616d6d696e67206c616e67756167657320616e6420636f6d70757465722073797374656d732e20546869730d0a6f7074696f6e20616c736f2070726f766964657320796f75207769746820657870657269656e636520616e6420646576656c6f707320736b696c6c7320696e2073797374656d20616e616c797369732c0d0a64657369676e2c20646f63756d656e746174696f6e20616e6420696d706c656d656e746174696f6e2e),
(4, 2, 'Computer Technology Option', 2, 1, 0x507265706172657320796f7520666f72206e6574776f726b2063657274696669636174696f6e206578616d696e6174696f6e7320616e64207175616c696669636174696f6e20666f720d0a70726f6772616d6d696e6720616e6420696e647573747269616c20636f6e74726f6c2073797374656d732c206d6963726f20636f6e74726f6c6c65727320616e64206d6963726f0d0a70726f63657373696e672c204c414e202620504320636f6d6d756e69636174696f6e7320616e64206e6574776f726b2073656375726974792e2020202020202020),
(5, 3, 'Possible Careers for Gen Option', 1, 1, 0x20202020202020202020202050726f6772616d6d696e672c204d756c7469766973696f6e2c20496e632e20466169726661782c2056410d0a5765622064657369676e2c20536f667477617265204d6173746572732c20496e632e2c20526963686d6f6e642c204b590d0a50726f6772616d6d696e672c20537572616e2053797374656d732c205665727361696c6c65732c204b590d0a50726f6772616d6d696e672c2043656e74726520436f6c6c6567652c2044616e76696c6c652c204b590d0a50726f6772616d6d696e672c204c6f636b68656564204d617274696e2c204c6578696e67746f6e2c204b590d0a50726f6772616d6d696e672c20437573746f6d20446174612050726f63657373696e672c204672616e6b666f72742c204b5920202020202020202020202020202020),
(6, 3, 'Possible Careers for Computer Tech Option', 2, 1, 0x496e6672617374727563747572652c204173686c616e6420496e632e2c204c6578696e67746f6e2c204b590d0a496e6672617374727563747572652c204c656769736c617469766520526573656172636820436f6d6d697373696f6e2c204672616e6b666f72742c204b590d0a496e6672617374727563747572652c20476c6f62616c20496e666f726d6174696f6e2053797374656d732c204c6578696e67746f6e2c204b59200d0a496e6672617374727563747572652c2043656e7472416c6572742c204c6578696e67746f6e2c204b59200d0a496e6672617374727563747572652c20436f6c6473747265616d204c61626f7261746f726965732c204c6578696e67746f6e2c204b5920),
(7, 2, 'Interactive Multimedia Option', 3, 1, 0x446576656c6f70732065787065727469736520696e2067616d652064657369676e2c20332d44206d6f64656c696e6720616e6420616e696d6174696f6e2c2067726170686963730d0a70726f6772616d6d696e672c20616e64206d756c74696d656469612073797374656d732e),
(8, 2, 'Bioinformatics Option', 4, 1, 0x537570706f727473206170706c69636174696f6e7320696e2067656e65746963732c2062696f6368656d69737472792c206d6f6c6563756c617220616e642063656c6c2062696f6c6f67792c0d0a737461746973746963616c20616e616c79736973206f66206578706572696d656e74616c20646174612e20507265706172657320796f7520666f7220656e74727920696e746f206d616e790d0a67726164756174652070726f6772616d732e),
(9, 2, 'Forensics and Security Option', 5, 1, 0x436f6e63656e747261746573207374756469657320696e207468652067726f77696e672061726561206f6620636f6d70757465722073797374656d2061646d696e697374726174696f6e2c0d0a64617461626173652073656375726974792c206e6574776f726b2073656375726974792c20636f6d707574657220666f72656e736963732c20696e666f726d6174696f6e206173737572616e63652c0d0a616e642072656c6174656420736563757269747920746563686e69717565732e2020202020),
(10, 2, 'Statistical Computing Option', 6, 1, 0x436f6d62696e65732073746174697374696373207769746820636f6d707574657220736369656e6365207769746820616e20656d706861736973206f6e2064617461206d696e696e672e0d0a507265706172657320796f7520746f20646576656c6f7020736f66747761726520736f6c7574696f6e7320616e6420696e7465727072657420737461746973746963616c20616e616c79736973206f660d0a6f62736572766174696f6e616c20616e64206578706572696d656e74616c20646174612e),
(11, 4, 'General Four Year Plan', 1, 1, 0x20202020202020202020202020202020202020202020202020202020202020202020202046726573686d616e20596561723a0d0a46616c6c2053656d65737465723a2041534f203130302c20435343203138352c20435343203139302c204d415420323334206f72204d415420323334482c2047656e2e2045642e2031410d0a537072696e672053656d65737465723a20435343203139312c20435343203139352c204d415420323434206f72204d415420323434482c2047656e2e2045642e2031422c2047656e2e2045642e2031430d0a0d0a536f70686f6d6f726520596561723a0d0a46616c6c2053656d65737465723a20435343203331302c204d4154203233392c20435343203331332c2047656e2045642033412c2047656e2e2045642e20340d0a537072696e672053656d65737465723a20435343203332302c20435343203334302c20454554203235322c2047656e2e45642e2033420d0a0d0a4a756e696f7220596561723a0d0a46616c6c2053656d65737465723a20435343203434302c2043534320333039206f7220435343203330392c20535441203237302c2047656e2e2045642e20342c2047656e2e2045642e2035410d0a537072696e672053656d65737465723a20435343203336302c2043534320456c6563746976652c20506879736963616c20536369656e636520456c6563746976652c2047656e2e2045642e2035422e2c204672656520456c6563746976650d0a0d0a53656e696f7220596561723a0d0a46616c6c2053656d65737465723a20435343203430302c20435343203439342c203439352c203439362c206f7220494e46203139352c2043534320456c6563746976652c2047656e2e2045642e20362c2057656c6c6e6573732c204672656520456c6563746976650d0a537072696e672053656d65737465723a435343203436302c20435343203534352c2047656e2e2045642e20362c204672656520456c656374697665202020202020202020202020202020202020202020202020),
(12, 4, 'Computer Technology Four Year Plan', 2, 1, 0x46726573686d616e20596561723a0d0a46616c6c2053656d65737465723a2041534f203130302c20435343203138352c20435343203139302c20454554203235322c2047656e2e2045642e2031412c2047656e2e2045642e2031430d0a537072696e672053656d65737465723a20435343203139312c20435343203139352c204d415420323334206f72204d415420323334482c204e4554203330322c2047656e2e2045642e2031420d0a0d0a536f70686f6d6f726520596561723a0d0a46616c6c2053656d65737465723a20435343203331302c204e4554203330332c20435343203331332c2047656e2e2045642e2033412c2047656e2e2045642e20340d0a537072696e672053656d65737465723a20435343203334302c204e4554203334332c2043534320456c6563746976652c2047656e2e2045642e2033422c2047656e2e2045642e20340d0a0d0a4a756e696f7220596561723a0d0a46616c6c2053656d65737465723a2043534320333038206f7220435343203330392c204e4554203335342c2047656e2e2045642e2035412c2057656c6c6e6573732c204672656520456c6563746976650d0a537072696e672053656d65737465723a20435343203336302c20435343203534352c204e4554203334342c2047656e2e2045642e2035422c204672656520456c6563746976650d0a0d0a53656e696f7220596561723a0d0a46616c6c2053656d65737465723a20435343203334392c20435343203439342c203439352c203439362c206f7220494e46203439352c204e4554203435342c20435343203434302c2047656e2e2045642e20362c204672656520456c6563746976650d0a537072696e672053656d65737465723a20435343203436302c204e4554203430332c2047656e2e2045642e20362c204672656520456c6563746976652c204672656520456c6563746976652020202020202020),
(13, 4, 'Interactive Multimedia Four Year Plan', 3, 1, 0x46726573686d616e20596561723a0d0a46616c6c2053656d65737465723a2041534f203130302c20435343203138352c20435343203139302c20454554203235322c204d415420323334206f7220323334482c2047656e2e2045642e2031410d0a537072696e672053656d65737465723a20435343203134302c20435343203139312c20435343203139352c204d4154203233392c2047656e2e2045642e2031420d0a0d0a536f70686f6d6f726520596561723a0d0a46616c6c2053656d65737465723a20435343203331332c20435343203331302c204d415420323434206f7220323434482c20504859203230310d0a537072696e672053656d65737465723a20435343203334302c2043534320456c6563746976652c20415254203230302c20535441203237302c2047656e2e2045642e2033420d0a0d0a4a756e696f7220596561723a0d0a46616c6c2053656d65737465723a20435343203331352c2043534320333038206f72203330392c2053657175656e636520456c65637469766520312c2047656e2e2045642e2035412c204d5553203239300d0a537072696e672053656d65737465723a20435343203331362c2043534320353230206f72203535352c2053657175656e636520456c65637469766520322c2047656e2e2045642e20342c2057656c6c6e6573730d0a0d0a53656e696f7220596561723a0d0a46616c6c2053656d65737465723a20435343203535302c20434f4d203230302c20415254203130302c2054454320313930206f72203331332c20435343203439342c203439352c203439362c206f7220494e46203439352c2047656e2e2045642e20360d0a537072696e672053656d65737465723a20435343203439312c2041524820333930206f72203339312c2047656e2e2045642e2031432c2047656e2e2045642e20362c204672656520456c656374697665),
(14, 4, 'Bioinformatics 4 Year Plan', 4, 1, 0x46726573686d616e20596561723a0d0a46616c6c2053656d65737465723a2041534f203130302c20435343203139302c20435343203139352c2042494f203131206f72203131322c20434845203131312c20434845203131314c0d0a537072696e672053656d65737465723a20435343203139312c20435343203139352c2042494f203331352c20434845203131322c20434845203131324c2c2047656e2e2045642e2031410d0a0d0a536f70686f6d6f726520596561723a0d0a46616c6c2053656d65737465723a20435343203331302c20435343203331332c2042494f203333312c20434845203336312c20434845203336314c2c2047656e2e2045642e2031420d0a537072696e672053656d65737465723a20435343203334302c20434845203336322c20434845203336324c2c2047656e2e2045642e2031432c2047656e2e2045642e2033420d0a0d0a4a756e696f7220596561723a0d0a46616c6c2053656d65737465723a20535441203237302c2042494f203531312c20353331206f7220353331532c2047656e2e2045642e2033412c2047656e2e2045642e2035412c2057656c6c6e6573730d0a537072696e672053656d65737465723a2043534320436f6e63656e74726174696f6e20456c6563746976652c204d415420323334206f7220323334482c20535441203332302c2047656e2e2045642e2035422c204672656520456c6563746976650d0a0d0a53656e696f7220596561723a0d0a46616c6c2053656d65737465723a20526573747269637469766520456c6563746976652c2043534320333038206f7220435343203330392c20435343203439342c203439352c203439362c206f7220494e46203439352c204d4154203536352c2047656e2e2045642e20360d0a537072696e672053656d65737465723a2043534320436f6e63656e74726174696f6e20456c6563746976652c2042494f203533332c2042494f203539382c2043484520343331206f7220434845203433302c20434845203433322c2047656e2e2045642e2036),
(15, 4, 'Forensics Security Four Year Plan', 5, 1, 0x46726573686d616e20596561723a0d0a46616c6c2053656d65737465723a2041534f203130302c20435343203138352c20435343203139302c20535441203237302c2047656e2e2045642e2031412c2047656e2e2045642e2031430d0a537072696e672053656d65737465723a20435343203139312c20435343203139352c204d415420323334206f7220323334482c204e4554203330332c2047656e2045642e2031420d0a0d0a536f70686f6d6f726520596561723a0d0a46616c6c2053656d65737465723a20435343203331302c20435343203331332c204e4554203335342c2047656e2e2045642e2033412c2047656e2e2045642e20340d0a537072696e672053656d65737465723a20435343203333322c20435343203334302c204e4554203435342c20464f52203330312c2047656e2e2045642e2033420d0a0d0a4a756e696f7220596561723a0d0a46616c6c2053656d65737465723a20435343203430302c20494e46203331382c2043534320333038206f72203330392c20494e46203332312c20464f52203430310d0a537072696e672053656d65737465723a20435343203336302c20435343203532302c20494e46203332322c2047656e2e2045642e20342c2047656e2e2045642e2035420d0a0d0a53656e696f7220596561723a0d0a46616c6c2053656d65737465723a20435343203534322c20435343203534372c204f7074696f6e20537570706f7274696e6720436f7572736520526573747269637469766520456c6563746976652c2047656e2e2045642e2035412c2047656e2e2045642e20360d0a537072696e672053656d65737465723a20435343203439352c203439362c206f7220494e46203439352c20435343203534382c20435343203534392c2057656c6c6e6573732c2047656e2e2045642036),
(16, 4, 'Statistical Computing Four Year Plan', 6, 1, 0x46726573686d616e20596561723a0d0a46616c6c2053656d65737465723a2041534f203130302c20435343203138352c20435343203139302c20535441203237302c204d415420323334206f7220323334480d0a537072696e672053656d65737465723a20435343203139312c20435343203139352c204d415420323434206f7220323434482c20535441203332302c2047656e2e2045642e2031410d0a0d0a536f70686f6d6f726520596561723a0d0a46616c6c2053656d65737465723a20435343203331302c20435343203331332c20535441203337352c2047656e2e2045642e2031422c2047656e2e2045642e2033410d0a537072696e672053656d65737465723a20435343203332302c20435343203334302c20435343203338302c2047656e2e2045642e2031410d0a0d0a4a756e696f7220596561723a0d0a46616c6c2053656d65737465723a2043534320333038206f72203330392c20535441203537352c2057656c6c6e6573732c2047656e2e2045642e20342c2047656e2e2045642e2035410d0a537072696e672053656d65737465723a20435343203534352c20535441203538302c2047656e2e2045642e20342c2047656e2e2045642e2035422c204672656520456c6563746976650d0a0d0a53656e696f7220596561723a0d0a46616c6c2053656d65737465723a20435343203534342c20435343203439342c203439352c203439362c206f7220494e46203439352c20537570706f7274696e6720436f757273652053657175656e63652c2047656e2e2045642e20362c204672656520456c6563746976652c204672656520456c656374697665200d0a537072696e672053656d65737465723a20535441203538352c20537570706f7274696e6720436f757273652053657175656e63652c2047656e2e2045642e20362c204672656520456c6563746976652c204672656520456c656374697665),
(17, 5, 'Event 1', 1, 1, 0x5468697320776f756c6420626520636f6e74656e7420666f72204576656e742031),
(18, 5, 'Event 2', 2, 1, 0x7468697320776f756c6420626520636f6e74656e7420666f72204576656e742032),
(19, 3, 'Possible Careers for Interactive Option Option', 1, 1, 0x50726f6772616d6d696e672c2057656e64656c6c2057696c736f6e20436f6e73756c74696e672c20526963686d6f6e642c204b590d0a50726f6772616d6d696e672c20454b5520416c756d6e692052656c6174696f6e732c20526963686d6f6e642c204b59),
(20, 3, 'Possible Careers for Forensics and Security Option', 4, 1, 0x536563757269747920616e6420666f72656e736963732c20454b552049542073656375726974792c20526963686d6f6e642c204b590d0a536563757269747920616e6420666f72656e736963732c2048617272697320436f72706f726174696f6e2c20687474703a2f2f6861727269732e636f6d2f0d0a50726f6772616d6d696e672c20454f53204343412c2068747470733a2f2f7777772e656f732d7573612e636f6d2f486f6d652e617370780d0a50726f6772616d6d696e672c204c6f636b68656564204d617274696e2c204c6578696e67746f6e2c204b59);

-- --------------------------------------------------------

--
-- Table structure for table `subjects`
--

CREATE TABLE IF NOT EXISTS `subjects` (
  `id` int(11) NOT NULL AUTO_INCREMENT,
  `menu_name` varchar(255) NOT NULL,
  `position` int(3) NOT NULL,
  `visible` tinyint(1) NOT NULL,
  PRIMARY KEY (`id`)
) ENGINE=InnoDB  DEFAULT CHARSET=latin1 AUTO_INCREMENT=6 ;

--
-- Dumping data for table `subjects`
--

INSERT INTO `subjects` (`id`, `menu_name`, `position`, `visible`) VALUES
(1, 'General Information', 1, 1),
(2, 'Degree Programs', 2, 1),
(3, 'Careers in Computer Science', 3, 1),
(4, 'Four Year Plan', 4, 1),
(5, 'CSC News and Events', 5, 1);

/*!40101 SET CHARACTER_SET_CLIENT=@OLD_CHARACTER_SET_CLIENT */;
/*!40101 SET CHARACTER_SET_RESULTS=@OLD_CHARACTER_SET_RESULTS */;
/*!40101 SET COLLATION_CONNECTION=@OLD_COLLATION_CONNECTION */;
