﻿--
-- Script was generated by Devart dbForge Studio for MySQL, Version 8.0.40.0
-- Product home page: http://www.devart.com/dbforge/mysql/studio
-- Script date 10/06/2020 17:59:00
-- Server version: 5.5.5-10.1.40-MariaDB
-- Client version: 4.1
--

-- 
-- Disable foreign keys
-- 
/*!40014 SET @OLD_FOREIGN_KEY_CHECKS=@@FOREIGN_KEY_CHECKS, FOREIGN_KEY_CHECKS=0 */;

-- 
-- Set SQL mode
-- 
/*!40101 SET @OLD_SQL_MODE=@@SQL_MODE, SQL_MODE='NO_AUTO_VALUE_ON_ZERO' */;

-- 
-- Set character set the client will use to send SQL statements to the server
--
SET NAMES 'utf8';

--
-- Set default database
--
USE uniclean;

--
-- Drop table `alojamientos`
--
DROP TABLE IF EXISTS alojamientos;

--
-- Drop table `inquilinos`
--
DROP TABLE IF EXISTS inquilinos;

--
-- Drop table `limpiezas`
--
DROP TABLE IF EXISTS limpiezas;

--
-- Drop table `clientes`
--
DROP TABLE IF EXISTS clientes;

--
-- Drop table `propiedades`
--
DROP TABLE IF EXISTS propiedades;

--
-- Drop table `propietarios`
--
DROP TABLE IF EXISTS propietarios;

--
-- Set default database
--
USE uniclean;

--
-- Create table `propietarios`
--
CREATE TABLE propietarios (
  id_propietario int(11) NOT NULL AUTO_INCREMENT,
  dni varchar(9) NOT NULL,
  tlf varchar(11) NOT NULL,
  e_mail varchar(50) NOT NULL,
  PRIMARY KEY (id_propietario)
)
ENGINE = INNODB,
AUTO_INCREMENT = 1001,
AVG_ROW_LENGTH = 98,
CHARACTER SET latin1,
COLLATE latin1_swedish_ci;

--
-- Create table `propiedades`
--
CREATE TABLE propiedades (
  id_propiedad int(11) NOT NULL AUTO_INCREMENT,
  poblacion varchar(50) NOT NULL,
  dir_completa varchar(50) NOT NULL,
  num_habitaciones int(11) NOT NULL,
  ascensor tinyint(1) NOT NULL,
  id_propietario int(11) NOT NULL,
  PRIMARY KEY (id_propiedad)
)
ENGINE = INNODB,
AUTO_INCREMENT = 1001,
AVG_ROW_LENGTH = 98,
CHARACTER SET latin1,
COLLATE latin1_swedish_ci;

--
-- Create foreign key
--
ALTER TABLE propiedades
ADD CONSTRAINT fk_id_propietario FOREIGN KEY (id_propietario)
REFERENCES propietarios (id_propietario);

--
-- Create table `clientes`
--
CREATE TABLE clientes (
  id_cliente int(11) NOT NULL AUTO_INCREMENT,
  dni varchar(9) NOT NULL,
  tlf varchar(11) NOT NULL,
  f_nac date NOT NULL,
  precio_firmado float(6, 2) NOT NULL,
  id_propiedad int(11) NOT NULL,
  PRIMARY KEY (id_cliente)
)
ENGINE = INNODB,
AUTO_INCREMENT = 1001,
AVG_ROW_LENGTH = 98,
CHARACTER SET latin1,
COLLATE latin1_swedish_ci;

--
-- Create index `uk_prop` on table `clientes`
--
ALTER TABLE clientes
ADD UNIQUE INDEX uk_prop (id_propiedad);

--
-- Create foreign key
--
ALTER TABLE clientes
ADD CONSTRAINT fk_clientes FOREIGN KEY (id_propiedad)
REFERENCES propiedades (id_propiedad);

--
-- Create table `limpiezas`
--
CREATE TABLE limpiezas (
  id_limpieza int(11) NOT NULL AUTO_INCREMENT,
  coste float(5, 2) DEFAULT NULL,
  general tinyint(1) DEFAULT 1,
  fecha date NOT NULL,
  id_cliente int(11) NOT NULL,
  PRIMARY KEY (id_limpieza)
)
ENGINE = INNODB,
AUTO_INCREMENT = 1001,
AVG_ROW_LENGTH = 65,
CHARACTER SET latin1,
COLLATE latin1_swedish_ci;

--
-- Create foreign key
--
ALTER TABLE limpiezas
ADD CONSTRAINT fk_limpian_propiedades FOREIGN KEY (id_cliente)
REFERENCES clientes (id_cliente);

--
-- Create table `inquilinos`
--
CREATE TABLE inquilinos (
  id_inquilino int(11) NOT NULL AUTO_INCREMENT,
  dni varchar(9) NOT NULL,
  tlf varchar(11) NOT NULL,
  f_nac date NOT NULL,
  PRIMARY KEY (id_inquilino)
)
ENGINE = INNODB,
AUTO_INCREMENT = 1001,
AVG_ROW_LENGTH = 81,
CHARACTER SET latin1,
COLLATE latin1_swedish_ci;

--
-- Create table `alojamientos`
--
CREATE TABLE alojamientos (
  id_alojamiento int(11) NOT NULL AUTO_INCREMENT,
  id_cliente int(11) NOT NULL,
  id_inquilino int(11) NOT NULL,
  PRIMARY KEY (id_alojamiento)
)
ENGINE = INNODB,
AUTO_INCREMENT = 1001,
AVG_ROW_LENGTH = 65,
CHARACTER SET latin1,
COLLATE latin1_swedish_ci;

--
-- Create foreign key
--
ALTER TABLE alojamientos
ADD CONSTRAINT fk_cliente FOREIGN KEY (id_cliente)
REFERENCES clientes (id_cliente);

--
-- Create foreign key
--
ALTER TABLE alojamientos
ADD CONSTRAINT fk_inquilino FOREIGN KEY (id_inquilino)
REFERENCES inquilinos (id_inquilino);

-- 
-- Dumping data for table propietarios
--
INSERT INTO propietarios VALUES
(1, '31862300X', '723 241 471', 'GaleL_Elliott@example.com'),
(2, '01355080F', '722 761 108', 'CletusAlford929@nowhere.com'),
(3, '85702352Z', '952 497 165', 'Beatty@nowhere.com'),
(4, '37654030V', '704 796 409', 'mftalix5377@nowhere.com'),
(5, '88522663U', '990 231 212', 'Marjory.Clemons391@example.com'),
(6, '42721684M', '794 982 873', 'AllenHeffner446@example.com'),
(7, '00682601Z', '670 587 240', 'HaskinsA577@example.com'),
(8, '52482089X', '973 133 091', 'Archer@example.com'),
(9, '06673759M', '957 671 709', 'Upton@example.com'),
(10, '59335663H', '610 423 512', 'Britt@example.com'),
(11, '28477258N', '997 808 393', 'Polly.Logan@nowhere.com'),
(12, '35451896Z', '746 923 693', 'Gerald_R.Kinder@nowhere.com'),
(13, '55076078M', '742 752 761', 'RichBuckner86@example.com'),
(14, '98957077K', '703 231 542', 'AntonySotelo@nowhere.com'),
(15, '90379242Q', '968 395 249', 'CyndiVallejo@nowhere.com'),
(16, '90287881Y', '649 703 405', 'Sipes947@example.com'),
(17, '48743719A', '760 774 370', 'Lavender@example.com'),
(18, '25893034D', '923 913 373', 'ScottKaye7@example.com'),
(19, '30223214B', '722 029 457', 'Jewett61@example.com'),
(20, '13437569N', '969 418 570', 'AmadaCutler@example.com'),
(21, '30971507N', '989 139 867', 'Adams8@example.com'),
(22, '00671254U', '779 757 799', 'Carroll.Treadway@nowhere.com'),
(23, '28755416U', '719 435 238', 'SallyAcker@nowhere.com'),
(24, '16675446Q', '730 195 973', 'CedricAdcock@example.com'),
(25, '24151766R', '974 556 355', 'ktrwdldr.dfckx@example.com'),
(26, '82506270X', '611 524 553', 'AckerF78@example.com'),
(27, '43697109E', '988 099 326', 'Leighton95@example.com'),
(28, '07505908J', '911 655 260', 'Blair822@example.com'),
(29, '65670503M', '771 946 256', 'AbbieFite378@nowhere.com'),
(30, '87607396K', '980 917 836', 'Lytle@example.com'),
(31, '71162482G', '969 242 616', 'PaigeAnaya@example.com'),
(32, '34729143T', '676 462 740', 'IolaHorowitz@nowhere.com'),
(33, '97341958W', '914 795 770', 'Her@nowhere.com'),
(34, '49045495Y', '730 552 733', 'Agnes.Osgood9@example.com'),
(35, '25914388N', '724 846 355', 'Corey.Tran@nowhere.com'),
(36, '29844941E', '761 976 709', 'IzolaShoemaker@example.com'),
(37, '34200889X', '607 045 771', 'Borden@nowhere.com'),
(38, '12805361R', '736 815 135', 'BentonWoody@example.com'),
(39, '82967611U', '930 653 139', 'Chester_HKelsey@example.com'),
(40, '53460209C', '960 290 553', 'Reddick@nowhere.com'),
(41, '11380701H', '783 580 328', 'Dionne_Albertson@nowhere.com'),
(42, '51459485L', '972 273 995', 'Agustina_Berrios@example.com'),
(43, '55581191B', '900 434 034', 'Mchugh738@nowhere.com'),
(44, '18936354L', '938 167 553', 'Bunnell@nowhere.com'),
(45, '10334609G', '672 465 743', 'Negrete3@example.com'),
(46, '86350120K', '661 016 292', 'vxvf8@example.com'),
(47, '35726940Y', '704 153 939', 'Bollinger@nowhere.com'),
(48, '61368570V', '768 350 206', 'Biggs192@example.com'),
(49, '24628693O', '619 121 764', 'Asia_Dube@example.com'),
(50, '71867097R', '704 730 821', 'Daley@example.com'),
(51, '94059587S', '603 001 996', 'Townsend843@nowhere.com'),
(52, '84377166C', '989 181 046', 'AdalbertoAbreu@example.com'),
(53, '92869732X', '708 758 905', 'syrery7925@example.com'),
(54, '46094056M', '962 226 446', 'Antwan.Bowles@example.com'),
(55, '74561903U', '919 713 543', 'Alford@example.com'),
(56, '50335463J', '620 437 134', 'RuebenAckerman343@example.com'),
(57, '34607476W', '987 478 351', 'Winter_Clarkson@example.com'),
(58, '90961001X', '956 384 810', 'RodneyColson@example.com'),
(59, '54160224I', '937 831 494', 'MarylouMccool869@nowhere.com'),
(60, '20780657P', '752 119 636', 'JackTillman@nowhere.com'),
(61, '95677984D', '683 790 269', 'AdolphJeffries684@example.com'),
(62, '38599971L', '990 895 554', 'BernieBaird538@nowhere.com'),
(63, '91150850W', '999 946 733', 'Bennie.Dallas@example.com'),
(64, '96332235H', '660 758 662', 'Ali_Martin@example.com'),
(65, '33766203U', '951 092 553', 'ChadManley91@example.com'),
(66, '16190606N', '701 791 174', 'PatienceStrunk@example.com'),
(67, '05604112G', '741 864 995', 'lcqhugvk_npwixh@example.com'),
(68, '56692467O', '957 821 130', 'LenardSuarez@example.com'),
(69, '06567364I', '618 567 896', 'AndradeR@example.com'),
(70, '41156344X', '918 331 601', 'AlvinMcdonald896@nowhere.com'),
(71, '92794196R', '952 620 088', 'Jeanelle_HCato@nowhere.com'),
(72, '83656933G', '921 322 474', 'Tom.Passmore1@example.com'),
(73, '56491346T', '973 972 560', 'Cortes@nowhere.com'),
(74, '35715562I', '735 591 261', 'ReggieHillman121@example.com'),
(75, '94405688S', '663 972 957', 'Berryman45@example.com'),
(76, '36925230C', '632 344 787', 'ssipgqyf9850@example.com'),
(77, '44205714F', '666 774 682', 'Karon.Barker94@example.com'),
(78, '48765859S', '750 629 203', 'Val.Gerald@example.com'),
(79, '12177157M', '946 429 336', 'Hallman@example.com'),
(80, '07881251E', '962 511 690', 'Benny.Franz892@example.com'),
(81, '18658732P', '726 249 220', 'BrandenLumpkin@example.com'),
(82, '49570603N', '978 610 678', 'Issac_Fontenot624@nowhere.com'),
(83, '51658766O', '938 739 548', 'ZaneCranford@example.com'),
(84, '11640950R', '656 641 305', 'AnibalChambers@example.com'),
(85, '25627205P', '609 443 240', 'NobleN.Ingle36@example.com'),
(86, '41236526K', '935 610 961', 'Bean@example.com'),
(87, '05028306V', '779 805 115', 'Rosenbaum465@example.com'),
(88, '88763634Z', '779 977 913', 'GabrielleElston@example.com'),
(89, '92929725R', '776 634 770', 'Alger6@example.com'),
(90, '58561618P', '926 900 158', 'dnbiq3377@example.com'),
(91, '07780211V', '930 015 182', 'zjgty877@example.com'),
(92, '72896206S', '635 202 527', 'CreamerY863@nowhere.com'),
(93, '75630668M', '728 246 346', 'AbramsS@nowhere.com'),
(94, '85998456I', '675 223 639', 'vchivpgp3@example.com'),
(95, '37323598J', '624 083 057', 'Melia.Dotson558@example.com'),
(96, '03991551X', '724 216 544', 'Peyton@example.com'),
(97, '00322557I', '939 754 657', 'uwtoms1103@example.com'),
(98, '99797008S', '725 658 538', 'iruhyp74@nowhere.com'),
(99, '60641830F', '703 667 223', 'Antione.Hubert7@nowhere.com'),
(100, '26154117L', '990 004 138', 'Aragon@example.com'),
(101, '15051507G', '728 802 817', 'Elmer_Wadsworth@example.com'),
(102, '16202497I', '760 920 096', 'zdwk2298@example.com'),
(103, '10355545R', '988 682 104', 'LenoraHerrera6@example.com'),
(104, '46001108I', '707 956 310', 'Demarcus_XMeehan921@example.com'),
(105, '12545178V', '965 696 939', 'LizzieRusso@nowhere.com'),
(106, '79709130G', '621 650 242', 'CleoSanderson867@example.com'),
(107, '27329596U', '666 490 863', 'Guinn871@example.com'),
(108, '39109096Y', '906 363 612', 'hryxnrmb_rnplw@example.com'),
(109, '39625410W', '701 612 568', 'ErnestPrieto82@example.com'),
(110, '97743174Q', '675 400 329', 'Reynaldo_Shultz@example.com'),
(111, '74608602L', '724 919 111', 'Cordell.Burk847@example.com'),
(112, '80931697L', '702 200 420', 'Brannon@nowhere.com'),
(113, '47445262F', '700 474 848', 'ChuckBowie@example.com'),
(114, '41388992X', '783 046 964', 'DortheaAbbott@example.com'),
(115, '60095423I', '764 537 336', 'Aimee_Wasson5@example.com'),
(116, '48216358L', '738 409 129', 'Trevor.Lenz23@nowhere.com'),
(117, '06774761Z', '709 251 768', 'Field@example.com'),
(118, '21569827W', '919 958 525', 'vaymonmb.xpsyzer@example.com'),
(119, '63165703N', '988 393 972', 'ArnulfoLavigne@example.com'),
(120, '39175548V', '608 529 586', 'Marcelina.Aguirre@example.com'),
(121, '28902359V', '905 082 330', 'John@example.com'),
(122, '06731358C', '790 235 234', 'Burns@nowhere.com'),
(123, '62724331D', '723 455 083', 'rcxaw0@example.com'),
(124, '46489905P', '618 774 097', 'Laflamme@example.com'),
(125, '88718626K', '763 170 821', 'Brenner@nowhere.com'),
(126, '13452301B', '637 565 383', 'Coombs298@nowhere.com'),
(127, '61023733H', '936 754 647', 'LashellGrice@example.com'),
(128, '37718313B', '775 276 328', 'AddieNAmaral@example.com'),
(129, '39356360U', '639 399 894', 'CantuD@example.com'),
(130, '37413199B', '746 309 380', 'SamualNAkin7@nowhere.com'),
(131, '02842580Y', '975 272 936', 'Debrah.Batten@example.com'),
(132, '63527239O', '685 827 606', 'LesliMcfadden7@nowhere.com'),
(133, '10156992D', '907 596 525', 'BigelowM917@nowhere.com'),
(134, '00827838Z', '928 208 742', 'DiegoMcadams@example.com'),
(135, '89796515U', '796 481 175', 'Abel62@example.com'),
(136, '98916005E', '906 457 786', 'zmrnj111@nowhere.com'),
(137, '89887058Z', '756 292 376', 'tjrfhlvm19@example.com'),
(138, '76702473H', '791 714 243', 'Bohannon@example.com'),
(139, '65155499K', '708 515 964', 'Duggan@example.com'),
(140, '54571905S', '756 787 866', 'AldaAhern5@example.com'),
(141, '60508286Y', '779 538 851', 'ErlindaCardwell@example.com'),
(142, '27357291E', '609 033 502', 'Bee.Silvers95@example.com'),
(143, '20392415P', '657 604 369', 'Weis158@example.com'),
(144, '95579252U', '632 431 921', 'Crittenden4@example.com'),
(145, '69173974P', '640 685 222', 'MickeyWaldron@nowhere.com'),
(146, '48437208A', '774 683 548', 'ypscvm2699@nowhere.com'),
(147, '96951058K', '636 352 596', 'Fisher@example.com'),
(148, '83038999D', '635 132 287', 'Ackerman@example.com'),
(149, '82126202J', '791 864 229', 'LacyI5@nowhere.com'),
(150, '31261688I', '981 202 449', 'AlthaY.Tripp@example.com'),
(151, '59075757I', '691 561 117', 'Gayle.Schell879@nowhere.com'),
(152, '19576633M', '942 075 307', 'Harlow@nowhere.com'),
(153, '66892531A', '961 850 135', 'Mcreynolds@nowhere.com'),
(154, '99605321J', '664 993 538', 'Abbott@example.com'),
(155, '23960938B', '623 826 953', 'Alicia_Shrader5@example.com'),
(156, '25091668V', '996 397 398', 'AdrianaBurnside@example.com'),
(157, '50960893P', '692 748 368', 'Webster561@example.com'),
(158, '54615132O', '689 734 186', 'Luce633@example.com'),
(159, '03999185Z', '610 465 307', 'DudleySchuster@example.com'),
(160, '09940689Y', '911 924 339', 'Theo.C_Sewell517@example.com'),
(161, '60831805M', '979 998 650', 'AdaFisk@nowhere.com'),
(162, '23705065J', '662 620 556', 'Schweitzer@example.com'),
(163, '47652540R', '730 533 493', 'BethanyUribe45@example.com'),
(164, '02918337D', '761 033 044', 'Antony_Cottrell895@nowhere.com'),
(165, '58234449V', '942 965 009', 'KenJMarvin@example.com'),
(166, '40734308T', '653 151 021', 'Bordelon@nowhere.com'),
(167, '61669198S', '968 350 962', 'Acker@example.com'),
(168, '20010673Y', '765 827 176', 'Fredericks@example.com'),
(169, '47224104K', '957 938 533', 'Donald@example.com'),
(170, '58586996Z', '927 543 236', 'HugoCostello4@example.com'),
(171, '77884632O', '740 171 100', 'CaroylnCarlton7@example.com'),
(172, '51306266X', '746 724 771', 'Robinette@nowhere.com'),
(173, '49232538F', '640 276 113', 'Hayden@example.com'),
(174, '90640817E', '655 401 720', 'Shad.EBetts@example.com'),
(175, '47976396N', '795 301 285', 'Aponte@example.com'),
(176, '43999565B', '622 117 617', 'ToniePratt@example.com'),
(177, '22554809N', '764 519 083', 'MauriceStorey@nowhere.com'),
(178, '23653675W', '698 835 000', 'Colby34@example.com'),
(179, '46713570M', '620 123 064', 'XeniaP.Kroll@nowhere.com'),
(180, '65253582Z', '955 044 611', 'Gaylord_V_Canales@nowhere.com'),
(181, '20805750O', '992 810 469', 'velz57@nowhere.com'),
(182, '69481009V', '901 176 974', 'Weaver618@example.com'),
(183, '28481458P', '774 465 847', 'iwzlytym_tebmosu@example.com'),
(184, '47121633N', '754 299 494', 'Arevalo@example.com'),
(185, '77114525C', '617 227 119', 'Adkins154@example.com'),
(186, '71202488W', '944 778 709', 'ApoloniaSkaggs@nowhere.com'),
(187, '82011538N', '955 199 470', 'Barry.Sotelo381@nowhere.com'),
(188, '62562115M', '700 163 773', 'CherlynAcevedo59@nowhere.com'),
(189, '60391880K', '615 677 218', 'Brittany_Hickson358@example.com'),
(190, '34096350O', '697 978 330', 'FriedaGiordano@example.com'),
(191, '25803334Y', '692 674 121', 'AleaseGandy9@nowhere.com'),
(192, '20715689L', '788 132 196', 'Akins43@nowhere.com'),
(193, '54828563T', '660 716 564', 'AdaQAbney@example.com'),
(194, '90890775S', '945 806 045', 'Abby_L.Redmond@example.com'),
(195, '66399321A', '659 804 168', 'Dewey_Abney@nowhere.com'),
(196, '71944421F', '611 461 310', 'Ammons963@example.com'),
(197, '11220899B', '656 630 125', 'MinhRidley@example.com'),
(198, '51327795W', '951 205 218', 'wcaepgu618@nowhere.com'),
(199, '75023637B', '703 552 742', 'Kenneth.N_Acevedo@nowhere.com'),
(200, '73131315U', '720 691 832', 'AlanMark721@nowhere.com'),
(201, '58631294G', '666 193 940', 'ShelliHFrazier758@example.com'),
(202, '86576502T', '686 337 291', 'Brain_Adams@nowhere.com'),
(203, '22905779H', '965 224 546', 'Abney@nowhere.com'),
(204, '36588147C', '967 935 925', 'TrumanF_Delarosa@example.com'),
(205, '58574679X', '942 991 602', 'slkuwvtc_dyrcox@nowhere.com'),
(206, '10338110R', '783 305 307', 'Cleora.JBreen913@nowhere.com'),
(207, '62322209V', '692 324 470', 'Herrmann4@example.com'),
(208, '57115278F', '687 759 789', 'ppkn142@example.com'),
(209, '60592019S', '701 482 221', 'ConradGWerner889@example.com'),
(210, '06236414Q', '927 412 944', 'LissetteAldridge@example.com'),
(211, '00413258A', '947 411 903', 'AugustineO.Acker@example.com'),
(212, '03150606F', '630 963 361', 'Acker@nowhere.com'),
(213, '93151161Y', '625 108 099', 'ocecoaze_xooxjwflyk@example.com'),
(214, '67908810J', '750 500 078', 'Anton.Benson9@nowhere.com'),
(215, '07400394U', '965 931 296', 'bdzglgcw_wolkh@example.com'),
(216, '24689293L', '630 853 711', 'Paris@example.com'),
(217, '21034368O', '752 157 172', 'Alicea@example.com'),
(218, '22475871K', '783 827 294', 'LionelMccormick72@nowhere.com'),
(219, '70982365U', '921 442 813', 'MosheBirch9@example.com'),
(220, '87197806V', '600 014 936', 'ChasGiroux@nowhere.com'),
(221, '32372328V', '934 611 096', 'Dotty.M_Andre@example.com'),
(222, '42835676T', '698 161 139', 'KayleneH_Acevedo@example.com'),
(223, '13771888P', '683 754 760', 'uqld27@example.com'),
(224, '39498558D', '619 987 304', 'vnvm3291@example.com'),
(225, '71224611M', '942 009 926', 'Anthony.Bernard@example.com'),
(226, '06751619B', '649 552 757', 'AbramPruett@nowhere.com'),
(227, '88081922V', '794 034 004', 'Thornton52@nowhere.com'),
(228, '16365670L', '772 752 331', 'Garry_Holland@example.com'),
(229, '44061055Q', '902 843 535', 'Brinson3@nowhere.com'),
(230, '72559432J', '911 720 346', 'PetrinaOutlaw@example.com'),
(231, '26017170A', '637 594 593', 'AdamTaft@example.com'),
(232, '00676278A', '743 069 433', 'Huffman7@nowhere.com'),
(233, '54074038A', '750 063 138', 'LonnyMoniz68@nowhere.com'),
(234, '62790105K', '748 964 838', 'BlackmanI774@example.com'),
(235, '59563208X', '702 716 066', 'AliceBustamante@example.com'),
(236, '76213253Z', '991 209 924', 'Stringer@example.com'),
(237, '51950062S', '798 740 377', 'lbwt1222@example.com'),
(238, '99804589J', '708 163 101', 'LatishaSCurry@nowhere.com'),
(239, '01991597M', '778 493 151', 'Anthony@example.com'),
(240, '06683767H', '952 129 668', 'Sheldon79@nowhere.com'),
(241, '93671332H', '616 944 099', 'lpwvmxm50@example.com'),
(242, '54582355K', '796 207 807', 'cmsk7250@example.com'),
(243, '39617119W', '628 871 423', 'Carmina.Holton69@example.com'),
(244, '33649654G', '961 087 199', 'Eng@example.com'),
(245, '04584878F', '761 083 031', 'Schell@example.com'),
(246, '18784255C', '933 426 031', 'Wallace@example.com'),
(247, '97117576Q', '967 828 488', 'Meyer829@nowhere.com'),
(248, '30943677K', '955 465 687', 'Abrams962@example.com'),
(249, '67741144G', '604 816 976', 'BrunoHinkle51@example.com'),
(250, '16610121G', '700 118 631', 'Benitez85@example.com'),
(251, '27110441L', '686 237 979', 'Salvatore_Steadman@example.com'),
(252, '41629151B', '988 682 981', 'Dunham6@example.com'),
(253, '61821481G', '722 168 097', 'Alarcon324@example.com'),
(254, '63593437I', '716 743 790', 'fimj6199@nowhere.com'),
(255, '95209821I', '610 724 528', 'Delmar_Adame@nowhere.com'),
(256, '50900164M', '995 379 079', 'Gabriel291@example.com'),
(257, '36395450U', '710 246 365', 'BradlyParadis6@nowhere.com'),
(258, '57462372C', '666 359 780', 'RalphCollins581@example.com'),
(259, '03038838G', '634 736 562', 'Soares82@example.com'),
(260, '85103608H', '926 013 758', 'Mcclelland@nowhere.com'),
(261, '53985373F', '611 183 066', 'ysqjdf8805@example.com'),
(262, '94495606E', '986 394 539', 'MitchellHammonds@example.com'),
(263, '04067143B', '954 640 362', 'AprylMiner@example.com'),
(264, '43941650R', '733 898 783', 'Conrad.Mooney55@example.com'),
(265, '88423394M', '772 814 661', 'IssacBivens@nowhere.com'),
(266, '57202389A', '754 826 446', 'Mireya.Andersen753@nowhere.com'),
(267, '16009305B', '726 451 098', 'tacda8200@nowhere.com'),
(268, '77050997T', '796 887 054', 'hyobbenl.xoxynupp@example.com'),
(269, '69689772M', '948 076 272', 'SherrillAbel817@example.com'),
(270, '53060570A', '617 884 130', 'Carbone@example.com'),
(271, '75992050C', '636 025 404', 'Kelleher917@example.com'),
(272, '52151996J', '967 019 196', 'Anders87@nowhere.com'),
(273, '44301653S', '980 622 160', 'Abdul.Fisher4@example.com'),
(274, '64030811Z', '781 263 114', 'GonzaloReynolds@nowhere.com'),
(275, '42272277R', '996 919 384', 'Adelaide_Keck235@example.com'),
(276, '94938791Y', '710 398 645', 'GranvilleAngulo929@nowhere.com'),
(277, '29036004F', '707 014 745', 'LupeVDurant@example.com'),
(278, '45072545B', '728 430 764', 'ibyzremh_krzoywt@example.com'),
(279, '55780657F', '751 756 969', 'Vang@example.com'),
(280, '91580811Q', '611 467 907', 'Juarez@example.com'),
(281, '76913165G', '737 435 453', 'JodyAguirre9@example.com'),
(282, '36719420D', '639 894 685', 'SenaXPike4@example.com'),
(283, '79836325V', '951 540 040', 'Francisca.Brannon@example.com'),
(284, '09027515N', '999 483 862', 'StephnieHardman@example.com'),
(285, '01117618P', '787 963 221', 'NestorAbbott9@nowhere.com'),
(286, '92574611M', '747 951 032', 'AlbaC@example.com'),
(287, '89195880E', '748 901 543', 'Hatchett@nowhere.com'),
(288, '95963026L', '776 737 754', 'Mccartney773@nowhere.com'),
(289, '74405467G', '782 234 038', 'VincentWirth52@example.com'),
(290, '24378208U', '997 800 106', 'fchwl6002@example.com'),
(291, '24106113N', '924 370 761', 'xqdpqk93@example.com'),
(292, '75172108R', '747 641 668', 'Melvin_Darden@example.com'),
(293, '90293930A', '727 741 042', 'Kraus438@example.com'),
(294, '48747086A', '737 947 326', 'Begay@example.com'),
(295, '19916262O', '956 362 359', 'GroganP56@example.com'),
(296, '27175451A', '759 429 038', 'Durr982@example.com'),
(297, '35529129D', '792 297 138', 'ErvinShackelford@nowhere.com'),
(298, '30631197P', '664 313 641', 'Reich@example.com'),
(299, '38270764Z', '955 599 800', 'Neil_Addison@example.com'),
(300, '69889286J', '632 969 008', 'Bowie165@nowhere.com'),
(301, '25018829L', '671 270 360', 'CharlenaHale@nowhere.com'),
(302, '48151164L', '789 010 488', 'Adah_Corbett@example.com'),
(303, '51622379K', '965 905 345', 'Talisha.Randle@example.com'),
(304, '08233258D', '716 291 513', 'Nagel18@nowhere.com'),
(305, '65733630Z', '909 877 794', 'NickBeckham@nowhere.com'),
(306, '29705288T', '738 509 245', 'Ivory@example.com'),
(307, '75516506D', '656 309 510', 'TriciaCash7@nowhere.com'),
(308, '69659318G', '752 963 805', 'Zetta.Acevedo@example.com'),
(309, '57477249V', '932 383 541', 'Roney@nowhere.com'),
(310, '18652248M', '977 579 938', 'CarryEmbry3@nowhere.com'),
(311, '98955715I', '601 353 848', 'Alvarez@example.com'),
(312, '21489463U', '702 154 968', 'RebekahAcevedo25@nowhere.com'),
(313, '82178971C', '724 440 546', 'wowj4163@nowhere.com'),
(314, '57996245C', '979 654 115', 'ChadwickEdge@example.com'),
(315, '50778656L', '928 297 486', 'Fong1@example.com'),
(316, '18445170F', '640 002 547', 'xmhqw25@example.com'),
(317, '49475100V', '667 251 208', 'Aponte54@example.com'),
(318, '91650235T', '709 340 069', 'Handley6@nowhere.com'),
(319, '40919990T', '932 803 088', 'rpfghmp6213@example.com'),
(320, '03496307H', '626 671 505', 'AdalineFisk9@nowhere.com'),
(321, '86581434N', '720 416 698', 'wehwqmbh_tbleth@example.com'),
(322, '02758241I', '950 426 699', 'Dean.B_Hankins@nowhere.com'),
(323, '98421441C', '673 262 052', 'Salvador_Griffiths@example.com'),
(324, '17828842W', '656 108 135', 'Yarbrough@example.com'),
(325, '17198631E', '988 115 262', 'Yuko.RBeale8@example.com'),
(326, '47728399A', '745 085 532', 'BernardStory@nowhere.com'),
(327, '07430611A', '793 257 598', 'Lenard_KHerrington4@nowhere.com'),
(328, '20034604P', '758 425 373', 'Arlinda_Lopes@example.com'),
(329, '39799133N', '961 967 160', 'Hurley711@nowhere.com'),
(330, '89611074J', '991 766 261', 'Aguilar1@example.com'),
(331, '12040399C', '685 076 168', 'Ackerman@example.com'),
(332, '61316481U', '649 999 861', 'Annabell_Costello783@nowhere.com'),
(333, '36438219E', '929 505 354', 'AlbertoParsons27@example.com'),
(334, '10272920E', '657 905 099', 'Alisa.S_Albrecht@example.com'),
(335, '71265189S', '942 696 081', 'Branham@example.com'),
(336, '30719367C', '963 077 580', 'tkkqrrym_fmlxlykb@nowhere.com'),
(337, '40725026F', '991 878 955', 'Carlos751@nowhere.com'),
(338, '31790760T', '765 309 353', 'Creel@nowhere.com'),
(339, '88343988Q', '709 390 219', 'Ramon_Knowlton@example.com'),
(340, '05052190X', '903 669 444', 'HaywoodGraff992@example.com'),
(341, '75140825P', '608 702 771', 'nqwvjvhg_tgcpheeciv@example.com'),
(342, '56112527C', '937 504 814', 'Dollar251@nowhere.com'),
(343, '96071862C', '986 697 805', 'Deloach@example.com'),
(344, '08546333A', '786 631 653', 'AvalosO632@example.com'),
(345, '97666761K', '918 636 403', 'Hawks274@example.com'),
(346, '33012577D', '964 342 104', 'Rhett_Christy365@example.com'),
(347, '02799473M', '710 704 652', 'Abram_Callender@example.com'),
(348, '90136698O', '902 735 227', 'KristenNation@nowhere.com'),
(349, '75568229W', '727 149 880', 'Ackerman@example.com'),
(350, '85729212M', '727 761 745', 'Kohn42@example.com'),
(351, '82425214D', '657 751 902', 'Hoskins975@example.com'),
(352, '12230559E', '626 656 447', 'Broyles852@example.com'),
(353, '60335401Q', '744 076 505', 'qjekkm463@nowhere.com'),
(354, '11382412D', '942 668 782', 'Sheldon_Cash75@example.com'),
(355, '38362298E', '695 058 774', 'hvjtgofb_mqwc@example.com'),
(356, '24127464H', '727 764 442', 'GuadalupeGough3@example.com'),
(357, '07611590A', '719 243 536', 'Bueno648@example.com'),
(358, '83472824R', '697 830 345', 'Vetter549@nowhere.com'),
(359, '74215100U', '703 264 147', 'Emery.Calderon@example.com'),
(360, '82451918X', '669 883 119', 'Acevedo37@example.com'),
(361, '19994242Z', '776 771 494', 'Ethan_Frame371@example.com'),
(362, '70390597W', '978 140 804', 'ShonnaOliveira@example.com'),
(363, '10648900O', '944 807 098', 'bfmzb8551@example.com'),
(364, '94948148C', '711 415 021', 'Riddle@nowhere.com'),
(365, '09464494C', '606 101 225', 'dbpgftzy.gxwzbf@nowhere.com'),
(366, '21836321W', '906 856 878', 'IolaFuchs@example.com'),
(367, '87870138L', '977 919 285', 'AndreasBradford@example.com'),
(368, '63580098K', '954 444 309', 'Baugh689@nowhere.com'),
(369, '64300366B', '648 099 891', 'yidb93@example.com'),
(370, '24739879B', '617 400 498', 'HollisReyna@example.com'),
(371, '24823604Y', '928 046 790', 'Alexander@example.com'),
(372, '58352013S', '642 374 368', 'Copley@example.com'),
(373, '31261040C', '936 916 920', 'WestonWoodbury235@example.com'),
(374, '20536949C', '787 785 095', 'Maes@example.com'),
(375, '93719985C', '662 723 419', 'Keva_C.Upchurch4@example.com'),
(376, '94545744R', '634 359 629', 'Jeffery317@example.com'),
(377, '15724755Y', '918 139 200', 'Almond31@example.com'),
(378, '06324219S', '652 431 007', 'ZachariahQ.Call149@example.com'),
(379, '70534978N', '787 846 724', 'ZaneChisolm47@example.com'),
(380, '35148017F', '993 436 467', 'Gavin_Kiser7@example.com'),
(381, '23051857I', '730 925 508', 'Culp@nowhere.com'),
(382, '84663214P', '970 475 160', 'LinvilleZ766@example.com'),
(383, '81423512G', '646 621 737', 'OzellaChambers9@nowhere.com'),
(384, '93559474R', '905 835 908', 'Adah.Guffey@nowhere.com'),
(385, '16482374Q', '637 345 551', 'Snipes11@example.com'),
(386, '89962014D', '715 170 730', 'AlveraCarbone@example.com'),
(387, '61687880C', '973 030 811', 'aszcjxa9@example.com'),
(388, '50800560N', '753 386 264', 'Dusti.Whitworth8@nowhere.com'),
(389, '06092624W', '922 145 960', 'Abrams@example.com'),
(390, '64217895Y', '953 459 639', 'Stephenie_Hawthorne@example.com'),
(391, '81732645E', '911 792 841', 'Hillary_Collier@example.com'),
(392, '55078017K', '682 738 075', 'ShakiraForsyth497@example.com'),
(393, '74876136O', '760 016 044', 'AdelaidaMark@nowhere.com'),
(394, '66480676H', '757 715 147', 'RaymondSHodge7@example.com'),
(395, '74980776Y', '998 929 713', 'Abney@example.com'),
(396, '94293289M', '788 961 835', 'etqofmqp.waxmec@nowhere.com'),
(397, '40211131I', '763 414 019', 'LawanaPyle715@nowhere.com'),
(398, '48792155X', '741 891 819', 'whscbvxm.obtqzsx@nowhere.com'),
(399, '32464622J', '702 028 547', 'Stan_Stuart@example.com'),
(400, '50791324W', '765 281 766', 'BretJensen972@nowhere.com'),
(401, '77931617C', '929 081 197', 'Nicki_Abreu67@example.com'),
(402, '88584053C', '990 591 514', 'Rounds@example.com'),
(403, '67129938A', '721 176 127', 'Abigail_Peeler5@nowhere.com'),
(404, '52381835Q', '773 766 562', 'DemarcusWoodruff@example.com'),
(405, '65550580M', '699 692 416', 'Mcneil@example.com'),
(406, '94565283Z', '929 771 395', 'Bailey_Buss@example.com'),
(407, '77567548W', '684 578 024', 'DougEarly@nowhere.com'),
(408, '02048898Y', '723 811 783', 'chizgkv9584@nowhere.com'),
(409, '49298788Q', '651 766 649', 'PaulineNTrapp@example.com'),
(410, '10696964A', '916 704 038', 'Rupert_Ashby56@nowhere.com'),
(411, '12868211M', '653 605 011', 'Earline_Fultz@example.com'),
(412, '76608633T', '976 594 273', 'Andrew@example.com'),
(413, '97075432Z', '656 438 035', 'Breanne_Mcmurray71@example.com'),
(414, '76464004X', '939 454 812', 'Thrasher@nowhere.com'),
(415, '68498989N', '999 631 231', 'fhpr2346@example.com'),
(416, '51684732F', '971 184 046', 'brepffq4928@example.com'),
(417, '85747249O', '762 927 076', 'cpsnn4241@nowhere.com'),
(418, '95428260E', '966 993 547', 'Rash191@example.com'),
(419, '48470398L', '961 121 236', 'ElnoraFaulk@example.com'),
(420, '56413479V', '636 967 826', 'JordanProffitt@example.com'),
(421, '99402444E', '774 216 280', 'Towns@nowhere.com'),
(422, '67004684G', '632 068 381', 'TawandaGoodrich@nowhere.com'),
(423, '48074836J', '976 719 201', 'BernieceSumpter786@example.com'),
(424, '41022008M', '647 792 568', 'Jules_Abernathy9@nowhere.com'),
(425, '93380352H', '671 480 223', 'Sammy_Adame@example.com'),
(426, '61684063V', '962 279 572', 'Langley@example.com'),
(427, '24548420N', '706 368 056', 'bisply3@nowhere.com'),
(428, '08117812D', '789 846 675', 'zixfpjt7969@example.com'),
(429, '20405366D', '791 822 695', 'AdamBroughton58@nowhere.com'),
(430, '28357905V', '976 040 884', 'Sharie_Agee@example.com'),
(431, '90085215H', '695 977 541', 'Jenice_Farrar974@example.com'),
(432, '62145503Q', '951 371 478', 'AbigailMorey@nowhere.com'),
(433, '69677453M', '666 229 306', 'ManualDarby8@example.com'),
(434, '17211475G', '996 319 490', 'xvpwtoiy.giksjj@example.com'),
(435, '64733211K', '691 382 900', 'gleutnmz2815@example.com'),
(436, '43289930S', '911 934 371', 'Young688@example.com'),
(437, '68252035Y', '933 707 365', 'Cheri_Bonds@example.com'),
(438, '45651241K', '673 848 095', 'Antonio@example.com'),
(439, '69575541X', '761 836 599', 'Darnell@nowhere.com'),
(440, '39025208E', '912 292 702', 'Egan@example.com'),
(441, '11021817I', '918 168 591', 'Kellye_Acker@nowhere.com'),
(442, '61071618E', '765 462 527', 'Dale_Bartholomew@example.com'),
(443, '83857861W', '796 862 578', 'Corey13@example.com'),
(444, '98645167M', '951 865 168', 'TimRosenthal398@example.com'),
(445, '56878323T', '977 563 152', 'Simons@example.com'),
(446, '03841769R', '976 302 077', 'Stubblefield@example.com'),
(447, '83975518R', '628 124 069', 'Tobias.Dill@nowhere.com'),
(448, '04057739O', '628 108 113', 'Melina.LCorbitt@example.com'),
(449, '93651105F', '725 758 316', 'Caswell629@example.com'),
(450, '76687282T', '944 782 430', 'Gilman@example.com'),
(451, '22615020H', '694 066 663', 'Crittenden@nowhere.com'),
(452, '80419889O', '759 253 654', 'Alda_Y.Stamper916@example.com'),
(453, '24080324D', '696 032 085', 'Marita_Fitts992@example.com'),
(454, '67342782O', '944 059 512', 'rkrgezqu_satm@example.com'),
(455, '93407200K', '678 669 110', 'Lacie_Waterman522@example.com'),
(456, '23924166J', '670 068 413', 'vzsit3418@nowhere.com'),
(457, '66069874P', '668 606 671', 'Robles377@example.com'),
(458, '00934547C', '980 300 043', 'Sims@nowhere.com'),
(459, '93703458O', '785 417 018', 'sridpjwm_xigihwn@example.com'),
(460, '64623920P', '762 697 124', 'SariCraig@nowhere.com'),
(461, '94366332U', '659 064 380', 'Parr8@example.com'),
(462, '38187719Z', '964 081 531', 'Jeffery@example.com'),
(463, '30059990V', '710 297 869', 'Dobson@example.com'),
(464, '92057035Y', '913 778 717', 'Benjamin_Scanlon755@nowhere.com'),
(465, '74036199D', '914 319 185', 'Millard@nowhere.com'),
(466, '19736074G', '950 422 151', 'SteffaniePulido621@example.com'),
(467, '24180471K', '725 882 062', 'Lennon@example.com'),
(468, '58007499N', '937 809 079', 'AdanCampos95@example.com'),
(469, '50348082K', '685 672 774', 'uzicikla.ybra@nowhere.com'),
(470, '19917743Y', '715 901 212', 'Marlon.Carman@nowhere.com'),
(471, '84612003N', '900 551 852', 'AdellDominguez@nowhere.com'),
(472, '76279470O', '733 599 253', 'GeneMata@example.com'),
(473, '98938243M', '756 729 616', 'garid3@example.com'),
(474, '45996671C', '688 756 844', 'Randell_Sherrod@example.com'),
(475, '89159078I', '935 124 309', 'Jamey_D_Cato@example.com'),
(476, '55065494R', '735 916 909', 'KipKetchum@example.com'),
(477, '18351532W', '684 845 712', 'Batson855@example.com'),
(478, '33123358W', '638 108 778', 'Crabtree9@example.com'),
(479, '61639991U', '703 618 608', 'Norfleet39@example.com'),
(480, '15463758F', '699 959 685', 'FairyQuarles@example.com'),
(481, '38075351T', '668 473 681', 'Ocampo@example.com'),
(482, '73630617T', '747 741 353', 'RennaYanez8@example.com'),
(483, '11349439T', '766 282 831', 'Adan.Guthrie255@example.com'),
(484, '56784125Q', '756 196 215', 'Abrams@example.com'),
(485, '04258177Q', '678 372 112', 'Abernathy@nowhere.com'),
(486, '33696094S', '632 735 166', 'JosieBowles@nowhere.com'),
(487, '52876000M', '709 112 778', 'HanleyL9@nowhere.com'),
(488, '22611823Z', '945 187 467', 'Beverley_Stevens@nowhere.com'),
(489, '84547556L', '734 080 717', 'xwhbhtyt_ldvqhoappi@example.com'),
(490, '99939601O', '730 331 493', 'Jerald.Dean1@example.com'),
(491, '96740102L', '651 873 253', 'MarvellaW.Pipkin913@example.com'),
(492, '25652489V', '601 771 194', 'RolandAmaya52@example.com'),
(493, '12122942L', '756 455 600', 'AbelGuidry64@nowhere.com'),
(494, '89101825J', '645 987 804', 'CharisAbbott@example.com'),
(495, '93569700G', '987 368 166', 'Slocum4@example.com'),
(496, '84964615A', '729 342 617', 'ParticiaNAbbott4@example.com'),
(497, '77347511H', '642 323 858', 'Albrecht44@example.com'),
(498, '96723987L', '930 290 367', 'Abel463@example.com'),
(499, '38109641B', '665 635 302', 'DonellaMackenzie5@example.com'),
(500, '35403669N', '660 069 607', 'AldenAbel894@example.com'),
(501, '27468893T', '945 517 053', 'Spaulding@example.com'),
(502, '74245828O', '929 301 798', 'Percy.Parris142@example.com'),
(503, '57154053V', '707 397 547', 'Brannon267@example.com'),
(504, '35267782A', '795 398 091', 'Stump@example.com'),
(505, '67123248L', '904 251 784', 'Carlson@example.com'),
(506, '50327559W', '951 784 144', 'Valerie.Barton@nowhere.com'),
(507, '87326494E', '639 512 135', 'Brad.Berryman@example.com'),
(508, '83293381X', '733 064 762', 'Francesca_Z_Tyner@example.com'),
(509, '04678504F', '758 139 336', 'BuckConnors625@nowhere.com'),
(510, '08734759Z', '690 103 834', 'Roxy.Bostick993@nowhere.com'),
(511, '25552675H', '600 360 117', 'LaurenaBuchanan@example.com'),
(512, '52277918T', '699 487 408', 'Connor@example.com'),
(513, '75971231J', '672 038 087', 'Almond@example.com'),
(514, '61060339D', '641 650 561', 'cwgux6263@example.com'),
(515, '33042029O', '675 770 573', 'Abby.Gilson151@example.com'),
(516, '26435645U', '755 584 754', 'KristalPhipps594@example.com'),
(517, '11992886Y', '726 450 884', 'FrancesRoney837@example.com'),
(518, '86183908H', '669 737 012', 'keefc5147@example.com'),
(519, '28948139G', '945 643 338', 'DelphiaMcafee@nowhere.com'),
(520, '03891872B', '952 759 976', 'Flood@nowhere.com'),
(521, '43033766C', '935 405 924', 'Scottie_Bullard@nowhere.com'),
(522, '12621006J', '729 737 312', 'Major_Maurer553@example.com'),
(523, '76729737F', '696 397 421', 'Cary@nowhere.com'),
(524, '03989352G', '632 443 520', 'Maclean4@nowhere.com'),
(525, '88305118O', '945 666 936', 'Peek@example.com'),
(526, '35201220R', '907 492 267', 'Cato@example.com'),
(527, '15292771C', '749 938 800', 'MilfordAdamson@example.com'),
(528, '55679776P', '986 095 903', 'Monk@nowhere.com'),
(529, '43080142H', '600 420 824', 'JodyCompton5@example.com'),
(530, '41542559T', '715 978 495', 'Patsy.DWiggins@example.com'),
(531, '00405234Q', '710 527 878', 'Cordell_Dailey@example.com'),
(532, '77462262O', '936 804 865', 'Burk39@nowhere.com'),
(533, '87520573U', '625 669 663', 'Mitch.WSettle7@example.com'),
(534, '31847646D', '984 948 059', 'Bauman4@example.com'),
(535, '17788227C', '978 354 874', 'Alayna_Ackerman@nowhere.com'),
(536, '38790239V', '624 086 138', 'FreddyAkins@nowhere.com'),
(537, '29723047E', '941 130 404', 'blgu7091@example.com'),
(538, '44134660A', '934 199 595', 'Kozlowski646@example.com'),
(539, '84607779I', '601 629 805', 'BenitoBillingsley245@example.com'),
(540, '32575249P', '708 166 001', 'JamesGorham@example.com'),
(541, '33154313A', '970 463 991', 'AsuncionAbernathy99@example.com'),
(542, '16839612L', '708 066 732', 'CletusBeals437@example.com'),
(543, '95935544S', '914 308 829', 'LemmonV@example.com'),
(544, '26377591K', '638 383 068', 'MarcelLogsdon8@example.com'),
(545, '61666707R', '625 736 498', 'Robt.Pendleton224@example.com'),
(546, '03754151Z', '924 777 037', 'Elda_Gallardo@example.com'),
(547, '89195853J', '667 105 761', 'wlsreukz241@example.com'),
(548, '37045120B', '949 880 431', 'Adams@example.com'),
(549, '55615172Y', '735 719 128', 'Abraham@example.com'),
(550, '31646220F', '973 127 959', 'Ethan_Browder@example.com'),
(551, '43377019H', '925 051 388', 'AbrahamY_Acevedo187@nowhere.com'),
(552, '51902965S', '602 845 969', 'Rodriguez2@example.com'),
(553, '81540152D', '638 595 099', 'Perrin@nowhere.com'),
(554, '75305146B', '719 394 120', 'yedgm7946@example.com'),
(555, '58791089V', '983 508 454', 'qmky2388@example.com'),
(556, '99631179X', '689 694 740', 'Dorthea_G.Donahue3@nowhere.com'),
(557, '61600431Z', '936 799 834', 'ChrystalAguilar743@example.com'),
(558, '15280542D', '653 363 909', 'Hannelore_Demarco26@example.com'),
(559, '06986438A', '977 638 170', 'MariaParis@example.com'),
(560, '01991241T', '902 011 853', 'AbdulAdair52@nowhere.com'),
(561, '49306857L', '783 099 549', 'Abraham@nowhere.com'),
(562, '43211345A', '719 014 702', 'Mcfall@nowhere.com'),
(563, '08303061S', '704 734 976', 'Keesha_Caswell@nowhere.com'),
(564, '64246778M', '919 555 785', 'CarinShort@example.com'),
(565, '06859659O', '702 481 587', 'MerriHoskins516@example.com'),
(566, '82881685P', '628 743 231', 'Tennie_Strong88@example.com'),
(567, '51080915Z', '631 603 241', 'Virgie.Antoine5@nowhere.com'),
(568, '80639709P', '667 523 516', 'BarneyGallardo@nowhere.com'),
(569, '54454757P', '668 261 823', 'Tracy_P_Shore89@example.com'),
(570, '57197038B', '724 287 336', 'Wharton@example.com'),
(571, '27078376Y', '768 637 333', 'Brent@example.com'),
(572, '41213467G', '686 301 911', 'Abraham@example.com'),
(573, '20036091P', '708 677 227', 'RosannaAbney@example.com'),
(574, '20249880R', '695 832 536', 'Brock_N_Hulsey@example.com'),
(575, '41239680E', '657 690 660', 'AndrewAbbott4@nowhere.com'),
(576, '49129155O', '968 179 028', 'ConradRichey994@nowhere.com'),
(577, '65616741W', '911 691 736', 'Whiteside497@example.com'),
(578, '30721041O', '736 425 926', 'AbramReynoso@nowhere.com'),
(579, '88310245M', '934 045 624', 'Alfaro@nowhere.com'),
(580, '65952628P', '670 441 818', 'GarthLott@example.com'),
(581, '37792677G', '908 382 410', 'Eric.MSaunders3@nowhere.com'),
(582, '94868954G', '923 911 873', 'otgmbqqj.blakw@example.com'),
(583, '69660129Z', '985 137 330', 'coeo2185@example.com'),
(584, '26931823P', '732 942 983', 'Samuel_Gantt@example.com'),
(585, '07887239W', '650 384 478', 'Adolph_VWertz384@example.com'),
(586, '50305902C', '605 707 958', 'ncdxrd5@nowhere.com'),
(587, '85664489N', '933 414 546', 'Winnie_Salley@example.com'),
(588, '50947087H', '934 543 782', 'CoreyHalcomb@example.com'),
(589, '87019896P', '770 471 929', 'Dewayne.Aguilera@nowhere.com'),
(590, '15848896E', '689 777 248', 'Raleigh_Irvin@example.com'),
(591, '97063357P', '686 891 208', 'Thigpen589@example.com'),
(592, '55449997N', '746 538 583', 'kysasnxs.sduodz@example.com'),
(593, '45177427P', '743 947 136', 'tjrwblu48@example.com'),
(594, '60330546C', '611 138 601', 'Maggie_Zeigler@example.com'),
(595, '55284853T', '964 280 780', 'Sharda_Wang@example.com'),
(596, '87962436B', '633 085 957', 'JaredCrutcher37@example.com'),
(597, '66118009R', '668 704 674', 'RenaldoOswald642@nowhere.com'),
(598, '78060076M', '680 756 782', 'Alissa.Guillen@example.com'),
(599, '21022398T', '625 397 866', 'AdalbertoCornwell2@example.com'),
(600, '06305119M', '641 756 995', 'Schulte9@example.com'),
(601, '63606055R', '700 953 419', 'Rodriguez@example.com'),
(602, '88282457Q', '605 970 272', 'Mcmurray377@example.com'),
(603, '61441991M', '734 851 523', 'MarkettaMatheson678@example.com'),
(604, '48269529Q', '615 342 299', 'MosleyO@example.com'),
(605, '91663282U', '648 339 139', 'wlarlqch.dvvbvidkuk@example.com'),
(606, '70477783R', '796 270 557', 'ReynaGatewood8@example.com'),
(607, '51333797E', '992 357 249', 'Ariel.Bales@example.com'),
(608, '32960982B', '663 915 410', 'Cummings92@example.com'),
(609, '92538560D', '964 216 367', 'Kris_Edgar@nowhere.com'),
(610, '65269162F', '944 287 812', 'Matson42@nowhere.com'),
(611, '76488630I', '944 002 774', 'ElvisWill285@nowhere.com'),
(612, '12401275W', '939 760 160', 'AdolphTolliver59@example.com'),
(613, '09373870E', '994 175 216', 'Christena.Granados@nowhere.com'),
(614, '50939465R', '756 332 264', 'Humphrey@example.com'),
(615, '44855065I', '664 491 253', 'Letha_Bauman@example.com'),
(616, '59642356T', '607 995 019', 'Bass43@example.com'),
(617, '65184406F', '620 013 583', 'DennisLockett@example.com'),
(618, '12778673J', '731 491 700', 'Luciano_Stallings@example.com'),
(619, '46046904R', '776 770 898', 'DaniloBreeden@example.com'),
(620, '91563094A', '729 160 386', 'Abreu@example.com'),
(621, '03984568I', '927 599 261', 'Engel5@example.com'),
(622, '04789219F', '609 556 770', 'Walton_I_Michael97@example.com'),
(623, '65862646G', '967 745 561', 'Abdul_Tribble5@example.com'),
(624, '29927791H', '736 044 977', 'HallieShipley@example.com'),
(625, '26816377Y', '635 192 948', 'ypfohzoc3409@example.com'),
(626, '69793522V', '932 196 811', 'DesmondRock@nowhere.com'),
(627, '36466755Y', '645 058 115', 'Earl@example.com'),
(628, '38833908P', '688 430 341', 'MarcellusU.Horan94@nowhere.com'),
(629, '52495944F', '745 080 253', 'Sandy.Archuleta@example.com'),
(630, '62486514W', '669 970 874', 'DarwinHilton@nowhere.com'),
(631, '17803333E', '954 516 835', 'Adelia.Amos@example.com'),
(632, '73270242U', '668 672 414', 'Charles_Davis912@nowhere.com'),
(633, '15028052A', '790 328 793', 'Van941@example.com'),
(634, '56569045E', '691 854 251', 'Willy.Abernathy@nowhere.com'),
(635, '02109341R', '724 370 395', 'Leggett941@example.com'),
(636, '23066191Y', '933 650 656', 'Donovan_Dancy@nowhere.com'),
(637, '22735148D', '622 951 138', 'VanceBearden65@example.com'),
(638, '13490492C', '687 619 705', 'WillettaPinson@nowhere.com'),
(639, '92053978P', '765 720 929', 'Stokes@nowhere.com'),
(640, '60168540H', '637 531 554', 'Abernathy2@example.com'),
(641, '81063553E', '793 368 066', 'Barrett@example.com'),
(642, '05604352L', '943 996 153', 'pxzghln7887@nowhere.com'),
(643, '08654072I', '779 992 757', 'Cordero37@nowhere.com'),
(644, '06719046P', '915 666 801', 'NunleyV29@example.com'),
(645, '17186331Q', '751 464 950', 'Leo.Kuhn98@example.com'),
(646, '09579133P', '620 387 186', 'RosauraGaskins@nowhere.com'),
(647, '29893376H', '927 101 856', 'Jerold.Reagan937@example.com'),
(648, '84297699C', '681 587 854', 'yutilb64@example.com'),
(649, '37173165J', '681 997 419', 'Harbin981@example.com'),
(650, '10566072P', '935 157 168', 'FulcherT6@nowhere.com'),
(651, '08585859K', '950 086 140', 'Albrecht@example.com'),
(652, '61763932W', '933 318 220', 'JuanaShipp342@nowhere.com'),
(653, '07849098R', '775 320 106', 'Hendrick849@example.com'),
(654, '59396104E', '619 416 857', 'Dexter283@example.com'),
(655, '16555531M', '604 865 611', 'jjlplyoa.blffhghta@nowhere.com'),
(656, '82622657O', '971 697 974', 'pcep4@nowhere.com'),
(657, '23012845E', '633 071 317', 'Eason4@nowhere.com'),
(658, '55358299J', '948 589 670', 'Nielson@example.com'),
(659, '10575306M', '694 211 114', 'Castellano@example.com'),
(660, '37127733C', '760 559 508', 'Morey7@example.com'),
(661, '04461346L', '790 465 741', 'AdolphAlonso@nowhere.com'),
(662, '57660757K', '967 705 829', 'VitaFarrar@example.com'),
(663, '92037253N', '753 346 567', 'EzellM1@example.com'),
(664, '71215088T', '786 055 339', 'Carvalho19@nowhere.com'),
(665, '39392195A', '925 820 669', 'CythiaChang@example.com'),
(666, '71932400U', '704 504 883', 'Pollard239@example.com'),
(667, '33088734Q', '720 217 203', 'Mcknight@example.com'),
(668, '63948966E', '616 505 158', 'Carlton2@example.com'),
(669, '43885052J', '979 591 865', 'vhil96@example.com'),
(670, '76542543F', '739 579 500', 'Acevedo@example.com'),
(671, '77128545Q', '987 772 513', 'BlairFranz172@example.com'),
(672, '62094740V', '669 697 035', 'Russell@example.com'),
(673, '09177889D', '914 917 127', 'DennyAcker@example.com'),
(674, '07223176V', '983 817 410', 'tejdforg_vxiul@example.com'),
(675, '89205632Q', '985 524 271', 'Jena.Armstead2@example.com'),
(676, '93463306F', '600 177 809', 'Chacon91@example.com'),
(677, '17402336P', '612 463 847', 'Anderson@example.com'),
(678, '24525710N', '626 625 276', 'TannaMerchant@nowhere.com'),
(679, '23058621L', '604 085 467', 'ClaytonBagwell315@example.com'),
(680, '22178125L', '764 489 283', 'Vick@example.com'),
(681, '39389119M', '640 388 449', 'Henke38@example.com'),
(682, '93748728V', '993 554 752', 'HubertWilhite@nowhere.com'),
(683, '44795715O', '906 510 038', 'Guillermo.Childers46@nowhere.com'),
(684, '82626914R', '756 423 628', 'Urban@example.com'),
(685, '56809845A', '915 261 420', 'Lovejoy@nowhere.com'),
(686, '37924025H', '685 488 831', 'vrzxttht.xtzo@example.com'),
(687, '60465755O', '717 718 357', 'Calhoun@example.com'),
(688, '92908312G', '973 016 632', 'ssrkfx2138@example.com'),
(689, '54303955U', '673 269 594', 'Kovach@nowhere.com'),
(690, '86320615I', '720 655 399', 'Acevedo@nowhere.com'),
(691, '97956699L', '968 351 211', 'Shull@example.com'),
(692, '33491787R', '990 525 912', 'Clancy86@nowhere.com'),
(693, '27850729F', '634 915 830', 'Dionne.Noel257@nowhere.com'),
(694, '77052699R', '986 945 948', 'BeauTrudeau@example.com'),
(695, '12666975E', '606 409 889', 'Ellsworth86@nowhere.com'),
(696, '24308249D', '725 267 653', 'MalkaAlvarez23@example.com'),
(697, '10936869E', '750 350 169', 'Acevedo28@example.com'),
(698, '22702977X', '730 872 577', 'FelixOsborne749@example.com'),
(699, '33554372J', '688 345 662', 'Bobbie.Morrison98@example.com'),
(700, '23703453S', '791 358 995', 'Graham_Breaux@nowhere.com'),
(701, '47071195G', '740 465 193', 'AlfredoV.Mintz@example.com'),
(702, '93541425V', '699 127 854', 'Glenn2@example.com'),
(703, '11911159G', '619 821 481', 'Brant.Stokes@example.com'),
(704, '57060787L', '941 625 469', 'gijjoawf_fvtrlfwh@nowhere.com'),
(705, '10848852Y', '916 272 711', 'Craig.Lovett284@example.com'),
(706, '56669298E', '942 745 497', 'Nye85@nowhere.com'),
(707, '80582398T', '760 337 846', 'AnishaLSargent@example.com'),
(708, '06153768Y', '752 117 091', 'reel4887@nowhere.com'),
(709, '51459174B', '748 909 528', 'RachelleValentine@example.com'),
(710, '70383479F', '944 669 235', 'AdanDelgadillo@example.com'),
(711, '70339845Z', '756 503 911', 'Jaime_Abney@nowhere.com'),
(712, '69139456B', '695 310 598', 'DexterHolloway@example.com'),
(713, '94306409S', '951 777 777', 'Adolfo.Adcock@nowhere.com'),
(714, '86876125Q', '919 271 492', 'Stewart373@example.com'),
(715, '64192959P', '784 150 453', 'PearleneZeller@example.com'),
(716, '24508241K', '952 316 352', 'Gamez@nowhere.com'),
(717, '30015717B', '662 294 750', 'Bair68@example.com'),
(718, '76212332B', '640 951 811', 'Adler324@example.com'),
(719, '57252528F', '622 127 532', 'JonathanSlaton24@example.com'),
(720, '27898010P', '621 128 404', 'Lindberg@example.com'),
(721, '65637295A', '718 630 783', 'ChristianePratt146@example.com'),
(722, '78203077V', '904 857 865', 'EricDotson@example.com'),
(723, '73302906Q', '762 559 688', 'KerstinDemarco1@nowhere.com'),
(724, '50528011M', '729 875 100', 'AugustineAbbott@nowhere.com'),
(725, '76690442D', '914 874 405', 'DeeannaBarnhart986@example.com'),
(726, '77433883F', '784 189 732', 'ErvinGuillen463@nowhere.com'),
(727, '92661363S', '757 003 594', 'Delagarza763@example.com'),
(728, '42107584E', '735 545 549', 'Dennis.Connor@nowhere.com'),
(729, '04859290T', '736 340 230', 'Higgins@nowhere.com'),
(730, '48205597W', '991 462 794', 'ewbwehvo_pycfcnz@example.com'),
(731, '15759003M', '638 715 425', 'Goldsmith55@example.com'),
(732, '69183081J', '662 506 949', 'Callender@example.com'),
(733, '59373334J', '905 510 521', 'Broderick@example.com'),
(734, '86931052A', '662 941 264', 'SilasVillarreal92@example.com'),
(735, '55044565W', '601 615 799', 'Prosser412@example.com'),
(736, '77405571M', '778 713 673', 'Jarvis@nowhere.com'),
(737, '65651962R', '613 748 071', 'rmnjxer6@example.com'),
(738, '61897017S', '702 624 198', 'Alesha_Abreu@nowhere.com'),
(739, '12139882F', '631 754 552', 'Gidget.Battles@example.com'),
(740, '31994867J', '692 711 361', 'AudrieHopper@example.com'),
(741, '71542829Q', '747 469 500', 'AbernathyA739@nowhere.com'),
(742, '83219141J', '910 861 153', 'Acker@nowhere.com'),
(743, '70060922Z', '700 655 705', 'Lou_Kohler@example.com'),
(744, '33344588Z', '726 752 804', 'Bernier@example.com'),
(745, '34492478V', '968 726 549', 'Bergman@nowhere.com'),
(746, '50418600X', '764 167 726', 'Kruger979@example.com'),
(747, '62041835T', '610 823 573', 'Lenore_Kramer@nowhere.com'),
(748, '81724132K', '939 068 745', 'Almanza@example.com'),
(749, '82253060W', '975 666 675', 'Mimi.Halstead826@example.com'),
(750, '79708575I', '987 598 275', 'Carmichael423@nowhere.com'),
(751, '13180675P', '785 587 064', 'Dirk.Fairchild@example.com'),
(752, '72991653M', '653 293 722', 'OlinHMcswain63@example.com'),
(753, '88872870P', '913 321 404', 'Andrea_Mintz75@example.com'),
(754, '92081227R', '749 659 479', 'WestonJefferies@nowhere.com'),
(755, '22911921U', '750 098 822', 'Burns@example.com'),
(756, '34982005F', '621 053 560', 'Keven.Spain@example.com'),
(757, '84894089C', '946 186 169', 'Odell_W.Bostick31@example.com'),
(758, '89785674L', '642 568 285', 'MoraO@nowhere.com'),
(759, '46930985W', '777 915 720', 'Marr@example.com'),
(760, '38637980P', '649 606 194', 'LonnieMBrackett@example.com'),
(761, '84287571L', '668 063 371', 'LeonBarger@nowhere.com'),
(762, '02560761N', '951 129 516', 'Alcala46@example.com'),
(763, '24520722F', '607 543 252', 'Houston857@example.com'),
(764, '97740110Z', '678 097 718', 'vrbftu977@example.com'),
(765, '17819642A', '760 115 036', 'akpgwjct.xlmjtpkkh@example.com'),
(766, '83321894B', '649 806 958', 'Mcneely761@example.com'),
(767, '94269159D', '640 894 430', 'MarvisBaptiste7@nowhere.com'),
(768, '93665507S', '915 870 267', 'gtawglmf.lutr@example.com'),
(769, '89621491Y', '780 949 258', 'Alger4@example.com'),
(770, '91569310U', '987 851 800', 'Adam8@example.com'),
(771, '09753230C', '934 320 500', 'Kaiser@example.com'),
(772, '65008681V', '660 093 257', 'dtkhdzeq1@example.com'),
(773, '45046602C', '714 744 288', 'RenaLaney@example.com'),
(774, '51315451H', '982 218 901', 'Jackie_Emery@nowhere.com'),
(775, '12060717G', '612 186 790', 'Abraham@example.com'),
(776, '03919366I', '632 707 247', 'Patino@example.com'),
(777, '88394541E', '608 428 511', 'AbbieCrutcher387@example.com'),
(778, '99032179Z', '637 000 043', 'Jewell@example.com'),
(779, '58601934W', '932 304 101', 'Onie.Foreman@nowhere.com'),
(780, '47253736U', '767 575 102', 'Agustina_WLindstrom46@example.com'),
(781, '52116576T', '703 336 220', 'JalisaCornett@nowhere.com'),
(782, '55490392R', '755 751 756', 'Taina.VSteele92@example.com'),
(783, '69613971Q', '737 711 701', 'MaireRosenberg@example.com'),
(784, '94575145C', '957 229 738', 'Krueger@example.com'),
(785, '75919467C', '731 307 191', 'Sapp@example.com'),
(786, '74240329E', '924 486 833', 'Seay2@example.com'),
(787, '85376862N', '716 376 856', 'Stallworth@nowhere.com'),
(788, '78923015U', '963 090 451', 'Abdul_Andersen@example.com'),
(789, '67211463N', '606 045 302', 'Arroyo79@example.com'),
(790, '25502471Y', '975 839 688', 'hcbkub0@example.com'),
(791, '82261404Y', '698 575 978', 'InesPAbernathy@nowhere.com'),
(792, '58024638E', '934 813 860', 'AbbieCovey@nowhere.com'),
(793, '89029524X', '663 037 778', 'FrancesSaxon7@nowhere.com'),
(794, '35353527J', '900 716 294', 'ayzhasjt_woqqk@nowhere.com'),
(795, '56155309R', '930 058 439', 'Lanier@nowhere.com'),
(796, '08818665Y', '925 265 399', 'Emerson.Dotson214@nowhere.com'),
(797, '10148794I', '710 626 173', 'bkqsmwgc_eyzxic@example.com'),
(798, '80002240C', '671 637 003', 'tbbuud15@example.com'),
(799, '44635474B', '600 043 675', 'TeddyMayo272@nowhere.com'),
(800, '54174424K', '603 871 886', 'Haynes168@example.com'),
(801, '36980321J', '653 298 126', 'HarlanOjeda@example.com'),
(802, '58007007I', '651 951 979', 'TheoBeckwith67@example.com'),
(803, '26257452Y', '686 725 078', 'JulietSiegel@nowhere.com'),
(804, '75843301L', '909 231 978', 'Yolanda_X_Alexander74@example.com'),
(805, '27538474J', '799 207 272', 'Lane9@example.com'),
(806, '60039166N', '621 841 819', 'Abney543@example.com'),
(807, '20225216F', '903 715 363', 'Ladner895@nowhere.com'),
(808, '91864857J', '600 244 121', 'Newton.Armenta@example.com'),
(809, '87189639W', '656 716 724', 'AdamCaruso@nowhere.com'),
(810, '17857110N', '982 572 345', 'RudolfBoyles9@nowhere.com'),
(811, '19584266S', '771 265 115', 'AndreBarone3@example.com'),
(812, '07949085E', '612 298 543', 'faawdnjw49@example.com'),
(813, '62909166H', '990 604 297', 'Christiane.Slack@nowhere.com'),
(814, '42320692J', '691 261 303', 'Messer@example.com'),
(815, '00093891Q', '613 550 800', 'Adriane_ZFinn@example.com'),
(816, '06405730M', '629 885 912', 'ClairCrabtree@nowhere.com'),
(817, '89927533S', '778 277 468', 'Grossman764@example.com'),
(818, '14959664D', '906 231 003', 'glrp19@nowhere.com'),
(819, '74179348C', '685 085 996', 'Strauss@nowhere.com'),
(820, '78008720T', '607 470 309', 'Blalock357@example.com'),
(821, '13578435H', '760 183 823', 'Acevedo8@nowhere.com'),
(822, '19609677B', '636 002 769', 'Harvey@example.com'),
(823, '68412876Q', '648 554 812', 'Schilling179@example.com'),
(824, '05230491T', '664 514 145', 'Abreu@example.com'),
(825, '54158451Z', '708 673 017', 'Antone_Clary672@example.com'),
(826, '92090942E', '608 459 173', 'Nicolasa_Starkey@example.com'),
(827, '73158231R', '632 828 933', 'Foster_Curran@example.com'),
(828, '71697348D', '719 951 708', 'JoelU.Duffy@nowhere.com'),
(829, '39264714K', '681 854 828', 'IsmaelSampson5@nowhere.com'),
(830, '45684427J', '937 987 124', 'Bannister@example.com'),
(831, '44632642H', '653 483 548', 'Duarte@example.com'),
(832, '16765625Z', '623 602 941', 'Bernardo.Price@nowhere.com'),
(833, '28253913S', '661 881 236', 'Chung.Bryant@example.com'),
(834, '15115266E', '958 905 768', 'JeffereyBloom4@example.com'),
(835, '18402895E', '785 774 678', 'HerndonP582@example.com'),
(836, '11191984D', '600 618 821', 'Acuna@nowhere.com'),
(837, '46175925B', '995 153 370', 'Ackerman@example.com'),
(838, '00785289B', '938 004 523', 'Withers7@example.com'),
(839, '69532037E', '674 770 342', 'DennyRuiz14@example.com'),
(840, '88198114W', '939 991 410', 'LaraineAlves@nowhere.com'),
(841, '94159801K', '928 327 298', 'Ronni_MAbney688@nowhere.com'),
(842, '28452093J', '692 787 782', 'Barton_UCheek923@example.com'),
(843, '05914016O', '682 666 175', 'Gwenn_Redmond@example.com'),
(844, '28610148O', '795 428 898', 'Wilbur3@nowhere.com'),
(845, '85732852C', '902 352 138', 'euwvlucz_abot@example.com'),
(846, '26895982T', '638 582 969', 'AlecHutchings38@nowhere.com'),
(847, '23232115Z', '792 977 555', 'Dorthea.Held3@example.com'),
(848, '04342560O', '762 384 989', 'Irving.Christiansen2@example.com'),
(849, '81517359M', '925 534 546', 'Plummer@nowhere.com'),
(850, '45554459T', '731 534 535', 'Garland2@nowhere.com'),
(851, '63267279L', '738 862 986', 'ShavonNWaugh8@nowhere.com'),
(852, '20228694A', '608 773 727', 'Alphonso.Downs@example.com'),
(853, '34701338X', '957 318 430', 'KarlClancy99@example.com'),
(854, '07032257Q', '632 513 732', 'Christenson@example.com'),
(855, '55406501R', '798 793 785', 'Sarita_Andre9@nowhere.com'),
(856, '34250868H', '710 637 737', 'Mose_Wallen6@example.com'),
(857, '36571971D', '601 632 657', 'AdalbertoMoody@example.com'),
(858, '06502243H', '962 994 629', 'Adam_Arroyo71@example.com'),
(859, '78482187T', '957 469 134', 'bpgwyz3060@example.com'),
(860, '84921832M', '922 054 858', 'Allison@nowhere.com'),
(861, '89940993K', '707 974 641', 'Ritchie@example.com'),
(862, '66369777O', '933 548 791', 'Grayce.Bauer524@example.com'),
(863, '57931694O', '931 284 726', 'Rodriquez13@nowhere.com'),
(864, '15752068H', '623 493 633', 'fievcdzc8414@example.com'),
(865, '61657163S', '987 631 331', 'Huston@nowhere.com'),
(866, '82452079C', '693 354 230', 'Beryl_Castellano@example.com'),
(867, '99004622P', '940 673 457', 'LakieshaKohler@nowhere.com'),
(868, '84455721L', '631 476 173', 'Cavazos73@example.com'),
(869, '85635920P', '768 172 209', 'EmmittAmos@example.com'),
(870, '10430720I', '907 611 939', 'RichSallee@example.com'),
(871, '03335436D', '902 024 379', 'Noriega1@nowhere.com'),
(872, '74907441K', '732 175 611', 'CierraMaas@nowhere.com'),
(873, '56806988C', '694 703 348', 'Janean_Vidal@example.com'),
(874, '18568738Q', '758 344 148', 'ValentinaB_Schmitt11@example.com'),
(875, '16372464N', '650 822 900', 'AliFairbanks@example.com'),
(876, '14993553M', '789 814 997', 'Lynda.Shelley@nowhere.com'),
(877, '91470263W', '606 082 074', 'DanaSmart697@example.com'),
(878, '57850866R', '718 388 135', 'Robbins@nowhere.com'),
(879, '73601974X', '606 243 785', 'czxs651@nowhere.com'),
(880, '13350120D', '991 859 000', 'LowellU.Dougherty1@nowhere.com'),
(881, '28732797T', '716 868 651', 'Abe_Ontiveros@example.com'),
(882, '58776346Z', '904 771 007', 'yexhj6060@nowhere.com'),
(883, '77750711U', '618 508 039', 'Trent.H.Mcwilliams47@example.com'),
(884, '67848157D', '790 223 858', 'Mims191@nowhere.com'),
(885, '31153031Q', '650 089 740', 'Regan_Pape@example.com'),
(886, '48535450T', '658 273 437', 'CorlissPRichard@example.com'),
(887, '90377496Z', '937 618 071', 'Fultz@example.com'),
(888, '01738754K', '606 209 485', 'Andre@example.com'),
(889, '47109794S', '791 907 645', 'lhbgmchf2813@example.com'),
(890, '83438698A', '640 348 852', 'Carol.Rossi@example.com'),
(891, '37913322R', '765 365 732', 'AlejandraAbraham@nowhere.com'),
(892, '84061086X', '761 822 951', 'Hollis.Scales7@nowhere.com'),
(893, '22544412R', '767 479 538', 'emqoeuyo0@nowhere.com'),
(894, '63777251E', '934 586 602', 'Winford_Abreu@example.com'),
(895, '78844885E', '703 708 720', 'Gifford@example.com'),
(896, '11941484A', '727 954 738', 'Duval17@nowhere.com'),
(897, '63510871I', '775 836 939', 'AdamAlmond@example.com'),
(898, '20589106V', '974 657 313', 'Willow_Dover@example.com'),
(899, '95839197B', '768 978 524', 'fygzrlq756@example.com'),
(900, '44242385X', '764 111 256', 'CarminePederson@example.com'),
(901, '53402643T', '750 125 604', 'RyanFeldman629@nowhere.com'),
(902, '96506509J', '673 475 383', 'MartyButcher@example.com'),
(903, '93546553S', '953 960 702', 'AbrahamLSapp@example.com'),
(904, '80292012C', '668 823 850', 'AbigailHolt564@example.com'),
(905, '87741470K', '937 776 879', 'Creighton@example.com'),
(906, '31205044U', '775 838 523', 'BenedictSimpkins837@example.com'),
(907, '80020230A', '730 405 490', 'Hand@nowhere.com'),
(908, '52601725O', '689 619 362', 'Ferrara@example.com'),
(909, '12462441U', '725 974 224', 'Olin_J_Knudson@example.com'),
(910, '23070306X', '616 931 221', 'Reis@example.com'),
(911, '73114891R', '629 957 894', 'Castleberry7@nowhere.com'),
(912, '18560736M', '788 247 402', 'DetraXSalter@example.com'),
(913, '52644117B', '639 871 789', 'Adair1@nowhere.com'),
(914, '05542914G', '958 722 368', 'wntmb7161@example.com'),
(915, '86829879G', '634 096 103', 'Dang25@example.com'),
(916, '29670980C', '739 339 998', 'Wilhite@example.com'),
(917, '87800134U', '695 349 098', 'BudFrost8@example.com'),
(918, '57896907O', '692 711 751', 'RudolphAckerman4@example.com'),
(919, '79490872P', '746 158 376', 'Thatcher542@example.com'),
(920, '60636399S', '967 708 589', 'wtlis6045@example.com'),
(921, '99464999N', '662 837 620', 'ChestnutH959@example.com'),
(922, '52797447Z', '769 461 565', 'Abbott@example.com'),
(923, '89558601W', '617 399 571', 'Ahrens@example.com'),
(924, '44711568G', '617 487 254', 'Stout@nowhere.com'),
(925, '27926176C', '777 190 622', 'Bobbi.Levine593@example.com'),
(926, '82365392F', '700 778 090', 'Metzger@nowhere.com'),
(927, '67223886S', '615 519 352', 'Parrott@example.com'),
(928, '63104300N', '712 169 190', 'Royster@nowhere.com'),
(929, '09533209Q', '773 493 686', 'Gay22@nowhere.com'),
(930, '63451568Z', '610 321 329', 'Elvia.GLatham59@example.com'),
(931, '51438191I', '604 357 985', 'Pearson688@example.com'),
(932, '43434831C', '695 483 043', 'EulaliaScruggs@example.com'),
(933, '25030302V', '999 993 087', 'lhjq6@nowhere.com'),
(934, '89706939X', '645 672 021', 'Cris.Reichert@nowhere.com'),
(935, '04915950W', '671 112 257', 'VaughnIrby51@example.com'),
(936, '21583970K', '988 027 220', 'BarrettPickens7@nowhere.com'),
(937, '90279726Y', '966 871 161', 'vwyn8@nowhere.com'),
(938, '94099077R', '643 377 647', 'Abe.Koch929@nowhere.com'),
(939, '91309762D', '634 170 138', 'Alvaro.Keck8@example.com'),
(940, '51877929R', '942 602 235', 'MariHarlan@example.com'),
(941, '80858134V', '927 363 166', 'Abraham_Winfield@nowhere.com'),
(942, '21243283W', '929 697 101', 'Ashton42@example.com'),
(943, '44039560G', '607 033 837', 'Kong159@example.com'),
(944, '84697159X', '634 675 426', 'Janine_O.Cupp54@nowhere.com'),
(945, '09722883F', '736 605 861', 'Valene.Schmidt@example.com'),
(946, '46173981B', '969 448 223', 'hntmmfgc_ibjeq@example.com'),
(947, '36000916L', '641 666 708', 'Aguilera@example.com'),
(948, '51642103E', '676 895 166', 'Billy.Morrell7@nowhere.com'),
(949, '85338935Y', '686 913 855', 'EmilioMeyers@nowhere.com'),
(950, '96734491Z', '965 980 567', 'Vella_Abney@example.com'),
(951, '62816057Q', '942 994 446', 'Espinal@example.com'),
(952, '24835087H', '757 754 519', 'Zenobia.Apodaca@example.com'),
(953, '17406436G', '702 597 186', 'wehfq3558@example.com'),
(954, '54865621Q', '938 323 016', 'CoraleeRitter493@example.com'),
(955, '30367050R', '953 450 471', 'Adams47@example.com'),
(956, '77953791A', '921 451 545', 'szlsxpnp0705@example.com'),
(957, '51648802M', '753 427 190', 'Abbott9@example.com'),
(958, '37342186Q', '975 455 746', 'DanEnos@example.com'),
(959, '52652566N', '763 181 584', 'Tracee_Drummond@example.com'),
(960, '26520293Q', '908 226 254', 'AsleyAnaya@example.com'),
(961, '44921398Q', '978 761 337', 'Burgess@example.com'),
(962, '07526765T', '722 241 578', 'ElenoreAhrens@example.com'),
(963, '45682731S', '716 694 312', 'Mayo@example.com'),
(964, '45083142X', '951 995 946', 'Dorman57@example.com'),
(965, '30117836Y', '923 495 980', 'TodJude674@nowhere.com'),
(966, '70621830D', '757 100 796', 'Rex_Cheng897@example.com'),
(967, '97474744T', '983 645 059', 'Ezequiel.AAbernathy984@example.com'),
(968, '60155494D', '737 416 194', 'Mahon976@example.com'),
(969, '95069684Q', '699 936 272', 'Plante@example.com'),
(970, '26280474G', '776 392 271', 'ShavondaPinson7@example.com'),
(971, '10656988Q', '649 793 357', 'Shay@example.com'),
(972, '93023958C', '984 809 840', 'ElveraAbbott8@example.com'),
(973, '83869852N', '706 085 463', 'Shanks@example.com'),
(974, '81788787H', '963 827 187', 'Darrell.Crum@example.com'),
(975, '38483226F', '975 532 689', 'PhillipAugustine@example.com'),
(976, '50032966T', '681 237 710', 'imkt0070@example.com'),
(977, '80162129C', '918 208 504', 'sayat9@nowhere.com'),
(978, '45263569W', '622 963 164', 'Gordon@example.com'),
(979, '28289575L', '931 996 505', 'Acevedo@example.com'),
(980, '04717807E', '623 392 817', 'Cameron_Teel@nowhere.com'),
(981, '94750220W', '970 573 268', 'Weddle@example.com'),
(982, '16422475A', '678 295 147', 'VennieRizzo@example.com'),
(983, '51853276D', '990 457 994', 'Adah_Adkins431@example.com'),
(984, '74166477P', '957 136 079', 'Peralta28@nowhere.com'),
(985, '85801374E', '680 580 290', 'Quintanilla5@example.com'),
(986, '58671564K', '941 066 139', 'MargaritoCullen@example.com'),
(987, '86875470D', '728 712 597', 'surf2159@nowhere.com'),
(988, '19797960E', '664 748 527', 'Holman@example.com'),
(989, '60242101O', '703 441 231', 'ReaganAdcock@example.com'),
(990, '45607947F', '704 183 022', 'AdahAbernathy5@example.com'),
(991, '82691297B', '942 716 101', 'Lindsey.Zhang374@example.com'),
(992, '99187009C', '971 613 462', 'uxfdrq3504@example.com'),
(993, '92052837G', '720 997 006', 'Decker@example.com'),
(994, '18326677V', '646 961 475', 'Foret@example.com'),
(995, '75463003D', '956 482 822', 'Aldridge@example.com'),
(996, '55257241Q', '932 111 428', 'Wilson_I.Abney@example.com'),
(997, '34768662D', '788 042 485', 'GraigBerman821@example.com'),
(998, '72637473A', '645 662 002', 'Sheldon_W_Burgos@example.com'),
(999, '28049786U', '723 097 453', 'DenishaApplegate@nowhere.com'),
(1000, '74014741A', '615 495 571', 'Jarvis467@example.com');

-- 
-- Dumping data for table propiedades
--
INSERT INTO propiedades VALUES
(1, 'Segovia', '5B Beachborough Road', 9, 0, 63),
(2, 'Cordoba', '1-7 Haig Road', 7, 1, 679),
(3, 'Segovia', '78C Streathbourne Road', 8, 0, 232),
(4, 'Cordoba', '5 Trowlock Way', 4, 1, 798),
(5, 'Salamanca', '4-6 Read Court', 8, 0, 862),
(6, 'Malaga', '3-7 St George''s Walk', 4, 0, 683),
(7, 'Bilbao', '84 Lucerne Road', 6, 0, 454),
(8, 'Santander', '58 Back Lane', 6, 0, 104),
(9, 'Sevilla', '7A Archway Road', 6, 0, 669),
(10, 'Sevilla', '24-39 Chadwick Road', 7, 1, 501),
(11, 'Segovia', '7 Aubrey Road', 2, 1, 998),
(12, 'Valencia', '4 Lock Court', 4, 0, 646),
(13, 'Madrid', '80 Clifford Road', 7, 1, 947),
(14, 'Granada', '53-47 Abbey Road', 10, 0, 26),
(15, 'Barcelona', '1-8 Honour Lea Avenue', 6, 0, 10),
(16, 'Sevilla', '2 Norman Road', 5, 1, 89),
(17, 'Bilbao', '21-49 Princess Road', 9, 1, 669),
(18, 'Vigo', '6 Mulgrave Road', 2, 0, 574),
(19, 'Santander', '1 Romford Road', 9, 0, 361),
(20, 'Santander', '6 Paradise Row', 4, 0, 942),
(21, 'Santander', '901 Amber Close', 8, 0, 851),
(22, 'Granada', '42-56 Abercairn Road', 9, 0, 623),
(23, 'Granada', '26 Purley Bury Avenue', 6, 0, 325),
(24, 'Pamplona', '91 Norwood Road', 10, 0, 224),
(25, 'Pamplona', '4 Jerdan Place', 5, 0, 232),
(26, 'Oviedo', '24-47 Albion Road', 8, 0, 657),
(27, 'Granada', '51-48 Vauxhall Bridge Road', 8, 0, 384),
(28, 'Vigo', '31-48 Waverley Avenue', 7, 0, 474),
(29, 'Barcelona', '7B Salway Place', 7, 0, 925),
(30, 'Vigo', '167 A-B Abercorn Crescent', 6, 0, 152),
(31, 'Salamanca', '9 Baker Street', 6, 1, 966),
(32, 'Pamplona', '88 William Morris Close', 9, 0, 775),
(33, 'Salamanca', '1-6 St Ann''s Road', 7, 0, 625),
(34, 'Pamplona', '51-39 Wood Lane', 5, 1, 724),
(35, 'Oviedo', '71A Waxwell Lane', 9, 0, 278),
(36, 'Valladolid', '1 Viking Close', 8, 1, 324),
(37, 'Vitoria', '11-56 Endell Street', 7, 0, 611),
(38, 'Oviedo', '37 Abbey Mews', 7, 0, 173),
(39, 'Salamanca', '8 Three Colt Street', 8, 0, 989),
(40, 'Barcelona', '21 Amyand Park Road', 5, 0, 27),
(41, 'Malaga', '1-6 Field End Road', 7, 0, 43),
(42, 'Vigo', '7 Ashwin Street', 5, 0, 49),
(43, 'Barcelona', '678C Violet Close', 5, 0, 264),
(44, 'Bilbao', '24-27 Hutchings Street', 3, 1, 207),
(45, 'Sevilla', '9 Vorley Road', 6, 1, 560),
(46, 'Cordoba', '8 Shernhall Street', 5, 0, 313),
(47, 'Vigo', '111E Abbotsbury Road', 8, 1, 570),
(48, 'Madrid', '32-59 Milner Street', 4, 0, 276),
(49, 'Valladolid', '11-46 Frith Street', 5, 0, 137),
(50, 'Valencia', '12-29 Tenterden Street', 10, 1, 106),
(51, 'Pamplona', '9 Northcote Road', 6, 1, 575),
(52, 'Oviedo', '1 Brookfield Avenue', 8, 1, 396),
(53, 'Oviedo', '5-9 Tabot Court', 5, 0, 847),
(54, 'Valencia', '3 Victoria Park Road', 4, 1, 70),
(55, 'Valencia', '25-19 Hanworth Road', 4, 0, 937),
(56, 'Segovia', '4-7 Approach Road', 3, 1, 884),
(57, 'Vigo', '54-18 Abyssinia Close', 7, 0, 449),
(58, 'Malaga', '43-16 Abbey Mews', 8, 0, 910),
(59, 'Granada', '7B Edgware Road', 3, 0, 55),
(60, 'Vigo', '51-16 Abbotsbury Road', 9, 1, 53),
(61, 'Madrid', '18 Apsley Way', 9, 0, 668),
(62, 'Segovia', '51-49 Abbey Lane', 9, 0, 589),
(63, 'Cordoba', '8A Abbey Mews', 8, 0, 915),
(64, 'Bilbao', '54-59 Mullards Close', 3, 0, 250),
(65, 'Santander', '24-27 Crestfield Street', 5, 1, 696),
(66, 'Bilbao', '5-7 Wycherley Crescent', 9, 0, 193),
(67, 'Valladolid', '55-18 Albemarle Street', 10, 1, 849),
(68, 'Segovia', '22 A-B Rosebery Avenue', 6, 0, 164),
(69, 'Cordoba', '23-49 Arbery Road', 5, 1, 377),
(70, 'Cordoba', '42-39 Apollo Place', 2, 0, 549),
(71, 'Vigo', '6C Rosebury Avenue', 9, 0, 815),
(72, 'Salamanca', '2-9 Gray''s Inn Road', 6, 0, 20),
(73, 'Salamanca', '21-27 Barbauld Road', 10, 1, 187),
(74, 'Madrid', '6 A-B Cheriton Square', 3, 0, 209),
(75, 'Malaga', '5C Melody Road', 10, 0, 554),
(76, 'Barcelona', '41-38 Wilmer Lea Close', 7, 0, 892),
(77, 'Salamanca', '53-48 Falcon Road', 7, 1, 807),
(78, 'Granada', '4-9 Hornsey Road', 4, 1, 233),
(79, 'Cordoba', '4-8 Sydenham Hill', 3, 0, 173),
(80, 'Pamplona', '33-47 Great Windmill Street', 7, 0, 84),
(81, 'Cordoba', '2 Poland Street', 4, 0, 473),
(82, 'Sevilla', '14-37 Walpole Road', 4, 1, 359),
(83, 'Malaga', '1-9 Acacia Road', 9, 0, 227),
(84, 'Malaga', '2 Maiden Lane', 4, 0, 631),
(85, 'Valladolid', '23-27 Arundel Street', 5, 1, 857),
(86, 'Barcelona', '23-38 Clarges Street', 9, 0, 286),
(87, 'Segovia', '7 A-B Walfield Avenue', 5, 1, 361),
(88, 'Valencia', '3-6 Bloomsbury Street', 10, 0, 379),
(89, 'Valladolid', '55-48 Ryde Vale Road', 5, 0, 873),
(90, 'Santander', '2 Abbey Lane', 4, 0, 884),
(91, 'Valladolid', '53-39 Brixton Station Road', 5, 1, 447),
(92, 'Bilbao', '24-58 Birdsfield Lane', 10, 1, 755),
(93, 'Bilbao', '35-38 Poppy Close', 9, 1, 939),
(94, 'Vigo', '1-9 Craven Hill', 8, 0, 226),
(95, 'Sevilla', '3-9 Sandland Street', 10, 0, 606),
(96, 'Malaga', '6 Great Russell Street', 6, 0, 781),
(97, 'Barcelona', '45-36 Upper Walthamstow Road', 3, 1, 403),
(98, 'Sevilla', '25-26 Linden Crescent', 4, 1, 368),
(99, 'Valladolid', '5 Abyssinia Close', 4, 1, 325),
(100, 'Madrid', '31-36 Boleyn Road', 6, 0, 968),
(101, 'Valladolid', '51-16 Adelaide Grove', 7, 0, 351),
(102, 'Oviedo', '5-8 Alexandra Avenue', 6, 1, 385),
(103, 'Vigo', '8 Saint Ann''s Road', 2, 0, 860),
(104, 'Sevilla', '42-58 Stewart Street', 6, 0, 939),
(105, 'Barcelona', '13 A-D Queens Court', 9, 0, 263),
(106, 'Sevilla', '6D Electric Avenue', 7, 0, 133),
(107, 'Malaga', '5-9 Magdalen Street', 3, 1, 919),
(108, 'Vitoria', '3-9 Woburn Place', 2, 1, 630),
(109, 'Madrid', '5-7 Clink Street', 6, 0, 253),
(110, 'Cordoba', '88 A-E Thurloe Street', 7, 0, 130),
(111, 'Salamanca', '644 Elliott Road', 4, 0, 706),
(112, 'Valladolid', '5-9 Wallwood Road', 10, 0, 579),
(113, 'Madrid', '4-7 Wallace Road', 7, 0, 936),
(114, 'Vitoria', '3 Upper Brook Street', 8, 1, 131),
(115, 'Segovia', '4-8 Dunston Street', 3, 0, 211),
(116, 'Valladolid', '89B Epworth Road', 4, 0, 998),
(117, 'Bilbao', '3-7 Station Road', 3, 1, 576),
(118, 'Sevilla', '8B Acton Mews', 8, 1, 355),
(119, 'Oviedo', '9 A-D Abbey Road', 6, 1, 249),
(120, 'Pamplona', '7 Chippenham Road', 7, 1, 280),
(121, 'Bilbao', '1-9 Charles Street', 7, 0, 924),
(122, 'Oviedo', '1 Sale Place', 4, 0, 642),
(123, 'Bilbao', '665 Wingletye Lane', 5, 0, 254),
(124, 'Vigo', '9 A-C Hurdwick Place', 9, 0, 83),
(125, 'Valladolid', '31-49 Corker Walk', 2, 1, 923),
(126, 'Vigo', '6C Hoxton Street', 8, 1, 526),
(127, 'Madrid', '1D Lansdowne Road', 4, 0, 57),
(128, 'Segovia', '2-6 Lisson Grove', 7, 0, 506),
(129, 'Malaga', '7 Abbey Street', 4, 0, 93),
(130, 'Salamanca', '52 A-B Cecelia Road', 2, 0, 503),
(131, 'Bilbao', '2-7 Albert Street', 5, 0, 868),
(132, 'Bilbao', '97 Elm Park Avenue', 7, 0, 460),
(133, 'Bilbao', '2-6 Great Queen Street', 5, 1, 649),
(134, 'Oviedo', '5-9 Abbeville Road', 8, 1, 922),
(135, 'Cordoba', '13-39 Clarence Street', 5, 1, 481),
(136, 'Bilbao', '5-9 Heath Road', 8, 0, 892),
(137, 'Madrid', '2-9 Kingston Lane', 8, 0, 108),
(138, 'Segovia', '82 Bedford Place', 9, 1, 393),
(139, 'Granada', '8 Barking Road', 3, 0, 110),
(140, 'Malaga', '4 Green Street', 7, 1, 191),
(141, 'Cordoba', '5-9 Rochester Way', 2, 0, 805),
(142, 'Sevilla', '262 Borwick Avenue', 5, 1, 145),
(143, 'Valencia', '2-9 Aberconway Road', 7, 1, 592),
(144, 'Granada', '5 Honour Lea Avenue', 2, 0, 809),
(145, 'Granada', '3-9 Hyde Park Place', 5, 0, 486),
(146, 'Cordoba', '11-27 Brentford High Street', 6, 0, 677),
(147, 'Oviedo', '96 A-D Bermondsey Square', 6, 1, 14),
(148, 'Cordoba', '43-49 Whitehall Place', 5, 0, 537),
(149, 'Oviedo', '3 Masons Avenue', 10, 1, 213),
(150, 'Valencia', '1-7 Earl''s Court Road', 2, 1, 418),
(151, 'Segovia', '14-38 Worship Street', 8, 0, 98),
(152, 'Bilbao', '21 Brixton Water Lane', 8, 1, 83),
(153, 'Vigo', '3-9 Paddington Court', 6, 0, 872),
(154, 'Segovia', '2-9 Bedford Place', 2, 0, 756),
(155, 'Santander', '1-9 Pentonville Road', 6, 1, 655),
(156, 'Barcelona', '44-47 Kimberley Road', 6, 0, 844),
(157, 'Santander', '33-38 Kenilworth Avenue', 2, 0, 793),
(158, 'Sevilla', '8 Corbett Road', 8, 0, 621),
(159, 'Segovia', '21-59 Atlantic Road', 6, 1, 319),
(160, 'Madrid', '2-6 Drury Road', 7, 0, 935),
(161, 'Malaga', '42-58 Rayners Lane', 4, 0, 757),
(162, 'Vitoria', '54-28 Storey Road', 7, 0, 978),
(163, 'Granada', '8 Abbey Mews', 7, 0, 935),
(164, 'Valladolid', '6D Bethnal Green Road', 8, 0, 743),
(165, 'Malaga', '3-7 Anselm Road', 8, 1, 462),
(166, 'Valencia', '35-27 Cray Avenue', 6, 1, 474),
(167, 'Sevilla', '889 Catford Broadway', 6, 0, 232),
(168, 'Sevilla', '9 Mercer Street', 10, 0, 639),
(169, 'Barcelona', '5E Pearl Road', 6, 1, 15),
(170, 'Madrid', '5 Hampton Road', 10, 1, 869),
(171, 'Malaga', '8 Bernard Road', 4, 0, 222),
(172, 'Barcelona', '54-49 Enford Street', 10, 0, 916),
(173, 'Granada', '1B Enford Street', 7, 0, 553),
(174, 'Bilbao', '1-8 Central Square', 2, 1, 779),
(175, 'Segovia', '41-29 Alder Road', 7, 0, 307),
(176, 'Cordoba', '64 A-B Chatham Street', 2, 0, 14),
(177, 'Valladolid', '5B Malden Road', 4, 0, 387),
(178, 'Madrid', '4-9 St John''s Way', 5, 1, 988),
(179, 'Sevilla', '3-7 Ford Close', 6, 0, 6),
(180, 'Sevilla', '3 Bow Road', 5, 0, 455),
(181, 'Santander', '7 Abercorn Crescent', 3, 0, 827),
(182, 'Malaga', '7 Gordon Hill', 7, 0, 903),
(183, 'Barcelona', '1-8 Winns Avenue', 7, 0, 417),
(184, 'Cordoba', '2-7 Holyrood Street', 5, 0, 408),
(185, 'Oviedo', '41-47 Lexington Street', 3, 1, 604),
(186, 'Bilbao', '5 Brettenham Avenue', 10, 0, 727),
(187, 'Pamplona', '40 Great Titchfield Street', 2, 0, 922),
(188, 'Malaga', '51-36 Montague Street', 4, 1, 705),
(189, 'Oviedo', '2-9 Chamomile Court', 6, 1, 292),
(190, 'Santander', '53-16 Carminia Road', 10, 1, 560),
(191, 'Bilbao', '6 Judd Street', 3, 0, 577),
(192, 'Barcelona', '7 Lytchett Way', 5, 1, 342),
(193, 'Segovia', '9 Bonnington Square', 9, 0, 835),
(194, 'Granada', '4-6 Chamber Street', 3, 0, 819),
(195, 'Granada', '3 Grove Street', 8, 0, 844),
(196, 'Barcelona', '54-36 Adelaide Street', 5, 1, 699),
(197, 'Malaga', '7 Ash Close', 7, 0, 366),
(198, 'Vigo', '123E Sylvan Road', 8, 0, 125),
(199, 'Granada', '5-9 Leverton Street', 2, 0, 147),
(200, 'Cordoba', '15-18 Sekforde Street', 6, 1, 70),
(201, 'Vitoria', '83A Nottingham Street', 6, 1, 921),
(202, 'Valencia', '93 A-C Allitsen Road', 3, 0, 914),
(203, 'Segovia', '2 A-E Antill Road', 4, 0, 421),
(204, 'Barcelona', '6 Bluebell Close', 2, 0, 771),
(205, 'Vigo', '135 A-B Arkley Road', 4, 0, 230),
(206, 'Valladolid', '44-27 Hildreth Street', 4, 0, 58),
(207, 'Barcelona', '1-8 Kingston Road', 6, 0, 927),
(208, 'Granada', '44-39 Hoxton Street', 8, 0, 447),
(209, 'Valladolid', '628 A-B Victoria Road', 7, 1, 192),
(210, 'Oviedo', '13-36 Perren Street', 5, 0, 447),
(211, 'Vitoria', '9 Redchurch Street', 6, 1, 480),
(212, 'Cordoba', '41-58 Copley Close', 3, 0, 85),
(213, 'Valencia', '32-27 Slagrove Place', 2, 1, 187),
(214, 'Santander', '5-8 Hobart Place', 4, 0, 833),
(215, 'Vitoria', '2-9 Ford Close', 3, 0, 626),
(216, 'Valencia', '1-9 Sapphire Court', 2, 1, 51),
(217, 'Cordoba', '2-9 Pigeon Court', 6, 0, 599),
(218, 'Barcelona', '7 Weymouth Avenue', 7, 1, 990),
(219, 'Valladolid', '25B Bellevue Road', 3, 1, 683),
(220, 'Sevilla', '1-7 Snowden Street', 4, 0, 963),
(221, 'Vitoria', '7 Peckham Road', 6, 1, 694),
(222, 'Cordoba', '35-59 Abyssinia Close', 9, 0, 246),
(223, 'Segovia', '54-48 Leamington Avenue', 8, 0, 955),
(224, 'Oviedo', '7E Abbeville Road', 7, 0, 718),
(225, 'Valencia', '9 Winsley Street', 9, 1, 747),
(226, 'Vitoria', '3 Upper Street', 2, 0, 9),
(227, 'Vigo', '4-8 Abbotsbury Road', 2, 0, 891),
(228, 'Vitoria', '13-39 Adelaide Grove', 5, 0, 803),
(229, 'Cordoba', '54-57 Black Prince Road', 10, 0, 813),
(230, 'Malaga', '2B Mersey Road', 9, 1, 131),
(231, 'Vigo', '15-27 Paradise Road', 8, 0, 194),
(232, 'Salamanca', '9E Highgate', 9, 1, 323),
(233, 'Bilbao', '4-6 Wood End Avenue', 5, 0, 591),
(234, 'Granada', '9 A-D James Street', 5, 1, 789),
(235, 'Valencia', '3-8 Miles Road', 2, 0, 194),
(236, 'Segovia', '2 Albert Road', 9, 1, 381),
(237, 'Oviedo', '2-6 Armadale Road', 3, 0, 785),
(238, 'Barcelona', '5A Abbey Mews', 5, 0, 564),
(239, 'Cordoba', '8B Bateman Street', 10, 0, 779),
(240, 'Sevilla', '116 Malvern Avenue', 4, 0, 869),
(241, 'Pamplona', '1C Abbey Mews', 10, 1, 126),
(242, 'Salamanca', '8E Great Cumberland Street', 6, 0, 76),
(243, 'Barcelona', '1-7 Armstrong Way', 10, 0, 878),
(244, 'Vigo', '41-19 Pennard Road', 5, 0, 510),
(245, 'Vitoria', '5 Abyssinia Close', 5, 1, 933),
(246, 'Vigo', '4-7 Micklethwaite Road', 7, 0, 551),
(247, 'Valladolid', '4 Malvern Avenue', 2, 1, 486),
(248, 'Salamanca', '230 Stamford Street', 9, 1, 48),
(249, 'Vigo', '6 Sudbury Heights Avenue', 6, 1, 465),
(250, 'Valladolid', '15-39 Tower Hamlets Road', 9, 0, 240),
(251, 'Granada', '1 Dartmouth Road', 3, 0, 339),
(252, 'Granada', '4-9 Barking Road', 5, 0, 664),
(253, 'Valladolid', '33-17 Limewood Close', 5, 0, 523),
(254, 'Sevilla', '1 Ash Court', 7, 0, 562),
(255, 'Santander', '4A Broomfield Avenue', 2, 0, 546),
(256, 'Segovia', '34-38 Woburn Walk', 7, 0, 858),
(257, 'Valladolid', '2E Cambridge Avenue', 6, 1, 267),
(258, 'Bilbao', '4 Clarendon Place', 2, 0, 84),
(259, 'Vitoria', '51-58 Farm Lane', 10, 0, 988),
(260, 'Valencia', '43-36 Koshari Street', 7, 1, 834),
(261, 'Malaga', '11-57 Priory Avenue', 4, 0, 312),
(262, 'Barcelona', '1-6 Newham''s Row', 6, 0, 549),
(263, 'Valladolid', '6 A-B Store Street', 4, 0, 328),
(264, 'Sevilla', '43-29 Acton Mews', 5, 1, 319),
(265, 'Sevilla', '4-8 Tothill Street', 9, 0, 633),
(266, 'Valladolid', '24B Saint John''s Hill', 8, 0, 110),
(267, 'Barcelona', '56 A-E Netley Road', 2, 0, 712),
(268, 'Bilbao', '5-7 Moreton Street', 7, 0, 978),
(269, 'Pamplona', '45-59 Binfield Road', 7, 1, 235),
(270, 'Bilbao', '45-37 Warwick Street', 7, 0, 103),
(271, 'Vigo', '2-7 Brent Road', 9, 0, 732),
(272, 'Santander', '92 Sale Place', 9, 1, 586),
(273, 'Vitoria', '44-46 Litchfield Street', 8, 1, 623),
(274, 'Sevilla', '5-9 Third Avenue', 9, 0, 424),
(275, 'Vigo', '33-58 Abbeville Road', 8, 1, 35),
(276, 'Santander', '7 A-E George Street', 6, 0, 199),
(277, 'Salamanca', '8 Middle Road', 5, 0, 626),
(278, 'Salamanca', '1-6 Adelaide Grove', 7, 0, 468),
(279, 'Segovia', '3 Buckingham Road', 9, 0, 708),
(280, 'Barcelona', '51-59 Lewisham High Street', 3, 0, 360),
(281, 'Bilbao', '4-8 Lacy Road', 5, 1, 260),
(282, 'Cordoba', '41-38 Penton Street', 7, 0, 867),
(283, 'Cordoba', '6 Corker Walk', 5, 0, 963),
(284, 'Valladolid', '5-7 Vincent Square', 5, 0, 967),
(285, 'Madrid', '2-6 Connaught Road', 4, 0, 995),
(286, 'Granada', '21-38 Maybank Road', 8, 1, 341),
(287, 'Madrid', '6 Draycott Avenue', 10, 0, 757),
(288, 'Valladolid', '8 Cabot Square', 9, 0, 289),
(289, 'Cordoba', '5-9 Lucerne Road', 5, 1, 948),
(290, 'Oviedo', '41-48 Collier Row Road', 8, 0, 655),
(291, 'Salamanca', '5 Hancock Road', 3, 1, 825),
(292, 'Madrid', '59 Tachbrook Street', 6, 0, 28),
(293, 'Vigo', '95 All Saints Road', 10, 0, 433),
(294, 'Vitoria', '51 A-D Acol Road', 6, 0, 277),
(295, 'Cordoba', '1 Brooke Road', 2, 0, 761),
(296, 'Granada', '10 Cowley Road', 9, 0, 592),
(297, 'Segovia', '527 Galveston Road', 6, 1, 612),
(298, 'Bilbao', '7C Cumberland Court', 10, 0, 501),
(299, 'Santander', '2 Costons Lane', 8, 0, 303),
(300, 'Sevilla', '667 Newman Street', 2, 1, 570),
(301, 'Vitoria', '1 D''Arblay Street', 4, 0, 437),
(302, 'Madrid', '588 Alander Mews', 3, 0, 905),
(303, 'Barcelona', '3-9 Terminus Place', 8, 1, 135),
(304, 'Salamanca', '51-47 Churton Street', 7, 0, 564),
(305, 'Bilbao', '7A Broadwalk', 2, 0, 529),
(306, 'Salamanca', '7 A-B Tower Mews', 3, 0, 166),
(307, 'Vitoria', '1 All Saints Street', 2, 0, 552),
(308, 'Santander', '41-49 St. Saviour''s Road', 7, 0, 433),
(309, 'Barcelona', '3 New Road', 10, 0, 999),
(310, 'Granada', '28 Frocks Away', 6, 0, 165),
(311, 'Cordoba', '25-49 Kynaston Avenue', 10, 1, 768),
(312, 'Sevilla', '3-8 Fulham High Street', 9, 0, 334),
(313, 'Vigo', '35-19 Dufferin Avenue', 5, 0, 476),
(314, 'Vigo', '5-8 Archway Road', 10, 1, 880),
(315, 'Vitoria', '5-7 Glenbarr Close', 9, 1, 806),
(316, 'Barcelona', '43 Arlington Road', 7, 1, 937),
(317, 'Salamanca', '53-27 All Saints Road', 3, 1, 758),
(318, 'Segovia', '8 North End Road', 4, 0, 842),
(319, 'Malaga', '6 London Bridge Street', 5, 0, 806),
(320, 'Sevilla', '6 Air Street', 2, 0, 461),
(321, 'Bilbao', '43-38 Boone Street', 10, 0, 41),
(322, 'Cordoba', '44-27 Duke Street', 8, 1, 398),
(323, 'Pamplona', '2 Burland Road', 5, 0, 469),
(324, 'Granada', '6 Lichfield Grove', 9, 0, 504),
(325, 'Pamplona', '9 Newell Street', 5, 0, 63),
(326, 'Malaga', '2-7 Waldegrave Road', 3, 0, 483),
(327, 'Cordoba', '5-8 Chamber Street', 6, 0, 974),
(328, 'Segovia', '43-27 Moorfield Road', 9, 0, 321),
(329, 'Pamplona', '2-9 Abbeville Road', 5, 1, 340),
(330, 'Bilbao', '3 Abbey Road', 4, 0, 697),
(331, 'Sevilla', '8 Amersham Vale', 8, 1, 727),
(332, 'Santander', '24-56 Lisson Grove', 7, 0, 914),
(333, 'Vitoria', '5 Glenhead Close', 8, 1, 678),
(334, 'Santander', '55-57 Acton Lane', 5, 0, 699),
(335, 'Vitoria', '4-7 Comley Bank Road', 4, 1, 473),
(336, 'Pamplona', '96 A-D Battersea Square', 6, 0, 295),
(337, 'Sevilla', '3-9 Spears Road', 7, 0, 975),
(338, 'Valladolid', '28D Abbey Lane', 7, 0, 15),
(339, 'Madrid', '3-8 Amber Close', 9, 1, 750),
(340, 'Granada', '1-9 Torrington Road', 9, 1, 753),
(341, 'Barcelona', '2-6 Clerkenwell Road', 4, 0, 403),
(342, 'Granada', '1 Exeter Road', 3, 0, 998),
(343, 'Cordoba', '52-46 Alfred Place', 7, 0, 828),
(344, 'Cordoba', '23-28 Elford Close', 7, 0, 488),
(345, 'Vigo', '2 Bedford Way', 6, 0, 718),
(346, 'Valencia', '8 A-D Bramley Road', 6, 0, 816),
(347, 'Madrid', '4-9 Markfield Road', 9, 0, 109),
(348, 'Oviedo', '2 A-E Gordon Road', 10, 0, 568),
(349, 'Barcelona', '7E Clissold Crescent', 3, 0, 367),
(350, 'Madrid', '8 A-E Wallis Court', 6, 1, 938),
(351, 'Santander', '2-6 Moorhead Way', 6, 0, 748),
(352, 'Bilbao', '8B Albermarle Road', 4, 0, 801),
(353, 'Sevilla', '8 Morden Road', 3, 0, 764),
(354, 'Valladolid', '24-38 Albert Basin Way', 5, 0, 9),
(355, 'Bilbao', '4-6 Buckingham Palace Road', 7, 0, 293),
(356, 'Valencia', '51-36 Erconwald Street', 8, 1, 558),
(357, 'Cordoba', '2-7 Abbey Mews', 5, 0, 811),
(358, 'Vitoria', '11-16 Park Street', 2, 0, 25),
(359, 'Segovia', '2 Alexandra Road', 2, 0, 650),
(360, 'Bilbao', '4 North Street', 3, 1, 976),
(361, 'Granada', '6 Brooksby''s Walk', 10, 1, 45),
(362, 'Santander', '5-9 Bastwick Street', 6, 0, 98),
(363, 'Salamanca', '50 Culvert Road', 8, 0, 506),
(364, 'Vitoria', '1-7 Kathleen Road', 7, 1, 878),
(365, 'Segovia', '2-9 Vine Road', 6, 0, 574),
(366, 'Granada', '2-7 Abercorn Crescent', 6, 0, 695),
(367, 'Cordoba', '3-7 Argyle Square', 4, 0, 898),
(368, 'Salamanca', '3 Tildesley Road', 5, 1, 575),
(369, 'Cordoba', '125C Collier Row Road', 5, 0, 167),
(370, 'Bilbao', '8 Melcombe Street', 6, 0, 706),
(371, 'Valencia', '8 Field End Road', 2, 0, 273),
(372, 'Barcelona', '4A Albemarle Street', 6, 1, 518),
(373, 'Vitoria', '1-6 Charlton Road', 8, 0, 21),
(374, 'Pamplona', '2-6 Great Cumberland Mews', 8, 1, 100),
(375, 'Barcelona', '2-8 Alpha Grove', 10, 1, 721),
(376, 'Pamplona', '6 Brookdale Road', 2, 0, 13),
(377, 'Santander', '7 Dovehouse Street', 10, 1, 509),
(378, 'Vigo', '14-27 Acton Lane', 2, 0, 511),
(379, 'Pamplona', '11-19 Duke of York Square', 9, 0, 530),
(380, 'Barcelona', '86 A-C Abbey Lane', 5, 0, 246),
(381, 'Santander', '22-57 Radcliffe Road', 9, 0, 109),
(382, 'Vitoria', '5-6 Leighton Grove', 2, 0, 176),
(383, 'Valencia', '1 Thackeray Street', 9, 1, 632),
(384, 'Vitoria', '2-8 Abbeville Road', 10, 0, 934),
(385, 'Barcelona', '4-6 Loughborough Road', 7, 0, 195),
(386, 'Bilbao', '54-18 Old Street', 9, 0, 449),
(387, 'Valladolid', '7B Coborn Road', 4, 1, 885),
(388, 'Santander', '9 Dorrell Place', 6, 1, 819),
(389, 'Valencia', '35-17 Koshari Street', 4, 1, 424),
(390, 'Pamplona', '42 Spring Street', 7, 1, 166),
(391, 'Bilbao', '4 First Avenue', 7, 0, 124),
(392, 'Valencia', '2 Bulstrode Street', 5, 0, 801),
(393, 'Sevilla', '22-46 Greenan Court', 4, 0, 308),
(394, 'Valencia', '1-9 Lancaster Road', 10, 0, 404),
(395, 'Vigo', '6 Abbey Lane', 10, 1, 421),
(396, 'Vitoria', '51-56 Langthorne Road', 6, 0, 963),
(397, 'Pamplona', '5 A-D St. John''s Road', 3, 0, 612),
(398, 'Sevilla', '2-7 Charles Crescent', 6, 0, 820),
(399, 'Valladolid', '22-37 Electric Avenue', 10, 1, 2),
(400, 'Bilbao', '13-16 Rochester Row', 9, 0, 719),
(401, 'Valencia', '52-26 Browning Avenue', 5, 1, 555),
(402, 'Valladolid', '34C Lisle Street', 4, 0, 971),
(403, 'Pamplona', '41-49 Creek Road', 7, 0, 819),
(404, 'Sevilla', '4 St Katharine''s Way', 10, 0, 635),
(405, 'Pamplona', '43 Roman Road', 2, 0, 50),
(406, 'Vigo', '57A Bradbury Street', 3, 0, 984),
(407, 'Vitoria', '13-17 Winns Avenue', 5, 1, 593),
(408, 'Santander', '3-7 Abbey Mews', 8, 1, 553),
(409, 'Granada', '2-8 London Bridge Street', 5, 0, 758),
(410, 'Granada', '4 Frith Road', 9, 0, 577),
(411, 'Vigo', '1-7 Court Road', 7, 1, 512),
(412, 'Sevilla', '144 A-B Hanover Street', 6, 1, 257),
(413, 'Salamanca', '2A Peckham High Street', 8, 0, 756),
(414, 'Segovia', '1-6 Trafalgar Square', 6, 0, 936),
(415, 'Sevilla', '5 Court Road', 10, 0, 785),
(416, 'Malaga', '2-8 Camberwell Grove', 4, 1, 231),
(417, 'Vigo', '3 City Road', 5, 0, 552),
(418, 'Granada', '4 Longridge Road', 5, 1, 143),
(419, 'Oviedo', '7 Fruen Road', 8, 0, 587),
(420, 'Valladolid', '25-29 Evershed Walk', 3, 1, 68),
(421, 'Sevilla', '33-46 Rutland Court', 8, 0, 677),
(422, 'Segovia', '1 Daventry Avenue', 6, 1, 702),
(423, 'Pamplona', '16 Holly Road', 3, 1, 921),
(424, 'Oviedo', '1 Jonathan Street', 9, 0, 690),
(425, 'Cordoba', '2 Founders Mews', 9, 0, 653),
(426, 'Cordoba', '55-27 Newport Road', 7, 0, 207),
(427, 'Barcelona', '5-6 Hackney Road', 8, 0, 78),
(428, 'Sevilla', '15E Alma Square', 7, 0, 44),
(429, 'Valladolid', '3-6 Markhouse Road', 4, 1, 119),
(430, 'Sevilla', '1 Glendale Close', 9, 1, 809),
(431, 'Pamplona', '621 Longridge Lane', 3, 1, 311),
(432, 'Barcelona', '1-8 Amersham Road', 2, 0, 114),
(433, 'Santander', '5-9 Mercier Road', 8, 0, 901),
(434, 'Valladolid', '15-27 Abercairn Road', 9, 1, 91),
(435, 'Vigo', '3 St Stephens Close', 8, 0, 160),
(436, 'Santander', '6 Abbey Road', 7, 1, 421),
(437, 'Barcelona', '1 A-C Abbey Street', 9, 1, 790),
(438, 'Malaga', '1 Arbery Road', 9, 0, 432),
(439, 'Salamanca', '3-8 Kennington Park Road', 7, 1, 149),
(440, 'Vitoria', '5 Ariel Way', 7, 0, 853),
(441, 'Cordoba', '4-9 Tabot Court', 2, 1, 694),
(442, 'Granada', '3-7 Abercorn Crescent', 4, 0, 946),
(443, 'Salamanca', '5-8 Hyde Park Place', 8, 1, 631),
(444, 'Segovia', '9 Peter Street', 10, 1, 614),
(445, 'Bilbao', '3-7 Beryl Road', 6, 0, 211),
(446, 'Pamplona', '41-17 Douglas Road', 8, 0, 228),
(447, 'Pamplona', '49C Aldriche Way', 7, 1, 637),
(448, 'Pamplona', '8 Prince Regent Court', 7, 0, 415),
(449, 'Vitoria', '3 Great Portland Street', 3, 1, 795),
(450, 'Oviedo', '1 Morton Court', 9, 0, 958),
(451, 'Valencia', '7D Corker Walk', 4, 0, 309),
(452, 'Oviedo', '5-9 Lollard Street', 7, 0, 491),
(453, 'Madrid', '3C Abercairn Road', 2, 1, 219),
(454, 'Segovia', '3-9 Sydenham Road', 5, 0, 581),
(455, 'Madrid', '7 Wycherley Crescent', 2, 1, 593),
(456, 'Bilbao', '2 Abbey Street', 9, 0, 652),
(457, 'Vitoria', '55-46 Duke Street', 4, 0, 328),
(458, 'Vitoria', '2-9 Clarendon Close', 5, 0, 267),
(459, 'Pamplona', '1 A-C Dawes Street', 5, 0, 472),
(460, 'Pamplona', '3-8 Field Road', 9, 0, 553),
(461, 'Salamanca', '6 Beechcroft Road', 3, 0, 382),
(462, 'Segovia', '4-9 Huron Road', 5, 1, 189),
(463, 'Oviedo', '596D Marlborough Grove', 10, 1, 88),
(464, 'Santander', '4 Bracewell Avenue', 3, 0, 580),
(465, 'Pamplona', '5 Macclesfield Street', 7, 0, 351),
(466, 'Pamplona', '76 Abercairn Road', 10, 0, 466),
(467, 'Segovia', '23-37 Dewhurst Road', 5, 1, 234),
(468, 'Barcelona', '8 Eyre Street Hill', 7, 0, 972),
(469, 'Valladolid', '9 A-C Caledonia street', 7, 1, 278),
(470, 'Salamanca', '44-19 Montague Street', 6, 0, 138),
(471, 'Valencia', '5 Admiral Seymore Road', 7, 1, 599),
(472, 'Barcelona', '8 Adelaide Street', 6, 1, 523),
(473, 'Valencia', '1 Merton High Street', 10, 0, 254),
(474, 'Salamanca', '8 Kentish Town Road', 10, 1, 859),
(475, 'Valencia', '9 Bleak Street', 7, 0, 839),
(476, 'Vitoria', '6 Hamilton Place', 2, 0, 797),
(477, 'Segovia', '993 A-E Artillery Lane', 7, 1, 248),
(478, 'Segovia', '3-7 Ridding Lane', 9, 0, 985),
(479, 'Madrid', '980 Aubrey Road', 5, 0, 999),
(480, 'Vitoria', '5-8 Abbey Mews', 5, 1, 476),
(481, 'Granada', '9 All Souls Avenue', 4, 0, 967),
(482, 'Sevilla', '24-19 Fieldgate Street', 6, 0, 61),
(483, 'Malaga', '1 Crooms Hill', 2, 0, 938),
(484, 'Sevilla', '4-9 Albert Road', 7, 1, 827),
(485, 'Salamanca', '8 Crouch End Hill', 9, 0, 887),
(486, 'Cordoba', '4-6 Camberwell Road', 3, 0, 88),
(487, 'Salamanca', '54-17 Wyatts Lane', 6, 0, 97),
(488, 'Valladolid', '3-7 Bulwer Street', 8, 1, 152),
(489, 'Granada', '3 A-C Finsbury Square', 3, 1, 28),
(490, 'Valladolid', '34-36 Parnell Road', 6, 0, 278),
(491, 'Bilbao', '4 Weymouth Street', 3, 1, 620),
(492, 'Malaga', '2E Arkley Crescent', 8, 0, 104),
(493, 'Malaga', '54-58 Kings Place', 7, 0, 67),
(494, 'Valencia', '5-6 Broadwick Street', 2, 0, 102),
(495, 'Valencia', '7 Treve Avenue', 6, 0, 95),
(496, 'Vigo', '4 St John''s Way', 3, 1, 245),
(497, 'Bilbao', '6 A-E Connaught Road', 3, 0, 631),
(498, 'Segovia', '32-17 Nottingham Place', 3, 0, 305),
(499, 'Bilbao', '17 Culvert Road', 10, 0, 711),
(500, 'Valladolid', '33-37 Waverley Road', 10, 0, 865),
(501, 'Granada', '82 A-E Bishops Close', 10, 0, 65),
(502, 'Pamplona', '197 A-D Mayfield Road', 4, 0, 307),
(503, 'Bilbao', '5 Montague Avenue', 8, 0, 613),
(504, 'Valencia', '5-8 Glen Road', 9, 0, 254),
(505, 'Segovia', '4-8 Bondway', 7, 0, 537),
(506, 'Salamanca', '2-9 Montague Close', 4, 0, 725),
(507, 'Vitoria', '1 A-D Winchester Walk', 2, 0, 27),
(508, 'Salamanca', '45-37 Lulworth Avenue', 7, 1, 473),
(509, 'Granada', '48 Clink Street', 9, 0, 246),
(510, 'Bilbao', '8 A-E New Kent Road', 4, 0, 261),
(511, 'Granada', '8 Crowther Road', 5, 0, 826),
(512, 'Pamplona', '1-9 Abbey Mews', 8, 1, 299),
(513, 'Valladolid', '2-7 Park View Road', 5, 0, 217),
(514, 'Barcelona', '95C Lamb''s Conduit Street', 5, 0, 859),
(515, 'Barcelona', '5-6 Arundel Street', 2, 1, 974),
(516, 'Granada', '4-7 Jermyn Street', 10, 0, 610),
(517, 'Pamplona', '6 Hayes Lane', 8, 0, 9),
(518, 'Madrid', '8D Eccleston Street', 5, 0, 509),
(519, 'Salamanca', '35-29 Stable Street', 10, 1, 687),
(520, 'Madrid', '7D Cromford Road', 9, 0, 425),
(521, 'Barcelona', '41 Gerrard Place', 8, 0, 511),
(522, 'Valladolid', '9 Litchfield Court', 2, 1, 25),
(523, 'Granada', '23-27 Hurdwick Place', 6, 0, 850),
(524, 'Cordoba', '4-7 Sunningvale Avenue', 3, 0, 245),
(525, 'Valladolid', '6 A-E Leucha Road', 8, 1, 655),
(526, 'Madrid', '3 A-B Olver Road', 3, 0, 612),
(527, 'Oviedo', '4D Chamberlayne Road', 4, 0, 832),
(528, 'Valencia', '2-7 Princes Square', 8, 0, 643),
(529, 'Madrid', '4 Abbey Street', 8, 1, 362),
(530, 'Barcelona', '5-8 Eccleston Square', 2, 0, 762),
(531, 'Sevilla', '54-46 Rayne Court', 8, 0, 369),
(532, 'Barcelona', '1-6 James Street', 4, 0, 893),
(533, 'Sevilla', '4-8 Aberconway Road', 4, 0, 415),
(534, 'Oviedo', '42-26 Century Road', 10, 1, 114),
(535, 'Granada', '50D Garratt Lane', 9, 0, 123),
(536, 'Granada', '6 Wilson Street', 7, 0, 964),
(537, 'Bilbao', '4 New Square', 10, 1, 268),
(538, 'Salamanca', '8 Garrick Street', 6, 0, 804),
(539, 'Salamanca', '5 Harrow Road', 9, 0, 273),
(540, 'Madrid', '43-48 Belmont Hill', 5, 1, 117),
(541, 'Madrid', '2 Fulbourne Road', 5, 1, 105),
(542, 'Valencia', '702 Lancaster Mews', 2, 0, 166),
(543, 'Sevilla', '5-6 Boundary Road', 7, 1, 896),
(544, 'Sevilla', '45E Woodford Road', 7, 0, 418),
(545, 'Madrid', '7 Derry Street', 3, 0, 322),
(546, 'Valladolid', '24-47 Chalton Street', 2, 1, 746),
(547, 'Madrid', '2-7 Craig''s Court', 4, 0, 454),
(548, 'Madrid', '31-18 Abbey Lane', 8, 0, 841),
(549, 'Bilbao', '5-9 Connaught Street', 4, 1, 396),
(550, 'Vitoria', '13-18 Sackville Close', 8, 1, 652),
(551, 'Valladolid', '22-19 Aberconway Road', 10, 0, 112),
(552, 'Santander', '35-39 Parkhill Road', 6, 1, 968),
(553, 'Barcelona', '5 Abyssinia Close', 2, 0, 77),
(554, 'Cordoba', '320 Palace Street', 5, 0, 617),
(555, 'Oviedo', '15-38 Anerley Road', 5, 0, 436),
(556, 'Valencia', '24-47 Croydon Road', 5, 0, 404),
(557, 'Pamplona', '44-56 Jasmine Square', 7, 1, 599),
(558, 'Granada', '2 Chadwick Road', 9, 1, 486),
(559, 'Pamplona', '35-57 Panton Street', 10, 0, 609),
(560, 'Pamplona', '3 Enford Street', 2, 0, 496),
(561, 'Malaga', '1-6 London Bridge Street', 4, 0, 49),
(562, 'Granada', '8 Pinner Road', 2, 0, 995),
(563, 'Barcelona', '2 Silver Street', 10, 0, 315),
(564, 'Valladolid', '23-27 Gt Cambridge Road', 4, 1, 241),
(565, 'Bilbao', '1 A-C Gloucester Square', 4, 0, 775),
(566, 'Malaga', '69 Dartmouth Hill', 3, 1, 381),
(567, 'Barcelona', '23-18 Mornington Avenue', 3, 1, 251),
(568, 'Vigo', '31-29 De Beauvoir Crescent', 10, 0, 828),
(569, 'Barcelona', '32-58 Vaughan Road', 6, 0, 745),
(570, 'Granada', '8 A-B Lombard Road', 6, 0, 81),
(571, 'Bilbao', '7 A-B Northfield Avenue', 10, 0, 270),
(572, 'Oviedo', '949 West Ham Lane', 4, 1, 765),
(573, 'Madrid', '52-36 Riding House Street', 8, 1, 703),
(574, 'Madrid', '21-36 Salway Place', 8, 0, 948),
(575, 'Valencia', '80 A-D Highgate High Street', 2, 0, 843),
(576, 'Valencia', '5 A-C Saint George''s Square', 5, 0, 511),
(577, 'Bilbao', '6 Carolina Close', 7, 0, 944),
(578, 'Pamplona', '5-9 Vernon Road', 4, 0, 795),
(579, 'Vigo', '7 A-C Albany Street', 2, 0, 737),
(580, 'Salamanca', '61 Abbey Mews', 7, 0, 137),
(581, 'Santander', '42-39 West Wickham High Street', 5, 0, 597),
(582, 'Barcelona', '2-9 Ada Street', 2, 0, 676),
(583, 'Pamplona', '23-26 Abbotsbury Road', 9, 0, 858),
(584, 'Pamplona', '35-17 Grays Farm Road', 10, 0, 681),
(585, 'Cordoba', '7 Anselm Road', 7, 0, 94),
(586, 'Cordoba', '5 A-B Charlotte Place', 9, 0, 618),
(587, 'Sevilla', '45-46 Bellevue Road', 10, 1, 412),
(588, 'Valladolid', '4 Park Grove Road', 2, 1, 223),
(589, 'Salamanca', '4 Spratt Hall Road', 7, 0, 721),
(590, 'Vitoria', '59 Colegrave Road', 10, 0, 794),
(591, 'Segovia', '8 A-C Amhurst Road', 2, 0, 985),
(592, 'Segovia', '2-9 Hanworth Road', 2, 0, 933),
(593, 'Barcelona', '2 Marlborough Lane', 7, 0, 153),
(594, 'Santander', '2 Abercairn Road', 7, 0, 245),
(595, 'Oviedo', '44-36 Artillery Row', 5, 0, 261),
(596, 'Cordoba', '250 A-C Kensington Church Street', 3, 0, 782),
(597, 'Valladolid', '6 Elephant Road', 5, 0, 215),
(598, 'Sevilla', '11 St. Marks Road', 10, 1, 425),
(599, 'Madrid', '6 Brettenham Road', 8, 0, 555),
(600, 'Segovia', '1-6 Dawes Street', 9, 0, 699),
(601, 'Salamanca', '3-9 Rubastic Road', 10, 1, 267),
(602, 'Sevilla', '2 A-C Beaumont Court', 10, 0, 553),
(603, 'Valladolid', '3-6 Leatherhead Road', 6, 0, 876),
(604, 'Valladolid', '3-9 Hoxton Square', 5, 0, 901),
(605, 'Valencia', '54-49 Greenfield Road', 10, 0, 172),
(606, 'Santander', '3-9 Theberton street', 2, 1, 932),
(607, 'Cordoba', '9 Woodhouse Lane', 4, 0, 225),
(608, 'Salamanca', '11-29 Malden Road', 5, 0, 990),
(609, 'Salamanca', '6 Amersham Vale', 6, 0, 892),
(610, 'Vigo', '8 A-C Albermarle Street', 6, 1, 120),
(611, 'Barcelona', '34-26 Biddulph Road', 6, 0, 259),
(612, 'Malaga', '24-27 Alfriston Road', 6, 0, 193),
(613, 'Valencia', '3-7 Sidney Place', 2, 0, 597),
(614, 'Valladolid', '49 Abbey Mews', 8, 0, 929),
(615, 'Valencia', '61 New Oxford Street', 10, 0, 723),
(616, 'Madrid', '4 A-B Bluebell Close', 6, 0, 580),
(617, 'Barcelona', '5-8 Castle Road', 4, 0, 567),
(618, 'Valladolid', '5 Ringslade Road', 5, 0, 890),
(619, 'Bilbao', '3 Hoxton Street', 3, 0, 854),
(620, 'Madrid', '4 A-E Brooksby''s Walk', 3, 1, 935),
(621, 'Salamanca', '5 Deepdene Close', 8, 0, 136),
(622, 'Malaga', '2-9 Lowfield Road', 9, 1, 796),
(623, 'Bilbao', '3-9 Alie Street', 2, 0, 307),
(624, 'Salamanca', '51 Colnmore Court', 4, 0, 934),
(625, 'Bilbao', '7 A-D Antill Road', 10, 0, 682),
(626, 'Oviedo', '6 A-C Wharfedale Street', 3, 0, 685),
(627, 'Oviedo', '4-7 Streatham Place', 7, 1, 98),
(628, 'Bilbao', '2-6 Ash Court', 2, 0, 146),
(629, 'Sevilla', '7 Denman Street', 6, 1, 345),
(630, 'Valencia', '4-8 Alder Road', 7, 1, 409),
(631, 'Bilbao', '53-47 Allen Street', 9, 0, 152),
(632, 'Segovia', '46 Apollo Place', 10, 0, 628),
(633, 'Barcelona', '3-8 Brixton Station Road', 4, 0, 553),
(634, 'Salamanca', '9 Castle Road', 10, 1, 650),
(635, 'Salamanca', '5-8 Goldhawk Road', 4, 0, 186),
(636, 'Valladolid', '2-8 Abyssinia Close', 7, 0, 556),
(637, 'Sevilla', '736 Therburton Street', 9, 1, 205),
(638, 'Valladolid', '2B Edward Square', 8, 0, 730),
(639, 'Valladolid', '416B Frith Road', 7, 1, 393),
(640, 'Pamplona', '34-57 Barnes High Street', 4, 1, 763),
(641, 'Oviedo', '86 Sainfoin Road', 6, 0, 316),
(642, 'Cordoba', '38 De Beauvoir Crescent', 8, 0, 903),
(643, 'Bilbao', '32-19 Apollo Court', 5, 0, 69),
(644, 'Santander', '11-38 Bleak Street', 2, 0, 403),
(645, 'Segovia', '4E Annette Road', 8, 1, 814),
(646, 'Vitoria', '53 Abbey Street', 8, 1, 387),
(647, 'Segovia', '34-29 Hamilton Court', 4, 0, 630),
(648, 'Madrid', '422 Boston Road', 6, 1, 857),
(649, 'Santander', '21-28 Roman Road', 6, 1, 799),
(650, 'Barcelona', '4-6 Ashmill Court', 10, 0, 294),
(651, 'Barcelona', '2 Abercairn Road', 2, 0, 313),
(652, 'Valladolid', '3 Brent Street', 9, 0, 677),
(653, 'Vitoria', '4 Hillview Avenue', 5, 1, 951),
(654, 'Santander', '4-6 Garratt Lane', 9, 0, 46),
(655, 'Salamanca', '33-38 New Oxford Street', 8, 0, 470),
(656, 'Pamplona', '3 A-C Foxbourne Road', 4, 1, 808),
(657, 'Malaga', '3-6 Tramway Avenue', 5, 0, 771),
(658, 'Cordoba', '42-16 Abercairn Road', 2, 0, 415),
(659, 'Oviedo', '1 Carlton Road', 9, 0, 50),
(660, 'Vitoria', '3-8 Grace Road', 7, 0, 190),
(661, 'Cordoba', '2-8 Tanners Lane', 10, 1, 421),
(662, 'Malaga', '972 Lever Street', 4, 0, 231),
(663, 'Vitoria', '3-7 Eastfield Road', 8, 1, 254),
(664, 'Cordoba', '2-9 Abercorn Crescent', 5, 0, 649),
(665, 'Segovia', '33-57 Orsman Road', 8, 1, 405),
(666, 'Santander', '2 Walpole Street', 2, 0, 40),
(667, 'Valladolid', '54-28 Leverton Street', 8, 0, 438),
(668, 'Malaga', '9 Old Kent Road', 5, 1, 967),
(669, 'Santander', '5C Garrick Street', 2, 0, 974),
(670, 'Sevilla', '8D Sale Place', 3, 1, 401),
(671, 'Sevilla', '14-49 East Road', 7, 0, 560),
(672, 'Sevilla', '2-6 Swell Court', 7, 0, 971),
(673, 'Vitoria', '13-18 Ferring Close', 8, 0, 249),
(674, 'Vigo', '9 Beauty Avenue', 2, 0, 913),
(675, 'Sevilla', '2 Garratt Lane', 7, 0, 61),
(676, 'Vitoria', '3 A-C Nightingale Lane', 6, 1, 205),
(677, 'Bilbao', '807 A-D Hurdwick Place', 2, 0, 474),
(678, 'Oviedo', '34-49 Station Way', 8, 0, 635),
(679, 'Salamanca', '2-8 Catwalk Place', 5, 1, 127),
(680, 'Valladolid', '31-37 Aylesford Street', 2, 0, 312),
(681, 'Valladolid', '7 A-B Alpha Grove', 9, 0, 772),
(682, 'Valencia', '1-8 Ashmill Court', 7, 1, 81),
(683, 'Segovia', '1-7 Oldhill Street', 6, 1, 970),
(684, 'Valladolid', '51-28 Cherry Tree Walk', 9, 0, 413),
(685, 'Santander', '12-39 Brandon Street', 8, 1, 863),
(686, 'Barcelona', '5-9 Buckingham Avenue', 8, 1, 973),
(687, 'Cordoba', '2-6 Bude Close', 9, 0, 39),
(688, 'Granada', '2 Princeton Street', 7, 1, 405),
(689, 'Oviedo', '2-7 Passey Place', 7, 0, 87),
(690, 'Malaga', '3 Catwalk', 5, 0, 199),
(691, 'Valladolid', '22-27 England?s Lane', 8, 0, 500),
(692, 'Vigo', '3B Alfred Road', 3, 0, 675),
(693, 'Oviedo', '3 Blackberry Court', 10, 0, 417),
(694, 'Salamanca', '6 Kensington Church Street', 7, 0, 598),
(695, 'Bilbao', '51-49 Abercairn Road', 6, 0, 98),
(696, 'Sevilla', '12-49 St John''s Lane', 9, 0, 309),
(697, 'Cordoba', '5B Monck Street', 8, 0, 699),
(698, 'Sevilla', '3-9 Abercairn Road', 7, 1, 505),
(699, 'Valencia', '4-6 Woodhouse Lane', 2, 1, 101),
(700, 'Malaga', '3-7 Abyssinia Close', 3, 0, 441),
(701, 'Pamplona', '3-8 Chiltern Street', 6, 0, 873),
(702, 'Bilbao', '1-8 Barley Court', 4, 0, 693),
(703, 'Granada', '3 Montague Close', 7, 1, 273),
(704, 'Sevilla', '4-8 Rodney Road', 9, 1, 288),
(705, 'Cordoba', '1-8 Newmarket Avenue', 2, 1, 850),
(706, 'Madrid', '21-29 West Wickham High Street', 3, 1, 573),
(707, 'Pamplona', '12-57 West Hendon Broadway', 9, 0, 438),
(708, 'Salamanca', '2-8 Wharfedale Street', 3, 0, 879),
(709, 'Cordoba', '1-9 Second Avenue', 9, 0, 223),
(710, 'Madrid', '11-16 Abercairn Road', 5, 0, 801),
(711, 'Madrid', '9 Abercorn Crescent', 6, 0, 846),
(712, 'Santander', '8 Falmer Road', 5, 0, 764),
(713, 'Salamanca', '33-17 Lewisham Way', 9, 1, 100),
(714, 'Bilbao', '207 A-B Luton Street', 10, 0, 20),
(715, 'Granada', '1 Lancaster Road', 7, 0, 415),
(716, 'Oviedo', '5-6 Avery Row', 10, 1, 398),
(717, 'Oviedo', '8A D''Arblay Street', 5, 1, 605),
(718, 'Bilbao', '254 A-D Sidney Place', 10, 0, 455),
(719, 'Salamanca', '43-46 Alpine way', 2, 1, 992),
(720, 'Pamplona', '7D South Hill Avenue', 2, 1, 224),
(721, 'Vigo', '8E Abbey Lane', 3, 0, 725),
(722, 'Salamanca', '3-7 Fulham High Street', 9, 1, 153),
(723, 'Vigo', '55-16 Dacre Street', 9, 0, 815),
(724, 'Valladolid', '1-8 Hill Street', 2, 0, 99),
(725, 'Vigo', '4 A-B Aberconway Road', 8, 0, 221),
(726, 'Madrid', '41-59 Claylands Road', 3, 0, 807),
(727, 'Malaga', '6C Greenleaf Road', 5, 1, 827),
(728, 'Madrid', '4 A-B Bardolph Avenue', 4, 1, 944),
(729, 'Malaga', '1 Abercorn Crescent', 4, 0, 496),
(730, 'Valladolid', '7 A-C Kennington Lane', 4, 1, 39),
(731, 'Barcelona', '290 A-C Koshari Street', 10, 0, 829),
(732, 'Pamplona', '23-38 Eden Road', 3, 1, 983),
(733, 'Valencia', '54-37 Liverpool Road', 2, 1, 983),
(734, 'Oviedo', '1-8 Abbey Street', 7, 0, 638),
(735, 'Segovia', '3 Raymond Avenue', 10, 1, 579),
(736, 'Oviedo', '4 Druid Street', 3, 0, 571),
(737, 'Vigo', '1 Rushbrook Crescent', 5, 0, 159),
(738, 'Vigo', '3 Jacob''s Well Mews', 9, 1, 527),
(739, 'Sevilla', '51 A-D Sylvan Road', 10, 0, 697),
(740, 'Salamanca', '4 A-C Abbey Street', 4, 1, 213),
(741, 'Salamanca', '21-58 Hampton Court', 10, 1, 838),
(742, 'Pamplona', '2 Broom Road', 4, 1, 145),
(743, 'Cordoba', '8 A-D Elias Place', 10, 0, 39),
(744, 'Vigo', '53 Leopold Road', 2, 0, 223),
(745, 'Malaga', '8 Brompton Road', 10, 0, 16),
(746, 'Segovia', '2-9 Warner Road', 10, 0, 15),
(747, 'Barcelona', '9 Catwalk', 9, 0, 844),
(748, 'Pamplona', '5-8 Dulwich Road', 4, 0, 563),
(749, 'Granada', '2 A-E Crouch Hill', 6, 0, 173),
(750, 'Bilbao', '9C Leonard Street', 4, 0, 927),
(751, 'Santander', '4-6 Abbey Mews', 7, 1, 4),
(752, 'Barcelona', '4-7 Buckingham Road', 3, 0, 148),
(753, 'Madrid', '32-56 Sweden Gate', 9, 0, 393),
(754, 'Malaga', '5-8 Limerston Street', 5, 1, 126),
(755, 'Sevilla', '1-9 Abbey Lane', 3, 0, 433),
(756, 'Vitoria', '23-48 Abbey Street', 5, 0, 47),
(757, 'Salamanca', '4-7 Bishops Avenue', 3, 0, 284),
(758, 'Cordoba', '12-16 Greville Place', 8, 0, 159),
(759, 'Vitoria', '7 Whitecross Street', 6, 0, 15),
(760, 'Vigo', '7 A-C Alander Mews', 4, 1, 854),
(761, 'Valladolid', '8 Camden Lock Place', 2, 1, 976),
(762, 'Sevilla', '5-9 Chatsworth Way', 5, 0, 833),
(763, 'Segovia', '35-48 Peninsula Square', 9, 0, 775),
(764, 'Vitoria', '6 Alpha Grove', 3, 0, 119),
(765, 'Salamanca', '55-16 Gloucester Crescent', 2, 0, 632),
(766, 'Sevilla', '2 A-E Ashburnham Road', 9, 0, 132),
(767, 'Bilbao', '1-8 Artillery Row', 4, 1, 556),
(768, 'Salamanca', '5-9 All Souls Avenue', 4, 1, 960),
(769, 'Segovia', '2 Charlie Chaplin Walk', 3, 0, 498),
(770, 'Vigo', '7 Hermon Hill', 5, 1, 56),
(771, 'Madrid', '7 Gladstone Road', 2, 1, 221),
(772, 'Vitoria', '2-9 Chiltern Street', 6, 0, 145),
(773, 'Barcelona', '5-9 Campdale Road', 5, 1, 81),
(774, 'Santander', '1 Old Ruislip Road', 9, 1, 24),
(775, 'Barcelona', '32 Endell Street', 6, 1, 528),
(776, 'Bilbao', '5-9 Dorrell Place', 9, 0, 402),
(777, 'Barcelona', '42-17 Pimlico Road', 10, 0, 257),
(778, 'Sevilla', '81 A-D Hambalt Road', 10, 1, 487),
(779, 'Segovia', '2 Marylebone Lane', 9, 0, 3),
(780, 'Barcelona', '7 Rivington Place', 4, 0, 558),
(781, 'Segovia', '2 Warwick Way', 7, 1, 999),
(782, 'Malaga', '3 Archway Road', 4, 1, 208),
(783, 'Sevilla', '2-6 Abercorn Crescent', 5, 0, 999),
(784, 'Vitoria', '4-6 Kingspark Court', 4, 1, 562),
(785, 'Santander', '44-49 St James''s Street', 10, 0, 67),
(786, 'Oviedo', '3-8 Queen Anne''s Place', 5, 0, 929),
(787, 'Segovia', '2-6 Herbrand Street', 10, 1, 333),
(788, 'Oviedo', '5 Ash Court', 4, 1, 943),
(789, 'Pamplona', '21 Alexander Street', 2, 1, 683),
(790, 'Sevilla', '4-8 Arkley Crescent', 10, 0, 994),
(791, 'Segovia', '55-58 Blunden Court', 3, 0, 215),
(792, 'Vigo', '1-7 Abercairn Road', 7, 1, 359),
(793, 'Pamplona', '1 A-E Malvern Avenue', 5, 0, 26),
(794, 'Madrid', '7 Chester Court', 5, 0, 745),
(795, 'Oviedo', '21-59 Abbey Lane', 3, 1, 402),
(796, 'Bilbao', '42-19 St George''s Walk', 7, 0, 653),
(797, 'Valencia', '6 Odhams Walk', 10, 1, 329),
(798, 'Madrid', '101 Hemstal Road', 6, 0, 812),
(799, 'Segovia', '44-38 Sherwood Street', 8, 0, 673),
(800, 'Oviedo', '5-7 Abercairn Road', 5, 0, 858),
(801, 'Vitoria', '35-47 Exhibition Road', 10, 0, 907),
(802, 'Valladolid', '1 Colnmore Court', 8, 1, 617),
(803, 'Santander', '1-6 St. John''s Court', 7, 1, 417),
(804, 'Bilbao', '1-9 Deronda Road', 5, 0, 717),
(805, 'Santander', '4-7 Rick Roberts Way', 4, 0, 787),
(806, 'Madrid', '2-6 Wingletye Lane', 5, 1, 8),
(807, 'Salamanca', '3-9 Lower Grosvenor Place', 2, 0, 27),
(808, 'Valencia', '3-6 Shaftsbury Avenue', 5, 0, 732),
(809, 'Vigo', '2-7 Welbeck Street', 2, 0, 380),
(810, 'Santander', '6 Abbotsbury Road', 7, 0, 881),
(811, 'Segovia', '3 Press Court', 3, 0, 918),
(812, 'Granada', '5-9 Abercairn Road', 10, 0, 388),
(813, 'Barcelona', '15-48 Doughty Mews', 7, 1, 827),
(814, 'Oviedo', '2 A-C All Souls Avenue', 8, 0, 85),
(815, 'Barcelona', '4 Lulworth Avenue', 4, 0, 909),
(816, 'Sevilla', '1-6 Chesham Place', 9, 0, 963),
(817, 'Barcelona', '7 Fitzroy Square', 7, 1, 995),
(818, 'Barcelona', '9 North Worple Way', 5, 0, 471),
(819, 'Valencia', '5 Littleton Crescent', 9, 0, 318),
(820, 'Bilbao', '31-27 Ravenswood Road', 9, 0, 858),
(821, 'Valencia', '1-6 Culverden Road', 8, 1, 953),
(822, 'Salamanca', '4-8 Caledonia street', 10, 1, 262),
(823, 'Segovia', '33-49 Broomwood Road', 4, 1, 233),
(824, 'Malaga', '6 Edinburgh Road', 2, 0, 23),
(825, 'Vitoria', '85 Camden Lock Place', 10, 0, 476),
(826, 'Vigo', '55-29 Waterside Close', 9, 1, 162),
(827, 'Bilbao', '4 Acklam Road', 8, 0, 865),
(828, 'Valladolid', '8E St. Martin''s Lane', 7, 0, 193),
(829, 'Oviedo', '5-8 Kings Place', 9, 0, 306),
(830, 'Valencia', '53-19 Abbey Mews', 5, 0, 942),
(831, 'Santander', '53-19 John Ruskin Street', 2, 0, 985),
(832, 'Barcelona', '3 A-B Addington Street', 2, 1, 999),
(833, 'Bilbao', '3-9 Ellingfort Road', 5, 1, 799),
(834, 'Oviedo', '9 East Hill', 3, 1, 401),
(835, 'Vigo', '44-49 De Laune Street', 9, 1, 589),
(836, 'Sevilla', '4-7 Hungerford Road', 10, 0, 675),
(837, 'Santander', '8 Abbey Mews', 8, 0, 668),
(838, 'Granada', '2-7 Brettenham Road', 3, 0, 571),
(839, 'Vitoria', '30 Barking Road', 4, 0, 390),
(840, 'Segovia', '6 A-D Bolsover Street', 5, 0, 314),
(841, 'Granada', '9E Twenty Air Street', 2, 1, 270),
(842, 'Salamanca', '6 A-B Aberconway Road', 2, 1, 91),
(843, 'Santander', '80 A-E Bethnal Green Road', 7, 1, 1),
(844, 'Granada', '31-18 Motcomb Street', 10, 0, 401),
(845, 'Santander', '5D Hampton Road', 6, 0, 107),
(846, 'Barcelona', '1-6 Southampton Row', 8, 0, 371),
(847, 'Pamplona', '7 Berners Street', 6, 0, 867),
(848, 'Segovia', '22-27 Addington Street', 3, 0, 346),
(849, 'Madrid', '3-7 North Circular Road', 4, 0, 77),
(850, 'Santander', '3-8 Abbotsbury Road', 5, 1, 151),
(851, 'Valencia', '9 Hammond Road', 3, 1, 66),
(852, 'Valladolid', '6 A-D Pooles Lane', 6, 0, 479),
(853, 'Santander', '2B Newport Road', 6, 0, 894),
(854, 'Valladolid', '1 Peckham High Street', 10, 1, 120),
(855, 'Barcelona', '8 A-D Devonshire Place', 9, 1, 615),
(856, 'Valladolid', '3-8 Carterhatch Road', 10, 0, 894),
(857, 'Valencia', '32-18 Ashburnham Road', 6, 1, 974),
(858, 'Segovia', '7 A-D Provost Street', 3, 1, 316),
(859, 'Oviedo', '15-18 Christopher Street', 6, 1, 92),
(860, 'Sevilla', '3-9 Garrat Lane', 8, 1, 359),
(861, 'Pamplona', '4C Denman Street', 9, 0, 854),
(862, 'Valladolid', '5 Elfwine Road', 8, 0, 303),
(863, 'Malaga', '2-7 Stanfield Road', 5, 1, 420),
(864, 'Santander', '42-38 Monck Street', 8, 1, 479),
(865, 'Malaga', '4 Abbotsbury Road', 4, 1, 404),
(866, 'Pamplona', '14-49 Eastcote Road', 10, 0, 722),
(867, 'Vitoria', '21-39 Bloomfield Road', 9, 0, 14),
(868, 'Santander', '13-39 Melcombe Street', 2, 1, 816),
(869, 'Segovia', '4D Lavington Street', 5, 0, 134),
(870, 'Vigo', '4-8 Bloomfield Road', 8, 0, 212),
(871, 'Bilbao', '1-8 Anselm Road', 6, 1, 155),
(872, 'Segovia', '2-8 East Hill', 5, 1, 542),
(873, 'Salamanca', '8E Marshalsea Road', 10, 1, 287),
(874, 'Malaga', '2 A-B Hampton Road', 8, 1, 488),
(875, 'Granada', '4-8 Churchill Place', 7, 1, 733),
(876, 'Vitoria', '35-27 Fellows Road', 3, 0, 511),
(877, 'Segovia', '4-7 Torrington Place', 7, 0, 760),
(878, 'Salamanca', '3-8 Albany Street', 2, 0, 955),
(879, 'Madrid', '3-8 Babmaes Street', 3, 1, 994),
(880, 'Malaga', '32-19 Gloucester Crescent', 7, 0, 895),
(881, 'Bilbao', '2-6 Sing Way', 4, 0, 550),
(882, 'Valladolid', '4C Alscot Road', 8, 0, 100),
(883, 'Granada', '15-17 Savile Row', 5, 1, 455),
(884, 'Madrid', '5-7 Albany Street', 3, 0, 785),
(885, 'Sevilla', '4 A-E Hawks Road', 2, 0, 46),
(886, 'Pamplona', '6 Elm Park Avenue', 8, 0, 66),
(887, 'Pamplona', '35-59 Amwell Street', 10, 0, 379),
(888, 'Cordoba', '5-6 Broomfield Avenue', 7, 1, 263),
(889, 'Sevilla', '15-57 Brandon Street', 10, 0, 66),
(890, 'Segovia', '29 Draycott Avenue', 2, 0, 269),
(891, 'Cordoba', '5D Merton High Street', 4, 0, 298),
(892, 'Santander', '7B Halford Road', 4, 0, 559),
(893, 'Vitoria', '70A West End Road', 7, 0, 829),
(894, 'Valencia', '53-27 Peters Street', 3, 1, 854),
(895, 'Pamplona', '2-8 Britannia Walk', 9, 0, 538),
(896, 'Sevilla', '4-7 Abbey Road', 4, 0, 774),
(897, 'Cordoba', '77 Abercairn Road', 8, 1, 463),
(898, 'Pamplona', '64 Tavistock Square', 7, 1, 54),
(899, 'Cordoba', '3-7 Saffron Close', 4, 1, 388),
(900, 'Pamplona', '43-27 Durnsford Road', 6, 1, 883),
(901, 'Pamplona', '2 Britten Street', 4, 1, 588),
(902, 'Salamanca', '14-47 Cambridge Avenue', 3, 0, 910),
(903, 'Santander', '6 A-D Abbey Lane', 10, 1, 658),
(904, 'Santander', '4-6 Rushbrook Crescent', 7, 0, 649),
(905, 'Vitoria', '71E Glenesk Road', 7, 1, 930),
(906, 'Oviedo', '1-7 Amwell Street', 8, 0, 833),
(907, 'Barcelona', '8 Welbeck Street', 3, 0, 607),
(908, 'Madrid', '7 A-C Browns Road', 9, 0, 831),
(909, 'Salamanca', '3-9 Exhibition Road', 4, 0, 973),
(910, 'Valladolid', '11-16 Newman Street', 6, 1, 109),
(911, 'Barcelona', '52-56 Argyle Square', 6, 0, 834),
(912, 'Valladolid', '5-9 Stadium Mews', 10, 0, 229),
(913, 'Oviedo', '67 Pendlestone Road', 2, 1, 776),
(914, 'Salamanca', '3D Abbey Mews', 10, 1, 471),
(915, 'Vitoria', '15 Aberconway Road', 10, 0, 24),
(916, 'Oviedo', '8 Fairfield Road', 7, 1, 39),
(917, 'Bilbao', '1 Keswick Broadway', 8, 0, 279),
(918, 'Malaga', '5-8 Abbey Street', 3, 0, 447),
(919, 'Bilbao', '3-8 Alfred Place', 4, 0, 868),
(920, 'Vigo', '2-8 Silver Birch Court', 5, 1, 720),
(921, 'Malaga', '4-6 Abercairn Road', 4, 0, 361),
(922, 'Salamanca', '4 Mulberry Court', 4, 0, 818),
(923, 'Granada', '8A Albermarle Street', 4, 1, 566),
(924, 'Vigo', '4-8 Wallis Road', 8, 1, 939),
(925, 'Santander', '25-47 Dressington Avenue', 5, 1, 940),
(926, 'Sevilla', '2-8 Berne Road', 6, 1, 685),
(927, 'Pamplona', '8 Brentford High Street', 6, 0, 174),
(928, 'Pamplona', '5E Avenue Road', 7, 0, 694),
(929, 'Cordoba', '3-6 All Souls Avenue', 7, 0, 708),
(930, 'Vigo', '52-58 Warwick Street', 7, 0, 834),
(931, 'Segovia', '51 Annette Road', 6, 0, 996),
(932, 'Barcelona', '21-37 East Avenue', 4, 0, 706),
(933, 'Oviedo', '2 Olver Road', 10, 0, 147),
(934, 'Segovia', '31-59 Goodge Street', 5, 0, 115),
(935, 'Granada', '3 Addington Street', 4, 0, 85),
(936, 'Barcelona', '3 Bateman Street', 3, 0, 927),
(937, 'Valencia', '2 Fleet Road', 9, 0, 838),
(938, 'Santander', '5 Westgate Street', 5, 0, 646),
(939, 'Sevilla', '73 Rye Lane', 3, 0, 825),
(940, 'Salamanca', '35-36 Woodcock Hill', 7, 0, 359),
(941, 'Granada', '55 Gaywood Road', 10, 0, 524),
(942, 'Malaga', '4-7 Devonshire Place', 5, 0, 710),
(943, 'Vitoria', '4-9 Thurloe Street', 2, 1, 555),
(944, 'Sevilla', '8 Celtic Farm Way', 4, 0, 437),
(945, 'Bilbao', '1 Dudley Court', 8, 1, 242),
(946, 'Oviedo', '12-19 Spruce Hills Road', 8, 1, 943),
(947, 'Salamanca', '3 Olver Road', 3, 0, 545),
(948, 'Barcelona', '8 Aynhoe Road', 10, 0, 124),
(949, 'Barcelona', '3-9 Shrubland Road', 7, 1, 21),
(950, 'Valencia', '2 Hutchins Close', 8, 0, 861),
(951, 'Valencia', '3-7 Marlborough Road', 7, 0, 563),
(952, 'Vitoria', '4-7 Central Road', 10, 0, 979),
(953, 'Malaga', '7 Gibbins Road', 10, 1, 527),
(954, 'Valladolid', '9A Queen Anne''s Place', 8, 1, 567),
(955, 'Vigo', '3-8 Abyssinia Close', 7, 0, 534),
(956, 'Granada', '5E Laycock Street', 8, 0, 866),
(957, 'Vitoria', '54-59 Abbotsbury Road', 7, 0, 654),
(958, 'Barcelona', '5 Culford Road', 6, 0, 379),
(959, 'Oviedo', '8D Saffron Hill', 5, 0, 292),
(960, 'Santander', '2 Winns Avenue', 6, 0, 133),
(961, 'Madrid', '1 A-E Langley Street', 9, 0, 694),
(962, 'Segovia', '4C Salusbury Road', 5, 0, 583),
(963, 'Sevilla', '2 Great West Road', 8, 1, 588),
(964, 'Santander', '5A Vorley Road', 8, 0, 138),
(965, 'Granada', '7 Torrington Place', 6, 0, 129),
(966, 'Valladolid', '8 King''s Cross Square', 10, 0, 213),
(967, 'Segovia', '48A Elm Park Road', 9, 1, 197),
(968, 'Bilbao', '6 Philpot Street', 3, 1, 767),
(969, 'Segovia', '3-6 Grangehill Road', 5, 0, 686),
(970, 'Bilbao', '43-28 Purley Bury Avenue', 9, 1, 244),
(971, 'Cordoba', '2E Langthorne Road', 6, 0, 900),
(972, 'Pamplona', '37 Hawley Road', 8, 0, 116),
(973, 'Granada', '53-27 Hampton Court', 5, 1, 702),
(974, 'Madrid', '2 Mornington Avenue', 5, 1, 955),
(975, 'Cordoba', '96 Charles Crescent', 3, 0, 303),
(976, 'Malaga', '428 A-D Portland Road', 8, 0, 296),
(977, 'Valencia', '2 A-D Buxton Road', 10, 1, 692),
(978, 'Salamanca', '176 Court Road', 2, 0, 141),
(979, 'Valencia', '5 Studdridge Street', 5, 1, 752),
(980, 'Malaga', '6 Alpine way', 10, 1, 361),
(981, 'Barcelona', '33-39 Browning Avenue', 2, 0, 950),
(982, 'Santander', '13-26 Shandy Street', 2, 0, 691),
(983, 'Madrid', '24-57 Abbey Road', 7, 0, 784),
(984, 'Barcelona', '8 High Street', 7, 1, 819),
(985, 'Cordoba', '1-6 Vale Lane', 5, 1, 882),
(986, 'Valencia', '5 Lafone Street', 8, 1, 721),
(987, 'Oviedo', '5 Abbotsbury Road', 10, 0, 563),
(988, 'Vigo', '7 Bryanston Square', 6, 1, 566),
(989, 'Pamplona', '4-6 Copenhagen Street', 9, 1, 355),
(990, 'Vitoria', '1-9 Theobalds Road', 8, 0, 106),
(991, 'Valencia', '55-38 Berners Street', 2, 1, 283),
(992, 'Pamplona', '51-28 Brunswick Road', 8, 0, 410),
(993, 'Vigo', '4-6 Capel Road', 9, 0, 202),
(994, 'Oviedo', '9 Acol Road', 9, 0, 884),
(995, 'Bilbao', '8 Tredegar Road', 3, 1, 859),
(996, 'Granada', '33 A-C Abercorn Crescent', 4, 1, 492),
(997, 'Valladolid', '1-9 Waterman Street', 6, 0, 580),
(998, 'Valladolid', '4 Abbeville Road', 9, 1, 151),
(999, 'Salamanca', '5 A-D Bishopsgate', 8, 1, 791),
(1000, 'Cordoba', '4-8 Praed Street', 10, 1, 73);

-- 
-- Dumping data for table inquilinos
--
INSERT INTO inquilinos VALUES
(1, '67407648B', '628 879 860', '2000-06-21'),
(2, '02556868U', '985 254 630', '1995-01-07'),
(3, '79008787C', '654 740 383', '1995-01-09'),
(4, '73601644D', '630 190 799', '2000-03-14'),
(5, '26265258Y', '956 413 555', '1995-01-01'),
(6, '52410499I', '625 876 804', '2001-08-11'),
(7, '69757791W', '960 471 859', '1996-06-27'),
(8, '04610338K', '662 787 406', '1999-10-19'),
(9, '52479683H', '998 881 027', '1998-02-22'),
(10, '97881388U', '912 951 704', '2000-07-26'),
(11, '23491937R', '948 494 893', '1997-07-18'),
(12, '95244574H', '922 909 524', '1999-12-25'),
(13, '67182528Z', '685 677 238', '2001-08-21'),
(14, '75929252Z', '989 749 850', '2001-10-01'),
(15, '28110620N', '776 868 459', '1998-09-28'),
(16, '76544150F', '672 887 858', '1997-02-01'),
(17, '70427537S', '681 427 056', '1997-05-25'),
(18, '18035716N', '791 686 982', '1995-01-03'),
(19, '91198742H', '696 972 456', '1996-07-03'),
(20, '98120640Y', '939 073 688', '2000-09-29'),
(21, '32923198W', '955 080 621', '1998-07-27'),
(22, '16645848M', '605 819 089', '1995-01-05'),
(23, '77703871J', '700 717 671', '1995-01-02'),
(24, '98081468U', '967 011 753', '1997-10-02'),
(25, '39006553C', '613 004 331', '1998-12-18'),
(26, '05814472Z', '661 480 705', '2000-01-20'),
(27, '66745707H', '689 479 479', '1997-06-06'),
(28, '49345874K', '727 047 363', '1995-01-02'),
(29, '49334353N', '636 455 758', '1996-07-01'),
(30, '34384641T', '937 915 252', '2000-07-22'),
(31, '14303006A', '923 258 784', '2000-10-26'),
(32, '42774017G', '980 837 661', '2000-12-27'),
(33, '98397749H', '602 251 304', '1996-06-08'),
(34, '74980649W', '775 236 882', '1996-02-22'),
(35, '94457855E', '675 905 652', '1995-02-23'),
(36, '92284029I', '780 028 220', '1997-06-10'),
(37, '79102602G', '787 277 493', '2002-02-06'),
(38, '06103870T', '664 142 053', '1995-01-07'),
(39, '05143540A', '611 838 865', '1997-07-15'),
(40, '28304879S', '976 196 118', '1995-04-08'),
(41, '13620523J', '914 046 050', '1997-08-05'),
(42, '43869697P', '972 651 288', '1996-02-23'),
(43, '93901360M', '750 165 799', '1996-06-15'),
(44, '58984471E', '915 326 214', '1998-09-14'),
(45, '32791505Q', '731 901 036', '2001-09-20'),
(46, '93721669J', '960 344 669', '1995-09-20'),
(47, '60275821A', '707 605 719', '1995-11-01'),
(48, '14503491V', '987 285 853', '1997-02-04'),
(49, '90726689T', '930 750 448', '2001-11-26'),
(50, '13714231W', '777 154 905', '2001-11-01'),
(51, '05583414G', '619 468 185', '1998-02-15'),
(52, '88876429X', '953 150 225', '2000-04-02'),
(53, '91356472X', '754 124 399', '1995-02-08'),
(54, '03253696S', '978 442 104', '2001-08-19'),
(55, '24724502Q', '731 696 352', '1996-05-03'),
(56, '23711112R', '749 345 876', '2001-12-05'),
(57, '88425898J', '650 897 318', '1997-04-20'),
(58, '44340430I', '769 165 089', '1998-04-21'),
(59, '95164771S', '933 979 817', '1998-07-11'),
(60, '46147268M', '721 836 364', '1997-12-05'),
(61, '86826366U', '711 320 363', '1996-07-27'),
(62, '68213591Y', '630 558 293', '1995-01-01'),
(63, '29987621V', '958 698 137', '1998-05-12'),
(64, '95805383C', '763 052 384', '2000-02-08'),
(65, '70255748H', '630 256 450', '1995-09-28'),
(66, '65347330Y', '974 645 131', '1997-10-11'),
(67, '58957134A', '798 276 378', '2001-08-24'),
(68, '27956162A', '774 348 542', '1996-02-16'),
(69, '01881539B', '949 080 092', '1998-04-06'),
(70, '12768984U', '995 967 324', '1998-06-03'),
(71, '10528358E', '758 754 722', '2001-09-02'),
(72, '19991304B', '783 978 088', '2002-01-16'),
(73, '41951844Z', '619 454 056', '2002-02-17'),
(74, '06949085M', '909 437 484', '1999-10-02'),
(75, '19641378W', '698 307 531', '2001-12-13'),
(76, '51698210K', '721 265 806', '1996-01-13'),
(77, '39133530T', '744 821 399', '1996-12-26'),
(78, '82563412Y', '622 257 907', '1995-04-28'),
(79, '30790231K', '731 448 515', '1998-07-14'),
(80, '03991939R', '696 120 096', '1995-04-10'),
(81, '02271963M', '983 369 625', '1995-01-02'),
(82, '28864150J', '736 588 187', '1999-04-19'),
(83, '93706489T', '995 082 552', '1996-01-09'),
(84, '62118635J', '649 013 589', '1997-09-15'),
(85, '30344738R', '601 020 158', '1995-04-23'),
(86, '99884066B', '994 982 856', '1995-07-24'),
(87, '91571998C', '683 899 078', '1995-12-30'),
(88, '77975226X', '973 179 344', '2001-03-05'),
(89, '07256432C', '779 987 348', '1999-08-12'),
(90, '18677716G', '621 290 477', '1997-02-15'),
(91, '40935852A', '797 367 380', '1995-10-26'),
(92, '32738009E', '791 879 869', '1998-10-10'),
(93, '98377027U', '602 941 879', '1997-03-19'),
(94, '88391963S', '912 607 481', '1996-02-21'),
(95, '36496349L', '953 717 133', '2000-07-10'),
(96, '17390750Q', '669 142 377', '1997-07-16'),
(97, '32421535A', '605 091 224', '2001-03-04'),
(98, '52267258Z', '980 003 369', '1997-06-30'),
(99, '95822075U', '734 813 972', '1995-03-24'),
(100, '55095290H', '706 369 137', '1998-11-15'),
(101, '64522062V', '910 955 329', '2000-10-18'),
(102, '45262801I', '632 479 962', '1997-09-24'),
(103, '21974761U', '935 141 688', '1995-08-04'),
(104, '25177455R', '933 569 379', '1995-01-06'),
(105, '45326264T', '908 739 418', '2001-03-22'),
(106, '91277625M', '653 925 465', '1996-10-31'),
(107, '37845243X', '615 179 521', '1998-09-09'),
(108, '22409310B', '670 382 490', '2000-01-11'),
(109, '68026880W', '604 727 554', '2000-10-28'),
(110, '57417225K', '602 344 946', '1997-12-09'),
(111, '72493536W', '912 765 633', '1995-04-17'),
(112, '98956086Y', '773 371 663', '1996-06-04'),
(113, '78104439J', '738 344 660', '1995-01-05'),
(114, '91776798D', '921 180 778', '1995-01-01'),
(115, '85291689X', '604 502 010', '2001-10-16'),
(116, '29670679J', '658 836 880', '1998-04-26'),
(117, '68174622N', '980 332 357', '1995-04-07'),
(118, '31577060T', '964 078 360', '2001-10-28'),
(119, '67898705K', '964 364 175', '1999-07-04'),
(120, '81023263U', '792 343 276', '2001-01-06'),
(121, '53509677T', '990 497 181', '2000-06-26'),
(122, '92659940J', '656 798 060', '1997-09-09'),
(123, '63587519R', '724 959 875', '1999-02-22'),
(124, '94377894G', '998 964 198', '1995-01-12'),
(125, '34242099Y', '642 855 720', '1995-10-19'),
(126, '74772863A', '663 160 417', '1997-10-21'),
(127, '57452839E', '763 429 079', '1996-03-19'),
(128, '62662344P', '933 349 067', '2000-07-03'),
(129, '64653366S', '705 867 423', '2000-06-15'),
(130, '42660836K', '799 279 245', '1997-07-17'),
(131, '29973829C', '927 344 081', '2002-01-29'),
(132, '10123515E', '657 879 121', '1996-02-29'),
(133, '34099892U', '959 703 004', '1999-07-10'),
(134, '75233648N', '952 334 246', '2001-12-11'),
(135, '42378178M', '627 382 861', '1998-01-03'),
(136, '34245895Q', '628 733 955', '2000-04-10'),
(137, '69530239P', '644 389 561', '1997-09-01'),
(138, '39761238L', '677 136 853', '1996-06-08'),
(139, '70046457O', '628 110 818', '1995-02-19'),
(140, '61005835P', '942 271 786', '1996-04-17'),
(141, '79917718O', '921 690 690', '1996-09-21'),
(142, '21508236N', '931 540 616', '1999-10-19'),
(143, '68656380A', '640 371 610', '1996-09-13'),
(144, '11086768Q', '701 331 815', '1995-01-09'),
(145, '39010376H', '677 970 081', '1995-01-03'),
(146, '56685502V', '984 562 856', '2001-12-22'),
(147, '73873256C', '976 158 442', '1995-01-14'),
(148, '65097840S', '784 123 158', '1995-03-20'),
(149, '63084996F', '704 588 126', '2001-08-19'),
(150, '78120558N', '767 441 026', '1995-01-07'),
(151, '88450825Z', '737 597 993', '2001-03-24'),
(152, '40677762Z', '962 914 960', '1995-12-05'),
(153, '89522550J', '610 667 752', '1997-01-16'),
(154, '82793820E', '904 662 823', '1995-06-08'),
(155, '67886086I', '718 325 777', '2001-11-05'),
(156, '00402565V', '752 110 007', '1995-02-02'),
(157, '47378153P', '776 160 245', '1998-01-02'),
(158, '97342224M', '996 232 149', '2000-02-25'),
(159, '06046845H', '608 101 696', '2001-03-05'),
(160, '06437213I', '949 490 450', '1995-12-04'),
(161, '67779537J', '745 912 037', '2001-06-05'),
(162, '38410487O', '975 125 834', '2001-04-18'),
(163, '74817914P', '998 833 312', '1999-12-07'),
(164, '07452540A', '926 022 426', '2000-01-03'),
(165, '15717764V', '619 040 863', '2000-11-21'),
(166, '13455876X', '970 487 685', '2001-09-29'),
(167, '75393459X', '718 599 688', '2000-08-10'),
(168, '12821774W', '706 969 406', '1996-03-12'),
(169, '33876431W', '954 427 034', '1999-07-12'),
(170, '32828487T', '639 577 998', '1995-03-24'),
(171, '62649315L', '908 869 466', '2001-11-21'),
(172, '95568337S', '678 853 191', '1995-01-04'),
(173, '68826709D', '635 886 809', '1995-10-29'),
(174, '03823182O', '667 173 132', '1995-01-08'),
(175, '32676384K', '907 340 447', '1996-03-10'),
(176, '58496449D', '757 559 890', '1998-02-23'),
(177, '24098038A', '711 663 893', '2000-02-05'),
(178, '34789880M', '921 399 553', '1998-07-30'),
(179, '57958890F', '792 854 229', '1995-05-28'),
(180, '16664299Q', '970 916 250', '1995-11-02'),
(181, '80922644I', '777 715 031', '1998-01-08'),
(182, '41356046J', '721 069 713', '2000-06-05'),
(183, '19472449S', '755 181 471', '1995-02-11'),
(184, '37215487P', '930 081 541', '2000-06-02'),
(185, '15958833F', '730 632 542', '1995-01-08'),
(186, '28128134I', '928 247 313', '2001-04-09'),
(187, '13790946Y', '935 353 938', '1995-03-21'),
(188, '88222343Y', '719 564 881', '1998-11-11'),
(189, '49980303U', '935 377 758', '1995-04-16'),
(190, '31716127N', '714 770 767', '1995-01-08'),
(191, '81828492Q', '720 117 291', '2001-11-08'),
(192, '27981821M', '925 539 206', '1996-12-09'),
(193, '46319585A', '639 691 665', '1998-10-22'),
(194, '51577849J', '656 010 350', '1996-04-05'),
(195, '35607925W', '768 976 973', '1997-01-02'),
(196, '04819550H', '685 985 581', '1996-02-18'),
(197, '00757845O', '751 922 145', '2000-09-11'),
(198, '82049820L', '759 723 342', '1996-09-14'),
(199, '05128296C', '987 095 085', '2000-12-26'),
(200, '03205059I', '941 539 295', '1995-07-09'),
(201, '28622120C', '620 008 158', '2001-04-01'),
(202, '49437982V', '738 834 122', '1997-05-11'),
(203, '22359061Q', '962 514 049', '1998-12-23'),
(204, '50762081U', '719 034 469', '2000-12-24'),
(205, '45240535I', '659 295 777', '1995-01-24'),
(206, '90038451S', '937 818 405', '1995-02-07'),
(207, '99669803E', '745 616 640', '2001-12-15'),
(208, '56292935W', '972 879 567', '1998-01-18'),
(209, '66370802N', '616 867 526', '1997-03-21'),
(210, '71929628V', '619 193 054', '2000-06-28'),
(211, '32453068H', '725 996 630', '1995-07-30'),
(212, '34946536A', '771 661 754', '1998-05-27'),
(213, '47178383A', '603 420 066', '1995-01-05'),
(214, '47119272Y', '641 059 800', '1995-01-08'),
(215, '38957427Q', '950 530 490', '1999-07-23'),
(216, '21560349O', '668 686 891', '1999-05-02'),
(217, '27894305M', '652 122 071', '1998-12-21'),
(218, '43235877M', '916 122 078', '1999-06-18'),
(219, '39819215E', '690 606 868', '1996-01-25'),
(220, '98620731J', '776 956 237', '2002-01-08'),
(221, '48160626X', '687 383 058', '1995-06-14'),
(222, '61033458G', '745 869 205', '2002-03-24'),
(223, '20407383V', '618 319 765', '1995-05-24'),
(224, '19143548P', '635 059 723', '1996-11-18'),
(225, '99938033N', '905 307 411', '2001-04-11'),
(226, '10534524A', '724 070 171', '1996-04-08'),
(227, '67771897V', '952 978 388', '1999-11-07'),
(228, '21103353Q', '764 851 733', '1997-02-15'),
(229, '62667185B', '789 381 918', '1998-03-02'),
(230, '14056177M', '777 342 162', '2000-11-18'),
(231, '73612418X', '948 413 037', '2000-08-10'),
(232, '29326159J', '639 500 711', '2000-10-03'),
(233, '33133505N', '693 112 126', '1995-01-06'),
(234, '73486101P', '765 968 143', '1995-03-28'),
(235, '42420778D', '740 957 605', '1997-03-15'),
(236, '49443738X', '751 973 204', '1997-06-22'),
(237, '03881695M', '999 768 596', '1995-02-19'),
(238, '99411188V', '942 100 811', '1997-02-05'),
(239, '37096437G', '955 070 883', '1998-09-29'),
(240, '73604201C', '950 573 742', '1995-03-15'),
(241, '29943666X', '750 827 859', '1996-12-13'),
(242, '69113922V', '694 863 576', '1995-08-14'),
(243, '94476884N', '678 587 045', '1995-06-25'),
(244, '82580726T', '981 493 608', '1995-01-10'),
(245, '70907052N', '977 199 185', '1997-11-14'),
(246, '80836267L', '904 558 029', '1995-01-07'),
(247, '30104222G', '650 663 204', '1998-05-21'),
(248, '95615430N', '783 891 576', '1995-02-18'),
(249, '69510012P', '718 130 116', '1995-02-23'),
(250, '15391501F', '700 015 081', '1995-06-14'),
(251, '92791217B', '928 397 308', '1996-04-24'),
(252, '22111945K', '678 591 726', '1997-12-21'),
(253, '39420895W', '948 708 899', '1999-02-11'),
(254, '75837720C', '636 841 465', '1995-01-09'),
(255, '22120523Q', '702 373 386', '1995-10-17'),
(256, '68851181X', '794 373 365', '1997-02-06'),
(257, '21688228K', '668 349 827', '1997-03-06'),
(258, '08494761E', '602 986 494', '1997-08-10'),
(259, '23269680S', '938 897 034', '2000-06-16'),
(260, '38555827I', '707 659 406', '1995-01-01'),
(261, '87669474X', '746 329 917', '1997-05-09'),
(262, '61565210A', '708 268 312', '1997-06-21'),
(263, '65228291A', '600 048 020', '1999-02-01'),
(264, '67100295Q', '675 600 435', '1995-12-29'),
(265, '19088361C', '737 384 475', '2001-09-01'),
(266, '06365528R', '773 117 353', '2000-09-07'),
(267, '69145446I', '693 094 194', '1998-04-03'),
(268, '34593400I', '970 550 555', '1996-11-29'),
(269, '19927550D', '709 617 094', '2001-06-16'),
(270, '08734967V', '787 221 951', '1997-07-23'),
(271, '83917275H', '729 432 833', '1995-03-27'),
(272, '63257729P', '658 209 244', '1995-08-26'),
(273, '30404483E', '647 171 002', '1996-05-08'),
(274, '97682854L', '967 643 444', '1999-12-14'),
(275, '97187174R', '611 447 998', '1995-03-05'),
(276, '38735817O', '695 093 668', '2002-01-10'),
(277, '74111843E', '916 213 284', '1995-12-28'),
(278, '54268068R', '787 972 279', '1995-02-26'),
(279, '54871095G', '917 983 646', '1998-06-01'),
(280, '25092435J', '632 093 270', '1995-02-27'),
(281, '96104914R', '987 963 766', '1995-01-08'),
(282, '69962789K', '687 523 354', '1997-09-14'),
(283, '09878799H', '664 413 865', '2000-09-19'),
(284, '67126045R', '931 192 133', '2000-10-30'),
(285, '56391062O', '724 909 010', '1999-03-02'),
(286, '05266671O', '980 394 158', '1995-01-05'),
(287, '97938334P', '760 497 036', '1999-06-02'),
(288, '97535084W', '980 998 690', '1997-11-18'),
(289, '15532232D', '689 285 710', '2000-09-05'),
(290, '00247542P', '914 041 943', '2000-03-17'),
(291, '24248439P', '738 266 132', '1999-07-24'),
(292, '18493006S', '967 217 705', '1998-12-16'),
(293, '27206706C', '944 459 053', '1996-11-15'),
(294, '25024685M', '951 756 851', '1995-01-09'),
(295, '14054059G', '970 880 458', '1996-10-03'),
(296, '10852696M', '627 866 768', '1995-09-27'),
(297, '51089762S', '719 830 540', '2000-07-09'),
(298, '31971905Z', '732 408 990', '1996-08-24'),
(299, '10625114C', '718 703 535', '1999-01-31'),
(300, '91054453W', '782 866 620', '2000-03-13'),
(301, '77637301B', '793 003 451', '1995-08-25'),
(302, '84721938C', '934 529 258', '2001-11-15'),
(303, '53948735G', '658 822 878', '1998-02-05'),
(304, '66129167U', '779 928 600', '1995-09-23'),
(305, '19694936E', '729 338 520', '2000-01-20'),
(306, '93527363E', '970 978 804', '2000-10-26'),
(307, '13052146H', '745 942 318', '1998-02-18'),
(308, '26804782W', '601 448 879', '2001-08-07'),
(309, '30271803J', '685 217 009', '1995-01-10'),
(310, '53588876L', '663 627 024', '1995-07-04'),
(311, '48611639Q', '742 772 703', '1998-06-30'),
(312, '63834360V', '999 261 871', '1996-05-17'),
(313, '71848525E', '701 368 509', '2001-04-22'),
(314, '99957906U', '970 145 381', '1998-11-29'),
(315, '49733054R', '736 065 182', '1996-05-25'),
(316, '81801529R', '779 229 991', '1998-10-19'),
(317, '51074143T', '705 454 192', '1999-10-20'),
(318, '68597453L', '749 228 837', '1997-04-10'),
(319, '74887292F', '914 597 248', '1995-01-03'),
(320, '78873333D', '680 632 988', '2001-03-11'),
(321, '03050717S', '978 428 026', '1995-07-23'),
(322, '90230220L', '966 688 695', '1998-07-25'),
(323, '26177304F', '981 749 851', '2001-06-22'),
(324, '70482123S', '762 154 432', '2001-05-03'),
(325, '67118884A', '643 186 451', '2000-10-22'),
(326, '59025062A', '744 361 973', '2001-05-27'),
(327, '96015081A', '942 965 851', '1997-12-18'),
(328, '01996154W', '677 607 376', '1995-01-06'),
(329, '18062184N', '780 997 805', '1999-05-08'),
(330, '01963501I', '650 374 626', '2001-06-16'),
(331, '23272277Y', '667 394 730', '1996-05-23'),
(332, '02673738X', '682 339 037', '2001-05-08'),
(333, '70732833A', '743 281 757', '1995-03-14'),
(334, '96176099I', '672 145 365', '2000-10-23'),
(335, '02629150E', '984 240 892', '1995-10-22'),
(336, '63593998L', '781 302 632', '2001-06-13'),
(337, '55653409A', '646 458 366', '1995-08-17'),
(338, '24833423Z', '670 379 620', '1995-09-22'),
(339, '67105504M', '638 806 262', '1997-07-10'),
(340, '73275703P', '773 937 926', '1996-12-01'),
(341, '59409556I', '960 326 913', '1995-01-07'),
(342, '11906077P', '743 028 473', '1999-11-26'),
(343, '47982473A', '973 645 204', '1995-01-12'),
(344, '92507512P', '938 775 472', '1995-01-01'),
(345, '34083245I', '915 535 183', '1998-01-21'),
(346, '79494218U', '600 513 818', '1996-03-05'),
(347, '79003558E', '673 929 899', '2001-01-07'),
(348, '36348633B', '926 198 046', '1995-03-20'),
(349, '07709577B', '754 342 577', '2000-07-21'),
(350, '07698868U', '976 389 931', '1995-07-19'),
(351, '43136567X', '729 755 904', '1995-10-14'),
(352, '89137911F', '664 783 088', '2002-03-12'),
(353, '01285725V', '659 449 553', '1997-04-06'),
(354, '03380232G', '974 261 409', '1995-01-02'),
(355, '82119492L', '623 750 873', '1996-04-29'),
(356, '16389915V', '961 602 384', '1999-12-27'),
(357, '11129287N', '687 084 627', '1995-01-10'),
(358, '38413530A', '635 506 556', '1997-05-28'),
(359, '47296841V', '741 752 732', '1995-11-13'),
(360, '53371765O', '753 546 927', '1997-01-29'),
(361, '99390797R', '655 690 673', '2000-02-05'),
(362, '06836452L', '678 464 921', '1995-01-08'),
(363, '64868317Q', '705 613 225', '1999-01-16'),
(364, '59677762D', '728 208 066', '2001-08-12'),
(365, '77848273I', '941 351 979', '1996-06-06'),
(366, '04259363L', '944 423 086', '2002-02-04'),
(367, '38559846P', '708 862 640', '1996-06-14'),
(368, '46825286K', '985 324 684', '1995-03-09'),
(369, '92448504D', '792 203 916', '1995-01-20'),
(370, '79639899G', '690 942 343', '2000-12-29'),
(371, '66526831I', '634 850 150', '1995-08-10'),
(372, '45332735C', '629 450 899', '1996-07-14'),
(373, '24777445U', '721 647 244', '1997-10-22'),
(374, '49400772A', '776 225 814', '1996-05-29'),
(375, '82258344M', '999 514 599', '1995-01-02'),
(376, '14188952B', '965 424 600', '1997-02-22'),
(377, '60820529A', '782 022 372', '1999-04-27'),
(378, '03082274L', '668 793 904', '2000-07-11'),
(379, '33066549T', '668 864 580', '2001-07-25'),
(380, '91041961M', '603 955 565', '1999-11-20'),
(381, '20246149M', '741 307 570', '1996-05-12'),
(382, '13829594Q', '687 701 883', '1998-08-31'),
(383, '77969110D', '702 882 309', '1996-08-08'),
(384, '72082134R', '658 087 037', '1995-01-07'),
(385, '22452990V', '786 110 431', '1996-05-14'),
(386, '97202607B', '914 104 356', '2001-09-04'),
(387, '09786205X', '718 710 555', '1998-04-28'),
(388, '99492112X', '740 641 372', '2001-08-24'),
(389, '73137729F', '685 172 885', '1995-04-09'),
(390, '23464618W', '977 564 056', '1997-05-04'),
(391, '89144706K', '726 778 236', '1995-01-01'),
(392, '44452016Y', '717 650 068', '1995-01-03'),
(393, '81976976U', '951 893 842', '1998-01-29'),
(394, '51394983Y', '795 540 124', '1995-02-10'),
(395, '52580230X', '616 068 403', '1995-06-15'),
(396, '53977060P', '742 950 658', '1996-10-18'),
(397, '12758911R', '792 345 121', '1995-04-23'),
(398, '67165750C', '778 735 173', '1998-08-30'),
(399, '16653645P', '664 985 079', '1998-01-22'),
(400, '98976999X', '783 941 988', '1999-06-05'),
(401, '17159434O', '692 057 518', '1998-04-26'),
(402, '96141099X', '951 078 744', '1995-07-22'),
(403, '77548877G', '923 888 847', '1995-08-14'),
(404, '98859715K', '678 253 317', '2001-12-17'),
(405, '06747843N', '979 864 913', '2001-11-30'),
(406, '99473612G', '798 574 555', '1995-11-16'),
(407, '49176115O', '981 600 479', '1995-04-12'),
(408, '80875437D', '786 399 542', '1998-01-21'),
(409, '18212942D', '647 081 959', '1997-08-24'),
(410, '15127978Z', '752 852 788', '2001-04-17'),
(411, '01853976Q', '760 489 452', '1995-01-03'),
(412, '71196582B', '705 729 312', '2002-02-16'),
(413, '57280269M', '774 302 131', '2001-12-30'),
(414, '31987228F', '967 870 741', '2000-02-26'),
(415, '02703680C', '616 929 893', '1995-04-09'),
(416, '81191322B', '972 292 327', '1995-01-07'),
(417, '96454453J', '716 135 906', '1999-04-18'),
(418, '26313901A', '711 296 737', '1997-02-09'),
(419, '24091673H', '916 388 672', '1999-11-20'),
(420, '88648851E', '714 937 540', '1995-01-06'),
(421, '66602677F', '756 266 761', '2000-10-12'),
(422, '85120436I', '716 807 647', '1998-09-16'),
(423, '36680384Y', '677 562 991', '1998-11-28'),
(424, '37915664I', '731 652 802', '1996-11-01'),
(425, '55825873Y', '614 602 380', '1996-04-12'),
(426, '29605794Y', '633 548 377', '2001-11-17'),
(427, '71010371T', '605 930 752', '1995-02-18'),
(428, '77226256R', '730 501 823', '1995-06-30'),
(429, '77009912C', '614 365 425', '1995-01-04'),
(430, '39216699J', '985 332 977', '1998-10-25'),
(431, '57378457Z', '680 481 483', '2000-06-22'),
(432, '93800025W', '964 308 310', '2000-12-10'),
(433, '83989750W', '922 806 634', '1997-01-26'),
(434, '25416310M', '927 687 351', '1999-06-14'),
(435, '73354384O', '763 432 074', '2000-12-28'),
(436, '39521162U', '689 569 718', '2002-01-18'),
(437, '76226819V', '713 925 297', '1995-07-07'),
(438, '18840089J', '936 350 724', '1996-10-18'),
(439, '09432655V', '680 977 690', '1997-11-11'),
(440, '82129838T', '690 261 057', '1995-01-09'),
(441, '49226078U', '607 396 852', '1999-01-28'),
(442, '72944305C', '936 503 904', '1995-11-12'),
(443, '78319041T', '916 030 231', '1996-02-14'),
(444, '38495696K', '703 310 220', '1995-01-01'),
(445, '80660967W', '608 648 167', '2000-07-28'),
(446, '42227565V', '958 414 475', '1995-01-26'),
(447, '74190382G', '736 047 436', '1996-06-12'),
(448, '22538485M', '777 918 162', '1995-04-07'),
(449, '57123699V', '678 612 158', '1995-02-13'),
(450, '36285223W', '730 602 951', '1998-03-10'),
(451, '57248220G', '723 308 851', '2001-05-30'),
(452, '21720935N', '749 028 662', '1996-08-21'),
(453, '95645881H', '967 553 330', '1995-11-04'),
(454, '67026416C', '660 785 825', '1995-05-06'),
(455, '77156593W', '782 150 718', '1999-12-08'),
(456, '76640041T', '693 175 886', '1998-07-03'),
(457, '46382415A', '622 849 659', '2001-08-18'),
(458, '01296427E', '797 365 225', '1995-03-16'),
(459, '23411678T', '759 282 949', '1997-09-18'),
(460, '77922713H', '997 263 215', '1995-03-16'),
(461, '95612412H', '979 487 285', '1996-01-20'),
(462, '88383468N', '688 718 056', '1995-01-05'),
(463, '93436664C', '623 721 158', '1995-02-19'),
(464, '27771751Y', '663 584 032', '1995-01-08'),
(465, '86254859S', '934 845 352', '2001-01-07'),
(466, '38783589Z', '769 140 612', '1999-02-08'),
(467, '77857604Y', '922 457 967', '1995-03-04'),
(468, '94021549W', '954 508 122', '1997-07-26'),
(469, '84973809S', '681 353 398', '1998-08-27'),
(470, '16423554T', '607 738 276', '1999-02-05'),
(471, '08102894F', '714 178 121', '1995-11-24'),
(472, '39220763G', '902 273 665', '1996-12-21'),
(473, '15276554L', '674 023 309', '1996-10-06'),
(474, '49947791D', '914 611 715', '1995-03-05'),
(475, '57949223C', '930 379 340', '1999-09-26'),
(476, '15344920N', '613 788 217', '1997-01-01'),
(477, '47289905F', '994 354 983', '1999-10-06'),
(478, '12188288H', '681 130 128', '1997-01-07'),
(479, '59387486K', '699 291 618', '1995-02-17'),
(480, '01082687R', '990 585 392', '1998-03-30'),
(481, '15009796N', '929 952 759', '1997-04-29'),
(482, '49349748C', '642 334 806', '2000-05-10'),
(483, '21811472F', '616 842 996', '2000-11-08'),
(484, '31045499G', '914 536 920', '1999-10-11'),
(485, '00790236V', '659 849 473', '1998-09-28'),
(486, '64012138I', '608 533 248', '2000-10-21'),
(487, '75278420V', '786 868 625', '2000-12-07'),
(488, '58912165A', '947 511 213', '1996-08-30'),
(489, '13794449X', '743 668 011', '1999-05-07'),
(490, '83310594N', '766 941 091', '2001-04-10'),
(491, '81862773L', '983 318 973', '1999-03-17'),
(492, '28278622R', '933 707 885', '1995-01-23'),
(493, '96258740V', '771 784 296', '1997-09-23'),
(494, '77750172Z', '678 321 473', '2000-05-07'),
(495, '81163441N', '696 730 859', '1998-08-04'),
(496, '12499477A', '658 639 840', '2000-03-29'),
(497, '64375013T', '655 359 823', '1998-10-23'),
(498, '66458248T', '753 845 318', '1995-01-04'),
(499, '44313469F', '653 990 797', '1995-04-03'),
(500, '96262422F', '643 128 603', '1995-01-18'),
(501, '59733713C', '774 569 006', '1999-02-06'),
(502, '88623120E', '968 533 432', '1998-01-03'),
(503, '50317758D', '777 971 314', '2000-01-21'),
(504, '18814329N', '942 163 477', '2000-05-14'),
(505, '49194972F', '751 549 150', '1995-04-10'),
(506, '78532914L', '637 896 062', '1999-08-15'),
(507, '94249351Q', '753 467 434', '2001-09-22'),
(508, '09203899Z', '942 743 083', '1995-07-07'),
(509, '62085342P', '797 842 794', '1995-01-09'),
(510, '35266697A', '929 104 363', '1995-08-13'),
(511, '77804556X', '797 905 433', '2000-08-18'),
(512, '36404209B', '963 376 937', '1997-08-09'),
(513, '20967241U', '631 534 660', '1995-11-18'),
(514, '66783866U', '769 817 163', '1997-08-31'),
(515, '56028432M', '751 996 074', '1998-12-12'),
(516, '05471848S', '944 009 063', '1995-12-25'),
(517, '00957429Z', '715 386 736', '1997-03-24'),
(518, '09222587N', '625 386 737', '1995-01-06'),
(519, '70652411Z', '668 891 420', '1997-10-11'),
(520, '10180580N', '634 250 329', '2002-03-15'),
(521, '36262879S', '711 457 539', '1997-05-10'),
(522, '64771842S', '917 064 206', '1997-08-29'),
(523, '60474786I', '966 414 249', '1999-04-23'),
(524, '10983943B', '798 217 710', '1995-02-09'),
(525, '47594545F', '981 725 715', '2001-11-26'),
(526, '83560789F', '916 552 672', '2002-03-04'),
(527, '92754349J', '983 971 528', '2000-07-28'),
(528, '22754851I', '928 391 477', '1995-01-05'),
(529, '57438702H', '699 348 611', '1997-06-16'),
(530, '34395238L', '900 992 224', '1997-02-18'),
(531, '03395807O', '779 072 208', '1995-01-04'),
(532, '73471397Q', '780 757 953', '1995-11-22'),
(533, '35590682R', '723 137 466', '2000-02-23'),
(534, '31687831Y', '685 309 643', '1996-03-04'),
(535, '13079579N', '672 523 956', '1995-08-25'),
(536, '69043681I', '990 156 831', '1999-01-17'),
(537, '32583128G', '792 323 099', '1997-10-21'),
(538, '32067237F', '621 407 314', '1995-01-06'),
(539, '55263303U', '692 467 318', '2000-05-09'),
(540, '60293764P', '621 759 092', '1998-10-19'),
(541, '67249383I', '793 912 303', '1997-12-12'),
(542, '62465043B', '762 398 908', '1996-06-14'),
(543, '31129947S', '646 586 518', '1999-10-08'),
(544, '45316444Z', '643 141 742', '1998-10-18'),
(545, '42734157T', '661 892 102', '1995-01-31'),
(546, '80871203S', '672 704 039', '1997-05-31'),
(547, '15172176O', '939 972 565', '1995-01-10'),
(548, '96895266R', '905 295 148', '2001-06-03'),
(549, '30575134E', '637 516 949', '1999-11-16'),
(550, '43817858M', '744 982 354', '1997-12-17'),
(551, '19094824E', '984 283 548', '2001-10-09'),
(552, '05080346K', '695 578 940', '1998-10-01'),
(553, '32698321A', '775 774 258', '1995-04-10'),
(554, '93452658T', '938 488 346', '2001-04-02'),
(555, '20083049K', '914 120 825', '1997-05-09'),
(556, '54853872R', '949 469 276', '1995-01-08'),
(557, '08970545B', '713 173 955', '1998-11-28'),
(558, '02557623M', '776 361 688', '2001-08-21'),
(559, '72753965P', '639 590 353', '1995-01-06'),
(560, '85887521H', '764 845 724', '2002-01-11'),
(561, '92460113M', '615 737 325', '1995-10-27'),
(562, '33358442C', '631 992 012', '1996-04-27'),
(563, '34630867R', '777 067 849', '2000-06-13'),
(564, '26357226N', '703 603 375', '1998-12-17'),
(565, '18378152J', '956 784 105', '1997-07-11'),
(566, '84932529K', '726 270 670', '1997-06-02'),
(567, '43996314J', '911 861 164', '1995-01-03'),
(568, '62332405Y', '946 672 363', '2001-03-04'),
(569, '60794826B', '717 565 387', '1998-09-07'),
(570, '89588932F', '729 872 596', '1995-03-28'),
(571, '85246208P', '682 562 219', '1995-11-08'),
(572, '76085390C', '697 907 643', '1995-03-18'),
(573, '14176592I', '667 826 751', '1995-01-06'),
(574, '35534381V', '615 004 573', '1998-06-09'),
(575, '80474809J', '984 835 381', '1995-01-17'),
(576, '54320454C', '784 782 663', '1997-05-09'),
(577, '11961220E', '723 654 621', '2001-06-26'),
(578, '33374226I', '914 161 777', '1995-01-06'),
(579, '71802876I', '901 172 877', '1999-09-18'),
(580, '36879863X', '643 494 691', '1995-04-29'),
(581, '19954462G', '688 374 545', '2001-11-06'),
(582, '71081934I', '755 216 625', '1995-01-10'),
(583, '64712542E', '724 595 417', '1997-09-01'),
(584, '60129994Q', '925 215 073', '1995-02-27'),
(585, '79333580A', '656 112 721', '2000-10-06'),
(586, '39999110L', '664 185 255', '1999-02-03'),
(587, '11696601Y', '922 394 274', '1995-03-11'),
(588, '25864096U', '743 769 406', '1995-01-07'),
(589, '49566901T', '975 717 049', '1997-07-19'),
(590, '46746612R', '963 161 449', '1995-01-01'),
(591, '41240795O', '940 153 092', '2000-12-17'),
(592, '85165474D', '727 390 447', '1999-06-20'),
(593, '48936666T', '745 847 913', '2001-06-21'),
(594, '22158404T', '665 179 049', '1996-10-06'),
(595, '26209105U', '709 839 568', '1997-06-25'),
(596, '06388190E', '981 857 822', '1998-05-02'),
(597, '91279548B', '777 800 102', '1995-08-09'),
(598, '56998327T', '987 015 164', '1996-10-01'),
(599, '54665900Q', '606 417 804', '2000-11-07'),
(600, '18070121N', '612 193 113', '1995-02-07'),
(601, '00504865B', '991 329 265', '1995-02-25'),
(602, '11900703J', '794 261 209', '1995-10-30'),
(603, '71453616H', '652 026 241', '1995-01-02'),
(604, '82655286B', '913 301 222', '2001-09-10'),
(605, '99499163Q', '915 607 245', '1999-08-06'),
(606, '34238356W', '679 717 881', '1995-03-05'),
(607, '09737520G', '724 660 185', '1995-05-14'),
(608, '99244841C', '784 443 008', '1999-12-19'),
(609, '32275450Z', '906 614 988', '1997-04-19'),
(610, '90910998P', '660 080 921', '1995-01-07'),
(611, '01130110T', '751 453 436', '1995-01-06'),
(612, '71523701Q', '673 037 175', '1996-09-15'),
(613, '05619812A', '934 967 680', '1995-02-23'),
(614, '57855496P', '951 613 076', '1995-03-26'),
(615, '83595793N', '953 307 760', '1996-02-10'),
(616, '19130601W', '900 310 116', '1995-03-24'),
(617, '06476309I', '997 142 597', '1995-01-24'),
(618, '68767478O', '921 325 950', '1997-08-18'),
(619, '12765338G', '989 293 134', '1996-04-25'),
(620, '73045878N', '764 215 242', '1999-12-25'),
(621, '06126703O', '651 732 214', '1997-01-28'),
(622, '70184741C', '959 089 359', '1997-09-18'),
(623, '14318790R', '945 644 735', '1999-02-02'),
(624, '74970125L', '967 616 087', '2001-03-17'),
(625, '59557135O', '680 402 491', '1998-10-14'),
(626, '50721944T', '975 281 792', '1996-12-12'),
(627, '29823344Y', '788 125 287', '1995-05-07'),
(628, '50451246N', '676 980 499', '1996-10-02'),
(629, '68354799M', '713 982 705', '2000-11-06'),
(630, '15756657P', '775 552 643', '1999-07-24'),
(631, '47981213G', '712 766 989', '1998-05-14'),
(632, '96814943Z', '929 880 870', '2000-02-17'),
(633, '96656064R', '993 503 272', '2001-09-13'),
(634, '78199401D', '638 637 799', '1996-10-05'),
(635, '27338497W', '908 262 072', '1997-02-09'),
(636, '83806075R', '732 188 270', '1997-06-08'),
(637, '38955517I', '714 927 010', '1996-03-18'),
(638, '76301041X', '945 413 661', '1995-06-27'),
(639, '68544668O', '986 433 116', '1995-02-16'),
(640, '15697773L', '710 034 569', '1995-02-04'),
(641, '52474349E', '740 639 597', '1995-07-16'),
(642, '60044156S', '994 091 031', '2002-01-25'),
(643, '37522204G', '669 123 386', '1999-07-26'),
(644, '31774196O', '627 024 485', '1995-12-30'),
(645, '14616795G', '960 691 597', '1995-01-01'),
(646, '98474687G', '659 755 787', '1999-02-24'),
(647, '63149081I', '743 137 921', '2000-09-23'),
(648, '41624055A', '914 816 258', '1997-02-03'),
(649, '90098580X', '602 384 534', '1995-09-26'),
(650, '54106636N', '990 409 625', '1997-04-17'),
(651, '19387597T', '926 752 196', '1995-09-23'),
(652, '97194791M', '668 215 762', '1995-11-13'),
(653, '49320413D', '715 397 429', '1996-04-11'),
(654, '23024710R', '727 747 052', '1998-10-03'),
(655, '20524898S', '995 789 665', '2002-01-01'),
(656, '33062917S', '649 249 761', '1996-10-28'),
(657, '54810097U', '709 140 157', '1998-09-28'),
(658, '31266441T', '625 048 082', '2000-12-10'),
(659, '63475128E', '745 782 554', '1998-03-06'),
(660, '76702696N', '780 504 335', '1998-08-30'),
(661, '21973602W', '918 366 020', '1995-01-05'),
(662, '46375757D', '986 751 910', '1995-01-02'),
(663, '04003493E', '969 938 406', '2002-03-16'),
(664, '08516612R', '969 902 001', '1996-03-04'),
(665, '37575425D', '770 619 826', '1996-02-20'),
(666, '02404667C', '901 354 721', '1995-01-31'),
(667, '52892121B', '744 350 099', '2000-07-27'),
(668, '10150151J', '634 048 637', '1995-01-10'),
(669, '44173521B', '641 485 623', '2000-09-18'),
(670, '97932993C', '945 135 446', '2001-01-04'),
(671, '55323366C', '716 935 442', '1998-05-28'),
(672, '07175351P', '706 245 358', '1995-02-17'),
(673, '78111878S', '756 504 019', '2000-03-03'),
(674, '37159014N', '929 836 469', '2001-04-04'),
(675, '98343459N', '686 607 110', '1995-12-15'),
(676, '23740886S', '933 106 104', '1999-07-21'),
(677, '21312745O', '665 494 547', '1999-06-11'),
(678, '11501316P', '988 574 871', '1998-02-11'),
(679, '56655269Y', '748 450 243', '1999-01-02'),
(680, '76469314T', '986 409 890', '1995-04-09'),
(681, '62196357J', '728 605 354', '1998-05-06'),
(682, '99267842G', '758 317 727', '1998-11-29'),
(683, '31566274Z', '965 323 710', '1997-08-25'),
(684, '08917901A', '689 754 719', '1995-03-10'),
(685, '77097096X', '728 822 620', '1995-01-02'),
(686, '43879701D', '732 060 222', '2000-02-11'),
(687, '52160414F', '741 581 539', '2000-12-10'),
(688, '04185883K', '726 790 406', '2001-09-26'),
(689, '83679427X', '976 554 606', '1999-06-12'),
(690, '37871919X', '640 357 052', '2001-03-24'),
(691, '77923451T', '650 247 639', '1997-12-09'),
(692, '57078898N', '908 426 181', '1997-08-14'),
(693, '27153195S', '908 315 854', '1995-11-08'),
(694, '18524211I', '960 525 455', '1996-02-07'),
(695, '65826231P', '722 537 417', '1998-08-24'),
(696, '49882752O', '795 284 121', '2000-09-19'),
(697, '80235616K', '991 410 639', '1995-01-06'),
(698, '26999961K', '795 284 941', '1996-08-02'),
(699, '49356251A', '952 121 129', '2001-05-16'),
(700, '76099366E', '669 776 860', '1996-11-29'),
(701, '47957630W', '999 240 425', '2000-08-20'),
(702, '58904760Y', '787 883 551', '1999-10-13'),
(703, '64346387Y', '669 066 860', '1995-01-09'),
(704, '90588907Z', '662 907 796', '1997-05-09'),
(705, '00869200F', '941 739 107', '1997-09-19'),
(706, '24880397E', '929 128 644', '1998-11-28'),
(707, '98928964S', '619 790 544', '1997-03-29'),
(708, '40046361O', '790 635 437', '1997-07-20'),
(709, '17576190G', '937 634 054', '1995-02-18'),
(710, '82619539Z', '983 616 605', '1997-05-27'),
(711, '38766829F', '795 996 645', '1997-01-28'),
(712, '58417120Z', '683 703 070', '2001-01-05'),
(713, '74815059W', '694 782 982', '1998-07-28'),
(714, '26053602L', '768 479 843', '1999-04-28'),
(715, '17077464C', '636 923 647', '2000-10-16'),
(716, '02848619J', '689 384 078', '1996-09-03'),
(717, '30346946S', '909 727 325', '2001-05-21'),
(718, '39966222L', '749 380 373', '1996-02-12'),
(719, '08180592B', '659 109 046', '1998-09-18'),
(720, '26313557A', '715 497 758', '1995-01-08'),
(721, '55130738A', '903 594 729', '1997-01-25'),
(722, '16240392O', '903 870 571', '1998-07-02'),
(723, '81700235C', '720 785 811', '1996-03-17'),
(724, '35648317N', '634 388 720', '2001-12-14'),
(725, '60243894P', '932 259 227', '1996-11-23'),
(726, '58053097F', '954 512 536', '1996-02-21'),
(727, '61177461A', '994 483 893', '1999-04-16'),
(728, '83920488X', '796 248 251', '1997-07-03'),
(729, '28617086B', '698 621 254', '1995-01-01'),
(730, '98799347K', '798 360 326', '1995-01-07'),
(731, '28938699T', '959 432 813', '1996-05-07'),
(732, '11113700W', '677 106 097', '1998-10-05'),
(733, '68520579V', '618 190 652', '2002-01-03'),
(734, '71277512L', '997 416 602', '1996-01-09'),
(735, '11841903U', '939 910 730', '2000-01-08'),
(736, '01463987C', '662 188 405', '1997-06-05'),
(737, '77087011T', '998 944 030', '1996-10-21'),
(738, '63519599I', '670 855 528', '1997-04-30'),
(739, '89845031O', '612 524 332', '2001-11-02'),
(740, '39203775C', '772 012 864', '1995-02-01'),
(741, '38187871C', '728 829 944', '2001-06-20'),
(742, '31336557I', '998 384 227', '1997-03-08'),
(743, '42860123F', '619 638 914', '1995-01-04'),
(744, '81000339Q', '686 042 663', '1999-03-18'),
(745, '63661507U', '965 989 167', '1995-01-06'),
(746, '67216869T', '693 622 260', '2000-11-27'),
(747, '20988571H', '687 380 026', '2000-09-07'),
(748, '52770091A', '638 814 138', '1997-09-06'),
(749, '17965861B', '907 760 708', '1995-03-04'),
(750, '35667413A', '916 816 446', '1995-02-22'),
(751, '22621800M', '670 092 358', '1997-08-10'),
(752, '09009807P', '674 667 679', '2001-12-01'),
(753, '70750036A', '958 698 330', '1997-07-24'),
(754, '20337752X', '953 894 788', '1997-03-10'),
(755, '25750337O', '956 748 354', '1995-10-16'),
(756, '96989596Y', '623 881 551', '1997-02-22'),
(757, '27349322H', '937 692 501', '1997-08-26'),
(758, '50641569O', '655 124 551', '1995-01-13'),
(759, '00699534L', '616 249 546', '1997-06-08'),
(760, '10958803J', '999 009 461', '1995-02-13'),
(761, '63786319N', '759 267 909', '1995-05-17'),
(762, '42570555N', '650 983 215', '1998-04-20'),
(763, '99251252S', '778 903 084', '1997-09-28'),
(764, '72711389E', '762 378 632', '1996-02-01'),
(765, '26524664R', '966 963 783', '1997-11-19'),
(766, '26679621V', '682 894 405', '1998-11-10'),
(767, '61883647I', '685 636 197', '1999-04-11'),
(768, '32683765S', '766 467 438', '1996-10-10'),
(769, '32990140M', '746 976 092', '1997-12-26'),
(770, '16117242V', '787 860 528', '1997-08-31'),
(771, '60309524A', '688 527 836', '1996-08-18'),
(772, '92127754A', '996 530 704', '1995-02-12'),
(773, '07911768Y', '729 009 900', '1995-01-17'),
(774, '11196861P', '989 279 394', '1995-03-07'),
(775, '89017674U', '613 192 354', '1998-08-16'),
(776, '82870403W', '986 722 027', '1999-01-07'),
(777, '31750238K', '660 254 021', '1996-02-11'),
(778, '31798287X', '779 654 248', '1998-09-21'),
(779, '14771911J', '667 185 340', '2000-12-16'),
(780, '05516140E', '736 097 342', '1998-08-23'),
(781, '95290223J', '783 011 001', '1996-01-05'),
(782, '68294767O', '668 433 792', '1995-03-31'),
(783, '21834302X', '670 662 110', '2002-01-09'),
(784, '96320306I', '659 897 838', '1998-03-12'),
(785, '46829421E', '663 364 741', '1998-10-14'),
(786, '85751181U', '942 880 319', '1998-05-12'),
(787, '81209605E', '922 007 406', '1995-07-11'),
(788, '60053706F', '959 407 754', '2001-01-05'),
(789, '99051241M', '981 600 248', '1999-03-15'),
(790, '45806996X', '682 380 319', '1997-02-11'),
(791, '23096924M', '607 224 644', '1999-10-19'),
(792, '07710860D', '771 492 264', '1999-12-11'),
(793, '27109133P', '925 253 427', '1995-01-01'),
(794, '11296207S', '680 765 463', '1996-08-25'),
(795, '94756631K', '659 936 054', '1997-11-08'),
(796, '28490315S', '649 772 426', '2001-06-30'),
(797, '25667223I', '693 687 544', '1998-07-27'),
(798, '89090580Z', '732 750 033', '1997-08-20'),
(799, '00531846J', '939 340 852', '1995-01-03'),
(800, '39721611L', '744 184 918', '1999-01-19'),
(801, '41132429D', '644 787 370', '2000-01-02'),
(802, '14563647M', '615 595 699', '2000-10-14'),
(803, '05332980E', '967 991 952', '2000-04-06'),
(804, '40976081L', '996 394 684', '1995-02-28'),
(805, '89757800C', '790 840 676', '1995-11-28'),
(806, '62171228F', '636 720 303', '1996-09-08'),
(807, '13472981L', '790 564 788', '1997-10-02'),
(808, '67137977N', '746 376 419', '1999-11-27'),
(809, '55618379D', '602 009 514', '1999-10-18'),
(810, '87083356F', '753 909 635', '2000-10-01'),
(811, '99794976M', '922 202 919', '1995-03-13'),
(812, '35448362W', '958 594 223', '1997-04-02'),
(813, '56698989G', '948 477 132', '1995-01-09'),
(814, '69300214E', '754 515 828', '1995-05-07'),
(815, '00663357L', '778 309 178', '1995-04-03'),
(816, '15389038I', '776 222 081', '1995-01-08'),
(817, '38739199N', '636 676 070', '1995-09-27'),
(818, '00977109S', '648 519 669', '1998-07-27'),
(819, '22904141J', '918 491 548', '1998-06-04'),
(820, '14552754Y', '704 426 683', '2001-07-15'),
(821, '52878879I', '902 651 381', '2001-04-07'),
(822, '85811717O', '969 411 067', '1996-06-17'),
(823, '65247231Y', '765 569 266', '1995-07-08'),
(824, '14586262K', '604 945 592', '1999-06-05'),
(825, '05267036O', '797 534 285', '2000-04-22'),
(826, '24623996G', '637 947 032', '1996-09-20'),
(827, '60490099G', '774 338 648', '1995-06-18'),
(828, '51936597V', '764 978 945', '2000-11-23'),
(829, '45146596D', '968 341 924', '1995-01-09'),
(830, '50395937J', '916 268 706', '1998-10-23'),
(831, '19347171U', '923 993 961', '1995-01-05'),
(832, '32786655R', '989 448 735', '1998-02-24'),
(833, '01860688X', '799 059 387', '1998-04-12'),
(834, '89093571V', '939 858 230', '1997-05-04'),
(835, '17595363I', '606 967 149', '1995-02-07'),
(836, '21469468O', '902 712 199', '1996-07-26'),
(837, '54082059H', '642 867 113', '1996-06-14'),
(838, '07132596U', '757 289 002', '1998-03-29'),
(839, '62622071D', '945 318 775', '1996-06-21'),
(840, '17397283H', '775 497 806', '2000-05-20'),
(841, '25684684X', '620 292 836', '1995-01-08'),
(842, '27173920W', '985 108 298', '2002-04-11'),
(843, '42781061Q', '783 838 100', '1998-07-08'),
(844, '64765559Y', '994 951 695', '1997-03-03'),
(845, '53871634P', '686 809 031', '1998-09-30'),
(846, '76095238P', '994 959 960', '2000-10-05'),
(847, '53203417V', '982 731 153', '1995-12-28'),
(848, '28668681N', '623 789 144', '1999-05-04'),
(849, '08088011A', '922 395 849', '1996-09-30'),
(850, '34212277X', '986 557 223', '1995-11-22'),
(851, '28155843E', '649 993 912', '1999-06-10'),
(852, '97304859B', '743 586 647', '2001-03-08'),
(853, '68143344A', '784 116 063', '1995-01-05'),
(854, '58932290C', '684 834 535', '1997-04-13'),
(855, '29906225U', '912 417 106', '1998-03-28'),
(856, '10379555Y', '992 390 257', '1998-01-14'),
(857, '00521051O', '734 909 456', '2001-01-04'),
(858, '39382657O', '942 082 101', '1995-01-05'),
(859, '15105339J', '758 215 368', '1999-10-21'),
(860, '54149578M', '741 555 503', '2001-04-03'),
(861, '40807396Q', '762 173 240', '1996-06-13'),
(862, '21539370K', '911 918 376', '2002-02-23'),
(863, '97955932D', '789 667 027', '1999-09-13'),
(864, '79619832N', '656 058 951', '1998-12-02'),
(865, '09287832E', '986 345 245', '2001-01-12'),
(866, '22241149B', '632 936 985', '1996-03-23'),
(867, '64149398Y', '982 529 286', '2002-04-22'),
(868, '29250894S', '691 918 525', '1996-10-24'),
(869, '93935114F', '753 446 762', '1995-09-16'),
(870, '55127346J', '713 856 408', '1999-06-08'),
(871, '54586783V', '973 380 509', '1999-02-05'),
(872, '20968500W', '733 139 837', '1997-06-08'),
(873, '55170378U', '707 546 150', '1998-11-19'),
(874, '10832027A', '768 740 979', '1997-12-27'),
(875, '51002024N', '759 871 462', '1999-07-05'),
(876, '23212355O', '720 819 859', '1998-12-28'),
(877, '70376650X', '774 858 594', '2000-11-10'),
(878, '50097020M', '698 898 987', '1996-03-14'),
(879, '46396304M', '768 389 176', '2001-03-11'),
(880, '82047246T', '659 035 151', '1996-12-20'),
(881, '68919882W', '645 081 839', '1998-12-10'),
(882, '02837608K', '927 817 628', '1998-12-08'),
(883, '06055531K', '794 893 574', '2001-05-08'),
(884, '41128766I', '625 980 515', '1998-12-08'),
(885, '48817889R', '684 905 765', '1996-05-13'),
(886, '50945698L', '933 917 175', '1997-09-23'),
(887, '55278706K', '682 926 816', '2002-04-19'),
(888, '07928703W', '664 148 616', '2001-09-26'),
(889, '00885078T', '692 006 050', '1995-03-09'),
(890, '89081181S', '652 532 808', '1997-06-01'),
(891, '12021749W', '650 516 570', '1999-02-13'),
(892, '47522132B', '652 216 384', '1995-03-28'),
(893, '23257657S', '956 656 623', '2000-01-22'),
(894, '67716293Q', '661 624 388', '1998-01-29'),
(895, '78474848U', '938 560 168', '2001-11-17'),
(896, '32694381J', '912 766 630', '1998-03-13'),
(897, '02394578S', '755 998 776', '1999-10-20'),
(898, '54147179C', '677 506 608', '1997-03-23'),
(899, '68744846D', '602 894 278', '1995-01-06'),
(900, '06535076K', '939 508 303', '1995-01-08'),
(901, '86607202A', '623 921 438', '1996-07-31'),
(902, '15449038I', '983 777 442', '1997-07-01'),
(903, '65406455L', '624 731 281', '1996-03-21'),
(904, '49470862E', '653 266 349', '2001-12-05'),
(905, '78588017U', '695 167 187', '2000-07-26'),
(906, '21798615H', '753 220 978', '2000-11-23'),
(907, '49799110K', '965 661 499', '1996-02-22'),
(908, '34066274A', '659 408 788', '1997-01-29'),
(909, '24763118F', '716 105 285', '1997-08-11'),
(910, '50906322W', '690 434 251', '1999-11-21'),
(911, '28695136D', '715 100 181', '1996-11-16'),
(912, '95585090G', '655 836 900', '1998-05-26'),
(913, '21919743I', '664 523 489', '1998-11-01'),
(914, '04907127B', '923 503 311', '2000-06-24'),
(915, '05083998J', '769 679 392', '1995-02-25'),
(916, '80971400C', '633 471 900', '1999-11-15'),
(917, '94036055I', '631 147 024', '1995-01-01'),
(918, '25804529X', '643 192 844', '1995-03-05'),
(919, '42516846S', '959 682 936', '1997-08-04'),
(920, '10781283Z', '670 252 063', '1997-09-12'),
(921, '70954346G', '964 995 610', '1995-01-10'),
(922, '00935533O', '622 428 037', '1997-07-27'),
(923, '64719200V', '771 752 257', '1996-07-08'),
(924, '13617862O', '683 746 511', '1995-01-02'),
(925, '55909559M', '712 457 671', '1996-03-01'),
(926, '25691272F', '791 568 734', '1996-02-06'),
(927, '92388631M', '683 275 358', '1995-07-04'),
(928, '45617256D', '603 530 466', '1995-01-08'),
(929, '06054962R', '903 810 982', '1996-08-15'),
(930, '89595541E', '748 897 224', '1995-04-09'),
(931, '31114264M', '992 934 149', '1997-05-08'),
(932, '37622492V', '778 067 127', '1996-01-28'),
(933, '36862200M', '930 300 669', '1996-04-01'),
(934, '76180135G', '948 594 871', '1997-01-13'),
(935, '41081887X', '633 940 300', '1995-07-06'),
(936, '34275629B', '745 104 223', '2000-05-28'),
(937, '10371883R', '951 893 424', '1997-02-11'),
(938, '82498773X', '612 484 120', '2000-12-14'),
(939, '90994717C', '949 237 077', '2000-01-18'),
(940, '02126471P', '690 444 228', '1996-04-16'),
(941, '20926129D', '764 900 840', '2001-10-19'),
(942, '74505783K', '729 467 112', '1999-06-06'),
(943, '81326465V', '698 509 579', '1999-02-21'),
(944, '14668794Y', '794 993 021', '1995-04-05'),
(945, '63087460F', '706 091 073', '1999-08-21'),
(946, '78823076O', '911 877 209', '1996-10-03'),
(947, '15947732M', '719 848 842', '1995-05-31'),
(948, '99336260R', '641 469 522', '1999-11-28'),
(949, '74340052R', '991 367 482', '1995-04-09'),
(950, '95820952M', '792 001 105', '1996-02-23'),
(951, '40110055W', '633 476 109', '1997-03-26'),
(952, '52442568F', '903 413 098', '1995-01-07'),
(953, '01444247N', '759 676 315', '1999-06-22'),
(954, '17338893F', '923 678 930', '1998-08-10'),
(955, '37092672M', '971 419 077', '1995-08-03'),
(956, '50864864V', '689 249 905', '1995-09-07'),
(957, '36127236X', '674 975 315', '1999-02-05'),
(958, '78291875U', '927 516 971', '1999-08-19'),
(959, '52886704G', '909 611 333', '1999-11-03'),
(960, '08691582M', '628 157 383', '2000-12-17'),
(961, '00436144F', '647 658 917', '1996-08-30'),
(962, '53538141H', '720 884 424', '1995-01-03'),
(963, '28459739N', '967 038 947', '2000-08-05'),
(964, '74088372K', '733 749 199', '1999-10-04'),
(965, '91466737Y', '918 040 592', '1998-04-18'),
(966, '42157505Y', '782 380 532', '1996-04-17'),
(967, '84515174Z', '917 624 581', '1997-12-19'),
(968, '99869476E', '967 448 556', '1998-04-09'),
(969, '24945200A', '711 683 466', '2000-10-09'),
(970, '54913853P', '665 574 277', '1995-03-28'),
(971, '51476426I', '756 951 670', '1999-12-14'),
(972, '36728777W', '920 077 718', '1995-09-12'),
(973, '19175889B', '780 829 780', '1999-04-05'),
(974, '44563966N', '682 160 944', '2000-04-26'),
(975, '60085798V', '695 821 710', '2002-02-04'),
(976, '84172959C', '963 463 422', '2001-07-06'),
(977, '15066426O', '670 750 782', '1997-07-05'),
(978, '94882953G', '962 831 415', '1999-02-15'),
(979, '31993112P', '636 316 460', '1995-10-22'),
(980, '12122779R', '795 516 869', '2001-07-03'),
(981, '30310080B', '724 029 267', '2000-09-23'),
(982, '27124516V', '620 033 795', '1999-06-21'),
(983, '43760235W', '690 727 527', '1999-07-12'),
(984, '65422317D', '682 843 642', '2001-07-10'),
(985, '05350531C', '720 709 689', '1995-01-02'),
(986, '20075825D', '618 018 550', '2001-08-03'),
(987, '66007073P', '903 095 381', '1995-10-13'),
(988, '31565827J', '778 247 931', '2000-06-12'),
(989, '03452474X', '958 068 111', '1997-10-05'),
(990, '64972852D', '789 853 145', '1997-08-21'),
(991, '12368444O', '996 260 573', '2000-06-08'),
(992, '89555178R', '951 179 801', '1997-03-12'),
(993, '58889302Q', '939 371 356', '1995-02-24'),
(994, '01271346I', '645 877 099', '1995-01-09'),
(995, '78215315J', '618 134 471', '1995-10-12'),
(996, '59186030R', '960 986 190', '1996-05-22'),
(997, '91997915O', '714 091 567', '2001-07-04'),
(998, '51800956V', '763 906 100', '2000-10-02'),
(999, '27224470S', '948 106 450', '1995-01-15'),
(1000, '27362925L', '730 244 902', '1998-06-30');

-- 
-- Dumping data for table clientes
--
INSERT INTO clientes VALUES
(1, '11638861K', '641 474 422', '1995-02-07', 467.56, 1),
(2, '85243237K', '980 656 763', '1996-01-13', 721.86, 559),
(3, '79872672F', '939 408 603', '1998-03-14', 879.03, 606),
(4, '44382750G', '948 781 740', '1999-12-24', 517.60, 1000),
(5, '32631930O', '683 694 474', '2001-05-11', 902.12, 102),
(6, '72425765C', '718 548 946', '1997-04-15', 650.74, 2),
(7, '20373427R', '669 657 085', '1999-12-20', 787.51, 459),
(8, '46182800T', '706 870 524', '1999-03-23', 829.59, 707),
(9, '22846921R', '951 640 809', '2000-09-15', 149.32, 848),
(10, '90891030Y', '779 158 385', '1996-04-14', 443.51, 103),
(11, '90143666G', '775 343 203', '2001-07-29', 534.43, 3),
(12, '66336094W', '921 213 706', '2001-02-07', 776.75, 560),
(13, '54494693Y', '794 439 945', '1996-07-10', 236.67, 607),
(14, '55853732A', '649 039 730', '1999-08-08', 147.99, 254),
(15, '08990824S', '925 008 934', '1999-11-03', 976.47, 460),
(16, '32676453I', '991 607 219', '1996-11-05', 840.77, 561),
(17, '07849583U', '963 138 755', '2001-02-13', 284.72, 946),
(18, '25210928I', '987 336 361', '1999-10-14', 901.18, 461),
(19, '38012386K', '738 210 737', '1999-04-08', 988.16, 562),
(20, '48237925U', '622 402 966', '1996-11-08', 927.44, 708),
(21, '87606195L', '730 167 754', '2001-12-26', 414.84, 104),
(22, '40591086C', '994 534 828', '1995-03-24', 330.72, 355),
(23, '04710629W', '745 123 957', '1996-07-04', 176.20, 849),
(24, '48167681T', '921 146 861', '2001-01-16', 661.46, 4),
(25, '65550170Q', '677 260 507', '1999-04-30', 301.64, 608),
(26, '68061515I', '943 465 793', '2001-11-05', 639.20, 462),
(27, '38752926R', '622 471 698', '1997-08-04', 716.56, 709),
(28, '66174991X', '691 465 583', '2000-10-17', 481.12, 947),
(29, '52395692M', '743 443 242', '1995-03-12', 271.41, 105),
(30, '70012204M', '680 893 197', '2000-01-09', 105.86, 609),
(31, '10635449Q', '991 366 828', '1998-05-24', 461.75, 850),
(32, '48188973D', '742 463 402', '1999-06-18', 426.73, 255),
(33, '32277139Y', '932 859 137', '2001-09-12', 192.61, 563),
(34, '11812526K', '956 651 261', '1999-01-06', 708.05, 463),
(35, '14821580W', '715 898 895', '1997-06-15', 483.38, 356),
(36, '12011676H', '629 526 883', '1998-09-20', 550.36, 710),
(37, '33985453K', '706 210 097', '1999-07-20', 219.55, 5),
(38, '67321519E', '769 440 683', '2001-04-13', 937.70, 106),
(39, '40709519K', '693 415 565', '2000-08-04', 226.70, 256),
(40, '05932844Q', '922 511 207', '2001-08-15', 484.56, 6),
(41, '43130048H', '924 774 347', '1995-03-03', 680.51, 564),
(42, '81339873E', '693 296 694', '1999-03-31', 189.34, 610),
(43, '60958807B', '698 850 206', '1995-06-10', 107.35, 107),
(44, '54295114R', '931 064 807', '2002-03-07', 528.19, 948),
(45, '54843378U', '765 777 515', '2001-12-24', 692.94, 851),
(46, '07645263N', '794 477 447', '2001-04-09', 543.45, 7),
(47, '05267373J', '765 548 356', '2000-08-31', 223.30, 949),
(48, '46008386S', '751 550 663', '1995-05-07', 596.89, 711),
(49, '47300257W', '977 309 621', '1995-11-01', 957.97, 108),
(50, '22099053P', '961 664 551', '1999-07-29', 905.77, 464),
(51, '81989479T', '957 879 712', '1995-02-16', 302.21, 8),
(52, '39207357Z', '664 063 804', '1999-01-02', 867.11, 852),
(53, '14037030B', '777 171 203', '2000-07-16', 931.57, 950),
(54, '57423181M', '982 941 302', '2001-10-31', 802.50, 611),
(55, '12368477F', '731 519 416', '1996-09-28', 290.83, 853),
(56, '49602164T', '681 745 592', '1996-11-18', 597.55, 109),
(57, '57477709K', '914 176 568', '1997-06-22', 786.05, 712),
(58, '21248335W', '997 847 024', '2001-10-06', 755.04, 951),
(59, '49542645M', '756 864 402', '2001-07-21', 631.73, 357),
(60, '95816600G', '717 911 942', '1995-02-24', 742.98, 612),
(61, '12418623P', '659 101 552', '1995-01-12', 223.73, 713),
(62, '29368820B', '760 842 341', '2001-02-07', 251.41, 613),
(63, '62944091U', '632 420 456', '1995-03-30', 319.27, 565),
(64, '07363410X', '665 015 511', '1999-05-04', 174.11, 257),
(65, '87783026D', '634 065 630', '1997-08-02', 722.79, 9),
(66, '78858442Z', '663 773 326', '1996-06-10', 570.13, 110),
(67, '37624454J', '950 625 307', '2000-04-01', 982.66, 465),
(68, '83017940D', '660 590 928', '1999-04-30', 457.03, 10),
(69, '00623951F', '755 550 613', '2002-04-21', 922.70, 111),
(70, '09232765C', '955 862 966', '1995-04-27', 697.66, 714),
(71, '66345418X', '728 524 491', '2000-10-19', 161.26, 566),
(72, '83843163K', '683 871 462', '1999-09-14', 300.24, 614),
(73, '50599824C', '722 980 108', '1999-10-23', 530.55, 358),
(74, '78235186J', '669 453 205', '1996-03-20', 835.94, 466),
(75, '58818041G', '710 624 998', '1995-01-10', 906.80, 11),
(76, '21941086N', '702 581 208', '2000-11-01', 742.71, 567),
(77, '66729884V', '928 643 426', '2001-11-01', 405.75, 112),
(78, '71833475J', '600 187 957', '1999-03-19', 436.84, 12),
(79, '98944775M', '974 174 246', '1995-06-01', 294.50, 113),
(80, '24125640A', '907 810 887', '1995-02-22', 634.79, 715),
(81, '89155974X', '702 014 630', '2000-04-11', 549.48, 467),
(82, '36822527F', '662 677 766', '1997-05-08', 327.24, 854),
(83, '84761691X', '739 177 317', '1997-01-21', 215.91, 615),
(84, '14871407Z', '703 772 108', '2000-05-31', 765.85, 716),
(85, '89672728R', '600 743 299', '1996-09-28', 253.32, 616),
(86, '10827077R', '765 092 383', '1996-09-01', 717.65, 952),
(87, '55723613L', '775 342 057', '1995-03-07', 355.44, 568),
(88, '11696821T', '999 971 854', '1997-08-07', 265.71, 855),
(89, '72326299J', '731 270 974', '1995-01-09', 350.74, 717),
(90, '32747628J', '762 496 079', '1995-12-07', 804.06, 13),
(91, '75649649L', '620 074 012', '1995-01-04', 995.68, 114),
(92, '54044268X', '728 054 080', '1999-04-14', 943.26, 14),
(93, '98692615L', '647 131 087', '1998-10-09', 887.51, 617),
(94, '07705124S', '623 397 877', '2000-11-20', 115.97, 468),
(95, '12942144Y', '996 648 034', '1995-12-08', 461.24, 258),
(96, '07784335J', '677 387 315', '1995-01-02', 926.15, 953),
(97, '95745820K', '677 758 228', '2001-10-09', 939.58, 115),
(98, '51168106F', '617 087 294', '1995-01-18', 202.37, 856),
(99, '49786018A', '710 193 376', '1995-01-08', 324.29, 718),
(100, '77712174T', '715 949 215', '1999-12-09', 519.91, 954),
(101, '56523783A', '740 962 892', '1996-06-14', 873.14, 569),
(102, '07925178P', '761 566 181', '2000-08-12', 785.46, 857),
(103, '44745311R', '984 621 630', '1998-04-22', 180.53, 469),
(104, '00283052W', '798 528 425', '1998-03-20', 157.90, 570),
(105, '29755960D', '660 944 502', '1995-02-24', 941.50, 955),
(106, '80214148O', '712 210 912', '1996-02-25', 408.78, 359),
(107, '66665450I', '905 303 167', '2001-12-22', 848.40, 470),
(108, '57631395J', '935 681 920', '1996-09-19', 132.85, 259),
(109, '52658719P', '641 487 212', '1995-10-30', 831.10, 571),
(110, '98128199A', '677 154 378', '1999-05-29', 403.53, 471),
(111, '07256119T', '957 130 708', '1996-05-31', 284.45, 15),
(112, '97875134C', '661 641 832', '1996-09-14', 692.19, 618),
(113, '19118445J', '703 408 841', '1996-01-01', 984.33, 719),
(114, '04923552E', '962 752 850', '1997-06-07', 981.99, 619),
(115, '26168899Q', '765 444 990', '1996-06-22', 437.15, 116),
(116, '87745186R', '662 919 086', '1995-03-28', 995.24, 858),
(117, '92712763S', '954 140 563', '1998-07-06', 969.25, 16),
(118, '21441676E', '989 680 064', '1995-12-24', 388.38, 956),
(119, '52096385K', '602 453 488', '1999-10-25', 895.10, 720),
(120, '55101534L', '661 689 452', '1998-07-15', 351.39, 117),
(121, '33703201Q', '792 103 475', '1999-02-23', 377.27, 572),
(122, '51853406C', '611 609 330', '1999-12-30', 731.71, 620),
(123, '45394467E', '919 221 151', '1999-02-12', 524.27, 472),
(124, '87359220K', '779 156 289', '2001-11-15', 859.86, 17),
(125, '94839890R', '968 631 480', '2001-08-08', 764.79, 721),
(126, '15302186B', '758 505 699', '1995-08-24', 451.56, 360),
(127, '59551400Z', '747 359 083', '1998-03-31', 155.71, 118),
(128, '15161961G', '602 975 417', '1995-03-09', 971.14, 621),
(129, '13819832X', '631 778 033', '1997-08-31', 182.90, 260),
(130, '26565865O', '782 119 157', '1995-09-05', 471.35, 361),
(131, '15809528N', '755 093 881', '1996-12-17', 415.99, 573),
(132, '44694603A', '927 063 054', '2000-09-12', 312.13, 18),
(133, '98480708A', '725 824 269', '1995-08-09', 463.85, 261),
(134, '76346929C', '763 938 550', '1998-01-07', 111.61, 362),
(135, '97503241A', '758 194 863', '1997-02-18', 721.14, 119),
(136, '94827620S', '633 029 594', '1995-10-13', 779.04, 722),
(137, '05861825E', '981 923 908', '1998-07-04', 214.63, 262),
(138, '05861081Q', '900 878 091', '1999-10-04', 866.42, 363),
(139, '95931704Y', '607 422 464', '1995-01-09', 142.93, 622),
(140, '44110053E', '969 931 234', '2001-01-20', 572.25, 263),
(141, '09422496Y', '901 767 637', '1997-09-25', 293.47, 473),
(142, '42295139B', '959 156 122', '2001-01-07', 289.65, 19),
(143, '94050939R', '622 172 917', '1995-01-05', 458.18, 364),
(144, '93142696Q', '900 593 431', '1998-12-03', 708.02, 120),
(145, '15091102R', '707 761 672', '1996-08-23', 668.74, 20),
(146, '60847781B', '705 850 977', '1995-01-18', 191.54, 264),
(147, '55616261H', '773 604 434', '1999-10-05', 667.45, 574),
(148, '80483909X', '736 912 676', '2001-03-10', 360.66, 859),
(149, '62072485I', '630 675 505', '2001-05-07', 158.51, 365),
(150, '10228122E', '789 957 807', '1996-03-15', 660.63, 265),
(151, '24338997E', '697 179 013', '1995-05-12', 786.41, 957),
(152, '23427384V', '684 143 147', '1997-10-27', 791.75, 366),
(153, '80741447G', '682 744 073', '1999-07-15', 792.02, 266),
(154, '69710752M', '784 749 713', '2001-08-29', 885.81, 474),
(155, '47274040U', '601 743 935', '1995-09-05', 314.39, 367),
(156, '18895468N', '630 157 071', '1999-02-15', 295.85, 860),
(157, '35412550D', '761 525 080', '1995-01-02', 946.26, 267),
(158, '89897455C', '767 862 359', '1998-01-21', 989.80, 575),
(159, '23824643F', '990 929 575', '2002-03-22', 882.69, 723),
(160, '91637431M', '785 640 546', '1996-01-18', 539.45, 475),
(161, '36314284F', '674 538 762', '1997-01-08', 815.11, 368),
(162, '73678385Q', '982 849 905', '1997-04-08', 446.43, 958),
(163, '20733323C', '986 209 219', '1995-09-02', 417.38, 121),
(164, '22353827W', '994 381 664', '1995-01-09', 528.90, 21),
(165, '16565662X', '773 303 686', '1999-08-13', 195.02, 861),
(166, '14091839D', '640 752 018', '1995-01-02', 742.43, 959),
(167, '71186960S', '615 401 477', '1995-04-24', 593.40, 268),
(168, '04386532I', '977 151 449', '1995-01-10', 926.82, 576),
(169, '72365420I', '711 151 788', '2001-09-16', 752.26, 623),
(170, '73269182V', '630 354 951', '1995-01-10', 724.05, 476),
(171, '74382705V', '796 944 730', '1995-04-11', 148.84, 577),
(172, '06818704C', '958 112 553', '2000-10-08', 522.25, 862),
(173, '69103437H', '786 007 176', '1999-11-25', 986.04, 122),
(174, '11642559U', '604 650 551', '2001-04-06', 947.65, 477),
(175, '59644703W', '702 516 654', '1997-02-10', 170.45, 724),
(176, '72998608P', '942 835 553', '1995-01-09', 464.80, 369),
(177, '87516242K', '623 884 942', '2001-01-04', 427.19, 269),
(178, '14815712X', '904 400 455', '1995-02-22', 550.84, 370),
(179, '07317487G', '710 939 185', '1995-02-17', 519.98, 22),
(180, '01207795Y', '737 666 405', '1996-10-26', 975.14, 578),
(181, '86316288C', '988 681 901', '1995-01-23', 900.11, 960),
(182, '10551991V', '762 985 928', '1995-01-08', 158.81, 270),
(183, '52972307J', '931 691 744', '1999-02-01', 796.58, 371),
(184, '88879224I', '728 370 809', '1997-10-18', 509.66, 863),
(185, '63018582M', '959 009 835', '2001-03-04', 491.80, 478),
(186, '64395834U', '752 859 015', '1995-03-12', 970.28, 123),
(187, '74807473L', '772 392 904', '1996-03-30', 492.81, 624),
(188, '50929926N', '633 244 284', '1996-11-09', 930.51, 961),
(189, '13713270A', '717 030 468', '1996-04-18', 201.57, 864),
(190, '59529918O', '980 971 099', '2001-03-02', 420.69, 271),
(191, '36028480J', '941 549 334', '2002-01-12', 842.74, 372),
(192, '45039087G', '730 250 783', '1997-05-09', 906.13, 725),
(193, '98138974O', '663 011 279', '1996-03-29', 264.75, 579),
(194, '84158507S', '653 931 708', '1998-02-17', 639.17, 23),
(195, '05952270F', '667 533 189', '1998-01-13', 491.47, 962),
(196, '98222008R', '930 498 352', '1997-10-13', 467.95, 625),
(197, '64204481G', '931 418 077', '1998-05-17', 124.99, 124),
(198, '35571586B', '613 293 874', '1997-01-22', 917.08, 24),
(199, '48149838X', '677 984 038', '1997-01-23', 249.63, 272),
(200, '82087969S', '792 580 450', '1996-08-28', 193.24, 125),
(201, '60197148K', '666 324 647', '1995-03-16', 932.26, 865),
(202, '86667462C', '977 705 890', '1995-05-29', 803.71, 963),
(203, '14550349J', '773 581 953', '2002-04-15', 272.85, 373),
(204, '95517151M', '673 128 730', '1995-02-05', 961.76, 866),
(205, '33471871U', '783 876 601', '1995-02-27', 416.11, 726),
(206, '29127579G', '781 685 549', '1999-08-16', 733.36, 964),
(207, '42233014I', '919 347 943', '1995-01-06', 228.10, 25),
(208, '27475835I', '912 514 315', '1997-07-30', 751.77, 867),
(209, '29953540R', '992 798 439', '1995-03-12', 717.94, 626),
(210, '19723844O', '987 510 589', '1999-04-22', 312.24, 965),
(211, '43814807A', '981 230 404', '2002-03-10', 296.69, 479),
(212, '28568807T', '696 876 284', '2001-07-03', 837.35, 868),
(213, '91703409A', '969 063 233', '1997-03-15', 709.06, 580),
(214, '49529260P', '687 280 073', '1997-08-15', 917.19, 273),
(215, '29860665Z', '751 779 737', '1997-04-02', 449.54, 727),
(216, '04536876O', '705 772 249', '2001-03-06', 115.79, 126),
(217, '41626862T', '724 907 610', '1996-08-15', 293.07, 480),
(218, '88233484M', '617 959 938', '1995-03-23', 430.41, 26),
(219, '76640672I', '941 000 166', '2001-12-19', 176.50, 627),
(220, '92819205X', '903 801 710', '1995-01-29', 647.41, 966),
(221, '08806383E', '742 246 956', '1996-01-20', 522.98, 127),
(222, '06741663V', '644 342 969', '1995-01-04', 584.91, 374),
(223, '89353879W', '681 012 067', '2001-03-02', 680.53, 728),
(224, '81204261R', '919 984 624', '1999-07-27', 112.24, 581),
(225, '38497921O', '733 840 198', '1995-03-18', 547.12, 27),
(226, '28062224G', '956 236 178', '1999-11-30', 838.59, 628),
(227, '12348993Z', '610 496 397', '1998-04-17', 693.89, 274),
(228, '50638696S', '973 399 016', '1998-05-01', 535.21, 869),
(229, '12872362U', '963 182 921', '1995-03-16', 651.10, 481),
(230, '22015604Z', '930 814 787', '2001-10-12', 714.65, 128),
(231, '97792316R', '662 187 846', '1999-02-17', 307.44, 375),
(232, '41844808A', '723 554 954', '1995-03-26', 955.18, 28),
(233, '82178700O', '685 818 617', '1998-12-01', 362.42, 129),
(234, '92474302A', '939 819 884', '1999-08-04', 473.48, 967),
(235, '13729597D', '760 535 624', '1995-11-20', 868.49, 582),
(236, '39201988F', '957 683 885', '1995-01-04', 761.72, 29),
(237, '52523488C', '767 945 797', '1997-11-17', 918.44, 130),
(238, '48358141V', '636 262 579', '1999-06-08', 326.29, 482),
(239, '05877900W', '607 867 182', '1999-01-22', 183.59, 30),
(240, '97936612R', '991 443 992', '2001-09-16', 976.15, 583),
(241, '92258101X', '703 041 005', '1995-01-08', 117.16, 131),
(242, '32485124D', '731 873 786', '2001-03-07', 438.25, 870),
(243, '82358759K', '946 810 938', '1995-03-29', 731.15, 275),
(244, '01727747O', '734 753 627', '1999-07-28', 701.76, 968),
(245, '64811210Z', '638 770 809', '2001-08-13', 442.54, 729),
(246, '29409019V', '912 157 814', '1995-01-06', 193.96, 483),
(247, '97026042I', '635 713 886', '1995-12-05', 127.59, 376),
(248, '13302407S', '990 223 179', '2001-09-26', 363.38, 276),
(249, '12159797T', '995 058 355', '1999-02-25', 382.98, 584),
(250, '67995195B', '753 238 871', '1997-09-14', 153.95, 871),
(251, '62745334Y', '720 733 609', '1996-12-07', 971.62, 31),
(252, '72435318Q', '646 115 135', '2001-04-05', 402.82, 132),
(253, '79501178F', '972 493 529', '1995-04-22', 424.25, 484),
(254, '02584790U', '725 733 846', '1995-01-07', 752.91, 585),
(255, '38309712H', '774 688 102', '2000-12-11', 527.07, 969),
(256, '80105963H', '705 593 023', '1997-04-07', 476.93, 485),
(257, '27225643T', '761 685 703', '1995-01-04', 453.92, 32),
(258, '84156607S', '946 448 919', '1995-02-23', 432.17, 629),
(259, '61897046M', '955 358 621', '2000-08-09', 990.91, 730),
(260, '67021014G', '761 584 652', '1997-09-03', 994.85, 872),
(261, '31308213B', '636 312 589', '2001-07-08', 978.06, 630),
(262, '39797626H', '928 828 601', '1997-12-16', 871.11, 377),
(263, '05951517N', '688 816 696', '2001-07-08', 972.46, 586),
(264, '78439186P', '615 820 801', '1999-09-05', 599.06, 486),
(265, '32987798K', '651 654 680', '2001-04-21', 234.99, 731),
(266, '57459111U', '791 008 490', '1998-09-10', 421.24, 277),
(267, '12091953V', '687 038 158', '1995-03-28', 319.04, 631),
(268, '65478323S', '726 024 282', '1997-03-15', 639.68, 587),
(269, '64471189N', '939 902 485', '1999-05-01', 244.63, 732),
(270, '15526272Q', '793 396 817', '1995-01-26', 491.30, 632),
(271, '12332607Z', '769 259 918', '2001-05-09', 498.28, 133),
(272, '04158828S', '722 852 031', '1999-07-12', 513.91, 970),
(273, '54515130Z', '972 072 000', '1995-12-21', 302.64, 873),
(274, '78093202Y', '961 834 633', '1995-01-04', 187.07, 33),
(275, '28010784V', '703 373 032', '2001-06-17', 513.09, 733),
(276, '11874691D', '760 187 966', '2001-10-05', 499.98, 378),
(277, '03750668U', '925 690 291', '1999-09-16', 294.06, 134),
(278, '49201741V', '951 522 974', '2001-10-31', 421.26, 633),
(279, '23604671S', '906 263 248', '2002-04-05', 736.00, 734),
(280, '66830870U', '926 790 615', '1995-01-05', 191.51, 634),
(281, '28402452B', '659 957 035', '2000-05-26', 718.15, 487),
(282, '48035068R', '737 518 825', '1995-01-06', 694.12, 971),
(283, '89767735K', '664 682 022', '1996-12-01', 776.95, 588),
(284, '28104693D', '968 245 023', '1995-07-02', 163.16, 735),
(285, '13974170V', '630 189 030', '1997-05-02', 556.41, 874),
(286, '19265027R', '733 427 852', '1998-09-28', 185.33, 278),
(287, '26096963X', '777 970 015', '1998-04-27', 137.12, 635),
(288, '45843078J', '941 797 880', '2001-03-27', 204.25, 736),
(289, '05052315L', '762 893 246', '2000-11-24', 754.29, 34),
(290, '29510409H', '685 616 141', '2000-05-18', 162.51, 135),
(291, '55386621N', '682 652 237', '1999-06-16', 106.29, 972),
(292, '38052229W', '797 785 939', '1995-05-22', 507.18, 379),
(293, '24391971Y', '694 506 681', '1995-03-17', 667.64, 875),
(294, '08896916B', '741 190 747', '1995-07-20', 279.18, 35),
(295, '35105352A', '716 239 582', '1997-11-22', 479.89, 636),
(296, '97285021U', '649 627 043', '1997-12-02', 161.78, 973),
(297, '13719680N', '960 268 014', '1996-02-18', 362.29, 488),
(298, '76759684R', '613 212 101', '1995-08-03', 141.29, 876),
(299, '13058494X', '914 741 514', '1997-04-27', 235.83, 279),
(300, '43072998B', '992 000 139', '1998-04-05', 595.55, 380),
(301, '19352036E', '667 262 419', '1995-01-09', 169.61, 974),
(302, '70808849R', '643 324 274', '1996-09-11', 552.10, 877),
(303, '96491289Y', '662 602 753', '1995-01-10', 454.30, 737),
(304, '11479959S', '645 354 354', '2001-08-23', 259.67, 975),
(305, '17232479Y', '903 112 723', '2002-04-19', 996.01, 637),
(306, '00591457I', '632 759 408', '1996-03-27', 452.86, 280),
(307, '71642314X', '979 363 945', '1997-07-23', 925.92, 136),
(308, '82650660G', '709 737 746', '2001-10-10', 329.55, 589),
(309, '11300109C', '695 080 377', '2001-09-09', 962.97, 738),
(310, '31465556H', '610 061 693', '2001-07-31', 672.06, 489),
(311, '38066784F', '901 193 522', '1996-10-24', 119.54, 590),
(312, '81557285O', '953 099 028', '1996-09-02', 821.57, 490),
(313, '18974271Z', '680 625 781', '2001-04-08', 172.99, 878),
(314, '54651365N', '742 075 987', '1999-05-15', 920.43, 976),
(315, '40685458J', '725 713 730', '2001-11-30', 468.16, 591),
(316, '09112689K', '911 809 474', '2000-12-04', 847.08, 879),
(317, '34653003V', '955 846 524', '2001-07-29', 752.64, 638),
(318, '37729080Z', '792 730 095', '1995-01-02', 302.87, 977),
(319, '26892707X', '747 601 215', '2000-12-17', 200.85, 491),
(320, '78452972Q', '993 037 486', '2001-11-29', 341.62, 592),
(321, '00976237I', '637 353 657', '1996-11-12', 572.81, 739),
(322, '88949549U', '644 381 787', '2000-07-25', 660.90, 880),
(323, '99324930Q', '735 072 376', '1995-11-04', 513.37, 381),
(324, '44566523K', '939 161 600', '2000-12-06', 193.25, 639),
(325, '80457872E', '777 240 480', '1999-06-18', 794.87, 740),
(326, '25213364R', '950 714 369', '1996-02-16', 686.29, 978),
(327, '77846645C', '924 633 468', '1999-05-10', 135.49, 881),
(328, '41908166V', '940 745 086', '1995-01-03', 267.59, 979),
(329, '94704378E', '629 040 282', '1995-01-08', 433.38, 281),
(330, '54094323P', '746 741 535', '1999-05-03', 195.26, 882),
(331, '25406594L', '987 691 787', '1995-01-05', 175.54, 980),
(332, '22914458K', '608 930 664', '2000-09-25', 551.10, 36),
(333, '03782099W', '928 474 998', '1996-03-30', 133.45, 492),
(334, '28673323K', '668 009 115', '2000-03-01', 153.84, 593),
(335, '77183350Q', '973 976 213', '2001-10-04', 548.64, 640),
(336, '78249691N', '719 567 915', '1997-08-24', 622.68, 741),
(337, '34086376X', '731 276 130', '1995-07-06', 686.31, 382),
(338, '27971504A', '728 824 601', '1999-05-21', 940.24, 493),
(339, '04858776S', '761 518 538', '2000-01-03', 603.67, 883),
(340, '59630090R', '958 369 340', '1995-12-31', 756.41, 641),
(341, '03750788N', '715 521 187', '1997-07-08', 423.52, 282),
(342, '89961800J', '785 580 784', '1999-06-21', 395.06, 383),
(343, '80235684X', '638 468 964', '1995-07-07', 789.82, 137),
(344, '71289775N', '968 698 522', '2000-03-19', 401.52, 594),
(345, '95234146J', '662 377 479', '1999-06-27', 994.49, 494),
(346, '12754600T', '674 942 844', '2001-06-07', 116.71, 595),
(347, '50309572H', '927 799 838', '1995-01-07', 894.79, 283),
(348, '03218950Z', '714 057 179', '1997-12-22', 871.80, 981),
(349, '57100050K', '797 319 016', '2000-04-05', 883.47, 742),
(350, '52664384E', '742 224 164', '1995-01-02', 960.09, 884),
(351, '02231850D', '638 121 882', '1997-11-17', 860.62, 37),
(352, '22591558E', '970 190 692', '2000-09-07', 723.00, 642),
(353, '13399917X', '799 186 418', '1996-06-03', 873.55, 384),
(354, '00581969Q', '994 805 827', '2001-09-14', 615.41, 743),
(355, '87410598W', '781 366 828', '2001-01-08', 767.96, 643),
(356, '68172466J', '673 281 706', '1997-03-20', 370.63, 982),
(357, '91328441B', '945 846 524', '1995-01-05', 398.51, 495),
(358, '65775823U', '776 609 820', '1995-03-08', 216.85, 138),
(359, '82651712C', '634 565 460', '2000-06-02', 172.44, 38),
(360, '62761184F', '904 425 576', '1995-01-26', 161.36, 885),
(361, '33294831G', '921 129 904', '1996-11-17', 699.58, 596),
(362, '67077639Y', '940 328 059', '1996-12-12', 858.59, 139),
(363, '91627276P', '692 922 490', '2000-04-30', 301.93, 39),
(364, '50005774R', '918 745 246', '1999-06-14', 111.02, 744),
(365, '69956169J', '731 033 694', '2000-07-05', 478.18, 644),
(366, '76532937R', '658 564 173', '1998-09-04', 428.51, 284),
(367, '16513941A', '936 934 530', '2002-04-17', 643.98, 983),
(368, '51147399A', '696 775 344', '2000-01-01', 269.13, 496),
(369, '32016202U', '995 108 691', '2002-04-02', 454.62, 140),
(370, '52262151I', '630 017 590', '2000-10-14', 328.13, 886),
(371, '82857615X', '792 549 515', '1998-10-13', 501.42, 745),
(372, '22980063Q', '772 611 881', '1995-01-04', 270.98, 385),
(373, '40105544A', '992 019 493', '1995-03-31', 775.04, 984),
(374, '94189685C', '966 575 896', '2001-03-31', 196.02, 887),
(375, '54391425G', '725 376 810', '2001-11-02', 557.53, 285),
(376, '63628780N', '739 354 920', '1997-09-28', 130.90, 597),
(377, '25108400Z', '760 420 095', '1999-05-13', 554.47, 985),
(378, '74784518X', '966 972 518', '1996-06-06', 967.61, 645),
(379, '85954007X', '789 596 864', '1999-07-13', 348.46, 40),
(380, '99669191V', '720 541 209', '2002-03-29', 332.29, 386),
(381, '55810965N', '682 405 576', '1995-08-23', 491.57, 497),
(382, '53174962K', '713 970 732', '2000-01-09', 502.40, 888),
(383, '74882523N', '691 229 894', '1999-04-25', 116.01, 141),
(384, '50215644Z', '947 323 548', '2001-11-30', 849.38, 286),
(385, '16166664H', '654 839 330', '1995-01-02', 833.37, 986),
(386, '86650356N', '720 020 041', '1996-01-02', 936.13, 387),
(387, '82715157B', '971 829 418', '2000-07-05', 669.38, 889),
(388, '95279311U', '977 214 615', '1995-08-03', 385.71, 746),
(389, '58141256M', '939 499 861', '1995-03-09', 144.06, 646),
(390, '12589645O', '973 882 072', '1997-12-26', 500.49, 987),
(391, '80517999A', '984 971 700', '1995-01-06', 776.16, 41),
(392, '90040531N', '677 557 135', '1996-05-03', 576.55, 142),
(393, '42379150T', '782 274 321', '1997-07-16', 548.79, 598),
(394, '18913658C', '975 292 579', '1998-05-28', 406.62, 890),
(395, '49538251W', '943 516 092', '1996-03-10', 740.22, 42),
(396, '81380105C', '951 001 825', '1996-02-27', 771.10, 143),
(397, '50810288W', '946 630 021', '2001-01-26', 664.52, 43),
(398, '77734103K', '939 591 100', '2000-03-26', 896.03, 287),
(399, '00294392C', '654 222 857', '1997-05-06', 778.42, 988),
(400, '54674555K', '981 346 296', '1995-02-19', 221.47, 388),
(401, '02399087H', '608 450 245', '1995-02-02', 520.77, 498),
(402, '74610517R', '694 547 653', '1997-11-07', 181.26, 747),
(403, '63938875O', '749 519 391', '2000-07-13', 782.94, 647),
(404, '32898466S', '905 641 085', '1995-06-01', 972.22, 748),
(405, '21801321C', '997 411 254', '2001-07-09', 537.51, 288),
(406, '69822724J', '994 207 578', '1997-06-21', 660.56, 648),
(407, '08712458P', '628 563 070', '1997-10-18', 506.40, 749),
(408, '76753380X', '611 199 926', '1995-01-04', 451.77, 599),
(409, '24437141W', '797 295 158', '1995-06-15', 534.08, 499),
(410, '96112291G', '758 080 725', '1997-12-18', 513.10, 144),
(411, '41539363A', '613 930 947', '2001-09-19', 830.01, 44),
(412, '20199428V', '904 141 119', '1997-09-01', 245.45, 891),
(413, '15378236V', '757 082 348', '2001-05-23', 326.55, 989),
(414, '57031985P', '910 635 343', '1997-04-25', 621.22, 649),
(415, '75717632I', '905 601 440', '1995-06-26', 750.89, 600),
(416, '75908781P', '723 409 772', '2000-08-23', 284.54, 500),
(417, '90020051F', '722 124 753', '2000-11-19', 915.10, 145),
(418, '02378912O', '963 617 152', '1997-10-14', 687.63, 750),
(419, '04959953H', '921 581 064', '1997-05-26', 727.76, 892),
(420, '69531827Z', '792 273 471', '2001-04-26', 207.14, 389),
(421, '53844809N', '624 150 485', '1998-07-20', 308.93, 601),
(422, '71119908Z', '628 606 943', '2000-12-01', 372.17, 289),
(423, '45858505D', '716 990 048', '1997-07-15', 766.61, 650),
(424, '16856491X', '786 941 395', '1999-03-11', 180.89, 390),
(425, '49486197Z', '930 417 764', '1998-04-26', 311.86, 990),
(426, '34140317B', '662 309 670', '1995-09-13', 648.13, 501),
(427, '85652197L', '935 771 399', '1997-11-10', 337.10, 751),
(428, '47185628T', '764 396 910', '2000-11-09', 908.43, 45),
(429, '27127301G', '900 042 646', '1995-03-07', 523.30, 651),
(430, '87143777L', '677 681 184', '1997-09-21', 900.11, 290),
(431, '86145388U', '730 377 879', '1998-12-05', 483.89, 391),
(432, '22640443D', '621 257 606', '1997-05-14', 245.25, 602),
(433, '90944347S', '625 362 288', '1999-07-29', 919.90, 752),
(434, '53775339N', '700 631 874', '1998-11-28', 672.19, 893),
(435, '90944632A', '907 789 703', '1999-02-19', 916.41, 991),
(436, '01512335J', '766 888 713', '1995-03-27', 801.97, 652),
(437, '78950292I', '618 681 295', '1998-12-09', 170.41, 146),
(438, '80447966O', '723 027 354', '1999-03-14', 567.59, 502),
(439, '25357161R', '640 485 524', '1998-08-24', 293.13, 46),
(440, '71888363R', '928 487 192', '1995-01-08', 288.32, 147),
(441, '08415048I', '671 530 466', '1997-09-12', 826.21, 753),
(442, '32951745G', '669 716 136', '1995-04-16', 167.19, 291),
(443, '14864051O', '998 819 015', '2001-03-24', 319.91, 47),
(444, '30103718D', '693 021 110', '1996-08-17', 954.10, 603),
(445, '27833004C', '743 844 940', '1995-06-13', 748.47, 653),
(446, '36779006D', '969 724 270', '1996-10-07', 446.60, 392),
(447, '44992011U', '761 988 068', '1995-01-14', 169.87, 148),
(448, '00580653E', '661 715 914', '1998-06-12', 649.20, 754),
(449, '49758078B', '661 432 310', '2000-01-14', 817.21, 292),
(450, '42802912U', '604 001 993', '1996-04-21', 310.37, 503),
(451, '36872548S', '629 160 013', '1997-12-12', 619.56, 48),
(452, '31123724R', '908 776 821', '2001-03-05', 791.85, 393),
(453, '32324453B', '766 831 456', '1995-01-03', 970.34, 403),
(454, '10516245S', '748 046 045', '2002-03-29', 746.33, 654),
(455, '14210254E', '956 136 774', '1995-05-04', 792.15, 755),
(456, '66968946O', '977 902 336', '1995-10-04', 673.87, 293),
(457, '64814897Y', '957 540 331', '2001-03-30', 501.91, 894),
(458, '29486132C', '940 636 889', '1996-05-28', 352.52, 504),
(459, '15279613M', '909 084 506', '2001-08-10', 721.52, 992),
(460, '37565457O', '791 626 044', '1998-08-28', 467.92, 895),
(461, '93747222G', '997 375 123', '1995-03-26', 489.00, 149),
(462, '03743439U', '778 817 477', '1995-01-09', 713.76, 404),
(463, '26717682J', '764 050 846', '1998-06-22', 778.31, 655),
(464, '97201188D', '618 366 795', '1996-03-02', 286.91, 394),
(465, '40266255S', '910 799 217', '2000-04-25', 434.71, 993),
(466, '33511142Q', '956 267 312', '1996-01-19', 630.83, 756),
(467, '20220148L', '711 760 572', '1995-07-30', 424.84, 49),
(468, '92357816Z', '926 702 599', '1996-02-04', 559.57, 150),
(469, '52636937X', '792 532 783', '2001-03-31', 526.06, 896),
(470, '03725519O', '647 734 698', '1995-01-10', 478.29, 656),
(471, '37511442G', '912 663 796', '2001-08-28', 198.18, 505),
(472, '53827169T', '611 466 774', '1997-05-05', 489.53, 405),
(473, '62475845A', '792 035 290', '1998-11-01', 135.58, 757),
(474, '27734872O', '994 045 681', '2001-04-05', 185.08, 657),
(475, '97972689T', '795 704 536', '1998-03-19', 539.48, 758),
(476, '32991559T', '681 159 415', '1995-02-13', 874.84, 294),
(477, '07448424M', '719 805 636', '1997-10-11', 375.02, 50),
(478, '70505943H', '729 628 033', '1998-11-26', 659.30, 395),
(479, '30960305O', '982 889 397', '1995-04-05', 440.78, 506),
(480, '59785728R', '634 413 916', '1997-05-31', 372.54, 658),
(481, '88586464O', '792 504 959', '1996-08-08', 596.90, 295),
(482, '75604345U', '635 651 387', '2000-01-31', 363.31, 151),
(483, '87658028C', '704 741 407', '2000-10-30', 878.19, 759),
(484, '60821769B', '631 038 122', '1995-01-10', 461.02, 51),
(485, '03838806A', '796 544 687', '1996-11-26', 268.35, 152),
(486, '59271227M', '603 495 244', '1998-05-01', 371.04, 52),
(487, '25493706W', '986 886 601', '1995-01-10', 425.71, 994),
(488, '83954722F', '662 061 398', '2001-09-29', 919.92, 153),
(489, '81865048F', '736 031 539', '1997-08-12', 754.99, 53),
(490, '84007070T', '796 772 983', '1998-10-20', 527.93, 406),
(491, '23025099X', '637 983 564', '2001-07-24', 834.61, 659),
(492, '16881209X', '946 566 911', '2000-12-31', 454.18, 760),
(493, '06195892D', '976 629 711', '1996-07-24', 804.18, 507),
(494, '02859184I', '765 630 366', '1998-07-11', 331.24, 396),
(495, '37136553X', '639 586 050', '2000-04-19', 316.64, 154),
(496, '45214673V', '958 004 480', '1995-02-04', 628.60, 296),
(497, '71889802Y', '761 829 688', '1997-12-17', 601.72, 407),
(498, '47792952T', '970 049 849', '1998-03-15', 563.59, 897),
(499, '26757553J', '731 566 919', '2001-10-16', 858.28, 660),
(500, '93668568N', '956 878 663', '1998-04-03', 781.14, 54),
(501, '40951853F', '722 098 139', '1996-03-10', 855.37, 155),
(502, '20623519W', '716 457 963', '1995-07-10', 462.25, 55),
(503, '43902854S', '738 564 900', '2000-06-18', 538.60, 995),
(504, '10954333W', '903 018 197', '2001-10-28', 585.47, 508),
(505, '79626463N', '701 860 435', '2001-01-05', 755.54, 156),
(506, '71943139W', '655 920 435', '2000-11-27', 753.33, 408),
(507, '13734144I', '685 542 845', '1997-12-29', 139.07, 761),
(508, '32851036Y', '713 012 563', '1999-02-13', 227.73, 898),
(509, '61239321J', '703 417 319', '1995-12-12', 808.02, 996),
(510, '39434336J', '703 902 078', '1997-12-15', 678.97, 509),
(511, '98117930B', '999 638 207', '1998-04-30', 883.38, 56),
(512, '60180349X', '761 308 485', '1995-01-07', 808.08, 661),
(513, '94684866G', '747 932 856', '1995-01-02', 689.75, 899),
(514, '62672111U', '795 153 664', '1997-09-17', 214.95, 397),
(515, '25555023H', '971 942 801', '1999-10-10', 790.16, 409),
(516, '45039639R', '658 158 897', '1998-10-22', 539.75, 157),
(517, '12205540U', '613 293 385', '1996-01-23', 410.65, 762),
(518, '89699282O', '762 830 259', '2000-08-25', 913.12, 662),
(519, '69471765J', '794 724 211', '1995-02-27', 288.34, 57),
(520, '14788008D', '645 133 037', '1997-04-10', 370.58, 763),
(521, '01303445H', '742 300 705', '1998-02-14', 613.32, 663),
(522, '25514992H', '931 151 753', '1999-07-11', 274.57, 997),
(523, '81458982Z', '940 816 740', '1997-07-18', 798.30, 158),
(524, '89813049N', '600 184 656', '1998-09-20', 334.63, 297),
(525, '29367899D', '661 243 784', '1997-08-24', 947.77, 58),
(526, '10420199O', '960 272 171', '1995-12-11', 446.18, 764),
(527, '46560425S', '935 964 299', '1998-05-18', 872.53, 159),
(528, '21757142S', '630 218 712', '1995-01-12', 947.48, 510),
(529, '12914211L', '741 918 841', '2001-05-10', 162.51, 664),
(530, '03162901Y', '606 573 729', '1995-03-01', 703.29, 410),
(531, '97704296X', '631 080 897', '1995-10-17', 712.95, 765),
(532, '61359064S', '973 698 228', '2001-12-01', 765.69, 398),
(533, '38264127M', '994 463 406', '1995-06-15', 426.85, 511),
(534, '68733305U', '928 995 071', '1999-05-10', 188.27, 298),
(535, '33079528Z', '907 279 885', '1996-05-31', 686.96, 411),
(536, '74385490K', '795 990 719', '1996-01-28', 953.66, 399),
(537, '92754995U', '648 969 288', '1995-02-09', 896.42, 59),
(538, '48319659N', '703 228 563', '1997-04-10', 801.08, 299),
(539, '96564236V', '731 904 758', '1998-04-16', 120.74, 900),
(540, '11419793N', '704 809 792', '2001-12-13', 807.05, 665),
(541, '04413575G', '603 095 894', '1996-05-14', 159.95, 400),
(542, '86315296R', '710 454 189', '1999-12-29', 463.69, 998),
(543, '08889222A', '997 826 225', '2000-03-03', 115.01, 300),
(544, '99702930A', '717 152 461', '1995-01-03', 419.43, 512),
(545, '89848008H', '699 623 901', '2001-03-27', 581.85, 412),
(546, '94659635D', '634 768 582', '2000-09-04', 179.60, 901),
(547, '68603590F', '730 543 584', '1997-02-23', 653.69, 766),
(548, '53768444E', '978 704 108', '1996-11-13', 897.65, 401),
(549, '56659176X', '716 009 294', '1999-07-06', 248.28, 666),
(550, '82534840H', '977 470 369', '1995-01-02', 168.87, 160),
(551, '30486928B', '660 711 387', '1996-08-02', 937.15, 513),
(552, '52181893G', '619 430 676', '2000-08-09', 239.05, 999),
(553, '73437817F', '928 115 919', '1995-01-06', 940.20, 767),
(554, '98270418I', '738 848 029', '1995-01-24', 173.61, 902),
(555, '23504780O', '747 652 362', '2001-04-27', 731.82, 301),
(556, '07945372X', '956 190 200', '1996-11-08', 500.13, 402),
(557, '37677049M', '706 195 213', '1998-03-23', 173.18, 60),
(558, '62239741M', '723 644 771', '2001-09-15', 195.04, 413),
(559, '28214152A', '626 397 969', '1995-01-03', 805.99, 514),
(560, '87845848V', '706 266 448', '1996-09-21', 299.09, 414),
(561, '45716687Z', '913 274 581', '1995-01-02', 349.94, 515),
(562, '23583395Q', '989 112 321', '2000-10-13', 668.45, 161),
(563, '66420576M', '641 174 220', '2002-02-07', 722.37, 302),
(564, '22436520Y', '742 986 444', '2001-02-12', 432.44, 415),
(565, '06004606S', '695 050 157', '1995-01-23', 415.80, 805),
(566, '79638817Z', '642 835 611', '1995-01-08', 362.55, 903),
(567, '02174370J', '693 631 413', '2000-04-13', 554.54, 202),
(568, '36355662V', '782 591 899', '1998-06-30', 919.80, 516),
(569, '47338771W', '979 787 007', '2000-11-26', 672.13, 806),
(570, '90748762R', '670 499 609', '1995-10-14', 600.62, 303),
(571, '12655131R', '777 981 440', '2001-06-03', 406.06, 904),
(572, '85351642E', '941 012 796', '2001-02-17', 451.36, 416),
(573, '75075929D', '727 249 728', '1999-05-13', 307.08, 667),
(574, '97799904Q', '988 587 809', '1999-07-15', 200.37, 203),
(575, '99766636L', '956 748 844', '1995-01-30', 988.88, 517),
(576, '09104515M', '604 433 066', '1995-01-10', 429.90, 807),
(577, '35816599Y', '770 094 219', '1995-01-06', 118.65, 768),
(578, '51480149K', '622 167 970', '1997-05-03', 571.95, 417),
(579, '88948231N', '727 905 530', '1996-02-09', 812.03, 905),
(580, '38959065L', '700 624 290', '2000-11-11', 395.20, 61),
(581, '03323525X', '757 611 403', '1995-02-05', 628.07, 162),
(582, '74824409U', '934 307 587', '1999-12-17', 601.47, 668),
(583, '00094423T', '993 811 760', '1997-01-02', 809.36, 769),
(584, '55229693W', '761 332 544', '2000-08-23', 904.11, 669),
(585, '75798305V', '762 842 376', '1997-07-18', 704.97, 808),
(586, '42124776O', '903 249 016', '1995-12-17', 870.25, 906),
(587, '90634802A', '934 134 431', '2000-01-24', 720.45, 518),
(588, '94350840Y', '686 047 915', '1998-04-04', 261.12, 418),
(589, '34902083C', '940 276 648', '1999-01-10', 622.56, 809),
(590, '73636056W', '603 584 260', '1998-11-10', 620.77, 62),
(591, '01142699C', '915 559 856', '1998-01-15', 443.03, 304),
(592, '69925458L', '940 932 174', '1995-01-26', 630.67, 770),
(593, '56097489N', '952 509 176', '1996-06-20', 837.64, 670),
(594, '31754222O', '731 557 697', '2001-08-12', 926.64, 519),
(595, '66855110Q', '982 533 836', '1995-01-03', 923.66, 204),
(596, '74946054F', '762 615 329', '1995-01-03', 142.65, 305),
(597, '35942207H', '722 445 459', '1995-06-05', 168.33, 771),
(598, '36447855Q', '650 279 446', '2001-01-28', 863.34, 671),
(599, '40806879Q', '997 308 309', '1995-02-20', 924.45, 772),
(600, '75447078I', '789 300 073', '2000-01-07', 872.21, 419),
(601, '68815042W', '945 246 843', '1998-09-14', 599.99, 672),
(602, '35971497J', '710 994 426', '1995-01-01', 479.02, 163),
(603, '79713413I', '973 411 558', '1999-05-14', 759.84, 205),
(604, '34017436D', '986 464 965', '1995-01-04', 156.02, 520),
(605, '88319753W', '986 792 747', '1997-02-02', 560.39, 63),
(606, '49850796Z', '776 630 542', '1996-08-05', 192.46, 164),
(607, '60769851W', '672 444 113', '1995-01-27', 315.32, 64),
(608, '36207871A', '796 797 371', '2000-10-27', 720.36, 306),
(609, '90893419D', '981 768 324', '1995-12-16', 900.78, 420),
(610, '58179664P', '741 264 237', '1999-06-17', 550.66, 521),
(611, '26030910B', '718 777 161', '2002-01-08', 190.18, 773),
(612, '86428923T', '977 773 002', '2000-08-19', 212.50, 421),
(613, '87412736A', '966 505 611', '1995-08-26', 829.63, 673),
(614, '15378049G', '683 265 689', '1996-01-14', 981.66, 522),
(615, '91956787E', '688 234 076', '2001-06-10', 737.11, 422),
(616, '37716834P', '682 900 632', '2001-10-05', 339.37, 774),
(617, '34451508Y', '753 881 640', '1998-10-14', 727.59, 523),
(618, '71624892W', '624 234 368', '1998-06-29', 508.45, 674),
(619, '24739538P', '601 260 345', '1998-12-16', 655.93, 775),
(620, '14013773W', '760 444 623', '1995-01-07', 697.87, 907),
(621, '88665661J', '916 539 801', '1995-01-09', 836.42, 206),
(622, '45139310W', '949 751 825', '1996-06-19', 561.46, 675),
(623, '25563547H', '666 957 983', '1995-01-03', 602.02, 423),
(624, '00695499M', '773 468 183', '1995-03-31', 227.69, 776),
(625, '17227091I', '787 599 866', '1998-11-29', 769.86, 810),
(626, '69792641A', '957 392 288', '1998-12-18', 682.11, 307),
(627, '44234398I', '734 600 316', '1999-10-10', 200.95, 676),
(628, '49377015K', '629 668 671', '1995-05-27', 485.72, 207),
(629, '79952614U', '654 436 204', '1998-10-25', 651.98, 165),
(630, '02387527J', '733 953 190', '1996-09-13', 165.15, 65),
(631, '09683878S', '773 274 993', '1998-12-07', 408.50, 166),
(632, '91902100I', '721 257 646', '1996-12-23', 602.49, 908),
(633, '11317438W', '975 254 922', '1996-10-12', 761.37, 777),
(634, '35244900L', '949 679 713', '1996-03-18', 735.91, 308),
(635, '30427493Y', '619 856 428', '1995-05-09', 357.34, 524),
(636, '41994611R', '908 208 229', '1997-01-20', 982.06, 811),
(637, '20377705A', '917 914 318', '1999-04-30', 390.88, 208),
(638, '28224470J', '799 437 147', '1998-01-22', 927.95, 66),
(639, '88404834R', '610 873 855', '1998-01-18', 568.16, 424),
(640, '42646609X', '678 467 024', '1996-07-14', 426.17, 677),
(641, '28302631S', '656 923 368', '1996-02-29', 680.50, 909),
(642, '14999200Z', '922 637 261', '2000-02-14', 527.48, 309),
(643, '38387163I', '728 508 810', '1997-01-03', 130.14, 812),
(644, '46861063T', '739 080 082', '1995-01-05', 144.04, 525),
(645, '85502270F', '687 165 341', '2001-12-29', 735.44, 425),
(646, '62739964Q', '768 064 694', '2001-04-07', 382.03, 778),
(647, '05944151W', '707 817 125', '1996-07-06', 126.74, 167),
(648, '64267880U', '714 910 719', '1995-01-01', 591.58, 209),
(649, '92446751I', '928 210 403', '1995-09-22', 398.43, 67),
(650, '12274973Y', '618 680 193', '1995-02-08', 130.09, 526),
(651, '68626129W', '609 515 803', '1998-12-18', 118.38, 910),
(652, '92284803L', '673 470 324', '1998-12-31', 660.17, 813),
(653, '49650951L', '921 097 645', '1996-11-16', 738.59, 168),
(654, '12227838X', '689 978 276', '1996-10-21', 265.23, 678),
(655, '07280560E', '765 331 530', '1997-03-29', 797.57, 310),
(656, '46390863L', '620 842 065', '1995-01-04', 765.72, 911),
(657, '58895893M', '722 444 869', '1995-05-25', 182.83, 426),
(658, '00255052X', '984 562 842', '1999-06-18', 865.24, 779),
(659, '76507169U', '936 787 115', '2001-10-26', 130.95, 527),
(660, '47038325M', '966 954 580', '1996-09-29', 350.58, 814),
(661, '85731849X', '778 985 212', '1999-09-21', 968.27, 210),
(662, '17428915J', '918 721 576', '1995-04-05', 106.31, 912),
(663, '97936694E', '985 335 021', '1995-03-23', 796.45, 68),
(664, '13004938L', '685 379 226', '1995-01-10', 300.47, 311),
(665, '47594625M', '968 825 743', '1998-12-19', 605.85, 427),
(666, '55690330R', '796 964 208', '1997-01-02', 295.83, 679),
(667, '66010650O', '796 565 033', '1996-01-22', 953.71, 815),
(668, '09646598T', '976 431 133', '1998-06-23', 324.79, 211),
(669, '32961618Z', '967 628 504', '1999-02-19', 386.08, 913),
(670, '36646923N', '667 712 970', '1995-01-08', 296.46, 528),
(671, '72716522W', '696 533 805', '1999-01-28', 491.23, 312),
(672, '74129682Y', '613 977 083', '1996-05-08', 987.60, 212),
(673, '50409592A', '784 666 789', '2000-12-29', 471.32, 169),
(674, '78056792K', '959 201 869', '2000-12-28', 576.11, 816),
(675, '66491488U', '751 705 778', '1997-01-08', 834.53, 69),
(676, '46662652K', '710 557 275', '2001-06-30', 427.58, 170),
(677, '74660489D', '632 494 227', '1998-08-03', 540.64, 780),
(678, '68807557F', '602 497 035', '1995-07-26', 799.34, 70),
(679, '42052778Q', '723 638 587', '1995-01-05', 195.19, 313),
(680, '99175329W', '625 928 807', '1995-01-25', 836.82, 213),
(681, '00183629Q', '983 920 084', '1996-08-27', 268.92, 171),
(682, '24993254O', '759 390 481', '1999-12-02', 212.10, 428),
(683, '29283101J', '714 122 884', '1997-03-22', 397.52, 314),
(684, '61406727T', '904 731 669', '2000-01-21', 851.31, 529),
(685, '63027490X', '623 057 084', '1997-01-16', 152.03, 214),
(686, '61300626S', '975 708 373', '1996-01-19', 954.60, 71),
(687, '06846140D', '698 568 223', '1995-02-22', 826.77, 914),
(688, '20511072V', '947 797 550', '1999-07-10', 993.62, 817),
(689, '22844565C', '942 645 205', '2000-03-20', 935.72, 172),
(690, '79007460M', '659 778 739', '1995-01-19', 463.90, 429),
(691, '39421129L', '737 131 126', '2001-06-12', 227.37, 315),
(692, '35308865C', '664 346 739', '1995-06-23', 500.10, 680),
(693, '05881132D', '740 344 220', '1996-12-16', 883.32, 781),
(694, '28692709M', '708 747 262', '1995-02-27', 649.64, 530),
(695, '71107078G', '660 571 051', '1998-06-02', 638.05, 215),
(696, '87380422A', '901 518 664', '2000-04-26', 567.28, 915),
(697, '33259827P', '930 358 010', '1995-02-17', 915.77, 72),
(698, '45313114K', '747 433 269', '1995-09-03', 164.30, 681),
(699, '92009164P', '999 045 885', '2001-03-26', 535.31, 818),
(700, '15536533B', '940 996 889', '1997-07-12', 552.81, 916),
(701, '05769037K', '681 728 020', '2000-02-26', 703.18, 819),
(702, '71370837G', '606 656 199', '1997-07-03', 841.37, 782),
(703, '22764767M', '961 621 798', '1996-09-28', 879.43, 316),
(704, '83289478S', '662 446 335', '1997-05-28', 976.34, 430),
(705, '28515292H', '950 141 640', '2001-08-14', 974.69, 173),
(706, '95056210G', '763 417 782', '1999-10-13', 412.37, 682),
(707, '08141292L', '903 145 859', '1995-03-27', 834.82, 783),
(708, '81281256T', '610 575 457', '1995-09-30', 392.29, 73),
(709, '23052806W', '602 170 424', '1995-03-24', 401.64, 683),
(710, '84495167Z', '717 957 087', '2001-04-06', 150.62, 216),
(711, '94445722Q', '955 592 604', '1999-12-02', 857.13, 174),
(712, '24185413J', '619 214 869', '2000-04-23', 797.85, 317),
(713, '22391442B', '621 554 376', '1996-01-21', 714.67, 217),
(714, '17073662N', '643 148 506', '1999-05-12', 921.21, 318),
(715, '05972285D', '776 095 470', '1999-08-31', 360.10, 784),
(716, '53461297P', '965 901 659', '1996-04-03', 806.37, 917),
(717, '06155079U', '792 207 984', '2001-10-13', 630.98, 684),
(718, '08706148S', '613 761 054', '1999-11-01', 339.24, 785),
(719, '78369992W', '953 356 444', '2001-05-20', 508.44, 74),
(720, '23498417T', '916 120 250', '1997-05-23', 289.88, 218),
(721, '82017050B', '709 667 313', '1995-01-06', 633.11, 685),
(722, '67042020Q', '641 997 794', '1995-01-04', 365.91, 820),
(723, '98075840M', '915 404 817', '1996-09-26', 328.16, 319),
(724, '73403869M', '736 198 110', '1996-05-15', 559.65, 531),
(725, '89404105X', '678 243 909', '2001-08-30', 570.88, 219),
(726, '49008628T', '973 143 426', '2001-04-12', 696.59, 786),
(727, '88278616H', '739 539 727', '1998-08-07', 174.63, 431),
(728, '22910529A', '948 756 030', '2000-07-31', 494.96, 686),
(729, '32262890W', '995 353 740', '1995-01-05', 408.98, 532),
(730, '41071319P', '780 788 528', '1999-12-18', 594.27, 175),
(731, '68061349U', '619 706 913', '2001-12-31', 869.04, 918),
(732, '19986872Y', '790 786 481', '1995-01-02', 557.40, 75),
(733, '10238627W', '629 628 594', '1997-02-06', 389.91, 320),
(734, '93894407C', '697 899 081', '1995-09-03', 997.81, 220),
(735, '34239602K', '920 312 064', '1996-11-05', 389.88, 432),
(736, '85848451D', '780 176 142', '1995-11-08', 681.25, 533),
(737, '11386105C', '782 650 920', '1997-08-08', 970.28, 176),
(738, '40170944A', '964 126 287', '2000-11-10', 567.15, 787),
(739, '89804918P', '963 369 662', '1997-02-12', 781.98, 433),
(740, '02492941E', '965 239 563', '1996-06-23', 931.53, 687),
(741, '70633701F', '600 577 316', '1997-08-23', 883.86, 321),
(742, '72072606Y', '717 604 583', '1995-01-07', 553.40, 788),
(743, '67845936Q', '962 479 785', '1998-01-28', 862.83, 221),
(744, '76342835W', '912 608 515', '1998-09-27', 869.47, 688),
(745, '50741164V', '773 869 108', '1996-09-18', 325.99, 322),
(746, '58304502F', '627 880 141', '1995-01-04', 803.49, 821),
(747, '09794240Z', '685 424 421', '1995-07-13', 216.94, 222),
(748, '88744291E', '744 870 771', '2001-08-18', 287.65, 323),
(749, '46851532A', '678 932 703', '2002-02-25', 609.39, 919),
(750, '92285098G', '946 937 805', '1995-07-07', 921.11, 534),
(751, '45163390Z', '603 857 219', '2001-03-06', 922.24, 223),
(752, '23238881T', '720 839 149', '1995-04-15', 837.04, 434),
(753, '40361681R', '674 555 090', '2001-01-21', 713.91, 535),
(754, '97465133V', '736 968 980', '1997-04-08', 190.70, 789),
(755, '03552888Q', '749 285 685', '2001-10-25', 190.90, 76),
(756, '67222394Y', '678 418 733', '1995-01-08', 644.80, 822),
(757, '37437881D', '909 669 382', '1998-12-24', 985.11, 324),
(758, '50709473Q', '608 930 252', '1998-01-17', 931.86, 920),
(759, '13022180L', '642 756 475', '1995-07-11', 972.70, 177),
(760, '61404533R', '685 819 358', '2001-07-14', 763.04, 435),
(761, '92150716B', '602 869 589', '1995-05-12', 357.12, 77),
(762, '21615688O', '705 462 450', '2001-03-25', 449.50, 178),
(763, '88925518S', '938 136 728', '1997-05-26', 796.81, 689),
(764, '61795755W', '619 109 795', '1995-01-03', 427.72, 536),
(765, '47278020J', '724 769 053', '2001-03-02', 738.32, 224),
(766, '14212782O', '613 623 138', '1995-03-08', 146.49, 823),
(767, '27488143L', '680 726 344', '2000-09-07', 230.20, 78),
(768, '08135440O', '783 563 598', '2000-11-10', 507.96, 921),
(769, '40409725X', '652 098 326', '1998-10-29', 360.61, 790),
(770, '45163595B', '917 004 894', '1999-03-11', 364.53, 325),
(771, '32874816O', '934 783 430', '2000-08-25', 436.65, 824),
(772, '27406244V', '945 565 608', '1999-06-13', 103.48, 922),
(773, '75350357Y', '638 917 419', '1995-01-03', 975.00, 179),
(774, '64135608Z', '775 042 629', '1998-07-09', 834.12, 225),
(775, '98227040N', '732 272 695', '1996-03-28', 369.99, 825),
(776, '69385755A', '708 905 929', '2000-05-01', 606.09, 923),
(777, '61301911C', '729 104 436', '1997-11-28', 473.17, 436),
(778, '29624815A', '714 308 494', '1998-01-11', 166.43, 690),
(779, '91216707A', '605 319 113', '1996-11-14', 629.60, 79),
(780, '51865124R', '673 210 291', '1996-12-06', 177.48, 326),
(781, '51212526M', '766 057 028', '1995-12-18', 846.93, 226),
(782, '15452114Z', '697 492 036', '1995-02-11', 515.87, 327),
(783, '23567727Q', '745 146 222', '2001-02-25', 882.82, 826),
(784, '25233931O', '982 333 481', '2000-12-19', 221.36, 180),
(785, '11451149V', '960 376 445', '2000-03-18', 217.22, 791),
(786, '85403828S', '912 005 092', '1995-12-22', 309.27, 537),
(787, '23513272Y', '759 071 346', '1999-12-19', 877.93, 437),
(788, '29745123A', '685 169 145', '1996-09-16', 947.25, 538),
(789, '86011092X', '924 026 703', '1995-01-23', 779.55, 227),
(790, '33999340V', '655 042 431', '1995-09-30', 102.25, 438),
(791, '53984369Y', '798 880 673', '1996-10-27', 373.50, 80),
(792, '00901692X', '768 184 261', '1995-01-02', 905.65, 328),
(793, '19035524D', '615 629 806', '1996-06-14', 231.89, 539),
(794, '31132967C', '683 530 948', '1996-03-20', 943.83, 924),
(795, '16920383P', '692 403 872', '1997-12-18', 605.95, 691),
(796, '89803242B', '785 366 770', '1999-12-01', 228.41, 181),
(797, '63706548J', '627 963 870', '1999-04-23', 716.39, 81),
(798, '94885060M', '604 336 827', '1997-11-26', 898.73, 827),
(799, '66560393Q', '795 607 400', '2001-10-20', 688.31, 439),
(800, '05303809B', '637 352 283', '1998-03-15', 448.72, 228),
(801, '86180569N', '734 391 265', '1998-10-26', 436.86, 792),
(802, '80602369Y', '647 923 101', '1999-09-21', 453.38, 329),
(803, '65676063M', '656 422 539', '1997-03-08', 108.42, 692),
(804, '40143881D', '740 321 700', '1998-01-01', 110.61, 540),
(805, '10330884N', '696 820 649', '1997-04-05', 385.45, 440),
(806, '94997364S', '752 488 099', '1995-01-05', 930.39, 541),
(807, '32857245B', '699 770 345', '1996-10-22', 266.58, 229),
(808, '57185395E', '682 854 578', '2001-03-12', 621.11, 330),
(809, '02668835J', '749 126 820', '2000-11-26', 655.11, 793),
(810, '47597528M', '600 518 642', '1999-01-14', 306.32, 182),
(811, '81282258U', '942 117 181', '1995-12-11', 632.15, 441),
(812, '75509745E', '742 020 066', '1997-07-24', 257.79, 693),
(813, '90525895H', '603 903 914', '1998-10-03', 458.86, 794),
(814, '59435047R', '688 474 095', '1995-09-29', 216.23, 925),
(815, '55116552F', '665 122 576', '1997-02-24', 838.34, 82),
(816, '42244772N', '669 365 641', '1999-08-29', 558.17, 828),
(817, '40528884H', '765 457 297', '1998-02-18', 999.05, 230),
(818, '61103778Z', '907 047 614', '1995-03-23', 913.76, 542),
(819, '28575133A', '982 608 612', '1997-09-09', 129.52, 694),
(820, '06746049P', '711 788 340', '1998-07-20', 147.87, 926),
(821, '56534084Y', '668 658 476', '2001-05-28', 434.50, 331),
(822, '71204414C', '975 418 918', '1997-01-26', 231.99, 442),
(823, '39095139V', '673 712 325', '1998-04-09', 650.52, 795),
(824, '25090189Z', '901 399 372', '1996-07-12', 877.54, 183),
(825, '37835909P', '741 956 305', '2001-10-23', 484.51, 83),
(826, '08683918G', '631 017 329', '2001-03-30', 424.03, 543),
(827, '30667297P', '622 819 849', '1999-01-07', 771.27, 231),
(828, '60419950I', '717 309 785', '1997-12-08', 234.29, 332),
(829, '27879083R', '725 520 592', '1999-04-08', 435.62, 443),
(830, '97474441K', '725 025 461', '1995-01-10', 825.33, 695),
(831, '92573220V', '774 272 222', '1995-02-26', 463.60, 829),
(832, '49273948C', '761 497 649', '1995-01-30', 658.42, 796),
(833, '20892477M', '655 735 920', '1998-02-15', 412.64, 184),
(834, '05458744G', '673 935 208', '1997-04-10', 452.97, 927),
(835, '42382258K', '746 997 420', '1995-01-04', 380.91, 544),
(836, '02541838M', '964 646 405', '1997-04-19', 832.60, 84),
(837, '16834537J', '796 443 318', '1999-01-27', 853.01, 444),
(838, '55352244V', '627 448 622', '1999-09-04', 800.47, 232),
(839, '14601480I', '751 278 996', '2002-03-23', 769.82, 545),
(840, '67493079G', '975 973 436', '1997-12-31', 833.71, 333),
(841, '52704062U', '993 853 747', '1996-02-09', 610.75, 185),
(842, '83123384N', '946 121 910', '1995-12-12', 932.17, 233),
(843, '23733835J', '770 220 342', '1995-03-15', 908.70, 830),
(844, '10089323O', '968 637 396', '1996-08-11', 194.47, 85),
(845, '97276577L', '714 200 405', '1995-08-20', 258.52, 186),
(846, '80090556L', '945 128 400', '1997-11-02', 819.10, 445),
(847, '63602990A', '745 532 281', '1997-10-06', 565.13, 696),
(848, '64510384L', '600 866 980', '1995-03-18', 855.26, 797),
(849, '41550752F', '904 846 235', '1995-01-03', 469.61, 928),
(850, '22757398E', '923 665 522', '2000-08-16', 982.36, 831),
(851, '09282631K', '671 917 694', '1995-10-27', 804.56, 929),
(852, '13245997S', '928 751 247', '1995-01-01', 203.11, 697),
(853, '17471127Q', '972 818 300', '1995-01-07', 493.69, 86),
(854, '67809130S', '649 341 442', '2002-04-18', 568.41, 546),
(855, '39932513D', '978 411 457', '2001-04-17', 472.02, 832),
(856, '55763912Y', '990 325 893', '2000-08-08', 337.80, 334),
(857, '02097627Q', '650 003 281', '1999-01-02', 955.25, 446),
(858, '88783032E', '673 521 507', '1999-06-02', 590.66, 547),
(859, '98525883J', '617 317 272', '2000-08-26', 377.15, 447),
(860, '75509174X', '777 904 982', '1995-01-29', 641.93, 187),
(861, '58198390Y', '656 005 057', '1999-10-01', 934.85, 87),
(862, '89890334W', '702 598 109', '1995-04-01', 458.29, 188),
(863, '82162398E', '708 718 306', '1999-08-02', 609.91, 798),
(864, '54844681F', '615 758 129', '1999-11-04', 530.60, 930),
(865, '56685257W', '720 453 665', '1995-07-01', 732.56, 234),
(866, '47405275L', '647 549 075', '1995-10-17', 839.90, 698),
(867, '92592807Y', '748 287 526', '1997-12-22', 701.96, 548),
(868, '10145177Q', '978 860 813', '1995-05-16', 248.26, 833),
(869, '50827320S', '734 705 570', '1998-11-29', 362.37, 335),
(870, '02967690Y', '645 491 571', '1995-01-26', 260.49, 88),
(871, '53090730J', '722 198 913', '1995-01-03', 644.78, 235),
(872, '85486317W', '601 610 518', '2002-02-28', 933.10, 189),
(873, '20874539M', '799 282 264', '1995-01-31', 123.49, 931),
(874, '60074248C', '735 357 431', '1997-03-26', 400.16, 448),
(875, '27000335S', '777 929 164', '1999-01-14', 895.39, 799),
(876, '78073975G', '600 124 935', '2002-01-28', 929.30, 89),
(877, '35430081W', '735 848 966', '1998-04-30', 637.57, 699),
(878, '52535140Q', '654 788 119', '2000-08-08', 231.28, 800),
(879, '08473590C', '987 933 858', '2000-03-13', 505.22, 834),
(880, '51815693N', '640 015 976', '1997-09-07', 708.51, 700),
(881, '70696145W', '677 856 737', '1996-07-13', 399.35, 932),
(882, '86152169N', '932 967 604', '2000-01-26', 328.28, 549),
(883, '06702511D', '907 792 446', '2001-07-17', 368.79, 336),
(884, '19268456Z', '668 583 559', '1995-09-30', 264.87, 801),
(885, '67566394C', '753 871 526', '1997-05-22', 995.37, 835),
(886, '47636864Q', '947 368 274', '1995-12-31', 135.82, 236),
(887, '77405207Z', '916 998 868', '1995-01-06', 826.04, 449),
(888, '95280050Q', '744 385 168', '1999-03-31', 660.70, 701),
(889, '69919076F', '789 159 442', '1999-08-26', 649.87, 933),
(890, '54593599E', '747 701 892', '1997-09-24', 160.59, 337),
(891, '06998460N', '783 322 140', '2002-03-27', 801.86, 550),
(892, '36378297O', '667 706 667', '1995-01-05', 631.92, 190),
(893, '27346006P', '727 811 986', '1998-03-05', 304.78, 836),
(894, '53198848A', '746 613 179', '1995-12-04', 363.39, 450),
(895, '57259065S', '911 417 811', '1998-02-14', 898.29, 90),
(896, '56990533S', '933 791 366', '2000-03-27', 666.67, 191),
(897, '29779623F', '680 605 381', '2000-03-16', 171.14, 802),
(898, '27969658T', '703 125 213', '1995-01-08', 548.89, 934),
(899, '60304862G', '774 500 699', '1995-07-17', 744.54, 702),
(900, '96706858G', '704 696 632', '1998-12-02', 413.56, 551),
(901, '00356289O', '691 325 051', '1997-05-24', 175.29, 837),
(902, '36913158I', '913 726 359', '2001-01-09', 730.94, 935),
(903, '97199276Z', '929 743 450', '1995-04-01', 149.15, 451),
(904, '91002648Q', '967 837 584', '2002-01-22', 846.42, 838),
(905, '42025640J', '698 023 209', '2001-03-24', 138.75, 803),
(906, '66078713U', '618 470 137', '1995-01-05', 449.10, 936),
(907, '60711820D', '654 557 104', '1998-06-01', 930.76, 703),
(908, '68948377Z', '609 626 133', '1999-01-12', 806.20, 804),
(909, '10998414V', '676 221 456', '1995-02-19', 421.09, 839),
(910, '01262835T', '944 128 664', '1995-02-25', 157.94, 937),
(911, '93192892T', '675 078 648', '1999-05-01', 991.04, 552),
(912, '85128167O', '760 941 435', '1996-09-17', 812.43, 840),
(913, '13169397H', '932 752 553', '1997-12-01', 953.95, 452),
(914, '80840139H', '652 256 313', '1995-01-25', 383.50, 938),
(915, '93205540D', '756 320 332', '1996-10-23', 140.95, 237),
(916, '89559995U', '966 538 925', '1997-02-23', 344.36, 704),
(917, '14377482K', '988 334 707', '1997-12-22', 864.15, 604),
(918, '19738078P', '787 955 909', '1995-01-24', 590.86, 91),
(919, '16268728X', '694 528 492', '1999-05-21', 550.38, 841),
(920, '01893595I', '622 024 973', '1995-03-15', 869.69, 192),
(921, '58587162Q', '995 884 527', '2001-04-21', 606.72, 92),
(922, '51336033K', '798 164 673', '2001-10-28', 290.60, 939),
(923, '70675999J', '689 368 659', '2001-11-19', 116.19, 842),
(924, '01500109M', '997 839 415', '1997-01-17', 219.70, 940),
(925, '81161924O', '617 470 009', '1998-11-12', 353.65, 553),
(926, '04608784B', '773 423 358', '2001-11-09', 763.89, 338),
(927, '83073171E', '969 131 727', '1998-09-11', 818.76, 238),
(928, '83436173Q', '648 621 761', '2001-06-04', 196.81, 453),
(929, '07801829U', '676 819 366', '1995-01-01', 115.16, 339),
(930, '30456486P', '676 020 715', '2001-02-05', 704.48, 705),
(931, '51257266I', '900 297 805', '1995-09-05', 659.45, 554),
(932, '22359758K', '708 463 908', '1995-02-05', 750.11, 605),
(933, '78290752M', '986 279 312', '1995-03-08', 220.16, 843),
(934, '15908625E', '676 867 766', '1997-05-28', 346.32, 454),
(935, '00690052H', '994 169 816', '1995-07-28', 916.67, 706),
(936, '91399294E', '686 281 625', '1995-01-16', 372.75, 193),
(937, '08769549S', '972 665 338', '1997-01-14', 196.17, 93),
(938, '09166810B', '731 028 969', '1996-02-03', 654.87, 555),
(939, '07036680L', '932 038 771', '1997-06-04', 986.94, 941),
(940, '82066895A', '718 887 883', '1999-10-08', 956.68, 194),
(941, '90113659I', '654 932 132', '1995-09-13', 896.36, 455),
(942, '44186356J', '649 383 870', '1999-05-29', 424.13, 844),
(943, '98895429I', '954 107 208', '1999-11-02', 433.72, 942),
(944, '53402520P', '727 912 363', '1997-04-29', 608.62, 94),
(945, '92812941R', '782 539 026', '1995-03-08', 697.36, 845),
(946, '34474773C', '926 226 651', '1995-01-03', 310.41, 239),
(947, '18824846M', '680 564 580', '2000-04-08', 137.69, 943),
(948, '19344316P', '983 111 684', '1996-01-13', 546.77, 340),
(949, '82654293I', '799 502 416', '1995-07-27', 758.35, 240),
(950, '28513016L', '928 944 961', '1998-02-07', 583.19, 341),
(951, '87733355H', '755 953 259', '1996-06-06', 191.75, 556),
(952, '18695749S', '736 881 822', '1999-07-09', 623.66, 846),
(953, '64558295N', '982 255 068', '2000-11-13', 994.68, 456),
(954, '88219188H', '910 126 924', '1996-12-30', 130.53, 241),
(955, '33984443J', '725 838 641', '1999-11-19', 641.73, 195),
(956, '06520254T', '767 017 647', '2000-08-28', 880.79, 944),
(957, '70001984P', '737 035 709', '1999-11-05', 281.29, 557),
(958, '44417369B', '786 189 071', '1998-04-28', 644.94, 95),
(959, '04382934W', '751 175 603', '1995-04-01', 767.87, 342),
(960, '24857672O', '759 478 980', '1996-01-12', 871.22, 457),
(961, '26623128T', '962 406 471', '1997-09-13', 533.34, 242),
(962, '85848072J', '717 308 347', '1995-01-05', 461.56, 343),
(963, '34196460K', '988 384 375', '1996-07-04', 513.58, 196),
(964, '02442521T', '635 475 801', '2001-05-20', 317.97, 243),
(965, '67176348V', '730 953 699', '1998-09-21', 552.56, 558),
(966, '57274456C', '761 707 124', '1995-10-10', 298.04, 847),
(967, '26858785D', '647 073 307', '1995-08-01', 570.49, 96),
(968, '60417737V', '651 612 696', '1999-08-25', 480.84, 197),
(969, '89587261M', '676 313 577', '1995-10-31', 763.76, 97),
(970, '40594711F', '676 153 095', '1995-01-02', 291.01, 458),
(971, '91744468D', '991 879 849', '1996-02-02', 806.50, 198),
(972, '00767375C', '923 765 209', '1995-06-20', 455.35, 98),
(973, '03393691F', '623 522 139', '2000-09-11', 497.13, 945),
(974, '12753221E', '991 779 541', '1999-02-06', 537.64, 199),
(975, '57508749Z', '619 900 592', '1999-12-23', 610.42, 99),
(976, '06888185V', '901 735 443', '1998-04-21', 841.49, 200),
(977, '89571972K', '664 043 446', '1999-01-14', 850.53, 344),
(978, '73642358X', '798 145 104', '2000-12-20', 818.06, 244),
(979, '30391598H', '604 760 778', '2000-10-09', 450.43, 100),
(980, '93944625L', '681 578 395', '1995-01-10', 666.84, 201),
(981, '60565135I', '771 580 089', '1996-11-27', 859.42, 345),
(982, '72213154U', '953 880 738', '1995-08-31', 432.74, 101),
(983, '27526843Q', '639 729 870', '1995-12-11', 434.47, 245),
(984, '83790210L', '946 584 694', '2001-12-22', 451.41, 346),
(985, '77000786X', '770 822 247', '1995-01-15', 836.07, 246),
(986, '76771694F', '721 587 331', '1997-08-05', 597.47, 347),
(987, '33071627R', '744 314 745', '1996-04-02', 988.54, 247),
(988, '36324802J', '747 472 225', '1996-12-21', 114.28, 348),
(989, '95080734B', '622 780 812', '2000-07-28', 288.77, 248),
(990, '83078672B', '746 681 024', '1999-09-06', 790.39, 349),
(991, '82603157Q', '688 592 578', '2000-04-21', 227.90, 249),
(992, '30717617T', '988 980 369', '1996-08-05', 929.28, 350),
(993, '52245412W', '723 847 320', '1995-01-08', 556.23, 250),
(994, '73635788I', '778 373 909', '2001-02-04', 934.25, 351),
(995, '46310580N', '607 049 682', '1999-06-11', 877.57, 251),
(996, '79191935A', '944 479 166', '1999-10-28', 830.05, 352),
(997, '62420932X', '695 959 508', '2000-06-27', 785.23, 252),
(998, '05285144W', '934 624 007', '2000-12-06', 427.22, 353),
(999, '22816461G', '922 370 114', '1997-03-17', 253.63, 253),
(1000, '64934110P', '927 439 645', '2000-04-19', 650.46, 354);

-- 
-- Dumping data for table limpiezas
--
INSERT INTO limpiezas VALUES
(1, 29.11, 1, '2020-06-12', 796),
(2, 46.44, 0, '2020-02-24', 144),
(3, 38.75, 1, '2020-06-21', 26),
(4, 12.08, 1, '2020-05-08', 83),
(5, 41.16, 1, '2020-02-01', 828),
(6, 21.82, 1, '2020-05-11', 505),
(7, 42.32, 1, '2020-06-01', 523),
(8, 78.88, 0, '2020-01-09', 685),
(9, 53.51, 0, '2020-04-25', 696),
(10, 31.79, 0, '2020-01-10', 582),
(11, 69.98, 1, '2020-02-11', 489),
(12, 31.94, 0, '2020-04-27', 363),
(13, 69.25, 1, '2020-05-17', 558),
(14, 18.46, 1, '2020-03-27', 878),
(15, 31.94, 0, '2020-06-20', 857),
(16, 22.06, 1, '2020-06-17', 873),
(17, 97.59, 1, '2020-05-03', 797),
(18, 33.17, 1, '2020-06-16', 476),
(19, 68.86, 0, '2020-05-22', 832),
(20, 61.47, 1, '2020-01-04', 88),
(21, 41.51, 1, '2020-04-01', 149),
(22, 75.12, 1, '2020-01-12', 78),
(23, 99.00, 1, '2020-04-05', 287),
(24, 93.67, 1, '2020-04-17', 713),
(25, 78.45, 1, '2020-04-02', 382),
(26, 11.46, 1, '2020-01-08', 775),
(27, 81.49, 0, '2020-01-06', 299),
(28, 54.16, 1, '2020-03-09', 706),
(29, 62.03, 1, '2020-03-29', 954),
(30, 57.42, 1, '2020-04-05', 156),
(31, 12.09, 1, '2020-04-26', 720),
(32, 37.19, 1, '2020-02-03', 251),
(33, 34.55, 1, '2020-01-07', 644),
(34, 44.93, 1, '2020-02-14', 612),
(35, 47.38, 1, '2020-05-19', 704),
(36, 61.86, 1, '2020-02-21', 887),
(37, 57.99, 1, '2020-01-18', 295),
(38, 49.80, 1, '2020-04-09', 504),
(39, 31.11, 1, '2020-01-10', 331),
(40, 88.08, 0, '2020-05-24', 320),
(41, 36.59, 0, '2020-02-02', 294),
(42, 87.72, 1, '2020-05-11', 101),
(43, 85.64, 1, '2020-04-09', 427),
(44, 88.11, 1, '2020-04-24', 640),
(45, 59.97, 1, '2020-05-07', 587),
(46, 56.24, 0, '2020-04-16', 481),
(47, 40.68, 1, '2020-01-06', 75),
(48, 16.59, 1, '2020-04-25', 164),
(49, 37.48, 1, '2020-01-13', 236),
(50, 96.65, 1, '2020-04-02', 362),
(51, 42.36, 1, '2020-01-11', 582),
(52, 25.51, 0, '2020-05-26', 122),
(53, 13.46, 1, '2020-01-22', 701),
(54, 61.56, 0, '2020-01-06', 228),
(55, 66.58, 1, '2020-01-09', 533),
(56, 79.79, 1, '2020-01-02', 327),
(57, 77.70, 1, '2020-05-10', 955),
(58, 26.58, 1, '2020-05-25', 593),
(59, 86.25, 1, '2020-05-10', 462),
(60, 98.47, 1, '2020-04-10', 75),
(61, 82.75, 1, '2020-02-28', 758),
(62, 18.18, 1, '2020-01-10', 775),
(63, 94.73, 1, '2020-01-08', 760),
(64, 22.57, 1, '2020-03-13', 194),
(65, 93.18, 1, '2020-01-02', 926),
(66, 24.75, 1, '2020-01-07', 214),
(67, 70.61, 1, '2020-05-06', 154),
(68, 88.26, 1, '2020-04-11', 835),
(69, 83.30, 1, '2020-01-09', 209),
(70, 73.38, 1, '2020-04-05', 766),
(71, 77.91, 1, '2020-02-09', 918),
(72, 74.79, 1, '2020-01-04', 458),
(73, 25.03, 1, '2020-04-17', 263),
(74, 97.97, 0, '2020-01-12', 495),
(75, 92.98, 1, '2020-03-29', 515),
(76, 73.29, 1, '2020-05-21', 354),
(77, 27.33, 1, '2020-01-03', 184),
(78, 99.00, 1, '2020-05-02', 500),
(79, 32.20, 0, '2020-03-21', 989),
(80, 72.34, 1, '2020-05-21', 383),
(81, 81.67, 1, '2020-05-20', 970),
(82, 83.49, 1, '2020-05-01', 728),
(83, 13.90, 1, '2020-04-05', 495),
(84, 48.51, 1, '2020-01-21', 912),
(85, 67.60, 1, '2020-02-26', 827),
(86, 59.73, 0, '2020-06-05', 584),
(87, 61.98, 1, '2020-03-12', 265),
(88, 68.89, 1, '2020-06-14', 980),
(89, 23.52, 1, '2020-01-21', 234),
(90, 41.65, 1, '2020-04-16', 75),
(91, 25.39, 1, '2020-05-20', 898),
(92, 25.70, 1, '2020-05-01', 931),
(93, 70.32, 1, '2020-02-13', 24),
(94, 32.94, 1, '2020-05-22', 549),
(95, 41.23, 1, '2020-01-03', 65),
(96, 98.92, 0, '2020-02-18', 302),
(97, 38.28, 1, '2020-04-18', 631),
(98, 59.26, 0, '2020-04-20', 121),
(99, 87.77, 0, '2020-05-19', 735),
(100, 47.12, 1, '2020-05-27', 94),
(101, 15.83, 1, '2020-01-05', 137),
(102, 33.20, 1, '2020-05-25', 536),
(103, 37.23, 1, '2020-05-27', 864),
(104, 51.63, 1, '2020-01-15', 209),
(105, 85.37, 1, '2020-06-05', 897),
(106, 16.28, 1, '2020-06-19', 885),
(107, 67.47, 1, '2020-04-17', 133),
(108, 79.30, 1, '2020-06-04', 132),
(109, 52.99, 1, '2020-06-15', 644),
(110, 89.14, 1, '2020-04-17', 638),
(111, 36.60, 1, '2020-03-11', 798),
(112, 19.49, 1, '2020-03-04', 238),
(113, 36.35, 1, '2020-06-19', 693),
(114, 43.91, 1, '2020-01-14', 357),
(115, 10.36, 1, '2020-04-08', 954),
(116, 50.07, 1, '2020-04-15', 305),
(117, 19.64, 1, '2020-03-09', 170),
(118, 72.48, 1, '2020-03-22', 425),
(119, 15.18, 1, '2020-06-17', 813),
(120, 25.04, 1, '2020-02-20', 160),
(121, 29.29, 1, '2020-01-04', 478),
(122, 21.77, 1, '2020-05-20', 857),
(123, 80.42, 1, '2020-04-17', 272),
(124, 99.00, 1, '2020-01-26', 852),
(125, 91.10, 1, '2020-02-25', 501),
(126, 49.66, 0, '2020-03-30', 180),
(127, 42.75, 1, '2020-06-09', 563),
(128, 52.93, 1, '2020-01-12', 911),
(129, 43.96, 1, '2020-05-03', 194),
(130, 28.14, 1, '2020-03-22', 699),
(131, 43.86, 0, '2020-02-02', 603),
(132, 39.73, 1, '2020-04-30', 804),
(133, 82.61, 1, '2020-02-15', 966),
(134, 85.55, 1, '2020-02-24', 408),
(135, 26.44, 1, '2020-06-08', 114),
(136, 88.16, 0, '2020-05-17', 25),
(137, 46.38, 0, '2020-06-11', 303),
(138, 25.31, 1, '2020-01-08', 206),
(139, 19.09, 1, '2020-05-22', 666),
(140, 43.69, 0, '2020-01-22', 309),
(141, 14.42, 1, '2020-04-09', 676),
(142, 62.37, 1, '2020-05-06', 589),
(143, 93.25, 1, '2020-06-17', 949),
(144, 38.19, 1, '2020-05-26', 278),
(145, 39.59, 0, '2020-05-28', 603),
(146, 52.88, 1, '2020-01-26', 560),
(147, 99.00, 1, '2020-05-03', 951),
(148, 68.07, 1, '2020-01-07', 994),
(149, 34.66, 1, '2020-01-10', 445),
(150, 43.04, 0, '2020-02-11', 404),
(151, 14.17, 1, '2020-04-15', 3),
(152, 34.32, 1, '2020-01-28', 925),
(153, 29.68, 1, '2020-04-04', 678),
(154, 59.67, 1, '2020-06-16', 464),
(155, 23.99, 0, '2020-03-21', 763),
(156, 31.66, 1, '2020-04-05', 634),
(157, 15.93, 1, '2020-04-14', 393),
(158, 82.68, 1, '2020-04-15', 727),
(159, 67.21, 1, '2020-03-15', 803),
(160, 38.41, 1, '2020-05-27', 151),
(161, 49.12, 1, '2020-02-08', 32),
(162, 99.00, 1, '2020-02-07', 408),
(163, 89.66, 1, '2020-06-08', 551),
(164, 46.69, 1, '2020-02-09', 153),
(165, 36.72, 1, '2020-02-27', 327),
(166, 69.52, 0, '2020-04-19', 710),
(167, 76.22, 1, '2020-06-09', 928),
(168, 18.84, 0, '2020-06-13', 408),
(169, 28.52, 0, '2020-05-13', 43),
(170, 24.31, 1, '2020-05-11', 296),
(171, 57.50, 1, '2020-01-20', 323),
(172, 36.19, 1, '2020-06-18', 417),
(173, 67.03, 1, '2020-06-21', 529),
(174, 74.84, 1, '2020-04-18', 715),
(175, 20.01, 1, '2020-02-12', 893),
(176, 55.69, 1, '2020-06-05', 99),
(177, 52.83, 1, '2020-01-25', 1),
(178, 63.73, 1, '2020-03-12', 290),
(179, 33.63, 0, '2020-01-05', 47),
(180, 45.45, 1, '2020-01-15', 539),
(181, 41.37, 1, '2020-05-21', 453),
(182, 18.05, 0, '2020-05-11', 972),
(183, 50.63, 1, '2020-03-15', 202),
(184, 67.15, 0, '2020-01-03', 881),
(185, 76.84, 1, '2020-04-05', 518),
(186, 12.67, 0, '2020-03-25', 12),
(187, 86.90, 1, '2020-04-17', 928),
(188, 66.35, 1, '2020-02-29', 677),
(189, 34.21, 1, '2020-01-06', 626),
(190, 80.35, 1, '2020-01-10', 158),
(191, 86.57, 1, '2020-05-22', 895),
(192, 18.32, 1, '2020-06-08', 447),
(193, 46.31, 1, '2020-03-01', 910),
(194, 80.83, 1, '2020-05-20', 629),
(195, 58.24, 1, '2020-03-17', 378),
(196, 51.50, 1, '2020-03-07', 82),
(197, 77.08, 1, '2020-01-07', 50),
(198, 10.25, 0, '2020-06-21', 267),
(199, 68.73, 1, '2020-02-22', 460),
(200, 57.58, 0, '2020-04-02', 245),
(201, 28.28, 1, '2020-03-19', 839),
(202, 12.47, 1, '2020-05-10', 72),
(203, 79.36, 1, '2020-01-01', 960),
(204, 10.85, 1, '2020-04-29', 218),
(205, 93.00, 1, '2020-05-31', 529),
(206, 61.76, 1, '2020-02-12', 21),
(207, 77.49, 1, '2020-03-23', 644),
(208, 49.53, 1, '2020-04-29', 36),
(209, 49.37, 1, '2020-03-01', 482),
(210, 89.07, 1, '2020-05-14', 735),
(211, 78.38, 1, '2020-04-15', 760),
(212, 93.52, 1, '2020-05-30', 512),
(213, 70.70, 0, '2020-03-24', 602),
(214, 17.70, 0, '2020-01-09', 151),
(215, 73.06, 1, '2020-04-28', 919),
(216, 20.23, 1, '2020-02-16', 320),
(217, 88.24, 1, '2020-05-17', 472),
(218, 96.42, 1, '2020-03-25', 452),
(219, 53.85, 1, '2020-01-30', 753),
(220, 97.61, 1, '2020-04-11', 218),
(221, 79.06, 0, '2020-01-10', 343),
(222, 78.25, 1, '2020-05-28', 698),
(223, 90.52, 1, '2020-06-07', 91),
(224, 63.70, 1, '2020-01-02', 22),
(225, 78.14, 1, '2020-02-17', 120),
(226, 14.31, 1, '2020-05-01', 267),
(227, 24.23, 1, '2020-01-15', 549),
(228, 77.00, 1, '2020-02-23', 183),
(229, 67.24, 1, '2020-01-04', 162),
(230, 43.11, 1, '2020-01-22', 247),
(231, 41.97, 0, '2020-04-26', 346),
(232, 13.76, 1, '2020-03-21', 113),
(233, 71.60, 1, '2020-03-04', 70),
(234, 81.55, 0, '2020-06-01', 682),
(235, 85.98, 1, '2020-03-17', 602),
(236, 82.98, 1, '2020-01-25', 436),
(237, 26.18, 1, '2020-06-12', 368),
(238, 68.25, 1, '2020-06-02', 570),
(239, 55.10, 1, '2020-05-09', 594),
(240, 92.92, 0, '2020-04-13', 399),
(241, 86.26, 1, '2020-02-03', 138),
(242, 60.54, 1, '2020-02-25', 436),
(243, 15.51, 0, '2020-04-17', 851),
(244, 80.24, 1, '2020-03-16', 14),
(245, 40.50, 1, '2020-04-06', 262),
(246, 42.49, 1, '2020-02-28', 982),
(247, 16.01, 1, '2020-05-28', 993),
(248, 19.93, 1, '2020-05-15', 832),
(249, 66.00, 1, '2020-01-23', 87),
(250, 73.27, 1, '2020-01-23', 905),
(251, 97.11, 1, '2020-01-01', 500),
(252, 60.46, 1, '2020-06-20', 737),
(253, 84.68, 1, '2020-05-17', 464),
(254, 90.47, 1, '2020-02-29', 981),
(255, 67.54, 1, '2020-06-20', 603),
(256, 40.32, 1, '2020-05-20', 234),
(257, 85.70, 1, '2020-06-14', 236),
(258, 59.78, 1, '2020-03-13', 191),
(259, 56.91, 1, '2020-03-15', 75),
(260, 66.93, 0, '2020-02-29', 743),
(261, 12.37, 1, '2020-02-15', 415),
(262, 80.47, 1, '2020-05-13', 266),
(263, 96.13, 1, '2020-03-10', 200),
(264, 68.22, 1, '2020-01-10', 995),
(265, 25.65, 1, '2020-02-21', 475),
(266, 99.00, 1, '2020-03-27', 976),
(267, 70.29, 0, '2020-02-23', 47),
(268, 71.81, 1, '2020-06-10', 85),
(269, 72.17, 1, '2020-06-05', 596),
(270, 91.94, 0, '2020-03-24', 369),
(271, 89.16, 0, '2020-02-27', 757),
(272, 10.83, 1, '2020-03-06', 878),
(273, 83.66, 1, '2020-04-26', 545),
(274, 86.92, 1, '2020-04-04', 227),
(275, 58.73, 1, '2020-01-10', 571),
(276, 39.21, 1, '2020-05-16', 100),
(277, 75.78, 1, '2020-01-31', 784),
(278, 41.18, 0, '2020-05-30', 597),
(279, 66.22, 1, '2020-04-15', 563),
(280, 52.82, 0, '2020-01-12', 372),
(281, 41.33, 1, '2020-04-15', 309),
(282, 88.66, 1, '2020-06-21', 414),
(283, 63.17, 1, '2020-05-26', 794),
(284, 72.39, 1, '2020-06-17', 392),
(285, 64.55, 1, '2020-06-02', 633),
(286, 80.47, 1, '2020-03-01', 407),
(287, 93.05, 1, '2020-02-22', 943),
(288, 51.60, 1, '2020-04-04', 503),
(289, 12.41, 1, '2020-06-19', 887),
(290, 56.96, 1, '2020-01-08', 654),
(291, 31.05, 0, '2020-01-03', 580),
(292, 58.22, 1, '2020-02-22', 868),
(293, 47.01, 1, '2020-04-07', 389),
(294, 43.32, 1, '2020-01-25', 338),
(295, 91.67, 1, '2020-01-03', 789),
(296, 14.21, 1, '2020-06-04', 194),
(297, 93.48, 0, '2020-03-18', 161),
(298, 59.45, 1, '2020-02-02', 744),
(299, 66.03, 1, '2020-03-15', 665),
(300, 45.53, 1, '2020-03-04', 282),
(301, 71.42, 1, '2020-03-16', 895),
(302, 78.00, 1, '2020-04-04', 321),
(303, 11.22, 1, '2020-01-18', 448),
(304, 17.92, 1, '2020-01-09', 578),
(305, 26.94, 1, '2020-01-08', 146),
(306, 70.72, 1, '2020-05-18', 411),
(307, 20.50, 0, '2020-04-08', 682),
(308, 40.21, 1, '2020-01-11', 553),
(309, 37.61, 1, '2020-01-10', 711),
(310, 52.60, 1, '2020-02-04', 902),
(311, 28.88, 0, '2020-01-06', 701),
(312, 46.29, 1, '2020-02-19', 586),
(313, 16.53, 1, '2020-05-14', 743),
(314, 27.34, 1, '2020-02-15', 152),
(315, 24.73, 1, '2020-03-12', 868),
(316, 69.05, 1, '2020-02-08', 798),
(317, 18.63, 1, '2020-01-12', 600),
(318, 15.17, 1, '2020-01-20', 173),
(319, 35.00, 1, '2020-01-05', 624),
(320, 53.92, 1, '2020-04-18', 489),
(321, 39.73, 1, '2020-02-04', 290),
(322, 51.54, 1, '2020-01-13', 735),
(323, 89.54, 1, '2020-05-03', 632),
(324, 96.57, 1, '2020-04-24', 55),
(325, 77.66, 1, '2020-03-19', 965),
(326, 51.29, 1, '2020-01-13', 142),
(327, 38.59, 1, '2020-06-11', 872),
(328, 23.55, 1, '2020-06-22', 555),
(329, 25.26, 0, '2020-01-03', 437),
(330, 24.84, 1, '2020-03-10', 187),
(331, 41.08, 1, '2020-01-19', 442),
(332, 94.30, 1, '2020-01-16', 619),
(333, 97.66, 1, '2020-04-07', 415),
(334, 16.81, 1, '2020-01-07', 176),
(335, 65.42, 1, '2020-03-05', 997),
(336, 65.48, 1, '2020-01-08', 630),
(337, 29.49, 1, '2020-03-16', 117),
(338, 60.02, 1, '2020-01-30', 300),
(339, 81.15, 0, '2020-02-04', 412),
(340, 98.11, 1, '2020-04-19', 210),
(341, 12.59, 1, '2020-01-24', 637),
(342, 32.69, 1, '2020-06-09', 411),
(343, 81.99, 1, '2020-01-09', 276),
(344, 60.83, 1, '2020-05-23', 599),
(345, 68.85, 1, '2020-02-26', 17),
(346, 69.86, 1, '2020-05-13', 560),
(347, 81.14, 1, '2020-02-06', 750),
(348, 89.70, 1, '2020-01-08', 878),
(349, 91.89, 0, '2020-01-18', 616),
(350, 21.72, 1, '2020-06-15', 916),
(351, 81.52, 1, '2020-05-18', 953),
(352, 94.63, 1, '2020-05-31', 841),
(353, 31.82, 0, '2020-05-21', 553),
(354, 68.70, 1, '2020-06-13', 993),
(355, 72.95, 1, '2020-04-04', 245),
(356, 76.57, 0, '2020-05-20', 154),
(357, 18.77, 0, '2020-02-20', 723),
(358, 95.70, 1, '2020-02-13', 604),
(359, 22.28, 1, '2020-01-01', 771),
(360, 59.98, 0, '2020-04-26', 590),
(361, 46.40, 1, '2020-06-21', 807),
(362, 52.58, 1, '2020-02-11', 300),
(363, 61.46, 1, '2020-05-05', 21),
(364, 90.81, 1, '2020-04-19', 678),
(365, 50.71, 1, '2020-06-08', 572),
(366, 64.39, 1, '2020-02-11', 160),
(367, 20.18, 1, '2020-03-06', 533),
(368, 18.19, 1, '2020-04-30', 957),
(369, 65.34, 1, '2020-05-27', 843),
(370, 85.04, 1, '2020-02-16', 318),
(371, 78.68, 1, '2020-05-14', 759),
(372, 42.48, 1, '2020-04-30', 68),
(373, 26.62, 1, '2020-02-02', 112),
(374, 88.26, 1, '2020-04-05', 109),
(375, 77.85, 1, '2020-03-19', 512),
(376, 26.80, 1, '2020-02-29', 931),
(377, 40.40, 0, '2020-01-01', 746),
(378, 24.31, 1, '2020-03-31', 797),
(379, 65.95, 1, '2020-03-02', 597),
(380, 57.85, 1, '2020-01-03', 954),
(381, 82.40, 1, '2020-01-05', 137),
(382, 12.69, 1, '2020-05-30', 20),
(383, 49.86, 1, '2020-06-03', 263),
(384, 66.25, 1, '2020-03-21', 702),
(385, 78.08, 1, '2020-03-06', 659),
(386, 35.74, 0, '2020-05-03', 306),
(387, 82.45, 1, '2020-04-26', 774),
(388, 13.71, 1, '2020-03-15', 752),
(389, 86.26, 1, '2020-03-29', 478),
(390, 19.75, 1, '2020-03-29', 497),
(391, 56.12, 1, '2020-04-25', 352),
(392, 44.48, 1, '2020-03-17', 423),
(393, 57.45, 1, '2020-03-01', 14),
(394, 87.11, 1, '2020-06-19', 781),
(395, 19.14, 0, '2020-05-01', 159),
(396, 95.69, 1, '2020-05-29', 928),
(397, 71.86, 1, '2020-04-06', 382),
(398, 45.88, 1, '2020-01-13', 506),
(399, 65.43, 1, '2020-03-10', 794),
(400, 16.11, 0, '2020-02-14', 946),
(401, 19.27, 1, '2020-05-14', 399),
(402, 74.10, 1, '2020-01-14', 375),
(403, 94.46, 0, '2020-01-31', 846),
(404, 47.50, 1, '2020-01-14', 50),
(405, 29.48, 1, '2020-01-11', 41),
(406, 16.73, 1, '2020-02-09', 48),
(407, 37.49, 1, '2020-02-26', 801),
(408, 86.27, 1, '2020-03-29', 605),
(409, 46.98, 1, '2020-01-24', 79),
(410, 77.46, 1, '2020-03-06', 978),
(411, 32.76, 0, '2020-01-20', 998),
(412, 78.90, 0, '2020-02-13', 943),
(413, 62.24, 1, '2020-03-14', 295),
(414, 21.01, 1, '2020-06-16', 522),
(415, 10.62, 1, '2020-01-08', 900),
(416, 80.21, 1, '2020-01-19', 439),
(417, 41.29, 1, '2020-03-16', 980),
(418, 64.42, 1, '2020-01-17', 393),
(419, 53.65, 1, '2020-03-07', 61),
(420, 20.29, 1, '2020-04-01', 246),
(421, 55.69, 1, '2020-04-18', 28),
(422, 69.85, 1, '2020-06-09', 180),
(423, 67.52, 1, '2020-03-23', 295),
(424, 48.57, 1, '2020-05-01', 513),
(425, 86.52, 1, '2020-01-07', 987),
(426, 18.04, 1, '2020-02-02', 912),
(427, 41.99, 1, '2020-06-07', 674),
(428, 40.80, 1, '2020-01-04', 758),
(429, 41.96, 1, '2020-03-25', 900),
(430, 81.17, 1, '2020-01-05', 46),
(431, 13.20, 1, '2020-01-19', 624),
(432, 87.67, 1, '2020-02-23', 957),
(433, 77.40, 1, '2020-02-13', 301),
(434, 81.82, 1, '2020-02-08', 444),
(435, 36.56, 1, '2020-05-31', 345),
(436, 29.75, 1, '2020-03-10', 631),
(437, 56.10, 1, '2020-03-02', 458),
(438, 25.07, 1, '2020-05-13', 533),
(439, 51.90, 1, '2020-06-04', 700),
(440, 26.48, 1, '2020-04-01', 953),
(441, 79.10, 1, '2020-06-20', 147),
(442, 63.79, 1, '2020-05-24', 201),
(443, 27.92, 0, '2020-01-06', 48),
(444, 59.06, 1, '2020-03-30', 532),
(445, 43.76, 0, '2020-04-12', 395),
(446, 48.68, 1, '2020-02-11', 760),
(447, 20.36, 1, '2020-03-18', 945),
(448, 92.03, 1, '2020-06-14', 958),
(449, 47.40, 1, '2020-04-23', 750),
(450, 92.09, 1, '2020-03-26', 409),
(451, 33.95, 1, '2020-02-11', 203),
(452, 85.30, 1, '2020-06-01', 243),
(453, 48.20, 0, '2020-01-05', 20),
(454, 84.16, 0, '2020-04-25', 121),
(455, 13.59, 1, '2020-06-15', 700),
(456, 60.83, 1, '2020-04-04', 161),
(457, 65.25, 1, '2020-03-23', 47),
(458, 48.88, 1, '2020-01-22', 960),
(459, 99.00, 1, '2020-05-11', 49),
(460, 46.49, 1, '2020-01-07', 53),
(461, 18.93, 1, '2020-04-29', 555),
(462, 19.02, 0, '2020-02-07', 975),
(463, 63.47, 1, '2020-06-08', 732),
(464, 57.26, 1, '2020-04-14', 480),
(465, 85.33, 0, '2020-01-17', 534),
(466, 95.38, 1, '2020-03-11', 533),
(467, 81.46, 1, '2020-05-19', 698),
(468, 75.96, 1, '2020-02-22', 763),
(469, 30.14, 1, '2020-02-23', 673),
(470, 70.77, 1, '2020-03-04', 726),
(471, 50.97, 1, '2020-02-26', 312),
(472, 76.26, 1, '2020-01-15', 659),
(473, 20.61, 1, '2020-05-09', 483),
(474, 84.35, 1, '2020-03-09', 552),
(475, 62.78, 1, '2020-04-07', 874),
(476, 17.29, 1, '2020-04-14', 779),
(477, 51.48, 1, '2020-03-18', 892),
(478, 38.20, 1, '2020-02-18', 730),
(479, 32.55, 1, '2020-01-09', 634),
(480, 31.91, 1, '2020-05-23', 128),
(481, 77.09, 1, '2020-05-02', 468),
(482, 32.58, 1, '2020-04-14', 255),
(483, 97.67, 0, '2020-01-04', 845),
(484, 51.63, 1, '2020-01-02', 242),
(485, 24.08, 1, '2020-01-01', 7),
(486, 72.36, 1, '2020-02-06', 266),
(487, 61.54, 0, '2020-03-30', 786),
(488, 35.33, 1, '2020-02-29', 198),
(489, 54.05, 0, '2020-03-16', 801),
(490, 19.95, 1, '2020-01-23', 88),
(491, 51.59, 1, '2020-02-16', 504),
(492, 90.28, 1, '2020-01-07', 16),
(493, 16.65, 1, '2020-02-14', 399),
(494, 48.58, 1, '2020-01-10', 431),
(495, 25.82, 1, '2020-04-04', 301),
(496, 25.89, 0, '2020-06-13', 497),
(497, 64.13, 1, '2020-05-23', 947),
(498, 91.51, 1, '2020-02-13', 411),
(499, 15.43, 1, '2020-04-06', 801),
(500, 99.00, 1, '2020-06-19', 310),
(501, 21.88, 1, '2020-03-11', 837),
(502, 71.00, 0, '2020-06-08', 214),
(503, 34.10, 1, '2020-02-21', 801),
(504, 82.70, 0, '2020-06-13', 700),
(505, 37.74, 1, '2020-02-02', 132),
(506, 29.19, 1, '2020-04-21', 662),
(507, 74.42, 1, '2020-02-28', 420),
(508, 38.90, 1, '2020-06-18', 644),
(509, 39.05, 1, '2020-04-13', 575),
(510, 51.00, 1, '2020-05-30', 921),
(511, 55.78, 1, '2020-01-15', 823),
(512, 38.66, 1, '2020-04-05', 424),
(513, 56.56, 1, '2020-03-19', 867),
(514, 24.57, 1, '2020-03-03', 742),
(515, 81.88, 0, '2020-04-30', 102),
(516, 41.78, 1, '2020-04-01', 526),
(517, 19.71, 0, '2020-03-20', 764),
(518, 20.04, 1, '2020-05-14', 682),
(519, 92.69, 1, '2020-02-02', 4),
(520, 74.23, 1, '2020-01-02', 9),
(521, 97.37, 1, '2020-06-04', 732),
(522, 32.14, 1, '2020-03-20', 925),
(523, 15.81, 1, '2020-06-11', 750),
(524, 86.18, 1, '2020-02-24', 675),
(525, 66.42, 1, '2020-01-09', 825),
(526, 15.87, 1, '2020-01-05', 20),
(527, 23.98, 1, '2020-01-18', 626),
(528, 32.96, 1, '2020-05-27', 795),
(529, 32.00, 1, '2020-01-30', 10),
(530, 88.39, 1, '2020-02-12', 685),
(531, 75.12, 1, '2020-04-30', 747),
(532, 63.94, 1, '2020-06-06', 153),
(533, 87.08, 1, '2020-03-16', 407),
(534, 11.40, 0, '2020-03-12', 904),
(535, 35.82, 1, '2020-01-01', 886),
(536, 34.98, 1, '2020-05-31', 617),
(537, 42.00, 1, '2020-03-20', 273),
(538, 37.44, 1, '2020-01-16', 739),
(539, 90.88, 1, '2020-05-10', 951),
(540, 76.71, 1, '2020-01-05', 43),
(541, 74.91, 1, '2020-05-22', 922),
(542, 14.62, 1, '2020-05-21', 117),
(543, 48.01, 1, '2020-06-21', 804),
(544, 31.91, 1, '2020-01-16', 497),
(545, 52.71, 1, '2020-03-23', 653),
(546, 56.24, 1, '2020-02-14', 184),
(547, 75.39, 0, '2020-01-01', 48),
(548, 29.40, 1, '2020-06-13', 281),
(549, 43.59, 1, '2020-02-21', 636),
(550, 20.21, 1, '2020-03-29', 23),
(551, 87.47, 0, '2020-06-17', 954),
(552, 12.66, 1, '2020-03-06', 915),
(553, 52.97, 1, '2020-04-05', 495),
(554, 11.21, 0, '2020-01-06', 372),
(555, 31.96, 1, '2020-03-20', 735),
(556, 23.60, 0, '2020-04-25', 989),
(557, 18.13, 1, '2020-01-25', 61),
(558, 49.29, 1, '2020-05-05', 55),
(559, 37.05, 1, '2020-01-07', 11),
(560, 51.59, 0, '2020-05-06', 698),
(561, 85.92, 1, '2020-01-18', 984),
(562, 75.38, 1, '2020-01-03', 124),
(563, 53.30, 1, '2020-04-08', 31),
(564, 32.03, 1, '2020-03-04', 729),
(565, 71.30, 1, '2020-04-13', 435),
(566, 48.44, 1, '2020-05-12', 45),
(567, 93.38, 0, '2020-05-11', 518),
(568, 67.27, 1, '2020-01-07', 21),
(569, 18.78, 1, '2020-04-10', 867),
(570, 92.95, 1, '2020-03-18', 285),
(571, 26.89, 1, '2020-03-26', 246),
(572, 32.58, 0, '2020-02-21', 127),
(573, 20.91, 1, '2020-04-16', 987),
(574, 74.62, 1, '2020-06-16', 268),
(575, 10.38, 0, '2020-03-03', 342),
(576, 20.37, 0, '2020-06-05', 616),
(577, 55.20, 1, '2020-06-19', 862),
(578, 31.93, 1, '2020-01-10', 165),
(579, 82.29, 1, '2020-02-02', 478),
(580, 72.20, 0, '2020-03-10', 963),
(581, 99.00, 1, '2020-04-16', 986),
(582, 93.37, 1, '2020-06-19', 856),
(583, 33.15, 1, '2020-01-07', 700),
(584, 91.21, 1, '2020-04-17', 222),
(585, 35.33, 1, '2020-05-09', 411),
(586, 72.06, 1, '2020-03-30', 784),
(587, 10.85, 1, '2020-01-26', 172),
(588, 58.60, 1, '2020-01-11', 705),
(589, 59.90, 1, '2020-01-02', 307),
(590, 73.97, 1, '2020-03-21', 57),
(591, 61.30, 1, '2020-02-17', 928),
(592, 60.78, 1, '2020-03-22', 847),
(593, 82.80, 1, '2020-03-15', 212),
(594, 28.56, 1, '2020-05-22', 661),
(595, 93.72, 1, '2020-02-16', 293),
(596, 31.59, 1, '2020-05-16', 278),
(597, 81.67, 0, '2020-05-04', 967),
(598, 46.27, 1, '2020-03-15', 273),
(599, 90.62, 1, '2020-05-18', 825),
(600, 24.82, 1, '2020-06-03', 315),
(601, 50.55, 1, '2020-02-27', 528),
(602, 73.79, 1, '2020-01-10', 812),
(603, 49.98, 0, '2020-05-06', 169),
(604, 20.12, 1, '2020-02-20', 228),
(605, 72.45, 1, '2020-04-05', 793),
(606, 72.66, 1, '2020-01-24', 584),
(607, 86.88, 1, '2020-01-06', 930),
(608, 34.99, 1, '2020-01-17', 335),
(609, 54.90, 1, '2020-05-08', 813),
(610, 45.25, 1, '2020-03-26', 844),
(611, 92.01, 1, '2020-02-18', 512),
(612, 33.33, 1, '2020-03-10', 560),
(613, 14.50, 1, '2020-03-25', 209),
(614, 12.31, 1, '2020-05-31', 731),
(615, 16.55, 1, '2020-03-10', 779),
(616, 72.19, 1, '2020-03-28', 543),
(617, 68.16, 1, '2020-03-03', 765),
(618, 96.37, 1, '2020-03-23', 39),
(619, 19.48, 1, '2020-01-29', 493),
(620, 13.62, 1, '2020-05-23', 485),
(621, 77.40, 1, '2020-06-08', 16),
(622, 82.44, 1, '2020-03-12', 919),
(623, 43.74, 1, '2020-05-12', 209),
(624, 39.64, 1, '2020-06-07', 491),
(625, 62.84, 1, '2020-01-03', 758),
(626, 59.01, 1, '2020-03-23', 409),
(627, 69.73, 1, '2020-04-15', 276),
(628, 93.91, 1, '2020-04-09', 855),
(629, 14.24, 0, '2020-02-04', 36),
(630, 49.60, 1, '2020-03-27', 820),
(631, 10.19, 0, '2020-03-13', 254),
(632, 29.66, 1, '2020-03-27', 965),
(633, 43.54, 1, '2020-01-13', 22),
(634, 59.82, 0, '2020-01-03', 315),
(635, 32.58, 1, '2020-02-16', 698),
(636, 78.31, 1, '2020-05-21', 435),
(637, 11.30, 1, '2020-02-05', 277),
(638, 10.74, 1, '2020-03-15', 733),
(639, 21.62, 1, '2020-01-14', 512),
(640, 22.02, 1, '2020-01-06', 685),
(641, 12.10, 1, '2020-02-15', 932),
(642, 47.13, 1, '2020-02-05', 320),
(643, 81.49, 1, '2020-01-25', 265),
(644, 15.72, 0, '2020-05-15', 476),
(645, 51.71, 1, '2020-05-13', 137),
(646, 84.61, 1, '2020-06-06', 666),
(647, 41.82, 1, '2020-01-30', 568),
(648, 94.71, 1, '2020-05-21', 618),
(649, 10.86, 1, '2020-01-16', 517),
(650, 48.79, 1, '2020-05-14', 836),
(651, 54.76, 1, '2020-01-27', 699),
(652, 57.21, 1, '2020-01-05', 751),
(653, 81.60, 0, '2020-02-29', 876),
(654, 92.98, 1, '2020-05-05', 22),
(655, 37.34, 1, '2020-01-18', 565),
(656, 55.04, 1, '2020-06-09', 915),
(657, 80.04, 0, '2020-05-08', 437),
(658, 68.43, 1, '2020-03-24', 431),
(659, 61.47, 1, '2020-02-05', 126),
(660, 33.06, 1, '2020-03-17', 912),
(661, 64.23, 1, '2020-03-22', 152),
(662, 78.10, 1, '2020-06-04', 617),
(663, 37.08, 1, '2020-03-20', 998),
(664, 16.64, 1, '2020-04-26', 920),
(665, 96.44, 1, '2020-02-25', 161),
(666, 55.15, 1, '2020-01-11', 72),
(667, 87.70, 1, '2020-04-11', 694),
(668, 58.93, 1, '2020-01-31', 641),
(669, 58.33, 1, '2020-05-02', 869),
(670, 66.86, 1, '2020-01-04', 389),
(671, 81.39, 0, '2020-02-16', 560),
(672, 75.68, 1, '2020-01-01', 188),
(673, 35.08, 1, '2020-02-03', 610),
(674, 31.81, 1, '2020-05-29', 304),
(675, 48.49, 1, '2020-02-04', 787),
(676, 39.39, 1, '2020-03-25', 374),
(677, 19.37, 1, '2020-05-12', 112),
(678, 28.51, 1, '2020-05-02', 376),
(679, 50.48, 1, '2020-04-02', 43),
(680, 83.39, 1, '2020-03-18', 434),
(681, 86.95, 1, '2020-04-17', 29),
(682, 95.11, 0, '2020-03-11', 700),
(683, 59.00, 1, '2020-01-10', 918),
(684, 38.41, 1, '2020-05-03', 483),
(685, 55.08, 1, '2020-03-21', 618),
(686, 45.81, 1, '2020-04-22', 526),
(687, 53.82, 1, '2020-02-03', 179),
(688, 76.52, 1, '2020-03-12', 254),
(689, 65.10, 1, '2020-05-12', 773),
(690, 78.17, 1, '2020-02-08', 633),
(691, 22.47, 1, '2020-06-02', 155),
(692, 74.37, 1, '2020-03-01', 384),
(693, 46.49, 0, '2020-01-21', 891),
(694, 44.19, 1, '2020-05-21', 524),
(695, 52.10, 1, '2020-03-28', 41),
(696, 98.16, 1, '2020-05-24', 370),
(697, 18.49, 1, '2020-03-13', 321),
(698, 20.55, 0, '2020-01-09', 141),
(699, 23.52, 1, '2020-03-12', 176),
(700, 26.13, 1, '2020-02-29', 774),
(701, 46.68, 1, '2020-02-25', 914),
(702, 25.36, 0, '2020-03-28', 612),
(703, 86.39, 1, '2020-05-08', 612),
(704, 46.00, 1, '2020-03-30', 121),
(705, 66.24, 1, '2020-01-08', 354),
(706, 64.10, 1, '2020-04-16', 421),
(707, 72.31, 1, '2020-05-24', 730),
(708, 72.60, 1, '2020-02-01', 207),
(709, 98.11, 0, '2020-04-20', 387),
(710, 30.99, 1, '2020-04-01', 184),
(711, 85.25, 1, '2020-04-19', 96),
(712, 88.66, 1, '2020-05-10', 411),
(713, 90.53, 1, '2020-02-03', 810),
(714, 18.86, 1, '2020-01-02', 899),
(715, 14.58, 1, '2020-01-07', 391),
(716, 46.55, 1, '2020-02-27', 753),
(717, 47.45, 1, '2020-01-06', 276),
(718, 91.66, 1, '2020-01-02', 342),
(719, 67.63, 1, '2020-04-08', 405),
(720, 61.25, 1, '2020-01-01', 537),
(721, 77.42, 1, '2020-03-23', 703),
(722, 57.48, 1, '2020-03-13', 859),
(723, 50.20, 0, '2020-05-10', 190),
(724, 14.82, 1, '2020-01-09', 535),
(725, 71.95, 1, '2020-04-13', 905),
(726, 32.38, 1, '2020-04-29', 679),
(727, 20.99, 1, '2020-03-18', 190),
(728, 20.41, 1, '2020-04-13', 175),
(729, 57.69, 1, '2020-03-17', 834),
(730, 36.73, 1, '2020-05-12', 454),
(731, 92.07, 1, '2020-03-01', 140),
(732, 95.74, 1, '2020-04-29', 407),
(733, 36.95, 0, '2020-06-10', 93),
(734, 36.82, 1, '2020-01-04', 919),
(735, 61.54, 0, '2020-06-01', 824),
(736, 30.15, 1, '2020-05-26', 153),
(737, 84.01, 1, '2020-04-05', 165),
(738, 59.92, 1, '2020-03-29', 3),
(739, 29.66, 1, '2020-03-21', 850),
(740, 47.52, 1, '2020-03-22', 545),
(741, 14.63, 0, '2020-05-06', 211),
(742, 37.86, 0, '2020-04-14', 656),
(743, 33.04, 1, '2020-03-21', 334),
(744, 12.67, 1, '2020-05-04', 363),
(745, 55.87, 1, '2020-03-19', 891),
(746, 38.80, 1, '2020-03-14', 97),
(747, 39.19, 1, '2020-01-28', 575),
(748, 81.94, 0, '2020-03-16', 647),
(749, 44.79, 1, '2020-04-03', 293),
(750, 64.42, 1, '2020-03-08', 891),
(751, 39.18, 1, '2020-01-30', 465),
(752, 58.11, 1, '2020-04-04', 859),
(753, 36.82, 1, '2020-01-05', 314),
(754, 29.40, 1, '2020-03-08', 94),
(755, 66.94, 1, '2020-02-02', 494),
(756, 85.11, 1, '2020-02-16', 491),
(757, 23.96, 0, '2020-02-28', 184),
(758, 69.73, 1, '2020-02-23', 429),
(759, 93.97, 1, '2020-02-06', 572),
(760, 83.83, 1, '2020-04-02', 620),
(761, 79.88, 1, '2020-03-26', 782),
(762, 51.67, 1, '2020-01-09', 18),
(763, 25.45, 1, '2020-01-09', 16),
(764, 37.20, 1, '2020-03-22', 35),
(765, 23.96, 1, '2020-06-01', 568),
(766, 86.80, 1, '2020-06-13', 730),
(767, 19.18, 1, '2020-01-08', 890),
(768, 36.67, 0, '2020-05-25', 858),
(769, 83.18, 1, '2020-05-07', 392),
(770, 93.79, 0, '2020-01-05', 114),
(771, 23.96, 1, '2020-03-22', 400),
(772, 45.05, 1, '2020-04-29', 251),
(773, 63.49, 1, '2020-02-26', 595),
(774, 81.87, 1, '2020-03-28', 118),
(775, 52.74, 1, '2020-04-04', 86),
(776, 44.42, 1, '2020-02-23', 595),
(777, 68.24, 0, '2020-05-29', 736),
(778, 71.18, 1, '2020-05-22', 474),
(779, 17.61, 1, '2020-03-31', 18),
(780, 79.62, 1, '2020-03-24', 933),
(781, 78.22, 1, '2020-01-19', 857),
(782, 95.60, 1, '2020-04-26', 420),
(783, 98.74, 1, '2020-02-13', 210),
(784, 89.37, 1, '2020-02-08', 972),
(785, 40.61, 1, '2020-03-26', 993),
(786, 65.05, 1, '2020-05-31', 123),
(787, 66.87, 1, '2020-02-17', 296),
(788, 37.81, 1, '2020-01-30', 405),
(789, 60.46, 1, '2020-01-01', 100),
(790, 47.44, 1, '2020-03-17', 875),
(791, 77.87, 1, '2020-02-05', 408),
(792, 21.28, 1, '2020-02-13', 230),
(793, 93.71, 1, '2020-01-23', 721),
(794, 23.74, 1, '2020-05-15', 627),
(795, 27.92, 0, '2020-01-20', 847),
(796, 48.71, 1, '2020-05-13', 541),
(797, 75.62, 1, '2020-04-16', 949),
(798, 58.13, 1, '2020-04-26', 101),
(799, 12.84, 1, '2020-04-18', 293),
(800, 35.14, 1, '2020-01-05', 478),
(801, 89.97, 1, '2020-05-17', 315),
(802, 80.11, 1, '2020-04-04', 859),
(803, 75.20, 1, '2020-04-02', 261),
(804, 26.92, 1, '2020-06-11', 22),
(805, 72.79, 0, '2020-03-13', 884),
(806, 88.35, 1, '2020-01-11', 935),
(807, 95.20, 1, '2020-01-23', 152),
(808, 52.35, 1, '2020-02-01', 822),
(809, 35.30, 0, '2020-01-09', 52),
(810, 95.41, 1, '2020-05-24', 804),
(811, 71.63, 1, '2020-05-20', 722),
(812, 42.94, 1, '2020-01-26', 523),
(813, 94.55, 1, '2020-02-03', 731),
(814, 43.70, 1, '2020-03-01', 280),
(815, 93.03, 1, '2020-01-07', 721),
(816, 42.93, 0, '2020-01-07', 941),
(817, 45.83, 1, '2020-03-17', 51),
(818, 10.22, 1, '2020-01-25', 704),
(819, 78.36, 1, '2020-06-07', 707),
(820, 98.94, 1, '2020-02-29', 225),
(821, 73.83, 1, '2020-04-04', 983),
(822, 54.72, 1, '2020-04-14', 858),
(823, 86.35, 1, '2020-01-08', 518),
(824, 79.14, 0, '2020-05-31', 971),
(825, 87.51, 1, '2020-01-04', 120),
(826, 76.62, 0, '2020-03-29', 901),
(827, 89.20, 0, '2020-06-21', 704),
(828, 30.83, 1, '2020-01-15', 438),
(829, 15.43, 1, '2020-06-01', 278),
(830, 98.58, 0, '2020-03-03', 193),
(831, 83.93, 1, '2020-06-21', 647),
(832, 37.18, 1, '2020-04-13', 754),
(833, 87.35, 1, '2020-06-10', 231),
(834, 92.78, 1, '2020-02-26', 574),
(835, 99.00, 1, '2020-03-28', 34),
(836, 51.36, 1, '2020-03-14', 498),
(837, 45.54, 1, '2020-01-05', 494),
(838, 72.05, 1, '2020-02-24', 369),
(839, 46.26, 1, '2020-04-02', 86),
(840, 11.93, 1, '2020-01-10', 371),
(841, 78.26, 1, '2020-01-09', 105),
(842, 53.11, 1, '2020-04-18', 834),
(843, 48.93, 1, '2020-03-11', 976),
(844, 53.45, 1, '2020-01-08', 821),
(845, 90.78, 1, '2020-05-13', 740),
(846, 49.13, 1, '2020-01-08', 791),
(847, 53.20, 1, '2020-04-02', 537),
(848, 48.63, 1, '2020-01-05', 643),
(849, 65.88, 0, '2020-04-28', 287),
(850, 58.39, 0, '2020-03-01', 324),
(851, 71.75, 1, '2020-01-26', 545),
(852, 71.15, 1, '2020-01-29', 722),
(853, 52.33, 1, '2020-02-18', 287),
(854, 55.06, 1, '2020-04-15', 730),
(855, 31.97, 1, '2020-05-07', 601),
(856, 49.77, 1, '2020-04-23', 207),
(857, 39.22, 1, '2020-03-31', 5),
(858, 76.20, 1, '2020-05-08', 45),
(859, 56.30, 1, '2020-01-09', 120),
(860, 26.08, 1, '2020-03-16', 965),
(861, 17.69, 1, '2020-01-08', 325),
(862, 39.07, 1, '2020-03-10', 228),
(863, 50.63, 0, '2020-05-21', 895),
(864, 72.75, 0, '2020-06-07', 108),
(865, 89.82, 1, '2020-04-17', 327),
(866, 94.47, 0, '2020-01-02', 755),
(867, 63.82, 1, '2020-06-06', 778),
(868, 14.05, 1, '2020-06-12', 171),
(869, 82.48, 1, '2020-03-10', 639),
(870, 36.97, 1, '2020-03-22', 764),
(871, 12.36, 0, '2020-01-13', 965),
(872, 30.94, 1, '2020-03-15', 211),
(873, 90.55, 0, '2020-03-31', 535),
(874, 22.41, 1, '2020-01-02', 218),
(875, 95.53, 1, '2020-01-07', 246),
(876, 66.64, 1, '2020-01-24', 358),
(877, 21.34, 0, '2020-03-26', 591),
(878, 82.80, 1, '2020-02-24', 401),
(879, 57.87, 1, '2020-02-11', 36),
(880, 25.54, 1, '2020-01-14', 582),
(881, 74.81, 1, '2020-01-07', 423),
(882, 88.83, 0, '2020-02-27', 577),
(883, 87.90, 1, '2020-01-11', 417),
(884, 71.42, 1, '2020-02-08', 605),
(885, 59.10, 1, '2020-02-05', 447),
(886, 45.64, 1, '2020-01-29', 84),
(887, 67.53, 0, '2020-03-15', 394),
(888, 49.81, 1, '2020-01-30', 591),
(889, 71.88, 0, '2020-03-20', 362),
(890, 39.22, 1, '2020-01-01', 328),
(891, 11.76, 1, '2020-02-01', 678),
(892, 62.84, 1, '2020-02-14', 105),
(893, 61.91, 1, '2020-01-18', 698),
(894, 72.52, 1, '2020-02-18', 474),
(895, 20.10, 1, '2020-06-12', 609),
(896, 37.95, 1, '2020-02-08', 665),
(897, 96.98, 1, '2020-06-01', 353),
(898, 28.61, 1, '2020-02-28', 838),
(899, 84.30, 1, '2020-03-12', 787),
(900, 76.73, 1, '2020-01-05', 444),
(901, 63.71, 1, '2020-02-01', 288),
(902, 81.45, 1, '2020-02-07', 751),
(903, 65.26, 1, '2020-03-30', 798),
(904, 49.22, 1, '2020-03-01', 634),
(905, 59.96, 1, '2020-04-10', 31),
(906, 21.47, 1, '2020-05-23', 54),
(907, 66.13, 1, '2020-01-03', 289),
(908, 13.33, 1, '2020-06-07', 69),
(909, 46.33, 1, '2020-05-12', 536),
(910, 33.08, 1, '2020-04-05', 368),
(911, 76.43, 1, '2020-05-08', 503),
(912, 10.35, 0, '2020-01-30', 577),
(913, 33.38, 1, '2020-03-31', 998),
(914, 78.28, 1, '2020-01-30', 299),
(915, 64.68, 1, '2020-05-21', 726),
(916, 26.53, 1, '2020-04-28', 193),
(917, 79.80, 1, '2020-06-18', 757),
(918, 84.17, 1, '2020-03-05', 505),
(919, 18.86, 1, '2020-03-17', 991),
(920, 42.45, 1, '2020-03-12', 1),
(921, 95.32, 1, '2020-03-24', 274),
(922, 91.73, 1, '2020-02-24', 835),
(923, 94.71, 1, '2020-02-23', 70),
(924, 95.74, 1, '2020-02-14', 394),
(925, 90.35, 0, '2020-02-03', 812),
(926, 49.02, 1, '2020-03-27', 788),
(927, 81.82, 1, '2020-05-21', 526),
(928, 16.20, 1, '2020-01-10', 259),
(929, 36.22, 1, '2020-03-09', 58),
(930, 68.93, 1, '2020-01-05', 304),
(931, 44.58, 1, '2020-05-22', 994),
(932, 86.32, 1, '2020-04-13', 663),
(933, 56.47, 1, '2020-03-15', 620),
(934, 48.27, 1, '2020-05-05', 152),
(935, 22.47, 1, '2020-02-24', 645),
(936, 64.86, 1, '2020-05-21', 258),
(937, 53.39, 1, '2020-02-14', 56),
(938, 32.37, 1, '2020-06-19', 571),
(939, 11.36, 1, '2020-05-20', 884),
(940, 62.43, 1, '2020-03-31', 14),
(941, 32.74, 1, '2020-02-01', 382),
(942, 71.17, 1, '2020-02-01', 270),
(943, 57.94, 1, '2020-04-19', 507),
(944, 44.55, 1, '2020-01-07', 398),
(945, 82.84, 1, '2020-06-12', 774),
(946, 14.87, 1, '2020-04-15', 567),
(947, 64.45, 1, '2020-05-02', 31),
(948, 38.33, 1, '2020-04-11', 395),
(949, 25.04, 1, '2020-04-01', 915),
(950, 33.35, 1, '2020-03-07', 966),
(951, 23.63, 1, '2020-01-09', 431),
(952, 44.01, 1, '2020-04-17', 531),
(953, 63.26, 1, '2020-04-06', 936),
(954, 39.46, 1, '2020-02-09', 789),
(955, 86.77, 1, '2020-03-03', 368),
(956, 74.01, 1, '2020-01-07', 502),
(957, 74.32, 1, '2020-03-03', 237),
(958, 99.00, 0, '2020-01-26', 556),
(959, 30.50, 1, '2020-04-27', 298),
(960, 36.10, 1, '2020-01-03', 813),
(961, 11.99, 1, '2020-01-14', 54),
(962, 11.75, 1, '2020-04-23', 452),
(963, 23.96, 1, '2020-01-02', 86),
(964, 92.08, 0, '2020-01-29', 290),
(965, 49.79, 1, '2020-05-11', 826),
(966, 45.09, 1, '2020-04-05', 84),
(967, 14.55, 1, '2020-02-01', 851),
(968, 94.45, 1, '2020-02-08', 363),
(969, 79.62, 1, '2020-06-13', 673),
(970, 73.39, 1, '2020-06-09', 482),
(971, 47.04, 1, '2020-03-05', 922),
(972, 26.15, 1, '2020-02-14', 100),
(973, 24.08, 1, '2020-06-05', 384),
(974, 28.46, 1, '2020-03-13', 866),
(975, 25.41, 1, '2020-01-08', 704),
(976, 65.16, 1, '2020-05-02', 789),
(977, 90.21, 1, '2020-01-07', 921),
(978, 91.66, 1, '2020-06-01', 353),
(979, 52.13, 1, '2020-01-30', 441),
(980, 96.43, 1, '2020-06-18', 35),
(981, 32.41, 0, '2020-03-22', 875),
(982, 27.55, 1, '2020-02-18', 620),
(983, 70.07, 1, '2020-03-31', 230),
(984, 97.81, 1, '2020-01-09', 386),
(985, 38.87, 1, '2020-03-07', 784),
(986, 44.57, 1, '2020-03-06', 877),
(987, 41.15, 1, '2020-04-14', 804),
(988, 19.88, 1, '2020-04-22', 583),
(989, 42.38, 1, '2020-03-22', 657),
(990, 61.22, 0, '2020-01-29', 941),
(991, 94.49, 1, '2020-01-04', 859),
(992, 54.46, 1, '2020-04-12', 788),
(993, 78.95, 0, '2020-03-09', 217),
(994, 38.96, 1, '2020-04-25', 998),
(995, 42.77, 1, '2020-02-13', 35),
(996, 89.19, 1, '2020-03-12', 870),
(997, 35.95, 0, '2020-02-06', 582),
(998, 72.09, 1, '2020-01-03', 196),
(999, 59.95, 1, '2020-03-03', 857),
(1000, 95.99, 1, '2020-03-07', 1);

-- 
-- Dumping data for table alojamientos
--
INSERT INTO alojamientos VALUES
(1, 479, 82),
(2, 974, 573),
(3, 426, 791),
(4, 952, 171),
(5, 413, 632),
(6, 359, 449),
(7, 681, 68),
(8, 250, 190),
(9, 906, 703),
(10, 96, 422),
(11, 433, 478),
(12, 90, 301),
(13, 519, 244),
(14, 444, 256),
(15, 864, 81),
(16, 25, 97),
(17, 70, 150),
(18, 136, 242),
(19, 366, 598),
(20, 416, 311),
(21, 504, 934),
(22, 829, 574),
(23, 583, 6),
(24, 910, 158),
(25, 80, 866),
(26, 388, 318),
(27, 734, 811),
(28, 109, 222),
(29, 463, 290),
(30, 457, 38),
(31, 923, 233),
(32, 530, 174),
(33, 525, 458),
(34, 696, 152),
(35, 791, 549),
(36, 690, 95),
(37, 915, 454),
(38, 422, 162),
(39, 554, 349),
(40, 3, 766),
(41, 673, 462),
(42, 779, 430),
(43, 682, 424),
(44, 372, 211),
(45, 809, 437),
(46, 834, 322),
(47, 782, 245),
(48, 56, 56),
(49, 122, 896),
(50, 79, 239),
(51, 263, 192),
(52, 482, 788),
(53, 121, 163),
(54, 443, 374),
(55, 735, 972),
(56, 780, 513),
(57, 655, 365),
(58, 851, 704),
(59, 267, 107),
(60, 818, 653),
(61, 921, 487),
(62, 816, 286),
(63, 249, 108),
(64, 369, 713),
(65, 321, 91),
(66, 728, 987),
(67, 335, 86),
(68, 789, 310),
(69, 37, 998),
(70, 973, 708),
(71, 773, 422),
(72, 357, 295),
(73, 794, 350),
(74, 492, 253),
(75, 270, 229),
(76, 951, 744),
(77, 291, 858),
(78, 967, 308),
(79, 180, 140),
(80, 24, 126),
(81, 12, 356),
(82, 514, 824),
(83, 383, 339),
(84, 399, 998),
(85, 604, 971),
(86, 128, 951),
(87, 768, 632),
(88, 804, 746),
(89, 844, 682),
(90, 733, 358),
(91, 674, 648),
(92, 984, 777),
(93, 699, 31),
(94, 242, 696),
(95, 94, 452),
(96, 616, 862),
(97, 755, 552),
(98, 843, 753),
(99, 555, 993),
(100, 354, 244),
(101, 421, 491),
(102, 739, 300),
(103, 479, 955),
(104, 476, 542),
(105, 136, 894),
(106, 445, 581),
(107, 348, 237),
(108, 718, 304),
(109, 777, 786),
(110, 467, 102),
(111, 945, 877),
(112, 416, 269),
(113, 171, 254),
(114, 56, 86),
(115, 271, 863),
(116, 344, 726),
(117, 371, 225),
(118, 499, 101),
(119, 711, 963),
(120, 722, 241),
(121, 284, 890),
(122, 586, 163),
(123, 907, 441),
(124, 281, 184),
(125, 325, 322),
(126, 627, 310),
(127, 253, 516),
(128, 704, 876),
(129, 822, 674),
(130, 31, 139),
(131, 700, 821),
(132, 395, 259),
(133, 552, 194),
(134, 620, 46),
(135, 43, 795),
(136, 203, 445),
(137, 51, 488),
(138, 45, 855),
(139, 263, 810),
(140, 438, 921),
(141, 494, 87),
(142, 484, 296),
(143, 199, 771),
(144, 660, 919),
(145, 618, 349),
(146, 203, 744),
(147, 564, 251),
(148, 75, 283),
(149, 30, 702),
(150, 708, 377),
(151, 64, 511),
(152, 530, 856),
(153, 436, 606),
(154, 833, 669),
(155, 293, 881),
(156, 730, 261),
(157, 233, 609),
(158, 728, 253),
(159, 894, 795),
(160, 412, 541),
(161, 628, 713),
(162, 986, 67),
(163, 135, 815),
(164, 286, 396),
(165, 972, 51),
(166, 915, 504),
(167, 285, 822),
(168, 631, 486),
(169, 481, 533),
(170, 715, 808),
(171, 905, 172),
(172, 88, 723),
(173, 451, 323),
(174, 213, 5),
(175, 418, 784),
(176, 420, 24),
(177, 841, 483),
(178, 211, 894),
(179, 580, 315),
(180, 145, 253),
(181, 467, 288),
(182, 788, 159),
(183, 352, 55),
(184, 871, 582),
(185, 110, 596),
(186, 311, 218),
(187, 210, 844),
(188, 849, 501),
(189, 180, 686),
(190, 469, 654),
(191, 743, 82),
(192, 870, 125),
(193, 64, 685),
(194, 176, 766),
(195, 776, 50),
(196, 630, 24),
(197, 863, 450),
(198, 741, 351),
(199, 525, 507),
(200, 157, 983),
(201, 787, 909),
(202, 407, 794),
(203, 449, 990),
(204, 261, 837),
(205, 892, 225),
(206, 313, 118),
(207, 864, 83),
(208, 78, 424),
(209, 876, 179),
(210, 350, 182),
(211, 728, 832),
(212, 448, 893),
(213, 779, 868),
(214, 517, 455),
(215, 72, 60),
(216, 278, 825),
(217, 976, 279),
(218, 898, 213),
(219, 325, 311),
(220, 835, 764),
(221, 890, 2),
(222, 867, 831),
(223, 446, 494),
(224, 787, 51),
(225, 796, 79),
(226, 256, 630),
(227, 858, 488),
(228, 646, 346),
(229, 663, 890),
(230, 653, 697),
(231, 489, 17),
(232, 356, 278),
(233, 277, 535),
(234, 223, 954),
(235, 692, 557),
(236, 717, 446),
(237, 231, 888),
(238, 743, 665),
(239, 84, 445),
(240, 270, 820),
(241, 868, 967),
(242, 40, 71),
(243, 484, 744),
(244, 738, 505),
(245, 322, 281),
(246, 837, 703),
(247, 975, 924),
(248, 930, 691),
(249, 23, 874),
(250, 258, 769),
(251, 702, 822),
(252, 888, 215),
(253, 526, 553),
(254, 849, 661),
(255, 31, 727),
(256, 524, 763),
(257, 192, 814),
(258, 660, 122),
(259, 463, 880),
(260, 801, 525),
(261, 58, 83),
(262, 15, 714),
(263, 96, 880),
(264, 211, 775),
(265, 973, 460),
(266, 963, 881),
(267, 784, 441),
(268, 199, 564),
(269, 407, 151),
(270, 893, 459),
(271, 446, 758),
(272, 589, 521),
(273, 403, 313),
(274, 142, 475),
(275, 159, 759),
(276, 349, 969),
(277, 633, 947),
(278, 385, 417),
(279, 411, 667),
(280, 11, 583),
(281, 902, 509),
(282, 233, 182),
(283, 575, 968),
(284, 677, 932),
(285, 820, 814),
(286, 195, 625),
(287, 344, 199),
(288, 960, 43),
(289, 684, 304),
(290, 292, 140),
(291, 94, 491),
(292, 750, 406),
(293, 194, 663),
(294, 958, 610),
(295, 24, 996),
(296, 250, 215),
(297, 189, 841),
(298, 610, 863),
(299, 317, 339),
(300, 792, 513),
(301, 967, 277),
(302, 495, 544),
(303, 490, 313),
(304, 195, 837),
(305, 358, 166),
(306, 511, 883),
(307, 594, 840),
(308, 442, 418),
(309, 388, 284),
(310, 15, 677),
(311, 912, 75),
(312, 212, 328),
(313, 675, 279),
(314, 784, 976),
(315, 575, 89),
(316, 358, 872),
(317, 131, 737),
(318, 79, 684),
(319, 167, 405),
(320, 381, 778),
(321, 189, 68),
(322, 272, 687),
(323, 912, 877),
(324, 384, 145),
(325, 547, 21),
(326, 633, 414),
(327, 740, 66),
(328, 433, 311),
(329, 467, 930),
(330, 692, 593),
(331, 421, 970),
(332, 353, 336),
(333, 315, 114),
(334, 580, 495),
(335, 640, 140),
(336, 842, 387),
(337, 857, 715),
(338, 407, 475),
(339, 534, 519),
(340, 19, 785),
(341, 848, 534),
(342, 668, 304),
(343, 236, 356),
(344, 527, 201),
(345, 525, 730),
(346, 194, 266),
(347, 94, 181),
(348, 819, 789),
(349, 789, 748),
(350, 345, 23),
(351, 448, 907),
(352, 457, 97),
(353, 503, 362),
(354, 681, 641),
(355, 331, 131),
(356, 282, 534),
(357, 269, 942),
(358, 134, 779),
(359, 98, 777),
(360, 655, 880),
(361, 896, 991),
(362, 478, 245),
(363, 835, 95),
(364, 179, 394),
(365, 412, 301),
(366, 753, 560),
(367, 62, 987),
(368, 991, 418),
(369, 681, 437),
(370, 702, 978),
(371, 935, 504),
(372, 750, 368),
(373, 133, 843),
(374, 982, 708),
(375, 192, 680),
(376, 772, 14),
(377, 584, 507),
(378, 171, 573),
(379, 859, 335),
(380, 417, 205),
(381, 463, 971),
(382, 532, 616),
(383, 632, 313),
(384, 732, 845),
(385, 846, 199),
(386, 835, 130),
(387, 439, 551),
(388, 438, 865),
(389, 862, 839),
(390, 982, 92),
(391, 332, 128),
(392, 56, 537),
(393, 890, 888),
(394, 444, 83),
(395, 685, 212),
(396, 860, 806),
(397, 260, 802),
(398, 247, 809),
(399, 667, 923),
(400, 210, 8),
(401, 288, 356),
(402, 1, 333),
(403, 979, 808),
(404, 677, 534),
(405, 329, 890),
(406, 235, 780),
(407, 747, 906),
(408, 374, 338),
(409, 767, 118),
(410, 275, 379),
(411, 840, 906),
(412, 870, 552),
(413, 91, 376),
(414, 423, 853),
(415, 503, 4),
(416, 995, 194),
(417, 655, 468),
(418, 651, 241),
(419, 477, 620),
(420, 148, 17),
(421, 178, 794),
(422, 948, 333),
(423, 430, 569),
(424, 464, 73),
(425, 714, 85),
(426, 713, 455),
(427, 153, 509),
(428, 815, 294),
(429, 588, 423),
(430, 47, 609),
(431, 174, 213),
(432, 120, 405),
(433, 798, 14),
(434, 502, 269),
(435, 954, 1),
(436, 125, 946),
(437, 73, 573),
(438, 963, 454),
(439, 575, 976),
(440, 465, 389),
(441, 931, 678),
(442, 310, 687),
(443, 358, 285),
(444, 14, 544),
(445, 532, 348),
(446, 649, 901),
(447, 557, 90),
(448, 997, 375),
(449, 798, 924),
(450, 867, 720),
(451, 48, 554),
(452, 690, 947),
(453, 625, 128),
(454, 698, 758),
(455, 566, 971),
(456, 55, 410),
(457, 6, 96),
(458, 935, 962),
(459, 838, 381),
(460, 155, 615),
(461, 704, 99),
(462, 34, 648),
(463, 34, 70),
(464, 261, 569),
(465, 94, 311),
(466, 733, 906),
(467, 911, 927),
(468, 748, 822),
(469, 906, 471),
(470, 681, 102),
(471, 562, 16),
(472, 30, 574),
(473, 921, 796),
(474, 491, 973),
(475, 759, 588),
(476, 134, 224),
(477, 866, 326),
(478, 914, 249),
(479, 267, 752),
(480, 162, 630),
(481, 827, 606),
(482, 859, 777),
(483, 583, 268),
(484, 752, 610),
(485, 939, 332),
(486, 943, 229),
(487, 409, 488),
(488, 77, 63),
(489, 467, 238),
(490, 767, 189),
(491, 206, 594),
(492, 719, 311),
(493, 971, 807),
(494, 136, 656),
(495, 170, 92),
(496, 549, 266),
(497, 174, 770),
(498, 924, 403),
(499, 48, 199),
(500, 775, 105),
(501, 440, 812),
(502, 44, 194),
(503, 144, 556),
(504, 165, 359),
(505, 182, 707),
(506, 470, 109),
(507, 625, 648),
(508, 734, 875),
(509, 285, 676),
(510, 145, 949),
(511, 466, 364),
(512, 516, 47),
(513, 239, 613),
(514, 794, 471),
(515, 603, 371),
(516, 319, 234),
(517, 386, 928),
(518, 356, 159),
(519, 795, 869),
(520, 171, 467),
(521, 666, 77),
(522, 554, 45),
(523, 124, 696),
(524, 540, 287),
(525, 964, 763),
(526, 852, 804),
(527, 539, 801),
(528, 58, 674),
(529, 231, 838),
(530, 427, 608),
(531, 861, 419),
(532, 210, 566),
(533, 863, 639),
(534, 786, 813),
(535, 558, 531),
(536, 865, 428),
(537, 820, 183),
(538, 308, 509),
(539, 636, 886),
(540, 168, 497),
(541, 423, 78),
(542, 110, 543),
(543, 220, 176),
(544, 573, 901),
(545, 887, 556),
(546, 558, 17),
(547, 567, 805),
(548, 914, 874),
(549, 966, 789),
(550, 694, 267),
(551, 101, 651),
(552, 350, 155),
(553, 465, 807),
(554, 297, 614),
(555, 200, 237),
(556, 290, 529),
(557, 987, 749),
(558, 533, 636),
(559, 613, 243),
(560, 310, 700),
(561, 647, 119),
(562, 552, 975),
(563, 563, 70),
(564, 892, 483),
(565, 216, 364),
(566, 777, 738),
(567, 527, 428),
(568, 148, 563),
(569, 810, 832),
(570, 372, 616),
(571, 587, 148),
(572, 83, 49),
(573, 186, 582),
(574, 477, 493),
(575, 23, 308),
(576, 4, 740),
(577, 970, 524),
(578, 340, 289),
(579, 634, 677),
(580, 601, 486),
(581, 882, 749),
(582, 719, 971),
(583, 818, 143),
(584, 323, 366),
(585, 263, 235),
(586, 48, 435),
(587, 186, 251),
(588, 723, 225),
(589, 312, 982),
(590, 272, 320),
(591, 384, 482),
(592, 143, 564),
(593, 12, 897),
(594, 810, 26),
(595, 787, 779),
(596, 647, 615),
(597, 347, 643),
(598, 721, 289),
(599, 912, 497),
(600, 447, 974),
(601, 174, 801),
(602, 22, 603),
(603, 608, 3),
(604, 510, 519),
(605, 166, 777),
(606, 346, 950),
(607, 914, 89),
(608, 997, 700),
(609, 363, 322),
(610, 537, 214),
(611, 621, 128),
(612, 985, 490),
(613, 530, 285),
(614, 791, 733),
(615, 58, 690),
(616, 989, 209),
(617, 464, 195),
(618, 342, 553),
(619, 853, 174),
(620, 835, 300),
(621, 105, 809),
(622, 877, 26),
(623, 397, 943),
(624, 833, 940),
(625, 728, 12),
(626, 109, 322),
(627, 484, 530),
(628, 176, 19),
(629, 524, 882),
(630, 837, 338),
(631, 562, 492),
(632, 205, 405),
(633, 43, 598),
(634, 894, 278),
(635, 534, 375),
(636, 975, 320),
(637, 345, 754),
(638, 454, 371),
(639, 483, 764),
(640, 813, 586),
(641, 404, 628),
(642, 951, 414),
(643, 770, 310),
(644, 935, 934),
(645, 443, 912),
(646, 504, 834),
(647, 95, 532),
(648, 414, 765),
(649, 959, 273),
(650, 191, 921),
(651, 105, 439),
(652, 574, 772),
(653, 867, 470),
(654, 11, 226),
(655, 92, 804),
(656, 82, 998),
(657, 279, 45),
(658, 150, 318),
(659, 144, 812),
(660, 868, 402),
(661, 828, 673),
(662, 643, 313),
(663, 261, 53),
(664, 728, 145),
(665, 829, 17),
(666, 25, 41),
(667, 485, 525),
(668, 532, 282),
(669, 961, 299),
(670, 185, 972),
(671, 87, 519),
(672, 134, 566),
(673, 91, 883),
(674, 702, 512),
(675, 116, 239),
(676, 782, 356),
(677, 524, 942),
(678, 311, 953),
(679, 933, 865),
(680, 16, 46),
(681, 679, 94),
(682, 906, 416),
(683, 965, 33),
(684, 548, 79),
(685, 978, 119),
(686, 437, 660),
(687, 268, 280),
(688, 979, 730),
(689, 808, 298),
(690, 530, 177),
(691, 801, 306),
(692, 655, 714),
(693, 883, 634),
(694, 835, 348),
(695, 713, 75),
(696, 327, 10),
(697, 549, 327),
(698, 420, 168),
(699, 261, 594),
(700, 405, 207),
(701, 356, 788),
(702, 75, 147),
(703, 778, 48),
(704, 406, 941),
(705, 309, 637),
(706, 981, 117),
(707, 193, 565),
(708, 157, 173),
(709, 718, 809),
(710, 721, 650),
(711, 637, 379),
(712, 951, 392),
(713, 376, 665),
(714, 83, 612),
(715, 482, 27),
(716, 45, 962),
(717, 438, 911),
(718, 982, 480),
(719, 780, 662),
(720, 952, 879),
(721, 864, 702),
(722, 750, 508),
(723, 514, 450),
(724, 933, 729),
(725, 388, 521),
(726, 497, 729),
(727, 332, 208),
(728, 854, 95),
(729, 748, 506),
(730, 161, 906),
(731, 444, 638),
(732, 927, 31),
(733, 770, 156),
(734, 886, 533),
(735, 983, 906),
(736, 808, 473),
(737, 777, 379),
(738, 500, 904),
(739, 653, 220),
(740, 987, 839),
(741, 394, 125),
(742, 411, 116),
(743, 815, 312),
(744, 478, 529),
(745, 471, 692),
(746, 488, 542),
(747, 708, 264),
(748, 224, 755),
(749, 807, 879),
(750, 927, 498),
(751, 30, 169),
(752, 599, 351),
(753, 610, 873),
(754, 581, 797),
(755, 749, 968),
(756, 113, 293),
(757, 354, 710),
(758, 358, 951),
(759, 130, 349),
(760, 56, 306),
(761, 769, 587),
(762, 877, 221),
(763, 286, 981),
(764, 620, 608),
(765, 830, 6),
(766, 939, 894),
(767, 868, 485),
(768, 827, 425),
(769, 936, 721),
(770, 185, 607),
(771, 25, 478),
(772, 443, 682),
(773, 600, 470),
(774, 952, 450),
(775, 923, 413),
(776, 389, 764),
(777, 505, 714),
(778, 864, 5),
(779, 202, 267),
(780, 630, 735),
(781, 577, 912),
(782, 885, 457),
(783, 597, 778),
(784, 378, 136),
(785, 381, 63),
(786, 858, 96),
(787, 604, 249),
(788, 634, 748),
(789, 88, 503),
(790, 395, 289),
(791, 782, 653),
(792, 544, 1),
(793, 857, 35),
(794, 984, 102),
(795, 256, 28),
(796, 478, 174),
(797, 518, 938),
(798, 7, 519),
(799, 400, 611),
(800, 416, 931),
(801, 448, 777),
(802, 628, 203),
(803, 377, 476),
(804, 560, 558),
(805, 506, 529),
(806, 747, 364),
(807, 53, 1000),
(808, 20, 434),
(809, 96, 231),
(810, 658, 279),
(811, 620, 640),
(812, 324, 269),
(813, 939, 99),
(814, 633, 734),
(815, 168, 260),
(816, 920, 574),
(817, 407, 134),
(818, 663, 958),
(819, 438, 153),
(820, 875, 468),
(821, 555, 237),
(822, 815, 242),
(823, 863, 73),
(824, 965, 297),
(825, 320, 348),
(826, 607, 652),
(827, 935, 328),
(828, 987, 390),
(829, 210, 623),
(830, 992, 918),
(831, 973, 814),
(832, 609, 151),
(833, 133, 573),
(834, 747, 502),
(835, 215, 850),
(836, 187, 812),
(837, 413, 779),
(838, 457, 315),
(839, 590, 542),
(840, 788, 668),
(841, 422, 27),
(842, 685, 638),
(843, 44, 550),
(844, 698, 775),
(845, 465, 992),
(846, 647, 835),
(847, 410, 189),
(848, 183, 775),
(849, 927, 756),
(850, 606, 82),
(851, 537, 505),
(852, 593, 343),
(853, 524, 395),
(854, 83, 562),
(855, 582, 116),
(856, 499, 937),
(857, 295, 744),
(858, 282, 281),
(859, 903, 876),
(860, 518, 432),
(861, 511, 608),
(862, 384, 834),
(863, 532, 481),
(864, 758, 554),
(865, 314, 975),
(866, 951, 318),
(867, 544, 284),
(868, 437, 274),
(869, 222, 213),
(870, 574, 142),
(871, 614, 405),
(872, 446, 634),
(873, 84, 171),
(874, 232, 102),
(875, 340, 643),
(876, 51, 203),
(877, 715, 468),
(878, 10, 364),
(879, 590, 452),
(880, 545, 194),
(881, 251, 386),
(882, 909, 856),
(883, 205, 115),
(884, 43, 783),
(885, 291, 82),
(886, 33, 151),
(887, 491, 260),
(888, 978, 754),
(889, 737, 857),
(890, 77, 233),
(891, 291, 360),
(892, 659, 521),
(893, 21, 921),
(894, 690, 86),
(895, 214, 606),
(896, 541, 602),
(897, 303, 142),
(898, 282, 563),
(899, 194, 899),
(900, 930, 305),
(901, 653, 617),
(902, 962, 544),
(903, 106, 847),
(904, 123, 946),
(905, 878, 217),
(906, 935, 498),
(907, 602, 672),
(908, 636, 751),
(909, 398, 770),
(910, 817, 430),
(911, 683, 774),
(912, 434, 390),
(913, 504, 354),
(914, 682, 854),
(915, 894, 129),
(916, 766, 116),
(917, 571, 278),
(918, 853, 955),
(919, 674, 295),
(920, 829, 332),
(921, 896, 719),
(922, 312, 439),
(923, 442, 435),
(924, 311, 24),
(925, 890, 705),
(926, 518, 303),
(927, 735, 551),
(928, 610, 237),
(929, 774, 336),
(930, 523, 429),
(931, 581, 367),
(932, 745, 525),
(933, 205, 973),
(934, 137, 499),
(935, 306, 555),
(936, 615, 859),
(937, 73, 127),
(938, 71, 698),
(939, 933, 946),
(940, 746, 771),
(941, 481, 495),
(942, 938, 649),
(943, 553, 673),
(944, 285, 931),
(945, 743, 123),
(946, 363, 530),
(947, 839, 385),
(948, 999, 943),
(949, 349, 367),
(950, 395, 498),
(951, 913, 21),
(952, 394, 538),
(953, 365, 956),
(954, 555, 14),
(955, 847, 141),
(956, 172, 576),
(957, 249, 201),
(958, 500, 68),
(959, 278, 680),
(960, 59, 876),
(961, 950, 78),
(962, 244, 902),
(963, 128, 311),
(964, 318, 381),
(965, 998, 685),
(966, 93, 183),
(967, 780, 453),
(968, 271, 411),
(969, 600, 894),
(970, 499, 477),
(971, 128, 67),
(972, 985, 146),
(973, 241, 230),
(974, 481, 563),
(975, 519, 374),
(976, 439, 691),
(977, 713, 404),
(978, 296, 636),
(979, 213, 517),
(980, 262, 36),
(981, 504, 19),
(982, 966, 716),
(983, 690, 140),
(984, 837, 518),
(985, 902, 680),
(986, 940, 920),
(987, 790, 788),
(988, 389, 140),
(989, 236, 190),
(990, 780, 408),
(991, 313, 545),
(992, 935, 93),
(993, 116, 445),
(994, 1000, 174),
(995, 307, 387),
(996, 770, 800),
(997, 1000, 910),
(998, 918, 65),
(999, 953, 662),
(1000, 550, 126);

-- 
-- Restore previous SQL mode
-- 
/*!40101 SET SQL_MODE=@OLD_SQL_MODE */;

-- 
-- Enable foreign keys
-- 
/*!40014 SET FOREIGN_KEY_CHECKS = @OLD_FOREIGN_KEY_CHECKS */;