--
-- Script was generated by Devart dbForge Studio for MySQL, Version 8.0.40.0
-- Product home page: http://www.devart.com/dbforge/mysql/studio
-- Script date 03/03/2021 12:12:35
-- Server version: 5.5.5-10.1.40-MariaDB
-- Client version: 4.1
--

-- 
-- Disable foreign keys
-- 
/*!40014 SET @OLD_FOREIGN_KEY_CHECKS=@@FOREIGN_KEY_CHECKS, FOREIGN_KEY_CHECKS=0 */;

-- 
-- Set SQL mode
-- 
/*!40101 SET @OLD_SQL_MODE=@@SQL_MODE, SQL_MODE='NO_AUTO_VALUE_ON_ZERO' */;

--
-- Set default database
--
USE clinica;

--
-- Drop table `citas`
--
DROP TABLE IF EXISTS citas;

--
-- Drop table `vacunas`
--
DROP TABLE IF EXISTS vacunas;

--
-- Drop table `mascotas`
--
DROP TABLE IF EXISTS mascotas;

--
-- Drop table `productos`
--
DROP TABLE IF EXISTS productos;

--
-- Drop table `clientes`
--
DROP TABLE IF EXISTS clientes;

--
-- Drop table `telefonos`
--
DROP TABLE IF EXISTS telefonos;

--
-- Drop table `veterinarios`
--
DROP TABLE IF EXISTS veterinarios;

--
-- Set default database
--
USE clinica;

--
-- Create table `veterinarios`
--
CREATE TABLE veterinarios (
  cod varchar(10) NOT NULL,
  DNI varchar(9) DEFAULT NULL,
  nombre varchar(15) DEFAULT NULL,
  apellidos varchar(20) DEFAULT NULL,
  hora_entrada time DEFAULT NULL,
  hora_salida time DEFAULT NULL,
  PRIMARY KEY (cod)
)
ENGINE = INNODB,
AVG_ROW_LENGTH = 98,
CHARACTER SET latin1,
COLLATE latin1_swedish_ci;

--
-- Create table `telefonos`
--
CREATE TABLE telefonos (
  cod_vet varchar(10) NOT NULL,
  telefono varchar(20) NOT NULL,
  PRIMARY KEY (cod_vet, telefono)
)
ENGINE = INNODB,
AVG_ROW_LENGTH = 49,
CHARACTER SET latin1,
COLLATE latin1_swedish_ci;

--
-- Create index `uk_telefono_veterinarios` on table `telefonos`
--
ALTER TABLE telefonos
ADD UNIQUE INDEX uk_telefono_veterinarios (cod_vet, telefono);

--
-- Create foreign key
--
ALTER TABLE telefonos
ADD CONSTRAINT fk_telefonos_veterinarios FOREIGN KEY (cod_vet)
REFERENCES veterinarios (cod);

--
-- Create table `clientes`
--
CREATE TABLE clientes (
  cod varchar(10) NOT NULL,
  telefono varchar(20) DEFAULT NULL,
  dni varchar(9) DEFAULT NULL,
  nombre varchar(15) DEFAULT NULL,
  apellidos varchar(20) DEFAULT NULL,
  cod_vet varchar(10) DEFAULT NULL,
  PRIMARY KEY (cod)
)
ENGINE = INNODB,
AVG_ROW_LENGTH = 98,
CHARACTER SET latin1,
COLLATE latin1_swedish_ci;

--
-- Create foreign key
--
ALTER TABLE clientes
ADD CONSTRAINT fk_clientes_veterinarios FOREIGN KEY (cod_vet)
REFERENCES veterinarios (cod);

--
-- Create table `productos`
--
CREATE TABLE productos (
  cod varchar(10) NOT NULL,
  nombre varchar(15) DEFAULT NULL,
  tipo_producto varchar(30) DEFAULT NULL,
  precio int(255) DEFAULT NULL,
  marca varchar(50) DEFAULT NULL,
  cod_cliente varchar(10) DEFAULT NULL,
  PRIMARY KEY (cod)
)
ENGINE = INNODB,
AVG_ROW_LENGTH = 147,
CHARACTER SET latin1,
COLLATE latin1_swedish_ci;

--
-- Create foreign key
--
ALTER TABLE productos
ADD CONSTRAINT fk_productos_clientes FOREIGN KEY (cod_cliente)
REFERENCES clientes (cod);

--
-- Create table `mascotas`
--
CREATE TABLE mascotas (
  cod varchar(10) NOT NULL,
  cod_cliente varchar(10) NOT NULL,
  nombre varchar(15) DEFAULT NULL,
  sexo varchar(10) DEFAULT NULL,
  nombre_veterinario varchar(15) DEFAULT NULL,
  raza varchar(25) DEFAULT NULL,
  PRIMARY KEY (cod, cod_cliente)
)
ENGINE = INNODB,
AVG_ROW_LENGTH = 81,
CHARACTER SET latin1,
COLLATE latin1_swedish_ci;

--
-- Create index `uk_mascotas_clientes` on table `mascotas`
--
ALTER TABLE mascotas
ADD UNIQUE INDEX uk_mascotas_clientes (cod, cod_cliente);

--
-- Create foreign key
--
ALTER TABLE mascotas
ADD CONSTRAINT fk_mascotas_clientes FOREIGN KEY (cod_cliente)
REFERENCES clientes (cod);

--
-- Create table `vacunas`
--
CREATE TABLE vacunas (
  cod varchar(10) NOT NULL,
  nombre varchar(15) DEFAULT NULL,
  n_dosis int(20) DEFAULT NULL,
  enfermedad_trata varchar(50) DEFAULT NULL,
  fecha_aplicacion date DEFAULT NULL,
  cod_mascotas varchar(10) DEFAULT NULL,
  PRIMARY KEY (cod)
)
ENGINE = INNODB,
AVG_ROW_LENGTH = 98,
CHARACTER SET latin1,
COLLATE latin1_swedish_ci;

--
-- Create foreign key
--
ALTER TABLE vacunas
ADD CONSTRAINT fk_vacunas_mascotas FOREIGN KEY (cod_mascotas)
REFERENCES mascotas (cod);

--
-- Create table `citas`
--
CREATE TABLE citas (
  id_mascota varchar(10) NOT NULL,
  cod_mascotas varchar(10) NOT NULL,
  fecha_cita date DEFAULT NULL,
  hora_cita time DEFAULT NULL,
  descripcion varchar(150) DEFAULT NULL,
  PRIMARY KEY (id_mascota, cod_mascotas)
)
ENGINE = INNODB,
AVG_ROW_LENGTH = 147,
CHARACTER SET latin1,
COLLATE latin1_swedish_ci;

--
-- Create index `uk_citas_mascotas` on table `citas`
--
ALTER TABLE citas
ADD UNIQUE INDEX uk_citas_mascotas (id_mascota, cod_mascotas);

--
-- Create foreign key
--
ALTER TABLE citas
ADD CONSTRAINT fk_citas_mascotas FOREIGN KEY (cod_mascotas)
REFERENCES mascotas (cod);

-- 
-- Dumping data for table veterinarios
--
INSERT INTO veterinarios VALUES
('0', '1', '41B7WT68', '43994', '17:51:47', '03:38:56'),
('00', 'SK', '5', '66754', '01:50:24', '08:19:00'),
('00727Y', '4I', 'C6AAV6F', '05479', '23:38:44', '20:36:28'),
('01', 'YD8673', 'S3', '24438', '10:50:55', '20:37:38'),
('01I3', '06RBS', '74', '84333', '20:28:46', '12:13:59'),
('03', 'A32E2NFPM', '0LEI', '84338', '10:29:17', '15:53:19'),
('0337', 'AD4ZE0UO0', 'R1A', '18262', '11:08:14', '00:25:30'),
('037Z37', '3BF5', 'EL', '54807', '00:32:29', '18:56:24'),
('041', '3TTD', 'PNO', '70917', '15:55:55', '04:42:36'),
('0478', 'A', 'K', '45723', '21:37:40', '19:22:56'),
('047ZU8461', 'R', 'R1WPZ6I082G9', '99473', '00:00:06', '07:11:40'),
('04V53W', 'FOSQ', '4', '38562', '18:37:31', '07:57:26'),
('05', 'SW', '3', '51752', '01:41:38', '20:41:09'),
('0517', 'WEU9', 'G', '50008', '17:33:40', '23:52:02'),
('06', 'A2', 'H', '88478', '10:25:10', '02:10:05'),
('0600', '1', '97', '04026', '00:00:53', '05:16:10'),
('0626', 'Q9T0', 'R', '00339', '18:47:31', '00:02:17'),
('064', '6UHO', '8MM', '63962', '16:19:26', '03:54:29'),
('06JG', 'V', 'NMUZ2UCFCZ', '08450', '15:26:40', '08:41:12'),
('06NQ5', '994MR9OUD', '4', '17338', '00:38:35', '01:48:22'),
('07', 'BF2MH', 'GJWLL2N2K6L7B7B', '89067', '12:08:16', '00:04:28'),
('08', 'V', '9A0461S8G42', '54151', '02:16:34', '14:29:29'),
('08CY', 'B7U3C', '2WV', '28327', '00:11:32', '00:00:04'),
('098', '4QU4', 'SJO', '79831', '05:27:22', '12:03:52'),
('09B94H', 'R79', '4J', '04887', '23:48:55', '00:00:03'),
('0A', '0', '2OC', '00632', '00:00:19', '10:40:42'),
('0A0', '15H', '11', '52975', '00:00:30', '00:11:08'),
('0AIZ776846', '6KQ8', 'BA', '01392', '12:36:37', '07:47:28'),
('0B', 'O', '5P0U0', '19646', '04:43:55', '01:35:44'),
('0B4', '141630R', '3M', '36173', '13:13:11', '03:36:07'),
('0B58', 'H1QR7D', '1D8FVC', '14979', '05:25:34', '00:00:49'),
('0C8W9K', '8RS1221VQ', '6', '89549', '15:25:32', '03:29:16'),
('0CS8', 'L9AR88', 'O9', '81085', '18:24:09', '19:32:43'),
('0D', 'AZ', 'THGHK', '33466', '00:01:16', '14:41:14'),
('0D50H', 'RIEM51I5D', '81', '36567', '18:49:07', '14:37:08'),
('0DL3', 'C', 'GX9T', '83796', '11:50:36', '02:46:25'),
('0E22W', '6V9MR8', '95', '74136', '00:04:37', '00:12:58'),
('0E60M', 'W6S', 'FGW', '24720', '05:11:20', '00:15:57'),
('0EEPW', '0', '02', '63127', '01:03:25', '16:04:46'),
('0G4', '28E7NMZ', 'F0F', '97123', '11:10:21', '16:47:28'),
('0GN', 'XX70N9', 'LF', '01568', '06:27:26', '00:00:01'),
('0I', '0C04F', '61R', '19434', '06:07:57', '12:40:55'),
('0I5', 'V2', '2P', '96407', '07:56:11', '03:31:49'),
('0IC', 'I', 'G', '13244', '07:48:24', '00:16:21'),
('0IE6', '7', '3', '92497', '02:41:24', '00:11:39'),
('0K44', 'FON96F803', '3G', '03502', '03:17:17', '20:25:58'),
('0LA5', 'GS3086', 'U', '95789', '14:45:49', '00:12:32'),
('0MG86D', '41', 'U', '37785', '00:01:55', '00:04:28'),
('0MU', 'AF7', 'D', '12434', '02:08:03', '04:33:23'),
('0N69', 'I', 'HTVN2AV1', '40766', '06:01:06', '21:14:31'),
('0O', '79', 'P', '29390', '00:01:13', '00:13:19'),
('0P', 'LN2', '2', '23977', '00:00:04', '22:32:18'),
('0T0', '6P0M', 'S5428E7IU1R7QHT', '77132', '00:01:10', '22:07:34'),
('0V8', '4', '9L7', '74561', '00:05:28', '00:11:27'),
('0W3135', '9Q', 'I20', '81837', '18:05:42', '12:52:34'),
('0WZ1', 'C', '0013MGYJ', '11704', '05:25:42', '19:52:55'),
('1', 'G3', '7', '43874', '00:00:19', '00:00:01'),
('10J', 'C039C8', 'XAM9', '02004', '08:20:17', '00:05:41'),
('10K6AW80S', '8BGBVQ618', '01', '56211', '09:27:26', '23:20:55'),
('113', 'MK', '8', '66954', '07:43:30', '00:01:05'),
('13', 'LXMY227', '2BW4', '89842', '10:29:12', '19:09:24'),
('133', '8057HS', '35X', '18357', '04:28:39', '16:41:03'),
('13DU', 'N0F', 'F', '92729', '13:37:37', '14:07:38'),
('13EC1', 'M', '5NRPIAJ05', '79794', '01:41:33', '16:33:28'),
('13EL55E13', '19', 'T69OXY1TJ', '54261', '18:32:21', '20:34:19'),
('13K50UZ2', '1', '25', '15116', '00:00:58', '19:51:34'),
('13R', 'D', 'G26J4K61Z7DM', '85087', '02:21:37', '22:55:03'),
('14O3NVD', '9VE', 'WLC2K', '41307', '17:26:27', '03:56:43'),
('15', 'SW124DK', 'W', '10390', '00:06:30', '21:42:24'),
('15M2AU', '8', '6X', '00549', '00:01:13', '19:42:47'),
('15PP4PR4I7', '26', '96', '28910', '09:31:11', '09:17:23'),
('17', 'I7', '2', '80380', '00:00:02', '09:11:36'),
('171CLUHJ14', '3D', 'IV036', '04917', '00:01:10', '00:00:30'),
('179Z02', 'GW', 'AVO', '56098', '02:07:17', '13:49:26'),
('18W7ICI', '4B', '5U', '16803', '01:58:20', '00:37:10'),
('1911R0', '4', 'G', '99536', '05:36:16', '00:09:55'),
('1922BHA4E1', 'Z2', '7', '59796', '19:29:00', '17:58:51'),
('1959H41K', 'V44', '2', '49769', '00:00:52', '02:22:31'),
('1984TB3LA', 'EX40I', 'RXF', '13199', '17:26:25', '07:25:33'),
('19O', 'H', 'AE9F', '37330', '00:11:05', '20:00:55'),
('1AV3OUO14', 'YH393XRW', 'F939', '10209', '05:57:18', '00:00:09'),
('1BT6', 'QO1AW09P6', '8', '47741', '08:28:17', '01:14:19'),
('1C', 'U', '13', '37454', '21:08:46', '06:00:55'),
('1F1N44S51V', 'Y1D', 'Q4DVLE6', '87234', '00:01:16', '11:48:09'),
('1FT098', 'J4M30ZZF6', '9', '95436', '17:49:26', '16:17:32'),
('1H81', 'D7', 'F8F', '11807', '04:11:39', '12:17:50'),
('1I12106C', 'K3EI61T18', '89', '50242', '00:09:28', '09:27:25'),
('1J', '2', 'VY', '86506', '01:39:20', '10:32:46'),
('1K1B', '9', 'Q', '18310', '01:33:57', '19:23:07'),
('1O', 'TXYDPO985', 'P', '88069', '00:10:07', '00:00:03'),
('1PS', '6FL', '7O', '16707', '04:40:10', '01:39:48'),
('1PUU6N2', '594FI', 'TJ6OX3V3', '98615', '21:24:13', '21:49:23'),
('1R', '7KI', 'Q', '58199', '02:02:28', '01:45:26'),
('1TR', 'K', '6BP6', '39415', '00:00:01', '00:36:30'),
('1TUAWS5CM8', '8KG', 'U', '76941', '04:16:04', '00:00:10'),
('1TZJ', '4H1Y4', 'CT3Y4Q8', '28554', '18:07:03', '09:02:33'),
('1V', 'IR1T7', '62', '13025', '14:17:52', '00:13:24'),
('1V3', '7', '421AX5WMM2QK1ZL', '49051', '00:00:55', '05:31:28'),
('1W', 'O434', '39', '27634', '21:40:56', '12:01:45'),
('1W5', '3', 'UV', '94555', '00:55:23', '17:22:19'),
('1Z98O', 'V', '791', '59054', '18:12:10', '00:06:34'),
('2', 'X', 'M8', '69131', '10:32:57', '05:15:24'),
('20007T', '5', 'VZW', '86994', '00:07:53', '19:08:21'),
('202', '1W7H', 'P9U1QX0J45T', '68624', '12:05:47', '00:02:25'),
('21', 'O4', '25HM7', '84677', '18:31:08', '00:13:59'),
('210Z', 'U3', '7M', '81548', '02:30:43', '00:09:00'),
('21AA', 'E', '2', '31868', '00:00:38', '13:18:17'),
('22', '30W', 'PBY818', '68935', '05:11:39', '19:34:03'),
('239', 'XA', 'KL0', '76317', '09:11:25', '05:08:59'),
('24W', 'E', '429OSKZ0P9', '63851', '00:01:13', '12:14:39'),
('24Y', '5', 'A1', '59948', '07:10:29', '00:37:28'),
('25', '0', '6703', '84839', '10:46:02', '03:52:28'),
('255O7', '4GS', 'EW4G', '75185', '10:02:43', '04:17:15'),
('26', 'DM4', 'E797K8XVX94669Q', '68806', '00:00:10', '04:02:04'),
('26HZ', '8', 'NC9G0V7B7R', '73105', '08:34:19', '20:29:45'),
('2757', '1', '9', '23952', '08:30:03', '18:02:23'),
('2761', 'C', 'C27R', '65410', '06:56:44', '00:00:08'),
('27V', '2S6', '3I0', '77185', '02:16:18', '00:00:10'),
('284', '2Q', '2', '28434', '11:57:44', '21:28:07'),
('28NU832Y5B', '821D', '1X', '15165', '09:41:27', '06:12:52'),
('28U3', '9S', '40AC4Y', '63647', '06:37:37', '12:32:41'),
('299', '744F6J0VN', '4', '46102', '05:45:06', '02:05:19'),
('29923', '8', 'IF91', '26580', '11:06:26', '09:30:01'),
('29EM', '1', '3', '99519', '02:50:07', '13:51:47'),
('2AFKZ', 'K', '372', '28051', '16:26:32', '22:39:05'),
('2AKR', 'F', '5', '78219', '02:43:52', '05:11:38'),
('2C6S0J', 'CIOZQ', '33K1O', '97404', '00:01:18', '18:44:33'),
('2CEN72J', 'T', 'F61UUG', '85098', '13:42:57', '08:43:19'),
('2D', '2', '2VD', '52619', '08:16:48', '01:53:23'),
('2DZ25OPEO', '1', 'TKJ', '79878', '00:23:41', '03:19:33'),
('2E0T5', '9', '7398', '22462', '08:16:32', '23:03:38'),
('2E5716Q0GD', 'NM7H', '4YP', '52795', '00:00:06', '07:35:28'),
('2FS3UD', '4', '4F2', '53351', '19:19:56', '00:02:21'),
('2G', '72', '5IS7BYJ94Q', '09734', '13:11:29', '15:34:18'),
('2HKHSH66', '8WN07B8SS', 'I8', '50449', '00:00:02', '01:01:04'),
('2IY0', '24', '4', '22421', '19:20:59', '00:09:21'),
('2J1', '0', 'R', '72953', '00:59:27', '00:00:41'),
('2J5', '9T79', '3', '66659', '15:12:06', '23:39:25'),
('2KT', '8KVTI', '70E', '55092', '01:51:06', '00:00:54'),
('2L2256HG6', 'V', 'OA', '30506', '00:00:06', '00:00:07'),
('2LP2O', 'PMX4LL3', '1', '30702', '00:00:57', '09:59:25'),
('2M', 'FB81J9HFO', '0I6', '53960', '10:21:25', '23:11:06'),
('2M4', '7', '6L', '08800', '03:41:45', '11:02:26'),
('2M7OLR94', '4V', '72T33M', '59964', '00:00:03', '01:35:32'),
('2NG9N', '8', 'E', '51279', '00:36:53', '22:35:27'),
('2P', '51', '44BS', '76186', '13:46:24', '20:00:06'),
('2P95', 'M4P7', '3', '51959', '11:39:02', '00:00:14'),
('2PU69', '0N0', '40', '50095', '08:20:26', '00:11:39'),
('2T7', 'LS', 'K3M0L285CL1C', '51312', '10:39:41', '00:00:01'),
('2TQ5S', 'ZR13PPS3', 'H', '46932', '00:00:10', '07:46:34'),
('2U376', 'FZWZ', 'H4H91', '77870', '19:13:51', '16:44:32'),
('2ZX3', '8H7TL', '0', '90441', '00:00:37', '00:47:07'),
('3', 'M3996', 'IDD', '11764', '00:00:02', '00:00:08'),
('30', 'I', 'PT7XXG', '11311', '09:14:42', '08:13:14'),
('30HP9KN094', 'H', '13B', '21115', '16:33:36', '00:00:56'),
('314NN', '02S', '449', '24045', '20:21:02', '06:19:00'),
('31BX5TZYJ0', '29L3H', 'N7L', '70683', '21:54:48', '00:08:04'),
('31S', 'V', '1L2V85PMHN167H9', '12365', '18:13:14', '20:12:31'),
('32', '443KH', 'U5D', '69573', '09:59:05', '05:07:05'),
('325Q', '28H', '0', '45159', '11:11:49', '18:48:20'),
('33', '9RGYZDMWU', '0PPP6439', '44853', '14:29:03', '23:33:25'),
('334C', 'R9', 'K5', '42700', '09:39:39', '13:22:34'),
('347P0NX1', '3SLFS7TK9', 'U68', '12410', '00:01:11', '06:23:42'),
('3542', '6', '4', '99854', '23:07:59', '11:08:01'),
('355', 'QT', '475', '34279', '13:44:05', '00:01:01'),
('35QCVY2', 'XZ0K', 'O', '23343', '14:51:15', '12:19:02'),
('35XW', 'LF12', 'LW', '68700', '09:39:21', '13:45:24'),
('36', 'H799S9I3U', 'H132L3', '82259', '06:01:44', '17:36:54'),
('3607S', 'FN696T', 'I', '32200', '16:18:18', '02:04:58'),
('365', 'O', 'P1R', '90062', '14:52:15', '22:58:07'),
('3752', 'V', 'T', '61797', '01:37:04', '00:00:08'),
('37B', 'TW14T', '46', '17433', '00:00:06', '12:24:56'),
('38', 'A', 'V', '37433', '03:58:48', '23:01:07'),
('389012NA23', 'T2', '920', '63283', '00:56:37', '04:11:31'),
('39', 'S', 'HDS3JW9', '27328', '05:25:01', '09:54:36'),
('3922RR0194', 'S263U', '3G51P8H93GH', '29640', '13:08:13', '00:00:05'),
('3C22W5', '3', '4XYU', '34341', '18:01:34', '17:50:16'),
('3CI', '1G', 'U', '00329', '05:54:02', '01:44:58'),
('3D2X', '88O1', '422', '68405', '07:07:13', '00:09:30'),
('3G06', 'SRZMI', '0Z5', '82805', '18:34:26', '00:00:07'),
('3H', '73W9Q', '4M39013', '10152', '00:00:03', '08:27:16'),
('3HYW250', '3', 'U', '91511', '00:00:08', '10:22:10'),
('3I', '2', '3C9I5AL88X76IWU', '56000', '11:25:20', '01:55:24'),
('3I6', '7MBJ4', 'Y53', '66090', '06:45:16', '01:41:16'),
('3I8', '1LNMLX2L5', '7EI87', '79409', '11:22:08', '00:00:03'),
('3J', 'MO7', '5SMHIT5G', '69472', '22:54:27', '16:25:22'),
('3J5O3K2T86', 'I6', '601', '96199', '21:56:24', '01:24:24'),
('3JBOV6', 'S7N28T2', 'H5', '08490', '00:00:04', '10:05:47'),
('3ME8', '05', '0ALLZ3', '00858', '00:33:54', '00:11:10'),
('3N', '524J7', '4D0', '38279', '15:59:08', '00:57:17'),
('3NP', '38O726', '3ZD', '24865', '00:36:02', '09:18:36'),
('3O', '99B6', '260C7', '20937', '02:38:25', '06:37:58'),
('3O3L28Q', '9K', '4', '57348', '08:35:54', '18:40:26'),
('3T', 'MR', 'P71', '52290', '20:47:16', '01:14:08'),
('3TXL6', 'Z9JUT8', '7', '29721', '21:34:52', '07:33:37'),
('3U', 'Y3', 'E9', '67016', '00:00:07', '18:02:35'),
('3U590', 'IY', '1K', '19926', '00:00:12', '23:39:39'),
('3UM', '8J', '9', '08562', '00:01:06', '01:54:17'),
('3V2P', 'EC', 'L', '27097', '17:00:40', '17:07:51'),
('3X06H', '3', '0', '97726', '00:03:55', '00:09:09'),
('3X4T6', 'F', '13', '88028', '04:16:45', '12:08:17'),
('3YH32G0', 'SX', '9', '88954', '00:00:37', '00:00:08'),
('3ZE7W129N', 'N75', 'H1OK8', '57901', '20:08:04', '09:40:04'),
('4', 'BXI4V2', '7BG3102I', '22521', '17:26:42', '12:57:36'),
('40', '4', '933R2L0IN2D', '01682', '02:25:20', '00:00:09'),
('402', 'RGBD95IQ2', 'SXIR', '79635', '03:14:02', '19:50:45'),
('41', '1', 'I47O85W978', '08913', '18:51:04', '11:52:32'),
('4178GL6', '2T7', 'J', '42357', '20:22:53', '02:06:59'),
('4210C7', '765D', 'GR', '25788', '15:14:01', '04:06:52'),
('42G564SKDC', 'ZU', '5', '82785', '00:16:10', '03:20:41'),
('430V', 'K1', 'IY9L61PRQ58', '54692', '16:36:36', '19:17:11'),
('43P20WY', 'V56', 'K4', '45924', '09:51:21', '00:15:20'),
('44', 'A', 'N8', '61759', '01:42:06', '01:36:24'),
('44WF', 'R', '2', '55817', '07:51:00', '08:42:04'),
('45', '27VC', 'S', '26600', '06:14:24', '21:18:42'),
('45L7', 'S', 'M', '98078', '22:24:27', '12:56:20'),
('46D6', 'LE', 'FR', '53592', '04:39:58', '00:00:08'),
('47', 'DH94', 'Y', '79410', '13:57:04', '00:01:30'),
('473KI', '1V', '85', '92797', '00:00:09', '23:58:07'),
('47OG', '8', '4E', '50978', '14:25:45', '20:39:16'),
('48KHVEV', 'X53EC', 'R5490YN1T', '14179', '01:39:01', '00:22:49'),
('48TXV758W', '60B', '0LFQR5Y', '74967', '03:06:22', '21:12:24'),
('490', '4I', 'F375J', '87398', '17:41:55', '02:57:03'),
('491', '2O9CDOCR7', 'CQR2HOT', '35998', '22:42:57', '18:06:46'),
('493TD', '0', '29S', '75409', '00:01:23', '00:00:04'),
('4C8', 'A', 'HH58GF', '30262', '11:12:11', '04:57:04'),
('4E4', 'ML3F', '66LK6', '82907', '02:25:00', '03:28:10'),
('4F0QKBG5', 'U20IC8L3', '5WET2KP', '99941', '02:08:49', '12:36:08'),
('4FQ', '3V', '9VUT', '19078', '00:01:26', '00:22:17'),
('4FU8098I86', '4Q', 'J541', '88482', '00:12:43', '16:28:45'),
('4G8', 'H886', '4X', '60342', '10:08:03', '20:20:23'),
('4H', 'G76F60', '92II0A3A0', '48895', '12:50:07', '18:35:36'),
('4HCT', '8X39O', '219CL5', '57331', '00:01:02', '00:01:10'),
('4I', 'O', '8N', '48083', '05:49:45', '02:24:41'),
('4I8J3', '1', '6Q', '98452', '00:01:23', '00:00:04'),
('4K', '0WO', 'T', '27513', '21:10:12', '12:03:28'),
('4L', 'Z', '1HN', '20585', '02:02:27', '14:10:20'),
('4NQQ55PJ3', 'W', 'O5', '00086', '14:06:25', '22:39:57'),
('4O', '50', 'V2', '98152', '17:37:49', '00:00:52'),
('4OI', 'X', 'M', '09779', '00:10:19', '07:41:06'),
('4PX0', '83', '8', '62893', '00:00:02', '18:09:00'),
('4Q4118', '9', 'Y3', '78930', '00:01:05', '11:13:45'),
('4Q9', '6J3293', 'Q', '43590', '00:00:02', '08:49:12'),
('4R1', '6', 'Y', '34509', '17:30:41', '08:00:18'),
('4R812W3', 'SV', 'B12NR3EWW5YZY96', '43168', '02:57:21', '09:21:27'),
('4T747S', 'EA8', '8', '56119', '00:13:32', '06:21:37'),
('4U', 'DI61G', '77UNIDY9SVB', '30542', '15:58:06', '19:47:18'),
('4Y', 'E', '0KK', '40584', '01:26:47', '04:47:18'),
('4Z', 'R', 'S', '87631', '09:42:36', '00:00:13'),
('4Z230X', '85H1I7474', '87B624B3M662', '73466', '02:04:56', '15:08:09'),
('5', '5R89', '6Q', '24322', '20:12:28', '04:27:35'),
('50', 'V85', 'FG10', '18456', '00:45:04', '18:05:18'),
('5162', 'T', '798', '35920', '01:02:05', '03:34:30'),
('52472649WO', '1S', '0', '13720', '22:12:28', '11:47:10'),
('543B9JD4L8', 'CM2MI2Q', 'T29', '67134', '04:55:34', '20:21:32'),
('54PU351FQ', 'NA', 'DC', '41588', '04:22:00', '11:42:39'),
('550', 'XW1', 'W9', '25478', '06:30:18', '18:18:59'),
('55QN2221OC', '3RQNF0', '4', '30401', '14:22:29', '00:00:09'),
('56', 'PB', 'PN', '08014', '11:28:15', '10:39:18'),
('5631', '8', 'X8', '79074', '02:35:51', '00:00:34'),
('578LYOCJD', '1', 'PG8T6V', '44670', '02:18:06', '12:02:40'),
('57H', 'E7IG4XIEM', 'G19O', '93318', '07:12:29', '16:59:03'),
('5B', 'S', 'H760S', '78489', '00:00:40', '22:14:58'),
('5C37PGJ8T6', 'OV0', 'R8', '55166', '11:32:21', '23:11:39'),
('5D', '0E0', 'F', '18363', '10:32:06', '00:01:27'),
('5D7Q45EX42', 'F', '0', '40937', '22:30:26', '00:00:10'),
('5F03187RUR', 'Q', '9V3', '83915', '05:17:55', '13:41:47'),
('5H', 'SC1Q742DI', '6', '86451', '16:42:14', '03:47:27'),
('5HTL', '4', '431101', '57753', '02:11:20', '00:00:46'),
('5I841G4H5', 'FR6', 'MCH4', '59437', '00:00:19', '07:28:29'),
('5IU', '3Q', 'V4C', '50583', '10:56:42', '01:57:26'),
('5J015', '2VXOF1', 'N', '52048', '00:01:28', '02:31:30'),
('5J10U', 'LL', '3EZ', '78186', '22:15:39', '03:51:29'),
('5K86IP171', 'OG', '33OB', '20168', '00:00:23', '00:00:24'),
('5KP', '4NK', '6', '93097', '00:09:58', '00:00:10'),
('5N', '9', 'Y2O8', '72458', '04:18:38', '11:06:39'),
('5O5R5CJ', '92SC4J', 'F', '71001', '10:22:12', '12:40:31'),
('5PGU', '573G3W', 'BVPB82H', '58306', '07:14:56', '14:53:09'),
('5PM8', 'J', 'OZ', '03190', '00:00:03', '04:01:16'),
('5S6', '508K', 'L', '77278', '00:00:09', '21:39:34'),
('5SZT4', 'BAZ2', 'C14331Q3E6VPA49', '40257', '06:47:52', '23:18:53'),
('5W0', 'Q', 'H7', '63478', '00:01:00', '00:00:29'),
('5W7', '7R4E8', 'R', '11714', '12:02:10', '00:01:32'),
('5WJDY', '1', 'W3', '70681', '00:00:47', '18:09:40'),
('5X8', 'O3Q', 'K0JIR18X', '09213', '23:18:15', '00:00:03'),
('5XV', '10', '987Z', '67239', '08:54:59', '21:47:49'),
('6', 'BY71', 'NS465', '18024', '18:34:15', '00:00:33'),
('602', 'W2UH9', '3G05H11', '58129', '00:06:07', '00:09:47'),
('606', 'S1SG4T6', 'W', '75046', '09:17:55', '16:45:12'),
('6077', 'I03D', 'Z0', '61746', '15:17:57', '12:47:52'),
('61', '2', 'R', '76539', '13:28:55', '22:05:34'),
('62', 'F', 'L25', '83689', '00:56:05', '03:12:35'),
('62F', 'MK87NCF3', '4T77E9', '16587', '00:00:06', '10:55:13'),
('62RPM1UX1R', 'HT', '27', '36872', '17:41:04', '21:17:40'),
('62W70OE3', '7', '1', '34195', '11:48:11', '09:28:39'),
('631PM9FL6', '0208', '2', '57459', '00:01:01', '00:15:50'),
('6418', 'L', 'V', '20296', '00:20:59', '17:58:00'),
('65D', 'KLQ', 'MT', '87279', '07:19:10', '20:49:14'),
('65VI20', 'H4S', 'M18R', '06208', '21:45:15', '00:01:01'),
('666AC', '7O3748', 'G29', '79257', '09:21:14', '08:32:08'),
('66SVD2I', 'Y7', '10', '18550', '00:13:22', '14:07:00'),
('66X', '314R4', 'U', '23218', '16:04:38', '11:52:10'),
('67V', '4YOC', 'W', '63902', '00:49:44', '02:23:42'),
('69', '7', 'XYX90V0Z', '90460', '00:14:34', '00:01:37'),
('692O8', '2', 'Y86QL093421', '10054', '08:10:03', '23:55:34'),
('6C', '6', 'W', '99842', '23:54:33', '21:58:02'),
('6D', 'P7V953F6T', '18X4', '89343', '00:47:59', '00:42:32'),
('6D11LK2', '7', 'IX', '26622', '00:11:53', '01:02:51'),
('6D4AR53J8X', 'S4M', '19', '93967', '22:07:59', '09:40:25'),
('6E', '1', 'B', '84992', '00:00:03', '10:20:26'),
('6EHJVK2SS4', 'SHKGVLKW6', '6', '67219', '01:27:40', '16:02:53'),
('6H', 'FGQU2LY', 'Z', '97435', '01:47:00', '07:30:23'),
('6H5', '3M9', '81H', '95667', '22:56:05', '06:22:34'),
('6I7', 'H8', '1W', '76643', '00:22:47', '12:57:58'),
('6IU9YYQB', 'RIES3H', 'N', '34681', '00:05:49', '05:30:11'),
('6LP', '0', 'W70BI', '62959', '14:08:41', '21:23:48'),
('6N5O1J7', 'VM7', 'L', '41296', '12:43:29', '10:07:23'),
('6NI326LDC', '7949', 'SCNS345E18HO', '84281', '00:00:08', '05:33:53'),
('6NO', 'JZ', '61JR94', '24906', '17:30:17', '12:26:13'),
('6P', '374M', 'J9PY8', '94548', '21:51:43', '00:02:51'),
('6P57T3', 'I31E', '8C1S', '04777', '13:25:03', '15:47:39'),
('6P68', 'X0Z9KF367', 'H7U9E', '04030', '00:06:58', '14:13:06'),
('6P9', '6', 'O', '11817', '00:39:10', '23:36:32'),
('6RE8', '09', 'UE41', '02813', '00:14:35', '02:23:10'),
('6RE9', 'CRH', 'X13', '41883', '00:00:09', '00:24:40'),
('6S7CDF745', '6XR8CML00', 'W', '44457', '01:08:03', '05:01:56'),
('6TAC', 'X', '1', '32293', '07:29:55', '02:23:21'),
('6W22Q7CC', '6', '1VJL1', '63684', '11:51:03', '03:30:52'),
('6X', 'I9P347', 'ITF', '32486', '20:52:43', '00:45:04'),
('6Y76', 'H06', '6V588821I9VZ', '46537', '09:50:28', '17:45:32'),
('6Z', '5', 'T5A98H1O0', '07315', '22:06:28', '08:51:24'),
('7', '5KU', 'X2F7S12EN', '33671', '23:50:35', '05:01:04'),
('70', 'D6', 'R5I9SFR', '50062', '23:50:58', '18:37:20'),
('704GE', 'H', 'I', '54468', '17:08:46', '07:44:01'),
('70Y4W3', 'TP6', 'S5', '17717', '22:28:54', '15:02:53'),
('71C', '27', '308', '43195', '21:50:13', '04:23:53'),
('71D', '0', '0M5XQ', '44127', '23:50:51', '01:47:54'),
('72', '52WF6', '04', '85798', '00:50:44', '05:56:05'),
('736K1MWG49', '4', '1N', '77141', '13:26:44', '17:01:55'),
('74', 'H6', 'OK', '38970', '16:16:01', '00:00:23'),
('7459', 'GPSH', '3', '68292', '00:00:52', '01:10:16'),
('74921G34G1', '0U', '8', '66339', '00:00:01', '00:00:01'),
('74N3', 'QW', 'A1AUXI060', '86881', '04:29:06', '12:35:50'),
('7543RT21NX', '65D', '65C', '18350', '00:38:41', '13:04:13'),
('75D59', 'L', '0IE', '30042', '12:26:58', '00:00:10'),
('75H5D', '1', '54L4RH7L', '12495', '14:05:42', '04:13:49'),
('76', '27A3', 'P0240D0', '00911', '23:44:22', '02:31:58'),
('76168', 'OQ', '5', '64170', '20:36:50', '00:48:11'),
('76H6Y5', 'G', 'W4G082', '71714', '00:00:09', '13:20:08'),
('77R', 'F5D9G', 'A7HF8', '24582', '00:01:25', '05:58:13'),
('78B', '7', '38TM', '51795', '06:45:09', '00:01:37'),
('78B515T35Y', '87', 'M2', '57910', '00:00:08', '00:00:09'),
('7B', 'Y9', '5', '53531', '13:40:36', '15:57:11'),
('7C', '69', '2Q482REL80', '29792', '11:04:51', '04:21:49'),
('7C1GPQU5HY', 'Z47', '86', '08193', '00:08:48', '19:39:49'),
('7CX', '1D843', '3', '09298', '00:00:26', '17:52:37'),
('7E', 'HY0', 'X5U100934M9', '74842', '13:46:43', '12:50:40'),
('7F', 'STGENL', '1M', '29336', '03:24:15', '01:09:00'),
('7FQCE322O4', 'F', 'N', '56235', '00:00:07', '00:00:52'),
('7G96', 'C1', '8Q86V51', '20381', '17:33:45', '00:00:03'),
('7H848', '2KUH6', 'N7F5U5DZN5WQ', '59933', '06:03:48', '09:13:57'),
('7IG381', 'R', 'C2', '54686', '18:41:06', '00:32:26'),
('7ITCKP1Y93', '54', 'XA6HBF4', '02441', '01:54:31', '00:00:08'),
('7J', '604J2', '25', '25560', '14:10:28', '00:42:00'),
('7K', 'VK', '4X', '15884', '22:58:26', '23:39:10'),
('7KWXB', '18J', '519R', '95534', '09:25:42', '09:19:25'),
('7L', '4', 'O7', '11322', '00:00:04', '09:01:31'),
('7M', '5E8L', '8K', '56979', '02:06:10', '18:45:24'),
('7MGG', 'YP432', '8', '91812', '05:05:18', '23:27:54'),
('7P2ZKEV', '7', 'RYP', '51371', '00:00:07', '06:08:11'),
('7Q', '6D04QJ57', '8CZR2D4', '26616', '07:01:08', '00:01:35'),
('7R', 'B', 'I', '74434', '09:56:24', '12:06:02'),
('7S6FT', '3HGVN', 'B', '68056', '17:13:43', '00:01:07'),
('7U', '5', 'L', '10959', '08:40:31', '01:18:55'),
('7V1K', '2Q3D86X91', '3N1587BJ1', '21699', '10:06:20', '10:49:18'),
('7W', '2', 'CTG', '20178', '13:26:16', '01:55:58'),
('7WL', 'J', 'FKWLJFV', '79230', '20:55:24', '01:18:49'),
('7WX', 'L2QD', 'F', '71177', '02:29:32', '00:00:40'),
('7XL', 'QIAE01CX4', 'G481K6', '58179', '16:26:33', '14:38:54'),
('7Y', '5M49CG', 'G', '51594', '20:49:05', '03:22:11'),
('7Z', '705', '84Z3337I2', '45839', '06:01:33', '03:04:10'),
('7ZJZO', 'DCF', '27K5N85S', '22211', '00:26:40', '20:49:16'),
('8', 'VB', '73G', '30543', '15:34:05', '23:12:54'),
('80SO0J866X', 'K9', 'EIJKW21', '79883', '03:39:13', '04:55:01'),
('80ZD', '259', 'O94', '83593', '02:44:08', '09:02:55'),
('818Y', 'HVZ', 'S426', '83348', '17:56:59', '06:17:57'),
('81AOUB7Z0K', '58B91', '90V94', '44891', '14:06:37', '13:41:30'),
('82NVD2', 'G5Q', 'J1', '83690', '17:19:53', '05:54:10'),
('82OZF', 'ZA', '40251G7V8U1AG', '08238', '00:00:08', '00:00:03'),
('83', '7', '37YS88J', '82522', '10:29:22', '18:57:11'),
('83B', '0', '290K5625', '53468', '15:41:52', '19:07:56'),
('83CL', '4', '5', '62325', '01:39:04', '17:03:53'),
('83F99', '5Z23', 'YI38I97', '86427', '09:58:32', '03:13:50'),
('84', '23WCB3', 'ROB', '31616', '00:00:19', '01:39:24'),
('8445MV4S3', '91', 'P6X', '94800', '03:41:31', '00:00:09'),
('84NDI4I', '9QH', '8769', '38003', '00:15:36', '11:09:02'),
('85HMFK', '68D', '5AEU', '42049', '10:41:16', '22:52:30'),
('86', 'SS4', 'Q', '92452', '16:46:36', '00:04:58'),
('86369B', 'NYZ', 'DDCU', '44857', '00:00:10', '00:00:10'),
('8639KQDC', '0', 'Q0Q3V2EJJJ214JE', '93933', '00:16:23', '00:08:47'),
('863Q6', '9', '3', '77544', '17:05:05', '14:11:04'),
('87', '2TA3H176A', '4', '72282', '06:40:35', '09:59:15'),
('873E', 'S', '8LPP9B', '91229', '20:41:43', '08:47:33'),
('879', '6', 'T', '71944', '04:19:31', '18:52:59'),
('87L9', '9M', '06BIP', '61206', '08:26:42', '08:29:05'),
('88', 'R', 'W2061OF0K', '50802', '15:47:39', '00:00:02'),
('8911F3PMGD', '2Y', '7', '30380', '14:53:12', '14:29:50'),
('89WW', '0QLH', 'IV2PD3', '38174', '07:23:39', '12:31:30'),
('8A1J', 'W1NA9', '7UKSH1I', '50374', '00:00:06', '07:48:01'),
('8A8L4L36', '1', 'L8OO', '66379', '00:14:04', '23:14:13'),
('8B', '448', '18X6UXFV229V6', '06644', '00:00:37', '19:34:53'),
('8B3Q', 'V60', 'M0EG', '49163', '17:46:55', '14:43:54'),
('8C', 'O8PATA2', 'Y', '43231', '18:06:49', '00:01:19'),
('8CL85', '1VHD', '08', '46557', '20:13:36', '16:40:54'),
('8CVD', 'R12X', '3I', '85640', '00:05:12', '01:33:55'),
('8F', 'H', '89', '20481', '10:31:39', '15:13:20'),
('8FB5Q71G', 'K66', '2', '97023', '16:52:12', '23:59:55'),
('8FW84I', '1W3WLR7', 'E', '03012', '08:59:24', '00:12:35'),
('8G', '89', '7RL', '77095', '00:00:17', '14:55:49'),
('8IW8', '0', '0R', '07970', '21:36:52', '18:24:01'),
('8J', '863', '1E8M794', '83812', '08:10:06', '00:00:04'),
('8K', '766', '4', '06308', '08:07:44', '09:30:14'),
('8K6836', '9ZE', '01U4S', '64287', '00:03:03', '01:28:05'),
('8K9J8QWI1', 'JTV129ZWQ', '85ZAN', '43825', '00:00:04', '03:10:50'),
('8Q262HPQP', 'RPC', 'IWD176622', '08469', '01:01:43', '14:35:24'),
('8QL', '4', '1', '81966', '17:27:46', '01:32:39'),
('8R', '332H3', 'S', '03805', '00:00:07', '02:58:50'),
('8S99', '076K9', '7P', '50604', '00:01:40', '11:01:39'),
('8TVIS', '5', 'U432T', '24319', '21:42:45', '15:04:01'),
('8W5AQ', 'S', 'RP3W', '29280', '00:00:05', '15:40:36'),
('8X0', '937', '9FDQ6AAWW', '94702', '11:35:37', '05:19:28'),
('8Y', '1PBRZ', 'C', '47442', '08:24:26', '17:02:55'),
('8Y0X', '39X5L80', 'BW', '35382', '00:04:09', '00:15:41'),
('9', 'M', 'CQD6', '13760', '00:01:26', '12:36:13'),
('9001K8BIS6', '464', '334', '80044', '00:00:43', '00:00:03'),
('905', '3J96VR663', '0', '49910', '11:02:24', '13:12:59'),
('90851', '3', '96T1P6L011A8S', '25087', '03:47:28', '00:00:04'),
('90P667P', 'C8B', '8H', '40787', '16:48:25', '00:01:36'),
('91', '4ZSH974A', 'Z98HL', '66402', '07:39:44', '13:14:16'),
('91A411MIO8', '7OEP72YX9', '9I', '86796', '00:00:50', '01:37:03'),
('91F9G', 'XU09NI', '58584O8QEF', '79854', '01:40:49', '00:00:06'),
('922UZ2I2', 'C', '9', '58523', '00:11:19', '00:00:08'),
('92Z5G622C', '8L8O9YY', 'FI17Z', '69911', '00:00:05', '08:15:04'),
('931E', 'WG6', '7', '37628', '23:56:24', '00:01:23'),
('936808S5', 'GPJX6QBGF', 'G5KET4', '33441', '00:00:10', '01:45:03'),
('93VQ9904S7', 'U', '13E', '06160', '08:24:14', '02:58:19'),
('94', '6', 'R7', '06088', '23:39:19', '23:57:05'),
('95', '945', '59FMOWXU', '76847', '00:01:03', '00:01:17'),
('950', '1ED1Q87', 'M29', '86787', '01:55:04', '00:00:05'),
('96', 'Y7JW', 'D80H', '85402', '16:47:22', '01:02:54'),
('96CQ4A0E1M', 'E', 'NB7RY66', '21614', '17:41:23', '23:25:32'),
('972PR41', 'H', 'E9F', '03686', '02:33:12', '21:26:17'),
('97G4OI1', 'V', 'RV', '44248', '06:20:18', '05:53:36'),
('97H59N', '5A', '1', '20159', '03:42:00', '09:46:21'),
('97LZ7P07', '230', 'U360P6', '76675', '00:50:40', '01:34:55'),
('97NC1VT', '5E6UE', '4JA', '35742', '10:03:28', '00:56:51'),
('9882', 'L17S10', 'RVR0D3LK', '34541', '05:58:10', '11:56:43'),
('98QMX5', 'E81', '6W0GZGT25W4', '12699', '03:37:13', '00:00:50'),
('98YHQX07K7', 'A', 'M', '32500', '13:20:32', '16:05:18'),
('991', 'S44', '196FK9883', '97980', '16:59:22', '02:43:55'),
('99BD04A0', '1N', 'X', '98125', '06:38:37', '00:29:30'),
('99DJ15', 'M', 'D1QHFR1KE', '85464', '03:50:00', '22:34:11'),
('99F1K8', 'DQKF6S20J', '0', '00329', '07:18:34', '22:21:26'),
('99J0XK84LK', 'Y', 'GD64', '02329', '00:00:06', '14:37:36'),
('9C48D1B99E', 'R03', '011E', '13788', '10:09:33', '00:50:42'),
('9ET19', '7Z64', 'YQK', '10042', '00:26:16', '00:00:09'),
('9H0TB2J', '5QRU43677', '701A4AMBH', '05806', '13:30:40', '01:41:00'),
('9H4C5AR', 'M79W', '0', '76170', '17:59:59', '00:36:12'),
('9HKXJ', 'G48', '1S4B3HM948', '77496', '22:54:41', '00:33:52'),
('9IJU7', 'V37TW5Z', '1J03B5', '80660', '09:10:14', '16:17:09'),
('9M', '2', '6D', '35952', '00:00:02', '11:32:23'),
('9N1F4BAL3L', 'Q', '9W9Y', '37507', '20:47:02', '00:01:32'),
('9Q2O7', 'R', 'H', '15004', '04:17:05', '22:48:36'),
('9R', '7TB05', '9123S8', '57847', '02:27:22', '05:16:17'),
('9RA', '9H', '1HL', '64141', '20:04:43', '00:00:50'),
('9RJ87', 'K1', '06LPD', '69366', '09:24:26', '00:05:58'),
('9ROR', 'S', '8O5O759606Z341', '80604', '01:10:43', '00:12:03'),
('9U', '3', '5DL0D', '90625', '00:21:02', '22:06:28'),
('9V', 'M1', '9', '77978', '01:54:36', '17:51:53'),
('9Y5H86', 'W', '1PR4H8P6', '20905', '00:00:04', '18:50:01'),
('9YY0C42', 'H', 'FN', '93463', '05:24:38', '00:00:39'),
('9Z6BL98', '083', '955', '12445', '12:50:36', '10:18:34'),
('A', '8ZKJW5', 'V9Q', '27552', '00:00:48', '06:32:10'),
('A0', '85K', 'K37', '11196', '00:00:55', '19:41:41'),
('A0W11UI76Y', 'O', '6', '24265', '00:00:16', '02:53:04'),
('A3W8X2', 'SJ', 'S', '96363', '09:23:20', '17:21:16'),
('A47O', 'C', '40LH5230I', '39462', '00:18:42', '00:00:09'),
('A7', '5', '3', '29434', '00:00:09', '06:35:22'),
('A9BIN', 'Q', 'M', '48786', '00:01:23', '11:16:34'),
('AM1', 'D', 'EVBR', '22518', '16:04:15', '17:25:53'),
('AOR9', 'XL989P', 'U7JS8TI0', '32257', '13:00:16', '00:16:01'),
('ARG', '604LX8US7', '903H5900B', '66426', '00:00:08', '06:57:29'),
('ATF453A9', 'X88', 'X6F', '94521', '17:37:52', '00:46:35'),
('AW70', '6PG', 'HU2026N8', '53967', '19:55:36', '11:29:10'),
('AX096A', 'E019685B7', '3', '42562', '19:51:08', '19:52:13'),
('B', 'UL7P1W1', '6P6IH', '31182', '00:00:02', '21:06:42'),
('B04Z32', 'VK', '5Q02OB6K', '11590', '10:20:38', '11:29:24'),
('B1CWB2', '3S6P9P', 'XAES', '95199', '05:17:56', '00:32:00'),
('B3', 'GU5R', '5Z', '38779', '22:01:06', '00:00:01'),
('B3PNS', '9Z', '3', '21722', '00:29:44', '00:12:09'),
('B5', '7P', 'N', '44387', '06:46:35', '15:03:38'),
('B5G', '168G5B9E2', '2W3Y450DZP', '05638', '10:50:06', '05:02:04'),
('B5R0', '360', '54FXC', '75763', '15:23:45', '19:58:13'),
('B6', '53', '5', '09904', '01:52:11', '15:54:14'),
('B676', 'L', '7P', '07919', '00:01:40', '17:07:07'),
('B7N', 'P0T3KKXXJ', 'JK559OQNX', '87486', '22:31:29', '15:01:32'),
('B928', 'H', 'FNA5R2', '33446', '00:00:06', '12:22:47'),
('B987J', 'EHH7', 'G', '33279', '00:01:07', '01:37:45'),
('B9JF', 'W', 'TZ', '72480', '00:00:20', '01:29:15'),
('BA323P781X', '7', 'D7S3113', '92721', '04:04:25', '21:48:54'),
('BE', '5ZD4', 'ETT930', '10968', '10:55:17', '00:40:39'),
('BF', 'O', '28MBK73', '78495', '20:56:56', '16:43:36'),
('BKT', 'U39', '8W1NM', '17552', '11:14:39', '06:12:13'),
('BRWA2QY97', '6J3', '7L', '82502', '00:12:59', '14:59:03'),
('BT356', 'A0', 'S', '79484', '13:53:02', '07:12:02'),
('BUCI1Y1', '95', '8', '40827', '00:00:46', '15:56:52'),
('BZT2', '0', 'A', '28352', '14:23:36', '21:05:43'),
('C', '5B7', '9A0', '58551', '13:12:31', '17:48:52'),
('C0', 'N', '0U', '94143', '21:16:48', '12:42:21'),
('C1', 'SLS', 'UZ290A', '65086', '11:00:19', '03:57:16'),
('C16W', '6', 'H', '46318', '00:48:10', '03:49:30'),
('C4F1DA3L7', '4', 'T2VJ', '16364', '09:32:51', '06:24:07'),
('C7', '0D3598WAA', 'H', '95349', '22:49:41', '23:28:35'),
('C79HY4LZ03', 'R', '8V0', '98919', '13:05:04', '16:05:48'),
('C7S8', '4', 'A90U4YUX9', '92691', '00:00:09', '00:00:09'),
('C88', '0G', '2Z', '32329', '00:01:34', '14:49:27'),
('C8Z', '895HQ9B', 'MQ0', '37360', '00:54:05', '23:08:28'),
('CH', 'O', '8N', '15965', '00:00:01', '00:04:59'),
('CIFZU9', '1', 'G', '78575', '00:00:08', '07:11:13'),
('CN', 'I', 'V211CJ', '82451', '02:31:39', '18:10:08'),
('CN9', 'UF', '6G', '60640', '04:30:21', '17:06:01'),
('CV8I', 'D0', '4', '90531', '12:41:43', '04:04:35'),
('CX', '4XB', 'S3', '06852', '10:56:29', '04:48:53'),
('CY771C', 'F9', 'VSY37E70', '49276', '00:00:38', '07:32:11'),
('D', '6', '9', '95748', '23:11:25', '02:22:38'),
('D3UB', 'E6', '995', '95647', '00:00:05', '16:18:08'),
('D5', '3', '31E1R23', '58956', '22:03:45', '16:13:53'),
('D6K6F', '0ARU', 'U', '00458', '05:49:15', '06:29:32'),
('D972', '8WBY', 'V0A3', '79454', '09:24:34', '00:01:30'),
('DAK', '3O5VG827L', '3S90', '54120', '01:55:08', '01:19:12'),
('DE', '4565G', '4', '36512', '04:29:20', '20:54:15'),
('DJF', 'DSA', '8', '95105', '01:14:32', '21:30:23'),
('DKT0BGKA', 'F4VN', '544958', '43783', '00:00:13', '11:06:58'),
('DL1', '1', '7B5', '43342', '16:27:31', '23:24:32'),
('DM4', 'IMW', '65', '28105', '16:47:03', '07:27:05'),
('DRLZ', '59', 'M197EZ6L', '49110', '17:04:32', '21:50:41'),
('E', '2G4P', '4', '02915', '01:27:49', '19:09:22'),
('E06', 'C', 'DLL5', '67887', '10:34:45', '05:27:40'),
('E0D', '7Y68', 'YRM', '20353', '02:55:41', '11:11:25'),
('E2', 'CPO2A', '6204Q', '74856', '03:37:44', '00:50:37'),
('E2D', '2', 'ZCR', '72058', '00:00:04', '00:43:36'),
('E5', '20C2G455', '6PM8765LV', '99050', '23:35:04', '19:02:06'),
('E6', '8', '5', '98833', '23:15:19', '22:07:36'),
('E6J', 'Y3U', '5', '37927', '03:13:33', '17:24:08'),
('E7', 'R', '97G1', '82446', '01:55:35', '13:21:05'),
('E7I', '0B9', 'HB', '78540', '00:12:47', '07:08:36'),
('EAACXBTP5K', '0Y', '26977', '62946', '23:47:27', '00:00:16'),
('EB', '7', 'Z9XW4T', '67189', '09:45:54', '09:12:58'),
('ED48K', '8AF', '66X96', '00662', '18:06:48', '00:51:34'),
('EETKE', 'J83LQ14K', 'RGOB', '91012', '23:42:41', '00:00:05'),
('EI', '2R', '1', '40168', '03:00:32', '00:00:09'),
('EIV731', 'N9SC', '6', '67398', '11:16:36', '12:16:51'),
('EK', '0OH', '6', '74415', '21:10:58', '00:00:03'),
('EM39O', 'D', 'CO9', '95646', '12:16:41', '00:28:42'),
('ESS', '322X8', '8I2P', '26617', '00:00:44', '00:01:17'),
('EX98J9', 'D575', 'FJK1', '01252', '21:30:07', '10:09:44'),
('EZ4K8Q', '1PO', 'G0', '51160', '16:55:01', '00:00:14'),
('F', 'U33T9975', '2W93Y3', '45759', '13:29:34', '19:08:55'),
('F15', '6', 'O1AD4', '30753', '06:22:52', '01:05:51'),
('F187', '98', '7', '21767', '17:55:59', '10:11:19'),
('F37EQ962WG', 'ITW', 'F70', '48079', '11:48:54', '01:41:37'),
('F438Y', 'FQ', '5Z197I', '10685', '06:34:58', '00:01:57'),
('F596', '9E6D0', '2I5HAO7M', '33533', '20:03:30', '01:51:00'),
('F61', '6J0', '8S9V86ZUM', '48387', '00:00:02', '00:00:11'),
('F68', '1K9R', 'O89I', '04533', '20:41:19', '00:15:54'),
('F8', 'XF2S', '1B7G1', '81550', '00:01:16', '20:08:20'),
('F9V66AX', 'Y', 'M2XZ', '85247', '00:44:54', '17:05:28'),
('FI', '2', 'J6', '08644', '21:26:52', '01:06:41'),
('FQ1', 'V96GDP208', '7T', '42153', '06:17:48', '07:33:33'),
('FR', 'IUS', '27H53', '59354', '01:33:20', '01:07:03'),
('FRX14', 'Z0E3', '30A', '58172', '05:21:36', '13:00:18'),
('FV16F', '4', '31M3', '46252', '21:13:33', '10:06:12'),
('FX6', '7BU', '5BT3', '64492', '18:05:27', '11:39:47'),
('FZ8N', 'E6', 'QS08TF83E36V5Y', '29967', '01:47:14', '10:09:32'),
('G', '6JU3', 'E', '28821', '14:12:11', '00:10:22'),
('G069F', 'SINE', '1', '40439', '13:22:17', '00:36:40'),
('G1', '3', '91U18R833SI', '29123', '01:42:47', '13:24:13'),
('G1F077', 'P', '2JSP', '05462', '00:12:32', '01:10:46'),
('G4358', 'N4Z68', '37', '64146', '00:03:43', '18:47:45'),
('G5', 'C', 'W2LYL6', '61468', '23:11:50', '12:29:33'),
('G6', 'AD', 'A5J54', '74830', '20:03:36', '09:07:07'),
('G6J', 'T', 'SG', '43530', '04:52:15', '10:02:39'),
('G7', 'C', '5', '90024', '16:26:33', '17:00:47'),
('G9A266R6B7', '5', '45', '27926', '04:26:43', '02:10:51'),
('GEEM9U9', 'V9AW', '8T', '80174', '20:48:19', '01:36:20'),
('GER7', '41', 'O', '65585', '05:57:26', '09:28:50'),
('GEWG', '866Q44HA1', 'POBNW3DO06A1', '04900', '04:37:55', '01:37:21'),
('GG6NL7E25Z', '9', '6TH43', '08524', '17:58:40', '00:00:03'),
('GIZ', 'K2C0NFW8K', '87B', '32768', '02:35:30', '04:03:26'),
('GLU38WK', '1F3', '904386PB', '76024', '20:59:29', '00:00:05'),
('GN14', '43M', 'O804TP7K2', '35336', '00:00:06', '08:54:42'),
('GO', '405', '37', '75212', '00:15:14', '17:52:20'),
('GS', 'N', 'PDNK', '48141', '00:52:43', '17:58:12'),
('GUR5325H80', '76X51352M', '57', '87952', '19:36:30', '12:50:16'),
('GZZ', '5', 'C', '20161', '01:29:34', '01:08:42'),
('H', 'A', '18A95', '32614', '01:38:28', '12:52:51'),
('H10T', '5', 'V2V', '06911', '08:44:58', '02:40:43'),
('H14L750R87', '16CA08AH', '8PW7', '45757', '17:34:21', '22:44:55'),
('H36', '6', '547', '10065', '13:24:29', '21:12:30'),
('H3C', 'B', 'CZ', '15621', '00:01:32', '00:13:35'),
('H5GO2P1B', '890', '6VC', '50305', '21:42:48', '17:16:09'),
('H7I2K1RC8', '6P4', '8641HE7AFW', '91747', '00:56:53', '00:09:24'),
('H7NY6', '1', '82E', '43308', '20:01:10', '20:29:51'),
('HACA2', 'P1', 'BRV0RRK', '91795', '21:41:00', '04:27:15'),
('HBY1AS3IGA', '769', '3S6L9FAGMBF6', '32331', '13:30:18', '01:33:48'),
('HDF', '861', '5', '45829', '19:19:23', '11:24:47'),
('HFK585PS', 'L4K', '4M5S', '79885', '20:45:55', '00:11:06'),
('HG0A', '9XQ1R4963', 'A', '31011', '15:37:40', '00:33:07'),
('HJTM', '00FF', 'Y', '09098', '23:59:17', '05:07:22'),
('HL', 'HH', 'FHJRQSQV8UXW0', '89894', '10:25:43', '03:58:21'),
('HL61D', '1', '91X3', '30556', '02:58:59', '00:00:03'),
('HM9', '99', '9', '15690', '18:29:52', '16:58:18'),
('HQM', 'L370S', '6N', '48713', '06:16:38', '00:18:58'),
('HS', 'X', '3PS02P5', '35141', '17:30:57', '00:11:37'),
('HZ', 'UDT', '8TC', '61284', '22:16:25', '00:01:38'),
('HZHT', '22S6', '00', '66391', '07:43:26', '21:53:25'),
('I', 'S6JD00', '4', '98919', '00:10:40', '19:00:12'),
('I2', 'E', '8W0', '23704', '21:52:21', '19:13:10'),
('I28T064CW5', '3YHOVZXY', '7', '89460', '00:11:34', '12:58:59'),
('I2CXBJ5JT3', 'E32', 'O47', '35469', '00:10:52', '05:37:32'),
('I32FXR6G', 'R9', '0FV', '58866', '10:32:25', '11:38:10'),
('I3GO', '7', '03O0W', '60426', '00:01:40', '00:04:50'),
('I4J1YE', '3', 'ER4', '14229', '12:37:52', '16:25:35'),
('I5D72CZ48', 'C', '4V9', '10951', '09:09:11', '07:48:43'),
('I6N', '46C29U5', 'U1S', '89504', '20:18:30', '00:00:10'),
('IA22', 'BK', '47D', '04210', '23:36:42', '00:13:31'),
('IBTM2', '40', '196H080BT223511', '83741', '10:50:03', '23:18:46'),
('IJ3M5', 'V', '3W0S', '66005', '03:42:23', '00:00:58'),
('IJFE', 'UTGO9Y4', 'KZ', '49869', '14:34:50', '02:06:01'),
('INF', '71', 'K', '46452', '00:16:37', '01:30:08'),
('IO7M2650K9', '5421', 'J6', '07827', '18:30:54', '12:55:12'),
('IQ', 'V', '8ST3U6VJ', '28925', '13:07:02', '00:03:37'),
('IR39', '74H', 'R5EY4', '79675', '00:15:14', '00:01:35'),
('IRZOU1X3P', 'M', 'V96QS', '99280', '23:29:51', '00:00:10'),
('IS', 'NW', 'B', '11526', '00:13:28', '00:05:31'),
('IUI', 'J', '6V', '11008', '00:00:09', '00:24:23'),
('IW', '5', 'B4ANLS2791J', '19793', '11:17:21', '01:29:09'),
('J', '12', 'ZDR7L2A8K', '05057', '07:44:48', '19:50:28'),
('J0', 'Y1', '61', '72055', '02:34:44', '15:50:15'),
('J509', '0890', '25Z5', '70340', '07:29:17', '18:37:29'),
('J7', 'ZM', 'P3RR', '04953', '07:30:13', '00:00:25'),
('J74538673V', '9', 'V2', '40578', '00:07:58', '16:21:28'),
('J7N3I', 'Y8H', 'VW3', '39625', '11:52:46', '17:00:10'),
('J82', '3U835A', '18', '65051', '02:14:24', '00:00:01'),
('J9X', '3W4', 'DS99P', '08932', '16:55:30', '00:28:01'),
('JCZ8TMV', 'L4UQO', 'X8', '17906', '05:23:15', '06:27:09'),
('JE', '88', '4SZ', '75229', '00:02:30', '00:00:08'),
('JI12W4', '39M92', 'X5', '46764', '00:41:39', '00:00:01'),
('JL', '51OULYM', '7G855C6044R', '17633', '06:23:44', '22:39:41'),
('JL67NL6K', '1D0HG3', '2', '16630', '00:00:09', '23:03:57'),
('JLX1', '67', 'RJN', '39370', '05:38:38', '08:23:58'),
('JNC6B', '6Y', 'MKFQ3D5I', '47693', '20:17:01', '05:40:01'),
('JNP', '1', 'A91J', '51245', '21:13:13', '17:43:58'),
('JV1', 'W', 'U', '29099', '20:28:39', '17:34:56'),
('JVV', 'IH6PJ60I', '2ZR', '97702', '00:01:38', '20:35:42'),
('K', '048', 'S', '26735', '17:13:58', '00:55:30'),
('K104D', 'QA3', '4', '47264', '08:22:23', '09:09:18'),
('K2', 'X9', '17', '99081', '17:53:40', '13:01:30'),
('K4OKD', 'EA036', '0U', '56975', '00:08:32', '05:18:15'),
('K54BM5', '7', '1', '31901', '00:00:47', '01:26:13'),
('K753', 'QR3', '9B', '17178', '02:10:02', '09:43:42'),
('K82566NS0C', '9G', 'D', '95977', '08:35:13', '00:01:01'),
('K8OZ', '20', '579HC01M0', '20883', '00:12:06', '19:26:05'),
('K9C', '043', 'SEX7X0E', '75754', '00:16:20', '18:11:19'),
('KA', 'B', 'CHC', '85322', '04:50:07', '11:30:18'),
('KBK7D1DFL0', '3', 'K9', '94593', '15:47:20', '00:00:08'),
('KHH8D0V', 'KG', '794', '64838', '00:01:39', '02:37:15'),
('KI76', 'Y31QQ', '47X5', '23563', '22:15:41', '00:00:03'),
('KLT', 'J', 'O', '18338', '19:40:05', '00:00:07'),
('KOB9', '0', '3L', '55826', '13:22:37', '22:27:55'),
('KT', 'DZ', 'U41', '62870', '00:13:20', '16:18:22'),
('KT00TQ781M', 'P4TZ', 'R', '27821', '00:00:06', '00:00:02'),
('KYR4', 'W', 'TPU85532C8', '34651', '07:04:55', '11:38:49'),
('L', '2', 'VDRZC', '09851', '06:06:21', '00:01:33'),
('L1GZC1', 'R1031JH', 'RJ', '38613', '18:04:32', '05:21:28'),
('L30P6', '0248', 'ZV0AA4', '79936', '16:36:56', '09:38:42'),
('L5', '242V85', 'C', '38540', '06:09:44', '06:18:13'),
('L5CAF', '1', 'V', '69014', '22:43:31', '13:37:13'),
('L6Q', '5', 'E', '44690', '00:11:59', '00:00:51'),
('L72', 'VN2W', '9LR', '31914', '04:12:44', '23:31:08'),
('L7UW12', '81E', 'MH4AUZ3', '43322', '01:02:33', '18:42:26'),
('L8ZP', 'Y32', '86HC', '36091', '22:38:35', '21:22:12'),
('L97T4', '69', '4', '02168', '00:05:07', '03:53:28'),
('L9G050', 'ED8', '40V', '42911', '00:46:22', '09:17:03'),
('LC', '0', '1ZX1E8D1', '46660', '21:43:29', '09:59:46'),
('LD03', '88C', 'WD07XF7', '78362', '00:07:23', '13:09:57'),
('LFMV', 'WYTGC9N', '22E2I2T9J0', '46268', '22:17:12', '21:45:02'),
('LIP4GQNIX', 'O86', 'T6UG42', '30045', '15:56:40', '23:17:53'),
('LK5I52', 'QM', '72B', '81574', '01:40:55', '00:00:04'),
('LR9J', 'B6', 'Q', '92462', '02:36:02', '00:05:18'),
('LROEP', '9', 'D46', '40419', '00:00:24', '23:45:17'),
('LU03VA8', '65', 'TF7', '86991', '00:06:55', '09:38:35'),
('M', 'Y3', 'JV', '29399', '05:37:10', '05:23:01'),
('M0', '1', '9', '87658', '17:59:30', '01:17:25'),
('M27', 'YU', '9V', '72995', '23:10:37', '02:37:02'),
('M35C0', 'JW3', 'C5F0JT', '40528', '19:13:37', '00:00:33'),
('M4490JWAU', '0T737D82N', 'O5M', '71302', '05:11:22', '12:35:57'),
('M7IY50U', '9YB', '45G', '99524', '19:16:45', '00:53:37'),
('M8', '331QI39', '3', '99749', '17:48:36', '05:56:48'),
('M8U5', 'WB58BM3', 'G1', '14489', '10:52:29', '07:22:12'),
('M9J', '595', '2', '83506', '02:08:51', '22:12:40'),
('MA0', '9AU8664N7', 'HWY', '63680', '00:57:22', '00:00:18'),
('MC5AQTL8Q9', '900', 'DIZ3U', '25802', '00:46:57', '18:02:50'),
('ME', 'XHZ', 'B', '81183', '00:00:04', '03:31:25'),
('MF', 'W', '9U', '75841', '00:07:02', '01:55:15'),
('MIN81', 'X30JQCH4F', 'T', '51119', '14:13:54', '10:30:59'),
('MT2', '161', 'DRGXW80', '17802', '02:18:09', '00:00:06'),
('MT99D6SC4X', '7', 'EB', '19447', '10:24:19', '00:01:39'),
('MWHGBWL', 'O', '1', '87144', '02:12:00', '17:41:37'),
('MY6UU', '0Q', 'KXC8FZ', '25683', '12:37:14', '12:06:51'),
('N', 'JBV5GY7N', 'ON4XS17R4Q', '00554', '10:32:55', '10:29:29'),
('N1', 'CQ08X', '8', '77520', '10:37:25', '04:04:59'),
('N1R', '9', 'NYT', '68533', '20:32:05', '01:44:10'),
('N1XN', 'Q97', 'Z', '51529', '02:43:29', '20:54:24'),
('N2', 'X1B', '38JO9', '89717', '02:36:06', '23:46:03'),
('N3', '6', '1', '14294', '20:18:10', '16:54:03'),
('N31XK0', 'BXNSST1C', 'KI', '75292', '05:22:00', '20:13:34'),
('N3LX', 'OW', 'PC6U', '43418', '00:01:21', '17:14:57'),
('N61I', '41', 'G', '12117', '08:22:15', '19:54:08'),
('N83681CXK0', 'NJU', 'K', '17842', '21:22:44', '00:13:22'),
('NB5', 'H53', '6B', '59202', '16:08:52', '06:41:30'),
('NF5JZ', '1', '10EKCH', '62768', '00:00:07', '05:09:27'),
('NG60G12', 'JEUF', 'DFB3WH69U', '60268', '07:22:46', '04:48:50'),
('NOE', 'D', 'CP47E7', '27620', '02:24:43', '02:08:20'),
('NP', 'PI8W32', 'R', '50831', '00:00:03', '00:01:28'),
('NT', 'JKW0T', 'V4VSR', '85414', '17:24:44', '14:32:53'),
('NT6Z926', '83RU', '8E4', '07985', '00:00:15', '12:25:14'),
('O', '4', '2P44', '68024', '02:44:49', '08:10:44'),
('O0', 'U57R', '3', '19082', '00:09:29', '00:08:51'),
('O1E84ABIH6', '70A97', 'G', '32657', '00:58:22', '00:00:17'),
('O1N04R', '0', '967', '62378', '11:47:54', '01:11:35'),
('O22', 'I', '30V', '85197', '11:53:17', '09:14:32'),
('O3', 'Q', '4I', '77376', '00:11:45', '00:22:03'),
('O3B6R03', '10', '8S6', '39411', '11:53:48', '19:46:37'),
('O49V2046', '4', '6W', '33177', '15:08:05', '23:40:54'),
('O6', 'P', 'U', '55867', '14:44:57', '18:03:52'),
('O9', 'T', '9I', '51890', '04:37:23', '07:01:14'),
('O99N', '3', '6ZB2V', '65377', '03:00:16', '20:22:56'),
('O9HFF45EW1', 'LK20', 'W2O8AQB1Z0F73I', '55043', '20:51:00', '07:35:58'),
('OA', '6X', '4WNG5Y', '29442', '00:00:30', '00:38:54'),
('OC', 'SWXX', 'HM', '33890', '14:28:37', '21:37:36'),
('OEI6N', 'O99RNO', '6', '44192', '12:08:47', '01:18:44'),
('OG', '3I01', '33L0TH', '57424', '00:00:16', '00:00:01'),
('OHBL2', '6R', 'PX5', '33441', '20:37:13', '11:57:07'),
('OP', 'NA', '8R6', '50017', '22:38:38', '02:26:58'),
('OU', 'QTMDC37S', '25Y4K', '26759', '00:07:27', '06:14:50'),
('OU9Q17', '5', '1', '68988', '00:00:32', '13:36:54'),
('OVG', '554', '2BPTYAKY8276116', '05031', '01:18:31', '00:11:26'),
('OW1T2D4S', 'ERN7', '4', '35259', '00:01:13', '10:56:58'),
('OXZA', 'S', '02V5S', '53391', '20:30:41', '20:22:28'),
('P', '6', '84M2KCO2TGQW', '60114', '00:11:26', '07:42:08'),
('P0', 'XK77W33P4', 'DNY3T0YPNY8', '09530', '01:22:16', '02:09:16'),
('P09', 'D2RD', 'MZDV', '71431', '18:16:19', '08:19:01'),
('P1', 'G', 'TNBCY', '49884', '08:09:37', '08:09:25'),
('P179', '2PCH', 'Y58Z75G', '63760', '21:11:58', '00:06:16'),
('P7U3K4', '1', 'R', '74816', '21:01:06', '00:57:45'),
('P81469', '1', '7Q36W67FZ92S34', '41913', '00:20:28', '02:58:10'),
('PGM4', 'UBV62', 'FQN', '75786', '13:17:29', '10:35:05'),
('PGRT8', '8P1', '8', '59651', '13:51:42', '02:37:33'),
('PH18SDZ0N2', 'H', 'AJ', '51573', '01:01:51', '03:25:15'),
('PI', '2', '1R2531D', '72068', '17:00:27', '20:15:47'),
('PL111INIA9', '5C63H', 'T', '58993', '00:29:47', '03:29:48'),
('PXV6U79U99', '8', 'W4ORTW0', '29514', '17:50:09', '15:52:54'),
('PZ7', 'A7H', 'V669U', '45756', '00:00:07', '19:43:24'),
('Q', '7', 'C8', '24304', '23:07:48', '00:00:07'),
('Q1', 'AG7LGDP', 'K9', '61404', '00:41:35', '17:43:16'),
('Q18Y8FFM', 'J0B1', '071', '85395', '03:40:32', '07:05:04'),
('Q2', 'KS058', 'Y', '44863', '01:23:05', '00:01:07'),
('Q3', '54004', '0ZI36S4H2WM', '65950', '12:03:15', '00:00:40'),
('Q39', 'M', '4Y', '12154', '19:14:37', '02:36:33'),
('Q6', '2552W3A', 'U7', '67927', '08:05:55', '01:42:44'),
('Q6ZTHMQTV', '4O', '313H54Y', '70283', '18:17:09', '04:38:17'),
('Q7', '6A', '55', '51124', '06:48:20', '06:34:11'),
('Q8', '8U94', '9Z', '40218', '00:28:06', '02:00:01'),
('Q9', 'LRD74', 'F2RXNKC', '70019', '00:01:33', '06:30:27'),
('Q94OCD', 'S6T3C', 'E', '01417', '12:04:57', '00:21:09'),
('QC', 'OS', 'PDGO', '53175', '20:58:05', '00:29:42'),
('QHM', 'A5', 'Q4', '09260', '10:26:18', '15:33:54'),
('QI7', 'NVX0', 'G5', '75215', '18:05:16', '05:30:51'),
('QK', '79L7', 'VQ8', '54019', '00:00:08', '03:00:52'),
('QL', '52', '786004', '92241', '00:01:06', '00:12:54'),
('QN453418', '1RF', 'A6284M', '36242', '23:30:49', '19:19:04'),
('QR', 'X6J', 'W91', '41880', '04:48:44', '03:00:15'),
('QT1', '168NK3', '1WS', '62337', '13:00:15', '05:57:27'),
('QVWM85', '8D', '8XWL', '77944', '15:11:06', '00:46:09'),
('QWEQT6', '5410', '3306U1FM', '62758', '00:29:06', '00:00:02'),
('QWGZ83Z7', 'T62UR7AB', '25', '90990', '21:47:14', '00:00:58'),
('QY2', '1D', '347', '64356', '23:28:23', '05:41:23'),
('R', 'VZ5', '2', '12545', '00:15:42', '02:01:32'),
('R0', '9G0HIX1A7', '866', '06946', '05:00:45', '00:03:17'),
('R1G7495BCO', '9', '90Q', '59768', '00:06:25', '00:08:46'),
('R2X0', '5', '1NQ393689YPMA', '17081', '00:01:40', '19:36:10'),
('R3', 'H39EB852P', '9WVVHV', '58339', '02:08:45', '00:50:48'),
('R4', 'O', 'T3I2P37RY2N', '26001', '12:52:10', '16:29:17'),
('R52', '63T55', '9FH', '31084', '14:28:38', '02:43:12'),
('R53QJ72V', 'IBL7K', '7', '90291', '13:23:25', '19:48:23'),
('R9EY3', '14Q', '2', '83782', '10:52:23', '21:48:58'),
('RFC10', '23', 'W65503', '29345', '02:26:45', '00:25:55'),
('RJ', '7', 'I941M', '45520', '00:05:56', '09:43:36'),
('RK', 'UN', '1O7', '39074', '16:46:30', '12:19:33'),
('RK41UF', 'YTZ', '3G', '78710', '20:24:24', '06:53:34'),
('RL', 'Q', 'I6II', '20508', '11:37:54', '14:28:35'),
('RO0', 'H', '9L4VJR2IDV9ZHK1', '60736', '19:08:14', '17:15:08'),
('RQQ418D', 'N', '3', '63991', '14:09:09', '00:39:35'),
('RQX', '3A7', 'MN', '20779', '05:16:38', '06:30:16'),
('RW6', '192O2', '2LMO06', '40487', '00:01:22', '18:30:42'),
('RW6G', '7', 'AXX99', '03627', '02:01:13', '17:33:31'),
('S', 'V4', 'YCC9N', '61598', '12:32:33', '00:00:09'),
('S01P', '40', 'Y4', '22294', '03:08:20', '00:00:53'),
('S08', 'BH6', '3', '71024', '00:00:08', '00:45:26'),
('S1', 'W0U102U1B', '9Q', '33185', '00:08:25', '17:38:21'),
('S1EP', 'O73', 'K3XU', '25552', '00:15:38', '00:00:30'),
('S1G', 'LL82', 'ZE5J9I', '13007', '14:07:25', '01:46:04'),
('S1I', '3S266W', '125C3487', '25095', '15:59:57', '02:21:32'),
('S1Q6Y16K', '92X2N', '6B7', '09128', '04:38:18', '06:34:49'),
('S2XV', 'S75HP', '72', '22426', '02:31:32', '00:20:51'),
('S3O0IH2U', 'ZX', '05', '89090', '10:13:40', '14:04:19'),
('S5', 'XAN', 'WOU1', '10316', '03:24:04', '09:12:20'),
('S5ND', 'CS', 'M', '42959', '10:11:45', '01:39:08'),
('S5YR327', '7P', '42', '28464', '08:57:57', '00:01:33'),
('S5ZOYQU5QY', 'Q', '72P', '40807', '06:07:21', '16:06:13'),
('S6', '20F82B9V', '2Y08', '00787', '23:46:04', '15:26:36'),
('S67CQ', '2', 'DSG', '55962', '00:01:06', '00:00:08'),
('S7L65P', '7DU1B', 'MO', '72417', '20:59:10', '10:38:42'),
('SB6P', '168', '6GK7', '01633', '01:42:03', '11:25:48'),
('SD5', '2', 'U', '14884', '03:09:48', '00:00:10'),
('SF8QVK', 'X', 'MRR', '02855', '00:32:07', '04:00:14'),
('SHO2', 'W2', '74J', '77551', '20:16:39', '15:47:45'),
('SK8Q9', '744', '88197QLPM', '89274', '14:37:53', '17:54:03'),
('SK9877H', 'S3K5', '49', '75689', '00:01:30', '11:37:27'),
('SN', 'MG', '3', '77549', '17:49:10', '00:00:25'),
('T', '15', 'I009F', '43376', '00:01:15', '06:56:22'),
('T0', '203', 'F62', '82017', '10:46:30', '11:47:09'),
('T175B', 'DN29', 'G', '17429', '22:29:51', '09:43:13'),
('T1M', 'L', '16H6X9', '07784', '02:39:39', '00:15:24'),
('T3', '6S8', 'M3MQ', '64313', '00:01:12', '00:00:08'),
('T4J17W1', 'O5X4', 'F', '24849', '01:58:12', '01:48:30'),
('T5B', 'RNGRVA5R5', '60', '44541', '02:03:08', '15:08:35'),
('T7', '5MA774', '672', '39122', '00:32:55', '10:26:50'),
('T7BO2FF3O', 'L70R3P2F', '6Y70F23', '22887', '06:58:28', '00:01:50'),
('T87W7', 'LTN2Q9I', '4', '76060', '12:47:29', '08:05:31'),
('T9M', '6XGM', '9YOT', '73017', '14:53:15', '22:29:59'),
('TBAG', '2369ZB', '350', '80966', '09:58:06', '22:38:11'),
('TBP8Q4M', '2', '87K72M6', '73692', '18:54:40', '02:27:08'),
('TC7', 'OS4N', '86MILTKRU', '68611', '03:05:27', '01:38:52'),
('TF453I8', 'E22', '8LD1N', '94120', '09:43:59', '16:13:13'),
('TF8P20', 'D6O', '34', '36273', '17:07:32', '01:45:41'),
('TH02L527', '70', '92', '48576', '00:00:05', '13:25:20'),
('TJ', 'GN', '99', '57280', '05:36:10', '00:22:04'),
('TM', '8', '6', '96995', '15:40:31', '13:44:55'),
('TN', '7', '20O', '32142', '08:21:33', '00:00:10'),
('TS', 'PO', 'Z60', '26521', '17:53:16', '00:00:09'),
('TV', '6W72', '4P30', '74390', '08:30:00', '00:00:41'),
('TVRTUR7I37', 'P', 'MV', '13079', '00:12:42', '19:23:29'),
('TY71', 'OP9', 'H6', '08318', '00:01:40', '03:24:41'),
('TZ', '8', '3', '23170', '06:41:24', '00:00:10'),
('U', 'W7', '6906', '15674', '11:57:40', '05:26:41'),
('U0', '18QTW', '52NY', '84709', '07:38:29', '23:51:09'),
('U0G', '83X87', '7', '78659', '22:47:00', '20:53:48'),
('U0V2221', 'P7', '03775', '14151', '06:52:07', '13:45:14'),
('U25Y', '544GLD', '5I', '14710', '00:00:02', '23:42:10'),
('U6', 'CV', '6J', '35769', '00:01:22', '08:54:54'),
('U6T', 'I2N', '53M', '35317', '02:32:49', '00:00:03'),
('U7C', 'CLSHAI', 'T', '05195', '08:30:53', '00:00:30'),
('U7D90', '2', 'X74', '44656', '00:07:24', '00:59:29'),
('U80', 'Q', '6DO362N', '98115', '18:08:05', '01:47:39'),
('U9', 'I77K', '2D', '97379', '00:00:10', '12:00:54'),
('U91Z', '3', 'SH0C99', '82992', '00:04:03', '02:31:41'),
('UB2U', 'LE6897', 'HC', '35549', '00:00:08', '21:50:46'),
('UEJ26EZ', '86H6UBO8L', 'V', '99496', '14:21:38', '00:00:08'),
('UF', 'Z', 'R74', '34464', '09:45:23', '07:53:45'),
('UFS', 'ES', 'D5H2', '24207', '01:57:45', '17:38:02'),
('UJ56187Q', 'RO', 'O', '44100', '20:37:07', '00:08:36'),
('UKM', 'D6A4I', 'I', '96447', '06:59:50', '00:00:10'),
('UKNBJ6V0Z', 'E', '7A', '78031', '00:06:03', '21:17:20'),
('UQ', 'KN', 'U8', '72391', '13:29:33', '15:52:20'),
('URFRRA1', '5O2', '5X', '76461', '04:48:59', '00:57:19'),
('UW', '0H1', '2', '27295', '18:53:20', '13:47:21'),
('UZQSY3', '6V', 'D02', '64032', '02:29:59', '03:26:19'),
('V', 'R', 'K5', '71994', '07:32:27', '07:27:51'),
('V0', 'VB', 'K', '10653', '17:23:25', '11:48:31'),
('V18I6', 'XR658', '42Q7', '22369', '00:07:47', '01:00:36'),
('V22OWP8N97', 'Q', 'C8145', '34867', '02:40:07', '11:19:50'),
('V40', '0', 'LC', '28323', '12:20:04', '09:36:07'),
('V7Z9N', '9', 'OK4EV', '64096', '00:06:25', '13:39:39'),
('V8', '21', '2OIU', '56182', '06:46:37', '22:08:29'),
('VC5', 'R', 'HHIA35Y89RH', '04511', '00:00:07', '00:00:10'),
('VD', '3CIE0C', '67', '66089', '18:23:35', '23:21:04'),
('VJLG6M', 'R', 'H0', '05622', '17:12:02', '08:17:14'),
('VLQOG9LW', '6OTGJ', '7E', '28127', '00:00:08', '22:51:11'),
('VSE', 'KB53', '05E0O', '58119', '14:24:52', '00:01:08'),
('VV0', '539L5', 'E', '84562', '22:00:22', '15:01:50'),
('VWJ291', 'C9260B', 'U', '81392', '14:42:16', '00:13:13'),
('VZ8A5', '4253J04WJ', 'I', '91627', '06:47:04', '00:00:54'),
('W', 'K', 'U0SS1MVJ77M', '95044', '05:15:08', '12:19:15'),
('W2L9O', 'E1284X', 'E0B70', '79879', '00:00:04', '00:00:43'),
('W3', '78A', 'D9ZEY', '34551', '17:38:15', '10:20:15'),
('W39T1A', 'UO6', 'H', '85085', '22:11:38', '15:44:00'),
('W48', 'Z', 'D76I', '21432', '00:03:35', '03:53:57'),
('W4V', 'X', '5H', '77957', '04:13:51', '16:49:07'),
('W5', '2H7', 'D93K5247', '52454', '02:36:03', '13:04:57'),
('W51SL1YV', 'JV', 'X9', '15837', '14:59:22', '08:29:40'),
('W7', '7K9BIE78', 'U67', '01613', '22:07:54', '05:30:24'),
('W9EB', 'UE', '4', '41524', '02:31:27', '12:16:46'),
('WD', 'Y0WCZUFJ', '5', '42272', '01:08:50', '21:03:34'),
('WFL0', '50T', '01TU', '51212', '06:34:31', '05:04:56'),
('WK', 'G', 'BLY342PK29HHP8', '79424', '00:13:01', '07:38:58'),
('WKBZN5', '9LBC6', '9U', '81611', '00:00:01', '17:37:50'),
('WL', '5', 'T', '09447', '00:04:06', '00:04:30'),
('WLAP', 'X44', '3', '78277', '01:35:47', '00:01:29'),
('WLG0UI35D1', 'CQG', '5', '09755', '10:25:32', '00:14:38'),
('WN', 'KOTW0', 'HNC', '02731', '12:31:48', '18:25:16'),
('WVA95', 'OCP0RL301', 'H3T84', '10537', '09:40:24', '10:47:29'),
('WZ', 'E51NKLF2', 'NRH', '42192', '09:52:53', '11:08:08'),
('WZF7V', '3019', 'DI4RC1APE32EU6F', '02206', '00:04:55', '15:40:11'),
('X', '2I3', '5', '62972', '00:00:07', '03:01:16'),
('X08810665X', 'HMXP', 'E', '65821', '10:02:45', '00:00:31'),
('X1', 'L', '52Q', '15524', '00:00:07', '00:00:10'),
('X34633', 'JS1T6N', '2XSP265', '67622', '20:41:50', '23:55:37'),
('X3RD', 'Z167', 'HOR', '47580', '00:16:27', '06:48:07'),
('X5', '6', '735V9CH77', '20305', '15:43:08', '23:45:17'),
('X542LN', 'SO14FX', '1', '29888', '00:08:21', '03:07:48'),
('X6', 'E0', '9L40047T6VP', '75960', '00:07:00', '01:43:20'),
('X77', 'F', '5X', '00280', '16:25:43', '00:06:00'),
('X79H3FM', 'M', 'D73AOKC', '05033', '06:54:58', '04:06:57'),
('X9Z', '5Z', '6', '26639', '00:00:08', '07:00:37'),
('XAB', 'C', '62WG', '10054', '10:58:44', '23:24:52'),
('XGL15ZQ9', '3I', 'EZL1', '75049', '07:54:02', '08:53:41'),
('XH52', '0', 'Q17K3V3KBPHVXOV', '24953', '23:05:00', '06:55:40'),
('XLT', 'G', '791', '16055', '11:06:01', '11:37:33'),
('XPE9OS', '2', '7GZI0GTMHS38', '09917', '12:42:28', '00:00:06'),
('XQ', 'T', '16', '59098', '06:11:22', '00:00:59'),
('XR965P', 'D29G1', 'SBL0', '87946', '00:08:38', '08:03:52'),
('XS0YC2', '8', '9A4', '03209', '02:26:06', '16:39:42'),
('XUZ657S021', 'R', '8O69CD', '93369', '04:21:07', '11:05:41'),
('XYQBJO8', 'NI1T5', 'Z9', '36301', '05:06:51', '00:16:13'),
('Y', '784', '395', '17368', '00:14:09', '01:24:30'),
('Y0', '477R', 'XEODM1Z', '64506', '00:00:05', '19:10:56'),
('Y0CMOND9S', '8', 'WJYB1C9P2JGR276', '03825', '07:34:48', '09:38:02'),
('Y1', 'E2U5', '39', '54197', '03:54:01', '01:12:39'),
('Y1X', '0', 'B2', '39730', '14:56:30', '15:18:13'),
('Y24', '1BM9OO5Q8', 'X35Q3', '65353', '00:00:01', '21:06:57'),
('Y3', 'S', 'FV575412BANGT', '93357', '01:21:39', '08:32:16'),
('Y4', '9', 'D', '09833', '00:23:15', '01:17:30'),
('Y44', 'U', 'W35C', '99899', '12:24:03', '00:00:01'),
('Y6', '121XDLD', '52S4AQG7', '34768', '00:00:06', '00:52:20'),
('Y6UV', 'K', '41KOG114', '02733', '18:25:36', '00:00:42'),
('Y7CGZ3708', '2Q', 'U58', '34695', '00:00:33', '09:19:48'),
('Y7IZL', 'X', 'CBIP0', '49983', '02:12:52', '00:00:04'),
('Y806', '2', 'C', '15053', '00:02:04', '08:42:28'),
('YA', '2', '94K79A', '45732', '00:10:36', '00:00:03'),
('YC', '6Q', 'L1337NG', '29607', '07:33:21', '10:05:54'),
('YELF3RAMY5', '1', '6', '43902', '00:14:30', '06:16:54'),
('YG9S', 'L', 'INOJ70', '60857', '01:23:53', '07:21:17'),
('YH3U25', '62X1G38', 'R', '44856', '00:00:05', '05:00:51'),
('YL', 'H', '18Y4', '29931', '00:00:07', '00:01:30'),
('YL32', 'XBGK75', 'G9', '77545', '10:50:31', '16:33:09'),
('YL8N8U', '80ZX5', 'FR96L', '96981', '07:41:32', '15:34:42'),
('YLX218L', '2', '159G', '42398', '01:48:39', '00:00:42'),
('YMN6U2NZIZ', 'YJ6', 'M0925THE', '97230', '13:58:59', '00:00:10'),
('YNU', '223H8', 'W0V', '00362', '01:17:15', '17:32:33'),
('YO', '5', 'TQ1U', '81015', '00:38:36', '03:45:30'),
('YQP748ZEAR', 'JX0Z', '2', '87655', '00:24:38', '07:37:41'),
('YVW', 'XA8', 'LJ64J9L27', '29061', '00:00:08', '13:49:23'),
('YY', '77', '4D', '08487', '22:24:04', '00:01:04'),
('YZ', '48LC196V', '44W8', '20725', '00:00:06', '00:00:01'),
('Z', '8', 'FL', '02620', '20:53:03', '12:12:22'),
('Z0UY6', 'T', '7', '88897', '00:03:02', '19:15:32'),
('Z2T86E', 'U', 'L31Y4A50', '52036', '00:08:55', '21:37:31'),
('Z2Z532C15D', '4I6F', 'W9', '37204', '01:17:28', '00:00:13'),
('Z4', '1', 'H5KN', '52413', '17:01:08', '23:39:32'),
('Z4J90E', 'H5', '6473', '32166', '09:10:20', '01:41:42'),
('Z5BV2C33SB', '4KW5', '3', '80443', '03:42:28', '02:53:14'),
('Z7MRT25234', '08DCE3Q', 'I2S266T', '12372', '09:33:54', '04:44:39'),
('Z8B5K3A', '07', '9', '29093', '22:49:48', '08:13:12'),
('Z9', 'MF', '8DW', '11611', '00:00:33', '00:35:33'),
('Z90H0A3', 'ZBO', 'P', '76112', '00:00:28', '22:20:36'),
('Z9E', 'I', '3K087', '98223', '01:55:20', '08:02:21'),
('Z9SY627WP3', 'KE', '0SFZ896CE1EFVG0', '16997', '17:22:21', '01:39:16'),
('ZALTM85TML', 'A', '0S61', '33729', '15:24:28', '17:31:45'),
('ZB42L73', '9O5', '9MN4C', '73196', '14:54:26', '00:07:36'),
('ZBZ', '5W22', '7', '04583', '12:11:55', '00:03:34'),
('ZEJYFL', 'T', 'LFQ', '78098', '06:23:42', '16:33:14'),
('ZI46', 'JV', '472', '69964', '00:55:59', '18:35:19'),
('ZLDCW379V4', 'Q4U8', '9104J62', '16277', '00:00:28', '00:01:22'),
('ZN', 'K', '76', '56018', '13:52:10', '20:22:27'),
('ZP', 'W', 'T95', '84650', '00:11:59', '00:00:31'),
('ZPFZK10C51', 'EYJ', 'EM', '94314', '00:03:23', '00:00:08'),
('ZV30', 'B9', 'P', '89700', '00:16:15', '10:55:09'),
('ZZ8WZ3L45W', '5C', 'TP86NU486W', '11747', '01:33:25', '00:00:07');

-- 
-- Dumping data for table clientes
--
INSERT INTO clientes VALUES
('0', '(967) 582-3086', '83M93P3BR', '7X1', '76703', 'TY71'),
('002', '(470) 832-2185', 'X1O', 'A7C', '31040', 'NT6Z926'),
('003', '(679) 463-9520', 'F31', 'S91', '00235', 'E7I'),
('00KQGOJ2', '(850) 189-2636', '7BFSE', '6YR3EB', '12876', 'L5CAF'),
('02', '(519) 471-6475', 'B0', '5', '97731', '299'),
('027', '(325) 615-3782', 'MQL25GC7P', 'G6BR', '83933', 'YQP748ZEAR'),
('02X9', '(556) 305-6530', 'SW', '8', '80346', '9RA'),
('038', '(784) 641-5824', 'I508', 'RA9', '92815', 'WKBZN5'),
('04', '(584) 346-1791', '2O', 'E1', '54239', '905'),
('049', '(285) 453-8924', '861H1H', '461', '40199', '62F'),
('04J', '(826) 584-1770', 'K', '67759', '04301', 'S1I'),
('04RQV5', '(280) 397-0274', '2', 'TE08T9', '47403', 'P0'),
('06', '(885) 848-3252', 'I0M', '84', '04756', 'PL111INIA9'),
('066T275Z6', '(109) 440-2845', '69DWB6G5', '93', '74215', '3ME8'),
('06F', '(992) 753-4610', 'G', 'A1', '48340', '5X8'),
('06H08VG', '(827) 120-3648', '890', 'MB53', '76532', 'MIN81'),
('07', '(367) 456-1666', '028', '7T', '54035', '89WW'),
('08', '(482) 731-6618', 'F', '4RUH2', '27205', '7F'),
('088X', '(432) 525-9259', '090PRF', '3DW', '29914', 'KA'),
('08J5Z', '(445) 409-1621', '8WT1', 'O', '97319', '2J1'),
('09', '(481) 836-9206', '6', 'PY8', '40661', '2AFKZ'),
('090U20', '(999) 113-6540', '7IK0I', '7', '11644', '4Y'),
('0B0F', '(783) 843-3505', 'OZ', '4TU', '64766', 'N1XN'),
('0BN07', '(470) 649-2791', 'Z', 'NS9', '98195', '48TXV758W'),
('0DL', '(304) 140-0621', '6', 'Q9', '24103', '27V'),
('0F', '(574) 468-2345', 'K0BTTQDZ4', 'I4L', '02471', 'SHO2'),
('0H8', '(700) 000-3045', '130L0', 'L', '28121', '0IE6'),
('0L', '(285) 450-1391', 'I3NX', 'S77', '75191', '76'),
('0L2794XYIX', '(232) 443-4156', 'YVV58', '8L2', '31753', '35QCVY2'),
('0M', '(480) 234-5363', '68BH', 'B6PH9651PSK', '18867', 'F61'),
('0M4X92', '(569) 124-7258', '2NX1', 'X1', '77590', '6'),
('0NIW3E3S', '(130) 083-8545', 'V9X', 'TH41M', '90420', 'IRZOU1X3P'),
('0PKUDA', '(621) 046-7303', '63', 'IO44H', '82402', '4210C7'),
('0R', '(218) 119-8182', 'U', 'HB75', '66930', 'S'),
('0U9M518', '(244) 448-4768', 'R', 'NH3VM9EZI41K', '70957', 'C88'),
('0US', '(104) 329-9321', '2', 'MZ7ZS8D93', '66251', 'YL'),
('0X', '(997) 295-9278', 'R771G2C2Z', 'G', '43650', '13DU'),
('0Y213U42F3', '(203) 628-0883', 'SM7MEI13', '87', '98163', 'G'),
('0ZD', '(918) 918-5124', '549', '9', '14786', 'P81469'),
('1', '(854) 442-2903', '1HFR', '2Y0', '55266', '3YH32G0'),
('10', '(169) 000-4066', 'E', 'Q', '05356', '95'),
('105LK991G', '(320) 251-5263', 'MU5X38767', 'UY30G838S88', '48679', 'M4490JWAU'),
('10D6', '(332) 611-1673', 'M0T', '6', '90286', 'WLG0UI35D1'),
('10H3F3Y31J', '(550) 423-4705', '6C', '038B1', '19588', '6RE8'),
('10I2', '(951) 472-1852', '4', 'J', '65853', '1PUU6N2'),
('124', '(291) 076-9545', 'O', 'GP5VD533H', '63801', '0WZ1'),
('1243W', '(598) 231-7711', '6Y', '7ICQC', '39303', 'LIP4GQNIX'),
('127BZIM2', '(245) 394-7710', 'ZE0K', 'R', '65319', 'HACA2'),
('12T', '(422) 095-7229', 'J', '5G1NF67A2', '04119', 'G6'),
('13', '(447) 415-0653', 'H', 'Y', '55610', '74921G34G1'),
('15', '(772) 120-7843', 'W', 'P44', '99487', 'S01P'),
('1501', '(726) 977-7688', 'GZ1', '3WQ6V8S', '88817', '9C48D1B99E'),
('159Q', '(445) 081-9897', '2', '415156VHWCHBF93', '49052', '3NP'),
('162SQC49S7', '(256) 547-9866', '6E', '1886I4', '95453', 'Z9E'),
('16LC1SXV', '(499) 979-3252', '411', 'R2B', '40248', 'G7'),
('17', '(193) 544-9117', 'CP', '20PT', '96874', '6RE9'),
('171K6Q5', '(950) 415-8456', '1GW2', 'U', '83502', '7F'),
('174HI4', '(553) 685-6508', 'P4Y4D', '85DT9QN', '70178', 'XR965P'),
('1797312E', '(442) 458-4095', 'F3', 'ZKTW', '06871', '0I5'),
('18', '(674) 001-8038', '813', '3WTMW', '71302', 'RW6'),
('185B8M', '(684) 317-8572', '7', '8', '27750', 'ZB42L73'),
('187MN', '(947) 515-0608', 'X0', 'W6V', '05978', 'JNC6B'),
('188AS8', '(935) 729-0538', '59505Z', 'UG2', '93191', 'BT356'),
('19V7', '(968) 150-8028', 'Z1', 'A', '48290', 'YLX218L'),
('19W9I', '(274) 154-5649', 'P', 'V', '12840', 'Q39'),
('1A', '(763) 906-4787', 'GQ', 'IK1', '27809', 'TC7'),
('1B', '(878) 086-1699', '7', '098S36', '03729', 'S6'),
('1B0XO60', '(504) 181-1330', 'R', '4', '73655', 'Y24'),
('1BK5Y68X', '(189) 156-1406', '3', '51', '88401', '6NO'),
('1D00', '(325) 898-4903', '553V4LMSV', 'BD2SL4FPW', '51669', '8FB5Q71G'),
('1D05', '(664) 406-5475', '3AU', '7G46GF', '30311', '65D'),
('1D4UW', '(504) 408-2984', 'WO', '24', '82826', 'OW1T2D4S'),
('1D6', '(303) 314-5112', 'I', '0', '63539', 'OU'),
('1D88', '(573) 265-0779', '2Y6', '8M1OC', '80739', 'WL'),
('1E', '(717) 453-2191', '041J', 'V43', '30745', '7V1K'),
('1EIAKO3', '(186) 671-6772', '870MG6', 'P', '11987', '2AFKZ'),
('1F', '(702) 243-9878', '6WOAL2O6', 'T', '55896', 'IS'),
('1F0TON2LDL', '(162) 594-3187', '81A', 'THA13Y', '65062', 'C'),
('1G', '(205) 787-0309', 'Q', 'HT7Q', '22793', '0D'),
('1G26Z91034', '(702) 070-5257', 'W', '7TCL', '22962', '91A411MIO8'),
('1I4', '(576) 204-9105', 'B5', '6', '81150', '3J'),
('1M', '(818) 577-6129', '9I4W', 'P0X1', '18480', 'Q9'),
('1Q', '(464) 712-5340', '1WEWO8', '7NY06', '79316', '0337'),
('1Q24Z', '(727) 033-5337', 'M2', '748EQWHBC', '51528', 'X542LN'),
('1R', '(116) 578-9845', '0O', 'CK8ADQ8', '23218', '3YH32G0'),
('1S', '(847) 045-3326', '2', 'W1', '59366', 'K8OZ'),
('1T7YZ', '(205) 349-1440', 'A39VD', '1', '07238', '2757'),
('1TM', '(209) 421-8194', '58AY4', 'R742W4Q', '90996', 'IUI'),
('1UJ', '(654) 631-4390', 'D', '9', '72869', 'W4V'),
('1V05SY5', '(694) 594-9899', 'X348', '0', '25524', 'Q2'),
('1V8ZU7KE', '(605) 016-7594', '11', 'M072', '49626', '25'),
('1Y28G', '(537) 677-5006', '4', 'Z768SH9', '33111', 'Y24'),
('1YS', '(463) 115-5742', '28X', 'N1ZPVF0Q32', '07923', '57H'),
('1Z5', '(821) 104-7434', '04R', '1', '03274', 'P1'),
('1Z65P9', '(824) 267-1042', '8', '131K', '32660', '5PGU'),
('2', '(782) 164-8595', 'YB026RU', '5MQ', '78189', 'HBY1AS3IGA'),
('20', '(958) 631-8268', '8', '17854', '03053', '9U'),
('20X6', '(471) 745-2573', 'Q', 'Z', '48723', '3T'),
('211', '(567) 683-9288', 'B0V', 'T037T', '41015', 'BF'),
('214XJ19V', '(407) 488-1815', 'W89RU3N4', 'W2N', '36321', '7MGG'),
('21Z242J', '(158) 654-0178', 'T4J', '6', '14760', 'PH18SDZ0N2'),
('22', '(343) 768-3934', '0', '5KJ6', '38995', '8445MV4S3'),
('227', '(245) 320-3977', 'X3H6US', 'U', '27588', '76168'),
('22753A1I', '(149) 327-2297', 'Z4W', 'A', '90143', 'QY2'),
('22L9', '(276) 614-6922', '8M', '3', '03876', '2D'),
('233', '(632) 843-0957', '2', '9', '08153', 'YVW'),
('237XBTJZV7', '(600) 635-4460', 'N059Q', 'V', '92174', '5HTL'),
('23U2I0', '(107) 494-5051', 'D', 'CU8877', '47659', 'DKT0BGKA'),
('24', '(900) 090-2262', 'A131357V', 'CWYH1', '90735', '3I6'),
('24416', '(622) 480-1248', 'JGF2AU58E', 'Q', '71105', '0D50H'),
('25', '(267) 040-6221', 'K', 'XT', '64703', 'GLU38WK'),
('254AD', '(121) 928-0709', 'A949378H6', 'RVH4S7', '78879', 'D5'),
('25L60', '(783) 384-3350', '5', 'J', '32110', 'U0G'),
('261A5', '(772) 406-6508', 'H4', '9LLI0', '19504', 'TJ'),
('26497Q5', '(354) 456-8642', '7', '3N9', '27664', '61'),
('2788JHFVN5', '(302) 889-3158', 'Z61XW', '5P', '19802', 'Q6ZTHMQTV'),
('2794DGH5B', '(716) 220-6545', '8', 'M0', '28206', 'A9BIN'),
('27Q', '(704) 052-8534', '0K56', 'LU', '24261', 'BA323P781X'),
('27Y9RFO90S', '(492) 364-3557', 'S', 'YI5', '88505', 'L9G050'),
('29', '(922) 509-5128', '91I', '6B', '47236', 'S2XV'),
('29NN', '(913) 426-3693', '5G', 'M43M', '60571', '7K'),
('2AIEP4', '(970) 828-3921', 'K384', '89', '98106', 'HACA2'),
('2AX32B9288', '(846) 857-1068', '4SG', 'I', '06626', 'S1G'),
('2C', '(939) 945-0277', 'PM8D', '77', '38206', '19O'),
('2D5YT', '(515) 199-3644', 'H8B5', '42GMNO7F6', '38242', 'AW70'),
('2FE8JM24QQ', '(988) 683-3594', 'I3KI5', 'A48', '24593', '8F'),
('2G0A', '(550) 922-0599', 'L0R0', '389Q', '50266', '7WL'),
('2GQ', '(277) 478-5860', 'KJLQ', 'G361W8', '21920', '4R812W3'),
('2H18W8P28', '(271) 785-5586', 'L44IO1UG', '166L8', '13770', 'Z90H0A3'),
('2L', '(232) 608-9156', 'C874PGI', '7', '57103', 'H7NY6'),
('2L6', '(494) 993-6629', 'P5V7', '4', '13392', '5W7'),
('2M296', '(164) 654-3863', 'M', '0I', '96950', 'BZT2'),
('2M7F', '(435) 563-7434', '2WL4X2', '6', '51859', '13K50UZ2'),
('2MR9M', '(444) 723-8097', 'M', '840', '69890', 'W9EB'),
('2N6', '(255) 181-1301', 'D', '8EK', '61391', 'AX096A'),
('2QN29', '(323) 177-2670', '8D75', '187J8', '18749', '43P20WY'),
('2TT3V709OU', '(579) 163-9312', '1', '0M70S7DROE9', '61646', '7W'),
('2TW6H', '(511) 006-9351', '9T', 'F', '52988', '52472649WO'),
('2X', '(896) 669-4399', '35', 'UVD', '04228', '06'),
('2Y4', '(811) 106-4568', 'H', 'K', '43577', 'Z90H0A3'),
('2Y53', '(354) 182-5826', '2Y72UZ', 'EK6026', '45401', '42G564SKDC'),
('2YE9KC56N7', '(882) 482-4979', '38', 'RFBSSE7W0', '42628', 'Y24'),
('2Z', '(286) 989-0317', 'N4', '1J1B', '62124', '0E60M'),
('2ZD7', '(401) 276-5604', '635G82', 'JH', '66969', '7K'),
('3', '(306) 348-8601', 'OF1', 'M4L', '06751', 'O6'),
('30575', '(782) 312-3097', 'H', 'P30410', '20644', 'JCZ8TMV'),
('31', '(897) 114-2497', 'C11P5', 'Z', '47437', 'TBAG'),
('311XJ8', '(647) 809-2897', '51', 'T', '86997', 'OW1T2D4S'),
('316W4', '(409) 048-4968', '2', '8', '96451', 'MT2'),
('31FR', '(457) 474-8527', 'WVPP0', 'H56', '48559', '9IJU7'),
('31IF9178NQ', '(229) 609-2563', 'S', 'W', '63130', 'B987J'),
('31TF6Y', '(188) 014-4013', '0CR5A5EG6', '96I4U6', '72828', 'F9V66AX'),
('32', '(367) 201-7126', 'I0', '4', '42553', 'ED48K'),
('322C1', '(220) 562-1025', '1E9297G', 'J', '70242', 'EK'),
('33HF9', '(465) 819-2942', 'N0Y0A', '4', '48593', 'C7S8'),
('33N', '(304) 524-2712', '19U53', 'GF2X8IT', '44934', 'L72'),
('34', '(953) 044-7958', 'AWGRBK', 'QE1J', '80023', '9'),
('3471E10D7F', '(314) 612-4497', 'M8', 'JQGQZ0NS', '34919', '94'),
('349W', '(182) 418-7002', 'SNE80', '85Y4', '62218', 'YA'),
('34SIY7', '(351) 385-1275', 'KHT', 'I6', '13314', '8Y'),
('35', '(438) 262-3235', '6', 'J1', '85094', '0N69'),
('35367VM4', '(927) 200-8634', '7', 'C', '19650', 'GS'),
('36', '(972) 570-7445', 'PJU6H', '82Q12NKR', '32407', '9RA'),
('36DFAEV', '(607) 290-8944', 'D6', 'E', '64551', 'N31XK0'),
('37', '(795) 854-5391', 'X2', 'F11', '34635', '7XL'),
('38', '(892) 531-2991', '2', 'F5T0IM4EU', '29317', '3D2X'),
('3854', '(138) 866-8157', '4', '1', '64092', 'S5ZOYQU5QY'),
('39', '(830) 409-9960', 'C21552U37', '2M329QK7IZWIC02', '13446', 'YQP748ZEAR'),
('396', '(835) 676-2579', 'O', 'PG4677WNMMG', '30782', 'VWJ291'),
('3CRZ7X', '(494) 747-4217', '7', 'I', '18031', 'B5R0'),
('3F13', '(156) 889-5518', '4QE5PH', '5', '80728', 'HJTM'),
('3G2', '(747) 464-8391', '6AX', '7', '70582', '5W0'),
('3H83', '(103) 901-6133', 'LQ9', '6OZ', '64665', '6H'),
('3HLK1', '(984) 718-0347', '1', '56LB', '68959', 'Y1X'),
('3J945E1', '(452) 143-9272', '178', '16ERVA', '53309', 'F61'),
('3L5', '(778) 542-8703', 'W', 'V8', '76523', 'C4F1DA3L7'),
('3LFIAIZJ', '(135) 851-1775', 'MD7', '9B5FIJP', '96381', 'B'),
('3M6P1M1', '(174) 870-2218', 'A8J', '6', '92165', '2761'),
('3OV79W', '(660) 665-3913', '4', '8JP3', '97099', '334C'),
('3Q9W18I', '(505) 401-4655', 'NO', 'R4', '59489', 'JV1'),
('3RX3100HB0', '(114) 988-0187', '7', 'Q', '71417', '8R'),
('3SB9', '(296) 952-8282', 'C', '2917', '69709', '6D4AR53J8X'),
('3SI6', '(109) 133-0096', 'TB', '9', '85446', '7Z'),
('3SR8', '(443) 341-7556', 'NYD', 'D0I', '35492', '88'),
('3U78', '(604) 391-8879', '6', 'Q', '12600', 'QHM'),
('3W', '(524) 667-4759', 'UITE', 'W3B17U4', '81257', 'N3LX'),
('3Y', '(245) 600-0502', '35T3', '5', '26843', '4178GL6'),
('3Z', '(827) 460-4262', 'C', '76RM61WGDBRE887', '01921', '87'),
('4', '(651) 163-8918', '2', 'Z', '96600', 'TH02L527'),
('40Z', '(461) 641-7685', 'V', 'H5K', '89914', 'LR9J'),
('41', '(335) 465-7045', '0', 'OY', '99759', '4HCT'),
('41T5R', '(582) 441-3578', 'P60H7F', '4D', '31918', '85HMFK'),
('45BTV', '(773) 371-0307', '61L', 'R', '92682', '57H'),
('46', '(830) 096-9992', 'W', 'J62', '10950', 'YY'),
('46O7', '(302) 899-4920', '3MQ8C', 'Q', '88917', 'BZT2'),
('473TRNJ5V', '(545) 109-1816', 'XL8', 'EI1ILMOQ9WP', '10989', '0B'),
('476Y14H7GK', '(994) 310-6085', 'D4', '484U1HLIBQB', '08542', 'MA0'),
('479', '(793) 432-0400', 'ACREJWG16', '9', '41149', 'ZZ8WZ3L45W'),
('47A95B', '(192) 966-7218', '2GL', 'NYN', '98944', '0MG86D'),
('47K5V', '(109) 642-3532', '7GS5EQ30', '7W', '99976', 'Q9'),
('482', '(606) 119-6600', '05', '419V', '32852', 'M'),
('491L0', '(708) 958-0549', '0012', 'OK', '14920', '5PGU'),
('493JK4', '(881) 704-7348', 'MW', '1CY', '77534', '9RJ87'),
('49F', '(384) 700-4976', 'N20', 'J', '82358', '4H'),
('4A', '(512) 235-3897', '9', '6N1', '75025', 'XAB'),
('4B', '(983) 816-2941', '2', 'F336QS5', '75381', 'E0D'),
('4B1I', '(981) 682-5876', '3GB', '872', '76688', 'KHH8D0V'),
('4BX', '(323) 243-2315', 'TY6Z04', 'S0C1U2', '31612', 'PZ7'),
('4C6', '(721) 194-9018', 'AG3ARM4R7', 'F6Z', '22378', '4Q4118'),
('4E5K5Y3M6', '(205) 153-2362', '7LECZ89', 'JM7', '97935', '7WL'),
('4EIK', '(887) 804-8187', 'G', 'H9SZ04', '71318', 'ESS'),
('4EXEY3Y5', '(221) 768-2554', 'U', '4TW515NK8B5V', '48619', 'OU'),
('4G5', '(485) 858-6123', 'Z', '9B839Z', '07638', 'U6T'),
('4GA8', '(557) 294-9111', 'IM320W87', '7J2H384', '82987', '2M4'),
('4H3O68', '(191) 320-3421', '2', '32O', '84823', 'TV'),
('4H6M829', '(156) 527-6001', '03C', '2DU4ILHKD', '48236', '0MU'),
('4H8', '(186) 497-4870', 'C2K', '6', '15998', '6'),
('4HB4UNTA64', '(184) 279-7311', '3', '1', '11910', '2DZ25OPEO'),
('4HH87', '(877) 525-7502', '351P', '3R3', '01003', 'Z7MRT25234'),
('4I', '(258) 590-2768', 'U', '8', '89792', '06NQ5'),
('4K8PC5', '(817) 381-4541', 'UVQ90', '8ZRG0', '54439', '98QMX5'),
('4L6', '(375) 083-4082', '075F', '7', '59046', '389012NA23'),
('4N5ND', '(822) 365-2406', '1XXN', 'IH', '41857', 'Z2Z532C15D'),
('4O', '(977) 748-6129', 'FK', '4', '75333', 'NF5JZ'),
('4OV', '(542) 796-0514', 'ZK', '118P9423', '08859', '5SZT4'),
('4P43', '(467) 225-3273', '2J', '99C', '81761', 'JCZ8TMV'),
('4PHF3NH9', '(771) 846-4220', '8203', '7AK807', '58364', 'O'),
('4PHRH', '(428) 236-5996', 'Z', 'R60', '17870', 'R9EY3'),
('4PX', '(196) 876-6103', '1', '8A887', '53006', 'FZ8N'),
('4S4', '(976) 244-5673', 'AD', 'Z', '75799', '78B515T35Y'),
('4T', '(461) 703-6551', '1435J8A', '497', '28235', '8K6836'),
('4Y28T4', '(354) 271-2408', 'N', 'CY5HN86FG0A', '69485', '5H'),
('5', '(729) 825-8915', '8', 'VURH1XHWG', '10903', 'U'),
('50BP73YJ', '(913) 411-6168', '440IV4', 'T', '92658', 'O'),
('50F1145', '(368) 045-6710', '2K', 'YW', '62993', 'X'),
('51', '(614) 754-8875', 'O76PV', 'E3', '08757', '9N1F4BAL3L'),
('51767Q', '(836) 286-7033', 'MT34QD', '1', '24424', '7'),
('51VD', '(614) 935-9421', 'AU7', '53F', '47621', '2FS3UD'),
('53L', '(132) 043-9670', 'ZMQ1LXX', 'U5PU', '34595', '4Q4118'),
('54', '(228) 921-1133', '65E', '577Y4B', '49876', '69'),
('546VYL2', '(293) 819-8037', 'R49LQQ', '3', '15319', '8F'),
('54Y67B8H', '(387) 602-6441', '0', 'WZ', '42916', '87'),
('55', '(932) 341-7348', '7NV2SV', 'E', '30866', 'MC5AQTL8Q9'),
('557A68', '(332) 076-3958', '35748UGT7', '98070', '43814', 'TC7'),
('55VYW', '(244) 707-3599', 'FFG', 'WB03DCY97JZ93X4', '01499', 'NG60G12'),
('56', '(253) 504-8599', '39ZNQFFX', '42D', '43791', '77R'),
('56908', '(768) 847-8709', '71KWT3T', '0R', '89951', 'YY'),
('58', '(428) 905-2167', '1HN', '44N4N743', '39585', 'I5D72CZ48'),
('5814', '(855) 668-1112', '8', '9G6', '02847', '17'),
('58E', '(275) 919-4620', '14V', 'M', '44771', '52472649WO'),
('58T', '(298) 241-4911', 'Y', '2', '60584', 'F61'),
('590', '(173) 040-2301', '1', 'F6GA1', '11292', '2TQ5S'),
('59543XHGK8', '(347) 685-9012', 'ZUR2', '8RMWD8F', '20866', '91'),
('59Q', '(480) 877-8442', '7', 'YB', '52559', '5O5R5CJ'),
('5B', '(361) 203-3649', 'O2', 'B1', '34891', 'OVG'),
('5B9Z6T', '(770) 969-7554', 'E734415UE', 'B5P', '66980', 'XR965P'),
('5BJPN4', '(799) 859-8068', '4NHN', 'M', '76544', 'JCZ8TMV'),
('5BWA', '(395) 110-4033', '08K', 'W6O', '05933', 'C7'),
('5C0A7V2', '(741) 626-6109', 'X136', 'Q5RW', '48224', 'Y24'),
('5CJ', '(408) 482-4021', '7Y', 'V', '33723', '7C1GPQU5HY'),
('5D', '(722) 440-9570', '19', 'XT', '62272', 'KT'),
('5E70HKY', '(278) 866-3893', 'W', '0G', '92189', '3U'),
('5FP937', '(822) 674-5067', '5', 'A408M0', '45288', '78B515T35Y'),
('5G', '(928) 456-1363', 'F8', '61', '99689', '62W70OE3'),
('5HU8X', '(844) 686-8845', 'D47', '0U', '74953', 'J82'),
('5I67K', '(841) 613-7903', '8T', '6NE', '49340', '1984TB3LA'),
('5I7Z14W339', '(470) 922-7378', 'E', '2', '79078', 'R4'),
('5I9EH78Z', '(258) 043-3410', 'X8M', 'G42768B22', '89544', 'S7L65P'),
('5J', '(875) 968-7001', 'M71NA', '9', '71786', 'IW'),
('5JA', '(969) 167-8078', 'BGK', 'Q7ZY', '28997', 'YH3U25'),
('5JA5', '(854) 443-2001', 'M7R', 'O2', '28331', '00'),
('5M', '(675) 788-9044', '9M', 'ICQW2', '63721', 'S6'),
('5NB1172', '(745) 743-4925', 'IR', 'YC', '69897', '70'),
('5NO376', '(420) 461-5611', '3', 'V2', '19816', 'N31XK0'),
('5P', '(114) 944-1237', '655E2F', 'Y77', '12192', 'JL67NL6K'),
('5R4BRX1', '(656) 197-0294', 'H', 'V', '93824', 'C8Z'),
('5RD3Q', '(647) 265-8975', 'RF8F8Q5', '2VJL07W', '87486', '6E'),
('5S7', '(182) 518-5532', 'B3', 'K', '12199', 'JNP'),
('5SXN', '(489) 463-4626', '3R1', '6HC', '62041', '0B4'),
('5TNY', '(209) 348-5745', '3P92', 'W', '71843', 'Z0UY6'),
('5U', '(672) 978-0894', 'DX12', 'GF6VMJO5MUGZ', '90152', '21AA'),
('5V6', '(687) 901-2872', '578', 'I2P75', '26629', 'OP'),
('5V8', '(228) 481-8929', 'E', '5K', '36901', 'SK9877H'),
('5VDK4RA', '(504) 322-3762', '3D', '1X1NJ9', '99728', 'TVRTUR7I37'),
('5W', '(525) 083-3234', '7', '6', '34196', 'Q9'),
('5Y4O1WBZ', '(409) 230-4842', 'T', 'WNH9NP', '31144', 'M8U5'),
('5Z39', '(402) 588-7916', 'J', 'HH6YMU9', '16518', 'IRZOU1X3P'),
('6', '(914) 555-5068', 'Q', '82IU', '93604', '473KI'),
('60U', '(601) 758-0110', '5M', 'FJ75', '55948', '99J0XK84LK'),
('6183X5D', '(972) 940-8658', '6D1', '3', '91713', 'O1E84ABIH6'),
('61T2TJEO', '(591) 652-5687', 'A0K796W', '2A0OVP', '54378', 'KLT'),
('62', '(852) 312-5498', '0A47', '7', '74730', 'TS'),
('622N', '(961) 095-4088', 'D', 'F', '01437', '2FS3UD'),
('6263', '(569) 861-7618', 'C', 'LB8', '75102', 'X34633'),
('63', '(467) 310-5588', '4', 'WO', '85615', '4'),
('639I5V9A', '(799) 710-9293', 'D', 'MPM4UTHO13I6', '58191', '8X0'),
('63BQ', '(245) 982-4263', '6A', '30', '46198', 'N31XK0'),
('63N', '(732) 622-3363', '8N', '23', '94223', '62W70OE3'),
('63O9UE5RBT', '(507) 850-0111', '502X8XA90', '9', '67501', 'F61'),
('645N', '(190) 063-4026', '3T', '195R', '15964', '4I8J3'),
('66L6', '(898) 235-0782', 'T', '76', '52494', '5HTL'),
('67', '(720) 312-3941', '6QV', 'Z', '34188', '0A0'),
('67G', '(588) 186-3269', 'B', '3L', '11197', '3U590'),
('68NXT09BMC', '(149) 854-3659', 'T4X4L9', 'B91A', '50865', '7WX'),
('68OA', '(771) 541-1487', '7147L6X21', '44', '36140', '2'),
('6909P', '(475) 380-3739', '012QU', 'VFQH', '77615', '4U'),
('6938', '(372) 145-0723', 'H4CBV', 'TR7MV4DQ7558', '41672', 'DJF'),
('696E', '(739) 432-5823', 'D6V4B5AES', '42N', '60815', '9N1F4BAL3L'),
('6980FW103', '(403) 178-7669', '4F19T2C', 'C4BH6M', '01557', '3T'),
('6A1391177Z', '(742) 958-8475', 'D81Y1', 'X97C', '64638', 'JNC6B'),
('6A2ES', '(215) 863-1744', 'D', 'F2ZE804GC3F1I0M', '30395', 'A0W11UI76Y'),
('6A97', '(118) 603-7399', 'WBPAKS6NB', '5P', '73623', '8G'),
('6C', '(729) 702-2673', '7', '6U9W', '49843', '210Z'),
('6D', '(530) 164-0111', '9', 'TZ4F29303', '69397', 'Y7IZL'),
('6DS', '(516) 181-7250', 'E', 'V5', '18792', 'QVWM85'),
('6E4J63S7JZ', '(164) 563-1078', '46', '362Y', '20928', 'RFC10'),
('6H8', '(618) 850-7160', 'N37887', '1', '63795', 'T9M'),
('6I9', '(257) 796-0874', '8', '8', '81912', 'F187'),
('6IIM6', '(473) 060-0693', '9', 'R12PE4W05TXZ43M', '08651', '4C8'),
('6K', '(793) 808-5171', 'N9I0I', '5', '30913', '0A0'),
('6L', '(455) 148-5531', '74YH', 'S0965YO', '37146', '7W'),
('6O39D', '(537) 222-1190', '78', '65A', '43735', 'OW1T2D4S'),
('6P0', '(813) 320-2739', 'H', 'NB24', '78104', 'IS'),
('6PC', '(165) 605-3244', 'Z1D8', '67149', '26366', '2M7OLR94'),
('6PGC8G6', '(208) 830-2277', 'J17', '9', '90291', '80ZD'),
('6Q', '(295) 013-1334', '1P3', '1PE', '45423', '7WX'),
('6RK2ZF', '(886) 113-8347', 'R', '69Q1K', '83360', '1K1B'),
('6SBB5GT5', '(530) 516-4746', '9', 'S', '11522', '8Y'),
('6TAM5D6', '(226) 046-9644', '0N', '69W2LV13854', '34217', '3I'),
('6V', '(426) 151-5218', '1J', '6I0', '49284', 'BUCI1Y1'),
('6V4', '(525) 391-5366', 'RTF', '6', '65897', '75H5D'),
('6W', '(323) 677-4589', 'B63F', 'A078', '41867', '4210C7'),
('6W00', '(168) 173-2252', '2AW', '13N3J', '89370', 'PI'),
('6X', '(865) 586-9726', 'E', 'B039H7BE4RA', '35280', '6418'),
('7', '(437) 389-4694', 'NVR', '6', '33525', '54PU351FQ'),
('70T', '(788) 495-5476', 'N9', '8QM98W65MZ', '69274', '2C6S0J'),
('70T61YYZ', '(299) 280-2471', 'G437', '81LA40', '19374', '72'),
('71', '(768) 009-2635', '1J', 'V', '81411', 'JCZ8TMV'),
('7131E', '(612) 221-5810', 'ZOZJ', 'Q4H', '45436', '543B9JD4L8'),
('72', '(333) 176-3368', '8', '49P98B', '04887', '473KI'),
('73', '(319) 460-8104', '1DY', '3', '03763', 'J7N3I'),
('73HK0B22Y', '(487) 838-1772', 'U', '63', '90286', '9YY0C42'),
('749', '(979) 592-3647', '42S', 'TJA8', '08030', 'CX'),
('75O308', '(364) 894-8648', '6M4HVQ', '9E594E', '65320', '9IJU7'),
('76', '(220) 405-3617', 'B03', '3JAG4', '39142', '13'),
('766', '(203) 935-8825', 'VT', '48FWP2ON', '34579', 'OP'),
('769L', '(712) 332-5266', 'H', '38', '44376', '1TR'),
('78', '(536) 571-8049', '2', 'F', '73263', '80ZD'),
('787', '(537) 020-2724', '4', '08V', '16794', 'NT6Z926'),
('79IG5393DY', '(843) 641-1518', '7A', '75', '19330', 'O1E84ABIH6'),
('7A', '(810) 944-5068', 'LANQ776M3', 'M3U', '47807', '91'),
('7B', '(616) 610-7855', 'M', 'L', '85536', '5W7'),
('7C74B', '(703) 788-6656', 'J', '19', '76070', '0626'),
('7CDGY', '(603) 361-9517', 'L0', '32', '01356', 'CV8I'),
('7D', '(426) 073-7711', '3F', '4', '50582', 'T1M'),
('7F', '(109) 258-1263', '5', '851B1', '02452', 'U25Y'),
('7I9M78I', '(138) 168-2450', 'R9', '3E', '44234', '67V'),
('7J017W1WR', '(242) 117-0833', '949PS', 'MF', '67545', 'IJFE'),
('7K9F0', '(557) 350-1165', '7Q2A', '4', '41817', 'YQP748ZEAR'),
('7MSZ', '(969) 802-0560', '898SP66', 'G0WK63RRTA16G', '10673', 'JL'),
('7N', '(984) 776-1381', 'P', 'R4E3WX464', '33993', 'FI'),
('7N1KH7', '(891) 163-4352', 'U', '4', '35975', '7ZJZO'),
('7N38J', '(379) 217-5382', 'TJ2O18O', 'M', '80832', 'F61'),
('7O5M', '(241) 260-0002', '26LK2B592', '3', '09304', '0MU'),
('7R407', '(195) 578-3453', 'MN', 'BGHEG', '55535', 'VLQOG9LW'),
('7SDBFSXR', '(803) 503-5971', '1300S29', 'E0Y', '49602', '2FS3UD'),
('7SYCUT7', '(204) 127-2341', 'F8', 'NH3', '25984', 'YLX218L'),
('7T', '(313) 610-0275', 'N5OTME572', 'Z7K', '60453', '5C37PGJ8T6'),
('7T8V', '(659) 623-7919', 'M8', '6', '48930', 'K753'),
('7UZ2D2O', '(544) 264-2743', '7', 'X858', '95289', '48TXV758W'),
('7V4', '(760) 660-1285', '0Q', '0B3', '62997', '7IG381'),
('7V50', '(309) 942-4275', '7', '3', '50738', '0MU'),
('7W7P3MJ', '(810) 083-5289', '6D4JX56S', '597Q', '13142', 'X79H3FM'),
('7X7CT8W670', '(368) 311-5673', 'R', 'M4B', '21794', '6D11LK2'),
('7Y2X', '(763) 957-8708', '62', '93', '78440', '402'),
('7YX6', '(955) 203-4245', 'NQC', 'NU', '44913', '4I'),
('7ZJ', '(910) 683-8499', '1QRF22', 'DHZCIGZ', '83409', '15'),
('8', '(782) 816-5491', '5G46IX', 'P80439Z', '51089', 'O99N'),
('80', '(886) 294-7851', 'T7C', '614', '62640', 'QY2'),
('80464', '(898) 082-2391', '1', 'P5JM827FS0XJWZ', '89023', '4R1'),
('8056', '(185) 010-8265', 'B', 'S', '73633', 'IW'),
('80DBFRW9Z', '(717) 726-0836', '0K9YCEE1', '8', '54275', '71C'),
('829', '(835) 057-5224', '31', 'BJ9', '93699', 'U9'),
('82A816', '(151) 534-0085', 'V4', 'MR', '85751', 'J7N3I'),
('82LV6P', '(522) 190-8545', 'I33', 'SC', '57370', '5X8'),
('836', '(721) 148-5318', '9', 'B', '10662', '0WZ1'),
('838', '(887) 916-3028', 'Z2', '7J8SO67', '16118', 'M4490JWAU'),
('83D', '(985) 571-5339', '190Y53', 'V9', '89297', '239'),
('83PKM1R3', '(961) 412-8994', 'V2', '2T', '90505', '8K6836'),
('847', '(694) 286-0693', 'H', '5RP9', '90508', '74'),
('84B9N2', '(658) 458-4604', 'CWG9', 'M83', '99572', '0T0'),
('85', '(748) 666-0948', 'KAMW', 'EX9BT4', '43438', 'ZPFZK10C51'),
('85SH421', '(690) 707-2446', '4', 'O2', '68430', 'MT99D6SC4X'),
('86', '(708) 616-0443', '272617', '6X', '82770', '0C8W9K'),
('86I2F', '(714) 171-5507', 'DH07', 'XL6G84D9', '65833', '75D59'),
('87', '(696) 727-4713', 'P0', '6', '01899', '7FQCE322O4'),
('87F6UQQA', '(737) 286-0111', 'UH4UC7S', 'I', '16793', 'Y0CMOND9S'),
('884', '(721) 761-8983', 'M', 'N08F', '92026', 'S3O0IH2U'),
('88CQ96UWX9', '(343) 750-8926', '17', 'KE', '14337', '26HZ'),
('88O', '(351) 210-3357', '6F', '452', '11390', '4U'),
('88T5ZDH25', '(601) 022-9659', 'H', '80V992', '25555', 'YA'),
('8A', '(788) 239-3951', 'TW', 'JQ3', '62512', 'IUI'),
('8AX11C80', '(993) 006-4022', '2FV', '94KB', '93072', '3I6'),
('8BT2Z8S', '(479) 866-4720', '919', 'X1', '26906', 'O0'),
('8CM', '(199) 540-7364', 'EHG46NE', '43QQ2', '20717', 'CV8I'),
('8E2IL', '(650) 352-2920', 'J4JG4', '1QIBD30', '98685', '17'),
('8E4', '(460) 648-7037', 'UY6109', '3N0', '74292', 'UKNBJ6V0Z'),
('8IUF9R', '(832) 015-5692', 'UR', '68L9V', '01765', '8FB5Q71G'),
('8J', '(118) 608-1913', '88', '2DU3', '43561', 'YZ'),
('8KT3', '(609) 032-4151', '18', 'F', '05500', '0MU'),
('8M9OWEFH4', '(767) 374-4992', '0', 'C6H968555HI', '24307', 'Q2'),
('8N5', '(226) 699-4530', '2', 'M6Q6023', '79584', '6S7CDF745'),
('8OX', '(284) 877-6131', 'L', 'ZZ4', '90878', 'RO0'),
('8PN', '(464) 564-8190', 'TU', '73312FC14', '82558', 'R0'),
('8QF1', '(734) 736-0536', 'T', 'B5', '63707', '7KWXB'),
('8QH', '(127) 480-5692', '7', '2F8376', '12706', '30'),
('8RS', '(485) 983-0908', 'DA9N', 'HM', '53867', 'B04Z32'),
('8T', '(921) 022-7118', 'B1', '45TNM3M', '28734', 'GEEM9U9'),
('8T1VJ', '(883) 358-2755', 'M92DG03', '2MTK', '66410', 'P'),
('8T61R', '(432) 471-9638', '3Y', '5', '15133', '65VI20'),
('8U28E', '(266) 791-2116', '62TW', 'T', '56303', '32'),
('8U87MRIA4', '(186) 124-9140', '24K8', 'XZ5XOG0V', '18154', '818Y'),
('8V', '(913) 583-7953', 'BW', '35S', '64643', '0P'),
('8W', '(273) 957-4950', 'SO', 'P', '04052', 'F8'),
('8W3QR4', '(257) 051-7910', 'R0WQH', '17TE1910L2S5', '51336', 'GO'),
('8X2', '(551) 003-4539', 'K', 'W5H9', '02109', '9U'),
('8Z6', '(645) 169-7368', '659TSD0', '9F973FY', '20472', '2FS3UD'),
('9', '(357) 250-9278', 'A6', '2LO08JRR76XG', '36854', 'L5CAF'),
('90', '(777) 999-6356', '9', 'P0', '11508', 'JL67NL6K'),
('9094U61', '(846) 705-0945', 'D0', '21', '43695', '2P95'),
('90YKOW', '(808) 051-2053', '6', '20', '41334', 'Z9E'),
('90Z1', '(309) 091-6208', 'YYH', '0', '90970', '3T'),
('91', '(914) 144-3110', 'M', '9', '25008', '6'),
('9196YF', '(578) 799-6471', 'J1', 'M9YX', '53328', '62'),
('91E5', '(968) 752-3243', 'QW4', 'I', '79019', '2J1'),
('92', '(184) 857-1250', 'G5', '8', '22546', 'N'),
('921', '(486) 159-4631', 'TY9', '9W9981J', '35226', 'SF8QVK'),
('924', '(993) 840-1420', '1370OF1R', 'PM', '31929', '2NG9N'),
('93', '(712) 425-0303', 'EGFH8', 'BTC0X568GTL4L1A', '03266', 'XLT'),
('94WA7', '(286) 206-7080', '0', 'C8', '08242', '284'),
('94XOY', '(302) 707-6257', 'RONIJF', '5', '81151', 'XQ'),
('953WH', '(387) 814-2987', 'LWJ', 'M1', '04743', 'U6'),
('95I302', '(218) 169-8627', 'SB', 'C96', '23829', 'M0'),
('95PU8FXX', '(521) 830-1257', '6', 'HZU4CKC10', '41669', '43P20WY'),
('96', '(384) 303-9770', 'DT4', 'BV3', '52512', '5PM8'),
('9668YQ2C77', '(374) 551-6116', 'BE', 'W', '33467', 'UJ56187Q'),
('9690', '(762) 513-8085', '7', '7ABA', '09659', '10K6AW80S'),
('97PHBUAP47', '(548) 266-5843', 'ZOA7E6T', '43I30', '59566', 'BKT'),
('98', '(922) 012-6353', '65419O3', 'U', '78388', '1K1B'),
('98458R9', '(931) 045-6104', '214HNAX', '1732N', '99493', '5W7'),
('9871K9B719', '(659) 344-2951', '61', 'NDBN', '20864', '96CQ4A0E1M'),
('98IQN', '(945) 575-4637', '36', '7', '60154', '57H'),
('99', '(904) 404-9663', '36Y', 'M', '40836', '3C22W5'),
('99P', '(357) 288-7306', 'P08', '3P650', '76784', 'YMN6U2NZIZ'),
('9AV5O69', '(733) 979-3126', '8GK', '1088A1', '01252', '7XL'),
('9E', '(966) 155-6066', '539864OB8', 'FS3X3', '86425', 'I32FXR6G'),
('9E7WW2NS7I', '(726) 130-7201', '7', 'YC', '25403', 'NF5JZ'),
('9F1', '(910) 737-7047', '3421RDP', 'S1UDO16', '49369', '08CY'),
('9G', '(555) 188-0407', '6JL', 'T7', '72809', 'IBTM2'),
('9GH638065', '(482) 087-3385', '9', '2360N1', '53143', 'T1M'),
('9H', '(621) 665-4133', 'XQ75', '3', '62076', 'OA'),
('9H538', '(913) 514-6394', 'FE2', 'MDUV2MWY28X9NO', '02519', '30HP9KN094'),
('9IYNT', '(993) 338-2161', 'S3RC', 'Q', '55356', 'E0D'),
('9J', '(411) 952-0076', 'O', '999QL8', '55575', 'TZ'),
('9K6151L410', '(471) 880-3131', 'GG93560H3', 'ZMB', '22557', 'Q18Y8FFM'),
('9L76', '(578) 697-4370', '2WW', '898', '35010', '29923'),
('9M7P', '(276) 878-3699', 'K4', 'A00', '02332', 'J7'),
('9MUJ5', '(199) 082-0360', 'S814Q', 'W', '75957', '2761'),
('9N', '(416) 538-2624', 'AN', '2BR8', '75549', '6'),
('9NW', '(699) 420-5614', '5', 'V', '27571', '2T7'),
('9P2ZD083C1', '(996) 569-2315', '932', '2', '48478', 'MY6UU'),
('9QY1988XV2', '(840) 243-1506', 'J', 'RLN1', '10275', 'S5ND'),
('9T30M', '(797) 614-4053', 'Y3', '18JB9', '52970', 'YZ'),
('9T8X', '(271) 527-9526', '49', 'A', '79421', '0600'),
('9UTH', '(217) 364-6605', '0', 'G0UE', '27110', '4Q9'),
('9V', '(849) 475-6246', 'YW', 'I57', '37747', '0T0'),
('9W', '(940) 920-0349', '6US7', '1I509NOM3X', '56881', 'NOE'),
('9YB', '(907) 697-7693', '7', '0T', '96677', 'P09'),
('9ZQC', '(572) 757-6776', 'DM', '2', '20146', 'GS'),
('A', '(245) 537-5028', 'Y', 'P', '34494', '1AV3OUO14'),
('A02', '(953) 405-7271', '2K', '1KV1', '36889', '20007T'),
('A06', '(232) 433-4876', '504', 'Q0A', '78710', 'S2XV'),
('A0M26W7', '(484) 599-7175', 'T', '6', '72984', '5XV'),
('A1', '(555) 736-4748', '18V2', 'S', '47042', 'K104D'),
('A17H', '(537) 061-1013', '0', '1', '15925', '7Q'),
('A18', '(896) 924-7433', '8', 'K', '43541', 'OU9Q17'),
('A1HD8Z79', '(141) 658-0375', 'T', 'I3P9', '96754', 'TV'),
('A254', '(326) 509-6894', '9', 'A', '63682', '1984TB3LA'),
('A26V', '(824) 967-6876', 'BV', 'L4M1', '06984', 'S1Q6Y16K'),
('A4', '(840) 841-6841', 'D9', 'VEZZJ79KV', '26866', 'Q94OCD'),
('A4R20D', '(113) 735-6384', '56', '8', '92251', '2E5716Q0GD'),
('A9', '(445) 581-7884', 'N2', '8', '44495', '80ZD'),
('AC', '(624) 986-7806', 'UJIQ', '2', '22045', 'I28T064CW5'),
('ADN', '(529) 065-0726', '43C', 'H206FDT8I', '56906', '2NG9N'),
('AI', '(547) 490-6986', '660', '6EN7', '88795', 'IW'),
('AK2S51', '(354) 611-7125', '7', 'G2AB', '42979', 'KOB9'),
('AN2', '(269) 831-5016', '3', 'Z', '28466', 'L30P6'),
('AOW3', '(915) 124-2175', 'X4', 'U', '81148', 'O99N'),
('AU', '(677) 672-0737', '67', 'V', '58810', '80ZD'),
('AY4L7', '(586) 144-8387', 'VA', 'R', '29734', '78B'),
('B', '(696) 568-0117', 'G92', '22AI3A', '06573', '3'),
('B0', '(447) 141-1867', '47JTVUYA', '8D', '43066', '71C'),
('B1MY917', '(406) 814-2274', '5A1G505S8', '45', '06060', 'A0W11UI76Y'),
('B1N9J', '(952) 856-7296', '4O', 'P2E', '91963', '5S6'),
('B5D0', '(801) 604-0891', 'P', '4MQ3', '85543', 'EI'),
('B6', '(721) 031-8109', '1', '5L', '70252', '4OI'),
('B7V11M', '(539) 893-3911', 'I', '3U81', '47730', 'B7N'),
('B92540G4Q', '(174) 990-9150', '55Z40', '2E', '92014', '46D6'),
('BAK65', '(532) 378-7082', '59', 'KHUT', '52086', 'KHH8D0V'),
('BC', '(976) 398-5595', 'Q45', '85T80', '21372', '74921G34G1'),
('BCJ0', '(661) 017-4873', 'HP91', 'W', '06818', '7V1K'),
('BD68', '(902) 010-7034', '7U', '4', '65097', 'NT6Z926'),
('BE9', '(752) 395-5608', 'VLB', '35C', '72171', 'JV1'),
('BON8', '(390) 851-5945', 'Q', 'VA', '72935', 'H36'),
('BQ59K', '(713) 114-7015', 'I8U3', '66X79293', '95775', 'F596'),
('BT', '(135) 580-8984', 'I', 'N', '94287', 'Y0'),
('BVEQN5', '(157) 778-2112', 'Q', 'IQF', '81008', 'RW6'),
('BVG54A5FGM', '(194) 225-1645', 'Z564HM1', 'FOJ67N7', '62516', 'B3'),
('C', '(873) 033-1497', '27', '2', '11450', 'SF8QVK'),
('C0', '(641) 735-8813', 'S92MG2', 'J20Q', '96041', '6NO'),
('C265', '(978) 894-8812', '9', '0', '93708', '85HMFK'),
('C3P', '(290) 325-3255', '3WF3E5', '3', '21642', '80ZD'),
('C6', '(131) 415-3747', '0', '43', '10562', 'M'),
('C9A8', '(980) 086-4815', '8L0HR', '846O', '53418', 'HL61D'),
('CB', '(458) 137-2461', 'U4QM4K6', 'DN', '93869', 'Y4'),
('CD408NHS', '(395) 664-0553', '002377K3V', '6', '64908', '98YHQX07K7'),
('CE', '(841) 971-6588', '3IR5E', '2V6N8', '47398', 'E6J'),
('CIX4V', '(807) 678-5351', 'Y44', '99', '68370', '9ROR'),
('CR5', '(709) 171-3835', '2SA', 'C', '77533', 'C4F1DA3L7'),
('CT', '(738) 219-5793', '4RVPFP', '305', '65890', '85HMFK'),
('CZ6', '(480) 588-3047', 'QV6O3', '4', '07347', 'HL'),
('D', '(777) 134-6466', 'EHKR1B', 'BF', '14411', '0V8'),
('D0', '(612) 941-5197', '94Z', '5', '76037', '4H'),
('D1', '(326) 682-0256', 'CC', 'HY', '96113', '55QN2221OC'),
('D2', '(941) 334-3073', 'BR2', '14YP3N4E', '51189', '9882'),
('D2LH', '(654) 304-2167', 'W', '9', '53784', '8X0'),
('D3725202FP', '(203) 565-3960', '0', '2', '29649', 'ZLDCW379V4'),
('D6C', '(900) 835-1487', 'A7', 'P469F', '36714', 'P'),
('D79', '(971) 246-4940', '58', 'YR3UP', '26872', 'YZ'),
('D8GTBRE9BL', '(849) 134-0856', 'LH2', '48R21', '14068', '83B'),
('D8Y6', '(478) 189-3543', 'V513', '6', '94867', '3X06H'),
('DCYDRKJW83', '(262) 772-5898', '8', '2HSW09', '82787', '5SZT4'),
('DE', '(444) 875-5212', 'MHA', '6RI10', '45303', 'SK9877H'),
('DH95', '(638) 607-3257', 'T0LKY7', '2', '83075', 'XYQBJO8'),
('DJ474', '(355) 780-6861', 'Y4M', 'KDX0', '99270', '7H848'),
('DMK7X', '(100) 268-1005', 'VCPH3NT', '6930', '35805', 'MY6UU'),
('DN', '(886) 460-8613', '0NO4054A0', 'L7', '27749', 'QR'),
('DP0', '(150) 547-1406', 'B', 'S0K', '86862', '62RPM1UX1R'),
('DR0', '(780) 912-9418', 'PS', '1957GJ9ESY1T', '39667', '0WZ1'),
('DZ38', '(234) 721-5913', '4D4MF0Y', '7GE0', '69656', 'VV0'),
('DZE', '(903) 333-9457', 'K1CON81', '7', '41916', 'O9'),
('E', '(511) 408-8048', 'S34', 'MH', '09858', '8K6836'),
('E05', '(585) 947-3745', 'BJ0WK996', 'LF', '06515', '45'),
('E0727ZTF', '(537) 257-5521', 'N', '3ME', '77406', 'E06'),
('E0Y19', '(839) 200-3379', 'J', 'KA', '80894', 'DKT0BGKA'),
('E1YX65', '(428) 401-9712', '83R84', 'Q75M6', '71954', '2TQ5S'),
('E32ZR0', '(759) 197-1301', 'X', 'OP1L0T9', '28936', 'B5G'),
('E3U0', '(893) 476-3928', '7B6Q00', 'L8', '31718', 'Z7MRT25234'),
('E76', '(448) 811-5420', 'T6D917', 'D', '31815', '1959H41K'),
('E947Z509', '(191) 037-9749', '2', '15V', '89043', '6IU9YYQB'),
('EAW09CNO94', '(618) 546-5817', 'SBNY4J4', 'FZ', '09567', '2M7OLR94'),
('EC', '(518) 629-8600', 'JT', 'F', '55893', 'WN'),
('ED875', '(530) 944-7216', '0UA810XH', 'S', '58672', '8CVD'),
('EFFCZJ32', '(139) 139-0882', '5BW', 'WFUV', '99525', '0I'),
('EG43DQ1Y', '(514) 853-8587', '73PL', 'D8V212TX89N044O', '27869', '171CLUHJ14'),
('EHW933Q', '(473) 214-7736', '2', 'E', '08392', '0MG86D'),
('EIZ', '(331) 382-2657', '4', 'YK4M', '07190', 'W48'),
('EJ5', '(645) 186-1240', 'CN', '06TPOG', '68946', 'GIZ'),
('ELRJ9H', '(666) 829-3608', '3A59', 'Y5P3SU69C', '73994', '493TD'),
('EMA5U', '(545) 340-7243', 'D36', 'E582L1', '59544', '0'),
('EQ', '(114) 096-5222', 'LU0067ZBM', 'MH6', '49769', 'EK'),
('ET4300', '(134) 411-3022', '3212M3FX', 'N', '06551', '0'),
('EWB', '(197) 532-2369', '2IK', '8ML', '52040', 'X'),
('EX8XU48HSA', '(874) 487-2017', '1984K1', 'K2KD6', '11387', '74921G34G1'),
('F', '(789) 869-8246', '71C01', '6QN3OC3MN289M', '91806', '4PX0'),
('F1', '(925) 879-3477', '057', 'N9V78', '00924', '15M2AU'),
('F6', '(706) 470-3482', 'N2', 'ED', '12018', '355'),
('F65JQX', '(369) 638-0019', '6', '11R2E4QH', '71511', 'MWHGBWL'),
('F7', '(495) 731-9396', '7', 'GZN', '13318', 'H7I2K1RC8'),
('F9', '(351) 142-4000', '93', 'G', '41802', 'SD5'),
('F9D', '(478) 191-9388', 'YS', 'TMX', '29125', '255O7'),
('FFH', '(325) 773-0060', 'Y4', '34T5', '36634', '8CVD'),
('FG', '(497) 962-1380', '7Y36C', '43', '85175', 'OXZA'),
('FJ', '(310) 421-1482', '5DL9569U', 'G6R0194', '50855', '62'),
('FL', '(236) 929-0143', '045Y6JP', 'O', '77578', 'B5G'),
('FMEQ88876', '(944) 863-8049', '8VYPQD120', 'N', '80649', '1FT098'),
('FP90', '(862) 340-2206', '57', 'X7J3N', '25929', '26'),
('FQ9K621', '(197) 499-0744', 'L796', 'W3', '96868', 'J82'),
('FS', '(988) 060-4044', 'T67', '82R88', '65006', '80SO0J866X'),
('FS7108', '(906) 549-3815', 'BB5', 'Z', '63983', 'M8U5'),
('FT', '(900) 158-8165', 'YE', '646X0', '56792', '9M'),
('FY2', '(848) 071-5648', 'RWCKA0', 'JDLNY3H', '44173', '0600'),
('G', '(327) 515-3052', 'V', 'N422', '19881', 'X77'),
('G0PPX', '(635) 215-5539', '32J77206O', 'RW', '88140', '7FQCE322O4'),
('G1XX5', '(869) 045-0218', '592W28V56', 'S', '58824', '9Z6BL98'),
('G2', '(921) 310-6560', '56', 'O7A7J', '96254', 'L30P6'),
('G28', '(370) 385-7298', 'Q', 'OD54', '86174', '6RE8'),
('G3C', '(686) 994-1092', 'A258S4', '8L', '57010', 'D6K6F'),
('G3SMAX3', '(694) 350-3262', '10', 'HF28', '76697', '863Q6'),
('G4', '(625) 292-8209', '4', '593', '03986', '6NI326LDC'),
('G4G27H5JQ', '(296) 444-5432', 'MK055XT', 'D4', '39023', 'U0V2221'),
('G4M78JY', '(961) 046-2102', 'FU', '717', '04761', 'EM39O'),
('G4T8', '(899) 153-3890', 'R', '345', '92790', 'SF8QVK'),
('G5Y63', '(877) 838-3881', '2O', '84', '04383', '2IY0'),
('G77G', '(522) 902-8488', '23', 'Q', '95671', '4Q9'),
('G78K2', '(926) 430-2736', 'O', 'N', '86216', '86'),
('G8480', '(329) 328-1917', 'C6C7', 'RM44B', '74934', '5S6'),
('G9', '(180) 251-9004', '9V2E', 'H9', '10144', 'TC7'),
('GB', '(686) 136-2549', 'XA5', 'Z', '46018', 'E5'),
('GD', '(737) 771-5216', 'W', '4T833W77', '67776', 'Z8B5K3A'),
('GE', '(719) 814-5360', 'TU6W', '581BPZ', '19122', '2P'),
('GE0', '(720) 945-1217', 'B', '36I', '22803', '1BT6'),
('GEP', '(792) 144-1007', 'XQ4', '86', '91922', 'VZ8A5'),
('GGC0Y', '(394) 127-7065', '32M', 'O9', '87992', '863Q6'),
('GGR7ANV9', '(862) 289-6353', 'H', '8', '33126', 'N1'),
('GIP2', '(230) 060-8079', 'OFN7', '4', '34916', 'L9G050'),
('GL', '(373) 387-6278', '2', '3V', '63856', 'W'),
('GLC3X', '(629) 963-7892', 'H', 'Q', '00965', '5631'),
('GLIYB', '(469) 814-3905', '2', '9', '06848', '3I8'),
('GM0', '(424) 392-1614', '5', 'BY', '02710', 'UFS'),
('GN9', '(303) 959-9970', 'C', 'I', '34461', 'VZ8A5'),
('GT2V', '(510) 474-4449', '0', 'C3', '37130', 'T87W7'),
('GX8', '(966) 628-8051', '9', '5T016', '14704', 'E6'),
('H', '(870) 923-0471', 'L60', '0D', '54770', '90P667P'),
('H1H', '(967) 534-0969', '0QQ', 'VN1', '69318', '6RE9'),
('H3EGNP', '(369) 563-1900', 'D', 'V', '92803', 'L1GZC1'),
('H4', '(923) 585-9738', '8A', '9T', '02291', '7CX'),
('H5', '(340) 579-1672', '69U6', '079P0', '47076', '3V2P'),
('H6EMJ1T742', '(856) 462-1352', '54166N17T', 'T2Z7', '00349', 'RK41UF'),
('H74R4379', '(531) 501-3007', 'OCEB', '0', '93987', 'B9JF'),
('H7OSS4', '(131) 765-1354', 'P', '5739', '40660', 'U91Z'),
('H8V', '(331) 554-4102', '1SF57', '67', '82663', '1TZJ'),
('H9TH38', '(677) 959-9265', '0', 'LW35P', '40601', 'T7'),
('HB', '(885) 989-0059', '6U', 'B', '85072', '6Z'),
('HBB', '(794) 741-2198', 'D', '19', '63998', 'WK'),
('HMMM9', '(662) 398-2194', '8', 'KW7H', '22036', '4L'),
('HNF9', '(396) 251-1417', '2', '1L0', '58304', 'RQX'),
('HNMGZW', '(762) 475-3143', '4', '585011ZS', '37830', 'SD5'),
('HS', '(793) 661-0366', '7', 'J3', '45806', 'H36'),
('HZ9', '(331) 582-6610', 'Y', '68B', '24485', '8S99'),
('I', '(400) 678-2082', '7K7E4R', '0Y', '60705', 'DJF'),
('I0', '(283) 013-8997', 'E42', '1T8', '45362', 'H7I2K1RC8'),
('I006COVCN7', '(195) 412-8591', 'L', '5KI', '94657', 'Z9'),
('I2M91W31VI', '(414) 775-5017', '47', 'Y', '15179', 'MT2'),
('I40', '(423) 660-4097', '6M9L31', '9', '51381', '0B4'),
('I48', '(313) 692-6309', 'DRN3U85', '7', '25786', '0AIZ776846'),
('I6O4586F', '(908) 776-3850', '9V', '72KS091E860F', '42073', '83CL'),
('I7', '(320) 697-7321', '4', 'X2', '80911', 'Z'),
('I7W6Z2', '(352) 935-2524', 'QU', 'D0F6R', '21275', 'HQM'),
('I80MCGPT', '(992) 017-9577', 'P2', 'U22', '61079', '2LP2O'),
('I8GQ9M', '(966) 739-8023', '4KU', '6C', '30784', '1'),
('I9', '(340) 205-9308', '06X', '82', '32691', 'L'),
('IHH', '(224) 005-2584', 'SCFP', 'JR51S', '87299', '99F1K8'),
('IOXL95A3RT', '(341) 646-6979', '18E', '2', '79739', '7V1K'),
('IT', '(586) 458-5884', '6', 'G', '31589', '13DU'),
('IX', '(433) 488-1114', 'GB8H', '73W', '79245', 'D972'),
('IY', '(228) 124-3833', 'Y0KJ', '9X7030', '73003', '8W5AQ'),
('IZ0', '(843) 616-3652', 'XP', 'LJEDGG5D8', '50069', 'I2CXBJ5JT3'),
('J', '(812) 301-5300', '4QVL0', '4', '49273', 'TBP8Q4M'),
('J165S', '(323) 155-9563', 'A', '767I7OV', '76177', 'O49V2046'),
('J3', '(157) 442-6856', 'PCCZ0', '0BI0V5290', '32195', '65VI20'),
('J3345646UT', '(592) 896-0770', 'V', 'GRPI', '05666', 'D3UB'),
('J39', '(237) 397-0970', '7I', 'OR', '66240', 'BT356'),
('J45', '(318) 715-4642', 'CFVY9', 'LA', '62191', 'LIP4GQNIX'),
('J8', '(852) 406-2952', '7ACGF5X34', 'HE', '41856', '91F9G'),
('J82222', '(493) 104-7223', 'R63', 'WD', '93508', '29EM'),
('J88', '(865) 595-7370', '1VZD66L7Y', '9', '16465', 'X79H3FM'),
('J908L', '(494) 395-3525', '8', '9N57ULIQU', '77970', '1K1B'),
('J9H6QE4L', '(878) 703-2792', '04K017', 'TA8', '31319', '210Z'),
('JAY453U60I', '(390) 816-4512', '5V3', '3Q66558', '14184', 'U0G'),
('JC2U576YR', '(785) 024-7971', '4', '0B0F4', '01996', '1FT098'),
('JG21', '(728) 498-1406', '9F', 'Z', '70186', 'A9BIN'),
('JG6', '(930) 339-7893', 'KAQV6', 'O34HL2', '37879', '9H0TB2J'),
('JH87X48IC7', '(963) 016-3358', 'F6', '8N', '81541', 'J9X'),
('JI', '(194) 152-7534', 'V', '4V55S', '64570', '3U'),
('JK6KMKE', '(172) 705-9183', '2', '2', '86397', 'D6K6F'),
('JMI8TA8J4', '(837) 003-6794', '55', 'K8450UR', '88639', 'L8ZP'),
('JN8', '(365) 674-3288', 'Z421', '8', '93980', 'Z9'),
('JPJ', '(401) 872-7729', 'R2YP1', '8326', '25261', 'Q6ZTHMQTV'),
('K', '(313) 706-9352', 'B6', 'WUYMNA', '87285', '6D'),
('K1', '(982) 826-6553', 'A2T', 'NA6', '45434', 'U7D90'),
('K12', '(231) 219-1708', 'Z2', '9M', '03253', '82NVD2'),
('K2', '(360) 774-4726', 'N', '48I18', '59341', '8Y0X'),
('K3', '(738) 367-0255', 'TA5X95N', '5U1WXA', '25057', 'ZN'),
('K6', '(192) 901-2953', 'KHU', '8713480AI01ID2R', '08688', '7'),
('K7', '(715) 828-9309', '86', 'TP779VF', '10335', '75D59'),
('K7XQJ0', '(326) 426-8951', 'C0', 'AR61QZ', '65170', 'YL32'),
('K8V83', '(299) 864-9486', '78GE0J', '4I7C', '77707', 'P1'),
('KB1VSUFN70', '(335) 214-5841', '1', '5', '07722', '13'),
('KF7LK', '(425) 294-1719', '23R4S6C5E', 'ERD', '57090', 'D'),
('KG', '(444) 819-1527', 'W934EHO', '9LTTN63', '57666', 'Y4'),
('KO', '(580) 541-6925', '647U0Z', '1', '51672', 'RJ'),
('KS0Y', '(736) 213-4947', 'A7LS', '6UI', '56078', 'GEWG'),
('KS6020', '(500) 422-0178', 'Z', '3XX14835', '65316', '33'),
('KS99', '(442) 409-5096', 'N', '5', '28725', '6W22Q7CC'),
('KY', '(844) 453-4235', 'IC4C1W6RV', '88DL70O9', '80968', '0G4'),
('KZ5SH', '(358) 755-9042', '27EI', 'R81H', '76674', '67V'),
('L', '(857) 323-4972', 'MTSA', '2QI3C3T3', '70581', 'T7'),
('L2', '(559) 009-1219', 'IA', '8UD5', '17657', '2P'),
('L2EQXC22R6', '(959) 390-1824', '127', '5', '66726', '133'),
('L3L0Q71FC0', '(603) 260-6674', '06', 'O3W', '23342', 'P09'),
('L4IW', '(732) 905-6977', 'D2', 'Y4162', '50789', 'WLG0UI35D1'),
('L5GLM', '(418) 593-8304', '88062ZV', '6', '38390', '8Y'),
('L5V4', '(285) 939-2645', '2RE1KJ4', '6', '95203', '064'),
('L8', '(723) 311-9006', '5I', 'ATN', '07975', '3X06H'),
('L9', '(235) 112-6452', 'U', 'CR66', '09410', '4I8J3'),
('L9MLG', '(625) 554-3495', '0', '6553666', '43188', 'U0G'),
('LC9', '(407) 000-6583', 'T', 'VVYD8QW2Z', '80988', 'WN'),
('LL19NNB', '(268) 993-7573', 'F', 'KGK78Q11', '62924', '8J'),
('LMMMR9C', '(114) 310-1255', 'IG', '3R3', '33231', 'I2'),
('LN8', '(643) 050-0029', '57', 'O8', '22605', 'Y7IZL'),
('LO41', '(873) 959-0519', 'K', 'FU', '71760', 'TN'),
('LQ', '(156) 991-1230', '0457F', 'H', '81650', 'ZBZ'),
('LT637', '(745) 204-2485', 'A', 'IP', '42451', 'SD5'),
('LWN', '(283) 464-2386', '8', 'C2', '45081', 'TY71'),
('LZ89', '(837) 567-7931', '51', 'JM5', '52416', '0'),
('M', '(282) 231-1021', '2', '39', '87721', '38'),
('M0GKF', '(199) 823-4510', 'Q14DE46', '2', '02716', '2D'),
('M15', '(872) 446-1282', '09U', '3RJJ2S3U5C', '06693', 'LIP4GQNIX'),
('M1K0', '(868) 356-1349', '1VM2K', 'WF', '82948', 'HS'),
('M452', '(706) 623-1170', '64B', 'W0H0', '27061', '2HKHSH66'),
('M466', '(857) 148-0220', '1', 'XB', '14742', 'S5ND'),
('M5', '(753) 809-6742', '9', 'PC', '74594', 'BZT2'),
('M8W460', '(689) 199-7159', '25A2L', 'VM', '08922', '041'),
('M9988A7ZR2', '(972) 442-7624', '90', '8', '95816', '3T'),
('MG2', '(644) 800-7558', '81', 'E090H197C', '98792', 'OC'),
('MJP4', '(349) 811-1773', 'VX', '8E', '35216', '355'),
('MM2645597', '(510) 072-9870', 'D58', 'Q', '79437', '2C6S0J'),
('MQ4', '(189) 974-6868', 'A', '3', '15556', '4HCT'),
('MQMA', '(290) 952-7058', '4', '31', '93223', 'KA'),
('MQW348H7', '(758) 370-7980', 'CAP', '4', '26862', '0I'),
('MT', '(295) 224-0562', '28P', 'BV', '30017', '10J'),
('N', '(706) 224-3965', '9', 'U', '78380', '736K1MWG49'),
('N0', '(985) 510-7215', 'W0', '5', '40561', 'N1XN'),
('N08', '(605) 529-0725', 'V3HGNXXDR', 'X7D3', '99199', 'M'),
('N1JNB0879', '(568) 730-2747', '14', 'K2YN', '42393', 'T0'),
('N44', '(481) 007-7611', 'R', '8XJ17', '88074', '7WL'),
('N5L', '(465) 423-7836', 'XI', '7IYT4B43', '37227', 'Q2'),
('N9', '(921) 846-8831', '5EV', '490716', '07247', 'OP'),
('NA44AY', '(911) 124-3495', '3V6AA', '4', '88108', '7FQCE322O4'),
('NB43P', '(458) 517-4112', 'F', '53', '98171', '0W3135'),
('NG34628C', '(793) 167-7986', 'F4U65L5', 'P9V', '35654', '9H0TB2J'),
('NI', '(527) 279-4037', '56', 'VX51OQ7', '99564', 'YY'),
('NIL1', '(932) 094-5575', '1', 'J842', '50500', 'R9EY3'),
('NJAQ1', '(424) 862-2613', 'J0ZH6RFS', 'JJ13R275MQ', '72262', '210Z'),
('NL4', '(128) 277-5096', '3', '1F1Q', '04246', 'ARG'),
('NM8O', '(679) 337-4402', 'C', 'D', '66330', '5J015'),
('NS9433', '(921) 951-4843', '7FN7N741', '719', '01504', '56'),
('O', '(279) 349-7486', '554', '0232', '30509', '9ROR'),
('O088K', '(499) 247-4999', 'K450', '3KR', '97615', '9'),
('O3', '(539) 475-2178', 'P', '736937G5', '05349', '70Y4W3'),
('O3Y23258', '(320) 397-7134', 'O13', '6', '84829', 'PGM4'),
('O4NL167', '(816) 731-5641', 'L8BCUGTP', 'EB', '12409', 'PL111INIA9'),
('O4TO3R9', '(928) 993-4573', 'F0GO', '5R', '91285', 'WVA95'),
('O5', '(835) 277-2444', '48QW', 'I1B', '31474', 'T0'),
('O7101133', '(252) 370-5197', '22', 'UYD093EQ7OK', '83686', 'S5ZOYQU5QY'),
('O7X', '(320) 540-4511', 'M4XEXK0', 'EI88', '26674', 'BUCI1Y1'),
('O8', '(655) 125-5323', 'Z14V', '6H', '79113', 'D'),
('OA', '(478) 367-2638', 'B', 'DZ', '82982', '334C'),
('OAUQI06E', '(260) 221-3651', '0Y', '6NV3', '18486', 'A9BIN'),
('OB5S', '(439) 583-6607', 'BW6', 'GA3S208', '12585', 'Z7MRT25234'),
('OB93', '(749) 650-1174', '62MY6', 'IIL0O', '34253', 'N1R'),
('OD57', '(685) 777-4262', '06HMN', 'LWB02', '15782', 'FQ1'),
('OFSBX97D', '(670) 407-1254', '4LX8F', 'Q', '92664', 'V0'),
('OK69P', '(146) 915-5015', '28', 'X', '19638', 'O22'),
('OM6X', '(190) 513-7373', 'D', '9W09IH63MN', '24021', 'DRLZ'),
('OO', '(417) 379-3650', '9Y', '6', '11285', '2E0T5'),
('OODDX7B', '(886) 306-8179', 'V5MK7', 'P8', '67856', '94'),
('OR', '(987) 129-3897', 'LC16', 'EK', '73392', 'Z7MRT25234'),
('OU5', '(169) 211-9384', '2R7B6166F', 'E', '47736', '4FQ'),
('OW', '(943) 488-9145', '64ZY2V5D', 'TL', '28120', '96'),
('OW64', '(591) 934-1225', '5M9', 'L8AZ', '19858', '6P57T3'),
('OY9VN0', '(752) 930-3805', '86', 'M', '52134', 'ZPFZK10C51'),
('P', '(562) 110-2959', 'AT', 'X32B7VJ6HQ', '40181', 'L1GZC1'),
('P3D', '(106) 388-4827', '0', '8', '79120', 'X6'),
('P5I', '(755) 758-2710', 'U', 'P0Z3', '81102', '00'),
('P646Q05', '(103) 717-0249', 'ML091', 'J3', '04189', '0MU'),
('P65X', '(179) 969-6779', 'Y76', '770', '14319', '75D59'),
('P8S', '(572) 507-0674', 'YH', '6Z', '27384', 'RQQ418D'),
('PC5U', '(281) 145-1096', 'JI06', 'ES', '82117', '3TXL6'),
('PITPC3', '(435) 318-7275', '9UV99', 'ZO', '62611', 'SF8QVK'),
('PK3T5', '(180) 255-3590', 'RE', '4', '99742', 'Q1'),
('PKX88', '(707) 039-7977', 'P9', 'R61', '89104', 'QI7'),
('PN25L2', '(486) 625-8628', '1ZZ1', 'D', '98622', 'YVW'),
('PNAS', '(495) 003-4518', 'X', 'X5U', '73603', '0CS8'),
('PR4B', '(131) 136-7890', '45', 'U', '99399', 'H7NY6'),
('PRXI6', '(740) 586-9911', '7I182GP9A', 'CE', '04093', 'QI7'),
('PS', '(764) 244-8129', 'Y', 'W', '53813', '3NP'),
('PU7786H', '(173) 265-2255', '7', 'SC', '96139', 'D3UB'),
('PVDO9I92C6', '(524) 046-6394', '5B', '4', '34770', 'KLT'),
('Q', '(845) 185-0092', '2', '07', '21337', '8FW84I'),
('Q0A', '(807) 108-4009', '709', '3', '30652', '3J'),
('Q0HS3', '(846) 933-2474', '6', '13', '61137', '6S7CDF745'),
('Q2T', '(262) 738-5042', 'OJ41', '37', '46894', 'RW6G'),
('Q4', '(902) 838-5133', '9LB1', '97851U4', '59864', '84NDI4I'),
('Q4L', '(534) 987-6754', '1KCF7TFQW', '92', '57608', '76168'),
('Q58P707', '(844) 372-2427', 'O606', '80', '81265', '0EEPW'),
('Q6M8WP0', '(520) 400-8474', 'UO', '2JG', '56103', '4R1'),
('Q7M1', '(192) 328-8424', 'X', '073Q9M66', '97609', 'P09'),
('Q8A', '(357) 642-4465', 'P1H', 'KT', '57338', 'XAB'),
('Q9', '(308) 292-4348', '0', '1FTF8', '05604', 'TF453I8'),
('QA', '(566) 139-2925', 'PWE5', '98B367', '97188', 'LR9J'),
('QAH', '(709) 800-7115', 'Z', 'V', '30432', '97H59N'),
('QBO', '(887) 805-6907', '9', 'T91', '75241', '05'),
('QF1204', '(119) 514-6564', '7RF', 'TG5', '73029', 'EETKE'),
('QH51N1S12', '(527) 302-4868', 'Y95', '4', '61470', 'YL8N8U'),
('QP40', '(674) 458-3110', 'Q', '6V', '20610', 'PH18SDZ0N2'),
('QV4N2X', '(366) 003-9570', '7Y0UX7F', '737', '74376', '8A1J'),
('QX', '(360) 365-5778', '1J37', 'SA', '62228', 'M7IY50U'),
('QY6G', '(341) 787-2195', '0O2Z', '3', '91946', '490'),
('R', '(507) 763-0863', '8RN4', '99', '05096', 'N1XN'),
('R0G', '(608) 298-7354', 'IO', 'T', '65795', '76168'),
('R0Q', '(518) 830-8650', '8', 'A', '62010', '2AFKZ'),
('R0YQY17', '(946) 450-5576', '7OD', '557WZAO20', '00827', '5PM8'),
('R3640', '(713) 341-3745', '5W', 'T', '07075', 'IUI'),
('R4', '(144) 640-3707', '8DLWX4', 'ZRPBY9Z', '91544', 'GLU38WK'),
('R5', '(739) 744-9382', '7ZO', '9R', '97919', '4H'),
('R7B0X5B', '(231) 665-9754', 'AOT', '18', '14410', '8S99'),
('R8', '(609) 169-7908', '4GXNR6U80', '0I2', '29583', '8B3Q'),
('R8T9ZPTLU', '(664) 831-6051', '693', '2U', '27059', '99J0XK84LK'),
('R8X0', '(734) 516-0728', '6', 'QT', '87436', 'GG6NL7E25Z'),
('RE45B9BTZ5', '(382) 811-6329', '21619', 'X31S3M', '21582', '133'),
('RH6D', '(185) 757-9590', 'Z', 'VDY0', '24796', 'N2'),
('RI0F7B16H7', '(923) 790-5765', 'H', 'Y4V5', '80738', '4H'),
('RQVX51YVM8', '(397) 740-5312', 'O8E', 'ZP462', '70361', '24W'),
('RS', '(440) 122-0055', '8', '02', '16376', 'W9EB'),
('S', '(269) 540-3803', '5E', '8HTS7I', '91413', '3922RR0194'),
('S04FR', '(918) 031-6598', '3CEN76HP6', '4', '59372', 'JL67NL6K'),
('S0F', '(512) 735-6860', 'KHAZ', '61W53H6', '79338', 'YG9S'),
('S1', '(461) 398-5297', '76B6', '9YU0I0', '56632', 'S5YR327'),
('S2G88X', '(742) 356-5800', '7', '0', '10637', 'UKM'),
('S2Q74455L', '(825) 729-8432', '51', '6CX4', '45556', '905'),
('S4', '(718) 704-1519', 'L8', 'GZR', '62059', '4Z230X'),
('S44', '(590) 625-7906', '7', '2VB', '28785', '0E22W'),
('S5ZJ', '(958) 256-6823', '9P4', '1TO4', '37829', 'OU9Q17'),
('S68TN2', '(350) 699-9833', '69O2K4', '7GZ57E', '94795', 'Z5BV2C33SB'),
('S7', '(826) 193-9372', '6O1HVS', 'B8', '34958', 'JNP'),
('S80', '(535) 384-0230', 'Y2ML', 'D', '40375', '179Z02'),
('S8K', '(856) 121-9556', '359J', 'TH486C5WU3S2', '25487', 'C1'),
('S90812', '(695) 730-6385', '5', 'I', '36613', 'E6'),
('SA', '(855) 849-2433', '43U', '58', '39099', '2J5'),
('SDF41', '(873) 355-3653', 'S7', '2', '42219', '4Z230X'),
('SF6', '(373) 371-4835', '93H', 'UC47', '27307', 'BF'),
('SGCMV', '(188) 943-7490', '02RWI0VAI', '0JL6AO7', '07006', 'HJTM'),
('SGVS3ZXR2K', '(263) 030-0429', '1E298', '5M84', '84126', '6E'),
('SHB9T46A43', '(207) 933-0277', '06U2F6HS', 'X638', '00096', 'YVW'),
('SHL', '(419) 036-2813', '5I', 'V', '78193', 'F'),
('SI44XF0', '(914) 332-3213', '5', '462U', '12956', '9RA'),
('SIB876', '(252) 518-2787', '6', 'T98', '82156', '44'),
('SQV1R', '(478) 299-2090', 'ZT', '0', '24870', '991'),
('SR', '(803) 570-1963', 'Q', '0', '45852', 'SN'),
('SVA', '(804) 124-3318', '6', 'VDT5U08', '07664', '10J'),
('SWFF5008M8', '(800) 484-0306', 'A2T44LZ4Z', '3C82', '42507', '5D'),
('SZ6JO', '(120) 773-7163', '37FNQG', 'Q', '14198', 'B3PNS'),
('T', '(833) 067-7569', 'B3', '0CQ2QW1R', '65214', 'V'),
('T11Y7VRR', '(488) 922-5801', '470', 'U48YV', '45758', '2D'),
('T196', '(651) 466-3068', 'GA4PS', 'H', '37563', '3'),
('T27S30', '(543) 341-3959', 'HD8W97C1I', '9', '28036', '00'),
('T2S', '(205) 428-5512', 'KML1PA', '040', '40031', 'G'),
('T3', '(703) 914-2233', 'HE844', 'PTCG8', '09066', '01I3'),
('T6G1943', '(962) 960-5480', 'R50', '94', '80082', '9Z6BL98'),
('T8', '(506) 341-7169', '8', 'S', '17032', '0B4'),
('TD', '(768) 809-3884', 'M2D', 'G3AW0V1F20BTAE', '97027', '90851'),
('TGX3875CJ', '(557) 991-3814', '0', '5', '26888', 'FX6'),
('THDZ0Q31YK', '(302) 765-5640', '00', 'Y', '77541', 'LC'),
('TIUZD2', '(391) 711-9486', 'G', 'AYAX4EJ', '02376', 'YNU'),
('TJ3', '(408) 873-2494', '430', '36M', '51981', '18W7ICI'),
('TJ49TJ6', '(730) 223-3068', 'P', 'RV05', '14178', 'XAB'),
('TO', '(154) 570-3942', '8', 'C7', '74760', 'L72'),
('TQ2P', '(685) 879-9868', 'Q', 'HZU1', '51247', '69'),
('TR1VV', '(493) 369-7613', 'JSV8ZURMG', 'P4IE', '50840', '4178GL6'),
('TRTY65', '(275) 397-9947', '67', '5P2', '34461', 'O99N'),
('TS6FL', '(442) 071-9938', '8', 'MO84', '48399', 'IJ3M5'),
('U', '(691) 091-6995', 'F', 'YN', '29443', 'DL1'),
('U0', '(997) 003-1844', 'KP79J7', 'K', '25475', '0O'),
('U04U52J', '(129) 711-5303', '6735', '29CW29', '91290', '97LZ7P07'),
('U08TC38', '(466) 659-9840', 'U', '61', '92143', 'ZZ8WZ3L45W'),
('U0A16', '(551) 288-3372', '3GCZ1HQ66', 'CH0LYJ9I95', '97794', '1984TB3LA'),
('U1', '(395) 499-1412', '5JI616P', '4UE5', '44923', '91F9G'),
('U3Z47', '(508) 834-9417', '07', 'O', '85253', '31BX5TZYJ0'),
('U4', '(121) 830-4211', 'U', 'R', '70338', '666AC'),
('U42K55', '(824) 640-1506', '50', 'E1Q2', '26828', 'OVG'),
('U4S07MD32P', '(837) 221-4358', 'P454Y51', 'D4', '53811', '6I7'),
('U4Z7T96', '(215) 428-4408', 'A', '90', '62502', 'YELF3RAMY5'),
('U6V170T6Z3', '(509) 100-8922', 'R4', '5', '73473', '8FW84I'),
('U7W', '(972) 750-6991', 'C07HKF', '2', '73474', '0WZ1'),
('U9', '(692) 189-7138', 'M', '692', '14168', 'S1Q6Y16K'),
('U963M2', '(793) 023-3348', 'TY5', 'ME', '59273', 'V7Z9N'),
('UE02MK3L', '(356) 093-4127', 'TD5DMI', '7YLG', '43052', '210Z'),
('UHM', '(163) 399-8225', '86', '30W9', '78396', '13EC1'),
('UKNY9738AZ', '(517) 598-5479', 'J', '3G045T52YU39', '16653', '01'),
('UN', '(713) 253-6610', 'NJ8F9', 'B9Q61ZX', '46644', '3UM'),
('UQ', '(357) 166-5983', '19', 'B', '74840', 'ZLDCW379V4'),
('UR', '(135) 094-9208', 'X74', '8W6LGWPCUD7F', '42007', '5XV'),
('URXYH6E3S', '(617) 439-4015', 'RK', 'GS2M087', '89795', 'E5'),
('UV324', '(764) 178-5724', '77D06Y272', 'W8LN', '93705', '0IE6'),
('UW', '(542) 176-2443', 'GL7H', '4SR41S', '84013', '7E'),
('UWB', '(532) 194-2553', '1', 'QPO69ZB86X3XJA8', '85128', 'K8OZ'),
('UX', '(875) 794-2183', 'WRS', '0JI8', '78136', '2J1'),
('UY', '(743) 320-2739', '5BJ1', 'N7951', '70282', 'Q9'),
('UYJ1BBH4', '(850) 494-7866', 'K30', '4', '71829', '4Z230X'),
('UZ', '(246) 792-7134', '5J', 'T', '51337', '704GE'),
('V', '(227) 982-4098', '15QHZ', 'FK0', '92347', '8445MV4S3'),
('V1R', '(628) 155-6596', '3X8', 'G28R', '44561', '03'),
('V3', '(916) 131-7186', 'O', '6', '21027', '9YY0C42'),
('V5', '(211) 596-2297', '6MZA1', '7', '70653', '3T'),
('V8', '(252) 489-0792', 'B6G898', '4C88', '30956', 'WL'),
('V99', '(361) 318-4086', 'S6Q', 'RFUWF998U9W', '56811', 'ED48K'),
('V9H484H5', '(958) 365-2136', 'E9', 'Y4Y', '31390', 'NT6Z926'),
('VB', '(191) 421-0961', 'RH064547', 'T', '01734', 'QWEQT6'),
('VF94479U', '(470) 135-0894', 'Y2P', 'IE', '10004', 'J9X'),
('VH068', '(639) 808-2727', 'DY1293RPJ', 'F2', '63600', 'B6'),
('VIME', '(164) 347-4821', '2A', 'HC', '64117', '9IJU7'),
('VK7', '(217) 132-1798', 'UQ', 'P5', '23803', 'IO7M2650K9'),
('VM5', '(116) 397-6711', '5Y', 'R', '18400', '6E'),
('VM50Q', '(569) 771-7933', 'K', '812ZO4D9K6', '85381', 'EX98J9'),
('VO5KF1G4', '(958) 233-2815', 'G', 'P874TS', '65645', '8X0'),
('VT', '(239) 854-3086', 'A', '28X4704QK', '91594', 'S'),
('VT7J', '(732) 866-4697', 'ILRA4K', '659T', '88428', 'MIN81'),
('VTL0W', '(121) 446-0353', '0MVE6', '4719W7617', '81480', '3U590'),
('VW2', '(676) 788-1082', 'D4G', 'M', '06926', 'U91Z'),
('VX4F7', '(648) 733-7272', 'K8U', 'J379', '03062', '62W70OE3'),
('VY3Q67FIL9', '(652) 159-4834', 'AU8', 'G1PBJW6U266', '88948', 'O6'),
('VZT19B2', '(652) 748-2212', '0GA', '9', '79931', '9R'),
('W', '(690) 147-8073', 'IHY', '2C2X', '51409', '90851'),
('W19E', '(523) 165-6069', 'VV3', 'N', '47165', '5C37PGJ8T6'),
('W2G9WS7S5', '(423) 052-4479', 'E', 'WJMW0SHG', '43470', '4O'),
('W3', '(386) 029-8271', '1SJ3', '2PH', '93443', '3JBOV6'),
('W3JCED2', '(897) 102-9795', '3R', 'DNIOI5N80', '26505', '2G'),
('W58U5', '(955) 118-7978', '3G0', 'BQ', '89695', 'GEEM9U9'),
('W5CS', '(323) 823-7315', 'L', '0615', '58443', 'Z8B5K3A'),
('W6V', '(390) 759-6063', 'Z2TW', 'AM67FE5', '96449', '93VQ9904S7'),
('W7', '(704) 141-8641', 'YA', 'D', '84282', 'W'),
('W8', '(362) 919-2462', '50', '2CHLB1', '47090', 'A0'),
('W88', '(613) 231-2305', '34043', 'X', '06583', '00727Y'),
('WA0', '(686) 747-6576', 'P9', 'AT4U', '59429', '06JG'),
('WB131', '(939) 350-2758', '2Q0', '92S9Q23', '62586', 'O99N'),
('WC', '(951) 501-9191', 'WX', '778', '94630', '0'),
('WD', '(418) 862-7793', '5AM', '71', '77501', '8Y0X'),
('WI1', '(288) 767-4411', '30X', '632V2WT', '15281', '7S6FT'),
('WLR', '(704) 198-3395', 'V', 'C35W657C451UQ38', '66153', 'Y0CMOND9S'),
('X', '(631) 506-3504', 'B218', 'U2HPM', '09109', 'ZBZ'),
('X0I', '(919) 910-9690', '69', '636552WJRCVKG7', '30572', 'TBAG'),
('X12FM', '(147) 509-4231', '5', 'ZR8N8PG', '85652', 'VJLG6M'),
('X146IK', '(721) 503-6571', 'Q', 'C', '97803', 'NP'),
('X22AC2LX5E', '(127) 153-8201', 'G6', 'TV', '25831', 'S6'),
('X2E', '(791) 100-3121', 'KT', '910', '83801', 'H36'),
('X316J', '(903) 459-6577', '53O19B66', '71ZU5G1VKP57P', '16186', '47'),
('X5QK0HD', '(831) 054-2459', 'O5', 'N', '95356', '1W'),
('X7S', '(821) 883-0204', '698', 'ZY', '86189', 'B676'),
('X9', '(792) 250-6976', '74V1R', 'H', '63428', '0MU'),
('X9VZ97', '(197) 929-0604', '16144', 'L', '90955', '8K9J8QWI1'),
('XHXQ1410I8', '(832) 601-6084', 'RNB8302', 'VK', '41950', 'ZBZ'),
('XIO13P', '(842) 688-0528', 'VR', 'L11C0SDBPN', '57011', '4210C7'),
('XIR', '(957) 248-6532', '6', '656H1', '46413', '5PGU'),
('XR6', '(957) 389-4429', '2W46LGJG', '9', '68391', '72'),
('XUDC05F5', '(606) 212-1077', 'D', 'U29', '64699', '76'),
('Y', '(326) 965-1184', 'X', 'XXY', '80123', '7459'),
('Y1', '(838) 048-5399', '74055A', '21JC7168QI9', '87968', 'Q3'),
('Y2', '(294) 163-9235', '48', 'H', '64329', '4178GL6'),
('Y2EU75S91A', '(567) 358-5436', '8488VCR', '77P1Y05O', '59073', 'MT2'),
('Y46', '(640) 849-9808', 'D', '3L183', '53842', '54PU351FQ'),
('Y55', '(936) 221-2473', '0T', '72', '03775', 'OVG'),
('Y6', '(370) 784-6321', '2N', '2', '45922', '0D50H'),
('Y7', '(844) 200-2737', 'WBA1J5L61', 'H6', '75513', 'G5'),
('Y78GHZ', '(773) 229-2436', '72', 'U93B7', '40188', '6077'),
('Y93MIT9161', '(322) 843-5574', 'O', '1SRLN', '87648', 'Q'),
('Y9B', '(362) 059-4428', '4S8E638', '7O', '80272', '0478'),
('YA', '(657) 216-0159', '1', '1N', '14554', 'Q39'),
('YD', '(317) 447-4928', '5HA4', 'Y', '03153', '0I5'),
('YD1965Q9Z2', '(470) 797-5232', 'VHF', '9ZE08JEX169', '80675', '2PU69'),
('YGI', '(466) 548-7292', 'X076', '3QR4', '41617', '66X'),
('YGQH', '(922) 384-3254', '1JQ97D', 'M', '40227', '01'),
('YH737', '(583) 420-8609', '8', 'XV9', '06633', 'YQP748ZEAR'),
('YJL', '(429) 351-0358', '9O', '63', '13026', 'G1F077'),
('YJM74462LS', '(200) 777-8722', 'C2X85', 'C0T8', '34931', 'W5'),
('YL05S', '(907) 223-8253', '1', 'GH162', '18350', 'YNU'),
('YQO9377', '(529) 294-0870', 'C6XBW855', '6C', '55587', '08CY'),
('YTV', '(867) 179-4292', 'M7', 'J8', '63583', '7V1K'),
('YU', '(785) 871-1594', '2J76T', '6A2UCA', '27231', 'S'),
('YUIDI', '(992) 475-4203', 'LC', '0', '12919', 'KLT'),
('YW', '(471) 937-2592', '2LE', 'W5X', '01430', 'IJFE'),
('YWB9O', '(476) 551-5113', 'G91', 'C', '34602', 'O9'),
('Z', '(416) 453-0123', 'E4', 'ANIJM', '43937', 'EETKE'),
('Z1', '(668) 280-1546', 'MX141B', '1', '32882', '922UZ2I2'),
('Z2', '(643) 311-0425', 'W', 'X6IXL204', '53353', '48KHVEV'),
('Z234ZXC063', '(437) 060-4656', '82', 'UTLG2', '54284', '13DU'),
('Z28', '(591) 656-5652', '3C', 'JM', '26735', '133'),
('Z3', '(691) 776-6248', 'A', 'M1Q7', '49558', 'VD'),
('Z45', '(983) 653-8622', 'CC2LRSDHO', 'C4N2', '75897', '1BT6'),
('Z6', '(304) 605-2504', 'ME2S', '22', '37233', 'Q18Y8FFM'),
('Z637', '(748) 475-8223', '72', '8', '14339', '76H6Y5'),
('Z8', '(148) 823-9594', '91Z90', 'G', '23546', 'N1'),
('Z83', '(968) 731-7102', '2G1', 'TBD', '76049', 'UQ'),
('Z95W8', '(599) 150-5198', '224', '67J163', '78831', 'O1N04R'),
('ZB1R', '(255) 021-3614', '7', 'W918', '83756', '6TAC'),
('ZH', '(483) 029-2698', 'A0P', '8', '86186', '5B'),
('ZLU8F0VCL2', '(930) 360-6797', '5', 'IV0C', '82624', '5HTL'),
('ZO6B', '(865) 356-4459', '25', '9', '59420', 'X79H3FM'),
('ZT', '(901) 085-2249', '96MB9EJ7', 'H39', '79312', '9RA');

-- 
-- Dumping data for table mascotas
--
INSERT INTO mascotas VALUES
('0', 'UQ', '4', 'H10J', '7KU6N832', '08A3'),
('00165', 'QA', 'X', '55', 'JH0B8', 'EA29'),
('01', '6O39D', '76V', '08', '5', '5Q'),
('02', 'T2S', 'A', 'S', '1', 'A42A5OT'),
('02TI', 'VTL0W', '57BUCL0', '7QM', 'L', '674'),
('0390', '8', '9', 'J1461D', 'R', '46P0OA'),
('03HK5', 'OB5S', '9SSK2', 'O35Y', '22', 'V40F'),
('03HYBN', 'L4IW', 'A', 'NWW4', 'N9', 'P'),
('04', '1R', 'PX', 'B9T54', 'V', 'BM7'),
('040', '4E5K5Y3M6', '8275XN8', 'Y32', '9Q5', 'P'),
('043CTNPO44', '645N', '6', 'N', 'H51', 'S'),
('049', 'U3Z47', 'L', '37', '9', '67CC1'),
('04P', 'GE', 'IX2Q', 'MK', '1', '3'),
('05', 'R0G', 'UR', '2I53D5F6LT', '4IJ8', '5OY89'),
('055S', 'J908L', '42NSO5', '8', 'GS9MS', '98'),
('05F', 'M466', '81D', 'XI0', '3', 'JG495'),
('0650', '2TT3V709OU', '7KNDJ2A', 'S3', '012Q', 'FN9'),
('067', 'DCYDRKJW83', '7', 'W18', 'UBFM435', '8DBUEYHO'),
('07A', '9G', '2', 'U', '3', 'W'),
('0865', '5FP937', 'A', '418Y', '5105VBN', 'X0CC4'),
('09', '0U9M518', '2A', 'J122', '7', '91F'),
('096', 'S44', 'L80G', 'O1FM42', 'N8', '0Y'),
('09O', '6K', 'X', '35H', '0', '0'),
('09X1', 'N1JNB0879', 'I', 'Q', 'P', '4'),
('0AO399', 'U1', 'I', '4V', 'I', '8'),
('0B0B', 'FFH', 'Z5', '35WG2W', '225', 'G4'),
('0DA', '0Y213U42F3', '9', '177', 'A7V8LP', '23I'),
('0G38280', 'W19E', 'N174146XJ7540', 'H', 'VA', '45'),
('0K1', 'Y1', 'A0Y', '64', 'V0C0', 'C23P3'),
('0L6U', 'TR1VV', 'C5NWR', '44VN0', '8G', '1849'),
('0OY8U22U', '1V05SY5', 'G07', '2O349', 'GB5', 'Q'),
('0PE', 'S0F', '7O0X', '9', 'U', 'K'),
('0Q', '6SBB5GT5', 'Z', '2', 'T4Y271SC944R', '6'),
('0Q7Z240981', '5R4BRX1', 'YG5', 'N', '2X', 'N'),
('0Q8K', 'Q4L', 'B', 'Q', '24', 'TI71X4637F8JW0'),
('0R', 'IX', '3L', 'X', 'U', '8S'),
('0T', 'DZE', '8', 'R6', '2', '434ESVF10'),
('0W', 'CR5', 'LNTIO9L75ON', 'C0D0LE', '13Y', 'BS8TL26TGA696'),
('0X53', 'AK2S51', 'P', 'IUX', 'T5', 'T8D'),
('0Z', '5Y4O1WBZ', '39', '6O0403', 'DV', '214EB'),
('1', 'PR4B', 'VO', 'IK17', 'H', '6KKY6LEM'),
('107H3K', 'DN', '1EZ', '19', 'I5Q5', '14Y'),
('109TFV6', 'KS99', 'BE4', '6423U1905J', 'A4', 'H6U7'),
('1135', 'J9H6QE4L', 'ZZ0', 'FE58', '61399', '8A7'),
('117AW8K', 'B0', '6', '6JC', 'DTGX899', '8'),
('11LT89MA12', 'YJM74462LS', 'EPR0B0', 'D', '0', '5P00QG6'),
('12', 'YD1965Q9Z2', 'AA0', 'TF4', '00203FMIX', 'UDWEIQ5'),
('12G', '3SR8', '41S', '7VX3', 'I', 'JP0'),
('14031PY', 'X316J', 'LX', '4', '8K', 'W'),
('1410', '7T', 'S7D2', 'URVQU83QKF', '5', 'ME'),
('14M649', 'X9VZ97', 'JY98', '78858L3', '8', '1B65M'),
('14S25', 'YU', '8', '29', '7RJ', '6BLOU7W'),
('15', 'S', 'IH', 'G7G', '9N8M6', 'RC7'),
('16', '9MUJ5', 'D7QX1GZW3', 'UQ', 'E4A01KMZC', 'M6'),
('16S5DTFUH2', 'OW64', '3353F6', '7', 'Q54PT', '64N040'),
('17', 'S7', '85V', 'Q', '0', 'BH21S30OTW1'),
('17CAI5GGII', 'TD', '7HZ0OK', 'B', '52R0O4U0J7', 'R22'),
('18', 'I2M91W31VI', 'XR3', 'RR14DZ6', '8H28421P7O', '18923BL'),
('1866X9U', 'XHXQ1410I8', '57', '1', 'BY0OWLY7A551EP9', '4'),
('19', 'J3', '211X', 'T', '6M8G60', '3'),
('1964FW0B27', 'E0727ZTF', '3K50VV', 'BD8', '5GZ', '15T8Q593'),
('199', 'ADN', '61X', '610S', 'OR', '3'),
('19C5', '8V', '82F9', 'UT', 'L0F5', 'J6T7D'),
('19H8S', 'F9', '54', 'BW', '2', '7'),
('19Y6QI9W', '73HK0B22Y', 'V72', '7E0G7285C0', '60H44R5', 'M003'),
('1BNZ2', '9T30M', '8', '6FYX', 'MI4N13C', 'V07'),
('1EC', '396', '8', '1A1M', '46F', 'TC078MI9UKHP'),
('1F', '9V', '7052', '66KKYWW', '56440P29I', 'CY'),
('1F9', '2AIEP4', 'O8R23NM', '5LMOU41804', '9O8H', '0'),
('1GAK8DC', '1TM', 'Y5ZP94J8', 'QJ', 'L63LFI1', '3'),
('1I', 'Y2', '88Z7Q', 'ZP', 'UH0', '2'),
('1K8', '94XOY', '2L47', '9C8', '7', '7'),
('1M718Z1', '06F', '19', 'V3', '1', '95'),
('1M8', 'FQ9K621', '74G6', 'HT0NR2', 'M', '6T8M522LQ2C'),
('1MAZ', 'JN8', '8', '1', '7', 'TQ'),
('1P', 'GB', '1WB3AKFW42846A2', 'H7', 'V', '9C7'),
('1P3KVMD', '38', '0J', 'J9', '84', '24'),
('1P7', '3854', '0O912', 'HY66Q8Q', '1M2B', '5X'),
('1S4S97', 'UYJ1BBH4', '8Q538', '23', '3B75', '07CZR60Y'),
('1TP3E80', 'D3725202FP', 'EDA', '5US4', '43Y8', '6TYJM'),
('1VBM', 'DJ474', 'O8PJTW', '0367UV45T', 'Y0F', '1ZT50J'),
('1VF', 'EQ', '6', 'JC', '9', '691A7FR'),
('1WC86', 'U4S07MD32P', 'F', 'M1GR', '2M', '6'),
('1WWL1Z2JQR', '72', '90', 'B', 'YGQC', 'D95TM'),
('1X3', 'K', 'ZX', '8', 'ATGLSQE', 'ZP8'),
('1XEL', 'UWB', '62253ZI', 'D38K6B8834', 'K0X84', 'LNN4KL5R'),
('2', '04', '7', '93F', 'J1M7PX816', '8N6T88'),
('209CK9', 'Z2', '2AL', '2Y69', '3', '3'),
('20D3J', 'E0Y19', 'N', 'N', 'MR31EKKM', '28Y'),
('2117VTVV', '75O308', 'J', '8E8B', '7VXV', 'O8Q'),
('214253', 'S8K', '2804', '52603655X8', 'CP31N9H881', 'DV9R'),
('217', '31FR', '63', '9277I89', '9', '7LABK'),
('21APQXLS', '95PU8FXX', '34516569', 'NQ', '099Y3Z6', 'KZQ15'),
('21X', 'X7S', 'R', '126', 'W', 'IJZ'),
('225VWD44', 'G', '27', 'BL8U88', 'X66', 'F19E'),
('22HJ70ON53', '9F1', '475Y7M7K', '6D', '4T3950', 'Q'),
('22J', '3L5', '6ZQ2', '3W', 'H0T18O998', 'G14QAT3N'),
('22V4K', '6C', 'JU', '16', 'SU8', 'QA'),
('23P', 'G78K2', '54K0Z', '7', '33BX3FM2NM45KG', 'B'),
('2443T3', 'E76', 'R5J1', 'SI023E46Z4', '3', '8FBOP'),
('24V989', 'MQ4', '2PEH3K5', '9W61Z', '84', 'N'),
('25', '8BT2Z8S', '9BJQ', 'VM', '6N', '1G84'),
('25P', '34', '1PE9', 'Y26', '1J', '9'),
('2628N9', '2G0A', '5', '4E', '6K09926Q', '777'),
('2786TU', 'Z8', '63R1QKW63', 'X97W5I', '71754', '1'),
('279', 'UZ', 'B47PXH60T', 'HN', '7', 'O'),
('27K8U', '5B9Z6T', '68QDH', 'M8', '4S3MLG85K', 'M302577VQ1U0U6'),
('2830', '4PHRH', 'Z1', '7J', 'K3', 'U'),
('285', 'OFSBX97D', 'JZ7I5', '4', '00HI8', 'HI8'),
('28PO', 'YA', '9LA', '8', 'UM', 'ZEQ92'),
('29', '7N38J', '5W', 'RBRE', '6', 'V452'),
('293WZ642', 'WD', 'V42W', 'V7362CUN1E', 'APRR', '1958U6'),
('2A94W', '3CRZ7X', '7QEHC0', '78', 'T', 'B'),
('2C', 'W5CS', '382', '5OAX', 'Z1SG', '4'),
('2C938N', 'E05', '2A17AF7L284E6Z2', '6', 'O8', '2F'),
('2E', 'GLC3X', '9BNKX5', 'OX', '4', '1P6F5LDU3L8'),
('2F06', 'VT7J', '2', '2QI', 'P06', 'K1J4X44'),
('2F4Q2', 'G4G27H5JQ', '4P8TAN8K', 'IN15', 'N51Y4', 'XF'),
('2F97', '4G5', 'L', 'G8TL5V', 'XM2YG8', 'P2388EAA'),
('2FH', '67', '1', 'FV', '1U', 'KEHJG'),
('2H', 'B92540G4Q', 'K1', '1', '3', 'F201D'),
('2H66I', '8IUF9R', '5', 'EK0', '507530', '2X6FV'),
('2K4', 'PS', '9K6Y5', '18GE', '8G35L18', '6G'),
('2L3A35W', 'NJAQ1', 'X', 'S', 'OZ', 'T'),
('2M35P669X2', 'GGC0Y', 'N', '19PHTTVT', 'D', 'M'),
('2M3HZGY', 'Y93MIT9161', 'U67L', '3', '408ZG85J', '22'),
('2MI0B', 'VO5KF1G4', '07', '5XRY', 'Q4764', '9025U'),
('2MKSZP2', 'PKX88', '896081', '3', 'ZW3', 'Q'),
('2N', '29', 'Y', 'WX56E', '7282', 'X85GWUQXPVI'),
('2O', 'VW2', 'S', '9', 'M', 'HVGE2'),
('2O56ZPMN', '6X', 'OR', '6', '5SUFMWM', 'E8848Q30'),
('2RL', 'OW', '6UV8I2R', 'JTOY', '6LAE', 'S13E13A'),
('2SW8', '311XJ8', 'JPF5Y6', '412', 'Y9', 'HT'),
('2T8E9Z', '8T1VJ', '5', '3O5A82', 'F', '9Z79R'),
('2TK7', 'DP0', '2815', '4Z63ANF9', '048', '4TD9P0TLPK'),
('2UY', '6V4', 'LA7', '2U', '9', '0'),
('2W', 'U04U52J', 'W', '10L9BLE', '8C', 'RPY7LP5'),
('2X', 'O3', 'P8V4', '9DCUZQ', '7IS09', 'O'),
('2YB7', '09', '39U2P', 'L', 'O46', '6'),
('2ZT', '00KQGOJ2', '4Q2', 'G9', 'RXF6N131J', '9'),
('3', 'HMMM9', '524N', '3YJJ', 'NEW', '02'),
('306YXU5', 'G3C', 'YF', 'R1TRQX', 'M2GXEP7X347', '4J'),
('30W2', '127BZIM2', '5Y', 'U4Z38', 'M7', 'L'),
('30W9', '63O9UE5RBT', '1QC', 'M7', '49', 'L8'),
('3113BBEXWQ', '7J017W1WR', 'J', '5B3', '20NRD', 'J'),
('315', 'G5Y63', 'AMQB4WP3O7', 'Z', 'T', '43C6044255R'),
('315FD33DC9', '7N', 'U82W8P3A6', '265E7V', 'X', 'F'),
('32', 'CT', '82G92378', '10K5M', 'P9', '68KF34'),
('32227', 'W6V', '4J17UF5CI6M6XQ9', 'GCL0T0BG', 'XN6', 'I'),
('323', 'U4', 'W', 'B89WY6DW79', 'V5O5Z1T75', 'W'),
('329', 'H1H', 'WY', 'HS', 'UJH', 'GR'),
('32Y', 'QBO', '2', 'YIYCBHDX', '4K', '67P5W'),
('33', 'H5', '3CFGDY', 'VR3W', 'X', '7'),
('33A', 'CZ6', 'VRF', 'D', '6YE86VZ7', 'ZFF5PQ'),
('33GY9E', 'K12', 'T4Z', '1', '6CO0N5Z0', '5'),
('35', 'RH6D', 'T8', '8OWC1D62', 'JWC', '5780OX'),
('36A', 'G28', '82Y', 'G', 'A0', 'B'),
('36NB', '10D6', '12A7H94H10H26N3', 'O6', 'JNJPZ', 'MND'),
('36Q8', '7Y2X', '05', 'GE', '1', '4OAM1KY4'),
('37A7', 'OD57', '6A811EY77', 'P7X', 'YS890', '83O0Q'),
('37R2641', 'TGX3875CJ', 'F', '4', 'T05HN73257F', '68C1'),
('37U', 'MM2645597', '6', 'YF158Y1', '17', '55'),
('38', '5CJ', '89U', 'AD', '8L1', '5B'),
('381B', '9H538', 'P8', '0D', 'OWOZF1', 'OU0Y71SS'),
('386W', '7X7CT8W670', 'DP9', 'W', '6YN', '2Y6I'),
('39A776', '7I9M78I', '61', 'G7', '5', '8'),
('3A', 'URXYH6E3S', '8K', 'JY', 'Z1714R', '21EL26'),
('3BFW5Z', 'JG21', '91Z', '1', '50M1', '87S3TA'),
('3CC2V', 'JAY453U60I', 'OH2B', '1QU', '338501FI49', '0'),
('3D', '37', 'Q', 'TI', '83196JO', '2'),
('3D9', '58T', 'I2', 'VHF7', '3F605', '119Z6'),
('3DQ41Y2', 'OM6X', 'J', 'P5', '3797BXA38D17T', 'ATZ7O3ROC00'),
('3E', '4PHF3NH9', '9', '2AD8', '0A684PYK8', 'CC'),
('3EQP', 'X2E', '1', 'EXH', 'SQ32H', '42'),
('3FE1N31DV8', 'UHM', '9', 'FK8', '9', 'FP'),
('3G', 'L2', '8', 'O92YHK6RLH', '21P4', 'T'),
('3G6H1VFA', '98', 'PCNQ', 'RXI', '0WCK82', '15RT690U'),
('3H71227', '6E4J63S7JZ', 'T', 'BQH', '617L', 'CACS3'),
('3I65O1', '3H83', '9H', 'P5', 'V', '82'),
('3J', '476Y14H7GK', 'E', 'EADDQG0LCB', '983XCM', '43'),
('3K', '171K6Q5', 'FD22', '7SVO', '9V45F4', 'Q9P'),
('3KF', 'J39', '9FHA486', 'O43', 'VDZCBA', 'G0DK'),
('3L4P4', '83PKM1R3', '2MO7P2801', 'H71', '1', '9'),
('3LHMZ96', 'CD408NHS', '7IR', '3', '6J7L8368K', 'QQS13C'),
('3M85Q8', '99P', '2J', 'ANJ', '67FF', '3'),
('3O', '7SYCUT7', 'TG0W37CN7338V', 'M07T8BHD', '6G1G884', 'S2K9HFKSZ77'),
('3R', 'T11Y7VRR', '6', 'U', 'QK3', 'SK2F42XD1X1E15424'),
('3RWL6398', '7N1KH7', '7AX14DJP73', '6', '95', 'V'),
('3S0', '4O', '51K', 'J5K', 'GCX', 'GO'),
('3S5U', '36DFAEV', '12', '801', 'VCJ54', 'V'),
('3S9', '1M', 'Q', 'KC23B9', 'R3C', 'ZVH075602'),
('3TV7P', '2AX32B9288', '8A', 'E60S89', '4TO07R4TO4XQK09', '36'),
('3V', 'VZT19B2', 'E', '8AL7', 'Z21T1', 'GD'),
('3VL', 'H4', '1A', 'XE', 'H3', '262R18BNLXC'),
('3W85N3S80N', 'I', '1XS38H', 'J', 'UVR', '474TOG'),
('3X', 'PN25L2', 'R', 'T214', '05L6MTY', '9'),
('3Y47', 'U42K55', 'H3891H908', 'I45D6V677W', '87J', 'EQ'),
('3ZOG2', 'K7', '0', '92IW0', 'CV9O9UZ70Y6W68G', '6JXH4'),
('3ZTO5D3', '5', 'OM7QK4X1UX40', '93G', '8K5W4V', 'Z0D8Z54CR'),
('4', 'H', '19', 'AR6', '7', 'BY'),
('40', '1UJ', 'OTB', 'GFY5R3', '4GXT4', '56'),
('40PY1B2', 'I8GQ9M', '9W', 'H98QMB', 'K8', '42'),
('4267', '93', '5129', '4', 'Y9P8', 'J0'),
('42CL', 'UE02MK3L', 'B93', 'V', 'Y3N1900QK03', 'N'),
('43', 'I48', 'TA1', 'HJGS903', '4', 'C8L'),
('43O7QX', 'UW', 'S9A6M', 'YZR85E', '2L', '70OLE7F'),
('43R', '5NB1172', 'QG2YPE8T4', '3', 'H7', '5'),
('44', 'PVDO9I92C6', 'MT2', 'ULK', 'LB', '4'),
('44GW3', 'CB', 'HSFHTK4', 'MM', 'K7866', '2'),
('44R', '8U87MRIA4', 'V22', 'I49D9YF7', 'I', '1'),
('45', '4A', '0294O0', '547B534', '4', 'C3'),
('455', 'TJ49TJ6', 'T4', 'J5Y7', '02', '04'),
('4599F54FSL', '24416', '04PJ1XQ', '0', 'S7Q', 'E6NQ7'),
('45Q9', 'R7B0X5B', '35', '4G', 'LW', '1L7825'),
('486WND0', 'TJ3', '2F4S0A', 'E7', 'LXVZ01H', 'IYN041'),
('48S04T3386', '0B0F', 'H', '3', 'A', '81B1'),
('48S82FIU86', '5J', '3', 'F2E', 'K', 'EH899V324'),
('4995I9U3RR', '1Z65P9', '76T0', '9OD0', '189', '7K3FL8Z'),
('49XS9Y7E2W', '4L6', '60HM3', 'VF', 'C9', '0QCUW4WEQ3SJSD'),
('4AR4C1JA59', 'B', 'Y', '08', '3', '19L'),
('4CH', '4H6M829', 'J', 'O6', '7O2Q', 'E7'),
('4DHJF', 'G4T8', 'D8', 'O', '6BYN', '93244'),
('4FS2ORQ', 'A02', 'DR56M5JD', '05HE04Z', '5', '881I27H0951G6'),
('4I', '40Z', '628Q3G78I0786D9', 'I0216A8', '61UM8C5S4', 'LP3'),
('4JH', '55', '3V', 'B', '9T', '49'),
('4M0H0', '546VYL2', '35CM', '27WR2O', '5', '7'),
('4M7YZ03', '9E7WW2NS7I', '009895OE', 'PV2P', '6', '6W'),
('4PQ', '1243W', '196', 'P3', 'P', 'L70Y0W9'),
('4QS', '4HB4UNTA64', 'V6ZVIY3N04324D7', '29', '17', '0SL6'),
('4R', 'QY6G', 'QNXT', '5', 'I', 'M84Z7EJ8A'),
('4R5', '639I5V9A', '1', 'J3FQ8', 'P4', 'KI7'),
('4RQJ', '2M7F', 'F', '547XA', 'Y82', 'R1DGUKB9V0'),
('4SF4O', 'GEP', '936R', '12HK1MO', '06', 'YMY3T'),
('4XL', '261A5', '7U3', '9', 'IG', '5'),
('4Z', 'S2G88X', '06FK0F', '5', 'W8FB1', '6'),
('5', 'KF7LK', 'Q0', 'IU87', 'PFA1', 'N'),
('50', 'U4Z7T96', '2', 'Q5', '56', '7W'),
('5215C804D', 'V1R', 'MWF', 'A', 'F', '8AGC3Z8'),
('525', '49F', 'XS7F2', '3F', 'S3AEH2', '66F'),
('527', 'DR0', '4L', '0', '6YR35845EQ', '2'),
('537', '557A68', '2', '05', '59JSP', '087S'),
('538X36', 'Q58P707', '3FQ', '006', '6RU', 'CXY'),
('53J5QV0680', 'N9', '511K', 'Q', '3CZFH937', 'B'),
('54', '174HI4', 'I', '28PX7', '31EEF02CU79XYE5', '6SJT'),
('54G', '99', '3J0', 'O', 'N9D', '9E5'),
('5520', '41T5R', 'WW5', 'Z9', '0', 'D'),
('552Y9G8', 'N44', '02Y33R', 'J00', 'X', 'V38'),
('55M', '3', 'Q', 'E22', 'Y46', 'X'),
('55Q0', 'QX', '2NQ', 'X3P674', 'JSXQB', '3'),
('569', 'N', 'X', '1', 'K', '3'),
('5696', '838', 'K9', '0', '8F', '5736PY5Y'),
('56EY', 'KS0Y', '7B8', 'D', '3', '51C5652A'),
('56W4F4Q', 'O7X', '1NT0', '0R4J', '8H5', 'T'),
('57', '7', 'VNE4', 'M', 'DD2', '2EX2C'),
('577M', 'H7OSS4', '09', 'YX5N', '4', 'J04BRO'),
('57B', 'YGQH', '3', 'A44', '9SCUI', '2'),
('57IHK56', '47A95B', '9', 'SA97037TDE', 'P', '6RDQK4'),
('57J', '8W3QR4', 'J', '9E3', 'R5', '2N7F'),
('581', '46', '64L', 'JBP', '438', '3HW'),
('586SX', '5S7', '27M', '4GKKE7', '6', 'F'),
('588COWL8', 'I0', 'ALJ7U0B', '0T1', '413T549', 'W'),
('5C', '90', 'L', '43', 'Z1IU04Z5', 'D'),
('5C74A43', 'WA0', 'J176EWNQUVN', '29685', 'YMKH', '035AR3GG8F'),
('5C8', 'OY9VN0', 'AJC', '4KO', '5D6A6DA26J', 'IDW'),
('5E75', '3RX3100HB0', 'W0E6', 'U', 'IR24R', '6'),
('5E9O3R', 'SZ6JO', '4', 'TC', '8', '76'),
('5ED75DBAU', 'SWFF5008M8', 'G873', '2', 'OTEF', 'N'),
('5EP5', 'QV4N2X', 'A', '18', 'BS9', '8A'),
('5GF5Q5', 'CIX4V', 'U6', '43TM', 'Z', '9V'),
('5HDO81R', '6980FW103', 'LZV', 'T1', 'RP44', 'B'),
('5J6', 'I80MCGPT', 'JHVV', 'NES', 'W7T9', '3'),
('5JQ96PZ', '16LC1SXV', '3EM', 'T', 'W249', '1N'),
('5K', 'SI44XF0', 'WNYV', '36CGMWI', 'M33J06P092', '877'),
('5K4202Q', '4PX', 'E', '9C', '0C3', '8Z'),
('5KW2E0FE', '2TW6H', 'GHC9I3', '986HG58B3', 'RH6XJNE125', '4T'),
('5L025NY', 'UN', '15G', '9C6LOH', 'ZELL8N6Q', '4VOO0'),
('5M6', '10', 'B7', '3P76', '1NQ43Q9UCH', 'F'),
('5N', 'OAUQI06E', '9X1AC', '4', 'L', 'P26'),
('5P', 'Q2T', 'E4LJ', '84X', 'T83', 'FW'),
('5P934XA3I', 'Q4', 'Z', 'Y', '312X093931UA', '5AW6IMU4'),
('5R', '8U28E', '9523Q7', '4', 'CK', 'FRNZG'),
('5V37ND', '6PGC8G6', '15N9DB', 'I1C68F', '9', '2'),
('5W', '1Y28G', '9673HW75HI0', 'IH', '5EC', 'S'),
('5X7WC754LD', 'YD', 'Y', '2', 'U', 'U'),
('5XB6Y', '22L9', '1', 'S7', 'GO9XWT5N489', '7UI'),
('5ZM6801', '953WH', '8', '0', 'P95GF', '6'),
('5ZN689T', '159Q', 'VC0PX25T', 'E', 'U', 'ZM'),
('6', '0ZD', '7D8', '2433', '7', '2'),
('60V', 'HS', '1', '6', '0', '7'),
('61', '87', 'SDI', 'NE', 'SWM', '4'),
('61CPC576', '25L60', 'CY1GE', 'X221', '9A', '1V4'),
('6358', 'M1K0', '6374', '8', 'YT', '8OIC9'),
('6379W36Z54', '9094U61', 'K2', 'X09', '77U', '92EQMED'),
('6452', 'JPJ', '9', 'AM', '2YUY', '0R'),
('6490P', '4K8PC5', 'S', 'S', '0C20PV6', '6GNJN'),
('65TH', 'OO', 'I3C', 'Y', '32120', '6'),
('670L', '8T', '01YL', '8SJGI807T', 'H', 'W'),
('6770GXK', '6IIM6', 'J395', '19YCN4', '6DJ85E79R5', 'UY8X'),
('67EG', '7SDBFSXR', 'K8M8', '4', '034U6', 'LI'),
('6805', '7A', '3Q', '09HN1C946', '88P', '8W3'),
('684', 'P65X', '9', '02LDAGVXP4', '69J', '2JV'),
('69', 'A1HD8Z79', 'CTH', 'XB06', '8', 'S'),
('6B0PN', 'W3', '47QVZ4H4L', 'MV', '17GH138', '42'),
('6C', 'N08', '6', 'L38XAL', '1', 'Q0J'),
('6CO8UXG', '105LK991G', '83S', '9', '3', '90O'),
('6E5', 'L', 'L8', '0EE39', '618M2LP0', '78'),
('6E920H15KJ', 'SDF41', 'B0', 'Z34V', '44', 'K3'),
('6F9G1H', '1501', '8SO33', '146Z', '0YA', 'W3'),
('6HT', 'A06', 'RG', '626', '44H6T9QDY', 'S15664'),
('6I', '8056', '0VJAZ', 'PWDW7W1L7', '40', '1'),
('6J0C9', 'Q6M8WP0', '4', 'G74HL22', 'A5', 'KIYY'),
('6KSK4NPT2Z', 'NB43P', '83T6', '95X', 'LB27', '12TN9D0'),
('6LK21', 'L9', 'IT9K6L', '812', '5QA', '2'),
('6LZ', '3F13', 'K861N', '23', '3', 'E'),
('6O68', 'TRTY65', '9', '8FR', '2V', 'E'),
('6QF9S90GW2', 'O5', 'GQ8ZX1BO', 'O1L', '9V2', 'KIKZ1B2ARE19'),
('6R2O', 'K1', 'I', '1', '28', 'T97WN'),
('6RT1', 'FG', '7A8', 'W3CW93', '5R5', 'V'),
('6VJ', '50F1145', '30OO58', '0', '54D', '1577'),
('7', 'FL', '9P3', '483', 'Z2WB1ISZ', 'AJ'),
('70', '9T8X', 'AV5', 'Q', '74F', 'E8Y'),
('704', '54Y67B8H', '3', 'PDB', '02', '86871Y'),
('70741E', 'A9', '8', 'UXW4M', 'D02', 'L9Z0'),
('70O4', 'F9D', 'L', 'QG', '97F', 'Q9D72'),
('71', 'BC', '6Y81F', '1', '8289670NGNS', '37Q7'),
('71X', '6L', '4', 'UFUPY250', 'Y592', '12'),
('71Y', '5SXN', 'EP4B4X777H29AC4', '40Z5T0X7C', 'M97ILTNMO', 'YX0RS3O761U2A'),
('72', 'A4R20D', '711', '9', '1U548B', '7'),
('726', 'J', 'QEG9S', 'L', '07NU', '44F74683H9'),
('72PU2IT', 'H9TH38', 'I919', 'K', 'N', '9EW'),
('73', 'E1YX65', 'C8', '9B', '536L096', '4W'),
('74190', '185B8M', '0M', '3', 'A', '0B4E'),
('743R', '4Y28T4', '41P', 'GW', 'V', 'YZ'),
('758XJ7', 'YQO9377', 'J', '9U', 'O2', 'K'),
('76', 'V3', '5198NL', '097V54Z42N', '9', '9WJ87A'),
('762E', '2FE8JM24QQ', '4', 'H19', 'K3', '5H'),
('76AC9', '9IYNT', 'O', 'T54', 'SCXOC6GE2JVZD', '8'),
('76D034', '8X2', '04SEZ057020', '2', '707RS', 'A'),
('76W1', 'T196', 'R780R1N62KLM4', '36', '94', 'D'),
('779', '491L0', '51D25', '7', 'EW', '9'),
('77BR5KL', '211', 'RJ13B', 'F211', 'GTO8', 'B'),
('78', '787', '0', 'ZM', '0', 'I'),
('79', 'BT', '4', 'M', '9V66', '2X6'),
('794', '1F', '36814', '8', '8Q836PWKP', '9IY'),
('79566I1', 'U', 'N8Z8K', '0', 'K', 'YBN18'),
('79O96K', '13', '495SO', 'XS', 'K', '1C1'),
('7AI01', '2Y53', 'C', '21', 'UP49', '20'),
('7C', '22', '2', 'XJ', '9', '20'),
('7C6', 'D6C', '74', '58', 'X', '8Q'),
('7FWMAO354D', 'B5D0', '8', 'SPFT6W', 'U6ZZ', '3'),
('7KY85394OA', '20X6', '09TYDDY35F9921M', 'A2A', 'I92503T0', '615YUT'),
('7L', '5NO376', 'X9', '4181', 'B', 'KRJ'),
('7MOF96', 'OK69P', '8', '96', '1DSV2GC4E', 'CMI'),
('7O', '2794DGH5B', 'K32YA', '8', 'Z2', 'V1'),
('7Q741', 'KZ5SH', '5', '8P', '7', 'H'),
('7QHH', 'B6', '95HVB1ZVHG', '7', 'FA3CI9', 'ON8B20N3Z9620'),
('7QK', '10H3F3Y31J', '842', 'Y7NZIY', '086HB7', '5'),
('7TP', 'CE', '6', '0', '80JJ7', '07'),
('7XE41L364V', '0H8', 'DMTP5ZN', '9G87GR', '7', '38MO'),
('7Y', 'K8V83', 'Z9', '26Z55ZH91G', 'R97', 'T3A7YA'),
('7YV6', '5Z39', 'FN3880P', 'E2', 'A0A1', 'YH3'),
('8', '6', 'OT3OXR', '0V', '85L', '7834'),
('80', 'MG2', '56X', 'YS54', '3', '88WWCH7876EMI1'),
('803', '22753A1I', '93', '0A4', '6O7E', 'J6Y5'),
('81', '2', 'RVA', '263JZ52', 'N', '7643'),
('817746Q', '9668YQ2C77', '33K', '706GFP', '3S', 'M27NZ'),
('81M45CMN2', 'Q9', 'S8D6A29RO', '2S6V', 'TL', 'G081'),
('82', '3Q9W18I', '43', 'LQ', 'O4', '63R3NQS3FG'),
('82B31F3', 'DH95', 'BSM', '874', 'OY5', '7OO32MX69F'),
('83', '622N', 'JKJ', 'X', '0D', 'JMY'),
('83DPVV2', '1D4UW', '827UB595L', '1E', 'Z1GG', 'UJ2'),
('83MF', 'F65JQX', 'W99P0Q74RK8R5K', '5EWJ', 'Z', 'K'),
('83W9N', '4N5ND', 'N25X', 'FUQE39', '6Y', 'URRID1'),
('84', 'T3', '5', '50Q5S1', '1', 'K'),
('84C', 'L8', '3', 'Y6N', '2', 'GU6M'),
('84X', '96', 'D7TQ', '40ON', '6', '559'),
('8546', '5I67K', 'YJ5276W834', 'BZ', '36W', '354Q9'),
('86', 'U0A16', 'W21', 'XJBI', '5Y0', 'I6FK54LABI6QB'),
('86O9KY', '3G2', 'YN91L', 'T15UK', 'G', '7H87'),
('87', 'O4NL167', '058', 'OK4W8P8O', '365MNZ7ST9HJ9', '0'),
('88', '27Y9RFO90S', 'Z7', '2LZU21T3', '3H', 'MT25'),
('88H59MV2P', 'X5QK0HD', 'A1A', '4', 'P4', '74LJ18Z73'),
('89092', 'JI', '6', 'X', 'D', '8'),
('898', 'S4', 'Y', 'KR6', 'WWF4X65V', '92'),
('899V08CE4H', '7YX6', 'X', 'CL4', 'KU8', '2'),
('89IM8', '1BK5Y68X', 'Y1DL54W66', '0', '223TL3', '98Z0'),
('8A74', 'AI', 'Y', '05V1KP82', '0', 'D5Y3'),
('8BER', '19V7', 'K3', '4', 'EKIK04JD', '2L'),
('8C277YL63', '85', 'H2BSRVTNR8D', '9QIO', 'E3', '7'),
('8CI48', 'UKNY9738AZ', '81N3EW815', 'ZE', 'HN', 'H2'),
('8CSWIJ', '1B0XO60', 'E', '8', '6T22D', 'A5'),
('8F', 'Z637', 'D', '7', 'N7K', 'Y'),
('8F8', 'IOXL95A3RT', '9', 'A7', '1Z', '5T'),
('8FA0X32G2U', '46O7', 'Y', '59', 'X', '6IT3'),
('8GT52N9', 'T', 'Q87F97L', 'K4', '1', 'W0A90'),
('8H', 'EFFCZJ32', '4H8WEN', '43WY7VRN68', '7', '6'),
('8I8C4O7H', '5B', 'X', 'MNZJ', '4G', '67517893'),
('8JTFWQOV', '7F', 'SF1G', '0U', 'H8V475786M', 'I9'),
('8MA7', 'O3Y23258', 'BTIW', '59S485Q8T', 'S', 'C'),
('8MD', 'AC', 'I7FWE09LT', 'FM2', 'NGF4CUW5F6RIXAV', 'V4'),
('8MTY', '2QN29', '4R1', 'KXJL', 'CBK', 'G8'),
('8MW', '02X9', '5P', 'XQ9N26AX', 'C2', '24X37K31'),
('8N', 'YJL', 'DB', 'J1', '2DL', 'YY6G93W'),
('8NFM2S1', '8T61R', '533Q1TL', 'IC232D5Z9', 'D392377', '31'),
('8P', '51', 'H7IH97', '9M3X3', 'N3BF28KT', 'D9X'),
('8PU', '3Y', '6', '9', 'D3', 'U6G65579'),
('8PY', 'VM50Q', '5', '7M55WE', '69C5NQS377C8', '2'),
('8Q', 'PU7786H', 'R62', 'P51', '0UA9QSFL', 'OPH8'),
('8Q83O9U4XO', 'W88', 'OFWQ29H5', 'U0D4', '7', 'Z'),
('8QA', 'OR', 'KA6J3', '4SR', '8', 'FUDFQ'),
('8R', '8RS', 'T04C1532867U12', 'GN5RH', '43U988Z2EO', '0T'),
('8R7', '9690', '9F', 'F', 'Q14JU1', 'ET7P'),
('8R9H42A8', '82LV6P', 'YE', '9B0', '85CWN901I0', '79N498'),
('8S075', '53L', 'U0YB3C543', '9FL', '71L8', '8NJ'),
('8TPAEA39B9', '316W4', 'HR0O0', 'X', '11F6J', '8515XM'),
('8V7F8', '066T275Z6', 'W', 'RKALB1SF7O', 'P740', '9'),
('8W', '0M', 'N8JX9EN94DB4', '93508', '2', 'E'),
('8XK08CVEIN', 'BCJ0', 'O7JX', '6MA3G0JA6I', '4', 'C'),
('8Y29', '9J', 'L76XX0786C', 'ZG', 'H524B1', '4'),
('8YQ1', 'BON8', '3D03', 'B5O0CCO', '8GC6M', 'OOXRMMG'),
('8Z', 'GIP2', '02', 'C11', '2', '1'),
('9', 'GL', 'P5', '5596', '69OZ', 'Q'),
('90', 'HZ9', 'WW75', 'WBI', 'P048G', 'L1'),
('90Z', 'T6G1943', '0', '2O27', 'MN', '78'),
('91', '5BJPN4', '8725', 'UT', 'D868', 'A'),
('91222', 'K3', 'D693', '7W', 'WB4', '3X'),
('912Y', 'E', 'X98L97', '85RNRWFF0O', '69K2', '92G1ZZ2QOKW3R0M4'),
('91Y61206', 'HBB', '78W0', '8I6Y3VH84A', '097PVB561', 'VJQ30218CO1'),
('91YFETE97', 'Z45', 'WOLOW', 'V', '72', '4F'),
('92', '80', 'D7R8B0C9', 'VYO', 'ZR7RP038', '3'),
('923KN2', 'NG34628C', '2958', '637', 'YWL', '33P9LTA'),
('93', '6A2ES', '9VQ7XH3F9N', 'IBK', '1', '3S868P25I7R0C'),
('9328ZJ', 'S90812', '3880', '6HU89A9', 'UV2', '4XE'),
('939O9A', '5JA', 'C1823453S5', 'C26G8ZY3', 'Y', '5I4'),
('93D96EV28Z', '9ZQC', 'DWK275', 'A64', '27PFSGCFBU', '8S96'),
('94', 'Q0HS3', '2ZYN', '6H', '4IZ625MWQ', 'P'),
('94TI299L', '8QH', '61', 'S', '326', 'S4'),
('95', '8J', '1', 'R', '9', '6E'),
('959KJE', 'J3345646UT', 'L', '7', 'WRL', 'TU1W'),
('96', '227', 'O504C', '3', 'UD7', 'W2XM0Q'),
('96S', 'TQ2P', 'B', 'N', '9', 'XA45817'),
('970C', 'FP90', '2', 'NO', 'W', 'PH03'),
('98', '214XJ19V', '22', 'VX', '6', '8N03MV1O7'),
('9881', 'SIB876', 'O4', '2', '0B23NTS', 'N7'),
('98I45', 'D0', '43HZ8', 'P', 'I12J08', '7G2POT561'),
('98M', 'S04FR', 'Y', '2T41', '3', 'ZKFUUQ'),
('98O6N39', '7D', 'W8', 'E9M', '0', '9'),
('99', 'C6', '16958FT6', 'B12L1', 'II1I1A89', '4N3PV5PV1F'),
('993', 'LQ', '4886', 'DD76RF', 'G4', '969IY82'),
('9971BTN', '9', 'S', '6', '31', '45'),
('9B7', 'SGCMV', 'VUWH5L8', '2', 'T7', '3'),
('9E3', 'I006COVCN7', 'PCGZ', 'CMZ', 'MQ3Y030IBAK', 'B12M80X65'),
('9F7MM8', 'A', '779D', 'NMA04KTN87', '79', 'V3DZ'),
('9G', 'K7XQJ0', '0H', '0ZF695LQX3', '4C97', '6'),
('9H', '85SH421', 'G', 'S', 'X', '3TQ1X3'),
('9H8R7G', 'OU5', '170ZA', 'I', '10', '176T'),
('9ITHBAK20', 'U963M2', '24O9KS24Z', '7', '84NFB', 'MBB'),
('9J4', 'S68TN2', '2044R924', 'P', 'MGB60P', '95AJ'),
('9LIKB5Z', '31IF9178NQ', '9751', '2', '66Y', 'XEJ7'),
('9O5W45WBD9', '0NIW3E3S', '5S1D', '1', '19', 'W'),
('9P8', '24', '4TWFY46', 'NU', 'Y', 'M'),
('9Q', 'TS6FL', 'L', 'XQ9QU9N088', '4I', '33R3V1119D7C436R09M'),
('9SW', 'VT', '0', 'U1', 'TS', '3RR32Y2'),
('9TVX2DPMSE', '8W', '1', 'MZHI805', 'N0ATL', 'C5R9'),
('9V0YHADM21', '6A1391177Z', '1', '0E', '7', 'AH1JAI7M8222'),
('9X', 'UX', '63C', '4CIB7L5N', '7', '8'),
('9XHZ', '1EIAKO3', 'M4A3B72H', '258', 'KS', '8M'),
('9Z3', '39', 'HX', '8548XZ7Z', '15OXY895', 'T5'),
('A', '921', '6NS3GVKQ6', 'Z4', 'PG', 'J0X'),
('A1N6', 'MT', 'PL', '7Q8', 'OL3', '8NH'),
('A2006', 'S5ZJ', '6', '94NTRB1P', 'L', 'ON'),
('A4P', 'IY', '0F238H1', '7H', 'T476O', '2MT8DY7C'),
('A6H', 'F6', 'N', '6VPX43', 'RQ', 'R'),
('A6XO', '3471E10D7F', '8O3JH7', 'L', 'GR24H', 'IS0450'),
('A7QL1U84', 'D2LH', '48', '34RV4Z', 'Q41', '5'),
('A8', 'PC5U', '7', '9ICY', '1B7J5P', '6C'),
('A85U2', 'L9MLG', '67', '66', 'S65', 'VH74'),
('AA', 'OODDX7B', 'IV18', 'NM', 'LK3', 'BI'),
('ABNNX75V9', 'LZ89', 'MC', '24U', 'MLAAUDV7', '92'),
('AEP', 'V99', 'R', 'UV81', 'EM', 'UW1JG'),
('AJ0', 'U9', '69', 'GYB21', '1X', '7'),
('AL7F9', 'PNAS', 'M8', '9R2', 'J9Z', 'Z'),
('ALJK', 'OA', 'G8U1', 'V4', 'P29X5', '99S45H1'),
('ALX1', '78', '36FG8Z', 'XS76', '02', '3TN4K'),
('AQML0Q', '3M6P1M1', '8', '4F', '8', 'B5M'),
('AS', '86I2F', '60C26', '278S751EI9', '1D860WJ3', '78'),
('AT1M', 'SVA', '47K00PM82SP581Z', 'BQ88K', '6NAYRJXD', 'T3'),
('AU', 'D8GTBRE9BL', 'N65H', 'LR570', 'R1', '2'),
('AVTZ', '3OV79W', '27286Q3', 'U2Q', 'A9A', '9846LFO05D5Y76'),
('AW19TBV', 'A26V', 'TQV6', '6', '7WD', 'H3'),
('AX', 'D', '777203', 'M', '1344PI', 'A'),
('AXH3', 'RS', '13N', '067U56TI42', 'R010Z49C8', '3TM'),
('B', '237XBTJZV7', 'X8', 'I75', 'OS', '5'),
('B0', 'WLR', '6', 'R5RD34BDY', '283WF77', '470F0786'),
('B08MIQJ4', 'A4', 'E9', 'Z0T3', '5', 'D20'),
('B129PW', '4B1I', '6OG', 'TS', 'XF47LW991OZ', 'Z0'),
('B1I0T0', '7C74B', 'P7277', 'LF1', 'J', 'U86Z7653'),
('B34E3', 'G1XX5', 'MS5', 'H3OZ4LR', '6', 'GR1O1IM8CK31D'),
('B76O', '73', '8U0116', 'K811WDZ', '33R', '0'),
('B9L', 'Q7M1', 'E6U7', 'P', 'M', 'QAH'),
('BL', 'M15', 'S', 'XA', '3', '6N6'),
('BQC', 'LMMMR9C', 'H', '0C', '53K', '04'),
('BR0', '6W', 'F', 'Z', 'U', '35AC23'),
('BUF', 'C3P', 'X4G1S0', 'WO', 'JD9D', '8FKF2'),
('BY9M', 'YH737', 'M8L0', '3C4FC910I', 'LB04P2', 'Z'),
('C', 'GT2V', '2YA8B4OR', '2AP', 'X12', 'Y297'),
('C2B5', '8PN', 'B3VK', 'ZS6314LV6E', 'GD97', 'OG51PL0'),
('C3', '10I2', 'RU', '14UG', '9K', '55F7'),
('C33I15', 'EIZ', 'SRMA1Z', '0', 'ZN1', '5UZ'),
('C450L8IF9', '8E4', 'I4', 'U', 'J', '85QI2TDJ'),
('C6', 'FMEQ88876', 'Q70', '9R', '7F226B597YA', 'HKX'),
('C8', 'Q', 'W', 'N614', 'K7B5', '4F3X31'),
('C9BP', '56', '3KN', '50', 'SS8', '69D9G0'),
('CH4E', 'SQV1R', '65N5', 'WK', 'H68H3', 'S77NX'),
('CI', 'U7W', '581T7802J0', 'VSRAJ', 'L7', '2V'),
('CI1EY', 'TIUZD2', 'Z8F09', '601C8', '11Y', 'O377ZL6'),
('CJ0', '58E', 'K5I75', 'U1PC', '47ZR7', '9'),
('CK', '4B', 'V', '7GGT9', '55', '8'),
('CL5C3W0K5W', 'DE', 'O', 'A6', '901NX7C3A', 'C0V7B'),
('CL6D398', '4P43', '69', 'Q1', 'H899O1315V', '0'),
('CT', 'DZ38', 'X', '3NM09LKH5', '8S', 'E'),
('CTK8ZNK', 'R0YQY17', '8L', '8346', '4424FC', '5J3'),
('CTU0Z8Q', '2Z', '2RXHA9', 'G', 'QB', 'UN2H'),
('D', '15', 'B3350YT5', '8L53', '392C60785R90Z1R', '3'),
('D02OL737', '6PC', '6', 'B4', '1', '1361M0880'),
('D1H79', 'T8', 'GY35', '5T8A', '4', 'PM'),
('D2', '2L', 'WN3N3', 'U3X2TKV9', 'W8', 'K'),
('D247N9Q', '71', '43J79Y6', 'YO71', '4', '08HM'),
('D339', 'X0I', '9', 'Q', 'E', '32'),
('D47HH', 'LN8', '70SDX', '1902', '95', '9EF5A'),
('D55', 'B7V11M', '32HKBJ0', 'LU8E', '16F9', '9'),
('D58V', 'E947Z509', 'KN8N7898BQV1S', '9', 'ROH', 'PEO'),
('D8C', 'HNMGZW', 'T', 'D3', '501358', 'M96'),
('D9', 'P5I', '3', 'W', 'R9J9M', 'VI'),
('DD056Y4Y', 'X146IK', 'UB8X2', '59YZ', 'WM', '83'),
('DF0PA17VSR', 'R3640', '5', 'BRHUU', 'E23', 'P'),
('DK5K5', '33N', '6U36Q843G', '373U0', '4F', '4EZ'),
('DKSB', 'W2G9WS7S5', '0WX7', '67Z85', 'C', 'V4EV06JQX'),
('DY', 'W', '2W0', '8DB63M', 'Q32BV', '2'),
('E', '049', '5E', 'Z', 'W', '4QQNA4'),
('E0', 'RE45B9BTZ5', '0CNLW2EZ2B08U32', 'SW4187XU2I', 'GFLGV17', '1Y82CR1'),
('E03', '038', 'UE7', 'FB976', '254P', '0M870W9C359X9902LXU9'),
('E08B532Q7Y', 'B1MY917', 'O65', 'J', '3EWEF', '59EP0O'),
('E2CR2', 'Z28', 'E', 'B', '9EL78', '2924M'),
('E3', 'BAK65', 'P7', 'SU', 'SQG6D6', '94AJW1QGEN'),
('E6C', '18', 'R', 'W', '1V656GT31BC8', 'Z'),
('E6LF48F1', '66L6', '0I0', '6', 'R3', 'MSE'),
('E8NJT', '2GQ', '2AN', '15', '5M', '0TV7D'),
('ED', '1YS', 'W8', 'UMH', '4', '358O8TD4710R0'),
('EF', 'EMA5U', '2', '7', 'NPTX3', 'Q'),
('EIP0955BKG', '1F0TON2LDL', '4', '5F', 'H19', '3DUYD25M9'),
('ELH6', 'I40', '7', '454', 'T', 'Y0ATA41YRQ51'),
('EM', '35367VM4', '890H', '24', '3', 'K'),
('EMLSIW4R5', 'J8', '2A20212Y7E43', '7090XGCHC', 'A8C', '584'),
('EPH', '5W', '1YOG5T5LY2845', 'Z7Z', 'C2', '3'),
('EPRY4', '67G', 'H348NDPM36', '6QS6H1NX90', 'TW40', 'SV1'),
('ET', '9H', '0', '3', 'WZSA7', 'I63ZQ7726KGQ4QM6N'),
('EX', 'I9', 'QD085306', 'F', '14UR', '5WU6N17'),
('EY', 'Y55', 'KU9', '063', '217L8EF', 'D596'),
('F', '2X', 'D', 'SYM3C5', 'Y6HOEJ', 'QHW453AE748HD'),
('F1', '5JA5', 'SZ6S', 'BN51S8YT72', 'JB926862T10LPE', '08R3'),
('F1E4DT9266', 'HNF9', '3487L22', 'S8841', '6S6O59956J4SWOR', '0RQ'),
('F5232T0YYA', '5D', 'VGQ', 'L7', '8', '5U1'),
('F61', '188AS8', '3TVR5YC7', '1TR9', 'P', 'KB'),
('F61GKE', 'ZT', 'YGH8YT55', '4ZRO39', 'N4IHC8W8', '6F'),
('F68ONAU509', 'Y6', '3', '3', 'MNU', 'RHAR553K'),
('F7E1', 'JMI8TA8J4', '0S05', 'K61T2', 'D2K15', '3'),
('F8', '2D5YT', '57', 'D7', '6UU3F9', '4N7J0F123B'),
('F86JFB9E', 'EWB', 'PJ0', '130A0D49F1', '3', 'YMH6'),
('F9', '58', '58NQASK3', '9A50U0212K', 'V', '1W825YW6Z'),
('F9TQ', 'Y', '13O', 'V', 'H409', 'KK'),
('FD28', 'YGI', '7', '2', '6C', 'J'),
('FD64', '30575', '98L5O65Y', '7J1Q95', '7', '5'),
('FD85', '47K5V', '50D7F', '1ZX0', '9', '12'),
('FFHQ', 'S80', '19TRJ8HNA9AEA0', '10', '92KB46', 'T0X26R'),
('FI', '6I9', 'W1E', '58070X9I', 'D1RQ49I4G', '4'),
('FL', 'I7', 'P0JSD', '85Y3', '1', '9'),
('FLT', '0X', '9', '1880N', 'P', '38I9241'),
('FO', '21Z242J', '2H', 'F', '888', 'BQ67'),
('FX', '7T8V', '60', '67NH95RW4D', 'Y6124', '61CP'),
('FZ2Y9K', '7K9F0', '3', '0', '50', '9'),
('G', '2L6', '4X', '54ZTXS3F5D', '0Q', 'V'),
('G16', 'H3EGNP', 'E339', 'ETWP6S', 'SRR', '1LR'),
('G4U', '5U', 'S', 'Z0P', 'D0', 'A'),
('G6', 'BE9', '0230L', '8R6', '9R', 'K1'),
('G6VPL20VK9', '9M7P', '7', '2', '83O16C', '2'),
('G78', '027', '2', 'FU8SK885M2', '941L3905', 'TB854JQW'),
('G7Y', 'ZLU8F0VCL2', 'UQSTBJK9W2T', 'Q86HF', 'L', '9'),
('G9', '6H8', '5A5F', 'IQD1V5', 'B39X8VJ', 'Q3L5MR0M'),
('GD', '7UZ2D2O', 'OF', '1G', 'Q', '31LT'),
('GF', '5I9EH78Z', '8J41A4', '225K7', 'S09', 'E'),
('GHH99W', 'D8Y6', 'R6', '3', '2PU', 'J9392M'),
('GK6', '847', '7H1ME', '9', 'CR877', 'W'),
('GM6BDX56', 'V8', '8A1UZJ', 'HWAW', 'CF9G9E', '0'),
('GR', '2ZD7', 'GH', '1YM', 'E88H7A11S', 'L90J7'),
('GV56997FW', '8Z6', '3', 'N50P', '7', '0XTEC3'),
('GXVN', '25', 'P04FY432CG7', '1', '9', '625IH'),
('H', 'MQMA', 'ANI', 'E8', 'S', 'T'),
('H01A', 'T27S30', '2G7771XDL', '663', 'P', 'W0HBD23'),
('H0V5', 'RQVX51YVM8', 'L9', 'WGV387P', '7', '7'),
('H1', '70T', '2L7K4L4R', '4', '25O14', '5'),
('H2', '23U2I0', 'D', 'B3', '1J', '30L'),
('H2HX3OI7B2', '4BX', '3247', '0', '44UIA8755L', '3'),
('H3E5', '4OV', '04J', 'TQV206', 'JW', '92S942'),
('H3OH', '473TRNJ5V', '0', '57AM33TQEL', '49', '4JWUMBBV'),
('H5', 'KS6020', 'Z2W33R', '88', '01J', '8302C'),
('H6', 'E32ZR0', 'H3Q', 'DV6MB', '1O5', '2'),
('H78J', '6183X5D', '4', '3741', 'B', 'ZV6Y'),
('H7U1N2C', '4', 'NU', 'R', '396W', '15RJK60'),
('H7XY69E', 'X9', '6', '8O66', '2', 'JEI'),
('H9', '0L2794XYIX', 'L', 'H', '69E', 'M8E'),
('H92RS', 'A0M26W7', 'D7W89', '32', '4T2', '5P49'),
('HAT3I7', '88T5ZDH25', 'J4I3DW04K94K', 'ZRR', 'D', '9O5'),
('HCET84', 'BQ59K', '6', '55XB', '627CS89W', 'OX12'),
('HFK', 'I7W6Z2', '8', '4W74', '371CPUB26', '40JP006'),
('HJVH4X9YKM', 'LO41', 'U6104', '1', 'V7', '3'),
('HP391', 'HB', '0', '5Y509', 'F', 'DNBL'),
('HX', '56908', 'XF', 'RU', '8', 'V3V0'),
('I', '51VD', '5F4', 'U', '6', '9I90321588EG53'),
('I00W15', 'NS9433', 'W3356890YX3JJ88', 'H6', '6', '7FR'),
('I4339', 'XIO13P', '69E2Y2', '99', '4T63', '7'),
('I4828H637', '59Q', 'U7B9', 'J', '4', '5'),
('I58', '7MSZ', '77LG998DS0SSBD', 'B', 'X3D9', 'Y674'),
('I5D', '090U20', '0', '50T7', '2', 'W9X390OG68'),
('I6', 'R', '29NTBH157H3NVUQ', '0922', 'G9PJ48CV4G', '83B'),
('I6GV', 'Z', 'J124UZ94FB', '63H3T', 'W76G0GYKD1959', 'U90'),
('I7', '80DBFRW9Z', 'R9', 'C73', '67I66N', '45'),
('I71IM8', 'J88', 'B73', '3', 'WMW', 'PXEN9'),
('I75H9DOAQ0', '8QF1', '130', '3XR23', '8SDPQHPL0', 'KIMN'),
('I8', '90Z1', 'RBD82600', '0', 'TE6', 'K11RR4R3'),
('I88', 'G4M78JY', '2VT', 'L0J8', '693D9A2UH', 'N82PB'),
('I8O28C', 'JH87X48IC7', '0H030', '2', '4FH2R2', 'Z0'),
('I9ZQ', '0F', '0NB80', 'F2J1', 'N8', 'KW8EE7N16W'),
('IE1Q', 'NM8O', 'T5', 'W', '94', 'UAW'),
('IFH6S44MS', '31', 'G9HE', '3722XR9', '683', '5N'),
('IJ', 'IZ0', '62S22Z', '82', 'G', 'L'),
('IN1I', 'YL05S', '0ELU9RO0', 'E', '2A24', '5'),
('IT', '7R407', 'NE470', 'SB7', 'PAC2T2368', 'HXT58'),
('IW', 'XUDC05F5', 'T32H3MG2M', '6W2F', 'KB53U1', 'IFAH'),
('IY', 'YUIDI', '0', 'ZEG', '3P', 'U'),
('IZ1HB0', 'JC2U576YR', '7X', 'ZDN9B', '451', 'NZ6ZJ3H6'),
('J', 'QH51N1S12', '6Y3', '6', 'K0', '327'),
('J0', '6TAM5D6', 'HY', '6M1', 'HGP12', '1'),
('J06', '0M4X92', '73O4PX9PG4281N', '8R', '030I', 'T7SL'),
('J184', 'C0', '31', '8B0V', 'YN9499MK0261D9B', '49'),
('J206K', '1G26Z91034', '5DM', '3GI8D', '5', '0R9E'),
('J489S', 'U08TC38', 'AO', 'APU654W9GG', 'KB83L2X09120FN2', '5'),
('J5', '84B9N2', 'X', '3', 'Y', 'Y4'),
('J5F8235', 'FY2', '7FA37P9', '73L6', '3W', '84MB293F21L'),
('J8', 'M9988A7ZR2', 'CJ35SM', 'Y7', 'C664O5G', 'A3'),
('J9T16F6ZV', '1G', '1M605N19CAI', '6L', 'O9SWI5S', 'VG4'),
('JCW3', '6Q', 'E', 'JY1', '6R', '804095R7'),
('JG', 'YTV', 'M', 'C', 'S715171', '5QK'),
('JH', 'P', 'A', '8', 'XZ', 'X'),
('JKCZ', '04RQV5', 'W', '1X3B76O', '46X', '466'),
('JO', 'M452', 'I5', '97ZD2AW0BG', '7K', '9QO'),
('JO2O0', 'R4', 'ERS', '242G', '6R', '20M'),
('JSQ8C9CR7O', '124', 'V', '5E3DG', '22', 'E539PX'),
('JY', 'Z83', '7655641OM', '9', '31A', '9'),
('JY6A', 'C9A8', '48', 'Q710QQ', 'G', 'A10'),
('K', '98458R9', 'R913K9M88U95', '6KY08', '499', 'T'),
('K0R0F88', 'D2', 'ZBVXQ1E', '366', '63', '1'),
('K3', '7W7P3MJ', '189NO', '2', 'W', '0W'),
('K3EAPF8R9E', '88O', '61K', 'EH3F', '6', 'A'),
('K40', '1', '4PK1FYG17L152D2', 'R', 'O49', '838'),
('K7M57H41K6', '88CQ96UWX9', 'BF', 'WZYM', '6XZ', 'N4IH474E2W558'),
('K8', 'G2', '2X', 'FTZA997XNM', 'OKS4GB409E', 'X062MU'),
('K80', '0BN07', 'D73', 'HN', '74JM', '80JG3JHM5'),
('K83N4O9', 'Y2EU75S91A', '6', 'Q8N', '949', 'Z'),
('K9', '6263', 'T', 'ER737I', 'ZQ', 'O17S61181S2'),
('KF9', '19W9I', 'DVFI', 'XU', '88AP', '989'),
('KHAP6NR49F', '91E5', '4', 'L8X9X', 'NZCON', '5'),
('KIT8C20K6Q', '91', 'T9HA', 'M', '0', 'K'),
('KO22KG0T', 'SHL', 'NR', 'S', '1', '6W81'),
('KQAJ', '9196YF', '33Q3RB3', '1U57K683M1', 'HIW90C', 'N'),
('L', 'WC', '5H', 'A6S', 'ATQ2', 'XI'),
('L0', 'SF6', '959E8', '2G', 'QMH5WL7OR4I9E', 'P52'),
('L2', 'PITPC3', 'JEA', '3M7OD64P50', '3N07S5B3', 'E'),
('L3XC134BB8', 'I6O4586F', 'E', 'S', 'PML2LYP', 'Z1W8K'),
('L5EL9B', 'PK3T5', '6U', '0', 'X', 'Z180LPM7S2N'),
('L957H609', 'SR', 'H', '6W', '2Q446QP', 'BUJ'),
('LC', '26497Q5', '06W7W3Z', '4', 'HD706A0R2', 'L8'),
('LH', 'VF94479U', 'H', 'J7', 'H8Z5', '72FU2N'),
('LL93V4V70Y', '1T7YZ', '2', '3', '8903L6YIUQPK7WP', 'J'),
('LNSS85', 'KB1VSUFN70', 'W', 'R', '8P7', 'V2301J5'),
('LOP2Y', '9W', '8', 'CL', '4266', '7E'),
('LQ6AEL1J', '9871K9B719', '9033', 'BM62UH8E41', '22', '5DH'),
('LU3', '70T61YYZ', 'V64', '3', '41AN', '2FC5'),
('LV', '3Z', 'C', '701S9', 'SR64W5', 'WA1AY4H7W959'),
('LWM9DIQK3K', 'GN9', 'Y', '0CN', '67E9', '2Z'),
('M', '6DS', '1', 'KX6R0', '2', 'ZR'),
('M0', '4HH87', '4358WSL', '0991P5U', 'Q', '9'),
('M11B63', 'H74R4379', '3', '87', 'E7L', '5U8'),
('M18FGXK', 'MJP4', '2A6N8', 'I45835Q2HJ', 'N9ZD', '0P'),
('M4U4', 'O7101133', 'TA8', '7T', '09', 'D'),
('M6N07ISFC', '7131E', 'GZH', 'E747C27', 'H', 'TOYR9K1'),
('M7', '4EIK', 'SS71RJ38Z', 'JTK', 'RX7F', 'S1'),
('M88', '3U78', 'G43', 'B', 'D4D1C', '60'),
('M8D1787', 'FS', 'JV', 'M9', 'T2M', '91C2848XZ78CKFJ'),
('M9L9', 'W7', 'Q71R127Y9', '9U', '3S', '47HK'),
('MA', '2M296', '15', 'Z', '3TB3', 'REU5L6LL'),
('MB', '1Z5', '9', '215', '9X41', 'L26'),
('MBQ34739EV', '86', '95ENG', '7IP08', 'N55T7D9', 'T2W5G'),
('MJ18', '2YE9KC56N7', 'EB64D', 'VTRZ', 'KIN', 'JN'),
('MK', 'EX8XU48HSA', '4VNY', 'FAOOJ2', '9GNN4', 'A'),
('MK4EZ1', 'U0', '4PV', '8LYA9', 'HA', 'R3'),
('MLP93', '41', 'N97LB1Y3', 'KZPM80', '4N', 'Y1'),
('MO9LV53E2B', 'AY4L7', '9S', '5U99LE', 'M714', '7H8QF6TY'),
('MVEGD', '9UTH', 'V', 'Q3SUM9JI', '54VU', '9B9S'),
('N', 'NIL1', 'P', '0U1F', 'DTG0', '7'),
('N0', 'ZB1R', 'W5D6', 'T31007', 'OH2Q0FVQYL', '1C1'),
('N01Q2', 'F', '8I', 'NB42G', 'CV', 'UA'),
('N2MS3W677K', '002', 'YW98', 'Q5N', 'MA', 'NT1'),
('N3', 'XR6', 'A', '1K', '8R', 'O6UYC2'),
('N37', '07', '73Q1', 'UPG', '5', '2CMU76N70C90'),
('N39', '5M', '6B4LGTNJ741', '357YW', 'F937C2', '233Z'),
('N4G70', '63BQ', 'IB56', 'T3', '5OZ', '48'),
('N5U', '5P', 'B7RDY1', 'G1911RS55U', '4', '6Z'),
('N6', 'IHH', '3', '7TUVXN6817', 'R5', 'S'),
('N60', 'V5', '7M', '65', '766', 'DH'),
('N6257A8LOB', '5VDK4RA', 'TW969M5', 'Q653', '8E55I9F9IZV6V', 'W'),
('N7', '4I', 'B5558', 'CG85', 'I4', '6AVNZ'),
('N8', '17', '4', '77', '48', 'DCR9X'),
('N9H844N2T', 'UY', 'NC04', '96205695', '1ANQ', 'G0'),
('N9HJDV', 'G77G', 'MN58', '2Z65', '4W8V', 'D90AY0'),
('NDH2', '836', '94J4G26SAW', '9UL7S11WNL', 'T', 'MNNWF97'),
('NDTVNJJ7', '696E', '6W825', '9F7123', '0', 'OA2'),
('NK2', '5814', 'THB46S88', 'O7HDG751', 'R8', 'T'),
('NNGUKY', '322C1', '6', '8K968C6968', '588C2', '0881XKF'),
('NOI71P', 'AN2', 'V14AA', 'T1G1K9C10I', '6C1JB5', 'PD13'),
('NP', 'H8V', '1', 'CLDI39MF', '9U6M', 'N'),
('NP5KLU31YG', '1Q', '2N3K3R1', 'Z', '9', 'PK345OSVRXW2KG'),
('NS', '95I302', '8', 'K49', '42', 'H'),
('NVA396F03X', '7V4', 'HIT6', 'VPKHJGZ539', '3EX', 'B2'),
('NW19O', '5E70HKY', '941', 'Y3', '7K98Y', '8'),
('NX', 'K2', '4', 'AJ5', '9F', 'Z5J1JKO71'),
('NYUD70V19', 'Q0A', 'W', '83061Y', 'K2U4', 'DFT9XC'),
('O', 'AU', '6A0CE', '3', '3L5G7', '9'),
('O062K8', 'EC', 'IM4404', 'Q', '657R', '8'),
('O1', '2Y4', 'RKIBM5', 'WQRC', 'R31T1Q', 'HNJ22C'),
('O2A', '5V8', 'JEK', '38', '52', 'O'),
('O2L8', '9QY1988XV2', '8T', 'ZP', '86', '4'),
('O3', '35', '28IFGW8K', 'VV9SK', '6P22', 'IV9478NS'),
('O30', '06', 'VXQ50', 'JJ', 'P5', '2'),
('O3P0SU', 'N5L', 'CYP889', 'P', 'ADPRRCO1E89C', '18P86'),
('O50', 'SHB9T46A43', '0H', 'JFZ', '3', 'AHPH7T'),
('O6', 'ZH', 'Z6', '0SJ', '1', 'DF90YRC48V94F'),
('O7', 'LC9', '0D2', 'F8Z181OJL', '8C', 'KANZ'),
('O7IO4', 'Z3', 'F', 'K', 'Q', '0K1'),
('O9T', 'W58U5', 'O', 'HP60', 'RGIL61', '28'),
('OB', '8A', '9507', 'E', 'N8', '66'),
('OD4XZ', 'X12FM', '2550U6702D9UC', '5', '987X', '0XXSY3L6K0'),
('OF9556', 'V', '6M2976974', 'SM', '58P2I', '9'),
('OO4', 'J45', '7', '18O4Q2V990', '90QAC9', '5W5'),
('OP3Q', 'Z1', 'D2N', 'Q54SKXUN81', '4', 'KY0F'),
('OV', '0US', '9HQ6', 'C', '1SD', '2Q'),
('OVR338L', '003', '6', 'T', '028CGF40C', 'Q'),
('OY0TF4NP05', 'VK7', 'D8E1', 'V3TD', 'W', '8QC7192I'),
('OZ7K4', '97PHBUAP47', 'HF7694', 'G5', 'K8', '3'),
('P', 'H6EMJ1T742', 'M', '3', '0MQ', '64I'),
('P0', '4EXEY3Y5', '8', 'VK6', 'U', '2'),
('P12', '7ZJ', '5B', '6ZB0U8', 'NBO91D2165Y3K', '195'),
('P237', 'QP40', '92D4ZG0', '7', '6', 'D3GUH097'),
('P42I', 'O8', '2', 'K', 'GS', '70U9YP10G2'),
('P481Y', 'ELRJ9H', 'Y', 'TM', '0VAP', '0N'),
('P5', 'XIR', 'DU', 'S9HD4Y12G4', '45', 'W'),
('P6DO180', '5V6', '8', '21I72Z8', '1', 'CJNH07K8UO9G95LWR2'),
('P7MIDW', 'ZO6B', 'WZ978Z2MTKE', '4SK', 'V2', 'UPW9'),
('P81BSYIUU7', 'SGVS3ZXR2K', '3', 'HR55T', '0', '5'),
('P961', '36', 'RASS', 'QQELH4', 'N5E7', '6'),
('P97D', 'OB93', 'EP', 'N5ER1RU9', 'K92U', 'W1'),
('PAM7Z0O6T4', '2H18W8P28', 'G52S79WN2A', 'G637Q14T', 'O02L', '7'),
('PC', 'J165S', 'H2', '7', '14WM', 'JSZ81'),
('PCV6', 'W8', 'QF', '4I7K', '7', '5'),
('PF0', '51767Q', '4OM', 'J4G6', '8Y7QFYX', 'Y82'),
('PG9', 'YW', '69EO', 'CB13AU', '5', 'NONJX8'),
('PI4', '5BWA', '22925', '3A', 'H2Z', '13978Z9F8IB48'),
('PJ10UZ', 'BVEQN5', 'MM7F', '8', 'RB', 'GPKQ'),
('PJX95EP1', '79IG5393DY', 'NNL10B6429SO137', 'I', '6L', '1L7481'),
('PKS', 'VY3Q67FIL9', 'A', '8', '1MO0MTXP5', '2Y08'),
('PL', 'O4TO3R9', 'Q', '22T00F7', 'I', '78AWGI9002'),
('PQ2NH', 'R8', 'X87ZJ5', 'Q6', 'MDI95', 'A'),
('PU', '06H08VG', 'T7I6YG', 'ER5S2', 'B', '42AT4AR4'),
('PXQ', '924', '0S06', '9', '5U', '9T29E1'),
('PY', 'QAH', 'D', '8', '4H1E2PL', 'C'),
('Q', 'C', 'ESY', 'V', '9X5', 'HT'),
('Q02C18', 'LT637', 'D3UCG', '6J', '1S', 'Y'),
('Q3', '0', '631626AX0K050', 'D4', 'N', '940BX67'),
('Q3601', 'LWN', '9IP8', 'Y8OB6M83S', 'K5MBW', '24PYE'),
('Q385I8', 'M', '23', 'G', '25', 'G9'),
('Q3Q', '33HF9', '2', 'C', 'E6', '9'),
('Q4', '4H8', '7', '2', '3', 'C'),
('Q5891', '45BTV', 'YZ9043E', 'L9', 'O8', '3'),
('Q5KBXWF310', '6P0', '24AVT2W', 'T', '4I', 'K2H2697D6IR9'),
('Q969745J42', '4C6', 'H8M460', '4', 'S59RLC', 'P'),
('QC0', '59543XHGK8', 'E', 'Z435', '9Y3E5V', '11G0400PZX4'),
('QC53', 'Y78GHZ', '5', 'L4', '85QQ', '6F560'),
('QCP', '9L76', '9FI8Y', 'M2T', '6P', 'O4TB5XO0289S3Y'),
('QD96JC7A', '769L', '2', '68TKA', '5', '0'),
('QF', '6909P', '3', '3D8', '1C2', '8'),
('QH', 'VM5', '363454L', '86', 'B4', 'TRV'),
('QK', '9K6151L410', 'R63HOH', 'H', '35K', '418EZ33'),
('R', '829', 'A7H99G', '9K7', 'A3', 'P36NU97'),
('R0', 'WB131', 'CX3', 'XHW06', 'Q873', '23L3O'),
('R3', 'Q8A', 'R', '5I', 'Y768', '271P'),
('R36W9S4YFH', '8M9OWEFH4', '1C', 'L', 'T0E309', 'M'),
('R52', '0DL', 'I', 'Y', '6SF', '4Z'),
('R79', 'NL4', 'DYB5C1Q', '1H5845', '36S1', '83'),
('R965A', 'GGR7ANV9', 'Z14V35349X1J0YY', 'K8Q', '98', '95B31'),
('R977DJ1', '9GH638065', '35', 'M3', '9', 'N7Y'),
('R9NBXO', 'G3SMAX3', 'E0170LV2', 'EK', 'M5', '120'),
('RB', '5HU8X', 'PKQM7', 'R55J5', '011', '6170'),
('RB09ASZT', '27Q', '0N', '0', 'C2T', '4Y2B8CZ8'),
('RDX05SO', '4S4', '6HJ1', 'F1R', '8018K47', '444WTKDZ'),
('RE', '63N', 'I8C', '1', 'GY78R2H2E1', '5T81YV8G29'),
('RJ6PSTO', 'GM0', '4', '5TN33M2', 'PC', 'Q'),
('RK', 'KG', '4AI', '08P', 'P', '3'),
('RQTK', 'JK6KMKE', '5', '8965L', '8I', 'G'),
('RRLP', 'R8T9ZPTLU', 'GAD8882G82', '5FL', 'OJD0B', '210'),
('RTK', 'THDZ0Q31YK', '787D27', '2D', '8', 'YM1'),
('RV8', '766', '9', 'QL', '6V', 'V6'),
('RYO47724', '482', '5', '4', 'C4TV19', 'IT856VO3Q0TSG4DW'),
('RZP', '68OA', '0', '63', '465KL', 'R6'),
('S', 'L3L0Q71FC0', 'VO', '016T9', '6Y3JL9', 'OZ'),
('S0', 'Y46', 'O18783K5K', '2O83MI', '1', 'R'),
('S054G', '5C0A7V2', '9E98', 'I', '9', 'Z852U0UZ'),
('S06', 'VH068', '6Z5URMKN8ED', '41T', '2L', 'Z7L'),
('S0KA5S88', '5RD3Q', 'BWX36GE0', '5Y6', 'B', '74'),
('S0M8ZK706', '90YKOW', 'C4P', 'H', 'FE', 'R4YD3TP'),
('S0SS', 'M0GKF', '5', 'BKH3', 'AP', 'OMJO'),
('S3', 'Z6', '0', '3V38I9', 'M', '9U'),
('S313', '54', '2H6CC66U9S21', 'O', '87YYE', 'XAU'),
('S3764B4G1', 'L2EQXC22R6', 'GJ36', 'E', '5F', 'PF142'),
('S4', 'X', 'A625', '9J', 'JV0CBJ84SYJ', 'G0668A1C0S4I3853D0'),
('S6ROU4K2C4', 'F1', '7', 'I', 'MPDM', '9'),
('S76DH', '1S', 'XQ2YEPDDE4Y', 'N', '72I', 'X08'),
('S7DW7', '187MN', 'J', '3135U2U', 'P1E34Z91B9', 'LH'),
('S8R', 'G0PPX', 'ZELN1X', 'O3Z', 'U77', '8I'),
('S98', '0L', '3', '3DML', '3', 'M9F6MZT1Z6ZH5'),
('SB5E', '5I7Z14W339', 'G', 'W2', '29', 'OZL4EB7'),
('SE6', '7O5M', 'HLJA', 'N', '4U3', '75L'),
('SK', 'BVG54A5FGM', 'D40U5WG', '19', '0636CY', 'D097'),
('SM4E', '5TNY', '3O', '7Z1QISTR8', 'I8F', '04946199AG4G'),
('SO5', 'VIME', '5I404Y', '0Y4EL3', 'T', 'C'),
('SQ', '20', '6', '13', '3Q', '40E45'),
('SQ15R811P6', '6V', 'OZLI', 'M', 'F', 'A98A'),
('SRH', '32', '23', 'L', 'S7', '8O4D6Y36D'),
('SSZDAQ6', '63', '4T', '2A3J4U6P30', 'AV', 'L'),
('STWI3U', 'L5GLM', 'R', '06C', '4752BMWT0', 'D5S3'),
('SV', '6W00', 'QC', '63158XHE', 'QA137JNS05L01', '53091A3RDS'),
('SW', 'UV324', '9WW', '0', 'U', '6853'),
('SW1', '1E', 'AK0A1PF8CYB8Y', 'K', 'W', 'K2'),
('SW24', '50BP73YJ', 'UIY4Q', 'A', 'N8', 'IS8'),
('SY7', '7V50', '1M2', '94869', 'Q0B050O4', 'G'),
('T', '4GA8', 'J6W', 'QZ', 'QIKL5', 'J'),
('T0I', 'FS7108', '7', '2686E0', 'V', 'C'),
('T1', '68NXT09BMC', 'A', '441', '42U0G9C', 'R'),
('T5FN', 'UR', 'P', '2H4P3F', '84DI', '4'),
('T6T', 'X22AC2LX5E', 'P', '322A7N', '8S', '3'),
('T7T2', 'R0Q', '1', 'B', 'ASV7B7G', '52I'),
('TA', 'O088K', '8', '9W', '1', '6G8'),
('TG', '31TF6Y', 'R138R', 'UIWH', '07SO5HCUR0', '3'),
('TP2BDOZ', 'FJ', '9', '76I', 'W1ZJ', '1D'),
('TP2OV3NS', '2C', 'RRGQ8023', '8', '7UW2', '62W7W3YVUKE6O3'),
('TS', 'GLIYB', 'LZM27X94O36H12', '7', 'G', 'ZS'),
('TYZC', 'Z95W8', 'QH43010YP000SZY', 'O6UA', 'Y', 'WI13K7'),
('U', '7CDGY', 'A2JV', '9', 'JBJ', 'RT1ZG'),
('U02KBE7QD4', '2N6', 'RHN4J7XF', '509', '6', '7W'),
('U16374', '4H3O68', '1DZF0650', '33', 'T', 'W2'),
('U1Q', 'FT', 'M', 'O', 'U', 'R'),
('U26', '1D05', 'U75RU1R8', '2BF', '4C7', '9M98X'),
('U3CM01CP20', '749', '0', '47A', '8G5LNW', 'MGEB71QV'),
('U3XUJ74O', 'EHW933Q', 'YD', 'Y', 'Y4Y', '0H52D'),
('U4', 'EG43DQ1Y', 'P', 'S', '1244', 'Y'),
('U44C', '9P2ZD083C1', 'F2', 'E8258H0', 'R1K', '63GS'),
('U8', '8KT3', '3', 'OT8', 'TGSK', '9'),
('U81', 'MQW348H7', '7911XQV', '20G1BJ9H4F', '9E5', 'AS'),
('U9M309E', 'S1', 'F0E', '5K622R5', '7W14', 'TKBP2A5O'),
('UCY81A', 'TO', '42', '666A35G6', '06', '56'),
('UHNNPA0S41', 'NI', '60FWI4UL', '7LYHEU52', '28', '5X5Z21PBOF402VH1E8'),
('UOU', '8N5', '1J', '6IU', 'E80D2', '4'),
('UP', '3LFIAIZJ', '2', 'F5S9Y', '6C', 'EE3'),
('UQ5', '80464', '1E9', '5V', '560069WU6', '4'),
('UV8', 'A254', 'CD48E', '67UA', 'D', 'U2'),
('V', '55VYW', '1K39Q6', 'HR0', '15', '9'),
('V0', '0R', 'Z', '34', '9', 'W1'),
('V06', '088X', 'H642J', '5', '9', 'N'),
('V18', 'RI0F7B16H7', '93T545UT3VFRACL', 'MTX', '7B9', '9'),
('V1Q', '9N', '6', 'T8B', '15Z87', '16552'),
('V2L', '1Q24Z', 'A', 'X', '4Y4G83', 'V'),
('V30I6', '08', 'L8763B4', '5M0', '518', '65M'),
('V4G6U', '1797312E', 'Y2', '69', 'G7T3', 'WD60'),
('V78XY3MBNN', '884', '484H86FH', 'NS', 'DY3K', 'Y20KQARF9'),
('V804ZG2', '8OX', 'E', '2', '76YU', '066'),
('VA9M26BZP1', '1B', '79', 'K4', 'C4', '2'),
('VB', '3HLK1', '952GMU', '6', '57E90545O0', 'R1HM'),
('VE', 'VX4F7', 'BL', '5', 'TADC', '2A'),
('VF1WR8', '6A97', '7', 'HX4', '14UN', '2ACIG21'),
('VL', 'GE0', 'G65', '08', '01Z', '2C8'),
('VM', 'A17H', '0', '8', 'K', 'XHQ664T82'),
('VOX', 'LL19NNB', 'BJ', '8VF2', 'E66', 'K6'),
('VP', 'F7', '75R1S9', 'U', 'GW5', 'A'),
('VQ', '08J5Z', '6M', 'FEMB764', 'Z0QT', '12'),
('VR', '2MR9M', 'CA', 'J', '8', '34PX'),
('VVA', 'N0', '044', '35E15', '48', '7'),
('VW', '98IQN', 'O3', 'AA', 'S0ZI8', '4'),
('VWTPR', 'U6V170T6Z3', 'MU64S1LO', '69VZ6', '93FG6EG391H6PP5', '6C'),
('VX', '1D6', '7', 'MPM66', '6', '7GB5NYOR0NE'),
('VXBA', 'M8W460', '11', '91', '51U349', '4M952U'),
('VY', 'PRXI6', '2D69JC', 'S', 'D', '1523'),
('VY0', '12T', 'CQ7', '34', '1OC30C', 'IY'),
('VY4', '9E', '62DVA7O0A', '9942N', '9S5J2C9UR', 'LSN'),
('W', '1V8ZU7KE', '20VB1', 'F7E0M', '099J', '4'),
('W0', '3W', 'Z2L44P77U', '1WT399J2OJ', '29', '97I'),
('W17RV26WC', 'Y7', 'W', '2', '4N53', 'F8'),
('W1R3', 'D1', 'TX', '17', '0PF', 'T'),
('W2R', '29NN', 'N8E2O326C7F', 'O', '2', '2RSSADA3Q'),
('W46', '349W', '645U', 'C8T07O5', 'O6', 'J'),
('WB', '3SB9', '1S', '0W0', 'OW9QR988U', 'NXN6LS'),
('WBM35', 'R5', 'D7BWVACTSO', '8', '5DM', 'ZN44'),
('WDVCK', 'A18', '6L', 'TW6', 'LVO', '8P'),
('WH', 'C265', 'AM', 'RN', 'R', 'TP3'),
('WJ8X6', '7B', 'MZ5C', 'U48', 'W', '3ZL786X9O0DT'),
('WL075N9U', 'P3D', 'CN', '4B', '1R', 'O80'),
('WL6MG3RW', 'Z234ZXC063', '5', '1', '32U', 'T'),
('WT', '590', 'C', '49', '4JI', '2A1Q4'),
('WU', '233', '3', 'YN0JV2AF', '6', '1U57QK33'),
('WUU62JZM17', 'AOW3', '61T9L', 'SV7', '8', '350MD'),
('WZRT19W', '162SQC49S7', 'R295XT3', 'BF', '162TA', 'BGL865'),
('X', '1I4', 'I2', '1', 'O4BQA571E95S8', 'GJ5'),
('X1', '04J', '19', '6GI6', '3HK532I', 'Z'),
('X13', '8CM', '2', 'OFL', 'H9', '6NV2U58MJ'),
('X1PWO', 'BD68', '4R', '10', '20', '86'),
('X28H', '4T', '22', '97', '6', '12F0UMTKK'),
('X4', '83D', 'OLXEX97B30', 'F7', 'AR', 'O9'),
('X5', 'O', '13', '20', 'D06894', '0'),
('X5A24LH3', '9YB', 'LO4M71PM94', 'U', '52Q', 'R3V'),
('X6', '6RK2ZF', '71I', 'T', '8W5', '9'),
('X7', '34SIY7', '17U065', '5B4', '8B', 'J'),
('X8', 'KO', '7HOW', '5LRL', '6', '8'),
('X80', '5G', '9', '5', '0Z', '431977T739V'),
('X8W', 'EJ5', 'G6', 'T50', '6QA9P5', '65'),
('XDO28GB', 'R8X0', 'QA08RJK', '5', '7', 'A8Q3USIA34'),
('XF47', '6D', '045EMHSN', 'GV96S', 'ZE72P', '40CKKROY53B8D8AH7'),
('XG', 'J82222', 'B844', 'S', 'C', 'C37'),
('XH7P56', 'ET4300', '2', 'C45', '4552T8TX', 'WTH10VYZ'),
('XHG4LR092', 'G9', '27', '204', 'E0QR', '7045H'),
('XHW', '2788JHFVN5', '2', 'G', 'D', '4HJLV1KAY3J5G5'),
('XI', '87F6UQQA', '67', '6IV5', '74MJE', '7'),
('XNLS26S48P', '9NW', 'U8R', 'Z80447Q', '5', 'M'),
('XQ', '8AX11C80', 'Y22WH25HJ', '86', '2', 'VS6'),
('XRBL', 'JG6', '0', '4', 'P', '2K2K2'),
('XV18W', 'YWB9O', 'G', 'NJ2', 'JE0J', 'H085'),
('XX', 'P8S', '1QST', '0', 'EP343A', '9R5WM'),
('XZ6N0', '0PKUDA', '2VN00SU9M5', '0C', '0133', '6VP'),
('Y', '254AD', '01', 'SG', '6NVEITQ', 'HJ6'),
('Y0', '76', '1S', 'O58L2S', '2Z', 'HKI'),
('Y1', 'ED875', '67', '84', '5', 'C308'),
('Y1Z566C', '82A816', 'QAKE', 'Y', '4', 'I1'),
('Y356K', 'A1', 'F', 'IO', '1FKTBD3V', '4IJ31'),
('Y39', '62', 'C', '8DI41C9', '9', '5Y69KT'),
('Y4H40', 'G8480', '2', 'Y6Y92780', '1H273PB8Z', '3'),
('Y6KUT', 'IT', '1B', '1', '2', 'D8ZY'),
('Y7M', '9AV5O69', 'Z', 'FT', '8K1', 'S9H14C9C'),
('Y830', 'DMK7X', '0', 'KLKPMWDE59', 'Q1H1CDHXBM5G49', 'EO41'),
('Y9', 'W3JCED2', 'G', 'QIPH', 'X52436Z3Z2O9896', '9'),
('YA', '02', 'EC3ZZSK0', 'N', 'P30T4M', '7UM88I12WDOB2L'),
('YF5U4X5', 'Y9B', '8', '37OPR', '0', 'O27'),
('YG0', 'P646Q05', '5', '916N679N4', '8C', '7'),
('YL', 'KY', '0K0K3', 'W1H9', '07', '1M'),
('YL881', '94WA7', '7XFF', '6', 'XS8IG26L', 'M84'),
('YP709', '3SI6', 'M', 'P4', '9', '4'),
('YW', '3J945E1', '0I5J', 'S', 'SX8', 'I'),
('YZ', '6938', 'L0638H', 'W', '102570895O', 'V59'),
('YZA2', '92', 'Z', 'D66C327', '0V5', '206E'),
('Z', 'D79', '32EKN99A5I2147N', '1AHZ7V0F', 'O9', '3'),
('Z11', 'M5', '2', '6H', 'S', '78D'),
('Z2', '493JK4', '7Z', 'RENGJ', 'PES', '1G'),
('Z403', 'GD', 'RM', '4', '873', '902S'),
('Z5N', 'WI1', 'K75', '5', 'C', '97UTA9Y5'),
('Z5S9', '1D00', '8S2', 'DZS7FKB6C5', '1F8N', 'AH082'),
('Z62U', '479', '5J', '433', '7O6838V', 'I03T8WK'),
('Z67', 'EAW09CNO94', 'N4', '9L', '05', 'EABEH'),
('Z6U6', 'S2Q74455L', '72', '9C5', 'I70', 'MIE'),
('Z9AN036L2B', 'SA', 'T7', '4', 'I0G', 'Z3PL0JH57'),
('ZF9H', 'VB', '7', 'F', '8I99', '492GK'),
('ZJ36I1', 'NA44AY', '212L', '837Q5', 'B9', '0ZK5XV'),
('ZJVM', 'G4', 'XA1Q8', 'I1', '17B3G', '2'),
('ZJW', 'QF1204', '8796', '8', '056600864HLLQ0', '1DX0010BU7HM82V8J072G627U'),
('ZL3', 'K6', 'U', 'C5', '40', '9O8DUM'),
('ZM', 'V9H484H5', 'P8RRWU', 'E', '0VX86', '7BU1LUH'),
('ZN2X', '60U', '8J3', '1', 'M6772R', 'G7'),
('ZO3Z3', 'B1N9J', '6', 'CY5', 'J', '63'),
('ZOS', '1A', '6', '4M56', '12', 'W232'),
('ZQGA', 'GX8', '05', 'B', '3', 'X'),
('ZS', 'L5V4', 'STBBW3ACC600Z', 'I72', '57B9', 'F8801W'),
('ZUP36', '8E2IL', 'C8T', 'UP10', 'L', '0'),
('ZV5U', 'E3U0', '8Y6QAD0', '9', 'S', 'O6IRR'),
('ZWP7', '61T2TJEO', 'M5T3', 'C', '1', 'V'),
('ZX6GRFH5V', '1D88', '0GUV', 'C', '2501UAM', 'J');

-- 
-- Dumping data for table vacunas
--
INSERT INTO vacunas VALUES
('0', '7WN6', -1561621358, '9', '1986-12-03', 'FD28'),
('005', '3U', 83, 'M05032QY', '1970-01-09', '38'),
('00U7G', 'U', 987, '1CDOEY078BG815ZBT79A2YG', '1970-04-09', '9J4'),
('00Y0V2KT', 'I17OK', -471003639, 'YMXI97C89BR77PU155C6HMKDZ7H566E1389DR6C0MT', '2021-01-17', 'H7U1N2C'),
('01', 'D0', -263518799, 'OENUX', '1972-03-29', 'OVR338L'),
('015L09', 'R', 2, 'Z0', '1970-01-03', '87'),
('0165', 'J', -879, '12G98M3Z21Y3C', '1994-01-25', '9'),
('019', '2', -24, '929815QZNKF3DITL00KK5KT1', '1970-09-03', '82B31F3'),
('01L', 'IAUTO2T', -1550210051, '2ES124W095Y5T796N8Q3302NL8SQY1M0826F802L323072FWT6', '1999-03-28', '37R2641'),
('02', '18DDP83653Y22C4', 75, '32W5QY', '1970-01-08', '9Z3'),
('0216AEUU', 'N3', 5, 'FKQ6433PSA9J6FWCAOH0EUD1K46G3TDH5', '1970-01-06', '82B31F3'),
('02B', 'IDTE1', -3598, 'K1955ZBX52N9D6F9H55', '1979-11-08', '7O'),
('02T', '1D', -239090570, 'QH4KONU0L491X8J7V', '1992-02-01', '32227'),
('04', 'WD3Z8M', 0, 'UK181AFH7S', '1970-01-01', 'W0'),
('044P8610FB', 'XV', 8, '2QUN572OB2', '1970-01-09', '588COWL8'),
('04BIHM8', 'A9', -994850874, '68L88O17SLQ0R', '1985-10-21', 'E6LF48F1'),
('04C9PP', '39C', -1819425930, '5E3', '1976-04-23', '8Q'),
('04JI64Z7Y1', '0', 1603, 'ZO33JF2H2Q5W9TE287T84', '1970-01-17', '09X1'),
('052R0Q7', '72A4N5485', -626930859, '79AE6VQ7', '1978-09-14', 'O2L8'),
('053', '68XRU', -1377253536, '64PABSAX4SZ096B8057II87H7J14V40BAM3RN4IK1OBJMXSYUG', '1978-03-22', '4XL'),
('0550F', '5', -1887888680, '64NY081S5M5100', '2005-05-15', 'IW'),
('064L40', '26CU', -1357685943, '439795PTQ1G9X6JQ81509511R71O8V7MV7LT6IA43P', '1985-01-31', '4599F54FSL'),
('075', '534Z', 3007, '98BMAUA025', '1970-01-31', 'SY7'),
('078', 'AN56SF8K0', -20990718, 'NHS3L1KQW4', '1987-10-17', 'A4P'),
('07L5L87CL2', '4A4Q', -2072737619, 'J346R42T', '1972-09-29', 'Y1Z566C'),
('086B12744M', 'AJ', -7446, 'ENXQ127NDWX6P533', '1990-05-22', '0X53'),
('08D22', '7', -1919970676, 'HPP3FB8VI9D4M2AFZR1BR', '2006-01-16', '0PE'),
('09', 'K', -929426124, '19PDL4V8K4UFC1', '1986-06-09', '2A94W'),
('090', '12C', -786160029, '2BK6J70UOO4', '2002-10-03', 'R977DJ1'),
('09SL4S', 'Q931YVS', -519, 'HCN04K88SIA3O6I261XKG27', '1971-06-04', 'C33I15'),
('0A', 'AC', -662972224, 'D54AV27HB2', '1992-08-02', 'PI4'),
('0A08G1J008', '62J8PX2', 67, 'Z01NM27E0Q618', '1970-01-07', 'G6VPL20VK9'),
('0A448', 'S5H72198J4', -1141091114, '2UZLNDE5', '2007-11-05', 'K40'),
('0B', '4X', -1171896903, 'KG602', '1971-05-28', '5W'),
('0BG', '6T9NOMXL7', -1908430872, 'B275UV', '2006-10-16', '315'),
('0E8', 'MV3J9628G4', -951430817, 'YYBVZ805F64YMA2VB0MF94N6F630719917BLA6LV8W79829Q10', '2005-09-24', '17'),
('0E9K', 'ST', -5796, '95O5NC60KUYPUC295Z0T', '1985-11-14', '4M0H0'),
('0GB2', '8', -1916162266, 'P08OY886', '1996-10-09', 'E08B532Q7Y'),
('0GQC', '0', -2087396610, 'KXUVSF520004N3A', '1989-07-09', 'UP'),
('0H3Z4W4I7', 'K', -851505665, '7BFZ8SO8810Q57', '2010-10-09', 'N'),
('0H6', 'TT', -1597410631, '0NANO61AZ57Z119P89KO988B7F8C833V900J10PM37370X4N52', '1975-08-30', '36A'),
('0I2', '5JM4C', -443416735, '1WKSEUF4D57D4NT7Q9H62Y7P5R', '2018-10-31', 'NDH2'),
('0I59995X2', 'I45', 205, 'N', '1970-01-03', 'EX'),
('0KUL91', 'FKP', -1473373797, '3W9Y3', '1978-08-26', 'T1'),
('0P', '001213785BMM846', -215317257, 'B9AW62M', '1974-04-19', '3EQP'),
('0P09', '79', -6673, 'N', '1988-04-09', '758XJ7'),
('0QKGX', 'W18Z', -1081345640, 'JK6ZY7RND4YM1KWWH4', '2005-12-02', '0X53'),
('0R7', '23F8D', -812480969, 'TYD3H7800G9O', '1980-06-08', 'M88'),
('0TX5', 'U5TZ4', 9524, 'UW49PSA6H20', '1970-04-06', 'WZRT19W'),
('0UZ', 'L0', 57, 'FB7TRC5W5Q5W5F5W07L8V15EN3AUNSJCY', '1970-01-06', '899V08CE4H'),
('0WY7', '1', 6320, 'Z3NUTJ2441', '1970-03-05', '581'),
('0X', 'I3F5O0VYM83', -1263904353, 'E9MVMM576C678DEE1LF669N350NM82QL081SM251MJZ9Q5K2', '1996-10-03', '37U'),
('0YYYKP8', 'TM0Y7', 6, '494JM93F44H9M6320S290937Z8K', '1970-01-01', '9B7'),
('0Z', '9', -1471142985, 'GQY', '1980-06-19', '5215C804D'),
('1', 'M78', -1123149170, 'B69132Z408', '1992-12-10', '3FE1N31DV8'),
('10', '6', 75, 'AEWP95', '1970-01-08', '9G'),
('100R2RU6', 'G', 418, '3ET3C3B050FW417N7PX1G', '1970-02-11', '1M8'),
('11', '4', -1849943140, '69MRI1NKSI8D425K3YZAB7', '1983-02-10', '14031PY'),
('110', '5BM37', -1811302667, 'L2L16BQ14A4', '2016-03-07', 'T1'),
('11F97H', 'QZNGL', -1550699717, 'UVVE0BDHKU39LM3G5A65236YR7PUD7GE7R2MB6', '1983-01-02', '3H71227'),
('11XZ20B', 'X8', 766, 'V4JT1N1', '1970-03-18', '5XB6Y'),
('12', '5', 2341, 'Q32LW37', '1970-01-24', 'EMLSIW4R5'),
('13Q', '1V', -2038257209, '5RC99FZ', '2000-08-04', '9H'),
('14', 'KKIP', -1, '73W884B4DW99I76IHN1O31KU11EUO4YB3', '1970-05-17', 'Q3'),
('143E8', 'KE', 980, '8EMIJ60YB7I4QV0N', '1970-04-09', '7Q741'),
('1450', '67271C68Z7', -393489538, '8OW8C74U', '2008-07-24', '54'),
('14578K', 'H1J', 0, 'W704J416546T60P15JVA4DQ7T', '1970-02-25', 'T6T'),
('154K', 'E', -74061571, 'J37ZKZ37', '1988-02-23', '4M7YZ03'),
('15DJ822VO1', 'F', -886274020, '4FTMFCI285R2AQ4CZ4Z5BXDHQ1G7PT', '1977-02-03', '381B'),
('16', '1', 612, '69NR4DR126723OS8ZJ7WZ385DJ5W0EA10901C', '1970-03-03', 'AW19TBV'),
('162BT23', 'FZ', -4946, '8UTESV2CYFB464916H2Q4HT5HQ0S6HCF', '1983-07-18', '1WWL1Z2JQR'),
('169VT7G3J', 'T20INDFN30', -417735784, 'E7QLS1FAQ7QY4265TKFYVFV49', '2015-03-22', 'PCV6'),
('16NP4Y9', 'RKF75', -1136674778, '3M49K8BT9N81UT0U476U', '2015-09-20', 'PL'),
('1735G', '2K', -1274781657, 'A5XPHL6O584G54HI9TBE1S82N97V4FLK7N79Q9', '2015-02-28', 'S76DH'),
('1791VT8J3', '0', -1940801462, 'N16A91M7', '1994-08-03', 'PL'),
('17B20Q5C', 'L', -1951288836, '47', '1997-10-02', '79566I1'),
('18E8H', '005', -219795981, 'R7WVFTYB580NZ2', '1995-03-18', '1P'),
('18L2A', 'Z', 0, 'O7Q', '1970-01-01', 'VWTPR'),
('197F', '35NL', 8, 'R7EZ916KMQ5Y1UBFUW82159T', '1970-01-09', 'DKSB'),
('19C', 'ZD3', 24, 'S3M51C8U7628E093L8T2K31', '1970-01-03', '4R'),
('1B', 'T', -485598461, '786J4X3L8AY0M1TTY', '1982-05-05', 'U3XUJ74O'),
('1C297', '6U', -1670770963, '00OB52O4HF09L', '2019-09-06', 'AEP'),
('1C8L9B', '4T', -791092257, 'UE49093RA126U657C3P600Q2NQH854Y8S22J90V216V5A9O27R', '2017-12-05', 'F'),
('1CO7DX4', 'J8', -625097887, 'W2A94LM', '2018-03-31', '3113BBEXWQ'),
('1D447L', 'B4', -1809436807, '31Z134H584XK5GH3BHT', '2007-09-08', '5KW2E0FE'),
('1E6QY', '962', -770405881, '3T3J9L0UQFHRJB20W9C8G6E466LYC8FOC083AFSRR4R7H9756S', '1973-10-15', 'R3'),
('1F6670BV', '1ND224', -6, 'S8', '1971-10-04', '2A94W'),
('1G', 'S', -1572526200, '13Y2G37DE54C8TA1U', '1981-09-08', 'J9T16F6ZV'),
('1H2SL0', 'H', -2124778896, 'K6QP7OO684QLJ41OM4AMZA9EQ9R3XL2B6P05B88E', '2008-05-23', '670L'),
('1KP', '02', -1034301906, 'J9O5Z8773XB02O72O40MV84J3H3LBSH29G3NTU787K908UE9TK', '2019-03-25', '670L'),
('1L', 'R', -1366895888, 'H306YVAY', '1999-06-18', 'E2CR2'),
('1M', 'A87259QRVT', -1030843235, '9K4646P18I9Q3Z', '1980-10-18', '5L025NY'),
('1NSAM', 'FZ', -492612318, '0MXS61M9', '1980-12-20', '2A94W'),
('1Q2', '9Q0Q0N4Y1EYJM8E', -6, 'I60', '1970-03-09', 'D9'),
('1SWFBD89', '8160N', 8582, '0', '1970-03-27', 'E2CR2'),
('1U', 'ME', -1973105984, 'RCIF551A94VT8O', '1991-07-10', 'X6'),
('1UT', 'VY', 90, 'TE27RCXB5G9XXRMV5MD30D33841GFTB7R7O2S284C4KN6', '1970-01-10', '6770GXK'),
('1V', 'TA', -6, '2C', '1971-11-23', 'NX'),
('1WX72', 'CO', -1127671838, '4M3', '1999-06-22', 'SRH'),
('1X', '8', -368656074, '513959JX804Q55X0328K43BUH50XP8PG04B66G7R7', '1977-11-10', 'ZX6GRFH5V'),
('1Y3D', '54', -38, 'THP4264ZZ1D536D5774HTQAKU5A3PNT80BZ4ZV8TV5DW98P5D4', '1971-01-20', 'Q3Q'),
('1Z072', 'R2JUJP88V62', -2, '5QA805M9', '1970-09-15', 'DD056Y4Y'),
('2', 'Y102', -23029442, 'P', '1985-02-02', 'KQAJ'),
('20', 'Z', -78, '265QDL82CZBE32CXU1N44A5MPJW66F57BSLJ', '1972-02-24', 'F8'),
('202', 'H1R', -166878711, 'M4807248AMYMN', '1973-06-14', 'MJ18'),
('21', 'E', 3, 'G9O82621213654981L0Y3J16TBD1W', '1970-01-04', '8I8C4O7H'),
('21VZC', 'PX3', 635, 'P1DQ72G', '1970-03-05', '88H59MV2P'),
('22', 'K7', -31, 'FL2XZ3', '1970-11-08', 'O2A'),
('220QL0TZ84', '90AJ1', 0, 'X4', '1970-03-29', '1964FW0B27'),
('23', '5', -2078928845, 'IING2R724H1L2O6C6I3QX8B2FZ73V9551I761LKB8S062LEI21', '1984-03-24', '76AC9'),
('23CB', '987VN6C0', -1122785448, '2912', '2003-02-22', '225VWD44'),
('24', '5', -794479864, 'JFRBFZ2616KKXBN600I', '1988-09-28', 'RV8'),
('245OCZQ0K9', 'S0H', 8862, 'UAQ5V1FG5HIQ', '1970-03-30', 'C8'),
('24H33Q5D', '6H1LGT8SDF4QUFS', -6433, 'LY677N', '1987-08-13', '9XHZ'),
('25', 'Z', -2052912398, '75RN334FN7483H', '2006-12-24', '2F06'),
('25C4', 'P7', -1281316867, 'IJU3S31R0B033M53I8YJ8QUXN02F5245I7RM9LMX5JDIA871V7', '2018-06-28', '0T'),
('26L1', 'MQ', -1720376340, 'Q8Y3TPU4H2', '1972-06-14', '72PU2IT'),
('27J', 'TOG', -1020568657, 'I49T2', '1996-08-11', 'UQ5'),
('280B', 'V', -2810, 'R237M9', '1977-09-11', 'ZN2X'),
('29', '2PS70P', -275004840, '2E737YFHQ2E7XC2TB1', '1985-11-09', '93D96EV28Z'),
('299', 'O44Z136MV', -1275644477, 'U8B03I3878M8B0C9', '2002-11-14', 'WL075N9U'),
('2A', 'T9', -1722602733, '6F037D58P51J1799L', '1987-07-07', 'LU3'),
('2A89R', 'HLA', -697135052, 'B081757X313UIP6T81582Q1OF0919A1JLKSHS9YM28PO6I502R', '2018-06-27', '57B'),
('2AM9276381', 'T', -1335373520, '3OYR8D93M20434K6468G2U6K2Y05VV', '1981-09-12', 'JKCZ'),
('2B8B5UG4G', 'MU1CCWQ', -149218978, 'I09PI3ZSNROK91CM31E06ZX93UMI2CN72B6MCTLZL392SH', '2003-04-28', '109TFV6'),
('2C', 'U0', -361296209, 'H7816JHE41WX2W', '1974-07-26', '7C6'),
('2EH', '1', -60, 'JH40KM3S90FN6U8BATOPOQR810', '1971-08-30', 'N9HJDV'),
('2F', 'N0OEJ', -206, '9035IP7SO75128Y71BP5T291', '1975-08-27', '5ED75DBAU'),
('2I1MCOI29', '84', -2054966873, 'F7', '1978-01-07', 'Y9'),
('2IH', 'ZKU', -969359641, 'X', '1993-02-11', '315FD33DC9'),
('2IS5', 'X2', -1991135627, '4QEO82F1X37830QY19Y7A1EOV', '1981-03-05', '2T8E9Z'),
('2J12', '8', -74424440, '82OLZZ4KV', '1991-02-05', 'HFK'),
('2K', '9', 93, '727HESW', '1970-01-10', '21X'),
('2LG9', 'B', -995537492, '4QO23833LJN', '1993-12-15', 'WU'),
('2LMT', 'W', -892464066, 'XO6F96X', '1991-01-12', 'SQ15R811P6'),
('2NZ9S4', '7Z', -2093509225, '1XJVE', '1988-08-13', 'VR'),
('2R', 'C', -272379947, 'F1019426232', '1988-03-20', '214253'),
('2S29M', '5', -704780050, 'OZ2OYU74D', '1978-06-11', '0OY8U22U'),
('2THM0', '3N80', -560, '4572CDB0K4J56N9R854U96A5J0', '1985-05-05', 'F8'),
('2VL', '149GU', -1340200504, '25Q37', '1999-02-07', 'HFK'),
('2W', '6I92', -30, '6', '1970-11-06', '5ZM6801'),
('2WK2YR75RX', 'AQ2Z0MC', -8734, '5JT863', '1993-11-30', '8MTY'),
('2WL4R', 'M', -1543593611, '8EUOPJ9G7R9A552915032S8U8TM3', '2003-12-11', 'IZ1HB0'),
('2Y07', '41', -513537466, 'A', '1992-07-20', '33'),
('2Z', '9N', -1473530456, '8NCYY04Z399', '1972-07-29', 'M7'),
('3', '896', -1343366675, '64H8E3I743EN4XKBSC3WJR1ASWW705MTG2', '2009-12-08', '7Q741'),
('30G', 'Q', 15, 'C01747O949BZO10M2B6L72YV3SNXP8V4495Z244DR601OP65KD', '1970-01-02', 'WUU62JZM17'),
('31Y7H4X', 'AVZ7A', 499, 'XHW4JDL7L62CPQ', '1970-01-05', 'Q385I8'),
('32Q1', 'U', -1886887353, '5160Q5F3W55S7O9X6FW', '2007-08-25', '8MTY'),
('33', '011LJO', -1617715898, 'Q5KEL3089EN0ELQ6T94E152IBTVJP2M4UP961V', '1996-05-26', 'Q969745J42'),
('336B04SH4T', '2G', -454272101, '12570WDY6T7J5G4', '1988-03-28', 'GR'),
('341544', 'B8', -962465781, '5O2YPE38JM7935BC368RUTXDOJ71T4P31HWG25X52H2MH65V8V', '2018-07-19', '70741E'),
('350AY41HVQ', 'WS1VS99XMH', -1016059413, '67MROLWH9238903LACW59U282L2', '1996-10-21', 'V18'),
('360AW3', 'D4', 928, 'NRI3QN', '1970-04-03', '8R9H42A8'),
('36B', 'PNUJYYUC0', -1312461928, '2MA5PIGO5M9M5GFZ45C', '2020-08-28', '33A'),
('37J', '86L74695', -1929169302, '29C7I72XMCXRZ9V265JDIC4P7DVD03271B85IEKN48', '1985-06-19', 'G16'),
('37K', '4777O', -190061308, 'KW8KMD0ZWG', '1999-09-13', '1M718Z1'),
('37T2MRQ', '7NSYZR', 5, '4I687', '1970-01-06', '12G'),
('38', '9', -957691912, 'R42', '2018-05-27', '1TP3E80'),
('383', 'B4', -656461463, 'E', '2014-12-13', 'H01A'),
('386', 'Y', -545823807, '121O4VECQ196U', '1970-02-14', '93'),
('38O5JD9', 'Z', -1968637392, 'Z8YPJ8092W4QLY14TRC24E0', '1986-05-02', 'AJ0'),
('39', 'B0J', -2096034557, 'RCVWWQ141SDPM9IXRDRST66ZJ5', '2000-03-20', '0AO399'),
('3A52U11', 'QC', -465157475, '56388', '1989-04-20', '94TI299L'),
('3A6E3GN2', 'MQFP2Y', -5181, 'DPA12S', '1984-03-09', '939O9A'),
('3A7297Y0UP', 'V', 0, '1VA22626Y0PY3EMT0P9YSW63XJH2B2A32I16O21DS3GXH46FL6', '1970-01-01', '33GY9E'),
('3B5LZS37N2', 'WD', -554665148, '524BOIEGMD6T9943N7', '2003-07-12', 'JY6A'),
('3B9A', '8NR', -1616808193, 'RE8SN9GVLI5G0XZA672', '1998-10-20', 'EPRY4'),
('3BOT7U', '35', -1103131509, 'W85V9ID03F5Z341VTA9YY7E1ALI2Z', '2018-12-20', 'S0SS'),
('3DXVQ', 'K4', -151898160, 'F359KKLH6MAI8GH34B2D6L54A2HO8DEWAYS0L95XLI97DQ8LL1', '2014-06-22', 'V'),
('3E', '7T', -1569467563, 'D99SEH914', '1988-08-11', 'GF'),
('3ESF0H8Q0G', '6N45CH35MFLK8Y3', -1398645195, '5920961WX5A574HJ2V2482A8EJP56BKA0QDU9R4O42VLXE51U3', '2018-01-20', 'RRLP'),
('3G8', 'DD', -29029728, 'PTN', '2005-10-22', '0R'),
('3GB', 'BK8LXJJY', 8079, '5697W82', '1970-03-22', '1P'),
('3H', 'TN9RQ7', -829327009, 'P6C6DH', '1985-07-25', 'NK2'),
('3I', 'TD', 619, 'U', '1970-03-03', 'NDTVNJJ7'),
('3IBP174', 'P1QI1Z', -593386653, 'AY3SB0803GU02V563FLG', '2004-08-16', '18'),
('3IK47', 'R66U', -220, 'PM6F01D577IX7SAEE4M298', '1976-01-13', 'MLP93'),
('3J', 'C1', -964314957, 'D402IRJB5UZI7IGE53WRR4VQ13D', '2013-08-28', '57'),
('3N', '5', -746630238, 'Q3X7M9E5R5JVIY1U', '1996-10-14', '577M'),
('3N2UA', 'G428', -5, 'UEJL529OS0YKA7F99YW7M750M2', '1971-06-09', 'J206K'),
('3Q8K9CD3', '9', -9157381, '79144HUD18', '1981-09-13', 'VB'),
('3RR2Y', '3U', 3, '12637B9N37', '1970-01-04', 'P237'),
('3RSAW', '268', -1502011382, 'QX', '2015-05-24', 'S3764B4G1'),
('3S', '21N', -1399833559, 'T9J9QCDT1139IJHNH72954UG8Y55SXGZIW4OD2', '1998-04-10', '7KY85394OA'),
('3S9K', 'DRK', -815746539, 'N48M068IP2AO60ZV96EG8', '1996-12-18', '67EG'),
('3T', '3T5', -545993836, '77N98', '1991-04-18', '1P7'),
('3T794109', 'UISP62VG4', -818439813, '71Y47171EU9RA', '1970-04-29', '6805'),
('3U4', 'Z54UW16C80Y9', -1694628020, '2APMP3XWC06L3QL531QKLVG', '1982-02-25', '9328ZJ'),
('3VJ8KD0K', 'B', 8972, 'A7JYMN50N3N6LNQ1J0IA10V9WOJSC4IIORXQ8DD1', '1970-03-31', '8YQ1'),
('3W0J815', '54', -1731366173, 'J1PS5K70D8BAU3EP714BX1RN97MBTHXAY5TV38US32K', '1982-05-06', '4AR4C1JA59'),
('4', 'YE8K', -1975297929, '2ZV10W0PK0VWGO', '2009-10-17', '525'),
('408', '705', -77, 'H865NUVG211G35B59295M5K7YT1U6C17TI1J0741MZD6JO', '1972-02-14', 'H3E5'),
('42', 'HKEY8IADJ', -385608339, '46J252Y8M8290416BIRRSW3E34C7K95AH', '1977-05-14', 'J206K'),
('427QYH', '1', -1282497926, 'Y892FS', '2010-02-17', '7MOF96'),
('42T', '7', -616210757, 'F2', '1973-05-29', 'D02OL737'),
('4327E22YMJ', 'ZN9B', -93, '0NQ', '1972-07-27', '5J6'),
('4335ZYU', '6', -24972563, 'CB1F10BZ7S1A19', '1998-02-24', 'VOX'),
('43E5907', '0R', -1260620829, 'RIC7C18C837G7Z5Q7SAI1J81P7BX', '2020-11-04', '525'),
('44D', 'ZUEQCFDH', -1772500367, 'F9O8E10T87PLL11UBHY', '1988-01-31', '95'),
('44Y0', 'T', 4, 'ROQNTO7YP5IL2V64', '1970-01-05', 'VB'),
('45GH', 'X64', -1069240293, 'SRNO8WH3DOW2NAWSZK3DWFZ320J35J2866', '2010-12-13', '4M7YZ03'),
('45I5X94', 'G', -1328917817, 'ZB851', '2002-11-19', '2C938N'),
('45J', 'C', -1025136583, 'A5N25872ZG4114T7AM9C', '1996-07-08', '91YFETE97'),
('46', 'UA0', -1556457187, '27WM', '2012-10-28', '98I45'),
('468', 'NS', -763769790, '893KI54782TW7LUUL7P884E4JNC', '2015-04-28', '6B0PN'),
('46AO5Z', 'L', -742847665, '167L72R8I9U5SCG3HC77E8E4358RTA6UYNWQB502N8Q455LM44', '2013-06-04', '6QF9S90GW2'),
('4714I3T4', '54SR2881', -1683472190, 'K8H59Q22FL34PU', '1999-11-13', 'DKSB'),
('474', '5', -767691553, '5', '2012-10-20', 'Y'),
('47N', '5', -663498712, 'YG3118M3QVVRFR162BX1L72TJX4MUGIG5SJI533870Z2M0E60D', '1979-08-24', '8XK08CVEIN'),
('48829G2', 'W12G4', -931701970, '051DEV64162V9306Q', '1998-05-29', '5EP5'),
('49', '4', 82, '8BG14358EW0LW02UY2', '1970-01-09', 'ZV5U'),
('4926K', '97', -3, '2O84964', '1971-01-07', '1P3KVMD'),
('49767', '9', -85843932, 'W3QQQXM18G3PP3Q27NQKW152Q0K64IP7', '1995-09-04', '4XL'),
('4A', 'FW0', -1536392700, '4P8041AO496X18L6W9OHU3HDF9VXK6YUW0D2NI98T0DVWZB6ZB', '1970-08-05', 'PC'),
('4B9', 'QC', -329311983, 'HCX7XNXB6BEXWZ58892A', '2005-02-22', '939O9A'),
('4C', 'X6C8', -1694844100, 'FRUV5L3VR8SDU5', '1991-12-31', 'O6'),
('4C6', '527280PF', -1890279237, '23W7WG563K87N4FS1W8W0N6', '1978-09-01', 'SQ'),
('4EH6', 'R', -1119648732, '927197Z280E77DK', '1999-08-28', '386W'),
('4G7', '2Y', -2078735518, 'M364UD9TIZI72H1DPB0646', '2009-05-25', 'AQML0Q'),
('4GT', 'O9I', -51891398, '7LZ2O5C2W97E69L46', '1982-07-05', 'CL5C3W0K5W'),
('4H1', 'FT', -600649109, 'HYF4OA92J2BK137AE0J6E8BA74P5KS3293Z530EMS4Z737864A', '2017-04-28', 'RYO47724'),
('4H3R6', '916HG0P', -1542631968, 'PYWOS5Q2M9X10PT0Q1GAB211QY981QLG', '1993-05-22', 'PF0'),
('4I', '6', 9, '57WERU68WC1Y3O', '1970-01-10', '1K8'),
('4I2757Q', '1OOU649O3Z3', -50, 'CWBUSP0O3', '1971-05-24', '5K'),
('4I95G', 'U1G', -1281819158, '1EVM4', '1988-09-30', '71X'),
('4PD9', '6', -1442859519, '2CUCL2UK024', '2001-11-09', 'Y356K'),
('4Q8CUGS', 'Y', -9, '019D85U', '1972-06-30', '82'),
('4QQ', '5ST5', -1915344721, 'HQWNPXR89M1R6', '2019-07-17', 'I5D'),
('4S9', '2T', -755736048, '5MOW5BQO', '2002-04-01', '3H71227'),
('4SMX328', '34T6G5N', -1590508408, '660PMJ3925F54GEFAK8OA058O38072TC4ZCN5N8HGAM08U8K1Q', '1974-06-17', 'CH4E'),
('4T30Q8L7', 'V', -1283461030, 'A727INA5', '1980-04-08', 'EMLSIW4R5'),
('4UK', '4YMF', -1859873977, '3R', '1993-08-12', '19C5'),
('4X', '0YF7K28', -513222349, 'G6069629L752Q4JZY', '1978-08-06', 'T'),
('4Y', 'P', -81, 'S8OB5QRS3388', '1972-03-22', '67EG'),
('4Z', '2A4N', -1929758888, 'W2793918CN9KHL89EQPJ09K9AQG902MX3L', '1978-04-17', '5P'),
('5', '9', -1787229939, '44JW1X82', '1991-11-19', '5L025NY'),
('502', '9499', -1281066887, 'CA35L715', '1978-06-22', 'VOX'),
('509', '3792', -1426934345, '07H9W2Z48I', '1985-05-04', '6HT'),
('51', '144', -355546687, 'U5K83', '1980-12-07', 'N'),
('51SS', 'M9B', -1135765772, '5OX884V943NSFS7UY30V3AI8Q4Y7MRM3IZJ0ATSE3VXZ3SEHC4', '1984-01-29', '9H8R7G'),
('52', '0E360J', 6370, '2B0', '1970-03-05', '32Y'),
('520U3ARG', 'J53', -1160820219, '64BCU1LJ4', '1991-02-11', '4CH'),
('53608YA846', '2', -1683978139, '9J2A2HE10X27D905530C6R12ZNHVSZ0SHA3W520RUI7U56F6XJ', '1987-08-31', 'RK'),
('54', '4WN', -1894819899, 'CU66P2UD7A5LCIT8U8XG3N2LW5ENL92YR7Y5ZV4', '1997-06-01', 'O7IO4'),
('547GZL', '36', 1968, '7818S8P0G943BH5U74AN70R2W666QC44QLGT3VR6T', '1970-01-20', '3G'),
('554KGK', '9JEE', -81152532, 'Q2FUPEOM067NY54BMQ314K5VSUOHQ5YJHM7JTE0ZW1', '1977-08-12', '9TVX2DPMSE'),
('56I0', '3ZULJ', -842969743, '1CC6T1IP77', '2011-01-01', 'GHH99W'),
('56U', 'T94', -1069815850, 'T9', '1978-03-16', 'X1'),
('56W5236', 'JO', -451917686, '0WHU7MD13RB8O8', '1986-01-01', 'D8C'),
('57', '7', 66, '1', '1970-01-07', '8N'),
('57CM26', 'V0', -67, 'Z8W4VE43Y209', '1971-11-07', '5C74A43'),
('58', 'Q09', -2128909693, 'I55G9S6A5V', '1975-12-16', 'UV8'),
('584R', 'S', -459625229, 'L6248', '1978-02-11', 'BQC'),
('585', 'F3', -1090672096, 'Y090WI10', '1984-01-18', '71'),
('58KZ', 'ZL23', -9451, '0CKU42O', '1995-11-17', 'XQ'),
('58RGL', '3', -1040457852, 'Z6RXD7', '1981-05-31', '6VJ'),
('58X9E6G', '8PA', -2078210729, 'CCUI912Q8QW8MDLM8L9X826RREPR92', '1984-04-28', '455'),
('59', 'WA2229XN', -1110790975, '1H11AX56IW67CA942Q2MLPRZF6MMDB6384QO990LBBN1BR', '1996-08-07', '65TH'),
('594', 'JDQSM', -2084317321, '47D087', '1983-06-01', 'JY'),
('5AS8', '1W', -840891786, '1T9P53Z745I60666GU3KQ1F7W05CY10WSN9NXKU8', '1972-11-24', '9Q'),
('5B75FKO8', '0F', -2113015777, 'PCQ2YP21UGGM1N', '1995-11-08', '4SF4O'),
('5C218MV', '2JF1', 7, 'Z799432CGJ125053O2638QB0SC3N52UU1OG2HNEC8G90HK9E62', '1970-01-01', 'T5FN'),
('5E676W', '17', -1787006808, 'HA5VV535XY6FA9U7S3XH36K1F8KK6D20P7NXWUS79Z706HFUG2', '1998-02-07', '1VBM'),
('5HAFR', 'JO8', -4129, '31L59B5447', '1981-04-22', 'O062K8'),
('5I71VUBE4', '0903', -129339357, '9Q1Y7767SLA', '2010-03-17', 'NYUD70V19'),
('5I8', '8Q', -212, 'L1HL98VAH10749306JPX6WZ', '1975-10-24', 'XHG4LR092'),
('5KIC5U2', '9', -622031859, '4592L78', '1982-02-23', 'PF0'),
('5OCY85', 'VX564E', -2019585600, '2V78IK9U3N15C584L342RO38V4PRPMAZ136DP', '2010-12-05', '0B0B'),
('5Q2601', '73', -631214666, 'A0O6UZR36', '1972-03-14', 'ZUP36'),
('5RN5K', 'TCWVA48', -42887057, '31', '2006-03-23', '0390'),
('5S6', '3', -438722845, 'JY50DLEF3UXE0', '1975-10-31', '88'),
('5S97J810', 'UR', 2, '5VG54TI99H32QX6W4YK995596764', '1970-01-03', 'XI'),
('5T1', '8G7G5X', 5, 'JI53YV1V17Y03', '1970-01-06', '3TV7P'),
('5TL', '94XX', -1701716082, 'B', '2014-12-12', '86'),
('5U06GOV9', '35Y1RCR91YC17', -1601663344, '8W92VE8FI1A8MV41KZ3YK13W2YBD9TPRNA61KV15V1663636BJ', '1984-11-03', 'D8C'),
('5V0', 'T3DSS4Q82WC', -6144, '9J0MXQ4', '1986-10-28', '6490P'),
('5W', 'D25005', -355973906, 'V0', '1976-05-01', 'I6'),
('5WNY4', 'HG', -744358724, 'TNCY66715', '1993-04-30', 'B76O'),
('6', 'H', -482576955, 'BYVRSYK966', '1976-10-20', '94'),
('60', '0CH5', 9, 'U', '1970-01-10', 'K9'),
('605TV', '8T', -1536877091, '671H9', '2010-11-13', '525'),
('607427', '15N5C', -806433713, 'OC7ML8K027N0O714F', '1985-06-26', '2F4Q2'),
('6198', 'OJ2', -2143404466, 'T3', '1982-02-18', 'K80'),
('62B8', '53JGK2', -369032345, '7170499AAIS99YL2M7O07785L11CM683', '1984-05-17', '2E'),
('62FW1C', 'S', -3, 'DNCUP8B6E0', '1970-11-15', 'HJVH4X9YKM'),
('62S', 'K8HIIFNUFT7JYUM', -739971838, '20', '1992-06-16', 'G6VPL20VK9'),
('63', 'H29', -1510996316, '6Q67XDJE8P81L67U8P3JY145238B', '1975-10-13', '89IM8'),
('634', 'N6XUP', -1809322298, '3L4X0C9W06QAJ653005HM7', '2002-07-19', 'K7M57H41K6'),
('639J6XZ', 'P1FA', -875750425, 'O9F13XH2205C', '1972-04-24', 'WH'),
('63S50', '2HOX0', -1140281908, 'R1V', '1996-09-30', '03HK5'),
('642', 'V', -22975349, '2A08X4039313HN0QF6O9878T', '1981-10-03', 'H'),
('645B', '25Y28U115', -60493881, '9Z7W11DJ5N73N2S23G495BJ6691OO665', '1975-12-09', 'VY0'),
('64Y581Y934', '0T2718475I9', -657356041, '8MTY804P9', '1970-05-04', '8Y29'),
('6507', 'DN', -1992641909, '5H4W0QU35CIS6V', '1979-12-27', 'I71IM8'),
('65FZQ', 'Z1J9P', -114810399, '84Q382LPXDQCC42F81422UBRFL', '1975-04-18', 'U44C'),
('66', '658', -1886880719, 'I85D7QHNMHYUDC1TY9P7KJXRLXW1FF7CY553184NU', '2005-12-03', '1410'),
('67', 'E45MSR', -1829165778, 'BQ', '1973-08-12', 'SM4E'),
('673', '2M4', -1784378792, '72I34P8I564F00336NNQL5V0314', '1986-09-02', 'N0'),
('68284Q7Z0Z', 'XMT84', -114824259, 'M', '1984-12-19', 'BL'),
('69', 'KRQF2HBZM44', -4923, 'OWGT7Y9W9L2LS9V0NW7RY', '1983-06-25', '049'),
('694JUA1G60', 'JP0MFC', -201107507, 'U0D9U', '1974-05-13', 'I6GV'),
('6B', '9E', -1382814802, '86W7FC456TH789879K5RBA', '1985-02-11', '73'),
('6BB6', 'GMGXF78Q6', -921281679, 'J9C2F1069U3DFF06Z', '1972-06-13', 'RB09ASZT'),
('6D', '5408T56', -728442899, 'N9LNL47R85JS9P68', '1999-04-18', 'ELH6'),
('6DI1', 'G', -59630361, 'Q360X4TVP67Y5I9ZJZ4BGM543105W317E9VUKQODVUO093LWEC', '1997-03-02', 'XX'),
('6G1', '8', -98985344, 'IDDF3JQF841XE133874A7TOIKP09O2U2G8277SN60', '2010-03-18', 'Q3'),
('6GRS962', '20GX', -1333215977, '23T25V', '1981-03-31', 'D9'),
('6H', '348', -455347403, 'RV970UW30531', '1970-02-21', 'X4'),
('6HA1294', '5M6458Y78', -1827327557, '0', '1992-10-12', 'D'),
('6IO', '9', -1229901345, '9B', '1977-04-06', '98M'),
('6J', '0O24', -1084389479, '243Q6OKY3E9', '2015-09-24', 'WH'),
('6KIG1F', '65I3QI', 0, '8', '1970-01-23', 'O'),
('6M', '6345', -837615528, '5PM720X37X0B92', '1991-11-18', '0650'),
('6OH', 'E4G9BGYJC', 2, '6F0HAS10KMEKR9Q', '1970-01-03', 'ZUP36'),
('6P5', '21M0', -1477029914, '3W37P', '2013-07-28', 'V804ZG2'),
('6Q', '51EG', -589, 'C91256YY31RUBVZ', '1971-08-13', '7QK'),
('6U2', '26', -558961317, '73O', '1986-06-08', 'ZQGA'),
('6UL', '2V', -1568408492, 'I41ONT543A2MM', '1983-01-31', 'R3'),
('6X2LQT6E43', 'R2ET', -293366872, '3IN3TT930', '1982-10-12', '2F97'),
('6Z', 'B', -1962255808, 'V13353XO62L3U9WOZRT4P32P66C3EW80WH31080VR5S08DUP1Q', '2002-06-09', '8'),
('7', 'KA0J4', -3, 'SZL8W', '1971-01-19', '5P'),
('70', 'KJ2F', -2118430141, '2KO', '2017-05-07', 'H6'),
('71', 'S', -88423802, '4Z5K03G', '1983-04-15', 'D247N9Q'),
('71079S', 'XY', -82, 'B9O0S0869U10GJY2DTR', '1972-04-04', '3G'),
('717C', 'E9', 141, '8255BB4', '1970-01-15', 'A6XO'),
('719LI', '1B65747', -890, 'J85GL2DUP148GT06H78Q8UECPEILX0TRK7534CX8557469F3Z8', '1994-05-22', '91222'),
('71IT', 'Z1', -1982453771, 'I0S5M3O384KAU8LNX63EX6B9IE9G9K4W5VB76A6EGYESH4IDA3', '1977-04-24', '57IHK56'),
('71TA83', '40', 202, 'ODLL6S6WZ', '1970-01-21', '779'),
('71W9V', 'WR4', -114685441, '1W2GA', '2000-11-13', 'EPRY4'),
('74', '94', -107829412, 'Z87PZ5BLL2KC', '1988-05-08', '2M3HZGY'),
('74F34', '6Q', 9, 'G54', '1970-01-10', 'UV8'),
('7524O', '5U', 1313, 'SHRW018312PQ', '1970-01-14', 'A6XO'),
('763', 'VD07', -7, '9HP6N8GO', '1971-12-04', 'Y'),
('77', 'Q6', -367365411, '8EST1576AL', '1984-10-29', '4SF4O'),
('79', 'DO5', -345457488, 'S0770UE2LN8N17HK6P6E00HC08PGF23Q4O3', '1986-11-29', '214253'),
('79H', '6', -782453000, 'P839T1TRRIM1', '1989-07-23', 'SW'),
('7BTT', '1L', -1969454029, 'S406DXZ04E5K31JT56Z2V0157957D7POK581PH3D2XYZ', '2005-04-18', '8F'),
('7BW22AL', '1P', -807724497, 'X6M', '2016-11-13', 'B1I0T0'),
('7D', 'P', -6, 'Y71058901AXRP5H4Z337C4RR1QNZDZ05J8HK7WB0QI558OU115', '1971-08-30', 'O7'),
('7DC5DN', 'L', -522770742, '7Y9F90ATA094BW3NJ1', '2000-03-23', 'AEP'),
('7E38T82L', '21', -155009322, '85F01C', '1984-02-15', 'S3'),
('7ED', 'XPK814R04', -539933094, '9Q0602W96JM10QE2SC28Y84109Q0', '1987-08-24', 'FD64'),
('7ED553', 'FM9CD0', 1, 'DQ3S11YLCAW1', '1970-01-02', '527'),
('7EI1SW0T8R', 'S', 26, 'AY6XAT42T42TS2A2444C3I9E9Y6Z', '1970-01-03', '040'),
('7ESL', '49Q', -552766361, '7A5I80SA9', '2010-01-25', '81M45CMN2'),
('7EX', '7VKE5', 9667, 'XY0O367D9CGJGU6J6VV', '1970-04-07', 'E0'),
('7G4EKR1Y5Z', 'K17M2', -1260565773, '6C7Z8BK3IUYVYJ6861', '1973-04-08', '03HK5'),
('7GS5P3', 'WDWOJU', -128690760, 'MHAQ3YS', '1979-01-24', '14S25'),
('7I', '51', -2103710524, '0', '2009-04-30', 'ZJ36I1'),
('7INC6', 'Q', -1605858131, '277C041OUC441731CK7BGTU0J21Y9SP496MIN7E5KOG94NQF', '1989-04-12', 'WDVCK'),
('7J', '6', -1794455513, 'P2YW315TPMS154Q23C57C6GUDYVW0GZ4YPRORO489K9W17F29J', '2003-07-19', 'VVA'),
('7J9', '7', 21, 'J6HU6N3OA1Q98OP5H19F', '1970-01-03', 'Z67'),
('7NOO', '48I7182H', -1252768734, '240M4842XZ90F0900188ET2O42M4UC9', '2005-03-26', 'QH'),
('7OC', '8UYR1I690', -1818772149, '2XP14ST18P2Y4428C5Z6F0BT2BT54ASEEQ88WD49DL78B', '1981-01-01', 'P5'),
('7R5', '52580', -2135851488, '71QKO', '2012-01-18', 'E6LF48F1'),
('7S', 'PS0L6', 5631, '6658CV13AZ33P43MI', '1970-02-26', '279'),
('7UZO6KX', 'T', -1, '09GJVEAE', '1970-05-13', 'C8'),
('7XP7TO23', 'ZQ', -915067720, 'YF5FO867', '1999-07-05', 'U4'),
('7Y964', 'D4', -1503452662, 'DJTBK00O635GH75022O', '1976-01-24', 'CTK8ZNK'),
('8', 'UBH', -600316478, '5G9FPE147ZA309DUBAZKS64UXEM6NLZ0BS38U8K93QQ232', '1975-11-17', '3BFW5Z'),
('80', 'TS90', -29, '940KS451ST1QCQ7I071QTH8O', '1970-10-23', 'N01Q2'),
('800NG3', '3TPD7', -43866102, 'H7RA32B22L94J9KS', '1992-07-08', '684'),
('80DD', 'HM', -1, '3625T114YYZR0J6RQTB52E1VH5MD5C01QA50833NJ6AW03AWH1', '1970-05-05', 'PI4'),
('80H', '4CY0', -738097500, 'ISG8863C396JOB7V9U1P2J6Z2D2', '2019-06-14', 'U9M309E'),
('80OE423KU8', '197V8F3LX8Z3Q', -1919485838, '3W3XQRGOFNPZ6E2B43T67187V8X6LEG5R2F60WRD', '1982-08-05', 'PCV6'),
('8190F', 'C', 897, '4RSD1IAH', '1970-03-31', 'YG0'),
('81H', '6CLK22', 5, '7Z4MOG', '1970-01-06', 'OB'),
('835M3XGTC', '9P4Y', -1926873253, 'Q688P', '1979-03-04', '40'),
('839', 'G392', -1349345433, '06N56OZ8ZTQI2Q856467Z1ZVWYGCK023970', '1983-09-05', 'XG'),
('84', 'W', 6, 'A915QWF47SF92RLDM26L7B9CXW29VO58B4WQH7OFICSI', '1970-01-07', '1TP3E80'),
('84433SUSI', '4X21', -588866840, '75PMH', '1997-10-15', 'EMLSIW4R5'),
('85', 'D01', -2191, '0QXMK507O4JU469607', '1976-01-01', '84X'),
('8543', 'L', -742408747, '71', '1992-04-14', 'FZ2Y9K'),
('85858S7J9Z', 'Z', -1077637876, '26LL1S65T52Z1H106MH90Z0WH80XFCL0FUHV48NAU', '2015-06-21', 'J489S'),
('859NV6EBH7', 'ST', 0, 'QX11UOF4XSYZCX33AFDS9L0656LA7OZL7C97K71TB9W443O341', '1970-01-01', 'HX'),
('85QW', 'B', -140868274, 'PKPR59A602S', '1973-09-23', 'J06'),
('86', 'E', -98, 'HEZ5QCV26Z8N', '1972-09-09', 'KQAJ'),
('86VX88', 'PYZ582', -20, '6', '1970-07-20', 'Z6U6'),
('873S32J', '0GGJ9', -1074961836, '84177KON166H9O95Y', '1996-01-20', 'MK'),
('88', '38LS80R8G29I4', -147281766, 'B9RVZ2Z25', '2010-10-11', 'O7IO4'),
('886', '6P', -3425, 'NB386H6Y804416600F3HZET', '1979-05-19', 'R9NBXO'),
('88M0PK', 'B2S', -1699355590, '09XO466AN0YV42U7CGRJIZK77R6', '1990-04-11', 'H92RS'),
('88V2', 'S9AZ', -2052610396, 'LW4BFX3KX4PJ9F7604F0B15FS5YYC0418022P058ERU', '2009-12-20', '2F06'),
('8988HJ', 'G32H1C', -669418335, '3V9UZV41M9Z3C272', '1995-11-20', '7YV6'),
('89D', 'R', -329996322, 'M2S12BY', '2013-09-01', '8CSWIJ'),
('89F1', 'Z', -1419758344, '1663XMXM28D8OER333UN3V53H80CU765ELL76VQ8WQS1355YK2', '2015-11-04', '9971BTN'),
('8AMBM', 'K5', 1308, 'K5SA2KKZM1', '1970-01-14', 'F68ONAU509'),
('8D15', 'LFY953', -1639344150, '5G554389T', '2016-02-16', 'RB'),
('8F07WO6N26', '92', -7, 'XPKKJ770123I7D4L407004864PURQ6R0R4A572VFM80X1I2', '1971-12-19', '91222'),
('8G', '8H654', -54, '1091S0ZTWLUA4RNRD458PGO5G5JZYV12T78', '1971-07-03', 'G6VPL20VK9'),
('8G2', '7R', -1065157668, '47X1S7492', '1987-05-03', '27K8U'),
('8G641X8', '82P', -2473, '2987CZD1NLNWYK8FLNIQ', '1976-10-09', 'UV8'),
('8GTX', 'Y1U', -448226068, 'G5', '1974-03-27', 'Y1Z566C'),
('8GV2WMF', '57GLIBC6', -80, '4W79X7S45PMNE6BW71', '1972-03-19', '16'),
('8K', 'JN', -827441836, 'Z7A782D61Q186F5Z6ON7RX6UJLPTB080PF148446CA2RGSS21B', '2014-04-15', '32'),
('8KZ5T1PIQ', '36R1S35Y765J142', -1940260754, 'SS2P9H', '1991-07-09', 'T7T2'),
('8L', 'K9', -826634752, '201Q9KQ452V7C7CLI5R7PK', '1980-01-03', 'G6'),
('8L037615', 'U', -4438, '4', '1982-02-25', '3X'),
('8N', 'Z3883JT1Y', -826721256, 'H7SM4P8SDK6661I8794X31HZA3', '2012-01-21', 'F68ONAU509'),
('8N9JNN927', '7567', -793380056, 'OL7G6', '1997-02-03', '1VF'),
('8P41', '0', -181601347, '88', '1997-10-08', 'ZM'),
('8QP98', 'K2C91', -39192105, '2909D11T3JMF2S6D242E39W331M2M72J1H13', '2001-10-04', '9ITHBAK20'),
('8R96', '8', -8, 'INWPN8UCOTK', '1972-05-26', '5R'),
('8S', '162', -5, '3OQFM6O41Y2O4PV239', '1971-06-15', 'N9HJDV'),
('8SM2', 'K', -1456824690, '819PSIR069K9O533S31L2176GFC7', '1981-12-16', 'QH'),
('8STSK', '0', -1176673007, '4K85UK46233770BVSQ164HF85K6908LS5KK', '1992-05-31', '8MTY'),
('8T9J3', 'O298', -231983251, 'WIAXJSY809425N24NJA0JB', '2019-05-30', 'I4828H637'),
('8U11YPF', '66C2O', -311573035, 'R9K3OE1S053666IX9863V66I9E811OBLU1M24GWB71', '1999-12-01', '8BER'),
('8UPQG', '8D', -1428914558, '6941W0', '1974-10-14', 'R79'),
('8Y20Y', '50IN8', -2017256242, '686KKMVDPEZG49V7Y7BOZO879X6871D38QWM7S0DNR08B66HCL', '2001-11-03', '72PU2IT'),
('8ZL2SR7U', 'W718F63HME', -1838854192, '3I1UX0HO', '1975-01-06', '2K4'),
('9', '5', -2092675240, 'X2U346RY', '2004-01-15', 'M'),
('901527682M', 'FW6G', -55, 'H0026IY0', '1971-07-14', '5V37ND'),
('9061E', 'E2906', -1250687084, 'PJ3F1302E8', '2009-09-21', '83DPVV2'),
('9086T', 'ZVGXS4', -1329890960, 'WV', '1989-08-19', 'Y1Z566C'),
('91', '7', -2011743715, '05', '1987-09-25', 'Q02C18'),
('911', 'D', -7, '5696426HS4WTH42L8DGS35Y672', '1971-12-31', '32227'),
('91Q', '2', -1165688895, '2X6LK40525IV5EYB6JL43YHCNGG', '1999-09-22', 'JH'),
('924X', '372B', -1559988894, '4Y02469R12KBANWD602VII231EW72Q8W80AJB392', '2005-01-26', 'PKS'),
('92R070R4', 'KH92', 0, '0Q28QH43', '1970-02-16', '09X1'),
('93', '3', -1823440268, 'H4N88A722UV8YJ', '2012-09-22', '8R9H42A8'),
('94', '56', 6864, 'K6D701P6U12', '1970-03-10', '88H59MV2P'),
('9503', 'E7U', -1086807621, 'H2A75Y2D8882J275LUAH', '1996-06-21', 'ZQGA'),
('9578', '059GB5', -1329600942, '60P1U9IGC8M17J07N6691NO9OO0M8L68V8YC45F11IK', '1983-01-05', '57B'),
('95O2', '948', -1286240603, 'H9WVE65HGY7XR3DK', '1981-05-30', 'WZRT19W'),
('96', '4W1V', -1067533452, 'XH1', '2005-02-03', 'IW'),
('97', '8Z', -603849718, 'NBF7OE08O8', '2005-11-12', 'J0'),
('97O3', '6', -1415370358, 'S320E7G77NO1VP6I', '2005-12-12', 'E3'),
('97T', '54C53OB', -215049790, 'S189XH6W3', '1971-01-15', 'OO4'),
('98ITOE2A1X', 'KB8', 245, 'U7ELWPAXW065', '1970-01-03', 'IJ'),
('98YMQRRS', 'SK', 792, 'D1374', '1970-03-21', 'I58'),
('9AO', '6Y3HZK', -904589889, '3786ZY9296Z3803644H87PO32CE4L9U139H9D9Z72NO20V3KV4', '1987-10-18', '3M85Q8'),
('9B015', '6', -438951634, 'EJ0T98E98D', '1984-01-11', 'IW'),
('9B92L8', '6Q', -1083252734, '3P43DS0Y1', '2007-01-06', 'DK5K5'),
('9E', 'W4Q87J826F', -899506386, 'X2B6WEKEE7C2T', '1998-12-10', 'RB'),
('9E3', '91175', -1769945844, '11O0BJB7K73K4XER9A131BQ57I77445', '1999-09-07', 'YL881'),
('9E86SX', 'WC6', -1447171641, 'WY931H69YZE6BNAEV0242ZSEQLV10J8S1N1174OA21WE095I4G', '2013-05-02', '5215C804D'),
('9IJU', '0S6V1MM', -1932868041, '19206', '2015-07-15', 'X1'),
('9M', 'UV22', 8, '73OCNJ3P3KRW4QTYW9667I31S4CU9ED008H2UY7HF082HKJ7GL', '1970-01-01', '538X36'),
('9M12U8D', '4', -559047195, 'RJ1', '1988-04-21', 'H9'),
('9O4', 'Z', -8, 'U297MH8G4XK1', '1970-03-30', '5R'),
('9P', '531', -1070960440, 'SK38M62K23B', '1991-02-22', '27K8U'),
('9R0N', '05', -1322575326, 'F5950XDF7E07ZC6FK', '1970-06-26', 'A2006'),
('9R93KO6QL', '610', -1621823226, 'IP5Z297J780A407JO5', '2001-04-23', 'IY'),
('9R9U3S1XK7', '9', -1931258089, 'RXW1L236A482538KYH', '2002-12-18', 'H78J'),
('9T', '4VJ7', -1567838510, '12YFJRDG0Y3FI221S3L12918XWV3872PEJ8DNESE0693', '2007-03-14', '04P'),
('9T7', 'E', 75, '6362F2QDGG41U8G0SQ', '1970-01-08', 'YP709'),
('9TO', '4EVIUL648ETI23N', -1507853882, '8TT2H', '1976-02-12', '2N'),
('9UL3V9', 'YT2P0', -2010708922, 'QF7LP3DM7FS9NL7YNKGSXH1', '1994-03-22', '3DQ41Y2'),
('A', '42H', 7, '3JZXL3UM25H0RZ4A9G68Z14N3H4V47RH845153K0SZ', '1970-01-08', 'H6'),
('A0ZT', 'R', -1186881404, 'PA5EVB765UFG3758213664EUR27UB6CG', '1995-10-13', 'OO4'),
('A2', '7', -1264706598, '2BXF8JSKW40MG3GK7SF', '1993-03-17', 'TA'),
('A26', '4Q9X', 6, 'G567RZU42D46Q4', '1970-01-07', 'B0'),
('A260L7FM', 'K', -1487793198, 'N7', '1980-03-16', 'U44C'),
('A28', '3F2N4X44', -184417405, 'M79M5AGO3', '2017-10-10', 'ZJVM'),
('A37', 'B', -494608264, 'X9D', '2017-02-13', 'X4'),
('A5', 'B', -1751985520, '1P7300FLW', '1973-03-21', 'D'),
('A6FRI417JF', 'I7', -729388887, 'XC8F', '1998-06-22', '9ITHBAK20'),
('A6HRF13', 'W', -1226325098, 'P', '1995-08-08', '6R2O'),
('A9', '9GWFX3BO04', 0, '3M9343ESP4MVZ4FVU0742GL9G1EU15C001', '1970-01-01', 'H92RS'),
('A9A', 'H1', 2452, '9Q3I3709VWE85J67S6EMHJ', '1970-01-25', '6379W36Z54'),
('AA', 'PBT', -1614001968, '980P4', '1983-01-07', 'J9T16F6ZV'),
('AH', 'H1W', -1587345143, 'L3', '2010-06-01', '1F9'),
('AI7V9283S', 'N2', 2, 'R4KDKDJE64LZ008UC1BZ777GO4Q1GX588I7A7BPH90E', '1970-01-01', '2443T3'),
('ATG4', '9LCE168LDI60V', -1149665519, 'J9FCW', '1998-07-17', 'NVA396F03X'),
('AWI7LEQZ14', '3', 5846, 'L201V003KVU', '1970-02-28', 'VX'),
('AXTJ66', '1K4', -1464540207, 'G4E0O30OCB4RL1B90NH61820AG5', '1991-04-13', 'I75H9DOAQ0'),
('AZ365', '6N3W40SW01', 8, '62P', '1970-01-09', 'V18'),
('B', '0', -809603893, '2S462BT2EAR485931663AG5ACL7F6009FQK80K4G87X747Q1OR', '1989-02-06', '1WWL1Z2JQR'),
('B143M', 'F4292W', -954, '7NHYMYVEB129KX4YD', '1996-02-15', '3KF'),
('B1K0', 'WPG9', 8, '56O2NP', '1970-01-09', '03HK5'),
('B27CKCYZ26', '46', -1713359143, '89007ORZ516J', '2006-05-31', '48S82FIU86'),
('B30I', 'V91J', -2144767303, 'K9V', '2012-04-06', '35'),
('B5MA', '8F', -306023585, '8T6IURA7Q82297S42W837D7Q7', '2008-04-17', 'MBQ34739EV'),
('B7', 'U1H18Q8', -523526818, 'JA636VOARR6B6K', '1981-12-17', '94'),
('B79AK94WT', '5', -1688599990, 'X27C9749I537', '1994-04-22', '8YQ1'),
('B92M', '29S', -1472576185, '90U7K72F7AYDZ5', '1987-07-19', '0Q8K'),
('B9LB73688R', 'OU6', -80412482, 'IW08', '2007-05-03', 'N01Q2'),
('BNJ', '8Z', -4, '9PHBN592BM6IMCV52VJT3RF28YW73ES62Q417549NKYOPRCW0E', '1971-02-15', 'LH'),
('BO35O9VB9', 'DQ4', -713126010, '5K2O2065828100H07QAGIEOPOS169T1K918A6Y7468N977J8QT', '1993-06-05', 'H01A'),
('BOD', 'SROBQ', -567373152, 'T5D', '2008-12-16', '1964FW0B27'),
('BR77R', '9', -945037522, '44UF2', '2000-03-01', 'RB'),
('BX671U', 'A5', 2, '1B036R7Q', '1970-01-01', '3S0'),
('BY5', '3', -1029104432, '3F55H05', '1989-12-11', '93D96EV28Z'),
('C', '2', -44731116, '9Q4', '1975-07-30', 'C9BP'),
('C0DS7D9B', 'BK', -10468724, 'RMC511W9F6GXO9YKRD128X7C3215IM7', '1975-01-26', 'C6'),
('C0FL', '64', -1853234429, 'J0I7M47YW545A1', '2007-07-04', '21APQXLS'),
('C2', 'QWA8', 3514, '441A', '1970-02-05', 'W0'),
('C23M5P', '03', -265, 'Y6', '1977-04-13', '5HDO81R'),
('C37', 'H2Z7', -1147691121, 'PGMBMQ1260C6ORRVPJDV', '2012-11-10', 'IW'),
('C57NIQS', 'S', -1529555561, '1R', '1977-02-03', 'WUU62JZM17'),
('C6', '481', -1439643084, '945J05T0O7383Y22U', '1974-10-13', 'F5232T0YYA'),
('C7', 'JGI3T9Z870', -1619763653, 'AK607C7L0MM02B0ODGTG1S2GV286CK4Y61C79046RA8C51A99D', '1993-11-11', '939O9A'),
('C75V', '06', -1155813455, 'C1', '2002-02-12', '1WWL1Z2JQR'),
('C8', 'Q3', -699735591, 'G75KLDF4ZJ67DHEIJHY6', '1976-10-27', '45Q9'),
('C89', '7VQ65Q3', -1187063013, '610KMNV5F60Y9S8E8ACGUJ20KF3GW8RH648L04YSDZTHCN4774', '1990-04-05', 'N39'),
('C89P', 'M881V', -154809255, 'O22502I9IV2L4T7RRES6ER8', '2001-01-27', 'Q5KBXWF310'),
('CGY8AGY5', 'P2TK', -1527957946, '98OW0N35W27057E6', '1992-01-06', '9B7'),
('CIH3E00A0', '9', -698708148, '1842J92CUJC2YHG143ZOO0D36N026A629', '1982-09-17', '6E920H15KJ'),
('CIIXX', '812ADK3GT', -7336, 'EC71069', '1990-02-01', '109TFV6'),
('CK63', '0', -709509438, 'KKW970OBR8H9852H2G994S23Y', '2005-10-11', 'PU'),
('CL5', 'FV', -1276885771, 'QQ9L57KNM6ORRM5O2', '2020-08-23', '1866X9U'),
('CO', '0', -788162014, '60U11D140J99612YW5Q90QWEP91M52I49224LDRE4L4HW1LFV6', '2019-12-01', '76D034'),
('CQ56VE948D', 'M7LIJ', -1848688563, 'N5H55791', '1993-12-13', '45Q9'),
('CRU6Y6', '0B1V', -4, '65M3FF025S', '1971-04-05', '9971BTN'),
('CV3Z', 'DP47Q51', -874654374, '5KL7195N151A9KX', '1996-01-21', 'LL93V4V70Y'),
('CX4', '9925', -1150670991, '3A2Q5TJBSO6U4', '2001-12-30', '817746Q'),
('CZ28TS', '4', -1274800488, '49Q8G0JRP', '1997-01-11', '3S9'),
('D', 'K', -461238037, 'A26Y3SO80T61A8223Q4SP94G', '2002-08-10', 'T1'),
('D0LE2', 'HC6Z', -994, 'WCE9U63FVQ49675DD6237VK37T6YP72A8IZ8672', '1997-03-29', '78'),
('D0M', '571M', -824805360, 'J755HT0692GM6BROZ5ZO', '2011-07-27', 'ZQGA'),
('D15', 'M6', 0, 'L08947H', '1970-02-10', 'E3'),
('D33Q', 'GW892357', -1558603854, '4526DU26H', '1981-01-10', '36NB'),
('D4941R7', '3', 489, '85I9Y6CZI7S1U5J47W1604EJ8HU0EGC14', '1970-02-18', 'K80'),
('D5E', '94', -1594587301, '3U2K5HH34Q', '1976-03-02', 'YP709'),
('D5T81OI', 'G', -7, '10BATE4LG6', '1972-01-20', '381B'),
('D7', '0C37K', -244926768, 'U59PEHWYSQT', '1971-01-12', 'U3CM01CP20'),
('D8', 'Q9753GLV35', -671139451, '0ZE5D41K', '1972-12-22', '8N'),
('D9', '6O', -993225313, '8GE346W5M4WHZ68N5FAWWR44O08J66', '1995-04-20', 'Z2'),
('DDLQDA19', '3M395B', -247, 'Y6MS90V5K95357UO2JBW4I206VKOD2GYT1349T296429H987HZ', '1976-10-12', 'J5F8235'),
('DK', '6', 964, '5N', '1970-04-07', '2UY'),
('DKS', '3', -1118305366, 'IV64R01ZB5K4E87419425637MQSG7B4SZ1U739S8DZ3Z39283D', '2002-01-06', 'STWI3U'),
('DMWP', 'A9U', -980250528, 'S4H4', '1982-01-06', '577M'),
('DOZ0', 'G5', -1268193380, '34K3KAK0I022DCGM3W1V6363644G96UXG', '2002-12-31', 'Q'),
('DPFX607', 'J1I57T6WOVT2CS', 762, '0AT3BHR1Q4A46', '1970-03-18', '803'),
('DQ', '0', -682862421, 'KLZ33SMIRJPFSG4JAQF', '1979-01-18', '043CTNPO44'),
('DS80', 'N', -2027460656, 'E7X7DC222148GV1G', '1975-06-19', '067'),
('DT2J4ZZ81', 'J', -733, 'LR088S7804HQ1BRA8Y710EASPRH2F6I1WID7OMV', '1990-01-26', '199'),
('DU', 'TL', -650, 'W027I513S3049VO237H4', '1971-10-13', 'LNSS85'),
('DX', 'OP', 181, 'T', '1970-01-19', '4AR4C1JA59'),
('E', 'P', -1055819335, 'H8ER71Q597I3CNJ8P3W44H1517LC8W69AI00SBZO96', '2007-12-30', '214253'),
('E477S', 'Z3194', 9, '6A7NJ26WHW8PHS5H', '1970-01-10', '586SX'),
('E6', '3', -1205492439, 'HCOGYEZXXGZZ903F66W5T24YC60S', '2015-05-10', 'VY4'),
('E7', '1BAOR5U2', -1007223701, 'SF7D36QEB803SK', '1992-09-24', 'NW19O'),
('EB279AT', 'F', 2753, 'GC2PLHV719J2Y7H', '1970-01-28', 'C33I15'),
('EC', 'X', 42, 'A817PMY', '1970-01-05', '7QK'),
('EE', 'V', -592258593, '50HVM99Y83068', '1997-03-11', 'I4339'),
('EI1N', '4PR4Y', -354639179, '65', '2021-01-03', 'K40'),
('EKKVE', 'BCD', -1190663939, 'XP7S1OAMMQ', '2017-07-21', '3G6H1VFA'),
('EL0K6BAD', '2ZYXA43Q', -1854403033, 'M561LM5NF702R1HT2', '1977-05-29', '5E75'),
('EL5EM3', '142', -6961, '6', '1989-01-22', '455'),
('ELMR88LL', '57', 565, 'D21X356U8', '1970-02-26', '3S9'),
('ELR4', '01', -1553279060, 'S', '1976-01-25', '21X'),
('EM0', 'A09WI0OZX28', -4, 'E4RI5WY', '1970-02-13', '2786TU'),
('EV', '7EE', -414, 'OIW0R1OI94JN7Y19IKK18470AYNXUEUS', '1981-05-11', '19H8S'),
('EW', '6TNPCFML', -846330747, '1', '2006-07-21', 'T6T'),
('EZ883', '2', -8, '0218F7741QAW0', '1972-04-01', '5520'),
('F', 'HW', -1605243074, 'C512ZTR0CT', '1984-09-18', '42CL'),
('F1A7', '9Y', 659, 'A8MNVA0X7UQM87WOE53', '1970-03-07', 'X'),
('F3', 'M', -996608731, '732JS46USJ', '2015-10-27', 'MK4EZ1'),
('F33P', 'IP96569091', 1, '68Z5UZK21LO', '1970-01-02', 'Q'),
('F3601', '5KCD5F', -6, 'O9NJPG6W6RR579408DV9TKF31639BIOBOS24UBJ874', '1971-10-28', '0'),
('F39J9', '3JN0X31', -58512918, 'G6W0PXYI68', '2015-09-26', 'EMLSIW4R5'),
('F82', 'VQU', -538017927, '5622L16286G2I4KI1', '1990-05-05', '82'),
('FC', 'AJ', -651908197, '78BQHJ0AC11W6C4UEQG5PZT5VA7E3304Y23J61U5E25B1R9588', '1992-10-16', 'N37'),
('FI', 'OO736RC', -1678920483, 'EF31UMLD2IJ3F74', '1987-11-18', '455'),
('FLOEBA3', 'UZSOW9VGC1', -1523706741, 'G6Z685S43I75HC8C7I65PB18F10I62M7JSWR7HVXHODGFA55I7', '1977-07-07', 'H2'),
('FM0C', '0X29', -100, 'S383I4J87H091V4CR2EA38W0A7432WZ2', '1972-10-06', '1P'),
('FOS77N88LO', '0', -534636320, 'K', '1983-11-13', 'R9NBXO'),
('FP4', 'H3M8Y', -72, '460098J7FN6B92Q0J2CZN52EJTM563394V', '1971-12-22', 'NDTVNJJ7'),
('FQSYT2', 'VM5', -1789752451, '59Y9G4O2HD89OOLI631344QXF03EG46343O63SA7P6VGFFOS3F', '2013-04-25', '78'),
('FQTEJ6Z81', '93', -435771666, 'PVX', '1999-08-26', '1P7'),
('FW', '91', 72, '6BQ61', '1970-01-08', 'PKS'),
('FY', 'MM4H', -743676898, 'DYAPOTZC4I0', '2011-05-19', '9X'),
('FYU', '89', -2048311514, '593GXI9W482NU', '1992-05-22', '8C277YL63'),
('FZ', 'L4', -140642008, '217JV', '1986-04-22', 'IZ1HB0'),
('G', '4H', -238844314, '7DCQIIZ7D40E674119MC99M6506L3U262GKMCRFE3HU0UAGZ2P', '2017-06-07', 'J9T16F6ZV'),
('G1', 'IAL', -893053736, '52X7A7Y24GE24K79M7D913Q7', '1978-09-21', '8MTY'),
('G2', '8X8Z8J', -4, '7IA41JM675C3ST8B1T164GU5A2Q1G9011CZG12OH8', '1971-04-03', '43O7QX'),
('G29FCDDD', 'G', -1974975594, '5', '2007-10-07', 'PJX95EP1'),
('G3', '1QG62481L', -4, 'CRZ59ASE58VF6YXX70X4D17C761T42QO9I1', '1971-05-01', 'C3'),
('G3848', '9V4', -151369426, '2587G19PU76107N6UBGTTK5', '2007-08-25', '4SF4O'),
('G4N4794DT0', '5OBUSF', -1147576567, '0L8S71', '1994-08-01', 'IFH6S44MS'),
('G56', 'F35', 208, 'N8A9L08K5H39Q65B5O17E065DS1S', '1970-01-21', '36Q8'),
('G6NZ', '6493C', -2, 'Y1N', '1970-08-24', '3VL'),
('G78C', '532O', 85, 'XN01EM3P459M85K59', '1970-01-09', 'GV56997FW'),
('G7N', 'H056FS1', -1915052314, '0NL4LU8Y66IO7', '1990-04-12', '5P'),
('G9', '8T48G0D66', -1053205715, '532UB', '2008-08-28', 'O50'),
('GBY8', 'A', -325036041, '277T04W79E2W27541JVGI691OKZ246WUQCHU667AW6E9O7R697', '1988-09-26', 'XF47'),
('GD9', '3SR', -479487019, 'NK79QB0101H0QE486L6832T5PB8JBS4N', '1971-09-01', 'U3CM01CP20'),
('GL', '6030', -1630815099, 'XK31GZG9ZD7', '1990-09-28', '33GY9E'),
('GXI8', '723', -1, '3ULPY5RX5N08P65PAW3X8S3223876R0211F1K2F4E59894T4FO', '1970-04-19', '71Y'),
('H', 'F', -434688749, '96V854G4005XDIZ172M7IU4LZ', '1984-09-05', '1866X9U'),
('H0', 'W63Z92', -1514435974, '408643I3UWA', '2019-03-15', 'TS'),
('H1', 'H4ZTPR', -617382486, '5E7X1TZ5T12', '2006-09-04', 'PQ2NH'),
('H161S', '4Z', 2, '8RG2EJP', '1970-01-03', 'IN1I'),
('H2', 'TZWEM', -1991407047, 'SR0CW', '1999-08-23', 'K7M57H41K6'),
('H20', 'H28', -95250560, 'U99DL164A2592IL', '1993-09-05', 'AW19TBV'),
('H2819', 'H5', -1850326209, 'Y6VA4JT06M46', '2008-11-10', 'ZJVM'),
('H3D', '3B', -1467446874, 'GIG9WS', '1995-07-22', '76D034'),
('H5', '2I', -785247986, '6809', '2015-05-25', 'B76O'),
('H5D72SW9', '62X', 3875, '1OXD88E93ENE', '1970-02-08', '0PE'),
('H5N3NG', 'OL', -985, 'NDPJF2G40IO6', '1996-12-28', '2UY'),
('H6GKO', '5X', -1392877344, 'W0', '1990-06-08', 'K3'),
('HAIJX17', '340', -1393207802, 'Z4LO8S86449E', '2021-01-27', 'VW'),
('HFV9I', 'S', 6, 'P6ZR1XX4B6E074F5U336ETSZ5', '1970-01-07', 'P'),
('HI', 'TB', -313, '8U69KY5A220', '1978-08-05', '9ITHBAK20'),
('HM17', 'E4R259B93', -1142190557, 'V0F7N1', '1994-09-11', '91YFETE97'),
('HMESAENF', 'P8X836R', -274443344, 'GW6328XE87TP934Q1V68X04963SHDSG1DYTC9WV49018', '2003-04-16', 'O9T'),
('HT87O763H1', 'S', 3103, 'HYP4G16', '1970-02-01', 'N9HJDV'),
('HU', 'Y', -554260185, 'WQB4IMFXL4', '2012-01-13', 'I75H9DOAQ0'),
('HVKFA', '9', -602637080, '055', '1975-07-10', '8P'),
('HXO', 'Z3PIWMV', -341708682, '9657SQQHLV6YY113YW8G03UURK8JE5628041M3MW9V08205460', '1976-04-14', 'CI1EY'),
('HZ785D09', 'B89', 5, '52H8EY195G9Q1P5DAB6SNGU7P5', '1970-01-06', 'V804ZG2'),
('I', 'A', 50, 'X1', '1970-01-06', 'ABNNX75V9'),
('I0', '7', 404, '0X5RSC8A2808Z94F785985R3441W4GDPKZUS6O9094W26EV87G', '1970-02-10', '3VL'),
('I2H', 'B', -190903363, 'F742E', '2007-07-22', 'H01A'),
('I3', 'EOGAO4', -8, '68B355472S630HZ12WPC24598ZQ7G2200BMY11YJWNCGW20865', '1972-03-13', 'N01Q2'),
('I5', 'X0', 15, '2527I5CSR', '1970-01-02', '09X1'),
('I54M', '3U', -613952250, 'W3', '1995-06-04', '18'),
('I56CS', '935M2', 6, '5YGYSMYC9AZHOUTU', '1970-01-01', '2C'),
('I57', '96D', -1220613997, 'KV729QHL67PAB888395C99TEU1G', '2014-11-22', '09X1'),
('I5D7', '0', -386, 'V38', '1980-07-28', '79566I1'),
('I6', '0B', -711113241, '9OWG8TSR2MT8F6A5I3H2029A', '1984-09-22', 'X13'),
('I7FWIFL7', 'V', -1463376168, 'C', '2007-10-29', 'AS'),
('I7O', '0', -1986286422, 'O54I1AORV9A78XD6K103C41Y', '1990-06-15', 'RTK'),
('I8P1M3', 'B5', 8, '1J593EW849J', '1970-01-09', '3S5U'),
('IA4I', '9G', -670255329, 'Q22', '1980-10-10', '8W'),
('IB80MF56', 'QO', -1291138799, 'E', '2014-01-31', 'M9L9'),
('IBLQO3V', 'ET3L', -831589799, 'HKBGT4228', '1999-11-04', 'MVEGD'),
('IF', '6', -7170, '4B69Q6O57D29', '1989-08-19', '9Z3'),
('IKD', '0N', -1751904300, '4EOG7E9D5L7', '2018-08-05', '56W4F4Q'),
('IM', '7J4TRF', -258915891, '01Q96CGGZR1G', '1990-05-07', '959KJE'),
('IN5', '35O9R', 934, 'QXD4OH0133GJ7V1NQ3967W2M98N2', '1970-04-04', '538X36'),
('IRO137FU57', 'MS612D', -1589000597, '586ZS3NIG49GDAI2683F1V38', '1970-03-05', '8TPAEA39B9'),
('IRY45', '2', -1256225452, '91GEAMYY180S5B', '1980-03-17', 'V0'),
('ISWJ', '25F3', -1477482349, '304GE8W78UDQ3644', '2020-07-07', '3I65O1'),
('IU', '5', -1022952131, '9QA8IY0PO57U463LX3TT9RF689TZ91UN3UGKV320377473OM64', '1988-10-08', '16S5DTFUH2'),
('IU6', 'I7', -1309454951, 'C96834380268U2NO6GBYR65Z', '1994-07-30', '55Q0'),
('IV', 'OA', -95, 'DE4H7', '1972-08-10', '7TP'),
('J', '62X83Q6', 845, 'M2PW5V2S91K2FT126HJ79V6C87146BHHJOT0660CO42U7Q', '1970-03-26', 'S0SS'),
('J1FP1A8COQ', 'D', -1103, 'BGIC03AI48', '1973-01-08', 'QF'),
('J2', '9', -1776514247, '6O7V4WP', '2008-05-22', '72'),
('J2C15', '96BA3', -1076194892, 'WS5SJ', '1992-12-27', 'L'),
('J2G', 'RTFH722', 68, '7W446DFG3I61X78X9H6E2KU2GU5DS', '1970-01-07', 'H7U1N2C'),
('J3', 'V', -139451897, '88K0268G2W1ACC9Q', '2011-12-23', 'S06'),
('J36V', 'L2JD0T2', -891649705, 'FDM', '2019-11-09', 'RB'),
('J4604NN80', '09X', -1122526263, 'JBHIBF08QMA4UAIQ5Q3200E3T0C54J227P43H2TBXZ', '1973-01-24', '45'),
('J4M8H', '6R', -548457540, 'G24T478CKJ9IYB3NN', '1982-04-17', '93D96EV28Z'),
('J53A3', '0GFKEPY73LZ9', -1513578461, 'O3YNBYVNLC4S2RU', '1992-04-02', '38'),
('J9', '5', -9677, '836JBY9321D960UPX1179284A94292K833W2549W93O901EZ0B', '1996-06-30', 'S3764B4G1'),
('JA8331N24E', '5LY', 2, '2N2ZC', '1970-01-03', '1EC'),
('JAWU', '41TJ', -724852289, 'M66EZU', '1970-05-06', '293WZ642'),
('JCA9F20O', 'VZ', -835850832, '09U16799199WV9160W65Z4R3G9FCQCB6749SMNG2I97UOK050C', '1990-09-24', '386W'),
('JH8NI', '88Q5V', 6, '7313TS4B4QRW4S36I10CQ4817Y937P', '1970-01-07', 'C9BP'),
('JIZIW8E9', '80', 0, 'WSJNZEN1GV', '1970-01-01', '7Y'),
('JJG5RS', '036', 7, 'E8NEE', '1970-01-01', '315'),
('JPR9E', 'R', -848581785, '3N19PX4I418Q5YNJ72901A0Z1Y54695S7B3T9O215030BR8', '1987-09-05', '8R9H42A8'),
('JV4V5', 'S', -1963093128, '65Z6K91GK7ODJE2I77W0F3YAX082S05G5LF1L8S3243B3J7QO', '1971-02-15', 'C8'),
('JV8TM9U', 'G', -244195253, '5A8YXTR45609BUXE21B', '2013-09-24', 'WJ8X6'),
('JW', '4', -1107516191, '196O2QK830LQ1O1C233X056Z4458Q5SI570PH52U5V722PIUCQ', '1973-02-20', '4R5'),
('JX', '00W', -1985589178, '6U8IP89RV2UA', '1989-10-20', 'N'),
('JX406', 'Y2M', -2096495514, '7Z79KA5', '2007-05-28', '1EC'),
('JY', 'M43', -1864779783, '2NRR5011ZBG2', '2008-05-12', 'N4G70'),
('K', '7QI', -1187383530, 'VH2KLBVCZMR48452S', '1981-03-18', 'RE'),
('K0', '0584A', -1389987010, '58N5H85CIMX6ZSAEN65600P8', '1980-05-24', '2L3A35W'),
('K56BJ1QN55', '7W', -1011893594, '3A4J5P8N37OG8334AY8C6SGUG91F4YS497ZRD2PMFK100L3XP1', '1989-02-15', '33'),
('K56X7UCHI6', 'I1', -1330461344, 'F3R97PU1S624OG', '2006-09-16', '8Q'),
('K6V37V0A', '3', 5044, '0316317V2FC13JL17', '1970-02-20', '2MKSZP2'),
('K7', 'AP98', 42, 'V', '1970-01-05', '4'),
('K72PN00JD', '17', -920980522, '9F737229DOSX32A', '1972-06-19', 'AA'),
('K8H5', '1S', -1767040074, 'B6QS00O8', '1999-05-06', 'D339'),
('K8M', '7', -2088651464, 'B08M7FNNOBMZJ5Z1GD9ZOTN43H2GNE2DMDHX1F408X907162JV', '2007-03-13', '3RWL6398'),
('K96RS4QLHD', 'Z3397Z35EA', -1900655426, '43N45S0HRRQ60PSW4V53405', '2003-06-28', '5215C804D'),
('K9VO0U', 'G', -1308635634, 'J0M7WN', '2005-05-31', '386W'),
('KB', 'ISBA', 890, '4S1S0PZLXT8W', '1970-03-31', 'UV8'),
('KC', 'Q299D91', 72, 'VY2G06DF39KFP0ZDUN489E4YWGE6', '1970-01-08', 'ZN2X'),
('KD34QR', 'LR04P0', -88, 'EU', '1972-05-30', '2C938N'),
('KE', 'KDM', -1607197527, 'T999576Z194OZZ', '1995-04-10', '315FD33DC9'),
('KEO', '3O', -1423892179, 'ADPUF2P784633T1613K', '2010-05-22', '96'),
('KI', '0887', 4, '46QSIX6KH', '1970-01-05', 'SV'),
('KIKPZ12C09', 'E1', -45, '8839Y2UQBJG7R747U7', '1971-03-29', '6452'),
('KJX94', 'BPZ55', -32, 'S', '1970-11-19', '1P'),
('KNJB', '49050', -538097298, '0TC01XVE4B08IH43EGZU', '1970-04-15', 'VQ'),
('KP7G4G3U81', 'KR3C9B65', -1143295966, '15I58S0IVIU2A469B6XS229BPPC0VL', '2019-12-06', '72'),
('KPUMD77', '34149', -155265301, '99J4I0H3GF9R0V4CT8H2DJ16L3B70GBPH13F304U9XB8JQ0243', '1979-06-23', '762E'),
('KTTZ', '9O5', -854643595, 'D5Y06CV5E33W7E4M11BAMUL79I1671Q2XGRO741018UWBPX138', '1982-04-10', '067'),
('KW', 'H', 878, 'M9SW813XW8', '1970-03-29', '91YFETE97'),
('L', 'L5BS', 9972, '1I3Y1SMC7A', '1970-04-10', 'JO2O0'),
('L0', 'M9', -1284272301, 'CK', '1984-07-06', 'HP391'),
('L1V575', 'K1', -465127572, 'T07QN302W8WZ04', '1981-05-19', 'FD28'),
('L36', 'T6PN2T8REAM2', -10, 'DK57VML7', '1970-04-11', 'Z5S9'),
('L3CK6CU1TR', 'KM', -202091065, 'Q6CMT1UON5B9', '1977-05-14', 'F61'),
('L6N', '3E9', -418256771, '09542I3270IH81AB5X875', '1999-08-18', '79'),
('L7', 'HS', -30, '7BEDJP', '1970-10-30', '8Y29'),
('L7U352R', '5UF', -934511665, 'NXB72XJ45P17H931U59573D', '2018-11-07', 'YZ'),
('LCPLS87DK', '3', 57, 'D64KA0R28', '1970-01-06', 'N5U'),
('LD00', '5', -4072, '63G41YT368G4J42EWJ40VI', '1981-02-24', 'EM'),
('LDJR', 'EV', 19, '9C38S3ZXY4OXX5I1PP502MCLEDEE9C9N1V1UT2584917W01712', '1970-01-02', '33A'),
('LEY', 'B', -411914282, '3K87CWR54MG31ZZ1', '2007-01-08', '5ED75DBAU'),
('LIXF6UQ2', '2N0', -988, 'QD287PN7N3L3', '1997-01-25', '37R2641'),
('LN', '5', 9, 'QP7MU06288D7C2BG13CQ1', '1970-01-10', 'FL'),
('LVB', 'IYK', -1760249286, 'L0466M6H0P9P4392898GF644S956741963', '1985-11-14', 'B34E3'),
('LVMZG', 'Q36MI', -239, '4M984O077JBMR7TNG', '1976-07-18', 'W1R3'),
('LZNIWH3C5G', 'W80Z8K92I585Z23', 69, '574779UY491', '1970-01-07', 'B1I0T0'),
('M', 'Y', -2029360069, 'W', '1973-02-12', '096'),
('M09H', '37', -864907264, '9M', '1988-02-07', '9ITHBAK20'),
('M1', '6', -1986765755, '20', '1995-11-29', 'ZN2X'),
('M1H5W', '9', -1587993590, '2119067GZ0UHJ', '2015-07-26', 'L2'),
('M22', 'Y', -904639822, '96DNOH', '2011-09-04', 'K80'),
('M24Y5P', '0X', -57, 'H0MLJ260LATWH1BO6IHQ6K52', '1970-02-27', 'ZM'),
('M2HXMP', 'V2T3J', 9, '7YR0FP99', '1970-01-01', 'BUF'),
('M2L3', '73', -128, 'P643A', '1973-07-12', 'PCV6'),
('M5', 'GY', -1102453455, '74U', '1980-08-21', 'SW1'),
('M872J8', '994', 5713, 'TG14N713962P2T29IYRD171O63K736', '1970-02-27', '19'),
('M8S', '9C12X5FS36T5', -333906162, '485P9JD261T4GBO1O33OBD8OY5P97X8ZDY5YVS1B43LG2405I3', '1983-07-10', '0Q7Z240981'),
('M9', 'D0Z2', -692759669, '22S4CIZNO8J', '1988-05-26', '898'),
('M924170', 'DVG', -28262210, 'Z820Y450C64LB673D6N5SS9BK', '1981-11-25', 'V06'),
('M9O5', '2BKQ28217', -1539694013, 'G0626W1TZP71289DYALEK3RHJ842J7T7', '2016-03-26', '07A'),
('MA', '7Z', -380009515, '66LI0A8Y67DDE6763X5CJ403OHDZP45NQ8PPFZ', '1998-02-22', 'C3'),
('MHR589', 'MX', -1110929741, '6LO55Q34O9L6R1X1GUZNU6X346YEI690HY42226083EO155467', '2007-09-13', 'BR0'),
('MI301K', '6I0LOR', -1529916192, 'LE9G9ONZ1UNG1', '1990-11-26', 'UCY81A'),
('MK56', 'W9', -326393303, '31', '1977-01-16', 'Q3Q'),
('MKK', 'RP740Z58RZ0B', -1545551448, '0L70G', '1998-09-01', 'DK5K5'),
('MNF63', 'T7', -3, '9F', '1971-01-09', 'PKS'),
('MO', 'OB', -1511201668, '6257C54288DNK08M4SISV22', '2019-04-03', 'PJ10UZ'),
('MOY', '4', -48, 'QS93L04T8R2V55ZVQUMDD49WI0YN40U', '1971-04-30', '6I'),
('MU6V6H1S06', 'Y', -1603487753, 'X53573R55E67O0584V', '1976-04-23', 'CTK8ZNK'),
('MU7', '6B', -1635231355, 'J63', '2012-11-27', 'J9T16F6ZV'),
('MW', '28J02Z', -791923799, '8JL6X3Q9', '2008-10-24', '90'),
('MX83K', '2', -1103473588, 'N55Y', '1971-02-27', 'N0'),
('N', '0H5', -7209, '0', '1989-09-27', 'D2'),
('N19ORZT', '8', 639, 'NJ7Y64Q9339F2VB9', '1970-03-05', '50'),
('N2X', '3A0WCM', -475, 'WG85OOQY93', '1971-04-21', '36NB'),
('N3', '1', -1413994087, 'XWVYDQS8S74V2V', '1994-02-13', '03HYBN'),
('N4', '9', -271, 'JOQ538663V6D2727J3882Q8CW', '1977-06-06', 'G9'),
('N58', '2KP90KTG9F', -1041229491, 'KO801OWNA39FY29NM9NS', '2003-12-31', 'TP2BDOZ'),
('N6', '0C', -1701235928, 'G61T159U88HV7BVRS6V6I50ID5E4HK0O', '2005-11-04', 'X6'),
('N8', '76D42DKV8', -1639442567, '6249BSO7U00Y4DDNPOE17999TOBU6M0211QR8NC27G6584G565', '2002-01-30', 'D339'),
('N9', 'DVQ', -834077599, 'R2NUT1TB1H451B4G0220IO9546293E5US', '2010-12-06', 'P81BSYIUU7'),
('NC7U2S', '6', -826441826, '9BTJ5', '1994-02-17', '3ZTO5D3'),
('NCP', 'I', 0, 'QV', '1970-01-01', '45'),
('NHC', 'I7', -732013952, '66X8XRR71XJNJ4W0', '1992-08-03', 'H3E5'),
('NQ6L1MB', 'IEF587', -274404391, '108M7SK5EA5LUR7Z9M66O8Z', '2004-02-19', 'XH7P56'),
('NQA29KOCC8', 'W106L8MX1', -1130606308, 'Z74I94160H3D9GL1JX', '1994-10-03', 'OY0TF4NP05'),
('NQFP', 'TL3C60', -379390746, 'CSUE04677BZ52KC2S6', '1984-12-01', '3RWL6398'),
('NT8', '10GJ8KD', -1669071134, 'K63LVG2O', '2009-06-12', '0Q7Z240981'),
('NU', 'GQ', -1676288693, '7L200K84', '1975-07-20', '3K'),
('NV', 'V', -814, 'AY065LR9', '1992-04-18', '0T'),
('NV9AN28A32', 'ME520793216L100', -1366738101, 'HNCTOJ2PJ1KN3ZE9RYD2C88166', '1989-04-12', '0T'),
('NVQ', 'K2', -991758395, 'J984646', '1976-01-18', 'P237'),
('NVT9K', 'T7P', -1550589569, '31AA2RME9MSM', '1985-09-25', '0DA'),
('NY', 'U7', -410683126, '5Z', '2018-11-25', '22V4K'),
('NZ3', '1KZYU', -1949476395, '521K5KG6S9OUPNR6AG9I73A9BLE3BJ2G697B7L91', '2009-04-14', '3G6H1VFA'),
('O', 'MP', -206, 'D36RH7I4GUA4CO38Y5PUQNQ079L999R8F27XJ2RH2368C24', '1975-09-01', 'PU'),
('O0ZAW8C0', '15', 438, 'RZ291R1C', '1970-02-13', '57J'),
('O1', '7', -1999756446, '6CS0GD82SL', '1984-12-26', '16S5DTFUH2'),
('O3', '465', -1217960, 'D333HP4U', '1973-07-16', '6F9G1H'),
('O53YE01247', 'A5RG', -1418123047, '0T2ODMRCVK4VGI3HQR2', '2003-08-28', '33A'),
('O7EKT74543', '9LN', -870948689, '539K4DF7', '1993-05-30', 'AA'),
('O7V1Y', '704Y', -39183738, '787M613BBH3CJD3D1J5Z', '2016-06-15', '8A74'),
('O7W63', '65', -1838486766, 'X9GA4', '1970-02-05', 'GV56997FW'),
('O8GHXJFF', '0B1Y399V0', -555, 'HY90JG2SN9V3', '1971-07-10', '7QHH'),
('O9', '5', -1721846691, '8NP47K0M', '2006-10-15', 'VM'),
('O9H0QO', '4', -825351433, '513105L5LO42854499NRH27M7HP9MT1PO64', '1973-07-21', '30W9'),
('OB', '8862I3', -398057645, '7', '1973-04-21', 'L3XC134BB8'),
('OE8', '0', -2083070062, 'H1N35AIN80QYB5MA7OT', '2019-03-18', 'NX'),
('OK10Z', '4', -1657464580, 'U46A7T', '1983-05-08', 'J5'),
('OOJF', 'BLJ4', 8, '19XB43298488545HBIMUBGL5W9GZY188712VNX68O', '1970-01-09', 'MLP93'),
('OPV7F', 'PA36G3W', -913967976, 'ODO77P895F4Y3R', '2007-03-21', 'S06'),
('OTW1HX', 'UI1K0', 374, 'FTKU8863259MMKA', '1970-02-07', 'OP3Q'),
('OVG95Q92', 'P8CWL7D6BI', 13, 'NNQ8KFC85V717ULN5SD9M', '1970-01-02', '69'),
('OWF5', 'VAP54', -2077808926, 'U18Y6UZ4A6TRJ73', '1987-02-24', '5EP5'),
('OZ', 'V', -1068833964, '12555NNIOACTHWGAO8MCK33I4MQGOQ63Q858U', '1973-01-24', '6J0C9'),
('P', 'K', -763417921, '7HE7O9K33C1OFI58', '1990-12-19', 'P7MIDW'),
('P1A1', 'P11PH', -292908455, '2G1G522F09IR09XOL9I7XG9R2I4P7470947G84XH5XJPQO09DT', '2018-04-04', 'J8'),
('P21V305', 'FCEAKMM', -1612485255, 'AC', '1972-04-30', '3FE1N31DV8'),
('P3', 'U39', -1, '51WJK7FD33OP4XD8', '1970-06-16', 'XG'),
('P3E4ZI3', '2', 637, 'W33GF0W58ALYI2U8WE54I8ZG0M24M9196W73V6938A04DE', '1970-03-05', '5ED75DBAU'),
('P4MU50CQ', 'E3SH1', -627412099, 'KLE1WB47FUS36655KI9A', '1981-04-28', '55Q0'),
('P55HN4S', 'UC', 93, 'L95PUAK6930GU20', '1970-01-10', '2628N9'),
('P7O250', 'L', -46792142, '2AIZC5GB7PKYS98966YQ640651M0N587U6GCX2', '2006-04-08', '0650'),
('P800YB56', 'B', -808500905, '3JBL65', '2008-10-05', 'PG9'),
('P892', 'PCF', -510873496, 'OPKC8892778FQ87Q8NY8O024JJ4442M3348', '1995-09-04', '107H3K'),
('P9', '4', -1191569288, 'IW9L3I5S3649PIMJ87A24U11Z0Q', '1993-04-08', '1K8'),
('P9Z', '4', -956783118, 'S052ISG914RW7K21RM55SB7', '1973-03-22', 'ZOS'),
('PAC21D61C5', '91P', -1393203179, '4AV', '2008-09-29', '040'),
('PDVN', '2E8F8KQBJ4C1JO', 2, 'JV42YDDV43M749313P524Z8', '1970-01-03', 'OVR338L'),
('PE', '1920BDO1S2', -1678883059, 'U7JEYR764200QR400PG09W2Q4U7Z8', '2000-08-12', 'E'),
('PG02EB', 'JQ0', 0, 'EMEK03206Z318ICSJG6P211KW0M8U', '1970-01-01', '84X'),
('PI0JQI3', 'YM0M81SBC', -1007148834, 'B83ZWB94X44MZ75X1UI5A0F', '1987-10-22', 'VF1WR8'),
('PI7', 'UTL5', 86, 'I7W1K347KS6S6XCGZYG4FFO5LZC1L', '1970-01-09', 'EMLSIW4R5'),
('PJ', 'ELNA46Q5MIF', -1777041685, 'G1E204YQ683PP20IQLW8IRHO1LJO1M44F', '2005-04-21', 'AJ0'),
('PT', 'FRI', -1163854078, 'UK61KF1QJQK85PU5N6YK9', '2012-10-09', 'P7MIDW'),
('PTB', 'T1', -1307371295, 'B58A8OAP6K06AK1912IP64FT8IS23', '1985-07-03', '16S5DTFUH2'),
('Q', 'ACHCZ', -86248241, '00O123CHY152OV3040U2WBYEV123I523O09Y87B4C450NF1M41', '1970-07-04', '8MD'),
('Q0QBT2', 'X64G', -402541562, 'V7O90KP44ATX81JA84MOO1CX09Y68BLXK04170QP4P32715TSP', '2015-09-30', '8FA0X32G2U'),
('Q12', '7', -1575692663, '8825P1D96B42REO738SH8', '1985-12-24', 'NNGUKY'),
('Q1AIP5', '4Y9N0AA', -262239724, 'KKYEQ835U40UX8LD416VGIK63', '1979-09-22', 'WUU62JZM17'),
('Q3', '5', -2051723937, '3', '1970-01-05', '959KJE'),
('Q4', 'S9N9ISH48911', 74, 'M7AP9W4M9J7V4', '1970-01-08', '3D'),
('Q41R7H', 'XC1H6P', -427076882, '4XO134OZXL031M1O75V2359Z5O5TQ841R0ZZ5', '1993-07-18', 'ZJW'),
('Q516', '0H', -2134704235, '1V3FT6FE', '1976-11-06', '040'),
('Q5Z27QG', 'N3', -797714491, '2F8N71G7AMK1', '2015-06-18', '8CI48'),
('Q67G42M', 'D', -798414940, '71SD3BIM82R7ZKV', '2015-07-28', '1BNZ2'),
('Q7', 'N', -1349260523, 'MZMIA6I54SG70VHV66C6293X5SBT2R62GYP1I', '2015-08-25', '4DHJF'),
('Q8', 'ODW734T96W9F91', -416860000, 'XRRLJE73', '1998-09-05', 'F5232T0YYA'),
('QL59', '56396', 578, '05EY421N4', '1970-02-27', 'RJ6PSTO'),
('QO', '56Z', -1061352138, 'PPTO46M99Y0Y8L322U7OT8', '1973-01-19', '71Y'),
('QPLWFIU', 'D9', -2100013312, '381C8319N43383BC1Z67F0HU840KP08LRAI5CD13EQRME611V7', '2010-07-03', '6F9G1H'),
('QS', '2L811L', 0, '31BG6F5UT8AO9QFJ9W12RVI', '1970-01-01', 'YW'),
('QT', '991TU', 76, '7DV48GI604009K6X35GK7M0F850WXEJ', '1970-01-08', '1WC86'),
('QY', '0H', -4819, 'S96LQ', '1983-03-13', '03HYBN'),
('QYWI4D', 'M', -361153150, '3E8J079173M3F77JN', '2013-07-28', '762E'),
('R', '4OG13Y774HC8', -574667302, '1H5Y0', '1994-05-16', 'V30I6'),
('R3C5', 'HSK3T', -869804220, 'R3LYY87UESC3EGW6DLU184I53Z27U14', '2010-08-23', '8MW'),
('R3O', 'Q', -1850396928, 'G689WM5802E5F71T', '1972-05-27', 'SW1'),
('R5', '5IH7Q9HW50154R', -212017773, '2I6FSS33FA56Z46Z', '2000-05-02', '09O'),
('R6', '35', -145, '32YC', '1973-12-22', '2E'),
('R7', '24', -1632609601, '9', '2018-08-07', '5M6'),
('R99Z2P7', '592', 1, '10133X', '1970-01-02', 'EPRY4'),
('R9S', '7M2', -1275888609, 'B0WHD2425833X33QIZ30F9', '1998-02-24', 'N9HJDV'),
('R9U33', '6F51E13', -695616606, 'MEFCHP', '2010-05-25', 'TA'),
('RAW59I7', 'BIW0', -1663649637, 'FI2BE1S3A9J8QEKRTR95A50BHM91UD47FZ28IJ2R', '1985-07-27', 'D58V'),
('RC7F', 'EJ', -365502919, '5JXP50G865SB95QMDNE8O192555090DJ059A', '1993-07-09', '5R'),
('RE', '5VP2272X', 3, '5N9JH1B64', '1970-01-04', '5GF5Q5'),
('RJ', 'I7', 33, 'ON3S4E51NL42', '1970-01-04', 'RV8'),
('RJVYJ7', 'HB38X1', -1513120352, 'D', '1976-09-10', 'RB'),
('RR6', 'U542L572', -54, '4OA5U3CEHVE58C', '1971-07-02', 'RB'),
('RS1', 'RZ0LI', -950672645, 'M7IM9GT7O45MN9LX00', '1977-10-02', 'V0'),
('RW2Z', '4UV13', -615570350, 'ZU862', '1982-07-24', 'A'),
('S', '7E7', -1404650837, '1H44YE7AWU08512523385T0Y69Q', '2000-12-14', 'B08MIQJ4'),
('S2', 'V', -4991, 'D3G8POM95PE3FIU2C8', '1983-09-01', '5JQ96PZ'),
('S3FS', '02H172H7UN', -1672572638, '76X504R5R092D02F0UWNR599D1FX0MN52A996F8', '1990-10-08', '569'),
('S3NF8Y', 'UIAX41A6', -723768845, 'B0X33D569XE2O6158', '2003-04-16', '8N'),
('S435H', 'FQUG', 6882, '89PV60C2L9M47H31R6', '1970-03-10', '4DHJF'),
('S50F', '6I6', -1641485348, 'CVFKL9599NR44581083LR7ROZ', '1991-05-13', 'D58V'),
('S5I', 'G8', -602784078, 'K4416DL0NK911HGU2YR37Q7A6U7G7E', '1970-09-10', 'JCW3'),
('S736D', 'C7', -281723138, '95RU1C0XFP', '1988-05-03', 'CT'),
('S8M', 'R', -621312235, '8L3W1', '1990-06-22', 'GV56997FW'),
('S96DO47E44', 'V7E5', 7, 'AQ3', '1970-01-08', '0B0B'),
('S9U', '7O', -686061326, 'Z2JQ754NJ1Z878L5W00', '2019-05-25', 'J8'),
('SA', 'GOZ5', -862214387, 'YKU2A1ZQ6', '1994-03-10', '57J'),
('SAT6E', 'Y4N3', -418202500, '2D2G3ET', '2003-04-11', 'L0'),
('SD', 'M', -1590718359, '0S2MAHR226003384OTBIJQW6423BIQ2XS1E', '2006-08-20', '70741E'),
('SD32N0J', '632C08ML0H', -1153083250, '6R3W761YB7UGB975E8F2288YS8A', '1977-04-14', 'NP'),
('SD55E5W9', '62Y', -79245323, '55J3B7R', '1985-02-08', '2786TU'),
('SH05', '09X', -1238314099, 'E6Q4Z9161265Z11L4J0WACGX16', '1984-06-28', 'V18'),
('SHQ9', 'B', 8384, 'A9QC9FQ664I3', '1970-03-25', 'V1Q'),
('SJ', '91', 6, 'A1Q307NUS6C6476W8E4G5349R67F4DUHM566S9QV7U0', '1970-01-07', 'E6C'),
('SJ05', '2', -612183434, 'RCI7C8VZWR47N2OU76VC19CQQWJB059Y3D72Y3BC894737Z502', '1974-05-16', 'H7U1N2C'),
('SK', 'M8JC0', -1731725896, 'WIYWWLZRDN', '2018-03-24', '54'),
('SM', '04640H', -1567899963, 'JH617', '2001-09-09', '14M649'),
('SN', 'P', 0, 'US91YITP4KRH6', '1970-03-29', '98I45'),
('SW', '9', -799193058, 'OFC0PWD1B3A4', '1985-10-06', '17CAI5GGII'),
('SXHYP6', '2T', -267561463, 'Q3AOCW5AAE', '2000-12-10', 'N37'),
('SZ0', '1', 1856, '91LFU80A373K5EE7AQYEC69OZ3Q4HNTYGOOP081KEZ14AVQ892', '1970-01-19', 'N2MS3W677K'),
('T', '09K9', -22, '5730C857609G3', '1970-08-11', 'Q5KBXWF310'),
('T07H', '305F3M835880', -2050889413, 'G11QP7J0S27442R7F0E7Q49Y91T969', '2011-11-07', 'M88'),
('T0G9A4G', '9P528N40RJ3', -422, '73', '1981-07-26', '88H59MV2P'),
('T1', 'P3I', -1210167773, 'B', '2010-02-02', 'Z5S9'),
('T18Z9P364', 'RR', -292192051, 'D1QUFC7TQN4O2HC', '1997-09-26', 'W17RV26WC'),
('T1941EQ', '10', -1744613912, 'J26L3P0T7WVS22', '1993-05-16', '9J4'),
('T28', '0', -75, '86U09A6N63B', '1972-01-26', '3VL'),
('T2D2', '799NKBIFNJ39', -2085824477, '0G60A4XTXD177E93947P8IL1Z614S90', '2001-12-16', '0G38280'),
('T3', 'TXV', -327203096, '3854', '2017-05-29', 'XX'),
('T4', '2', -2060793947, 'E1P1L1KEA0', '1976-08-11', '22V4K'),
('T45', 'A9', -1965330229, 'T5687HY4Z905IWXLXGY740819451UZM', '1999-02-06', 'J06'),
('T7', 'P2DO', -2051304277, '7V8P320GWR0VM7BEAXJ696I3IE4HRE1HB7458568ZZH8Z57C17', '2009-07-29', '4I'),
('T8705QGI', '3', -194513875, 'FF7UQ7T7GDA', '1990-11-13', 'NVA396F03X'),
('T8I8', 'IX4XOQ83KSB', -482921905, 'TPMQJQ4', '2004-04-14', '3H71227'),
('T9', 'E', -1794, 'B4', '1974-11-30', '4AR4C1JA59'),
('T939O', 'H', -1061131515, '7AR3453O3', '2011-08-14', 'Z5S9'),
('T988E', '3', -504351065, '85501OJ1W3Q752789O9C6Y9DST9U863W54JX63', '1983-05-24', '80'),
('TC3R', 'G81NMG4Z31ZT849', -988130641, '00MWKTU9871D2Z5FC7G372Z57T44T44RQ', '2013-12-24', '912Y'),
('TE', '279', -369624335, '9KW876007P0T1ADV68N9I628FP0P1SR', '2018-02-14', 'V1Q'),
('TGF17HIK72', 'S2', -1872976940, '29H5QG8752ZW6208HPU55J3GY79JI1637Y197C496AM39', '2001-06-28', 'J206K'),
('TH2J649HIY', '6RQ4', -1452233871, '83D2VSB7ZKA08GWI9Q8', '1991-03-09', 'Z2'),
('TH32', 'H7QB5', -991977340, '93548AUB3CPPHJ857IX6JC22XVK5YEGKES96IH4CYS194SE5YB', '1995-08-06', 'SW'),
('TH9', 'VG2', 4925, 'Q1D9XC49905F98O1Z', '1970-02-19', '7AI01'),
('TY6H2K', 'M4IZ', -591007475, '331311', '2011-07-05', 'PG9'),
('U', 'C2YH8E57J', -1596522541, 'K5I9B7C8Z6H0P5960M6U6GGV1L9M', '1984-05-22', '33'),
('U1', 'T1', -1835695338, 'G6QI6302P2Z45422F040', '1980-10-11', '9TVX2DPMSE'),
('U12G9L', 'I0', -65478452, 'S9K3', '2002-11-30', '1XEL'),
('U1OT', '31B9D4', -1602, 'T', '1974-05-22', '5'),
('U1OU', '31', -2090871119, '1X50679D', '2016-07-23', '8Q'),
('U28U', 'P0', -2004846660, 'T9YLMC430335I64D1C6SL7JWW5UPHH4395', '1994-01-19', 'A4P'),
('U68YM', '60E1AZ', -887733963, 'DO3FF', '2013-09-26', '329'),
('U6S', '2', 6501, '2', '1970-03-07', '7O'),
('U6V', 'Z', -425672573, '2P3W', '2014-12-20', 'BQC'),
('U7', 'QE6212', -53837279, 'G4EQIPBXQI51KABYKN', '1971-07-10', 'X80'),
('U747', 'I7787', -466, 'V7F21ZS3CS5MBYKX14ASGL', '1982-10-09', '199'),
('U7GW2', '81', -1086829413, 'XG044I83LM', '1978-03-04', 'L2'),
('U8', 'M', -2128438152, '18H063NROS3207934TP367N0B2408P018L', '2005-02-27', '2C'),
('U8B', '5C', -9, '01G69', '1972-08-07', 'X4'),
('U8KA', 'VINIWA0X6KVX', -981782442, 'S', '2008-04-29', '670L'),
('U90', '467UYX', 294, '82TU587', '1970-01-30', 'Y1Z566C'),
('UE', 'G65OU6GT', -991124194, '1888K', '2011-11-07', '5J6'),
('UGA', 'B12KXD', -8590, 'QDAT5U15HASF8XGEA9UO87X297FDV3', '1993-07-09', 'C6'),
('UGE09IY', 'X', 375, '285A260573H631QBOZCW25194IQ7', '1970-02-07', '1X3'),
('UH69VT5PFP', 'FO9H', -81, 'AMLLDD7S98AZ6RCAS86011YZX', '1972-03-29', '9H8R7G'),
('UHAI', '8', -5451, '6K', '1984-12-04', 'U44C'),
('UJ', '11S1', -972078771, '6HIEIG2CDV6E57QPT46CK460K444T64Z89', '1994-06-28', 'Q969745J42'),
('UK', '46H', 61, '601ZH', '1970-01-07', 'VY'),
('UQ', 'ZMZ239', -580189831, '797HLKHNDZ280NZZV1KG6T0D8CFQ560B9Q075FQ1', '1982-02-11', 'I8'),
('UV9ZT', '1Z', -334522443, 'E1CD4HH813954Q36', '2008-09-18', '9TVX2DPMSE'),
('UW', 'L', -781, '9XEDKOEW3H61B', '1991-05-28', 'M11B63'),
('V', 'XV26', -4, '49X06I46BDTP819W79PE8U41G5', '1971-05-11', '14S25'),
('V05', '2W2C2JBU', 9199, '32', '1970-04-02', '8NFM2S1'),
('V2D3', 'DH1', -862715763, 'B3', '1985-04-22', '3ZOG2'),
('V46K73', 'A905E', -694337654, '119A', '2010-09-26', '33'),
('V4T', 'J4', -1485929407, '7NNWF884G32L2EU65P5109', '2012-07-07', 'U3CM01CP20'),
('V5Q2FQ2', 'T9', -95, '8', '1972-08-08', 'GF'),
('V8', '5', -806278388, '8G11Y73V12P087S51U2SE00PYTBDHF192C523M5DX1', '1980-02-12', 'Y7M'),
('VBY', '7VT', -3, '643NDR2U', '1970-01-31', '3H71227'),
('VG575W54', 'NVJQTW', -341275348, 'VASTY60B19YH9O7L6885T6TZ3', '2012-01-04', '1WC86'),
('VI', '242', 0, 'T24Q1WP05KYLRM03947KSF9ZT79835QZ2E2KSGP1', '1970-03-02', '096'),
('VI7S4', '5', -2, '1M28D', '1970-10-04', '8QA'),
('VJ3', 'U', 8, 'W2IPO88H4TV4', '1970-01-09', '199'),
('VKSLMD08W', '1', -1887491159, '09RSS13DK48498UM2Y2U6U4CVZ6UC9JTIFK67OFC340N93W4LC', '1996-01-10', 'EMLSIW4R5'),
('VQ59Q66K67', 'U0', 3460, 'MWZ86157Y542KS0399T786055205B8T3CDH1BHL0AT547CE0OH', '1970-02-04', 'J06'),
('VY6C', 'DI8V', -152747008, '49UI18COFQ4N9URD5062XWZE8F72MHX2HD6H84VF7H3', '1999-07-02', 'P237'),
('VZ9IG', '79', 8, '99VQ37N8S71FH08A946L76R4XIL433272NL0WBQARY6V0JUIXI', '1970-01-09', 'NVA396F03X'),
('W', 'R3BNG4594WU819I', -1274242457, '99N39SR7T98P63613162DLUJV0HD59V05Y83Y', '1970-02-27', 'M4U4'),
('W0R2445H7', 'HV0', 3, 'J231MZNUX', '1970-01-04', '6KSK4NPT2Z'),
('W1J', 'P6', -686869335, 'E99GO', '1991-11-01', '5EP5'),
('W251', 'QFL3VR3', -1409568044, 'TUH6D48P9J', '1995-01-25', '2MI0B'),
('W3FPR63', '35', -811628588, 'D', '1973-07-17', 'H0V5'),
('W651SS3Y55', '470', -1626192134, 'IZ0T64O4126ZEMF6R6HY2HV', '1990-08-09', 'B76O'),
('W8', 'TJN79', -1510784884, '803N8CH', '1982-11-10', 'AJ0'),
('W8Q64H8KUB', 'JC4X', -376206122, 'NGR2DT65CBF4', '2006-01-07', '5'),
('W9MB0', 'A4', -1797624775, 'V53914J673M0AH03MX864TH03YOWRC', '1973-11-20', 'K40'),
('WFF4', 'C27V490', -1377038388, '6E774VA1', '2006-12-10', 'ZJW'),
('WG', '5', -112175000, 'GE3CE8S5DMRN9R43V8U03PHP13N26', '1974-01-07', 'H0V5'),
('WHF', '8', -9, 'UV43P6E', '1972-08-27', '5E75'),
('WI6', '8', -769973363, 'V0ZJG2073LX8I3BYWB5CB5687I', '2005-05-03', 'N39'),
('WL0', 'R', 996, 'XFN51XQ6PD63X7JNC', '1970-04-10', '22HJ70ON53'),
('WO', 'U7VG', -1491932708, '2', '1988-06-25', 'I6'),
('WSP5', 'U24406EKG0PF2K', -994506122, '2M10Y9', '2002-03-18', 'QH'),
('WU36H1', '70EN', -1378897949, 'O02', '1976-09-26', 'QF'),
('WWD72', 'NV9F74B', -51861032, '2KJ61Z41N5B', '2021-02-02', 'I8O28C'),
('WY', 'O', -1650373766, '91WI41Q3GR95GYKDNB014149', '1973-03-21', 'J0'),
('X', 'G', 3, 'F', '1970-01-04', 'RV8'),
('X0', 'W8', -1640855660, '7O084', '2018-02-06', '1I'),
('X1HZ931', '04', -542, '4L25NV', '1984-11-09', 'E6LF48F1'),
('X40', 'E', -342174506, 'LA9A1I53AS97L69QU5YKDH333DR11PE434418OH05EO1K55O68', '1990-09-13', 'YP709'),
('X4LPMD823H', 'LW8D', -1661028284, '9', '1974-02-03', '7'),
('X60', '70', -979668078, 'HY', '2002-01-23', 'AU'),
('X61M', '3F', 70, '6T49T915KD4H55N', '1970-01-08', '527'),
('X7', '7', 2796, 'O', '1970-01-28', 'UV8'),
('X8XL01GTAH', '8', -345661272, '08ZW089QBX722T2PJ1QQ14SI8074113B0XD5R076703', '2017-03-29', '537'),
('XA', '18D', -135031919, 'I2JC5D3S07H55692DNE240PEOFZG8499D41V22', '2005-02-05', 'SW24'),
('XB5', 'E9735', -243135188, 'G', '1986-02-03', 'SSZDAQ6'),
('XE2606COR6', '514Q', 8, 'UDO6O931', '1970-01-09', '2ZT'),
('XF', '876OHB6B4', -835909060, '6', '1993-04-14', 'CT'),
('XG', '9CB', -57986032, 'K3A7PE3', '1973-06-05', 'VL'),
('XG2397L', '27836V74', -193032322, '99AD5E1UQ280YW13W26900795E5A4S3BIZE2XS28VH', '2001-06-24', 'U3CM01CP20'),
('XH', 'PE', 9, '9IL3COVFX5', '1970-01-10', 'HFK'),
('XH2CFG', 'UBM78539E8H', -874424627, '2M421JOPI9R0P', '1978-04-11', 'L2'),
('XL85NN3P9L', 'Q6', -1486281979, 'AJ8N7RW5', '2002-10-21', 'N9H844N2T'),
('XR84', 'P', 6192, 'Q19UF2653U1B5KAL81Z6R7NT333M794B57XYP1I', '1970-03-03', 'P12'),
('XWH9KRML2', '08Z', -1636768402, '9IIF358HU89HA0HU9M8EU31TPEW2WPK3LVQTKTQ58AQ134', '2003-11-27', '1S4S97'),
('XZ', 'O9S', -896163278, 'N4', '1979-02-03', 'G9'),
('Y', '1S25', -1590330553, 'T1IN2J97H4X5Y8PR14C4NT556CGI', '1994-11-15', '912Y'),
('Y1', '7E', -1818567398, 'NH5YXX32VT1C35AVKYD34WU558553I41CWY01K248K', '2016-06-20', 'L0'),
('Y11', 'Q', -412549433, 'ML6TB33ZND', '2008-07-19', 'M4U4'),
('Y13B7', 'VO5JJE8673', 6, 'UWY97647', '1970-01-07', '8Q83O9U4XO'),
('Y24', '308TSZ', 52, '69M99EEHEE4V', '1970-01-06', '4Z'),
('Y3', '69', -704442425, 'IY95Z51CB3652M9ORMS69QH416BS82', '2007-03-06', 'V78XY3MBNN'),
('Y36', 'E', -1011001145, 'MWQN1FX11R624240R8I3KY5610096E88M687M1017X546844DI', '2006-10-10', 'V30I6'),
('Y3B', '7XO075P', -1509231913, 'KWH1361G9J6F57GTS10181A4484I3V', '1989-12-17', '5JQ96PZ'),
('Y3FJ87', '54', -1879498207, 'AP5LKVK61E244CZD18OYY6QP162A4PW5Q48IY7HIM0RH94U93U', '2002-08-19', '09X1'),
('Y4F3', 'U', -1138856368, '8XW9SM11', '1987-08-06', '98I45'),
('Y4LM0LA', 'AJVN66', -1, '05OC7IH5CQIH5S6', '1970-06-20', 'P'),
('Y5A', 'IOG', -6, '0G9732E985VR7IBN8BV', '1970-03-08', 'RE'),
('Y5F0L2', 'QNN7', -19824208, '35C5', '2000-06-06', '040'),
('Y5H', '4D', -1201085985, '6JTL1E2D926N2DT9A0D197713GSNOS9ZCXF9N6890NM5O4GK6J', '1991-11-28', '6C'),
('Y638', '7', -797573346, '4M5M12OSXM86K42YWMF3Y755M5G125BUEP191DA82C01452A40', '1994-09-27', 'NOI71P'),
('Y6W07675ZA', 'NM9', -1116847399, '8334AZY535C118DRPNRI7Q', '2020-08-28', 'U9M309E'),
('Y77KIV', 'Y39FTGD9', -283163349, '3QQHK1QB2RD7DRD8S6BUT', '1987-01-12', 'U81'),
('Y8', 'FPM0', -47, '3NFNXIFAEQ03H6R734Q74E8HH668A6665WM009157Z92C6XUS', '1971-04-21', '2117VTVV'),
('Y9MK', 'EXB6T1MD7B78', -1993492297, 'YL5WGW4HD9XA1F95W06440XVVW295ERC008HPH', '1972-06-17', 'ZS'),
('YA', 'QFR3', -915156504, '32E9SZ', '1997-04-17', 'GK6'),
('YCNL1C4', 'FI', 6, 'Y', '1970-01-07', 'S313'),
('YD74W8HV', '5', -58, '5TOC2', '1971-08-09', '1P'),
('YF', 'P', -610, 'CHSOFZ98', '1986-09-15', 'LC'),
('YL402', '2YUZ92VII3S1V17', -1546585448, 'S1N349073L981CCR2Q7KFUKV19ZX46M282JHA65VLQ79', '2007-03-23', 'AS'),
('YN2Q', 'T', -534044645, 'Q7M3M5VB', '2018-02-26', '03HK5'),
('YODL', 'FI1QV', -421266393, '70TE', '1994-03-03', 'CTU0Z8Q'),
('YRHHV', '1Y736A8', -1602627426, '5MI8WJ2992B400217OY9RQ207QUVS59937K5S6N52', '2019-06-02', '899V08CE4H'),
('YVBMJ8', 'JE2', -984412737, 'K', '1989-12-11', '9X'),
('YVR27E', '2', -1620676273, 'J943Z5', '1978-06-17', '7C6'),
('YY3T', 'BP', -751119988, 'YF233BW0W59A5UAQIR5', '1970-10-18', '817746Q'),
('YZ', 'K69', -1401686508, '524W6MS2R11KU57C', '2017-01-22', '19C5'),
('Z', 'JWCX365E6ZI', 3, '059O8TJU84H', '1970-01-04', 'QD96JC7A'),
('Z0MQ', 'H9K2H', -685898677, '67R3A0GK', '2004-08-19', 'J0'),
('Z1', '7', -2123070670, 'SRKZS4NW9S56MK4SL7OK2Z55WY1887AA9', '1970-07-05', '9O5W45WBD9'),
('Z1S70JOB8', 'S5', -410041391, 'GAD', '1988-11-03', '7MOF96'),
('Z20HNUR0', '6U', -342466948, 'LC3YQAPD15D9N7T51E314BT29I17W', '2012-04-22', '81M45CMN2'),
('Z2Y', 'V1', -1061254848, 'AY0U14471S', '2014-01-31', 'PF0'),
('Z3X', '4DB97NCS5PN5G', 178, 'P3P3CBSGG91X8IX3HT0KT493R5H2F75197F6OXZOX1M8932BQ5', '1970-01-18', 'VY'),
('Z4C', 'UD', -344, 'X2575PD9J19MWU7359G43V7NRU', '1979-06-07', 'Y9'),
('Z5', '2S1', 688, '0DU621C3PIW90XUWU7OO', '1970-03-10', '2YB7'),
('ZA2R6', 'W36GJ8T8', -763361473, '0D3791VWXR09P361KB7A07R7PE0818EA5275IURA6HS08B6', '2015-08-25', '5R'),
('ZC828V', '6', 869, '2Z3', '1970-01-09', '95'),
('ZD', 'BZ7LOBJY', -1124053523, '273Z1S7', '2007-06-20', 'UP'),
('ZE', 'YC', -1236755564, '8WB4F8FD4VFK48QBL871C2', '1979-05-29', 'Z403'),
('ZH7HSRW', '82', -347, 'NZT895EY4QO63', '1979-07-04', '8P'),
('ZSA', 'R', -1629282917, '671SHSK', '1981-11-20', '88H59MV2P');

-- 
-- Dumping data for table telefonos
--
INSERT INTO telefonos VALUES
('0', '9E'),
('00', 'YAB1'),
('00727Y', '12Y5'),
('01', 'OIRBOO02'),
('01I3', 'N2KGEVF'),
('03', 'YX'),
('0337', 'Q18X9'),
('037Z37', 'HH6JB2'),
('041', '71'),
('0478', '224'),
('047ZU8461', '08'),
('04V53W', '78'),
('05', '7ZG'),
('0517', 'DJTP81'),
('06', 'S1T0Q62X4M7P1P'),
('0600', 'HP'),
('0626', 'GVA052HLW'),
('064', 'U7A1'),
('06JG', '3Q0JSHZE'),
('06NQ5', '6VZX'),
('07', 'Z8'),
('08', '70J'),
('08CY', '2IU87'),
('098', '7X7'),
('09B94H', 'OQK5WE'),
('0A', '8NQ9'),
('0A0', '6IUF3'),
('0AIZ776846', '3N3U30C9L'),
('0B', 'GKC3'),
('0B4', 'L66PM8ES'),
('0B58', 'YOF2'),
('0C8W9K', 'W2W4'),
('0CS8', '323'),
('0D', '7X1'),
('0D50H', '0'),
('0DL3', 'R484650W'),
('0E22W', '080E50X3'),
('0E60M', '31830UU9W2WLHEE9C'),
('0EEPW', '0088'),
('0G4', 'FYL'),
('0GN', '3I61T8R85'),
('0I', '8C6'),
('0I5', 'DF'),
('0IC', 'TZOKE2LBMRT'),
('0IE6', 'BH80LOZ6N'),
('0K44', '83GV405'),
('0LA5', 'SK97V3'),
('0MG86D', 'N9'),
('0MU', '5GWR'),
('0N69', 'Q4'),
('0O', '7C'),
('0P', '2295OH'),
('0T0', '1C6Z'),
('0V8', '9E6B4ENN2'),
('0W3135', '92KY'),
('0WZ1', '1246092'),
('1', 'P'),
('10J', '1203U9I'),
('10K6AW80S', 'EF'),
('113', '2TME00'),
('13', 'U2QV9'),
('133', '693'),
('13DU', 'W8U4H'),
('13EC1', '27848'),
('13EL55E13', '0XS'),
('13K50UZ2', '7Z'),
('13R', '74Y8'),
('14O3NVD', '86K821W'),
('15', '6X3G5'),
('15M2AU', 'A4E528Z'),
('15PP4PR4I7', 'UE'),
('17', 'DW'),
('171CLUHJ14', 'J'),
('179Z02', '0V9L'),
('18W7ICI', '0482L198S5QF61'),
('1911R0', 'TH'),
('1922BHA4E1', '2P7'),
('1959H41K', 'PJV'),
('1984TB3LA', '8758Y605T'),
('19O', 'QV69'),
('1AV3OUO14', '0A'),
('1BT6', '75'),
('1C', '6F'),
('1F1N44S51V', '7U'),
('1FT098', 'RC5'),
('1H81', '7L39'),
('1I12106C', '3T'),
('1J', '36H8'),
('1K1B', 'Q06'),
('1O', 'D5'),
('1PS', '97EN'),
('1PUU6N2', 'U57'),
('1R', '62K4BXTG656'),
('1TR', 'E8T3'),
('1TUAWS5CM8', 'I24'),
('1TZJ', 'YK7W4Z3C2N4O07O9L'),
('1V', 'Y6'),
('1V3', '51U4939X7'),
('1W', 'Q8'),
('1W5', '2N'),
('1Z98O', '537W3'),
('2', 'V'),
('20007T', '18'),
('202', '372LKD8'),
('21', 'H'),
('210Z', 'TT01G7'),
('21AA', '8L'),
('22', 'E1'),
('239', '02W2'),
('24W', 'BPN'),
('24Y', '4Q9MXEHG'),
('25', 'JU'),
('255O7', '4365'),
('26', 'L54'),
('26HZ', '5DWT'),
('2757', '78C'),
('2761', 'ZK6U84Z6'),
('27V', '72'),
('284', '9URYFWK'),
('28NU832Y5B', '9CU6V'),
('28U3', 'GTT2'),
('299', 'S2O1S02LN3'),
('29923', '662MT'),
('29EM', '91W6M801X'),
('2AFKZ', '0X'),
('2AKR', '49W9'),
('2C6S0J', 'Z'),
('2CEN72J', 'T9'),
('2D', 'ZAB'),
('2DZ25OPEO', '6DK22DW0DLS'),
('2E0T5', '045MS83'),
('2E5716Q0GD', '6O7958VU'),
('2FS3UD', '4BOEWM42CF4Z'),
('2G', 'CIFD64R5H'),
('2HKHSH66', '5R'),
('2IY0', 'P1RZUF'),
('2J1', '26'),
('2J5', 'JOVPJ81'),
('2KT', 'N934D30E'),
('2L2256HG6', '2Z4'),
('2LP2O', 'B534'),
('2M', 'U463'),
('2M4', '35YF'),
('2M7OLR94', 'L9J74JTQ'),
('2NG9N', '33'),
('2P', '9G'),
('2P95', 'Y3'),
('2PU69', 'B1'),
('2T7', 'QX3623'),
('2TQ5S', '49MNZ'),
('2U376', 'UGR3A1A2442J98I6'),
('2ZX3', '100DX'),
('3', 'HE6438'),
('30', 'E51'),
('30HP9KN094', 'O1'),
('314NN', 'K976T1'),
('31BX5TZYJ0', '1FS69'),
('31S', 'PS'),
('32', '97'),
('325Q', '2NENN'),
('33', '3J'),
('334C', 'R889N'),
('347P0NX1', '682DX'),
('3542', '5BNKP85'),
('355', 'YD4'),
('35QCVY2', 'S0'),
('35XW', '7V'),
('36', '7O20D3H169'),
('3607S', '1P5'),
('365', '1S9I5W'),
('3752', 'T'),
('37B', '498'),
('38', 'TI9'),
('389012NA23', '6R2'),
('39', '6V'),
('3922RR0194', 'U'),
('3C22W5', 'CQ5X'),
('3CI', 'P9SQ9'),
('3D2X', '13L90B3'),
('3G06', '85'),
('3H', '114I'),
('3HYW250', 'D'),
('3I', '55094'),
('3I6', 'NXO6'),
('3I8', '95'),
('3J', 'F9Y1KU2048Z2U08'),
('3J5O3K2T86', 'LZJ'),
('3JBOV6', '036ZI2N2U2788D'),
('3ME8', 'M1A5'),
('3N', '404'),
('3NP', 'W84P'),
('3O', 'DC0XF22U7'),
('3O3L28Q', 'M'),
('3T', 'K353EP4'),
('3TXL6', '0EF03T'),
('3U', 'A565'),
('3U590', 'KF'),
('3UM', 'UO3'),
('3V2P', 'EU25MIJJ'),
('3X06H', '5DYX7X'),
('3X4T6', '9R'),
('3YH32G0', '3YU2V'),
('3ZE7W129N', '59U'),
('4', 'KE6J0Z5474'),
('40', '70'),
('402', 'XR6XR92X790'),
('41', '6F2'),
('4178GL6', '023'),
('4210C7', 'LNV'),
('42G564SKDC', '9XYMGF'),
('430V', '6DC28'),
('43P20WY', '5O'),
('44', '7576M'),
('44WF', '04O85GF'),
('45', '836'),
('45L7', '562'),
('46D6', 'Y8D6'),
('47', '7IZF2SHBKZ'),
('473KI', '2AO'),
('47OG', 'E84U'),
('48KHVEV', 'I9'),
('48TXV758W', 'N5C6BC'),
('490', 'M62'),
('491', 'V64'),
('493TD', 'Q52V43X25DK'),
('4C8', '3M4'),
('4E4', '7WEE0X'),
('4F0QKBG5', '3F'),
('4FQ', '3W'),
('4FU8098I86', '73R'),
('4G8', 'KB'),
('4H', 'F'),
('4HCT', 'XD832'),
('4I', '3IU'),
('4I8J3', '7BD'),
('4K', 'GU'),
('4L', '9BDSB1NH'),
('4NQQ55PJ3', '933091R7EQ1LC'),
('4O', '6UT2'),
('4OI', '6OW3Y'),
('4PX0', 'D619KVE3LM'),
('4Q4118', '7G04YS'),
('4Q9', '2E5X'),
('4R1', '2L'),
('4R812W3', '8F09Q66'),
('4T747S', '4Y'),
('4U', '4'),
('4Y', 'AZ622'),
('4Z', 'F45'),
('4Z230X', '9E5M1Q72F'),
('5', 'NFYU'),
('50', '8399'),
('5162', '629Y2HS'),
('52472649WO', '65CH7'),
('543B9JD4L8', 'XT4'),
('54PU351FQ', '2V32'),
('550', '42'),
('55QN2221OC', '2HT4067O9U'),
('56', '2KO90'),
('5631', '83'),
('578LYOCJD', '2C3'),
('57H', 'O3M6U43C9K'),
('5B', '5D5'),
('5C37PGJ8T6', 'BO1D'),
('5D', 'D471'),
('5D7Q45EX42', '5964'),
('5F03187RUR', 'ID6D7BZ08'),
('5H', '0L9'),
('5HTL', '2H7'),
('5I841G4H5', '03X'),
('5IU', '37DD'),
('5J015', 'N4HHUH'),
('5J10U', '60488DQF8MQD184W5439'),
('5K86IP171', 'B69'),
('5KP', '4E0'),
('5N', '45RO891350LPK7Y7WUPW'),
('5O5R5CJ', 'WN44'),
('5PGU', '01M9'),
('5PM8', 'L6674O'),
('5S6', 'Z8214RTYO'),
('5SZT4', 'Y75GD247'),
('5W0', 'G'),
('5W7', '5H'),
('5WJDY', 'M0044R03FX'),
('5X8', '49YUT2ANY4'),
('5XV', '16A38N4'),
('6', '03Y7EUF4F1'),
('602', '7G9QN61Y3P23U34'),
('606', '9X6909Y'),
('6077', '57'),
('61', '0Q59037TG8Q'),
('62', 'H12Q3'),
('62F', '675ZE3C50HPIHM'),
('62RPM1UX1R', '9O'),
('62W70OE3', 'G3OTU8N'),
('631PM9FL6', 'WD'),
('6418', 'ZJV7J6C'),
('65D', '45X'),
('65VI20', 'O02B5B8S'),
('666AC', '4U'),
('66SVD2I', 'WZEYKN'),
('66X', '9S'),
('67V', '1UM0'),
('69', '77B7RR'),
('692O8', '271U'),
('6C', '8FSF'),
('6D', 'WX'),
('6D11LK2', 'YTM'),
('6D4AR53J8X', '5I6'),
('6E', 'J8R48O776R45M3W'),
('6EHJVK2SS4', '640P'),
('6H', 'UCVC'),
('6H5', '19V2K914IQ7E'),
('6I7', 'W20'),
('6IU9YYQB', 'G3MY5E7'),
('6LP', '12PXC'),
('6N5O1J7', '2V4'),
('6NI326LDC', '01'),
('6NO', 'OQ'),
('6P', '0N0CSZ'),
('6P57T3', '08BP2M'),
('6P68', 'RQM9IK'),
('6P9', 'R5'),
('6RE8', '1Z59'),
('6RE9', 'GI0'),
('6S7CDF745', 'U0'),
('6TAC', '604'),
('6W22Q7CC', '5MALZ'),
('6X', 'S2K59'),
('6Y76', 'LVDJ5P'),
('6Z', 'KJL3R'),
('7', '9212W'),
('70', '54'),
('704GE', '1X0D9X'),
('70Y4W3', '0H'),
('71C', '49'),
('71D', 'J27OM'),
('72', '59I'),
('736K1MWG49', '9EF'),
('74', '2JW'),
('7459', 'BTRB0T387G'),
('74921G34G1', '7M70ZJ060Z180V6'),
('74N3', 'Q8XQC2K079WG53'),
('7543RT21NX', '10'),
('75D59', '05616H86N'),
('75H5D', 'BG083'),
('76', 'LN'),
('76168', 'TP445Z'),
('76H6Y5', '36'),
('77R', '6LAO3UM8664'),
('78B', 'RZ'),
('78B515T35Y', 'BB'),
('7B', '06'),
('7C', '42Q25BH'),
('7C1GPQU5HY', 'RX'),
('7CX', '6W2F092B0W'),
('7E', '6K8'),
('7F', '7W'),
('7FQCE322O4', '92B684Z65SI89'),
('7G96', 'ZD7U7'),
('7H848', '921Y2'),
('7IG381', '3K3J1SKV4'),
('7ITCKP1Y93', '0WP551'),
('7J', 'BI'),
('7K', 'A51K15LH7'),
('7KWXB', 'Y1C308'),
('7L', '7F9S'),
('7M', '526'),
('7MGG', 'V2Y888C4739'),
('7P2ZKEV', '695'),
('7Q', '3J022BN'),
('7R', 'GXERW5'),
('7S6FT', 'N4'),
('7U', 'GJU67'),
('7V1K', 'AS285JRX'),
('7W', 'NL0K083511'),
('7WL', '37N791H35X8L'),
('7WX', '002N'),
('7XL', '7T'),
('7Y', '442YVO441'),
('7Z', 'NUV'),
('7ZJZO', 'EEV'),
('8', '3U4283'),
('80SO0J866X', 'BS'),
('80ZD', '69CS8'),
('818Y', '90S02R78P6'),
('81AOUB7Z0K', '3A28F'),
('82NVD2', '3VR'),
('82OZF', '170'),
('83', 'F49'),
('83B', '2539O9OF6'),
('83CL', '18SL3'),
('83F99', 'H497'),
('84', 'E2S'),
('8445MV4S3', 'E2GTA1917'),
('84NDI4I', 'L3'),
('85HMFK', 'H35554'),
('86', 'Y9K'),
('86369B', '7'),
('8639KQDC', 'Y7G3Y'),
('863Q6', '4488M'),
('87', '7P688CH87'),
('873E', '0B'),
('879', 'FPF52'),
('87L9', '1L'),
('88', 'O92S'),
('8911F3PMGD', 'C'),
('89WW', '6SFI1'),
('8A1J', '65A28Q'),
('8A8L4L36', '4MW'),
('8B', '5LC87'),
('8B3Q', '88D'),
('8C', 'HJ8'),
('8CL85', '1R59LD'),
('8CVD', 'S94AHGB'),
('8F', 'C3J3'),
('8FB5Q71G', 'P02NT7WOD'),
('8FW84I', '00'),
('8G', 'BB448MT'),
('8IW8', 'QQ'),
('8J', '3334H1T8M42'),
('8K', 'N8'),
('8K6836', '6QXL2SGM'),
('8K9J8QWI1', '9TP51'),
('8Q262HPQP', '721V8G042W319'),
('8QL', '399B'),
('8R', 'P4B5'),
('8S99', 'F5M89O1GTR04'),
('8TVIS', '4B7'),
('8W5AQ', 'GTF80171Q35'),
('8X0', 'R'),
('8Y', 'MQC5'),
('8Y0X', '3J9FA'),
('9', 'VFSIB'),
('9001K8BIS6', '78W59O8B8HB20'),
('905', 'L44W'),
('90851', '257O'),
('90P667P', '55BP'),
('91', 'V2C4'),
('91A411MIO8', '19SL96'),
('91F9G', 'T824'),
('922UZ2I2', 'KI'),
('92Z5G622C', 'XY'),
('931E', '96'),
('936808S5', '2M'),
('93VQ9904S7', 'TQGPJ593'),
('94', '161D'),
('95', '5BZ7N'),
('950', 'HI568J5'),
('96', 'V0'),
('96CQ4A0E1M', '818'),
('972PR41', '2Z6'),
('97G4OI1', '5Y8'),
('97H59N', '70B37B8ZG0H'),
('97LZ7P07', '9OH98'),
('97NC1VT', 'U4'),
('9882', '4QF6K1FB0O3ZAZ4U1'),
('98QMX5', 'IH08'),
('98YHQX07K7', '55931K5'),
('991', 'UH7'),
('99BD04A0', '8983V'),
('99DJ15', 'X534'),
('99F1K8', '777907Y0'),
('99J0XK84LK', '7A'),
('9C48D1B99E', 'RDA8T5QLO63BB6'),
('9ET19', 'O3'),
('9H0TB2J', 'M84I'),
('9H4C5AR', 'F3D7'),
('9HKXJ', '33S795'),
('9IJU7', 'N96'),
('9M', '1972'),
('9N1F4BAL3L', '06D3'),
('9Q2O7', 'E5L0ZFAE'),
('9R', '1OWFBE'),
('9RA', 'U1H'),
('9RJ87', 'W08'),
('9ROR', '0P7NKY5PM'),
('9U', 'E5U2P'),
('9V', 'Y'),
('9Y5H86', 'X'),
('9YY0C42', '08U043F'),
('9Z6BL98', '4T5'),
('A', 'NZ6A'),
('A0', 'YDN'),
('A0W11UI76Y', '0M'),
('A3W8X2', 'S3DJI'),
('A47O', 'K4T'),
('A7', 'V4'),
('A9BIN', 'C0'),
('AM1', 'NI6J3W'),
('AOR9', 'B'),
('ARG', '7L44'),
('ATF453A9', 'A74A'),
('AW70', '4F5BD0'),
('AX096A', 'N8JD'),
('B', 'FQ'),
('B04Z32', 'K0'),
('B1CWB2', 'R0'),
('B3', '6K2'),
('B3PNS', '858RB2I7TCR9Q9'),
('B5', 'RI'),
('B5G', '3EPJJ'),
('B5R0', 'W9W3512'),
('B6', 'C130'),
('B676', '6641'),
('B7N', 'UA'),
('B928', 'SV'),
('B987J', 'P0N9775T6G545VC43F02'),
('B9JF', 'R3N'),
('BA323P781X', '8'),
('BE', 'HM36'),
('BF', '03P3'),
('BKT', '3956'),
('BRWA2QY97', '699Z0'),
('BT356', 'JKI'),
('BUCI1Y1', '93'),
('BZT2', 'NE5631'),
('C', 'S8EO9CS728P1A1'),
('C0', 'OQ8'),
('C1', '389ZAD'),
('C16W', 'ELVXV659'),
('C4F1DA3L7', 'L5WV'),
('C7', 'ETA9O'),
('C79HY4LZ03', 'P6'),
('C7S8', '2X'),
('C88', '5M80ZN'),
('C8Z', '21'),
('CH', '80'),
('CIFZU9', 'SB'),
('CN', 'FI85'),
('CN9', '1Y76N37OF7'),
('CV8I', '50WC'),
('CX', '2'),
('CY771C', 'M60MPT3'),
('D', 'MBU985'),
('D3UB', '4N'),
('D5', 'EL8525565'),
('D6K6F', 'VR9'),
('D972', '0H6'),
('DAK', 'K14'),
('DE', '25M3R'),
('DJF', 'L0G97DV391UZ16'),
('DKT0BGKA', '9N'),
('DL1', 'F5'),
('DM4', '786GR'),
('DRLZ', 'Z5'),
('E', 'CY9'),
('E06', 'W93LRK8OFC'),
('E0D', 'F04K'),
('E2', '37E'),
('E2D', 'DPB'),
('E5', 'TP4V'),
('E6', '1Y05E9'),
('E6J', '6QZER41O4423T'),
('E7', 'O'),
('E7I', '9OLV0A'),
('EAACXBTP5K', '3N'),
('EB', 'E77VZ'),
('ED48K', '43R'),
('EETKE', 'E60'),
('EI', 'T556'),
('EIV731', '56U3K37Q02K6'),
('EK', '5C6'),
('EM39O', '8KA9P5HQ1'),
('ESS', '4C6'),
('EX98J9', 'ND6'),
('EZ4K8Q', '2F'),
('F', 'QJZ'),
('F15', '0A79183BFIS'),
('F187', '7XLMFWU'),
('F37EQ962WG', '55'),
('F438Y', '2Q'),
('F596', '116'),
('F61', 'HG5'),
('F68', '4G'),
('F8', 'Y31H3'),
('F9V66AX', '5'),
('FI', 'PV'),
('FQ1', 'FP0U41H1XE'),
('FR', '77H0AG76'),
('FRX14', 'S'),
('FV16F', '7EO'),
('FX6', 'HN2'),
('FZ8N', '8J'),
('G', 'O0PT'),
('G069F', 'I687YSG'),
('G1', 'LRGU'),
('G1F077', '8ET3FG'),
('G4358', '9II5'),
('G5', '05M'),
('G6', '17SI'),
('G6J', 'ILK'),
('G7', '1U8'),
('G9A266R6B7', 'QA9UM76D'),
('GEEM9U9', '04'),
('GER7', '06QH4OZ'),
('GEWG', 'TSL'),
('GG6NL7E25Z', '3X2W'),
('GIZ', '4WCT25B'),
('GLU38WK', '7I70NIM'),
('GN14', '18MN4'),
('GO', '7F2'),
('GS', '8R'),
('GUR5325H80', '7D'),
('GZZ', '6O3D3O2K'),
('H', '9'),
('H10T', 'AF'),
('H14L750R87', '34996GAOM'),
('H36', '9YRA63D'),
('H3C', '2ZJMI'),
('H5GO2P1B', '3NE5736UGUK4EYU627W8'),
('H7I2K1RC8', 'GD'),
('H7NY6', 'Z0'),
('HACA2', 'RU'),
('HBY1AS3IGA', '26O63OEE'),
('HDF', 'P2'),
('HFK585PS', 'Q1'),
('HG0A', '4Z'),
('HJTM', '13W'),
('HL', 'R7'),
('HL61D', 'N6'),
('HM9', 'W563'),
('HQM', '6P'),
('HS', 'ZO0YNI'),
('HZ', '0382ZG'),
('HZHT', 'T5U'),
('I', '11'),
('I2', 'H2175629QE4KRXK'),
('I28T064CW5', 'X6S841'),
('I2CXBJ5JT3', 'NN'),
('I32FXR6G', 'W2'),
('I3GO', '3N12'),
('I4J1YE', 'PRA94H198'),
('I5D72CZ48', 'K00SPF7Q9'),
('I6N', '72P'),
('IA22', '8J6DM91P'),
('IBTM2', '6B8'),
('IJ3M5', 'H92'),
('IJFE', 'GKO'),
('INF', 'U66ZE2CP2'),
('IO7M2650K9', 'Z3'),
('IQ', 'IGV3'),
('IR39', '0P6'),
('IRZOU1X3P', 'K0P'),
('IS', 'G7UG0S'),
('IUI', 'XODX51R98'),
('IW', 'BHVOS05DX4'),
('J', 'W8'),
('J0', 'ZD'),
('J509', '64'),
('J7', '02Q4'),
('J74538673V', 'Z798'),
('J7N3I', 'CRU0V'),
('J82', '75R'),
('J9X', '99'),
('JCZ8TMV', 'Q14'),
('JE', '6WB6IMY999U70BY6'),
('JI12W4', '5W6'),
('JL', 'W'),
('JL67NL6K', '4Z9'),
('JLX1', 'AX'),
('JNC6B', '65'),
('JNP', 'A'),
('JV1', '91L5C9682XC'),
('JVV', 'F27'),
('K', '2SN'),
('K104D', '6A7'),
('K2', '6G'),
('K4OKD', 'TW5'),
('K54BM5', 'GZX85OGMD431S9J29L03'),
('K753', 'WW9X'),
('K82566NS0C', '3R63890D41H1RA720UT3'),
('K8OZ', '6G910'),
('K9C', 'W5'),
('KA', '1OVUA169AIP4697'),
('KBK7D1DFL0', '5C6R298'),
('KHH8D0V', 'O8GT'),
('KI76', 'DTI'),
('KLT', '638'),
('KOB9', 'BNX'),
('KT', '07156'),
('KT00TQ781M', 'UCM9G'),
('KYR4', 'QW8'),
('L', 'QKN04KK'),
('L1GZC1', 'I37U'),
('L30P6', '9L'),
('L5', '0530N4'),
('L5CAF', '64H'),
('L6Q', 'QXAI'),
('L72', '8K'),
('L7UW12', 'O2G0W'),
('L8ZP', '91'),
('L97T4', 'MW5TK77C467A2L'),
('L9G050', 'T68432O'),
('LC', '6W56'),
('LD03', '75T'),
('LFMV', '12GR217'),
('LIP4GQNIX', '3Y'),
('LK5I52', '43X'),
('LR9J', 'R2563'),
('LROEP', '216Y6X'),
('LU03VA8', '0L'),
('M', '0A8195'),
('M0', 'KJ'),
('M27', '4Q5'),
('M35C0', 'Q8H'),
('M4490JWAU', '73TD'),
('M7IY50U', '2Z67AF'),
('M8', 'C49Q4'),
('M8U5', '4U8E0'),
('M9J', 'Q9ZL3'),
('MA0', '2C'),
('MC5AQTL8Q9', 'P3TU'),
('ME', 'T49I'),
('MF', 'IZ65AI'),
('MIN81', 'Q134F7249MP70'),
('MT2', 'X02K1K'),
('MT99D6SC4X', '6H'),
('MWHGBWL', '0YAH291LX'),
('MY6UU', '17D'),
('N', '43E'),
('N1', 'Y1IW'),
('N1R', 'A5OP10X'),
('N1XN', 'E8AE'),
('N2', '7JJLU'),
('N3', 'I3JJ'),
('N31XK0', 'OZ2E'),
('N3LX', 'P5B'),
('N61I', '0Z'),
('N83681CXK0', 'E'),
('NB5', 'UP7W'),
('NF5JZ', '4865'),
('NG60G12', 'V19106B043G32X'),
('NOE', 'BM0912IZ3P'),
('NP', 'QE3I1F8'),
('NT', '03'),
('NT6Z926', '7B2'),
('O', '0T7XY29U5076'),
('O0', '06983'),
('O1E84ABIH6', 'MH'),
('O1N04R', '14R9'),
('O22', 'WJ00RP341257'),
('O3', '1UB'),
('O3B6R03', 'D2ABL'),
('O49V2046', 'K2'),
('O6', '9HZ51'),
('O9', '2F2'),
('O99N', '4E'),
('O9HFF45EW1', '4BO817'),
('OA', 'M40DJ'),
('OC', 'Q0BI98'),
('OEI6N', 'XF436'),
('OG', '05'),
('OHBL2', '19B38'),
('OP', 'RGRY'),
('OU', '8A'),
('OU9Q17', 'TZK257NWI'),
('OVG', '566H7'),
('OW1T2D4S', '24T5GDG49X'),
('OXZA', '49W97I41'),
('P', '3'),
('P0', 'DQNBB3BBK3G6'),
('P09', 'S6'),
('P1', '776'),
('P179', '89I'),
('P7U3K4', 'NVW'),
('P81469', '4M7C'),
('PGM4', '161'),
('PGRT8', 'RD'),
('PH18SDZ0N2', '02'),
('PI', '83WJW4'),
('PL111INIA9', 'LCU'),
('PXV6U79U99', 'EG'),
('PZ7', 'CC'),
('Q', '3H19'),
('Q1', '29ENS'),
('Q18Y8FFM', '5IV52WWQ8DX'),
('Q2', '1V'),
('Q3', '72YD8K0D'),
('Q39', 'E7'),
('Q6', 'IVP67NX5OV'),
('Q6ZTHMQTV', '2D516QOH'),
('Q7', 'N3O'),
('Q8', 'XF2'),
('Q9', 'PE'),
('Q94OCD', 'UU359X58H'),
('QC', '4D'),
('QHM', '63H0BB'),
('QI7', '87KOK1MMTB'),
('QK', 'OX'),
('QL', '2A3'),
('QN453418', 'F19'),
('QR', '4KY3'),
('QT1', 'HOS'),
('QVWM85', 'K6VY'),
('QWEQT6', '015XV'),
('QWGZ83Z7', '62W'),
('QY2', '4Z14'),
('R', 'LM'),
('R0', 'P817F67'),
('R1G7495BCO', '724'),
('R2X0', 'V00US98M'),
('R3', '0GVC'),
('R4', '41'),
('R52', '24JM1V68'),
('R53QJ72V', 'L4S8PV4'),
('R9EY3', 'IJ'),
('RFC10', 'O3D'),
('RJ', '59'),
('RK', 'NOB30'),
('RK41UF', '6750'),
('RL', '82'),
('RO0', 'G2Q'),
('RQQ418D', 'ON'),
('RQX', 'F173'),
('RW6', 'K8264388IWX'),
('RW6G', 'WI'),
('S', '9FGK1'),
('S01P', '19W'),
('S08', 'K5PE2'),
('S1', 'VH'),
('S1EP', 'VQY'),
('S1G', 'M9'),
('S1I', '19'),
('S1Q6Y16K', 'BN8N4'),
('S2XV', '290'),
('S3O0IH2U', '35'),
('S5', 'IR'),
('S5ND', '6W'),
('S5YR327', '58P'),
('S5ZOYQU5QY', '09RN8J57ED'),
('S6', 'X4E'),
('S67CQ', 'S613O'),
('S7L65P', 'K'),
('SB6P', 'SX21IO74'),
('SD5', 'H0J7'),
('SF8QVK', 'R2D'),
('SHO2', '47'),
('SK8Q9', 'YHKHLWXY1XAR6B'),
('SK9877H', '3446'),
('SN', 'H7'),
('T', '09G3O71R'),
('T0', 'VE'),
('T175B', '9KB81'),
('T1M', '50F'),
('T3', '862803HZ'),
('T4J17W1', '1'),
('T5B', 'P8PC'),
('T7', 'VA4NX'),
('T7BO2FF3O', 'S7X6958GBN501T'),
('T87W7', '63'),
('T9M', 'O8G'),
('TBAG', '9O9X'),
('TBP8Q4M', '1R9'),
('TC7', 'B3'),
('TF453I8', '758N8Y'),
('TF8P20', 'GVW09RM8W63'),
('TH02L527', '40PK3G7'),
('TJ', '92'),
('TM', '74'),
('TN', '70X'),
('TS', 'XT'),
('TV', 'NB0EX5EC4Q2D'),
('TVRTUR7I37', '3IK63WEF37A'),
('TY71', '1880Z48918'),
('TZ', 'GO6'),
('U', '8T'),
('U0', 'I8'),
('U0G', '5V'),
('U0V2221', 'DDPTP'),
('U25Y', '2R'),
('U6', 'D576D'),
('U6T', '0S9O25TO'),
('U7C', '30'),
('U7D90', 'LL8T1C'),
('U80', 'I6'),
('U9', 'L'),
('U91Z', '0D'),
('UB2U', '515E11'),
('UEJ26EZ', '3P8'),
('UF', 'H5'),
('UFS', 'SLC1C'),
('UJ56187Q', '6D3V'),
('UKM', 'QXT'),
('UKNBJ6V0Z', 'OF'),
('UQ', '6J6Z1'),
('URFRRA1', 'CY0'),
('UW', '9267'),
('UZQSY3', '58V6'),
('V', 'I'),
('V0', '17'),
('V18I6', 'NH149'),
('V22OWP8N97', 'L7'),
('V40', '6835'),
('V7Z9N', '8V9G66'),
('V8', 'UP'),
('VC5', 'AE'),
('VD', '2NCX4NWP6'),
('VJLG6M', '852U'),
('VLQOG9LW', '005U'),
('VSE', '3356'),
('VV0', 'Z9P'),
('VWJ291', '4H05K89W21QUB'),
('VZ8A5', 'T8'),
('W', '967327RP1'),
('W2L9O', '5P'),
('W3', 'N5B6GTX'),
('W39T1A', 'Q3'),
('W48', '91EWD18'),
('W4V', '6573854W9FCH'),
('W5', '99M'),
('W51SL1YV', '0RJGOL8L75KK'),
('W7', 'D5H56P'),
('W9EB', 'RZ8E'),
('WD', 'UQ'),
('WFL0', '3149'),
('WK', 'E6000'),
('WKBZN5', '7O6'),
('WL', '34S8GZ1'),
('WLAP', '3V1212XR'),
('WLG0UI35D1', 'P4Y5'),
('WN', '2J'),
('WVA95', '9F1'),
('WZ', 'C65333J5'),
('WZF7V', 'FZMG4P6'),
('X', '6'),
('X08810665X', 'W6S6K'),
('X1', 'IRM9Q8'),
('X34633', '4034X5UU'),
('X3RD', '74CY'),
('X5', '34O'),
('X542LN', '15X1'),
('X6', 'Q6L'),
('X77', '70EXF'),
('X79H3FM', 'F5C'),
('X9Z', '2661ML'),
('XAB', '2OD76II'),
('XGL15ZQ9', '56OJ8O2068'),
('XH52', 'Y485L0'),
('XLT', '151'),
('XPE9OS', '2DN2Q8'),
('XQ', '6OZ6'),
('XR965P', 'KO'),
('XS0YC2', '5Y'),
('XUZ657S021', 'L7KWVC63'),
('XYQBJO8', '8ST'),
('Y', 'GS8G6X'),
('Y0', '2EX33P3'),
('Y0CMOND9S', 'MGE3Z6K'),
('Y1', '7F4'),
('Y1X', 'Z3LK853U'),
('Y24', '51'),
('Y3', 'M2'),
('Y4', 'HQ70'),
('Y44', 'A4'),
('Y6', 'AM'),
('Y6UV', '2GI4'),
('Y7CGZ3708', '80G7'),
('Y7IZL', 'OK18Y'),
('Y806', 'O9G80'),
('YA', 'Q'),
('YC', '9482'),
('YELF3RAMY5', 'ZY'),
('YG9S', '8P'),
('YH3U25', '2A1'),
('YL', 'JS'),
('YL32', '4B14X'),
('YL8N8U', '60Z179O0'),
('YLX218L', 'LT'),
('YMN6U2NZIZ', '9X'),
('YNU', '15Y0Q'),
('YO', '2DW'),
('YQP748ZEAR', 'N'),
('YVW', '416232JY8L54V'),
('YY', '7F'),
('YZ', 'HEKS'),
('Z', '0K0L6CW536'),
('Z0UY6', 'UMB2D626T'),
('Z2T86E', '24XQR'),
('Z2Z532C15D', 'LNV3U9'),
('Z4', '9D4SXZF'),
('Z4J90E', '2KNHX42GB1'),
('Z5BV2C33SB', '2VN'),
('Z7MRT25234', 'K9'),
('Z8B5K3A', 'K6'),
('Z9', 'O378F8QR7TIQ2'),
('Z90H0A3', 'WF8BB14M5CRV6'),
('Z9E', 'KD77Q'),
('Z9SY627WP3', '289Z'),
('ZALTM85TML', 'Z7T'),
('ZB42L73', 'VT'),
('ZBZ', 'GQ55IW'),
('ZEJYFL', '52'),
('ZI46', '27S0'),
('ZLDCW379V4', '79'),
('ZN', 'R6HU3G4'),
('ZP', 'C6'),
('ZPFZK10C51', '1I8JP4KQ1U'),
('ZV30', 'OD853'),
('ZZ8WZ3L45W', 'Z9Z');

-- 
-- Dumping data for table productos
--
INSERT INTO productos VALUES
('0', 'U2', 'Cabceiventor', -10, 'PA', 'P3D'),
('00', 'M', 'Readlififier', -1606821416, '7L190I2T52DKB50H89', '1YS'),
('00110MKG2', 'D', 'Readpickridge', -2303, 'I1UZ', 'VM5'),
('002938ZJ', 'F1', 'Retinator', -2049324517, '44TDF2', '78'),
('00P', 'TRR6942', 'Speaknionra', -653060273, 'MSY60MS6J', '5JA5'),
('02', '462LO', 'Transceivor', -991627925, 'A2WGN14G2SMZ5Y324V6573S', '29'),
('027EB5', '9L', 'Transculimor', -972350428, 'Q0W981Q8C8HE54A1', '5P'),
('02L9S45', 'L9XPI', 'Monoculor', -1469191056, 'OWK0822I57CHWW8O5Y61', 'OA'),
('03', 'EK0', 'Tabtaphone', -1557379256, '0429C659F14S785V49J24X38', '63BQ'),
('031166', '5', 'Cartcyclscope', 32, '1DWK49UYX8876AJNI3SCMYL8', '20'),
('038', 'ETM6217', 'Supholdimphone', -724409571, '71D5DFLHV80T37XXAB4P09CHR21Z6P202LVI', '9668YQ2C77'),
('041A8JMA0', '7T', 'Tabtinscope', -1394217892, '2B1Z287V156FIAN226L0K69Z', 'WB131'),
('05', 'LS8441', 'Proputra', 0, 'Y499JA87IAVO9M24BP4P1CPQ0D2Q2NM7WB0F4J8D13300P8W45', 'XIR'),
('05HM6', '14OS', 'Readtecter', -1037131928, '14H6SUN7QXKR', '5S7'),
('05U65', 'RL', 'Cleanjectupentor', -416849339, 'NA4N9951X5U1C528Y', 'YGQH'),
('05X51V', '1', 'Speakpickommar', -1588073393, '02A0N4JG3N6', '30575'),
('0656OU', 'TR4N8', 'Tebandexentor', -902100681, '500OJZ74JH7S5B68D7414WR474J85TX9', 'NIL1'),
('0690985X00', '083QSA', 'Profindar', 3, 'YC51H94OR7HVGPQ43', 'P646Q05'),
('07', '9A', 'Ancordra', -768151660, '1M9VP729N', '322C1'),
('0740', '4LM4U1FS5V', 'Transplottupra', -21, 'DF0N5116A6XDAX', 'NA44AY'),
('07B3X', 'TY', 'Cleanjectridge', 3916, 'ZO5R6RU49P219SW015N078WW17T78I878822NRS3G7F094GO6T', '35367VM4'),
('07NFDEO5', '21VI7U', 'Micwoofar', -1762152536, '34O78R85OVNCGV5', '0L'),
('085', '6Y6', 'Printlifira', -1798436505, '01QEUWUZMGS', '5FP937'),
('09', 'J8E8Q', 'Armtiner', -860860128, 'QBZA6R', '9G'),
('09J8', '5R', 'Readcyclopry', -1479474365, 'F5R25P', '0L2794XYIX'),
('09XDKJ5132', 'G7', 'Teceivollentor', -1937796520, 'PZNVIEWWB49N3DGSP5I5NF1421G61DU1P56Z95R0S8N9WX81P7', '622N'),
('0A', '6V', 'Tabtinridge', -784322366, 'RA', 'F6'),
('0A3', 'FP4G00W', 'Tweettopeder', 3, '4WT1S2UGMW5593H6FI1N75C4T4SA2VX9E49N1EVVB93ZO42PQ8', 'VIME'),
('0AW61W63', '0', 'Antoper', -1318725753, '93V5F7E4KVOLIMC2IBXI6EL4', '9L76'),
('0B', 'KT1P41ZVQ35', 'Cartcordgaer', -1144606781, '8Y4QX722YSL2J97', '9H'),
('0BCM26', '45OL5', 'Armlifiphone', -863460247, '1157JKLQ1GGJAT1R564I3V1JGMFT6S8Y4AK00', 'TR1VV'),
('0C', 'T2T', 'Transfindfiscope', -8176959, '8D87', '473TRNJ5V'),
('0C550', 'Y2', 'Anjectplscope', -6, '9RC5A2ZKQWMMRMC', 'EWB'),
('0D93K4', '5', 'Subholdewator', -1233831846, 'T3S0F36BTWUVVZ0EK4B4685546J7M7C0F3MLH18B4G14FOR4M1', '6E4J63S7JZ'),
('0E', 'CH04Z3L', 'Ampcordupscope', 1581, 'N16W', 'XIR'),
('0EBRF8', 'QZXT', 'Playtiner', -911963427, 'HDL8N5B4P2FP32J', '50BP73YJ'),
('0EXJ', 'AC', 'Tabpickentor', -923958531, '40VDQI44RE6CIXWHEAX', '7N'),
('0F2S2661WJ', '5', 'Printniuper', 48, '27T3HROL48T489W6R527G8ZV039QS0TD9E41XW4GW2KSZG6K0Y', 'A254'),
('0F8P', 'O', 'Playtininer', -80, '4N20I0U', '3CRZ7X'),
('0F8TS', '1TVO2', 'Playtectedridge', -1521617521, '22P', '159Q'),
('0G', 'R2P3F', 'Comlifiphone', -11864823, 'R9USFX9VH63H73GSHTR50', 'M15'),
('0H5', 'BV', 'Suplery', -940861670, '7Q4W0', '4I'),
('0HB2HOPNF6', '9Z1', 'Tweetmutentor', -1702551113, '101351H1AL7VI3C0U6D17PL1WL3904G5PZAT2WE', '9T30M'),
('0HZ9H2W526', '4', 'Mictinader', -8642212, '16K1', '316W4'),
('0I6R2', 'E', 'Bifindry', -40, 'BDC3H8F50OVCVP332N20M48Y9988', 'WC'),
('0IH7YI6W46', 'PL', 'Cabjecter', -813497188, '57TE80C6ZL9LFGTNZDP', '9196YF'),
('0K', '4', 'Telicter', -969, '4', '316W4'),
('0K1A636O', 'T4', 'Transplottar', -149612445, 'B8', '4'),
('0KO', '2', 'Comlifiar', -151, '6U6X8RXXU', 'SVA'),
('0M', '3P28PP20AL455K1', 'Tenira', -72836129, '4OA5', 'GL'),
('0M3P72', '95AE3', 'Anputerentor', -1300936085, 'B427J', 'X0I'),
('0ML', '7282', 'Printtaon', -556422305, 'KJV63AI64L8B4T0OB05S', 'SZ6JO'),
('0OL', 'QV', 'Retectgara', -9, '75UDR0I99XG59306PH9E8IF256AGUZS13Z0XF1LXINR96ERE0M', '227'),
('0PE1GV', 'LV', 'Suptecticlet', -1916278892, 'U7G0R8F58RZ3YBXZ3JD26H8B6FSTU', '8IUF9R'),
('0PJ', '5J5F', 'Reniplor', -1879518477, '79FL8UE958OH11', 'M8W460'),
('0Q7', '3', 'Tweetfindentor', -10997481, '679865TY55TL94XCHY9VLAKF8478HS5B3F4L3AG3N4SV4R17WM', 'JPJ'),
('0Q8', 'T3UCQO', 'Proholdonscope', -8, 'Y6YEQRCOEV1X4Z4N47G0', 'W5CS'),
('0QD7', '3B9', 'Comtingaphone', -2037403590, '2798', '8QH'),
('0T6WZ', '2', 'Stereopickor', -4493772, 'A719R', 'QA'),
('0U', '007N1580', 'Refindor', -349116554, 'P057VT7JZJX035214HZ72MO8V6Y0WL61F6B15831I4HZ203E0N', 'NG34628C'),
('0UKZZ8R4', 'N8E', 'Charceivon', -289430762, '3QFZ25429DKZ9', '04J'),
('0V6MSUG9SM', '270', 'Monomuter', -1297204480, '4QR3F1LIVI81BQ8GF2EY2S6YFRML83Y83QH', '2AX32B9288'),
('0WV37NO457', 'K4', 'Speakmuterer', -42973950, 'R3Y3A1ZE140L90MGH2', '2AX32B9288'),
('0X', 'DY5R321H202', 'Tweetceiver', 7, 'J6H9D9I', '1D6'),
('0Z', '3', 'Repickexphone', -1524072803, '88SOC466B5RL1A', 'G2'),
('1', '1Z877SI8P3', 'Cleancesser', -1167375384, 'G018YJG', '33HF9'),
('11', 'F16', 'Cleancordicor', -241353181, '0U85S44EN8', 'Z1'),
('11OIYG1', 'K', 'Retectadator', -2114008003, '4L7R6V714CSP4B7778WH1G00KE0UPHODD4WL', '41T5R'),
('11QE', '8U', 'Monotinexor', 4, 'Z0YBEMQYNVP4SNVHOT7JBJ44', '6183X5D'),
('11Y19L6', '3Y4', 'Cartcyclator', -338433458, '792454N1', 'G2'),
('12', '2B', 'Concordadry', -929141900, '0GGFLIBW6Z37', '7R407'),
('1229A', 'A', 'Playbandinry', -482252153, 'U377L5', '99P'),
('1298913', 'L9', 'Teniridge', -615227009, '1WOZ49R1ZZOR3402OUFK3VZX2L2904J47R4D5J3', '2Y4'),
('12AQW33X2', 'D', 'Amplifiar', -319949233, '58P4596258L864', 'S2G88X'),
('12B71R', '22D8', 'Moncesslet', -1787474583, '9Z13F6HXI9G4PCR289E', 'QBO'),
('12O5', '2ITZVY505O281', 'Charfindlet', -300484712, '5I5KQPEHU1904A43M', '049'),
('12S8V7T', '1', 'Suptectedgry', -1485228488, '4J', 'XR6'),
('13', '1', 'Monotinepry', -714165811, 'K6Q60LXG32G9', '5M'),
('13N', '04', 'Tabbandator', -575862274, '264N597OTYQ', 'XIR'),
('14', 'J9032GMKC6M9Z7', 'Teceivry', -916253663, 'L', '1V05SY5'),
('14MN', 'YHZ4', 'Suptaefon', -9, 'L6332ZV2425ZTS', '83PKM1R3'),
('14YZ', 'S2', 'Playcycler', -913258165, 'P4414YLPKB1DF99U68K4J261CR55661190T', 'ET4300'),
('15', '32', 'Retinlet', -471281035, '7', 'KS0Y'),
('151V96', 'XH1617349MLT61Y', 'Tweetwoofpler', -1392209594, 'ZSC440DL4OYU16O9S5384924JBD258ZFOSJ', '50BP73YJ'),
('15X', '1A', 'Subtopentor', -85, '3E450ODK', 'DZ38'),
('16MT918', '9', 'Speakputedator', -1392945212, '1C69', 'F9D'),
('17F', '6', 'Comtinor', -589835265, '6UYR810X', 'W88'),
('19', 'T', 'Cartbandentor', -7568, 'AS85JOW', 'I006COVCN7'),
('195', '4DE', 'Cartmutentor', -961155929, 'L', 'UW'),
('19UW4JAFN', 'XR', 'Miccesser', -506477751, 'G631607I5IG2S4FF26MTM5V', '5CJ'),
('1A', 'I', 'Reputer', -296, 'H5S87', '6C'),
('1AC', '722C7FIO0', 'Procycler', -452199695, 'DL2452', '24416'),
('1AL', '8PN5', 'Prowoofer', -2005512904, 'A2F7FZ5O9PB0I8JCM3', 'G1XX5'),
('1D', '7L2G5FOA', 'Transbander', -7, 'W6ZIYW', 'KO'),
('1E70', 'W', 'Montiner', -1152462983, 'JBB2VO9VT747672UF9BE2AFVPDO8A345C20PCQ71D57R72UW5C', '9196YF'),
('1F', '35B8', 'Tabfindupra', 7, '77', 'H7OSS4'),
('1G41K', 'F7LG8', 'Comlictopor', 3984, 'E2E0R5939LF95', '6PC'),
('1I7', 'UU', 'Playleer', -648226860, '6H3PJD252LL395KQ85377', '8N5'),
('1J4CC50ST9', 'B', 'Reholdlet', -1228134161, '9C4M03', 'M5'),
('1J7', 'F', 'Cleanculader', -1907361414, '6P5LV5B751G5PI2K97JH75K75OSU04AB247S96S', 'FT'),
('1J8F', 'S', 'Monocessar', -237547927, 'H5OK14S62U', '88CQ96UWX9'),
('1L5WX', 'M028S8', 'Tabtopridge', -2012239135, 'A3M64E0ZX4921B0T40676601Z74J5', '02X9'),
('1M3', '7', 'Armniar', -286, '75N62Z6', '4H6M829'),
('1MEVAF8', '85', 'Tetiner', -370600543, 'JJ', 'N5L'),
('1N', '58', 'Subpickon', -607474455, '420MF0SLE1I01K0580AI8L8T9Y7779', 'S04FR'),
('1N7', '18', 'Conpickefer', -1940712447, '93CDG60S884CXU7V15W36EM0', 'Z28'),
('1P', 'G15A', 'Cabtinor', -1946231253, 'H3237RJO4K464HSUC3C28', '06F'),
('1QSV34XD2', 'OKBUB59XDK81OJ', 'Charjector', 2, 'KV', 'O7X'),
('1R9O0657', '9I5287626VS', 'Anlifiar', 1015, '1Y0GPY195Q1HYC260RX6', 'TO'),
('1ST5', 'O5', 'Bitecter', -1278753832, '8MMN7RLVYB01XP0CNJ', '49F'),
('1U', 'B', 'Combandoner', -435240235, 'O1P', 'O5'),
('1V', '4R0AU', 'Speakbandscope', 733, 'J58T71F044KZPS2N026RC913YMP46', '476Y14H7GK'),
('1X8', 'T', 'Amptectentor', -1620810600, 'Y0GZPNGOM39TF87', 'F7'),
('1Y', 'K5', 'Procycllet', -534356242, 'M7RHVM7410454H772TG8004Y', '24'),
('1Z', 'K', 'Monocordscope', -971163653, '0Y6XM0MQSQ3N5EC9', '6PC'),
('1ZF5P0', '4', 'Ampfindimridge', -811481718, 'CY666K', 'ZLU8F0VCL2'),
('2', 'AU', 'Transtopommer', -796267193, 'Q11814R0G7GY47I9', 'R'),
('20', '1Q9', 'Stereowoofollra', -27411909, '0IHW16WX31B73R9DXF93', 'YJM74462LS'),
('21', 'P', 'Miclicter', -2092271480, '37E6K394JRE9WXZXB380OM84F', '479'),
('21R2', '7', 'Cleantaerer', -1782727028, 'DE886IB', '027'),
('226HNXF', '6', 'Cleancyclar', -1928973981, 'T4594NZ1E3MJ4', '99'),
('2273', '0M', 'Playpicker', -714244547, '7C70', 'JMI8TA8J4'),
('2295T99X', 'X', 'Contectonra', 21, 'E6HB', '884'),
('23', 'A7DHX5EJ', 'Comtinra', -337, '6SCU4YUEG51UP0CQ1F4U0JGKW8OCD654F0J8I', 'E1YX65'),
('232201V8U6', 'J', 'Carttecter', -2014752044, '2413AL', 'MT'),
('23T344Y53Q', '9O', 'Cartbandor', -446, 'O8A419736S92GJK6S74O714C332', '9E'),
('2459X', 'GE3TW', 'Anleor', 3, 'NO9V56RONVTM4BMD0VY2658UB9', '55'),
('24SK', '863', 'Stereoputphone', -519137210, 'Z0216DSBZ6I', 'D3725202FP'),
('25', 'DPRZ9OA9QVATLS', 'Tabtinlet', -1303759285, '47', 'D2'),
('262G9555', '7', 'Cleantoper', -7, 'FSD44F7M9891U8', 'M0GKF'),
('2694', 'KI', 'Submutra', -456588987, '2D0EX', 'BVEQN5'),
('279IGQ', 'H', 'Cabfindscope', -1341696874, 'H8YK6E566D83AEU0H', 'S5ZJ'),
('27VW', '0', 'Subplottanridge', -1256008717, '1ER83L5733EQ', 'E0Y19'),
('2876', '0DX', 'Tablictupra', -1857736164, '039747P6W907G', '4Y28T4'),
('2C0177834', 'ID', 'Cartputupon', 436, '5R30FB0LMR8A5R59196BL0ES682SD1QOCC9H5P1N89B2', '0M'),
('2D2Y', '73', 'Telictommlet', -1205935194, 'Z', '2AIEP4'),
('2F22XD', '5697', 'Printtinimar', -719774037, '32B84L0P14U4R6D', '3SI6'),
('2FGFQ305PD', 'Q4', 'Cleanjectoller', -1678393350, '7ZC1', 'X2E'),
('2IOWO51', '1', 'Biputerridge', -1723175154, 'K6UM2P4ZO27GC8U3XH43789H', '3HLK1'),
('2J', '7', 'Tecordar', -1433011978, 'QE', '4G5'),
('2J9EI5O731', 'ZZ', 'Tweetplottexra', -982002375, '00UR66QNA', '82LV6P'),
('2JN0', '21N', 'Comtinletry', -310457275, '6Z5V25Y2KOH6Q98J8KL7L167Y1K5L', 'FG'),
('2JW', '1', 'Playtinedgra', 635, '1R893GF7778D3A8VKSI72', 'BT'),
('2K39', 'V', 'Reculridge', -4, 'CIM09F1', 'EQ'),
('2KAQJ8PH2Z', 'V5T8ZZ', 'Tetinollon', -1289874962, '46GHY206RP964O1ZDEM4684YEIYG65337', 'Z'),
('2L', 'Z', 'Subcesser', -1450981060, 'MB7', '4N5ND'),
('2R', 'L', 'Comcordedentor', -1385184394, 'RO', 'URXYH6E3S'),
('2RK', 'UN', 'Speaktectar', 0, 'U', '63'),
('2WYIYN8', 'G', 'Anholdator', -1999278853, 'SS652759ARZ', 'YH737'),
('2YSM54', '76U', 'Cartcordicator', -372, 'BC92H', '237XBTJZV7'),
('3', 'E', 'Supholdupator', -898806274, 'TKKF132167B4TVZG4T18XG7E3950TZPV6U', 'N'),
('30', 'C', 'Playfinder', -694296825, '371K66XMO2079JC3172AO', '1UJ'),
('30JE1P', 'D2F', 'Subjectscope', -912181456, '818S06D02L59', 'A1'),
('31', 'P', 'Armmuter', -3254, 'KR4EE1JI89AR5842U89268BND0VBYBN78I3I5', '5B'),
('318', '20832', 'Biplottor', 961, 'DWMZ', '2AX32B9288'),
('318IUC', '37A', 'Amptoper', -1828421109, 'IN', 'KG'),
('31YLTI5', 'Q9L5', 'Printputscope', -1697850159, 'INGH', 'NL4'),
('32', '5OC', 'Conceivewridge', -1476251692, 'DUU0B5V83OAI7PHZP7K92BHZ452', '953WH'),
('324', 'H6', 'Tweettopar', -34118280, 'E297W3U', 'Z1'),
('33', 'I4QG38W991', 'Suppicklet', -7, 'HU18595108TLK259VQFVW3I44U92J9IQ', 'J9H6QE4L'),
('33MC6F3N', 'XA3T', 'Charbandedridge', 32, '90DQ6VXD', '87'),
('33X', '4Z', 'Cleantiner', -713, 'XK9UZ73KK5CN69Y07AR0L8425D6C', 'MJP4'),
('34UNZIC', '9', 'Comcordon', -792, 'S2QND96RMA4W', '99P'),
('351U', '71IOO', 'Conculicentor', -1087073439, 'Q16XTIQ58', '7A'),
('357NLE7', '4M', 'Tableon', -1919900577, '6', 'A4R20D'),
('363', '2P94L', 'Subholdedger', -228005330, '6O414932XBQ', '82A816'),
('36ALFV3', '5M7C78', 'Printcycler', 92, '1V1MT0FLX0F0467X8UM41GCC1', '349W'),
('36B1', '4', 'Cartbandgaer', -1190762704, 'IN2', '7CDGY'),
('37', 'LQ', 'Stereotinridge', -1530625102, '4UY00', '838'),
('38', '3QHSK79NMTKBS', 'Transteller', -2047984146, 'TSC773Q05545K38A3550', '482'),
('385YG6YK0Z', 'Y', 'Cleanlictlet', -879389207, '7CE7NDE2WAY46HTHMK8', 'A4'),
('39', 'Y9', 'Monolififiar', 4, '8702', 'I6O4586F'),
('3973', 'G9', 'Speakfindator', -168545255, '1Y6Z24N668CRR52RW663SM1Q', 'NI'),
('39S', '6', 'Stereojectoner', 776, 'A81Y9Q527RJ4U18H47CRD0S35TC438', 'W3'),
('3A2A', '1VB7T8L18D', 'Tabmutfilet', -2077090969, 'E5NUU2M4240KXO9TN6B570XNY8S2P99UW', 'X2E'),
('3A3XC', '931186', 'Comcyclry', -238778562, 'L68', '557A68'),
('3AX537PJC', 'UE69PJE2RHWNYM2', 'Miccordaquentor', -759594466, '2S348QA3362EF96W7668IQMATE14AEHXKW3CQ2S7L47AO0ZS8S', '847'),
('3B0591', '43D', 'Cabjecter', -1316369190, '0VZ220419', '25L60'),
('3C', 'Z', 'Comcordedger', -214833149, '0', '8U87MRIA4'),
('3C3', '73', 'Cleancesser', -3, 'GUPE3PU1Q', 'QX'),
('3E', 'O3D0R', 'Tabjecticor', -1194212160, '87HF', 'UHM'),
('3EN6ZA', 'L0', 'Readbander', -954943033, '9W0Y8E8', '36DFAEV'),
('3F', '7', 'Speaktector', -1437302043, '9D7', '5D'),
('3G', 'C', 'Armtellphone', 349, 'D78I48BYB0VHIEL94JY9P1M83VZGE47G6M0S20C66', 'P65X'),
('3GT', '5', 'Carttaphone', 887, '7TSYKDXL726P1V96667EPJ6JLK69', 'O088K'),
('3HXZ1E9', 'O9', 'Charlictedra', -1803564603, '4CB3064C15195MZ', '396'),
('3J', '2S2C532W', 'Comlictepridge', -1365646594, 'XJ3Y6COL816X8575R5247O4ZPY740F', 'GE'),
('3K', '5', 'Tabcordridge', -1237649063, 'XO505R5K', 'FP90'),
('3KUED', 'YLV38', 'Playceivleton', -1636543208, 'QJO3RX556CO511B0LI7446O0PU00994QKCKXJPL6HGMQ38B', '58T'),
('3KZ9', 'C', 'Cleantara', -1382346827, '87G24Y5Q58BM', 'G4G27H5JQ'),
('3M0Q', '8116418', 'Readholdator', -611603329, 'QGTF2', 'G0PPX'),
('3N', '2YKD697V87529SK', 'Stereotinry', -1652024919, 'O4TSY1H985', 'T8'),
('3O', '4', 'Comcessentor', -4080, '12', 'C3P'),
('3OML', 'P7XVNGSA30043', 'Stereowoofor', -593703227, 'T360BO52515L04576UU4F64SGJ0Z3KA1FYW2512Q9A5H09160G', '3L5'),
('3P9T', '1', 'Armtelledgry', -6765, '4961N1QI5493', '159Q'),
('3Q9', 'I87', 'Comnier', -1202061684, 'X3J', 'V5'),
('3R00', '9535', 'Cartputinentor', 1, 'G0T32', 'W5CS'),
('3S31G9TCXK', 'T62', 'Tweettinon', -8786, '7E5FG5', '847'),
('3W', 'IUJS', 'Playbandor', -419197203, 'VF76K', '1243W'),
('3W6X', '8272', 'Miccessra', -27, 'EG9C4LM1', '7MSZ'),
('3YS20J68YB', 'W', 'Micbandefer', -1836731105, 'L4IYY', 'AN2'),
('4', '0G46B', 'Printplottexridge', -1005528098, '10H', 'Z95W8'),
('4085', 'K403F', 'Readpickry', -674655420, 'JZJ9RP61K6B9TG2F74G71DH631GM9L82GZPQ3Y2G279', '829'),
('40T', 'C', 'Chartopator', -424161177, 'XT2Y7PJ2S7LI5UJ769Y48', '3G2'),
('411', '6D2', 'Supculommor', -1629257651, 'ZZRI7TG9DTGR4', '7I9M78I'),
('41CSXA29U', '0', 'Cartfindonor', -856006628, '5Z659KNR8Y', '1D05'),
('41G', '3UFI', 'Charcordlet', 19, 'Q31DHKYRLR9773EEW69937CSX', '22753A1I'),
('427Z', '3', 'Tabtellollor', -1328283561, '1C60AV', 'VM5'),
('429S', '0', 'Bicordridge', -1758149598, '3JAIMG8S3U0K700H5I', 'G4T8'),
('42K50H', 'M742M', 'Recordeper', -1341337318, 'TE', '482'),
('44', '3BL', 'Comtinentor', -1914270259, 'MA9L72E7X00OT22HIS0SO148D7T', 'K8V83'),
('44P0L', '2HG85C', 'Tabtaedgphone', -657429605, 'F2C9Y87NDLMQ196A', '95PU8FXX'),
('45R92A', 'XD0', 'Speakcessicer', -1546113446, '03V29IIOYDD03T5GKOX5R1EA0VIIMU', 'X12FM'),
('466100', 'O4TRN', 'Miccyclplridge', -5, 'YDD0LC8JKIJN12', 'G4M78JY'),
('46L23S', '35UF', 'Readholdommlet', -326784411, 'MY5KYD80AZ5YR1W5K17H4TN30JO2AZ', '5B'),
('471', 'EK19E19', 'Protinedgon', 3012, 'WCW2HICERB1Q0F9J9D8X5', '95PU8FXX'),
('473', '69', 'Cabtector', 856, '13L3AGLY57J121358', '86I2F'),
('48', '2', 'Armculgaridge', -2004693318, '2CKTB3787N0DUH89', 'W2G9WS7S5'),
('48N4B6', '0', 'Micpickupar', -1329304558, '0R74EAW42KKD95WOT3L1Y1534Y20PBHONS91ICWF4042E575RM', 'D3725202FP'),
('4915LZ', 'K1O19979', 'Antascope', -2033142321, 'K355P06268499RV9', 'OA'),
('49H9T', 'TDC', 'Monocular', -9, '6AX9L', '4A'),
('49JXTKITK2', 'T1', 'Printfindscope', -1842032745, 'XJ8QD002EK770', '18'),
('4A4H', 'H4', 'Retecter', 87, '28403CH2RA71P6H97E090Y44UNL6ESFS8EK5HZ7J4D', '7UZ2D2O'),
('4AMLU459', 'QV1H2VLR', 'Cabwoofor', -837160667, '02961GO51OG47U34NR890M8FNWC046Q719R5CX2B8', 'I80MCGPT'),
('4AQI', 'G92LH6', 'Printcyclor', -1032744783, '6TX4', '227'),
('4B4', 'M', 'Ampcesser', -4, '65CQZX07TF79', 'SVA'),
('4D', 'H0A34905OV6A821', 'Probandefar', -1352470513, 'D139006B1717905TEDZI5E984S89E', '838'),
('4E8WI', 'RH', 'Readjectentor', -1726769805, '0G13V', 'MJP4'),
('4G', 'C', 'Monoplotton', -741691894, '84', 'T2S'),
('4I', 'POB3IW', 'Carttinonphone', -28, 'T42L60BG3G6F0HM8J5A22Y9S971XW9KIU9W85FMFLWK5Q4', 'IY'),
('4J', '87', 'Comtiner', -382, 'Y8J1FWC36I6Z1578R1VONE1UP4', '049'),
('4J1L', '5F', 'Armtectar', -2024708252, '617W67Z3UG', 'VF94479U'),
('4JNIH', 'AGXE9E', 'Monotaphone', -635181470, 'AZTAH3CC3S07146137MVS', 'VM50Q'),
('4M6', '3979742I', 'Cabcycledar', -1088130823, '7YTDIV3S1CSFOB79I4W3Y9D94699B8139II25P73I402H4A59H', '23U2I0'),
('4NQGM7Z50H', 'ZQ', 'Concyclinra', -872523464, '849', '5CJ'),
('4Q', '8AW344SCL8', 'Cleantectewor', -67, 'C83YN9693K7G', '83D'),
('4Q9J', 'J', 'Tabpickentor', -1742669809, '22J4', '9668YQ2C77'),
('4S232U4', '30FU443LZ4013', 'Subceivator', -620359665, '693JHRK3OXV7H068RU8RDBOLOWK51D104R46P', '99'),
('4T', '3Z', 'Tewoofommon', -1962844395, 'I', 'EX8XU48HSA'),
('4U5A052TP4', '5Q5', 'Submuter', -1324764531, '0K1', '1B0XO60'),
('4V', '3U8', 'Monjectanry', 1298, 'AA4CZG24QC23D4144QEBUUS6Y2SVEN2A0G135P0354VK7VOVO6', '7131E'),
('4WE', '69N', 'Tabceiver', -1709251563, 'U3LGO407R19R8RY7PP48EP2QN13N012F65P36A0I600Q', 'NI'),
('5', '75', 'Supmutentor', -1411442624, 'D1FM8VVB1EV285', 'VB'),
('50', '627', 'Tweetniphone', -60761811, 'KCF963SUM8MXP8EH9V8C4', '7D'),
('5043DF6V', '719', 'Miccordoper', -486348, '9V8J86K48IFU6F', '60U'),
('50B8B1DM', '5B2G', 'Probandgaer', -366627093, '695B4908RF3WVYL', 'X7S'),
('50Z01M290W', 'K', 'Stereonier', 159, 'C', 'KF7LK'),
('511', '40', 'Cabtara', -1838699178, '9QUZR00', '7YX6'),
('515L', '7', 'Bicyclor', -2090, 'E5Y7GEDC31MQ17B9CQ19P3WE530XZ05HT7646GYW34RJD699Y', '9J'),
('51Y', '2546P6Q8U150M4G', 'Contaridge', -2014401281, '1ZQ8SKHP430', 'HZ9'),
('52', '1Q5', 'Playceivar', -1523218488, 'VENZ', 'BAK65'),
('520Z', 'WNO', 'Tabtinra', -266437948, 'BZ6QC2T', '838'),
('521', '3B', 'Tabniridge', -671028217, '45AII2HSZHHJI', 'GM0'),
('52TZ94CK', 'Z7', 'Readwoofentor', -46, '7P1JE6Y', '171K6Q5'),
('53', 'N', 'Readtectaqura', 7789, '277W97F5JN06Q6VO1Q4Y7T39FT52C9G360YY69PFO6R59R', '1Z65P9'),
('5310', 'OMR', 'Conjectadator', -591039068, '9', '105LK991G'),
('53E', '8WKLGDO27', 'Rebander', -856705112, 'X980202', 'R4'),
('54T3LMZIP8', '99', 'Armtinicscope', -91131867, 'TH52XR9Z21485VORS0RHD1', '6C'),
('555ZS21F5', 'F49GJ', 'Printculentor', -29, 'OQT6GPT', '9M7P'),
('55I00T', 'P', 'Readfindinscope', -1309937172, '1B63U5IAQD1E4X7MM', 'VZT19B2'),
('56', 'MB', 'Sublictgaar', -1952707898, 'A1ZA67642DAE7FP9VQVG8GE129', '924'),
('564088', '99J0', 'Printplotter', -588823515, 'Z4', '06'),
('56E', 'TF', 'Moncyclommer', -698302100, 'L5M7W64W8G880PZF86MNI70BNRPZG5128Z31XF', 'LL19NNB'),
('5774N', 'I', 'Tweetbandanra', -1484477110, 'PDBIST7PZ7MTSM7ZU87THZSUOY69221E73ZK0GWD2Q4N3Y91G4', 'X5QK0HD'),
('57GP9', 'I', 'Tweetmutopentor', -2146719335, 'VM9AVISCY01H1Y6J95V9G63', '25'),
('58Q', '56A', 'Stereoholdridge', -283745785, 'Z', '3J945E1'),
('59', 'XC1', 'Cabholdra', -842852014, 'IB7MU0E73O0R88VT4EUNWGY8HIZJNX6IC5', 'M466'),
('5A5X', '68C0ZI', 'Tabfindfiator', -731624262, 'R76A0UFAW132987V', '83D'),
('5D', 'RJ2', 'Retiner', -1908932554, 'Z7A8PS', 'CT'),
('5D6', '6I3JK4E', 'Tablifierer', -185141937, '775', '04J'),
('5FIKFC', 'T', 'Stereotectgary', -1647233795, 'REINY9JGZH2', '5U'),
('5FOV', '7K0C2L', 'Chartectscope', -2086416775, '3VUV', '04J'),
('5G36', 'T', 'Printjectader', -1548756846, '6U566', '6V'),
('5GBT5M5U3P', 'B', 'Amplicteron', -1737774216, 'LH7YV45Q9MF', 'J88'),
('5H', '0TH78T2170T2GKL', 'Playleador', -534472527, 'K774QX997D053F5PSL', 'A9'),
('5I', '3', 'Tweetwoofry', -1688963080, '47GY6Y46LZDJ4S909', '6DS'),
('5K', '02UQ7', 'Conholdor', -4292, 'G5YU0M23Q9WS80L3N8N6N02K005T104KR43P568G7FNU31X513', '5NB1172'),
('5K04JTH18', '8C2K', 'Bibandadscope', -290604169, '7V1HRRT15', '9H538'),
('5KYA', '0', 'Tweetceivplor', -9, '47493L974S33', 'P3D'),
('5L75', 'Y', 'Armwoofopridge', -1408962782, '5AR4E218ZL', 'M15'),
('5MB', '469', 'Stereoplottolllet', -1003839924, 'I80BU', '98'),
('5NL', 'P', 'Conholdra', -998872589, 'E32E', 'I2M91W31VI'),
('5QY7', 'K', 'Tweetceiveron', -329918434, '25ZYZQ3984WRX94H26P352C54426N35', '5I67K'),
('5RFGT', 'K80VQ', 'Moncorder', -601, '877', '6909P'),
('5S', '9AM6K', 'Playwoofimer', -1034369307, 'XY2874M9G4GR3', '749'),
('5S0E8BSV', '1R8W2R', 'Monoculra', -1382990579, '5W', '1E'),
('5TL5', '8A5ICN5C', 'Stereocesser', -976519205, 'R47L7', 'C'),
('5UWHIA', 'I26702TPLU', 'Playceivedgentor', -242593645, 'V74QQ2995I663Z1T0FPFK61C1', 'S04FR'),
('5UY3UL04', 'RWFU882', 'Combandepentor', -607663024, '81M1VTT36B', 'EIZ'),
('5W0Z2', 'L8', 'Montinicor', -421482807, 'RMLRQ589VQPY4S29ZMCZUA9H992PX1CWSP', '2ZD7'),
('5W3', '54', 'Suplifiicry', 67, 'YIDL4TSW5EH1462G', 'WA0'),
('5X', 'S', 'Protinphone', -42572064, '04P50', 'FS'),
('5X6', 'W', 'Bicesser', -3701, '3', 'VT7J'),
('5XU', 'RS', 'Monotinewphone', -1195495116, '89E4R', 'U7W'),
('5YS', 'I', 'Transputer', -8, 'AY4G303059G00NZ1RU', 'Y93MIT9161'),
('5Z', 'VD', 'Tableimer', -1413634113, 'PVL1295', 'W7'),
('6', 'MM', 'Chartinpler', -1911341426, '6X7LA9YEUP', 'EIZ'),
('60', 'T9', 'Reputon', -196034128, 'Q37MU108U0R4EMH1C1Y6JELST0ID0925C', 'X0I'),
('603P7O9YTE', 'B9', 'Amppickentor', -941581813, 'LWWG21IS28U97S0W09980OU59W16XN9833CZ', 'HB'),
('606AKB', '0D162', 'Comleerer', 780, 'P8V2735MVF67F', 'YH737'),
('61', 'SHO', 'Tabceivefry', -155399213, '2KKF', '21Z242J'),
('62', 'Z78', 'Protininer', -934883413, 'X19U7YNE2G6HQ9071531CTA77N509HWHSGGA3NV3N48B672F88', '2AX32B9288'),
('62Q5PP', '1', 'Charcordgaon', -5, '6D3AHJKD3A4UDF4H014E04N2PH9G1EYV01', 'S80'),
('63', '3', 'Cleanjectonridge', 8011, '2158T86BSW8', '30575'),
('630YV', 'Y', 'Tabcessplator', 627, '579T76M', 'YJL'),
('63X5NQ', 'A7Z', 'Subcordridge', -1, 'O68YVQSU', 'FS'),
('63X7J61M', 'UU4', 'Tabtoper', 0, '9CWAVYS5', '36'),
('6409', '8PB', 'Tabholdefphone', -829, '02YELMJB06J4LVV94JE2PB3573', '0X'),
('647DBCKT0C', 'AJS9', 'Tweettinaquer', -2075905583, '2OB98U2F4RJ3SK2DT7OXS8JPGKM0L0K', 'UHM'),
('6544U5J', 'SYJ9C54PG', 'Repickfier', 338, 'Y45I1AFO24865HOH14HCN77AYTCZ364U', 'R7B0X5B'),
('65AV', 'SYHD', 'Amptopor', 64, '166S25010HDWBGKS269WW68P6996GCRNK8SQ96779QLWASH426', '3OV79W'),
('65ZHN', 'HHOY', 'Temutletator', -1052223828, 'TG7', 'R7B0X5B'),
('66', '0WG', 'Biholdridge', -2048695826, 'N9CZ', 'A'),
('660B60ML2R', 'O', 'Ampcordentor', 23, 'TP5865822K8AO2SYPMYEH155N4843242P2MP5RWC1E7K1641X2', 'QX'),
('67', '67', 'Stereoleuper', -1262172035, '4D38V84586PC0518G3', 'J88'),
('670', '64UHH', 'Subwoofscope', 6, 'V', '7I9M78I'),
('6706EW', '7', 'Ampleor', 96, '0H5O81I', '8Z6'),
('677V', 'L', 'Ampcordator', -343487386, '5XY0Z4Y1VU3PTY7AGOEIL97', '1A'),
('68', '82D', 'Renifiridge', -861092033, '808673QN9D', 'R5'),
('69', '7W', 'Protinry', 63, 'Q6D0075POGCN49FC4U5LTXTIY6YK6GZB4Y5XJXS54O3B1A1613', 'SHB9T46A43'),
('69IZ712', '3', 'Subtopator', -941, '7O9D21S9L5SA2Y4CTDET7C2H9UQ67BRM5Q', '56'),
('6A1', 'A2UZY', 'Micplottra', -1623110130, '1VBV636', '2'),
('6ATF', 'E2T48', 'Reholdra', -1064814954, '8', '6183X5D'),
('6B8', '5', 'Recordopentor', -454422181, '6BF0', '6P0'),
('6CT5C', 'RE', 'Mictiner', 390, '60C7HB0WTBA8X59', '0PKUDA'),
('6CT5VK', '9BPEG0', 'Comceiver', -1433373756, '0J5285', '3HLK1'),
('6DY2LAW9XN', 'O', 'Rewoofepentor', 1, 'Y', '2M7F'),
('6F2C9', 'Y', 'Amptaon', -1410923561, '5708K6B554MZ7262WKPSGZY', '473TRNJ5V'),
('6G175P', '6L4', 'Binier', 0, 'R', 'K7XQJ0'),
('6G4H', '8', 'Subholdlet', -264531013, 'LSSUF3FU593J28F531RHF8891F95993FD25ED63F9CS', 'YUIDI'),
('6H5Z20XK14', 'M', 'Commutor', 7554, '9F015NZ', 'D'),
('6H9LED00', '956Q134', 'Playputedgphone', -1695887898, 'Y745EU8Z94CB4UX83Z0AEE39TVW20D626AVL', 'Q4L'),
('6I', 'NJ9', 'Mictaator', -1503104406, '0BP3LHG', '0L2794XYIX'),
('6J5N', '2CXVX16W39', 'Comniexon', -9, 'EEE', 'M1K0'),
('6K', '13RS', 'Readtinommlet', -1664694766, 'XI3T9YXHUVI3SNI4O3E9JF0YS85O', '3J945E1'),
('6K017', 'G', 'Cleancordommry', -353641691, '4Z5L8U3', 'VF94479U'),
('6KG', 'W57M16', 'Tecessentor', -244, 'O08OD4Y81697Z6523R', 'NS9433'),
('6L6COGN', '8A6PS7', 'Speaktinommlet', -81811177, 'X9UBYEI9FJXD4G6FR121Q51HYTE1R3WLVL39828L9B66B7PYGK', 'V1R'),
('6O', 'GWX', 'Compickinridge', -1074454326, 'BV3M3GQ07568463RRSA4H74581734', '97PHBUAP47'),
('6R', '0', 'Ampholdar', -4, 'P4SOPBVY9S05', '9E7WW2NS7I'),
('6R8P1JA907', 'I', 'Speaktiner', -8, '1P8S6WR2Y8O62', '7131E'),
('6RZW', '0', 'Tabceivefor', -1593379828, 'EQ5XF06Y5EY0J6S40CRW9964M0FU', 'K1'),
('6W257X8B', 'Y', 'Monowoofinlet', -1569651240, '7KUC4X9', 'AC'),
('6X', '4', 'Tabtinentor', -832739880, 'MBH7W20MY38465M303A8C', 'IY'),
('6Z', 'O', 'Ampbandscope', -17, '016D5L03C96X9S58140UKH1PK1CE1F', '3SR8'),
('7', '9H8', 'Rejecter', 6336, '1W334A', 'O088K'),
('70', '12JSY1M8J70', 'Speakculupphone', -1770893306, '467555299M999S7G3', '8RS'),
('704', 'LT7S67GK6C3TT68', 'Tabbandry', -2108825750, '6EXA2TQZ788MS2146290B45Q', 'BC'),
('71H', '1NYY5IU', 'Tweetcordor', -81403512, '082OW086T2RE62I30JI45W22U7R48', '3J945E1'),
('71H07Y0QI3', 'B90', 'Tabcessepphone', -1656910335, 'YX44IWWP9X3R4RHSW4ZZFT905311IQB90Y4X6103X', 'I40'),
('71V1247W57', 'P', 'Monofinder', 68, '08Y5HG93861', 'AY4L7'),
('72', 'R', 'Cleantinefor', -2132008296, '6RY4', '63BQ'),
('722V', '3', 'Bitectanlet', -1058506689, 'LG0047QWJ5T7DZ168949N4W', 'T3'),
('7261', 'V', 'Conlifientor', -436880358, '75PX0DTKC0WI6', 'RS'),
('73', '0', 'Tabcycler', 75, 'ZNGPN81', 'Q'),
('7352', 'Z6', 'Teholdar', -1578114182, 'DSXJE64O86R07XL', '7N1KH7'),
('74', 'PS0VE059O', 'Tweettinlet', -955930, '2619T0U9PE06H145', '1S'),
('74B38', '9L3', 'Repickentor', 183, '403D', '5814'),
('751', '8K', 'Monoleadentor', -615681055, '4L8', 'KG'),
('761I', 'VY', 'Miccordphone', -7, '71V1K7F4V3V87V57216JM6UV6T94MZG3T', '56'),
('7621', '3', 'Transwoofentor', -8729, '5RN', 'I0'),
('76X9', '2', 'Chartopor', -1308959231, 'A101AUK96G327BZI471J4K2EJED5M8GXK72259', '12T'),
('7783P0', 'J28', 'Cabplotter', 8, 'KR1740M6SS16OZSHS', '5814'),
('77Y0', '5', 'Monlifion', -549117047, '772I0SY47N6317K8RHBA5Y9', '0B0F'),
('7837P971WZ', 'RK', 'Supculommscope', -78550478, '3O0AX5O48635T9G3B8PT08674872', 'YD'),
('787', 'M', 'Comjector', -529472624, '58VS3P335L724J13GFQH276M', 'Q8A'),
('78SW3N2', '42', 'Comtinicridge', -584884526, 'J8MZ', '3CRZ7X'),
('79', 'XR30WK9403', 'Cartjectra', -7, 'Y9LURE6P5LUZ4734F5C22XP33T', '66L6'),
('7933NAG88', 'Y03C', 'Comtecter', -73457835, 'RTZ6', '32'),
('795', 'U', 'Carttelllet', 11, '07A7OHS', 'FMEQ88876'),
('79A', 'VC', 'Speaktellonphone', -1408218094, '2', '9H'),
('79NW2C', 'W7', 'Reculra', -962862890, 'V', 'I8GQ9M'),
('79SZ2SU', '208', 'Transteller', -503269324, 'PR24CZNV7D8VI8LR0SL5RZ16XKHBJ9DD3S5HAL49E90QZ05', '0L'),
('7A2', 'O86LJS', 'Concyclollentor', -972589443, '46', '17'),
('7A4', '0SD', 'Proholder', -1738797600, 'V8K86B910K4S81762N273', '98IQN'),
('7BWSG6', '4K', 'Subcyclon', -856364910, '679C43SH1398Z200D255T0Y8IO05GHL', '8E2IL'),
('7CB', '0KEZOT0', 'Tabcessridge', -1158563924, 'N69I804', 'Y93MIT9161'),
('7COD', '5W', 'Commutommentor', -505368939, 'V40F35XL1010F09D8I911', 'MQ4'),
('7D', 'N', 'Transbandexentor', -590128659, '53291T9CX39170', 'GM0'),
('7F7K1L9T', '6', 'Concordon', -1975017325, '98W91X0CVDZD12DRZOV75Q5846U387O1EI', 'DP0'),
('7L3', 'H6', 'Prowoofonphone', -2, 'R65BU35339H9N32', 'BCJ0'),
('7M955U', 'RBCOZ', 'Cartlear', -1616727398, '3', 'OFSBX97D'),
('7N', '0G7', 'Tabculor', -1568926353, 'I885D4DJ71395O4336H115RJQ17', '0'),
('7NC50', 'WK', 'Cabcyclgaer', -96, 'LI1NP6DI9N3R2', 'YWB9O'),
('7O', 'K7', 'Tablictfilet', -260, '0787MEY', 'NA44AY'),
('7O3TJ2', '289', 'Tabholder', 5242, 'FD7670852L4LUU28143TQ4UDEV8BB3232W1C58EG3AYNN3W2K2', 'EIZ'),
('7P10I', '0', 'Playputer', -1217041727, '307U4J6R9128X', 'OD57'),
('7P48HZ5', 'N7', 'Tweetcordphone', -715256005, '4DA24WB8679B7PZPG', 'PC5U'),
('7PNE5JP', '2X2P', 'Ampholder', -1633088507, '3J7QRP508U2Y9S61737540Z3VI2HW5H9F6B98253T', 'UW'),
('7Q1', 'XG3', 'Speakpickridge', -501279560, 'X9XKZFN6F81LO', 'JI'),
('7RF2', 'ST', 'Ampplottexar', -119892077, 'QIL6F419453EVYU51', 'NG34628C'),
('7SU6J', 'R', 'Playtelllet', -285019488, '2HEA5DYY5HVEM4', '08J5Z'),
('7UY', '62W', 'Cabwoofexer', -1096757133, 'V52UKH1O1LIY1X7K076', 'H4'),
('7V', '0', 'Tweetwoofepar', -4, 'B6RZ0QC', '5B'),
('7VHU', 'E9', 'Playleridge', -1026860226, 'XME3FX1F58G4V2VN9OL', '88T5ZDH25'),
('7W', '5', 'Tabtopewphone', -707, 'YMO', 'MQMA'),
('7XJ7', 'R705', 'Reculfier', 8413, '07201446W9C3WZDL4', 'ZB1R'),
('7Y47K2RY23', '9', 'Tabceivscope', 5824, 'N4ZH27V07Y45AU7U7732VI09FW98OZ8', 'H6EMJ1T742'),
('7Y60', '2', 'Subleimar', -779580858, 'FLI909LRQ762O966G7890H38431CDB4GN7N2U', 'H6EMJ1T742'),
('7Y73', '0V6', 'Cleanpickador', 6228, 'ZL', 'L2EQXC22R6'),
('7YQY', '3U75F55', 'Subplottedgor', -1248162742, 'RZ8', 'N1JNB0879'),
('7Z63', '3', 'Tabfindanry', -1487112944, '6JIX1', 'OK69P'),
('7ZM5', '821C', 'Miclifior', -1359501947, 'Z', 'V3'),
('8', '3M', 'Suptectar', 574, '400N', '0U9M518'),
('8032244', 'D', 'Transfindinridge', -513351554, 'N90S', 'N5L'),
('816', '3', 'Proputor', -165070479, '8VR9411O511AB6Z9UV034DC6MY2479X257K7601IK2EEAJKJ99', '5VDK4RA'),
('826X', '125', 'Conlifiplor', -1348224898, 'NEZF79D866TIB52WV46694O63PO69JC586DID64XPGMH6V', 'AOW3'),
('8345OJTJ', '5A', 'Playcycledor', -1433954054, '6EWOZ85M9O0D8A17', '349W'),
('83693', '16', 'Speakplottplscope', -794695147, 'DI8GCRTZ2P64872S', 'BCJ0'),
('838V17GK', 'W2Q6', 'Stereocordanra', -1040575704, 'H', 'YWB9O'),
('84', 'J', 'Tabtopridge', -647756143, '7H0A4M5QD', 'GGC0Y'),
('84EZ9', 'V7', 'Playcordentor', -388731446, 'X9X9D6', '96'),
('84OHLS', '9FQHE', 'Supfindlet', -590097566, '08C0K9Y8DEVX9', '04RQV5'),
('853', 'FO7E', 'Conceivewer', 998, '3K0ZB1O035', 'V5'),
('856T', 'G0L', 'Suptinupor', -113756065, 'H97Q94PPB528XWJ4FBW5U85DO3Z', 'VM50Q'),
('859JZN', 'A', 'Speaktecticentor', -1592538397, 'L5O', '3SB9'),
('85I', '435WT45E6', 'Cabcorder', 5, 'OX5074192AR', '5G'),
('86', 'J9XENR40', 'Ampcordadra', 4271, '6O9A9Z1', '836'),
('86M4', 'WD', 'Translefier', -1413693907, '1XG8JHUBL6JCK8ADLO', 'MT'),
('8784R3RQ', '55L3P', 'Subtopaquer', 7, 'O6U9SOD30A74OV56TE7N8UVIIQV3M10SEE3W8A9GWUEBNNB0QQ', '3OV79W'),
('87H6', 'LG', 'Reputleter', 0, 'E2Z15', 'E32ZR0'),
('88', 'H4P', 'Tweetleentor', -1711852416, 'R65S55QM282MP73CN81W2OE31W05U822', '46O7'),
('885G', 'J', 'Armtaicon', -2082085291, 'BUYC2QA648388O025XY3JFE7N7E73S06A93QWK68QYY65W6744', 'N'),
('8875', 'K2', 'Bicessommscope', 0, '526BT33LM0U22X835E168', 'BCJ0'),
('89L0U', 'U', 'Repickry', -2115909065, 'A0CBS29BP224', 'SWFF5008M8'),
('8B08V222PF', '37L', 'Refindry', 8572, 'P1Q9A4TL1J48', 'Z1'),
('8B47A8G2', 'AI646N', 'Micmutphone', -1365803134, 'QU0Y0D7S7LSV9RF8U88', 'P8S'),
('8BH24GN1U6', 'Y6L', 'Playwoofinor', -2083341905, 'A50247XI9KF5K5Z78Z9Q7IQ4G41QBI6PY7206H82M', 'D8GTBRE9BL'),
('8BR0JP', '7P', 'Tabfindry', 2659, '07Q6NH2V0U2857JW5V', '34SIY7'),
('8DC', '0928A7V2', 'Comtellscope', -5091, 'OUD9R94XV7KFH074171K9', '2C'),
('8H', 'Y4G4Y1', 'Readplottator', 86, 'S1T621HT866', 'SF6'),
('8IC2Q', '94JBU1', 'Monwoofletra', -104448312, '26P759E', '2MR9M'),
('8IT18I5T', 'LM', 'Tweetfindanor', -24684180, '7ZKJ79UFB95HJC', '5FP937'),
('8J', '2F5', 'Tabculphone', -768753664, '4G74Q5G47883FQ10EL5277P53HY8Y3P10OK0E76B7HMF19D150', '9E7WW2NS7I'),
('8JZGG', 'MKZB4', 'Stereocessscope', -534344752, 'X1QG6092BY9S27C6GESJ6U', '5R4BRX1'),
('8KG2YAX', '88', 'Speakputadra', -61, '5S7E971FN50Q7755', 'PS'),
('8L', '4L', 'Cleanmutepphone', -2127410551, '12YCZ1303LC9116Z4OY049I', '2L'),
('8L0LY3C', 'NE7MG2I', 'Tabcorder', -9791, '372', '5Z39'),
('8L3', 'T919', 'Monceivupor', -703731474, 'VXKX5PF16D2X8969MGR', '5NB1172'),
('8LN83', '3', 'Comtopar', -806935513, 'PZ240YB', 'G8480'),
('8MOG3M', 'J3OCBU33S5', 'Micwoofscope', -894, 'O1S834HBJOBK', '6D'),
('8ND1HTUAV7', '0S8G', 'Suptinimor', -997267732, '3C2FO641Z179YRK0Q', '1Q'),
('8O478', '820Y', 'Cleanpicker', -1072262297, 'TQ84JDD09WD502FB401HX6UHKNE3667FVX4', 'GGR7ANV9'),
('8P4G3F5E', 'U', 'Transholdry', -868, '7SX2', 'H74R4379'),
('8S8L8L42Y', 'E', 'Charjectewator', -8, '178N7I23Z1', 'TJ3'),
('8TZ', 'W2', 'Carttellridge', -1717319911, '63BQNPR7719S2K8X7O', 'B5D0'),
('8X', '5', 'Comfindepridge', -2070263985, 'L0W0UWFQ6GXQXIB76', '9'),
('8YG4', '33', 'Transjectator', -1987742814, '1332Y868T00RNLV7A', 'I0'),
('8Z', 'HK', 'Amptopepra', -1606525591, '3EM0', '5M'),
('9', '9IPA1WHF157T6ZI', 'Cleanplottor', 35, 'KU305P75M2U732', 'G4T8'),
('908S4G3E', '4', 'Armjectridge', -176196819, 'VC2I9K29PR205G', 'YL05S'),
('909', 'Z5', 'Comtalet', -261, 'XZFDN7UR56IM6UKW99J7VOFKK39324H5E758FOHTQV5OLA0P', '8'),
('90S', '2Q4V7IYB', 'Biceiventor', -2078894633, 'EE2', 'DJ474'),
('91', 'V0501', 'Printcorderry', -746386149, 'F7', 'A1HD8Z79'),
('9122034', '8B', 'Cleanlifientor', -1956928251, '488T', '41'),
('9153', '3', 'Readfindra', 344, 'M3Z5IDDYJ74YR3T', 'K'),
('9185', '8', 'Submuterra', -1179069615, 'ZQ322ZK3', '04RQV5'),
('919W8', 'P5', 'Monoputimscope', -406575447, '2MJRZ51L08M2SKKP2148DABMV1931FVZF4L88UE9R1', '159Q'),
('926QO1OFD6', 'S', 'Transwoofinphone', -583078229, 'AYNY82E205', '2GQ'),
('927', '9E', 'Repickexer', 0, '6H80E6H9F199F6QNHWHTKGS6P8Y', '5V8'),
('92P', '82', 'Speaklifira', 206, 'C4OJAC3O', 'DJ474'),
('92WP5', 'X8F1JNO', 'Playleopon', -459661545, '95M540Y32EQ1', '4Y28T4'),
('93', 'K', 'Miccordor', -1541059539, '3206F0440066832805GW8', 'B6'),
('9370O30', '388', 'Tefindepator', -37383092, '0280X819K9GQ', 'GT2V'),
('93I', '77Z9KKK', 'Subwoofadlet', 8, '2BRRU3R0AP', '311XJ8'),
('94', '6T8', 'Ampleerphone', 37, '3U5S182EN1Z1W39ZH24S03N94FDZ83', '19V7'),
('946', '50ZF1', 'Cartputoplet', -38, '2730895R4O9P1N3Y4L', 'S04FR'),
('946D', 'J', 'Tweetpickoller', -4, 'G9', '766'),
('94G', '1', 'Printtaepphone', -546337559, 'BDF3YTPSY7306RPK32Q244973XNZ9J8RYJ9MF', '9K6151L410'),
('9568', '3', 'Readbandor', -9753, 'U76975Y9653D70IE02DO3FA1R4Z', '5J'),
('9590', 'R75', 'Recordommscope', -1206663389, '1', 'PC5U'),
('95H', '8YXV', 'Cabputplscope', 909, 'P54E7', 'VIME'),
('96', 'F2', 'Prolicter', -455224019, 'S1C9K59O04713QJ0S', 'UKNY9738AZ'),
('96Y3H69VI4', 'RU1W06', 'Stereotaefer', -1, 'PL42CPNB', '2ZD7'),
('97', '50724IP', 'Biculor', -675214555, 'U3VM0VUCR5PMF1G', 'ZO6B'),
('97277', 'F', 'Comjectscope', -1112965634, 'YWQJTQ9VP13XM8UD919JPH94Q1N6V1', '7K9F0'),
('97TYCH', 'A8NK9M778', 'Anpickupra', -63, '1491', '8CM'),
('98', '3', 'Bicessadlet', -681680425, '3NXE37EC5MQ8JOSARF73KBFUAN8W4AU', '1BK5Y68X'),
('986X6V', '6', 'Stereotagara', -1, 'W89O5K38WJLU757L850C52MIKKFN0K3W', '9NW'),
('98Z', 'AII705T', 'Recordepator', -616416572, 'GEK25P3DN3', 'H8V'),
('99', 'B1G75W', 'Refindepry', 5243, '9L3R4Y', '4I'),
('9D', 'KJ07', 'Contopra', -1120212314, '972SS', '4HH87'),
('9D34W', 'A1QZ', 'Subcordphone', -1952444754, '3LY1QPZ', '95PU8FXX'),
('9D9', '8FC40IH1D2N0Q', 'Protinor', -1697355481, '09N700DB95F20M3RTFT2Q8EHKH73B1J75', 'U1'),
('9F', 'Z622E8C6', 'Stereoculedgphone', -136438065, 'MG5PU291LF4239M7F5OBJ2Q4D7UVK23059', '1M'),
('9H9592', 'QR1N7JBZ0JX', 'Printtellefra', -1172559770, '0B9KYGC87BC925950J', 'Q0A'),
('9HSKA2', 'FYQ1I', 'Monbandepor', -312, 'R03AAR', 'H7OSS4'),
('9I', 'U', 'Tabmutentor', -861, 'Q78R3D90V0R98128127R5MQ49I459ZL', '8IUF9R'),
('9JJ2', '4', 'Cleantinanon', -893313106, '5602UDPYZ0D89V48ZP93495HL3ERMIYUF6N89BK744T1108Q27', 'BQ59K'),
('9K0H080AIA', '4U', 'Bicyclor', -1404444918, 'Q6JR3L', 'KB1VSUFN70'),
('9M', 'X2W', 'Comcycler', -527329145, '3APSXF9PPS1C86Z3Q2C4K919U004I2OLW6PXXI312X898E', '8QF1'),
('9NH9R', '9AY', 'Tecordry', -779432153, 'AN37907P076B2', '6938'),
('9O1U', 'O', 'Comcordonor', -1577805223, 'Q7434RS03E7LQ85L3S30REP0C31219TKFP32Z5010Q01HT31R3', 'YW'),
('9P2', 'W', 'Monoholder', -1589132879, '110', '25'),
('9P59T60G', 'N3', 'Probandscope', -780003183, '2FV9RZ2A2894AE14442U81Q5SD53CLMF36L71KR518DHYZ23NI', 'Z1'),
('9Q', '569J', 'Miccorder', 6403, '236979C', '1797312E'),
('9R21', 'QQBS588E73', 'Speakculry', 0, '4564T8283Z49', '9NW'),
('9U02', 'FAO9Y', 'Transcordor', 23, '4T8', 'X22AC2LX5E'),
('9U9', '6SK', 'Transtectommor', -44926370, '9021O813L20', '088X'),
('9UP1', '4942', 'Ampnior', 2944, 'MAQIC2BFQR46OH4D8POVH21J08015VL66ZV7F54W9FV8TAAF5W', 'YD'),
('9WA6G6YA2', 'GK', 'Tweetmutupscope', -1739261075, 'H41104TFDM0LZ7B2F2NYQV1Y2QBAJ0250O6A4', '3H83'),
('9X', 'BY', 'Cartputridge', -2107667929, 'R8MG', '9V'),
('9X2', '23', 'Tabplottimar', 948, 'V919', 'Z45'),
('9Y34H', '6', 'Tweetlifiator', -1374649107, 'BT6S4I5PEWXINDT', '049'),
('9Z0', 'E', 'Cleanfindfier', 0, '37TGX046T07', '88CQ96UWX9'),
('9ZF47AYE4K', '3XD648U0NDI8Y1', 'Tabfindletra', -993306569, '1907O287W2ZKR67RXS188314', '63'),
('A', '45', 'Bicessoner', -1934308296, 'HV13Y6H9DJZ6J6FYXRXOAW4KWJ5LU2L979663L2S2JBJ4MQ4', 'M5'),
('A0', '4W', 'Cabtopor', -1034538455, 'S4W3917941KL00865Q444G6O4RQESL1VCJ2', '1D05'),
('A0C', '05R88', 'Bilicter', -915322758, '3QWC4N2NJ2M09', 'KB1VSUFN70'),
('A2HW30Z', 'MJ8IP8258', 'Printtecter', -2039844342, '41', 'DZ38'),
('A33897', '4', 'Ancordicer', -1495482646, '653ETGN', '214XJ19V'),
('A44T9LK', '42G', 'Montinicra', -1371417619, '488', '22753A1I'),
('A6242', '2P', 'Stereofindator', -1215519834, 'N4JSYB3E460R7XZLALH38H89L1FKH09', 'J9H6QE4L'),
('A7', '3', 'Cartcordphone', -528, 'F8R7TK39D749RA924XS4EOS5935V1DS5F97VMV3F6XMNAGVR4Z', 'KS99'),
('A76', '6', 'Transnier', -1935155851, 'MN6Y6132KU40XQ3DNC96E65L', 'OAUQI06E'),
('A8', 'CHT', 'Readceivry', -899950773, 'GP06HFE3F3Q6QO050OQ7D276LXL8', 'G4'),
('AEF', 'SE0K', 'Readtinphone', -187, 'J3D2V7G06XZ1O57V3V5355GH1MYREB872X9JNR79', '0NIW3E3S'),
('AGN', '5B7WR', 'Subtinar', -1290456772, '7I535IQ4', '6A1391177Z'),
('AJKYH9FVI7', '2I', 'Armcyclon', -2630, 'QJ7L9N9Q063N19NI43UT8R9Z8YL8VG8S1KP', '4H3O68'),
('AK', 'FX189K042S', 'Stereotiner', 0, '5J', '5G'),
('AKBZF0QS0', '0NU', 'Suptinon', -1292837931, '05CF4MW18AT6M98DKQW86OPJKDDN5375DJ80Z6Z', 'UY'),
('AOH', 'B4T0', 'Speaktaaquar', -1476357819, 'WU4BMK7G0V448MY2DP1LAM4V5MI5746VHRWMD6JVPM914D581F', 'BCJ0'),
('AQE', 'T9U', 'Recordscope', -1211399236, '2S44G8E138B2', 'VTL0W'),
('AQF99S', 'N', 'Comtellor', -879243799, 'A', '9094U61'),
('ASEJL', 'BCK78', 'Probandor', -936401393, '8JW27GMGOE7T591UX48G4R9P1204732076Q8JH6TVO927V3M8', 'TO'),
('B', '7', 'Tecyclletlet', -765329705, 'Q236J', 'P5I'),
('B2', '0', 'Readtaentor', -1, '7E1CYNH2', 'PITPC3'),
('B3', '7', 'Anputentor', -329831867, 'D074', 'BCJ0'),
('B4RU0', 'R', 'Supcesserator', -7655, 'W', 'Q6M8WP0'),
('B6Q', '3T', 'Readfindepry', 742, 'KUZFLWOBKAG3G815Z5JY0V8QZ0690A0', 'D2'),
('B9', '45Z2', 'Speaklifiefor', 648, 'Q34H33C337ICQLT5EZV056B9Q5QX0HQ05VTM589Q9H1', '6L'),
('BG', 'S', 'Retaar', -9, '5I5ZZZ', 'T8'),
('BJKC', 'V6R', 'Micceiverator', 873, '38672TVQCW66', '60U'),
('BJS18Z91', 'PYDL73LVR', 'Playniexentor', -1212148912, 'XD', '2AX32B9288'),
('BM0', '9U', 'Ampceiventor', -5538, '7US0101923', 'Q2T'),
('BN', 'V5C40', 'Relictra', 8853, 'OONZ7211P1H3FA8', '98'),
('BO', '8ARF', 'Armtellridge', 96, 'G0WW', '9F1'),
('BOWK', '5585', 'Micplottuper', -1219916863, '6KXH7K8CU9IV', '19V7'),
('BPD940', '5W94CP2H', 'Cleanniphone', -783373732, '8SW0YI', '476Y14H7GK'),
('BX1E0C', 'V', 'Supmutedor', -996873253, '9OKIU7RA', 'X5QK0HD'),
('BY', 'OM', 'Anlifiphone', -935538636, '00NBNAA', 'Q8A'),
('C', '9', 'Comcorder', -6946, '4XHR42', 'G5Y63'),
('C0L', '39ESG', 'Stereoholdridge', -883842283, 'BOZ6', '8OX'),
('C4363HFE', '60QB4Z389007', 'Reculewlet', -15, '06821CRS2P213U', '82A816'),
('C5JBYV686', '5', 'Tabbandleter', -1394544957, 'SJU8ZI5SP8HY1R2Q434DQDUU400E6X6214C9', '188AS8'),
('C5N', 'JU', 'Armjectlet', -1605530479, '9', 'BCJ0'),
('C83Q', 'N64PWMWCX7N', 'Tabtaer', -838323265, 'X7A64CWOZQ7T', 'PS'),
('C9KT', 'EV39O01', 'Prolifiicor', 96, '213LS31GB0846T277W0705LU9YB6', '4H6M829'),
('C9Y', '1W23UU', 'Charlictentor', -1074083266, '75089401F2FHA579T213NAC002H278XEU84LYX2V4037U1NX', '6C'),
('CA6563', '5', 'Tabcordfier', 3, '3UIC6V93NW3C4376', 'I9'),
('CB', '9', 'Printjectplry', 1, '5J6713', '066T275Z6'),
('CE8', '68', 'Readfindor', 633, 'G', '8OX'),
('CG07', '7T8K', 'Complottgascope', -771151603, 'IIW3F77TAWDM8J6Y', '1501'),
('CH', 'HNFOV', 'Transholdry', -55, 'T60U49LHY2W', 'F9'),
('CIJ4', '5', 'Anbandon', -1232379601, '7F0Q6Z81S8', '6PC'),
('CL8432180B', 'C6', 'Rewoofer', -100622494, '1B5O9TUO4FN0RUQYR1HBUUYSZV51D203793187O909W0H0H6I4', '6938'),
('CPMDL1S', '3XU', 'Tabcular', -222087942, '0W', 'H74R4379'),
('CQI7E', '8', 'Armwoofentor', -589565087, 'R7', '6W'),
('CS5786', '8O2A2', 'Cartpickentor', -366210169, 'X', '6H8'),
('CSFB17', 'H6', 'Suplictentor', -5, '8TMUU3T44U12Y5JR3BDT886N8955VZK5H7A77320HK239', 'RH6D'),
('CSTXVELOR3', '6S4C9', 'Printjectletridge', -1571654654, 'TT1JO2GR423R6', 'X0I'),
('CT47', '4V6F17IRW7AU4', 'Bicordlet', -45, '0ZP2RV7MH1HQ3VVF', 'F65JQX'),
('CV6FY', 'Z', 'Comniepon', 8518, '9E2Y992HEF4C6OSSL8LZ6939DNSP9EI9TWDI3OGNMQ8SEQQOJO', '4HB4UNTA64'),
('CWG', 'U24', 'Cartcordopry', -192595556, '458KMJ5MA00MNPS0Z479FMU', 'EJ5'),
('CWX', '39', 'Amptinphone', -1518363090, '2', '45BTV'),
('CZ', '2U', 'Cartmutentor', 696, 'ALYN69Z25A7D6E7BB307XEP7BHYU32YC5754856YN5', 'L'),
('D', '9IA8N2MG', 'Reputator', -7171, '5P86075B', 'VT'),
('D02', 'I', 'Conwoofefator', -750, '38XQCD8Z4', 'JI'),
('D0837', '0E74LZ', 'Transculexra', -816, '74277937J', '4BX'),
('D2L', 'W8', 'Subtiner', 3681, 'RM772', 'UHM'),
('D3', 'S3', 'Conwoofphone', -1101146729, '6', '2Z'),
('D4L5Z5OM', '8KB971', 'Cabniplar', -1790154842, 'VMS0N', 'X9'),
('D84', '731O', 'Tetopedgentor', -1558748515, 'QA13YI5C70H7', '6H8'),
('D9Y5R', 'TI', 'Tweetcordridge', -1520485189, '9413U2SA0O8', 'HZ9'),
('DA', '658', 'Readtectommry', -2137544400, 'MY2', '1Q24Z'),
('DB8Q', 'F1', 'Anputentor', -933953793, 'C2I', 'PKX88'),
('DDC', '1', 'Miclifiphone', -1562568851, '11UL', '80464'),
('DKPU', '33D', 'Antaer', -1822866915, 'ZMSPTY1', 'G0PPX'),
('DNB6NN5929', 'X2', 'Armwoofimlet', -522683717, '4Y2O1', '22'),
('DP', 'PI', 'Tabholdridge', -138280779, 'NC96', '2TW6H'),
('DQ66B', 'G', 'Readlicton', 3, '9Z82CP4794', '83D'),
('DT', '0', 'Tablictentor', -1251976079, '8ZNGD9M8B', '5JA5'),
('DT48DNV', '5K5', 'Supjecter', -8, '46Z93G7F', 'R0Q'),
('DVQHIS57Z5', 'PG1G', 'Stereolicter', -39, '56GI6H2E9X1R73ZRO62G9K26O', 'NJAQ1'),
('DX', 'M', 'Subpicklet', -32826642, 'R52S9MJ9128MMXAT', '5Y4O1WBZ'),
('DYP2F', '1R8Y0I54HC', 'Subputedphone', -786571660, '9LQ4061F19V8LGG', '482'),
('DZ65X', 'J', 'Armnieper', 794, 'RJDKM5', 'G4T8'),
('E', '8HIE', 'Cartwoofplra', 2, '7E', '127BZIM2'),
('E1', 'DG', 'Ancordador', -60481979, 'Q243P0RI41ID0P05GDY7QB7R0870W7YG416UEI231ABW3EEEUU', 'I006COVCN7'),
('E17YV4VKF5', '6F8LW', 'Stereotectphone', -1376727295, '03', '590'),
('E1YZ9WQ', 'P', 'Amptopimry', -12, '8O42', 'UX'),
('E3TQ0', '6', 'Tweetceivaqura', -9, '6HC8RPW672', 'AY4L7'),
('E6VUNR6', '6I', 'Cabtopphone', 25, '397MYSM692VNU3M4C57X4XAZ7A267CDKS3ZM8', '546VYL2'),
('E81', '3', 'Printniridge', 63, '43A3GL1M136M7KQ60HU3T3MAZ06G569LQ10D23NH1CZDNSOXX9', '2Z'),
('EB44L8235', '1', 'Subtinicphone', -2, '8U713SC2U', '10I2'),
('EOAP02', 'W', 'Playtinon', 3, 'SN1093', '10I2'),
('EOBA96', 'CQ6N', 'Speakputadphone', 8, 'H176F888WJ952G752YK22DH646KWMC345S3M1RDI4G7TK1TWQU', '6D'),
('F', '21', 'Ampbandor', -1995722055, '44XR11MC0M2A5087AKSCM931', '0M'),
('F0C988', 'R1Z14UAC8', 'Concordphone', -1487389822, 'UV5U0LB3UJYM3A182GFB8082HH59', 'G28'),
('F2', 'V', 'Conwoofeder', -2109331675, 'BXI19E', '5B9Z6T'),
('F4068CI4K', '80VO', 'Stereotellewator', -396555021, 'R6VW905K87QQ5APR1896N763LG7GW25QAYT', '7ZJ'),
('F49NBRD6', '8', 'Playputon', -58396656, 'CF575J', '61T2TJEO'),
('FCLZ', 'L', 'Rewoofor', -7037, '5VO3030VOGPMU8M6', 'MQMA'),
('FEG1', '19NS', 'Printceivupor', -1773132523, 'N3A2B1N3HO', '3471E10D7F'),
('FM35P34RB0', '1W7', 'Tweetcordonator', 571, '11L19X1C97X45O59B', 'SQV1R'),
('FT', 'S6', 'Comfinder', 3, 'P2XCRIS5504W4T864664ZXY572C53W54FH20FT511I', 'TRTY65'),
('FU1IH8C5R', '2279', 'Comtectridge', -309912166, '852F917UE6E2SD550O232Q14617LR04V2CXIX61C96', 'P5I'),
('FX', '5E5X1', 'Cartmuter', -726955348, 'Y7R9U', '7I9M78I'),
('FX0AR', '8', 'Moncordewer', -235816082, '94426E6691U04599I1LRV5B', '2D5YT'),
('FY5', '17D', 'Micfindewry', -407650848, 'OE6G0', '3HLK1'),
('G', '17F2M3N8N', 'Mictaicon', 3, '24', '5R4BRX1'),
('G1', 'J', 'Repickedger', 9, '9A67F086638Q8Q2AG8H', '1UJ'),
('G16', '74654T49129', 'Antelllet', -1722944636, 'YA6201W8J', 'DP0'),
('G1T', 'V', 'Readfinderor', -163068846, 'HL7PQ81OOX30Q8HU6U50EZL1N8MX0B4Y', 'EFFCZJ32'),
('G55SV21H', '5', 'Supculator', -1520930699, 'L2', '7A'),
('G8', 'L', 'Montinentor', -398348880, '8N4SLYM02P0LBC628Y5GO620B8DEKSJ', 'PR4B'),
('G905', '9', 'Tweetfindar', 3025, '5NK60Z7005SN36P276B08R6E032Q2834', 'M452'),
('G997L', 'XJ', 'Tebandator', 88, '7', '0'),
('G9O', '2C5P7A60', 'Monotaphone', -810369543, 'QF956I10XS78770PL97837OW1ES53NTFV567OBT30SPKJA4N4K', '1D00'),
('GE8HG', '25720S9UX', 'Tweetmutentor', -98, '5', 'CE'),
('GI', '8447FQ', 'Armnier', 988, 'M78UUDC2495QPV70', 'N44'),
('GI63H7Z9', '3M', 'Bitaator', -1925837195, 'IP', 'O7X'),
('GK', 'T5', 'Tabtopaquon', -59, '38Z5', 'UHM'),
('GP6O', '8B', 'Monputor', 399, '2W3CF2S3LLKTZ1R29Y65M671W9382U4E6EH85C', 'P3D'),
('GSJ13', '7', 'Bifindscope', -1970832786, 'BW86H1VO1T7X05T9Z9T66S408UE3Y2762Q2MKE7LY87I07WG26', 'QX'),
('GT8WBH', '8', 'Amptinerphone', -1572310035, '1U66X07GOZ2', '2N6'),
('GV', '7XZ44Q70872FVN6', 'Micceiviner', -1603822588, 'OM4', '31TF6Y'),
('GW3N1V', '09O', 'Armputer', 469, 'A72FF8', 'J45'),
('H', '8LUY', 'Conpickader', -555721715, 'S5HSUTKL6R', '4E5K5Y3M6'),
('H0', 'L7', 'Monoputon', -1728978448, 'CDOF7Z49', '1E'),
('H0I', '8T', 'Cleancordscope', -679, '9FV', '2YE9KC56N7'),
('H1I1', 'H', 'Continer', -261113779, 'DN6ZBO3CXP5AKP73HTZ18HQU2PCG6DENF01N6414T93S944H7J', 'FY2'),
('H1LX', 'O11', 'Cabwoofanar', 34, 'IS5HGVCAV8A73VZ9C61', 'NIL1'),
('H62QY58A56', '75', 'Cleantinscope', -1490741115, 'G6N4N19IOL0Q', 'AK2S51'),
('H7096E6A8', '1PH1O54', 'Tweetlifiupator', -1512299530, '0858O9X9AG7K844', 'UR'),
('H773', '5K73', 'Prolictra', -5, 'E89Z2J2', '39'),
('H7H5P22', 'P2A5RP', 'Armcordfier', 96, 'ZJJ96YFVB31SLTM4HYE', 'H'),
('H8', 'A', 'Readculer', -52, '7465740Q', 'R5'),
('H9O', 'Q2829', 'Tabcordollphone', -2104039047, 'DVW', '479'),
('HC', '4', 'Montinry', -2019934001, '07B420275E074ADC3SQ9RX81YS420441LW', 'LC9'),
('HI', '4', 'Playlery', -2142201086, '54IV2O2KX87D', '08J5Z'),
('HK2', 'HX', 'Stereonigaer', -1760625064, 'E2MPJA777X091P565JSD', 'E3U0'),
('HQ4E35', '28D', 'Suptinscope', -1376894805, '257Z13K92TB', '1D88'),
('HS2', '3M7R04I', 'Chartinry', -786046588, 'NEUY77ZEX5Y6HN73T2M36I8MW98X00L9T', 'V1R'),
('I', '3', 'Recyclupscope', -749017718, '843', 'G0PPX'),
('I0', 'U', 'Conputaquer', 3788, '14275ZOB9SE4W470897ZID', 'G9'),
('I0G05EC0HA', '0', 'Monjectphone', -44, '9BWNMT128J70Q16TY0B0971JJ051746D5I85LV', 'M8W460'),
('I27V', 'Y11', 'Bicessinry', 0, '8294K', '51VD'),
('I38147UI5', 'Z83S8D4', 'Printtellra', -1289481220, 'Y57F6M6VP376WU2O3LJ0J476150A8E503497S4HV41H4ANO660', 'SHL'),
('I5U', 'ILM30', 'Probandar', -1863211796, 'ON6O3C1', 'L8'),
('I76EZ18BF', '1L494Q9X', 'Comtopridge', -831963749, '833655SXVC8HVDW6TYV8858V5B9A6L8J32Y78', 'BAK65'),
('I8F0Z', 'E', 'Chartopphone', 7, '326K8', 'SGVS3ZXR2K'),
('IB24L', 'QXGX977L', 'Proputer', 853, '8LM', '73'),
('IFV', '12', 'Monfindra', 54, '4792V1630H', '622N'),
('IG3', '9F4', 'Tabcordridge', -1049059729, 'DZ6F582135VKP8M36HI5N0W', 'SR'),
('IL', '95Y7P', 'Subcordry', -19, '906FPJLA7KS6853R4ZTONJBKVT59GP0B8R98I58I4', 'QF1204'),
('IR', '0EV89', 'Transtaonar', -428093859, '060XH108LCPVU1GQ469N7BX79025G54LX9O2MPG6U9T9X9Q4YP', '1'),
('IS6041Z', '6', 'Readculollentor', 292, '9AXJ8P03D1VCIW72VXE05E4R735SF723', '35367VM4'),
('IV', '11', 'Cableanator', -1396323909, 'J8262LWB970H', 'I0'),
('IW', '4', 'Teleimar', -588813334, '9', '9094U61'),
('IZX', '3N8L57B', 'Tweettopor', -657203661, '3', '3854'),
('J', '91POY53L6147N2R', 'Monotinon', -1532161842, 'I', '1BK5Y68X'),
('J25114', 'H3QJT17', 'Tabceivator', -800185389, '5I835255A2', '85'),
('J3UNJ', '4', 'Monotellra', -341342152, 'A3N4', '1Z5'),
('J5', 'Y65', 'Moncessridge', 6, '3CC782BQP438D77844B7V5', '4T'),
('J6', '20', 'Tweettoper', 681, '2O87', '0R'),
('J68D', 'BZ', 'Speaktopator', -275809518, 'LRKENXTM8T077PP94', '9V'),
('J7010', '3J9525FG', 'Ampculpler', 491, 'T343', 'C0'),
('JA7', '6OO6K1P', 'Readputollon', -1127553097, 'LX1IBFN0Q06N89VS97U1BSJ2JR9XO56F8J51P301S618TD30OA', '7N38J'),
('JB', '8O', 'Playplotter', -232338413, 'APWA5T80T570A8LA603MX8PKN5420235S6D9S8OST1L676893M', 'X12FM'),
('JB82I', '4U', 'Contaator', -97, '86622567574EN98LS96T2EZW2W345BU8V7668K578Y8', '038'),
('JF', '1', 'Cabculewscope', 809, '0WW8N2JV12M268F7', '261A5'),
('JH', 'S18LF', 'Montoplet', -2057457201, '2Z7C5TN69IF08NGF39W42V25QG7E', '1D4UW'),
('JK0822', '3', 'Stereoleaquridge', -850281086, 'JJ9ICDJZ9B8J3Q6CY65NK15YF', '6D'),
('JP', '6', 'Comtelledger', -1819062906, 'T8852ZUI3K0J9XP0', 'K1'),
('JUK0', '75', 'Cleantellerar', -511472754, '3047PG1T9DDF3DJ7M4M4H50K6BOQ86V', 'L9'),
('JX', 'OV', 'Speakcessupry', -5, 'WY2286HQJ4DN75A0101XB68MS26', 'JI'),
('K', 'Z3O3RJ1KN', 'Antecter', 1915, '4Q477ZK53T', '70T'),
('K0', 'O4', 'Projector', -1688581071, 'PM386N60', '227'),
('K11U', '6PI', 'Tabfindlet', -1529328508, 'JCCW3OF', 'F6'),
('K1EI7FQ2', 'S5', 'Subtoper', -1216880209, 'Y772G25PNW8E84UCR0FXQAYNE8QK1KRYC5K79FKYK333J8B97I', '476Y14H7GK'),
('K23', '30CK', 'Comjectader', 3773, '3GDK9XV6F61BN2Z32ZMYNJ', '72'),
('K2740', '04', 'Printtecter', -799289647, '93CT97B9PFD775008XJ0', '8AX11C80'),
('K3CN', '5', 'Speakcyclon', -4, '9', 'AU'),
('K4', 'U', 'Montinra', -1026489131, 'J04LK18', 'CB'),
('K55', '5060U225X049', 'Transceivfiry', 14, '2DY78TE3LMP93F1P8X4HHZ1TX9UDZX47Z7B80AMHZDJ8', 'X22AC2LX5E'),
('K6FU', '5PA13PW', 'Tabniletlet', -1510423063, '2RL99XDF7R', '0L'),
('K96', 'YO', 'Sublictator', -274099231, '41D517W20C36', 'TGX3875CJ'),
('K9RA9T', 'M73949', 'Printmutra', -1733566973, 'TNU93D7G13CX', 'M0GKF'),
('KA97', '58O', 'Moncyclimor', -2287, 'L210H69160GC7Z6N2W4Z0S9250', '63N'),
('KHU43J2', 'Z', 'Bimutexry', -522159826, 'EL', '10H3F3Y31J'),
('KN0W', '9', 'Playcordra', -164608784, 'U79IR4JE2T596VK75J0U2SZ54WD5196', 'MJP4'),
('KO4C42H', '43FZVQ', 'Renier', -1404946032, '4286J66799X9404', 'F7'),
('KR', 'XW24S6RAG', 'Charnier', -163032356, '1XZ', '2GQ'),
('KS2', 'G', 'Tabjecter', -519557276, '39053KH694VCDJ0G86109W9T43IN328TUR68U8880956F0', '9AV5O69'),
('KWHHM5', '4G', 'Cleanwooferer', 48, '1NR127CL7C0BM01F6MSP4ST005AS10T7V87U2919G61YX59I42', '090U20'),
('L', 'A', 'Tabtectgaon', -1371476658, '7DKZ8VSAT47LT6R4IQ945AVBJ3Q11Q6563D61035FHFPFZ87C0', '7SDBFSXR'),
('L04HZS82FI', '7CY6', 'Armwooficer', 973, 'VQ85D8HTY8Y5A66825Q57V26AH1P79X3WXFL', '3CRZ7X'),
('L23U', 'RI4', 'Subtiner', 91, '2241P80N588P4ON2', 'TD'),
('L3', 'B', 'Printplottinry', -39467457, '0CR9C4E978X2T43785Z62I505', '0B0F'),
('L412UI', '76P', 'Stereowoofentor', 9950, '4Z48OKP564J0', '91'),
('L6', '79', 'Monotinry', -1594860027, 'D6ZIU0KCNJ', '1A'),
('L7BZE4E', 'V', 'Teceivon', -629216792, '06RC5884V67AOYL7643QZQ1LWYJM63DI85JW5JNY', '04J'),
('L7M', 'O98T5LQZYT', 'Subwooferlet', -208920724, 'J942X0ZVD12A', 'TIUZD2'),
('L8P', '1', 'Stereowoofator', -704252693, 'R18K75YE8QY9BH9R0BCZM8X215K02902X2', 'MT'),
('L8T', 'Y3', 'Rewoofanentor', -1302908023, '2IAI377LUA3VS269Q0M5O6R3EDIEB0', 'EHW933Q'),
('L9S5Y3', 'YWP4', 'Ampjectplentor', -471413217, 'VMYT0', '6'),
('LD7', 'V', 'Anholdadphone', 554, 'UWUUU92J0606R96TE5SBN449RI1RQ545S42F6A1GN12J4R1I15', '58E'),
('LN', '3', 'Cartcyclplator', -2052001780, '58', 'U6V170T6Z3'),
('LNYC0L75', 'PK', 'Ancordon', -469660097, '229T7HIQOC45P2LQ6808HCT7D', 'Q'),
('LOB9', '81QJE801LF0QUDI', 'Protoper', -1538171511, 'S1682HKT326Z039N7P9', 'X5QK0HD'),
('LX9', 'Y', 'Bitoper', -2003919958, 'BBAZ6E', 'J165S'),
('M', '9S8', 'Transleaquon', -1230264633, '3LI1Q77NOEU8RCLD3P8Y7982Q73FTA761S8R6K5ILSM3C078JI', '98458R9'),
('M1W', '9', 'Armculscope', -598151288, '796T', '6L'),
('M2', '02MC', 'Readplottinor', 8546, 'ZR8431XQ48V9253H79K37MS8', '7C74B'),
('M213GA', 'VFF6TJQWE8', 'Comwoofadridge', -362189937, 'QH7Q2', 'LT637'),
('M27E1D', '434', 'Monotectiner', 0, '8WCO3M470', 'GN9'),
('M380FR', '02ZPY', 'Comfindra', 477, '5', '63BQ'),
('M3L', '4U', 'Monotinoller', 868, '1ZLBEKISN4MW3O54CZ41H68J5F8', 'IZ0'),
('MH44L6UD75', 'C21T68B41774', 'Recular', -2090908589, '0GS15N27', '51767Q'),
('MHJ5W', 'FR', 'Charcordpler', 71, 'V288E69PG2J58', 'X9'),
('MK2', '2DA8S32N21847Q', 'Teputra', -660821180, 'QN92OI8NMBZL0C6J73', 'KF7LK'),
('ML72RWM663', 'M', 'Binior', -1586280108, '09B751T', '9GH638065'),
('MMFK2', '6TBZG923UA', 'Recorder', -1242976595, 'O1K98BXV217HUE5', 'A4R20D'),
('MO', 'SO', 'Ampcyclridge', -342723073, '9PBN', 'DZE'),
('MPF689X22', '5', 'Armculentor', -1049405345, 'QY7X28B2K6F3B1F99', 'OR'),
('MQSOJ', 'U92PVKLQIO', 'Tabcordor', 3836, '9', '3M6P1M1'),
('MS', '9G1UT', 'Ampjecter', -405, '26', 'E3U0'),
('MS1S', '06CSVS4N3U2', 'Readleridge', 86, '86N3PA2EX80P0K4X3R63242RJO1YL98XIN29V4RBA9BOS2D782', 'EX8XU48HSA'),
('MT5RFX84N3', '74', 'Concyclphone', -939294027, 'PWG4616U4U', '0'),
('MU6', '6Q7', 'Cartfindinor', -173, '4K', 'U04U52J'),
('MVN071DHXU', '86I9', 'Recorder', -440, 'L1Y81D27942YY71Y0C8TF621QXES8T8EL0PBIOOR3', 'X22AC2LX5E'),
('MWVW3WZ9', 'BK6EF1CFJYW0', 'Stereobandletator', 3798, 'D7JC6SI8A5HUW51VZ', 'KS0Y'),
('MZ3', 'E0', 'Printceivuper', 514, 'URQ7XK4JEG823L5G3DGV2K35N3', '7'),
('N', '7BQ', 'Cabtellridge', -2024416915, '66X4O95E96928', '72'),
('N0', '164', 'Readfindry', -904891322, '7Z8CLXKL75', 'Q6M8WP0'),
('N1U', 'CL3V9', 'Tabceiverentor', -70838735, '7BPT2L5HX81LE9', '7B'),
('N2', '89Y99', 'Tabceivader', -1688391989, 'KE89Y3YKFQ1F6', '5E70HKY'),
('N242N', 'W6P', 'Tweetculphone', -54, 'B3OP', 'V3'),
('N3R', 'Y', 'Retinra', -515, 'Z7140JV', '6X'),
('N4', 'NZD', 'Armcesserscope', -781, 'AJJIM04475I5O69L0735G0Z603S2', '214XJ19V'),
('N7', '6TVI', 'Armtary', -1243076375, 'EN45RR', '6909P'),
('N75', '55', 'Tweetceivry', -1987726541, '95M00G6O', 'YJM74462LS'),
('N790H', '91W', 'Cartmutra', 4, '79GH600T9', '645N'),
('N9A76O65', '63', 'Biplottoller', -14700675, 'BK31D5', 'IY'),
('NAZQE0K', 'TY', 'Stereotinridge', -1914473022, '9U', '1G'),
('NBS', 'H7', 'Tabceivator', -1674887325, '6T306NP97TGWQ8MV', 'CIX4V'),
('ND', 'Z', 'Comnier', -1092862625, '8LK0F', '5I9EH78Z'),
('ND3F', '3AYVZ5G5NI6', 'Printpickator', -1763416231, '4VGZ8A7EE0U10O86', '3M6P1M1'),
('NH', '4', 'Tabtectentor', -955302365, '96V5VIRE377L38FRG8T5TG9LMFW7H474CW3C6N966E5IAUY583', '3OV79W'),
('NHG', 'R4ERKSS', 'Transfindoper', -464033628, '1778W40H8B5S793W0870Z7G3A10I20B07SUD0', '35367VM4'),
('NHZ2B480', '5', 'Comfindphone', -5, '7HZV7A380', 'T3'),
('NXV245', '7', 'Cleancesser', -1189313508, 'IN6LTMA4M', 'TJ3'),
('NYI01869', 'T984L2D108QA4', 'Charcullet', -669915443, 'CR', 'LL19NNB'),
('NYP', '59433837L', 'Bitascope', -573857496, '4D65GITN7R4AOIT', 'A1'),
('O', '17', 'Anbandanon', -917126580, 'DLS', 'TJ49TJ6'),
('O0', 'OV9KREX', 'Armtiner', 63, 'H14L02BI238I7', 'K7XQJ0'),
('O0250', 'LY48', 'Charjectletphone', -2043783235, '8C474O1JR564A1828QRKV8XE470NG4GLO5KSTHWY31', 'GLIYB'),
('O0K0TXB', '47RK7FK11H4W01A', 'Speaklictoller', -1825880188, 'Q34SK10I', 'HBB'),
('O0LP82', '210X4F', 'Tabplottexra', -8306, 'JBKR0X6TJOVB7E3G5341VS9158PETJ', 'P65X'),
('O116', 'WV5W', 'Bitiner', -1471527230, '508RU73Z90KA', '1Y28G'),
('O1E', '2B', 'Ampcorder', 83, 'XORH94B7', 'CR5'),
('O1RQ', 'H', 'Ampfindicer', -179, '5097ZE6D1', 'W5CS'),
('O26L', 'J2Z4W', 'Rewoofaquer', -5, 'Y1', 'T3'),
('O7', '9H2KC', 'Transcordupentor', -1122468406, 'LO81364I1L', '9871K9B719'),
('O79Q', 'L', 'Tabwoofra', -1732616096, 'R7R244DCT3F0FEF7R4H4LUF3PQW02', '31FR'),
('O9360', 'TE3371', 'Ampbandor', -300210924, 'AF39440TRH4X21Y348M109W66SGR4VTJ3WX12GLLVW0J3A6013', 'R5'),
('OA', 'WTS', 'Tweetjectopon', -1279405696, 'T6H1JE370V10DD3L64QXH58M2X', '088X'),
('OB0U3', 'FYM', 'Transfindgaridge', -1819942690, '2X', '0B0F'),
('OC9', '07', 'Stereoculor', -2098508154, '1ZI24PQI85DD3QY7NWHZ4Q0PW7T', 'Y7'),
('OEIF', 'YJGU', 'Speakmutoller', -1583852106, 'O990739MW36', 'JMI8TA8J4'),
('OH67X64W', '631E', 'Armtopommentor', -634365021, '837Z13J8', 'URXYH6E3S'),
('OHZ', '2TK65Z', 'Tabtellaquentor', -2041202743, 'Y25963W140I', '02'),
('OI0', 'N', 'Biceivexlet', -66926382, 'SOOIZ8D36BL02UKX91HN7OH36', '7SDBFSXR'),
('OK48', '37A', 'Confindplon', -1691492359, 'KWR2U', '70T61YYZ'),
('ORA', 'R', 'Repickscope', -1, 'M76608L238L2BPSZ22AI3R1I7M9E4', '76'),
('OU409T', 'M797D8', 'Armfinder', -534932537, '3B8DDM', '546VYL2'),
('OVO5', 'W', 'Subceivlet', -2116982070, '33U0LH449N313108L0RQ0', 'SVA'),
('OVQ7I3', 'FL', 'Stereonier', -819214186, '7ER0T4DQ958W7', 'TIUZD2'),
('OW', 'B23', 'Cablery', -1750699308, 'M9U6971G3S550483R0V20', 'J'),
('OY', '8', 'Tabholdgary', -1158578129, 'M0IOM3', '6X'),
('OZ3CU', 'X2DI', 'Cartwoofadentor', 6099, '94RG7Q9V02389B', 'CE'),
('P', 'OX0Z', 'Speakmutadscope', -1971633085, '09B4O8535DMN4R75OFIEN145W1G478', 'UY'),
('P5XWY', '599', 'Submutphone', 73, '6I74R262P60652B9P', 'X9'),
('PBKEFH', 'C4', 'Conbandimridge', -835666750, '49', 'T2S'),
('PM48D4P2E7', 'W', 'Tweetplottlet', -661518788, 'HL46U347OGZ1B', 'VO5KF1G4'),
('PO5', 'NA', 'Subtinlet', -153689951, '0JB04CW94G2V7S97J3R6J201DI43U3HQ9D4G170M406OO67KS9', 'X316J'),
('PS', 'O7F', 'Conjectpler', -5, 'B2ZR811HU1UA2XM4CS5J4I96', '7UZ2D2O'),
('PS3F', 'LN65SB', 'Readtopor', 0, 'M09J', '5D'),
('PZ9I', '82G304', 'Suptinon', 6, '9C2V0M974VR8OBQ722X3B', 'GGC0Y'),
('Q', '81K', 'Speaklifiedor', 17, '7UF5D851DK746KNPDJN7', '6'),
('Q206O523', 'L85CNR6', 'Tweetputopscope', -1684637920, 'L8FT8E9TTNQP26AZC56W1', '396'),
('Q2R9R51A2J', '7SA9', 'Printniinar', -516756298, '3', '1R'),
('Q4ZG4Q', '3272', 'Cabtinefor', -882164469, 'ZA2259', '06H08VG'),
('Q5R6', '63', 'Tabholdar', 7, 'MXLIO3', '5I67K'),
('Q6', '93', 'Anpickerridge', -1239545777, '33M4Z270KJWMJ82WL1CH5SL', 'E947Z509'),
('Q75', '1', 'Cablictry', -160931700, '759T3DZ0C4V2ZM2IL6B6CA31BHA03W', 'QH51N1S12'),
('Q82', '4', 'Bitinry', -7, 'Q2TPUXS316338D02BA64NP2R9O2AEHD', 'X9'),
('Q8O', '34C', 'Tabculry', -763175298, '8K91VE', 'Z45'),
('QA6DD87UY', '195', 'Tabculicer', -6, '423F1B5HEV59J5WM9U', '5B'),
('QJ', '5XD', 'Printwoofry', -1875686985, '9B29S73KF02QCNBF', 'HB'),
('QKB06', '8Q', 'Playholdefator', 515, 'G5W689', '766'),
('QPBK954O', 'M616P', 'Tetopopphone', -1196376650, 'Z2097IPET', '1TM'),
('QR1', 'UIQ3', 'Stereoputedgra', -884272148, '156MW742THZ9Y14R89RF15VPL958SX0QMWX', '9E7WW2NS7I'),
('QS8', '61', 'Speakholdewon', -586796080, 'F3X4C4C77KU4WW6K9958HP0T8XQ6J424', '1D4UW'),
('QSIK', '039414', 'Ampcular', -13183143, '15QMS35378C4M0954DXD36K1BN103Q96D977097JZ40S6GEB3E', 'VH068'),
('QV', 'Z2J', 'Cabtellicentor', -1096170222, '8W32O', 'M15'),
('QW6', '2', 'Readcordplar', -1142041165, '037D06E0BRQ09R', '2X'),
('QZAU14F5', '16J', 'Antascope', -45, '14OJM', '1Q24Z'),
('R', 'V', 'Contellra', -1162011651, 'OBJ271I4D0', '1'),
('R0', 'MNYE5', 'Moncyclentor', -1247097265, '86ZFNCJS9CU5ZBB32DSUPT427V', '93'),
('R0D', '76', 'Stereoceiver', -54915982, '38YB0G4NN1FIS9EMA6Q72D4WISU38', 'LT637'),
('R19O44', 'PMC37CU5LJ', 'Tabputar', -36, 'S128I3Y071X7I1', '5D'),
('R1I', 'RR74904GW5851F', 'Miclicter', -57, 'L0V6D030X562Q61LL', '2QN29'),
('R3', '06', 'Tabtineplet', -502872977, 'F2DL7Y1NH', '4C6'),
('R4OH49G4', '3', 'Amptellra', -1879784459, 'BEIF1Z8SB27MB8ZX', 'QA'),
('RG0J89B6', 'O91ZCUZ65237', 'Playtellator', -1043056640, 'MIDRNG85Q0605ZGU3OFFU4F4J358653N8W1Y4A9BQ354STB', '02'),
('RH0M5GQ1X', '5', 'Reholder', -2086093340, 'S3Q8ERVVZGG', '7CDGY'),
('RI36RS', 'V', 'Anbandgalet', -770079619, '7D', '9MUJ5'),
('RIE63T0B', 'U3', 'Tebandentor', -653919257, 'Q44AC1Q1050YEFM98', '1M'),
('RK', 'F', 'Retellar', -45403395, 'Q459F258Q2U3W', 'R5'),
('RO', 'Q99E', 'Printceivaqura', -56, 'UOS0KU', 'NL4'),
('RPJ', '726', 'Printputentor', -1107863015, 'BX59NCT503953N8DJFNV43W02', '29NN'),
('RQB0F9B', 'S95T2', 'Cartcyclinscope', -1601080798, 'F7851541N6KZEVA', 'S2Q74455L'),
('RQL', '87D7F2', 'Anplottator', -1990311057, 'F5W24Y4I', '63O9UE5RBT'),
('RR', 'VD4E', 'Ampmutletra', -1366761739, 'CGCX398Z4G0DN3N9D81Z451K8', 'MQW348H7'),
('RS763KC24T', '5XX828DYF', 'Submutridge', -1932464779, '0', 'BON8'),
('RSH0', 'LCZO', 'Comtinupor', -543699160, '7P3Z1FANM1D6XY33E', 'MT'),
('RV8G72U3O5', 'WS7C06', 'Suplifiletentor', -2105206450, 'V4NR1308ZW', '6O39D'),
('RW', '4K5', 'Contaedgar', -744038702, '563CN7R23G95BY', '1D00'),
('RXC9', 'KEP897N', 'Readcordry', -30209330, '15S8Y', 'THDZ0Q31YK'),
('RZS49', 'VT1V5XF73UK', 'Tabputor', -447987670, '80656446YF63EY82OI', '6Q'),
('S', 'N9', 'Cabcyclator', -1228137679, '5', 'OK69P'),
('S1', 'FK', 'Ampwoofadphone', -1915749840, '7PXOIDNM34RQV354CY8H20X66P7R186AYHEFK7', 'MG2'),
('S1JO067G42', '6A', 'Antopon', -834860496, '9XL3', 'V5'),
('S2', '8', 'Comceivor', -67, 'ZA22Z042N01755XASMW', 'R0G'),
('S3', 'Z', 'Readtecter', -1244346323, '2', 'Z45'),
('S36', '8', 'Playteller', -1395190028, 'AYA1HVFYG', '6P0'),
('S5O', '3AS6O188', 'Tabnira', -40, '5546GKML75C96H8P3C838F3E14Z2JDRR7Z3', '2H18W8P28'),
('S698', '380B', 'Speakjector', -1296189762, '64', '396'),
('S6I', '28', 'Ampleplar', 62, 'PU7U', 'FMEQ88876'),
('S85', '1', 'Readtellor', -1864073704, 'L', '5VDK4RA'),
('S9KVLPKM53', 'QS', 'Speakwoofuper', -2066379388, 'HNU7670QS', '7MSZ'),
('SB5R', 'FN01L3', 'Comleor', -41, 'H8B9X98P127RR9GV702899LL', 'U'),
('SE', '8', 'Cleanceivedra', -566946383, 'B56', 'B0'),
('SEM7T', '5WICR372IO', 'Combander', -1164092785, 'BA995PP9J', 'M0GKF'),
('SHW82Q2I0D', 'AY4D0D40K2', 'Charjectletridge', -732873529, 'P9', '0M'),
('SI', 'S5AC', 'Speakputedscope', 465, 'Y', '787'),
('SN', '3', 'Monoleimridge', -554, 'M4T60NE0D6', '590'),
('SN1537EEM8', 'ZT', 'Speakbandra', -1964631050, 'W44I8B6P2T4440E2YUI2M6J88X', '5U'),
('SO6V', '50', 'Subjectaner', -941846163, '2442M', 'D8GTBRE9BL'),
('SP', 'EQL', 'Stereoceivry', -284385937, '7WO49560GRZ', 'A0M26W7'),
('SR1I', 'P', 'Tabnientor', 2, '8', 'XIO13P'),
('ST3B', 'Q0', 'Subcyclewer', -450831289, '3Z', '254AD'),
('SV597', 'S0XR50', 'Readputollor', -1045717816, 'VT4', 'U42K55'),
('SX1', '6YH', 'Armmutphone', -8, '4478775FNSC', '1EIAKO3'),
('SZE7G37W8', 'A', 'Readtectra', -347280010, '9K6V', '4OV'),
('T', '68L6IB', 'Monfindphone', -21, '5769988X8', 'UE02MK3L'),
('T01J', 'Z1W', 'Tabcorderor', -456, 'RZ5H', '1BK5Y68X'),
('T0BW', '683Q8', 'Conholdonator', -307182068, '0256ZRN292BCP0J', '3OV79W'),
('T1AW', '97NZO1AM4830R', 'Ampleer', -1782808270, '42D73D7L29UH9BN0J01U7QDY5HX6M40N5WPK9NO8XP5V9W617Y', 'D0'),
('T1L', 'T', 'Charplottor', -379865582, 'GWO', 'G3C'),
('T1U0', 'L7', 'Antaoplet', -1489869280, '5WACOKK7T2', 'AK2S51'),
('T3', '8V', 'Transtectonor', -832736547, 'KM5WDHFCO9IEY', 'OB93'),
('T310D', '7A512GHN2', 'Transcordopridge', 6066, 'Q1L235BVQA', '04'),
('T3G', '50', 'Supholdator', -9, 'I8HVO724777WT7G11QRM960M4O', 'KF7LK'),
('T5E4', 'N38R', 'Protinscope', -1195758418, '3', '99'),
('T6', 'F305', 'Readleletphone', -1726089047, '0621988X98J4IP69K', '8T61R'),
('T646', 'A', 'Speaktelledry', -480117430, '839076WUEU90404OY9', '261A5'),
('T7', '9', 'Cartholdentor', -3, '064PMY9VQ6R33J0X466TK1N22FU630T69Q6ZXUQZ408OC3K5TD', 'J9H6QE4L'),
('T8', '3XX825Z1RE7B', 'Prolescope', -1567767077, '269KV17L93', '85SH421'),
('T86FY97', '3', 'Readcordinra', -11, '2MM671N', 'I7'),
('T8Q6', '03V', 'Charmutator', -811957465, '36KF9BX51UHO2E321HYAV58099TJADH2EE71L9F06502V7E', 'X9VZ97'),
('T9S', 'K', 'Cabmutanentor', -1915519965, 'AC', 'OB93'),
('TGM9832', 'B', 'Tabculommlet', -729726187, 'J01F2B28335B4RLH', 'B'),
('TI856H2US7', 'IHP', 'Cablictopor', -1318812368, '1', 'PRXI6'),
('TM31N9SWU0', 'C696IE9H52S4149', 'Playwoofator', -1636252182, 'O20IG8357K55S1', '6TAM5D6'),
('TNM8', '4', 'Mictinator', -1108160633, '9U49U61ESN15A58', '6P0'),
('TXY', 'Z', 'Monocordexry', -1338708319, '12F67AVLN8Z618UVA505HYQ45RN345T9Z5P3NA4T36L906TL1V', '7C74B'),
('U', '5D5', 'Stereotellinry', -2020109425, '9073UW', '3U78'),
('U0', '7O0M5', 'Cabpickator', -981588581, '238D5W78EVZ', 'L'),
('U3', '5CH', 'Cartfinder', -2098761293, '08I0DXGQ8LYMC6U70WSF', '84B9N2'),
('U3534JBW4', '66H6WO6', 'Monopickor', -6, 'J34P6J10', 'YD'),
('U4BR', '65AQ30', 'Biceiver', -899416907, '6OIAS618C585ONG2I709ACS9OV00', '90'),
('U4C', 'MY1', 'Teceiver', -760, 'LONWDBJ56GUTYI703', '80DBFRW9Z'),
('U6SW3XLIV9', 'B', 'Bimutscope', -179225476, 'H8T5KC53IV8I0', 'LMMMR9C'),
('U7F', 'NQ7P', 'Bilictscope', 0, '70V1N24M', '58E'),
('U7FR1U57', 'U', 'Tablictphone', -599843089, 'F03E21YPAD18DF5OYVD8A565G1HLV940Q61AJ3W112J2765', 'Q0HS3'),
('U9', 'X44RN3J', 'Mictoper', -710, 'D77301T78Q2J9UC822ARV1VDD844', 'MT'),
('U96B', '9933CI248YALK', 'Armtaupar', -179074969, '9P0O86C9', 'GEP'),
('UF', '7F1UK', 'Moncordplry', -1361868494, 'V3FN2I4YJE390RW45K05', '3SR8'),
('UFB9XSE6UX', 'J2G00J6AS', 'Tweettellator', -1510026134, 'BA0U7XS88678L1', '90'),
('UH6', 'Q1', 'Comnianar', 7815, '311V', 'A'),
('UJ96', 'I1', 'Suptectentor', -886917251, 'L753SH0', 'FMEQ88876'),
('UL39', 'B4N7K', 'Tecessplphone', -2071653783, '3I3S839MT96QAKJ6FZDKYUF24RDIY13L53R', 'HNMGZW'),
('URM', 'F5', 'Amplictaquar', -1059857275, '5', 'Q4L'),
('USHNLRCV4C', '5Z754E', 'Comcordonor', -62615678, 'VUNHEJ4', 'OODDX7B'),
('UVUOR', 'KZ94', 'Cartcorder', -1345141237, 'AXTXY3735ZPA58N29BJ81Y34G95L2', 'SDF41'),
('V', 'WZA3', 'Readholdon', -165333838, 'IG0J27853989QDX1QV55449742I1D8IG15S2PD8P671TB8U299', '7C74B'),
('V0A', 'DHPYR056', 'Supculon', -1936071804, '37369P0R9G', '04RQV5'),
('V2', '2', 'Miclictphone', -1538940755, 'N3758L68VQ', '185B8M'),
('V49E0', '9A0R0KCSO12JR', 'Ampbander', -54, 'RCI', '5E70HKY'),
('V5O9E288', 'V8', 'Transceivor', 0, 'E23W777MV9Q2LGGQGXY1B8GA80Q159', 'O3Y23258'),
('V6', '8S4', 'Readceivphone', -1977946455, '32B946', '35'),
('V66', 'NW7R', 'Teputer', -1956462199, '93E63Q7O5VF', 'FJ'),
('V7', 'W274', 'Tablifiicra', -1541343980, 'VC4', 'T11Y7VRR'),
('VB5ZH6C758', 'GVZ', 'Confindra', -342461060, '02R0E5O5', 'ZT'),
('VE', 'AVCBM8AP5619Z', 'Probander', -1022960026, 'I67AR0L78AV6S3', 'LWN'),
('VFOH0922X', '5IN', 'Concyclar', -1316792944, 'USHY1M9H8Y8YU90K2P3P0K2G3D5L9B8Q94I', 'LMMMR9C'),
('VI02389', '4B', 'Anholdiclet', -7, 'ODDL478F0J471', 'U963M2'),
('VL', '3', 'Biputanentor', -4223488, 'QXD6NX894911APP649RQIOG4', '4PHF3NH9'),
('VU4U', 'J726T', 'Comwoofgaer', -1648529294, '902B155X1486Y7U5OY3799E541J6H6B95', '227'),
('VZ83R6GNA', 'SA', 'Micwoofopor', 44, '024C4G26TT751N3L1494PHH3038D74O4740MP541T7Y79RR791', 'UYJ1BBH4'),
('W', '48L9156', 'Conputer', -1076586893, '4', 'X12FM'),
('W0', '8GMBR7', 'Cleanniator', -478568225, 'O302Y2J6Y3DB3WJI2F', 'SQV1R'),
('W1', '2', 'Speaktelledger', -1886886223, '6VQ85N0797UH0S84279T8311Z5F2IAX4YV473IKO120', 'IHH'),
('W381', '3', 'Recyclon', -1435752025, 'E8699M6P3', 'E'),
('W3AE74', '15', 'Monceivry', -1887625790, '7C979B5T0I52092YM05NQK8EYB8NTSI46721M4F61TQVAQYXQ1', '2TT3V709OU'),
('W4', '68', 'Stereoholdentor', -1485912387, '1F479JA3C97C9XHF63B6I5P7LQ6S7U18DFR4', '9E'),
('W5K6998208', '96JH4Z', 'Transputra', -1731529520, 'UM9T274IP837C8A25599TE5X', '95PU8FXX'),
('W67RE160D', 'EFH', 'Bilifientor', -2134611573, '7R572ICTI5HXGO', '645N'),
('W79ZE', 'AM', 'Tabtiner', -79918526, 'VY18LUQALB492Y58U55LPI2H1QG62L47D055E26L3G7668U06R', '7C74B'),
('W7G', 'D', 'Cabtaefar', 6, 'X6M9765E4DWHXB3ADCFLW76R24P5L5MA86G9482', '9T30M'),
('W7TAH4H4', 'UJ', 'Temutentor', -1192397251, 'JY44X', '4H8'),
('WB', '8R', 'Stereotectefor', -860593283, '01VQC236J', '70T'),
('WD2A81QA', 'C4YVI', 'Stereomutedor', 74, 'JD282JU6DFS74U62H2W', 'TIUZD2'),
('WDJBJTS', 'P0', 'Stereotinphone', -1162489660, '2TRB0JE6BCES33JQ249662O73TS', '33HF9'),
('WH', '3', 'Comcesson', -766970064, 'V53T8Z581639A42B3', '7SYCUT7'),
('WI', 'A', 'Retaar', -406930502, '888SWZ6B', '4N5ND'),
('WI79', 'WU', 'Commutscope', -1048035756, '5X162ZG45NP7T2X2T90B652LY76S', '3SB9'),
('WJ11YK7HG', 'R86', 'Tetinentor', -2133520947, '26JJMVFH08GP366YDJQLQ7FF509157I85RSOF32G4NU', '6P0'),
('WQ', 'GRLBM', 'Monobander', -1561670189, 'BBHN37TG0B7H6EJ63LC0Q2464', 'QX'),
('WRD', '0', 'Antinry', -827272499, '9X5HL7M5QH962V3', 'HBB'),
('WRS2', 'R2', 'Ampcordon', -1336992467, 'JDX58ZRX7U0EAJA097SO5UHKKNLV69Q9J', '002'),
('WW', '03BQ4DI', 'Tecordicphone', -2002149513, '92529A70M4', 'SWFF5008M8'),
('WX', 'X5C', 'Tweetfinder', -6577, '587JQ0HAL8G016SOCG7YZ6E4FWGCDA1475CEXLWJ4KMV8', 'O3Y23258'),
('X', 'G8', 'Chartectletphone', -1737005736, 'SNK', '233'),
('X05U9', '7A45', 'Bicordfira', -936483864, 'W', '5BWA'),
('X1', 'ZY', 'Tabtagaphone', -7123, 'K3S9018', '8T61R'),
('X14ZP', 'UFXC', 'Bilictupry', -688379303, '628S1C0Z891241D1P8Y346G7PJJ22I', '0US'),
('X4', 'WU', 'Transcordleter', -693702741, 'U6IT4092P9K680RE5OM73C', 'AI'),
('X5NW', 'P2', 'Stereocular', -314377278, '78G5IV4K3B1A92KVR56B4AJ55MU4FW58T4330JRWBP4SXKXT4I', 'TJ49TJ6'),
('X6', 'S', 'Amptinscope', -54, '9Y926G98T6E5QJ15W0YZI9Z0230VT758LO0C8BY8688065WEKW', '316W4'),
('X600', '152EIX', 'Stereofindopscope', -1128891704, '76E06', '8PN'),
('X7', '55', 'Subbandader', -1082723380, 'JOY45DC16', 'XIR'),
('X8', 'Z4', 'Tabtellonscope', -820070933, '21376X', '3854'),
('X82', 'M62', 'Printtaedgator', 0, '12W90VHX6IV98', 'BQ59K'),
('X8T3Z', '8IDO1FY98T', 'Subpickewscope', -1085826078, '39', '6A1391177Z'),
('X9BOUXI', 'H3MQB2D8', 'Cabbandexar', -498, 'XF14SHO02IXUS167', 'VT7J'),
('XB46II', 'N40', 'Tabwoofopentor', -439, '0TL6SS293X6MX8THJJ067BO6JQ76X', 'Q7M1'),
('XI', 'I', 'Speaktinedgator', 2, '1J0035984N4KZ184THO1', 'SZ6JO'),
('XKKCAE', '3H', 'Tabcordor', -644300693, 'QN', '4PX'),
('XM', '0', 'Charplottgara', -184784837, 'JXK775M14769A5PG3G793Y3IP84OLG2KNI3F0779332IZDIHIZ', '26497Q5'),
('XU3', 'I', 'Supfindonar', -1914129551, 'IU1', '7CDGY'),
('XWB7LT', 'PQ9884I24', 'Tweettaor', 5411, 'FL2X7253896UF6Q464DD76U52VIS0J54I0T23GX3ZB0I', 'XUDC05F5'),
('Y', '65X3HD32', 'Monopicker', -830, 'HRZL6BPO5514PPL806QLT5', 'DP0'),
('Y0', '8', 'Montopon', -588687633, 'I7J1WY3JV2JZU8Z', '4I'),
('Y1', '0', 'Printlictentor', -1342221252, 'IV7FI', 'X22AC2LX5E'),
('Y25', '2C', 'Anbandletator', -1662857133, '1U9364BG1KIRPR', '17'),
('Y3', '70FC8', 'Comtaer', -8876, '2W', '95PU8FXX'),
('Y36', '7WY', 'Moncordry', -1884780001, '327DJ80F7KM84', 'S2Q74455L'),
('Y3744L', '9CX39', 'Ancordridge', -69, '5C393', 'GM0'),
('Y4', 'M45', 'Readtellry', -521603880, '78P2NG9LR105E47KO42QQSJ4AF525CJ1IJ81F5S861Z75K', 'J9H6QE4L'),
('Y4VMUE8ST6', 'L41S', 'Montinscope', -933352060, 'OGU50WJPFX353P9BNCSUGU17G2MCY5H2AS71FKVZ21E8MQM8B9', '5S7'),
('Y5M1IILVW8', '299817', 'Speaklictator', -969, '599', 'BVG54A5FGM'),
('Y698', '544Q', 'Anwooflet', -1608195391, '526F0W6', '9H'),
('Y6ZUQ16K25', '3', 'Stereoplotterer', -73, 'VRFT87K063', 'NB43P'),
('Y7', '1', 'Comculexridge', -895755294, '62ZOF14', 'X0I'),
('Y80', '7O5K2U0C0', 'Tabcyclra', -794223141, '24P1J0MF225AJX95IW60JXGWL4Y426R2552NA4HT35UA9LC8N8', '04J'),
('Y8SL', 'YD5WE129', 'Montinadator', -195462615, 'WYNGZ5JXP1ZDZ55DMU88NU08F', '85'),
('YA', '6', 'Printtinefar', -1465138515, '5R9MO7JM31D8PE939L9M8A2L07BPY1B3VQEW7Y8VLGG78O389O', '749'),
('YB8', 'TLL65874M24P65P', 'Tabpickon', -964838712, '5D7D352VABYR02X8FR4W09', 'U963M2'),
('YC40W3', '4', 'Tweetplottphone', 7475, 'UNH5D23F1P', '53L'),
('YCNJ', 'AQ4F', 'Tabtectry', -67395038, '3F', 'DH95'),
('YE', 'CL9', 'Transcyclinor', -739682003, 'B2X0D', 'OAUQI06E'),
('YF922M', '40', 'Speakwoofer', 67, 'S784027R4067', 'I40'),
('YH2', 'O', 'Comnier', -2135222414, 'PMXQ5824G14YB038427OM8D50Y2LF8LB6', 'Y46'),
('YLA9', 'I2', 'Concycloper', -30145855, '58UU43L', '1Z5'),
('YOFW0I4GI', '17SBY5F', 'Cleanjectaqulet', -1821901464, 'FG', '953WH'),
('YQLK', '7C9E6NP', 'Charcessry', -991738556, '52H38RJUGUS7FCPW9H2Z84D9HK7X8NA88I124M5Z687K74632I', 'ZH'),
('YR', 'P5J', 'Ampceiver', -1291734506, '05EQQN619JT0WJBRI0F', 'TIUZD2'),
('YV0W', 'V7R77', 'Comtectscope', -1967958842, '833331', '2N6'),
('YX', 'DFH4', 'Cabplotter', -1153186092, '2243ZQ', 'H74R4379'),
('Z', 'U', 'Cabwoofedgphone', -302406806, 'JMF', 'BCJ0'),
('Z1A4HX09S', '185W', 'Tweetceivphone', -1208163642, '1TE', 'B0'),
('Z1K3JH38', 'VHKS4Z06T', 'Transcessridge', -6625, '6J37YX1EGKX86GSMCL5EJ9', 'YGQH'),
('Z5', 'K02', 'Proputupor', -8257, '3A5U8W41DKV1WHP6H940GZK8RN3XO09741CNZM2R', 'JG6'),
('Z5S9T', 'Y', 'Transtopphone', 614, 'B94', '188AS8'),
('Z6L4WH7', 'K', 'Printleridge', -426818462, 'T74JDV', '4L6'),
('Z8', 'S', 'Monoculphone', -1696677574, '4E19845JQP93WR3', 'Y2EU75S91A'),
('Z87', 'G5663', 'Cabceivra', -1414668118, 'YHY43744X6089', '6D'),
('ZB99Q15KG6', '0H9QR5', 'Promutridge', -1985676392, 'MV3316936O455435OX1', '1797312E'),
('ZI24HD', '36', 'Micholder', -979746574, '45ZRD7WKFNN22K9', '98458R9'),
('ZI51E6668', '03VG3', 'Cabcordader', -2088687078, '3YC9F0A6ZG04017Q', '127BZIM2'),
('ZI9O8', 'C', 'Compickerridge', 60, '212375Z259A2N4DO0M295K6O218371M47N6218QRI8T9M6FXKG', 'DMK7X'),
('ZNQ5', 'I9', 'Playniscope', -1477980019, '111LT106M35278', '185B8M'),
('ZO', 'HLRA2LL2S5', 'Tabcycliner', -555679036, '77870E725TCY93O48', '13'),
('ZP3', '4W2W6', 'Miccullet', -469515404, 'UTPQ6U48N18IJYLX0Z62T397WS4VMMWV28', '3SR8'),
('ZU', '06M7582L5P27', 'Monopicker', -1084728474, '535TAIP80197ALYIV3OO030WO1P6MX7', '0BN07'),
('ZV', 'LQ6315', 'Monolifilet', -1620851036, 'COJ8711', 'U4S07MD32P');

-- 
-- Dumping data for table citas
--
INSERT INTO citas VALUES
('00083', '3113BBEXWQ', '1989-06-16', '19:58:19', 'T69R25E3E12691Y8ZV516665G77F7KG890C00D8672366YKY5580'),
('00260', '33', '1979-11-26', '11:41:08', 'B7DEQACWB5S9G8U342G5619474919313O276303QC6432RI1U79A0T9Q9HQHB9N79FQ1BCA587X58'),
('00376', 'AQML0Q', '2000-05-01', '09:22:34', 'Z8'),
('00390', 'Q3Q', '1970-01-04', '00:00:04', 'R26O1G8186DH7M4L29170VFXQNBCL4C735D6F60844G5160TT02C1QZ1548X311C9NG44WO0R8HSCV9WO8EC2FC17WY3LXO4D04S068227X16MQV1QKDGZXCNHIO08Z1U1BL6ZWSG28CAMP6R386P2'),
('00427', '5ED75DBAU', '2006-03-18', '15:53:50', '9LS7150185VP7KS9'),
('00440', 'KO22KG0T', '2012-02-06', '20:43:29', '5Z1'),
('00461', 'K', '1994-07-08', '11:51:58', 'V59A65UL9772W5V34ZM6X'),
('00808', '9J4', '1982-06-12', '01:15:46', 'RY10SY21LPT0007'),
('00823', '3ZOG2', '1974-02-16', '00:25:21', '96KQ7FYQ5OTR79X118D4P3'),
('01016', 'G6VPL20VK9', '2006-02-25', '16:47:13', '85VSO8B61TT9FKP4576MY5B7ILO4DC72KYU23454ZUFOZ273THG77ERYX7NUUI6'),
('01069', '8I8C4O7H', '1996-11-04', '22:39:34', '96MKOK5686F4XLT7YY49L07Q2Z8G8T5M4E16FQ12NL2K1YGP69OD80'),
('01080', 'WL075N9U', '2018-08-28', '07:38:13', '32YN0044X46D'),
('01199', 'Y7M', '1991-09-27', '13:34:52', 'A23I5K13'),
('01414', '3V', '1970-01-05', '00:00:05', 'YHGLT2V6522895BTYI5M6IQ7182240L13C10QD1P1304I7A'),
('01422', '8V7F8', '1976-08-25', '09:28:47', '6AU0B404XAC385ZN24EBWZUOK5264R60IEOM3RGSTQRV8O'),
('01463', 'XF47', '1972-07-12', '11:01:39', '18U70P4K4Z4BU54AR5P1P53O6X747MDNN83Z21X3Y49RT01LGC9A0Q5FQ6DH25021LNQ340U22V0Q199T408F6708IJBBC476DVZGS79EG'),
('01706', '6379W36Z54', '2014-07-08', '16:30:18', '5Z'),
('01761', 'A', '1988-01-10', '23:58:03', '397BLPF0H'),
('01830', 'ELH6', '1974-02-02', '04:34:45', 'HYV360I9YX620759332EJ623DL6VS965U9LZX71N2'),
('01834', 'T5FN', '2019-03-18', '22:59:39', 'KM537RI1VITOZL0564S6R4O0R372SJ3Y0LO4UVB3IY53MQ'),
('01959', 'VY4', '1986-12-06', '10:37:54', '0A6386G6P56LKU94Q426J840DT3973LX098V55P89I0CAENV66C7818M42658Q00N52PP005284TZJ316843KN76YQR97V'),
('01998', 'P12', '2012-12-08', '20:03:36', 'L58I1A8V9J5BWKYF3A2L3LMR7F647531B4GL311FFVS1Z8250DWVR428452D69B2X1F549GSEUR6SQ6RB2E99DRUFQ65AE15173BP39H893202VPIGUUTX91IW384L73V78662K11WTN34NF5A1578'),
('02161', '61CPC576', '1986-07-29', '01:40:54', '2HX4CET1LB4'),
('02182', 'Z403', '2008-06-30', '03:26:25', 'WN5S0TAPP9M00T8EJDGG3'),
('02342', '3E', '2002-05-16', '12:26:56', '43'),
('02368', '9881', '1970-01-08', '00:00:08', '28LJJG3UIY17BD370YQ4R15EPKMQ97U8V92P8QJH264WC8U0W6B8A6P4P4372G03S8ST4XFNOTF0B4QUK06LW04'),
('02401', 'H3OH', '2007-11-27', '20:54:33', 'R42083L47F7022YGKOANOC0'),
('02684', 'WT', '1995-05-08', '07:17:40', 'C22TJ41I0D5N263M2GC6O1789ZRSNN95VE800W11287733K9G6W7175JF54CQYNK9D881W5'),
('02688', 'X8', '1972-03-12', '14:58:32', 'N552'),
('03086', 'AU', '1988-03-10', '11:35:41', 'TX5684BRN00W8H6R'),
('03114', 'P42I', '1984-10-19', '01:04:16', '57'),
('03167', 'JSQ8C9CR7O', '1970-01-09', '00:00:09', 'ET20V2Z1C1F'),
('03345', '76W1', '1970-03-09', '00:01:08', 'WI0O34U1D47Y7BRR794A4K64607QC9AFMAQV53A27JQW8P01L46'),
('03449', 'VW', '2011-04-19', '10:07:27', 'UJ9X7D31W2765RJ6XFW8GB341LQ'),
('03644', 'CH4E', '2015-12-07', '16:35:43', '85V9T1KW8102UNC41PF4089061R7B9N7J6KT47876CYH776601682E4118KZ6ROS9ND27G97YG42JLR92H27N85'),
('03680', '2T8E9Z', '1972-05-21', '00:14:32', '55FL2M379H9F15M494DJUJ38SY08'),
('03823', 'X1PWO', '1976-08-26', '04:37:27', '445IQ3TG76MH231E49Y5OX0115255GJ7TY7'),
('03855', '55M', '1994-04-22', '13:53:57', 'I66F35Q6U5ES1Q'),
('03884', 'Y356K', '1970-03-22', '00:01:21', '0M55SRW04SX82S8849'),
('03967', 'G6', '2009-10-13', '04:47:59', '4LK8P80JZ1AW32430C2MGZG963A2AOJ2U11T65UU003R5QC4VY67A7R9Q63WC9H8141FO1CY2H'),
('04123', 'AJ0', '1988-03-16', '12:10:22', 'PTAAB3W6V6J7H8OIAE5DYUB2E7JS8SDNZ3196B32JVJ33'),
('04177', '7KY85394OA', '1980-04-15', '22:27:17', '519H'),
('04197', '9H8R7G', '1980-01-09', '01:01:01', 'U3I5X9G2U9X8'),
('04233', '02TI', '1998-10-24', '16:51:51', '27C4W5Z08N0914ANYZ07N4O703A3C1PQO4BZFC'),
('04248', '2FH', '1989-10-19', '20:32:52', 'NCU616XEQ3G7747F54R026W5T55N8Z25AF3JAJ5SY8J9JZ751'),
('04372', '4JH', '1971-09-04', '00:10:12', 'HO331WB58S54FR22KT7N9X1223E05ADQ6EE5T7Y4614G7V2R45B8C0ETX1E3VR0GI4O5YPPZ3392D6V1A9F8I259QH5O336A87CG3ORSG243J1I6'),
('04488', '6QF9S90GW2', '1972-02-12', '18:58:51', 'O2X1Y4FOR2IPPV5425F13IJX5426G807CB81382RPY9L9IQGBV04F31833CE2K171S55D3S7OI4ZMV1M962EV91058J4R1VC6DA84585'),
('04552', '569', '1971-05-10', '00:08:15', 'Q93CQVM4Y6RYAFAU'),
('04641', 'N', '1975-01-23', '10:11:43', '69R65NSV96EN5G9VQA8Y4424DLAVO4JQ88X8276GJDCGP7AKY5F62PU57G5ZPI941O953WNU412MOVFIX6U92'),
('04715', 'T', '2014-07-22', '17:52:18', '2NZ5070RY93IS66F68BK0C8VV228888Z97BNGEJ9XO97M412493S'),
('04728', 'SRH', '1986-12-05', '15:45:31', '6236Q2V9AB9711ZD9YE56DB6Z98O'),
('04845', '455', '1970-01-14', '00:00:14', '14B1S0V9JOMR7M2P02810JC2YNQOMUV02B31DW94UI0TR16UM2CQ02X0986C'),
('05147', '5', '1985-04-08', '19:19:53', 'Y7HM9V3M'),
('05187', '279', '1970-12-19', '00:05:53', '50D9732U'),
('05398', 'E08B532Q7Y', '2004-09-30', '21:05:22', '7O792WK24W89894'),
('05442', 'S054G', '2001-02-21', '07:36:44', 'F9H30DECHH1M4RMZV'),
('05526', '1964FW0B27', '2014-12-29', '01:34:48', 'K6UEEP28F6JVCT0F6T89L344DDR51840167LBWHZ'),
('05628', '8NFM2S1', '2004-10-09', '19:21:07', 'Z50VQ0WIW0VP0IV5B'),
('05722', '6R2O', '1970-03-16', '00:01:15', '3X5'),
('05749', 'C', '2003-11-27', '22:09:19', '943G7A78T3QJ8BK637LA2HZK697I5047P'),
('05800', '2M35P669X2', '1993-09-20', '02:24:24', 'JD996AMWBL'),
('05819', '5E75', '1973-09-21', '07:23:52', '24E77O22T6QUDE47IDWON8M7D005TVE118ND9RK5'),
('05821', 'CTK8ZNK', '1972-08-30', '00:16:13', 'RP29546541B5Y311CVWPV6GQ14H10J7K7R5AGS5INW4OK506EB1CA03Z4C00WX1VPWRTR5Q7304919L2M3V475C94WZJ6280TU5N'),
('05839', 'RK', '1970-03-12', '00:01:11', '8IR3O3IT8Z0BQ7CD'),
('05908', 'FLT', '1991-02-22', '17:19:50', '70Z0YNY262Z8N0RCM7VWAZ7E408HPCB7901QQE3E569O725D63K937FW7L926I70282520IM82E99M25610QO'),
('06260', 'FI', '1970-01-04', '00:00:04', '041809ZT1LVCSP776LP14H57P0B59JC'),
('06392', '57', '1971-04-26', '00:08:01', 'S35U82A70XZQ1Y7072O04H21T8A8'),
('06437', 'A6XO', '1970-01-10', '00:00:10', 'M40PT4TV9CSMA1Q6V1S'),
('06472', 'H6', '1973-04-27', '00:20:13', 'G8'),
('06694', 'KQAJ', '1990-05-04', '08:27:08', '43LG2P6GJV3G76'),
('06737', '7YV6', '1991-08-02', '02:11:24', 'M23J43LP8BX3BI'),
('06819', 'V0', '2013-08-16', '00:20:12', 'S5YLXU105B3CTLCN2607R63DF877UY8M876GYAKI6SSP9J48T66781XTJX9ZO27G3G'),
('06868', 'VA9M26BZP1', '1970-04-04', '00:01:34', '739XR66JP0A3D32ST13LG04GP8P7SK4IOVLNWRQ7F59O189FST2T222WT55GJ1A3RG233CN9761FXAJR9IE6CZ1IG5LM89918CI843KVA9Y847T18RJ2JI75E4R3B747PXMFYIC2'),
('07059', 'Y0', '1982-01-04', '12:51:29', '6173Y858IU5ZH66JHJX67BCOQWN3ZD7E19X9SVQ34V16J0AYLULH1Y19U535SFR'),
('07095', '01', '1970-12-16', '00:05:50', '2T5D58'),
('07123', 'Z', '1985-04-14', '01:33:03', 'P1'),
('07151', '02', '1978-01-10', '00:48:52', 'YBC70TI5TLT33I77V2976R8LB5RSZC31N9PPLDZ7L63LULN89Q0W6G2I6M7V4RER7UZ01189O5H672S472P9FI0KY94P2'),
('07315', '60V', '1970-07-13', '00:03:14', '3179Z14GLFS7H3168Y33J8WOS383'),
('07421', 'DK5K5', '1970-04-11', '02:27:31', '2C6'),
('07454', '22HJ70ON53', '1970-03-29', '00:01:28', '0QYB81PMHVORSV8M62E51U449NI465VIDG450Q77765N4SPQI462PG32ADUFOF07B0F9E9UW97G1X112XSC5WW764WK6W86J406I98N'),
('07911', '29', '2001-05-29', '01:14:08', '93F6NB91I9L27TIJVG6S4HWI8Q0579924'),
('07958', 'P97D', '2018-04-21', '23:26:33', '9VB31A095M7YO5EB0TM7A4K0WPZZO7S0B0QY2G4ZTK305SIL2BG32IH7W18JB58337C2KP9D'),
('07965', 'M4U4', '1977-06-09', '07:08:23', '6I33D15K'),
('08261', '6E5', '1971-06-13', '00:30:57', 'M36LZY992Y80WAO2Y9PH0IFD567MCUKL11RM7K47'),
('08276', 'RE', '2010-11-28', '14:45:03', '74'),
('08347', 'A4P', '2017-05-11', '16:48:16', '6Z77N346X58D5JM1DMJF2'),
('08385', 'K3', '1998-01-09', '21:29:04', 'TT64MKCLS50AWWFG4P6P3Y39PZ5O'),
('08507', 'V18', '1984-08-03', '14:29:09', 'VY9I9A4R744G8NQ57D4Y'),
('08529', '4QS', '1988-09-07', '23:39:03', 'HSC9H5PA9GY0'),
('08534', 'JO2O0', '1971-06-19', '00:08:55', 'C888QN885R88RZI8QM1M030467FK201TUODJVN6NT66925YHT33V922M9XKG8H'),
('08670', 'ALX1', '1979-09-15', '00:59:05', '01MVD8R2OA'),
('08709', 'U26', '1970-01-03', '00:00:03', 'A993OC7WM4G2GM9OI7B474WGNU3O22TR618T30I0ANOVOGD8KK0E3138N5T2674Q7WE784QF0XH26HN5LUSD0F159729523U5D6CXP7W48J4'),
('08831', 'DF0PA17VSR', '1970-01-10', '00:00:10', '9S4P11SO1271'),
('08900', '2W', '1985-02-16', '08:32:14', 'C6C73LF9R06LBKUP9JI11S0D58EJY2O8BYP7NPC16Z5M'),
('09037', 'W1R3', '1971-01-21', '04:04:02', 'NTV43PJR1Z0TS9VW17W16DISW2O7ORQLJ'),
('09086', '4FS2ORQ', '1996-12-13', '07:52:14', '55TK2396R5DSX8EXX080'),
('09201', 'LL93V4V70Y', '2002-08-30', '08:53:20', 'T00OXO0TUBV1901D'),
('09298', 'G78', '2006-07-09', '14:08:59', 'P1AM82BZ9W6HF899KW7J4V3DU004K473T93UR54D75M68FS71Y0M847424XMIDSKQUQ7935SK81Q47D1382X9N6LU1H88X05178B532R4YUGH951R0H27X263223I127EY99WI6B709G4V3B296N0W'),
('09479', 'A2006', '1970-01-05', '00:00:05', '777F2SB0132F9KMA04'),
('09545', '9Z3', '1992-08-16', '04:06:54', '5190E4S6N44YMQ57QW160DE7E76591QO657DJ1RO6H0KKWM037V5B'),
('09574', '19Y6QI9W', '1988-09-15', '09:27:09', 'C4C12GF6QACSHCO2BIE6X228P9UZS2RGVN9N459529DMC066541G'),
('09585', 'S', '1970-01-26', '00:00:26', '9020L5Q2'),
('09645', 'P', '2006-05-09', '23:41:14', '8W8RQRSH235MI4J9'),
('09666', '3VL', '1984-04-16', '17:49:14', '51'),
('09892', 'PJX95EP1', '2005-03-08', '09:47:53', 'E64SJFO16269P7RRF'),
('09933', 'LV', '2004-01-13', '08:25:48', '796LAR2NK0JED028328BDF1EX0J76TO3UWZQCX09801XR6H475Z5BC86ETI8I5DP212T1BC1P0S2F0QV'),
('09944', 'JH', '1970-01-01', '00:00:01', '2J9PXL1'),
('10147', 'EMLSIW4R5', '2019-11-02', '18:43:51', 'XM7EZW7A0CV9L58BZ25D92HQB8'),
('10158', '8', '1979-09-27', '03:12:18', 'LC4Q83PQBVS640GEPUJ8333FU11HW9KLP'),
('10326', 'F8', '1997-07-07', '14:42:12', 'CQ2HD95A45BGN2727EK785NEHQU83YG657Z5MO1C3TW7HJ33Q1M1CWV3AW67T4T80FSM3ZEV5W1R'),
('10552', 'YW', '1971-04-07', '07:05:40', 'KN71FQC2'),
('10767', '8Z', '1973-10-06', '22:13:05', '6CLT56TK0Y8018449C4E9'),
('10826', 'EPH', '1970-02-20', '00:00:51', '0DE54BG3P543NOE790689980L68DWWC3N6AA9CPR7TY88C65CS79LZM4TZO2'),
('10992', 'C9BP', '1970-02-20', '00:00:51', '1D9SLDVMQYR8WYA4UPSM9AQ72273B2'),
('11030', 'K7M57H41K6', '2015-03-11', '15:21:11', '999Y461Z7Q3VN5A57'),
('11148', '5JQ96PZ', '1971-01-14', '00:06:19', 'CKZNU2FE2TF3738VFF4N0GK9F0HFDOWZ507N61P2T92B9H9983W9VJ'),
('11206', 'AL7F9', '1995-08-24', '17:57:17', '927U70WBEJYAM03S237EDQE9C31AH6G6V0S8ROB3832S'),
('11368', '2', '1983-05-05', '01:56:17', '37NG8KK9DQSDML1X5621446AH1PC228921LT0892EZWC'),
('11470', 'E8NJT', '1991-02-22', '03:32:34', '1O5323'),
('11480', '1BNZ2', '2001-10-13', '16:07:17', '54Q25CW0SLCCQC0HRL1714T2MIL722I50484GHYA1ECB5F5A2SR5YRZE35C9VPX59D2CFTKM'),
('11487', '07A', '1999-09-24', '17:20:05', '22V7MD'),
('11620', '8546', '1991-08-30', '10:18:39', 'IKN92J8K6640I70MHG30NFEYTX1G2HE48BZ5RXI22B'),
('11640', '7AI01', '1982-06-17', '00:21:55', '630QHR78VAERTYKRW042M8501XSUXFPFOWZHEQ'),
('11837', 'OY0TF4NP05', '1970-09-05', '09:34:10', 'J7JD314IU44UP71HO03W6M46HY55964G9S6KVT6F1ECECXFR3A9D7XZLX947E4N6JR1Q07X46GJ61ILJ3YT1NGV6IT0G2WT6VK3LFP12FFO'),
('11990', '27K8U', '2014-09-02', '14:47:59', 'W2L7AD3VXJ67OFW3DRPM9DJHZ5N16Y37L94ISI3F677C3SXVQ1O7M'),
('12007', 'Q969745J42', '1974-11-06', '06:08:56', 'LH8A4NPRE1UI452ND875OJHB69A88HR3JG09I42ZUW8L'),
('12356', '92', '1987-08-23', '03:12:31', 'MBA4MH6U1P2T985GW9370078D7EU46OP01A0ALG8FRKV72EV8P550V18HL4983E9RJ414ZH4O6VS5'),
('12358', '55Q0', '1970-07-22', '00:03:23', 'E16J8027PHS9X3ZW7I32LSI694K6UZE86606687S335KKRHB9Q938V'),
('12501', '2X', '1970-01-08', '00:00:08', '35O3U0Z7M2NH9RMCYW7F349C73IJY36IW09AUMB084X33G266QLX301IVA4T3353112XRWR8EGMG697316LQC64T0Z02380821U2Y7EYSCHGG12'),
('12509', 'KHAP6NR49F', '1991-04-24', '15:33:50', '8UJ3HS7TKR7F0P29KJX90Z30517VA6EN0N3Q'),
('12541', 'H', '2015-03-27', '20:24:39', '0B98O5'),
('12570', '45Q9', '2019-06-03', '21:50:22', '3395U1I'),
('12732', '09X1', '1992-01-05', '04:25:38', '04KE2152RJIJC65FW4E003IVTU7PIL9N92IO3341999CG0T5C83SXTUP8S7FOHIEYM4O7995Z6KLIB67GM'),
('12744', 'X7', '1987-07-24', '15:01:11', 'F'),
('13085', 'D58V', '1991-05-15', '20:18:11', 'T7P81FN1I3CMLH9Z1X3H1GF8SRQV4JCU0C51TYPHQCQXMIRDTRFG69VZME0OS995JO81AY7WYJS361RS8GFGGA4T90772JH7Q3G638358PDYVO57BR712637N4W47K312E5784K15983T3WA951264'),
('13116', '803', '1996-04-24', '13:25:10', '808TZ31RK806D13RTY67D08DAQ09X76S2WIT9F9AUH01X4VG4NY46K56P8931XL24'),
('13141', 'O3P0SU', '1974-10-02', '17:57:03', 'HQ1XU111O78'),
('13153', 'N0', '1970-01-01', '00:00:01', 'P99YDM6IRYMCH7C658YJL4H341LZ40TC5C7PG5N4YS7F6ZIXT149K942QUZ6N3G7632CLG33C8EE2IX4I0Y0K497DCR6OD39KL119WC3GA38F290RHP58SXI1W66OIN82PZ672ZD41GMFJ5X131S5E'),
('13205', 'DY', '2014-09-07', '18:43:17', 'V63QV9T7Z1MDK5BKZVE437PZZBRJ06758C1894726SR3ZWS61AOBPF4W65KB9HX38L6213R510668S380983GRT2465ZZIOD468XK8UE1O9N9H37H1T51T5I9P'),
('13433', 'Q5KBXWF310', '1997-12-05', '11:35:00', 'Q41W3H8CHX4MN6QIO7N9G0D497N040VDBKO40Y57F0BL5Z24A9212E0I9T4TLY9278849M37BZ22G5P93947AHRF3UXX02BU47ZA4EWV2RGFLG5O35LJ1EB3'),
('13435', 'E3', '2014-10-01', '22:25:36', '6LDVZHUUT6V7VB46VQ14820A299KXSD36WB532RP2K5DN53BQN'),
('13520', 'GR', '1983-07-15', '16:00:53', 'HHK31R9B819Y4KY0322YJ3613J32D51G469E2553978596C62R48FOMQ3'),
('13544', 'R52', '2007-02-01', '05:04:32', '1C14E03O729S8FG'),
('13558', 'JY', '1982-06-15', '01:15:49', '965IH4IYV1CPNXR36IU104C0K63TGUUIW86CQU339I8O367MZ9Z824GZWWD5VLP4536I11'),
('13714', '70O4', '1972-03-01', '00:13:11', '64F9TQJW005C2GP44G'),
('13829', '899V08CE4H', '2016-10-30', '17:28:36', '2OM047419R82P3R41F17SD4SV2AX8K7KO2642R61JLGXYGSRFO68TZA592JZ936U3PMM540'),
('13880', 'Q385I8', '2001-03-24', '13:40:10', '8KX6XS456P'),
('13910', 'UOU', '1999-09-21', '22:42:09', '230J94'),
('14038', '83DPVV2', '2010-07-11', '02:31:10', '0CZ8V0I74400S4T773J3WUO35Q5UC5Y7PGBYHZRY4G3BFUSE8H37UV9Q715UX5'),
('14130', 'VVA', '2011-03-30', '05:29:41', '44Z49681IAWB2602CLI0QD70MF83K0Y882STM4298404XAB1'),
('14178', 'C6', '2015-07-10', '11:21:03', '2G7H99I3WG7YWWM4SL205X4V17IAN68SA9YF0FB32P8RG9D80RYF3W03OO097VG89N2XJLJ3R4G'),
('14209', 'H2', '2008-12-03', '01:54:04', 'N1370NTE1ER0ACQ099Y2J6WW6BU'),
('14325', '44R', '1983-09-14', '05:55:05', 'N17PA4O7Y23T385H8MEYB561533296TW31HHK61OFV1MF4157Y2K8VJD14J16I69503XL87LYR4C132H1TS70445LC82YL0LTNL8OIE270R3'),
('14402', '96', '2007-01-19', '04:12:34', '9869M45C0F306E3YH3C'),
('14591', 'YA', '1971-05-06', '14:48:35', '1JODJFT723N3T8233B1G4M4B87STBVZHGJA4S37UBA1710455I9W'),
('14614', '90Z', '1973-02-27', '21:03:29', '0S59NYF5X8SE3P4T1D1KK7K2953R45OF'),
('14620', '8F8', '2005-10-23', '05:08:26', 'M55'),
('14685', 'NX', '2012-01-29', '14:30:03', 'WUK5K'),
('14694', '6CO8UXG', '1970-03-15', '00:01:14', '9K70546YW4109FR3BXSPO1855SBE23YWX7I57JPRNYB4N95L7U7K4D9ELM8281N750NU9PU898'),
('14716', '33GY9E', '1990-12-24', '14:52:03', 'C73063FIG0NEQTGE2XJ6B28U8R9W83M'),
('14817', '14M649', '2006-01-19', '06:07:06', 'FU6Y027GF8'),
('14838', 'DD056Y4Y', '1994-09-03', '11:16:59', 'KFP69635007QYE92S58O8YDCC0Z0154TUWC103LE81TD1FOO4QV2D919G5YZ96N4MH3NV4GZ360YG6N8'),
('14865', 'P481Y', '1999-06-27', '01:41:40', '9Q34A0YC7450'),
('14975', 'IY', '1995-06-08', '03:15:40', '3S6JB0Q89836359H053TIF7RV6Y651F68O7XGYH76L2E047G4R8CSX41B74268J21AH4J8WSH'),
('14988', '43', '1973-07-27', '00:21:44', '0Z4963KVGP513Z3RJ9L0G251I6O4535F11OEMB61K8673V23OXT7G212E85K4Z732FLCZRA6EYU4W1YD40L2E030P'),
('15100', 'WU', '2017-06-12', '21:11:39', '9Z0BV9609WI6DT9046814O0Y872N7VPZ'),
('15229', '2786TU', '1976-02-06', '15:29:59', 'U772SV0124203TLBOQ6013'),
('15267', '19C5', '1982-02-24', '10:46:02', '07'),
('15291', 'YF5U4X5', '2002-09-17', '11:48:29', 'MSJX8DE6IA7XA9J879GKDK534Z8SB5QCU8HXUTVE8Z2I70H75P'),
('15322', '3S9', '2009-03-03', '20:04:43', '1D0348BNS'),
('15368', '2628N9', '1970-09-18', '00:04:21', 'SWL6T69W8L2376L7W9DX0JMB4395HL1B7GCH082OVWE7UVR89ITYC55FF6RM0'),
('15487', '98M', '1976-03-13', '00:37:44', '9G6L9Z3N1QP45092IKWN274VHS11AEVXOLF2JFPEF'),
('15705', '14S25', '1978-07-14', '20:20:08', 'TA6F1O6R1T15BWPGK8OG1329QF2ARPPRUEYEJL265H9603B250BJZQ3QNNZ'),
('15782', '6770GXK', '1971-05-15', '00:08:20', 'UO'),
('15852', 'M9L9', '2019-03-28', '14:26:29', '7L581PNT3683246MJCWB13622WO7028E'),
('15878', 'X4', '1989-01-30', '08:45:54', '90Q76JEKNQ6815IU413Q2SW09LK1IBS0GE0QZE135G6V10A6GL9S9RPH76Y74DJU90O7STT664BSG62BN1NHF1JU5YN845576F9ZC74PRPCW51T1D426C598F2191704UUT6S4THY7HSW9852UFS57'),
('16402', '18', '2003-11-16', '05:23:18', '2O67C2U7K2T8HWMI566GA5SC38DUUY778T12OFQ3HP6B2XVM7'),
('16866', '21X', '1981-08-29', '08:12:34', 'X9509DYHO21JP05H1O9O'),
('16874', '0865', '2010-02-16', '18:22:13', '275A8H1O375S4X6T1NHK'),
('17000', '7O', '1980-04-18', '22:41:56', 'PG'),
('17001', 'F61', '1993-09-18', '23:22:11', 'E30EW132949SV37DBL87BV1FS8DO4'),
('17003', '912Y', '2007-06-12', '12:49:37', '6DJ74'),
('17101', 'L957H609', '1995-04-02', '02:33:43', '2RY0DB8U5T9VQZ3EPYC4UVQ04FS1SV8NH22Q4EJWL60IQ74RD921'),
('17195', '4R5', '1996-04-23', '09:34:06', 'S33KDE228FAQ74O0P8V025R15SM141WK814KL6044E8'),
('17247', 'RTK', '1970-01-02', '00:00:02', '8QN77K845B7B8L6U624J1X6LY6GN6T6VRHR'),
('17304', '8GT52N9', '1973-12-15', '16:58:34', '77J2715FMY713'),
('17350', 'W0', '1985-08-19', '12:33:16', 'ZFT04MD9AY2373UB198B2T40R591S8B8J1P3SC6J1W3HU2I60236O71OCARC6SNL0593YD9OZT07AW76H655BLJQ3LP6Q'),
('17478', '096', '1970-02-11', '00:00:42', 'A830'),
('17692', '8Y29', '2017-08-03', '16:13:40', 'Z2D20WHOE1VPZIR13PFZ26E1803E71M08S32YU'),
('17802', '214253', '2013-07-19', '07:41:52', '7'),
('17853', 'I7', '1970-01-02', '00:00:02', '1YT3KQH14559Y4EYG'),
('17990', '5HDO81R', '2000-07-02', '19:51:07', '56LY1F02J4NGM1636291SS6YX218D16'),
('18025', '8MTY', '1974-03-24', '13:15:11', 'R086UM9KE132PF0813MZW7Q76QGQM0O8PW0Y1J71G4400P429TF0H1PITL8Q3BU1XVJ846WF1C35EZKB2TEJ95RK6Q22H8UV79ZXZ330JKJIQ8TPZDO9LOLQV573X215975L382AO30C'),
('18097', '9V0YHADM21', '2005-08-27', '11:51:04', 'E1648P8LT08CO866VV10Q5YE6C1786NJG8B87ANB6U1764YP'),
('18332', 'C2B5', '1998-07-26', '23:09:50', 'VTMZG9DERGL4235314I3O51CAPYVVLSL9ESNVB8'),
('18362', 'ED', '2020-08-09', '16:47:24', 'QLL70V46ST8AS5D55N1NN9IHXJFXM81764IR34R1I20MH30P131UMNGFLPAO1LEG4594DZ0KKBG490654WWU6MM2975G39FRFK9IV84KI35P9028443NK1823Z9R1934T037Y6KEUN850711S1RS1N'),
('18603', 'K83N4O9', '1976-04-28', '00:38:30', 'Z0QM085NG2BXU6215OWZ3YV28Q9H4X2H10586J'),
('18616', 'U44C', '1970-02-19', '00:00:50', 'P5NND2805N89Q9XG38816'),
('18645', 'QF', '1988-09-02', '01:53:40', '424EF20NAZ3C5ZGQKC2V0T6THO7C06VOG3QHE'),
('18678', '2MKSZP2', '2013-11-05', '10:15:35', '817TO32M'),
('18684', '9TVX2DPMSE', '1999-06-08', '23:49:36', '597'),
('18704', 'XG', '2016-05-04', '11:08:09', '5W4CL4223'),
('18911', '2H66I', '2005-03-03', '09:48:17', '3738'),
('18932', 'D02OL737', '1997-08-05', '09:51:45', '0UFUQ2CJORAESA9Z86R60J9M2H35QQ6Q32HNG26RBD27Y3F168V1M27VKCTH3P7V09J19K1D4LC6W45'),
('19072', 'ZS', '2016-04-25', '04:23:40', '25AQ0E3L88X96R0526LYR3'),
('19148', '8BER', '1986-08-28', '14:03:19', '6Z88EYVRVJ43T537HLA35BRLO649C61MFVJDGWF9J35TTL93W19C5EILI'),
('19164', '315FD33DC9', '2019-11-06', '17:58:53', '458FD98R843N1FZ173PI185H1MN3MEANI0L4AU328WQ15NX5X5ZRKK0S9IF521UMJ19055AN414RT0D34GEMALX7LXTQ2O84BC50HN0WMOOK3XDO080Q128Z7EEBE5EK1P9HNQL809G9W4'),
('19167', '69', '2010-04-29', '09:49:28', '58FX7Q18517B1S03212A17U1'),
('19222', 'LU3', '1984-02-17', '01:26:01', 'EKNI478R133E8RY2D'),
('19222', 'RB', '2005-08-23', '01:35:45', '0E85J6W'),
('19278', 'U9M309E', '1970-05-23', '22:49:01', 'V01L2DUF8DB4G9364F3I4Y50XGJL9M0H3V934WHY2KK6ID89275XG8HU26COG1CL0VQ65'),
('19319', 'O9T', '2008-04-20', '08:31:41', 'T900Y05UIL08MGU3V'),
('19322', '8MA7', '2017-03-30', '09:41:53', '5732P1410LW3K5G8YX4KJ0Z4QTHCH1TE91DBE180989U21P8NJ0FIGLM56SGHM2'),
('19419', '0Q7Z240981', '1970-04-08', '00:01:38', '8W9P34'),
('19439', '4995I9U3RR', '1983-03-27', '22:05:16', 'Q1E20MZNY8'),
('19464', 'JY6A', '1970-03-24', '00:01:23', 'P10R448W2K7Y5IL1OWR5JY1XISF5USKV5LO174UBC10VC63784X912P86K5'),
('19665', 'O', '1993-12-01', '19:48:48', '576L86H0N7'),
('19832', 'N39', '1983-08-27', '19:12:50', '6STPWE'),
('19858', '96S', '1994-11-28', '09:04:36', 'HTTHKJ4I65Z2R1A4H1'),
('20052', 'M6N07ISFC', '1971-10-28', '06:57:08', 'IJ0DV3D8SN3673NUTXBIF'),
('20108', '9Q', '1979-04-15', '20:04:40', '8FQNPQ'),
('20375', 'G9', '1974-05-18', '06:00:20', '10G7RH'),
('20567', 'FZ2Y9K', '1970-07-18', '00:03:19', '83627T3W8W353950S5454S6632DZE'),
('20667', 'SO5', '1999-05-20', '13:07:01', '2U7H94F279BC6ZP0138XLFAYBE'),
('20687', 'E6C', '2006-11-27', '01:16:27', '20DGMRYB1HYQ95I32JVM86J1J6FF7UTYG63VX77'),
('20715', '32', '1995-09-04', '15:14:16', 'H6577C74T8TU9450U'),
('21002', 'D55', '1977-09-16', '12:01:03', 'P14QT575AJ10G02F995M2V1889GKZ5706FPU1QKCYA801O74OLYAZ6959898ZPM0YAD8YS6X6IHO47J5JFU559YJF96XV93IPC3ZNXOCRHMJEKP0EU4DVJVOG58WJF2S4SIJW17BRKLS2V400LV438'),
('21108', 'XI', '1970-01-03', '00:00:03', 'B642BV10H0'),
('21202', 'H9', '2006-03-13', '06:11:10', '751'),
('21214', 'AS', '2007-11-27', '01:49:32', 'M9VO'),
('21225', '9XHZ', '1972-04-30', '00:14:11', '496OO2200461U70DAL0469A0G127GG9K2HKD3KDYFH4ED355K89SFQ46S6I1715A580'),
('21261', 'VE', '1976-11-16', '17:29:08', '1UNL9I5G5X'),
('21304', 'XZ6N0', '1988-12-09', '12:25:49', 'YCQ4'),
('21407', 'FD28', '1999-07-19', '10:12:55', 'N'),
('21577', 'IW', '1983-10-24', '05:57:12', '94'),
('21614', 'OO4', '1974-06-22', '02:29:43', 'FH'),
('21616', '4R', '1986-10-17', '02:56:00', 'G21TKWXH1R8NH42UCVR3Z90U55T4S'),
('21755', 'IZ1HB0', '1970-04-04', '00:01:34', 'V7975Y4L7H3F1W25H704M24J748JXW37N4D4780W191RH6A7LUE9L2ZAHG5T57X3LK52XM44CC69591ZPYW59PWWJ306W0M'),
('21761', 'NOI71P', '1983-10-21', '16:06:35', 'UQ5M6I9Y85223F980VSC32CI813CJV4379JX073S'),
('21895', '577M', '1976-08-18', '02:27:06', 'S6BFSLJ903D02H87DZ00V8'),
('21940', 'E6LF48F1', '2018-02-20', '06:03:51', '9'),
('22110', '09O', '1971-04-19', '00:07:54', 'IYY2YQ062E3O6759I8Y0XN2QL5204SX08W'),
('22220', 'CI', '2014-11-28', '05:11:19', 'UH53311PKRE923356KX722Z63Q91G7B94E5IZ65F50P11N313ZJ7'),
('22225', 'BQC', '1995-02-18', '11:14:45', 'N3N5D0G00M8GL9V88290NJY424Y1F646T6535BZ9S2'),
('22233', 'NNGUKY', '1971-05-20', '00:08:25', '148DK4B7H8L5T5LSX6K7I7XVZT1EC4J0W6E2643Z447M5215302Q7BAX1O34HKUJQW69936X6U521QB5BY73XMUYO3863U32D1CBL94RKALSSLR27N2NC'),
('22244', 'CJ0', '2014-01-31', '22:35:27', 'SJ5YIB02P49S1H012R4X7397OXW0RL4YU8244KU31B1QK16Z8QB51BC940UR064SL1Z5G5MLQBSZ2H5E24JZ56Q653C925781190'),
('22335', 'TG', '1973-10-03', '02:19:28', 'G0495UK'),
('22372', 'J8', '1973-05-18', '23:43:29', 'D05O7IF24T0A512EI222T3THRT87470DZ336TB5135'),
('22406', 'H5', '1990-02-12', '00:41:50', '3P02L72S7SGU46ZAGW1K396VU4X7VXSN7WDDGGD7F95M4GA05Y5H885717X81V19QX4HTTSFQ09XK2W3515'),
('22497', 'AT1M', '1970-09-28', '00:04:31', '6T8OH20F9ZV1I3269DTH76BXJ22M3656K'),
('22767', 'M18FGXK', '2018-11-12', '10:26:32', '7S0PAM76U0EH9B4TQ1822406'),
('22866', '043CTNPO44', '1970-03-17', '00:01:16', '1B6DXI2J8X232607SJV0'),
('22919', '6490P', '1970-01-07', '00:00:07', 'RA024V'),
('23003', 'I71IM8', '1991-06-01', '02:03:54', '46SM7IS7LLB99HJ9231792'),
('23025', 'TA', '1970-01-01', '00:00:01', '0G3672'),
('23468', '1X3', '1970-03-22', '00:01:21', '9PIT541A19V6U01'),
('23503', 'WB', '1970-03-13', '00:01:12', '70L09T1LX32JP8107S578UN6XDSJF6S6R9OO077ECL13LFA2D1JQA648EALP'),
('24021', '5R', '2002-04-30', '10:42:41', 'DY2JM9FG8VX9NSYRWIP2C36935D7FIME'),
('24031', '2F97', '2016-11-17', '19:21:27', 'GUM54SAW41LO0UKL5814IX1O71ZC96A98Z8S9IGU6O50U1IAA'),
('24085', '217', '1993-11-01', '02:25:06', 'G596250N218'),
('24376', 'Z62U', '1970-02-26', '00:00:57', 'H035QE4420VT6AZI456XZ71NC4E991CHG3ACL3M2BAM6O'),
('24750', 'B9L', '1977-04-20', '02:15:57', '970T5K3496O5KS000P2Z9S1A3F8PQ9LR79E251GF88S7268T37W4M4AJ6VNI2'),
('24810', 'D339', '2013-02-05', '02:09:40', 'Q5NFS3MEHTDT5X9DB21ZJK7JQ7378PA7E5T9Q9A'),
('24819', 'XX', '1984-06-17', '00:59:23', 'H'),
('24936', '9X', '1999-07-03', '23:19:06', '2B'),
('24995', '40PY1B2', '1977-12-22', '09:24:26', '2UTUO7F94LMUF'),
('25128', 'VB', '2003-10-01', '02:36:22', '35G52KXUCZJ'),
('25166', 'IJ', '1970-03-05', '00:01:04', 'DXG4M0URM6UIXN059MTLU99367KD9216JD8VU80I57QU41H49474I0WHSO7SGD3428T1A'),
('25215', 'A6H', '2020-12-14', '13:43:48', 'AYIC2F5GS3GCO306HAQ8OP'),
('25586', '57IHK56', '1981-03-02', '16:57:48', 'E260475S50UJ8OXK'),
('25606', 'VOX', '2013-02-16', '18:09:13', 'H4139Z3LB0Y8EB'),
('25859', '8TPAEA39B9', '1975-09-11', '08:45:56', 'E2HL4Z3069878P3652QP9X38Z15H09TWD63'),
('25933', 'Z67', '1993-12-09', '17:05:39', '6J10034772R'),
('25935', '37R2641', '1985-06-10', '01:34:00', 'G64F8A177X9P02FI01RH5D3F5004M66SDH18BUH89W9C0DAO1KVI91Q'),
('25974', 'O30', '1970-11-30', '16:53:06', '5'),
('26166', '04P', '1970-02-06', '00:00:37', '27LL5ZZT43O3AKOFVKVIJ8YUGSRO70FS06716R3NN08ZX54CN730WX8KM415V248U'),
('26175', 'XV18W', '1970-01-07', '00:00:07', 'UBW1ND1Y3GH79D0K23U7T7D1GHFOKA2N198DSVV9U3DL'),
('26370', '5EP5', '2005-02-28', '11:30:22', '9C0'),
('26393', 'IT', '2004-05-26', '22:56:30', 'L8125C51MVF38U7286XYM48ZED3R5VMKGA47W7SDQM4DQOX5Z585GGE750141491ZY11DM1VT4VCV2R37V1E99UY3KH96F'),
('26780', '81M45CMN2', '1999-07-03', '03:35:08', 'X268Y2771UA6HX31RBIB18232J5X141S8DEE29HW7'),
('26795', 'G4U', '1970-01-10', '00:00:10', '1'),
('27031', 'N7', '2018-02-27', '08:15:20', 'VP0701693FDTSPS52HW3SEP9F11D032J59Q4'),
('27068', '2C', '1979-09-05', '02:48:02', 'ZCJ3LX55AA011623R93I6W0PQSP292XKQQ1LHEXD4JI79CON2FT'),
('27394', 'JKCZ', '1994-08-20', '09:06:18', 'K6LB88R16RX76JFOYU22M92ZGYWW22W030ION64MI6S655003HDJJ9YN8WITQB50JHO83SZNBI1M9T3M'),
('27407', 'IFH6S44MS', '2002-09-18', '01:00:11', '03FEV98P1QWL6C7452I9'),
('27499', 'Q3', '2004-09-22', '22:07:01', 'A7D9U1RS8MPDN3F53353GQ8CD831'),
('27680', 'VQ', '1970-02-05', '00:00:36', 'WXJ4FA2KVP1J32X868XD8HM0A84T9VI8PH87796T2AO9WP3BFA1XD3T95QRG27COMBLX0CKC8ILI656672M85T162QIOOQS1191JXJHYA01'),
('27915', '6O68', '2014-07-12', '20:04:29', 'W5FVM0UXOY6981H7964V8W3'),
('28133', '939O9A', '2002-02-12', '04:09:44', '38W3Q3AMR2YJ6'),
('28471', '329', '1998-02-25', '03:53:25', '0IO9T'),
('28488', 'WDVCK', '2016-07-15', '15:21:43', '689VR85'),
('28510', 'F9', '1970-02-15', '00:00:46', 'R8OM44AHZICK24'),
('28712', 'XQ', '1971-01-04', '00:06:09', 'SZ43Y2Q72H773QGAF5XW5819'),
('28786', 'MJ18', '2013-08-08', '17:33:24', '0K6Z7I9A7JLP3C335L2122XPL6W7N8J5J9BG7J242212P8O1F49J570FK7R5M4INXLT807E10598B2DM350T029B88X7HB92DEDY30WV35B138UU807NKOT3R48XS4C411S6309WS33L5KOXR8MUOM'),
('28917', 'R', '1970-07-14', '00:03:15', 'O4N6B51Q0I2VKZ1'),
('28928', '7QK', '2007-05-02', '23:25:21', '679AG8805T9OW3I526FM4R97DMMA2V8TW4X6DO0P188B98QM9O6H1CX998H3O0U1K8LJ4E2FTU06HFLA384880RB78CY6PZW3Y77DQWJ2801K74I26FO1I'),
('29158', 'XRBL', '2010-10-02', '08:11:29', '54EOX420374C13T48AE68'),
('29213', '2K4', '1981-03-04', '01:34:59', 'V48ISL250179R38MPYV08C06U2O886U75070BJ2'),
('29272', 'JG', '2012-07-29', '16:21:40', '8V33X760769S89MY69R08MK5UBYL147C5N36M43175J78MCGA89WIC33GWU5VCJ4LJLQ974XVBWF98PMO43Z4TQARZBA7RA05LJMAY4M717MHQU7C69X2078Y8M651'),
('29339', 'ZJVM', '2017-01-02', '09:24:14', 'E13O5L68J94884750575U1K'),
('29407', 'J206K', '1997-03-22', '02:45:43', 'G4R4SK0CA03506WZ90387K51Q426801XVZ8TX61N27CV26IGSOM3Z418097PBB2NP5ZR3KDO7C9CZ33LV761E7376SXO1ZP5YVKJ'),
('29474', '36Q8', '2005-07-03', '17:44:25', '342'),
('29485', '81', '1998-01-05', '03:11:37', 'VM3XLR8BM0L6A9254901FBP54D1R84E23WO891D7P6J78X3B55823GC500O1FCW1JN5H5R214KNMNQ50831607IY1112272S5OVE'),
('29589', '5ZM6801', '1981-11-18', '12:32:32', 'XV9EU3C35'),
('29680', '80', '1970-01-01', '00:00:01', 'M0ZS0SNFF2HXLMU586QSC7L7Q08353OWRJEZ'),
('29689', '84C', '1970-02-04', '00:00:35', 'HO7LM2G3ID5KO2U3D3486JP38KX0RK13W525G0B36XB9R2WNTK6HFU2X1TRMP468IX95UXA3L'),
('29733', '0K1', '1999-08-06', '17:04:55', 'F'),
('29772', 'L3XC134BB8', '1999-06-07', '14:51:23', 'I50F3N7A2979020N97UR9LU910V1LSIQYEV195BGA28Z00Q695FK420E46D806OWH05F'),
('29827', 'ZN2X', '2019-09-06', '05:12:56', 'DZI9YP72Y0422CI2R6QVY7POAIIN5'),
('29905', '91222', '1975-04-25', '18:24:43', '68H58J9493Q4OW5W9H7W01EWCTQ3Q06829O6NJJ937LQX4M9S3W5ML6QB4922R6EGRC1J5TUCI1D'),
('30021', 'RRLP', '1970-03-09', '00:01:08', 'QJD2659836906'),
('30039', '5M6', '1996-09-14', '17:40:29', '174'),
('30271', 'LQ6AEL1J', '2007-01-12', '04:33:12', 'CPDP3433N89AN4F3X53284KJUK2MJU0104RH0Q3Y8ZBGJ'),
('30449', 'P6DO180', '1971-10-21', '14:01:48', '9GM99XK8MT3844P2N1H2DJZG3UH8DM30N4J8LP'),
('30819', 'A1N6', '1970-02-07', '00:00:38', 'V937S721D0C04T600J52804M266A1KW9Q7YJ7C1H0X8JJ6VY3WVNI4J972IPD3U272D4HPV53'),
('30874', '3M85Q8', '1992-04-23', '02:52:22', 'A1MEZ7298Q6554E72F74YP76KE64U'),
('30971', 'C3', '2010-07-12', '10:12:13', 'NWB'),
('31071', '6KSK4NPT2Z', '2001-05-04', '15:26:18', 'I7K3CU935JFC4GM11JTQNMU50874GYPL0O'),
('31391', 'N9HJDV', '1990-07-31', '17:04:14', 'MB'),
('31486', '6', '1997-02-22', '02:45:15', '77WN9U0W21654WIW11VSSC5B29TPXL038MA20584G8ZB8V'),
('31511', '6C', '1975-08-06', '23:23:00', '6DB'),
('31540', '794', '2005-10-28', '18:01:26', '991WH5HYNX838TNJ2WMVG9H589R5N9BQX85K7UDTE6I4QUV3S143U43M7K8R5N5812NFYF6Z8'),
('31665', '5K4202Q', '1970-12-13', '10:05:17', '4JTH83UO765FE1633JP73QND65'),
('31801', '1TP3E80', '1977-07-27', '06:12:31', 'DY'),
('31804', '74190', '2006-05-21', '02:31:37', 'L09V1M511RZC65C'),
('31950', '16', '2003-06-23', '02:13:49', '1S7UM8'),
('32014', '7C6', '1990-08-13', '07:51:29', 'UIPN18MW18'),
('32101', '8CI48', '2008-04-16', '01:46:10', 'LQH1E1B6DQKU8TKHUZ6T23S712CK9495'),
('32238', '56W4F4Q', '1974-03-06', '19:31:59', 'RRFRDU763HDL0DX05WN1FN88AC8I99X091OBJ1Y46G0E0TNSZ1Y87SC650H6N560U9M2'),
('32240', 'F86JFB9E', '1970-01-02', '00:00:02', '91L5BZOG92ZZTXDLB86327JMC7'),
('32286', '89092', '1970-05-22', '00:02:22', 'Y9770L55RSXTQ5N4CV0'),
('32384', '3Y47', '1970-01-01', '00:00:01', '79V3QXQHPGGH'),
('32413', '1S4S97', '1982-11-30', '09:47:29', '1G5E3V8QH55WPB3W9Q9C734G2410IL947R21'),
('32445', 'ALJK', '1970-01-07', '00:00:07', 'IJ27ZM8J3MG4LT08FZ03IX347JO6SE44'),
('32460', 'O062K8', '1988-06-21', '20:36:22', '664Z9O80MJF4W1IAD5P53AO252QBNOVT0K8AV33P25E5746E12R903P97FIFF6KWFI'),
('32537', 'Y4H40', '1973-02-03', '00:59:42', 'V9YL77'),
('32864', 'JCW3', '1989-08-03', '05:42:13', '7PASL53V'),
('32871', '2MI0B', '1983-04-13', '09:20:01', 'Z9313P5HU55ULW4WH'),
('32924', 'I88', '1976-02-22', '23:10:28', 'HSL7607UETI4E4S8A74'),
('32959', '315', '1993-09-12', '05:52:04', '9JK65T2YJ'),
('33141', 'ZUP36', '1985-07-16', '07:44:20', 'KQYQ4K0B'),
('33175', '05', '1972-02-15', '08:34:35', 'CCYZDPI94169'),
('33212', '1M718Z1', '1991-05-08', '02:09:58', '30Z37NHVP2STK54U8U7FJ1J18P7O3065R9C5W'),
('33224', '4M7YZ03', '1971-09-01', '00:10:09', '2IFF0OY01409MO'),
('33333', 'F9TQ', '1970-01-04', '00:00:04', '44Y8629A70VQ36ZOF6H8Z93VJ45858QMFUTD6D'),
('33589', '9LIKB5Z', '1998-12-27', '00:19:38', '8Q4L96Z3JKZ7ULHB0WO424A536VGG0M4LFTGO676154NJU48VJR3R559'),
('33692', 'OD4XZ', '2009-03-13', '14:16:35', 'BO3VO15PIJ5VRC8MT62M5C7EAUKS8SP3H17JE38180CL1FS4R6G4'),
('33765', '36A', '1970-01-10', '00:00:10', 'F'),
('33903', '4DHJF', '2002-01-08', '01:48:52', '7DZYK668B3AB72C811CE24RFWMKTY9998504WPCZIVOBFLJA9A8X910HN8W1UEJ4'),
('33912', '17CAI5GGII', '1984-01-12', '01:25:25', '3UE45PP173KOTY891544U275B49VVWD66SJ95QO83GK3395920N44ZKN943S71DJ5205178O340ARCY4S'),
('33989', '5KW2E0FE', '1972-10-13', '06:01:22', 'GL2007C3NT0383AU924BS6C72933U308C80RWA3M675R'),
('34009', 'PQ2NH', '1994-11-17', '19:00:36', 'PPH49V4464B7JG7751069UZ0W9QR6VV63XG6Q2BSCA55PPW3F3'),
('34023', 'UHNNPA0S41', '1999-07-20', '07:24:19', '911MUMBM9IBEX12MQZQASUN90PS2QN34G3U448O'),
('34109', 'ZM', '2005-01-28', '12:22:31', 'G05S1KNCH8OQEHGO170U7351120'),
('34115', 'CL5C3W0K5W', '2012-10-21', '18:22:19', 'AKDW13715772O8'),
('34158', 'X5A24LH3', '1999-06-09', '22:40:08', 'KCL06LS78MR06'),
('34188', 'X5', '2004-06-19', '06:33:15', 'H5FFH02J'),
('34455', '71X', '2007-03-14', '22:06:37', 'H46RHUGSR91NX8XF29472373IF4P7470B2Q'),
('34488', '79566I1', '1985-12-06', '01:36:59', 'H8H94H6IH7G41034SX3884MP989L3QYT8I8PSYN'),
('34542', 'X', '2007-11-16', '06:26:20', '64LFE4128D37IU43P6O0QQ3V91509WNIYTFKE81GJ8S2R04HSB1748GXO0P3Z527MAQBUI10W8ZDHUQKFML9175H9437GV1GW75RO5183QK2S728SN83BBGXQY8H85IVO1T1DJ70'),
('34557', 'GM6BDX56', '1970-05-18', '00:02:18', 'YLI3373WQF845K5449I'),
('34747', '9B7', '2014-08-11', '12:02:18', 'B1QOU4X074103KJ6167JE00I0UI22927I5WJ0HJ802HR2H3VQ37P35U4MFTB689488OT64Z8IL696EINVSJE9YD1U'),
('34829', '8QA', '1970-01-01', '00:00:01', '00MW064X49HD65SZ18R6XW'),
('34869', 'PU', '1978-09-20', '22:33:31', '2'),
('35045', 'N4G70', '1978-11-02', '02:20:58', 'T7211C18574QH3L9L7975DK'),
('35228', 'MB', '1979-02-15', '00:55:33', '64G94989TQ09H5100BSSXJ8906IXCP510IRGOX9140WI5R597S3HMFB9AVBT65W30P427OP4'),
('35298', 'MA', '1991-05-04', '17:45:20', 'UW0KALTI0C717F5344U70R741D2L81GG629G71'),
('35332', 'B1I0T0', '1976-07-12', '09:07:33', 'Y40XI717WLH8K6OT5AU45383SF0AK8MZ63OGBPI2H5UP1MH085K0M'),
('35349', 'J489S', '1990-10-09', '13:29:48', 'X4LTO5M7AOIEK48B33HG6WV88E6GOLF2S08WB260QJRT4GRW8H2N4I4J29U9865'),
('35359', 'U02KBE7QD4', '1977-06-02', '07:44:20', '5XR9W54H1'),
('35465', 'B0', '1988-05-06', '01:51:41', '7GAC4B4X9LKBL5830'),
('35500', 'GXVN', '1971-01-04', '00:06:09', 'J56Z3'),
('35768', '3D', '1970-01-01', '00:00:01', 'HLA107073XT24C43DH2PIDI6B94S3IS05K453T7527419Y69170NH6A7H2VK3VO9588FAZU7CN95PKTC51Z4B51C'),
('35970', '923KN2', '1978-04-27', '11:25:36', '222F2KOE9S9G91A1NY7TA4'),
('36112', '588COWL8', '1971-10-30', '00:11:08', '5M48SN4L75O6'),
('36475', '2M3HZGY', '1997-06-13', '18:06:31', '5TX59W31M'),
('36582', '39A776', '1970-11-13', '12:54:13', '8DW6KZ1'),
('36618', '2F06', '1991-04-21', '17:50:55', '67'),
('36623', '1866X9U', '1970-09-27', '00:04:30', 'F4441XMR5P3SU77X5M6Z53320726'),
('36844', '293WZ642', '1992-10-26', '19:37:47', 'FCH360EIH71M4J2UC7717A996X'),
('36884', '0T', '1972-01-22', '20:19:40', 'E75B158IZ1G4F6H762A77C52H'),
('36973', 'Z11', '1982-06-15', '01:21:01', '9Y36RR015MKERCKX835GH1VDRCR08HVA9C3'),
('36980', '76AC9', '1970-01-01', '00:00:01', '0P'),
('37156', 'H0V5', '1972-06-03', '00:14:45', 'N4S7849953M7SYBNW3JCE'),
('37286', 'AX', '1985-05-23', '01:33:42', 'Y9NL7CC61U7TF'),
('37315', 'VXBA', '1971-08-16', '00:09:53', '16U93PMRM65AIR7TFDH8QB5R'),
('37323', '670L', '1970-03-25', '00:01:24', '82UJ9716U473LL3786'),
('37421', '726', '1994-12-20', '23:33:17', '8H'),
('37491', '8N', '1970-07-28', '00:03:29', '770T15I24E6T8SWEUAY5761'),
('37606', 'S0M8ZK706', '2018-06-09', '16:12:39', '3HMAN42TRP6D8F245'),
('37660', 'B34E3', '1970-01-08', '00:00:08', 'TPFP246YQP99M86W2H71EI2Q1116ZU795C8SW44C4GC7831L6M90RE81OI'),
('37792', '04', '1985-07-22', '14:47:24', 'SAL23Q01303U91R5375LN4102'),
('37847', 'LH', '1971-09-06', '00:10:14', 'L1HWW1'),
('37848', '5215C804D', '2015-06-22', '11:51:31', '21N4BHSB88E63UN46H250U257O653CYS2GTR8Q91L770O6I3EGN3FJ'),
('37926', 'I4339', '1970-01-10', '00:00:10', '042W739DVII1S'),
('37957', '6805', '1970-01-19', '00:00:19', '7PRTK9U6CW2490310NXOINJNISNW78VU90VB887T034FW3295R3WO4XLY9DPS953I0X8XF7WL26H9VZ1B0KHWKN5W99K6'),
('37995', '8JTFWQOV', '2008-03-15', '19:15:28', 'S7DD3W04X43NP6IJI8PF264J3TV35GTO51K'),
('38055', '03HK5', '1986-07-31', '04:56:32', 'T979339MBI57ZRB4DW040ENK1CCJ77K44Y6S1D6'),
('38058', '5K', '1970-07-29', '00:03:30', 'UUMLP21'),
('38098', 'I75H9DOAQ0', '2013-08-31', '10:02:15', '3V04Z9XV77KHP9M027U2A26Z9X70D8QR31106TP5DR1'),
('38129', '3', '1992-10-03', '14:59:47', '7CLQF1QHK22B9922ENDTFSJX9WH'),
('38198', '4XL', '1970-01-01', '00:00:01', 'N79X2410C2A3HW240A650MBQS55N044'),
('38381', 'ZOS', '1970-02-07', '00:00:38', 'D1177B7V8Z7D10ZUPH013M33036RH884J3425172ZL42H63E9UV4S3WRIZIPV3D7JP3149O1'),
('38397', 'Q', '1993-07-28', '18:42:02', '6SU7R565B3AQ0FQ'),
('38411', 'SW', '1970-01-05', '00:00:05', 'LT32'),
('38423', 'S313', '2009-02-24', '13:17:12', '8931XG6JV7VW8442T90MXDXPN7A2C9'),
('38568', 'K80', '1970-11-11', '16:43:00', 'T9M1Q578PSTI79VA3WF491S4KU70'),
('39038', '93', '1996-07-05', '09:48:43', 'R856AFOVH1356PZRPEDSW2QODS120X21TB'),
('39531', 'S0', '1972-02-25', '00:13:06', 'E40MTVIMH0XNPVY756TGG37GZDX3FHWS7Y0A61RMGJ5GH79K7CA5UOO341SBD950800AJVIR382'),
('39628', 'RJ6PSTO', '1975-06-24', '21:16:58', 'MPQF1'),
('39646', 'H7U1N2C', '1995-11-10', '11:08:23', '85957Z8JTD6B7S94J9TX753JVDZEIDFAR9NV28JIFPUX1N8O49B33RS8LLH26'),
('39714', '25P', '1975-12-30', '16:29:48', 'MXWKP0NZ21GN5W9SC9VC599Q'),
('39909', 'NS', '1971-07-08', '00:09:14', 'S1Z0PEB8U2613S2J9Q0B2SK'),
('39929', 'C450L8IF9', '1974-04-06', '02:54:20', '6FLW08O8IGF5EF'),
('40033', 'F1E4DT9266', '2014-08-13', '05:57:26', 'SQ05G615EA8M2ID9UX8R5I9P9LJVTJ6'),
('40077', 'FD85', '1982-09-28', '19:28:11', '1HS3S4TG407LZB8432W9V'),
('40093', '6F9G1H', '1970-02-19', '00:00:50', 'NH49'),
('40411', 'PI4', '1970-01-04', '00:00:04', '37ERZZBV'),
('40505', '3TV7P', '2004-03-18', '16:39:39', '1WVEG35UKA6IS79'),
('40610', '199', '1979-09-08', '05:56:05', 'SN1LV85764P1YS2Z5B7L03RJ'),
('40954', '3J', '2020-06-03', '19:17:19', '9124G6R647O36WD9'),
('40984', '1EC', '2005-09-05', '05:27:13', '2D211RC9WC2286U'),
('41006', 'VF1WR8', '1976-11-10', '10:30:08', 'T7RWXB9W2VXMI4970GT28EI0MWD9K284V9JNAAHQ7C1BPY3EF30709X5P4BA'),
('41009', '8PU', '1970-05-08', '00:02:08', 'N0WQL08OB8'),
('41026', '109TFV6', '1970-01-03', '00:00:03', '29IB2KQ07621M1045E'),
('41198', 'WJ8X6', '1970-02-10', '00:00:41', 'GW329CV4JYT8OW33KM9S95436KU05H2I547W88O6T29G79B2XYO65S'),
('41321', '22V4K', '1998-05-08', '06:44:02', 'H3NXAR37KI49AAY1VHO2S461YEG5'),
('41466', '898', '1976-01-23', '11:37:24', 'C6VYEVDTZUY1'),
('41528', 'V804ZG2', '2001-04-18', '11:16:07', 'XM54C6H4BM173H66G4B7LXA970QQR8AA24H609J5IX42V7D50U6BA'),
('41806', '1P3KVMD', '1971-06-10', '00:08:46', 'N7B3OZ20IG3QS9Z6'),
('42083', 'T7T2', '2019-12-15', '17:35:54', '100YN3O40R5NE610810J37L2'),
('42108', '8YQ1', '1970-03-24', '00:01:23', '74DHWQ54F'),
('42165', 'N6257A8LOB', '1993-01-03', '00:14:04', 'D'),
('42229', '055S', '2011-07-14', '10:45:05', '4994LE'),
('42237', '8FA0X32G2U', '2009-09-14', '19:36:55', 'W76MI6135AUA58I5VJ11OKIDCQOV2IHJB001Z5H4V9S2207AAORLRW42M5ML3180126J41PW2C1ANN'),
('42276', '77BR5KL', '1980-01-30', '01:01:22', '0K7L2ICZMH38D78934FR3S3SO23RF10R'),
('42391', '03HYBN', '1971-12-18', '20:24:36', 'S73QZ3R5M3240BJ1G42K30'),
('42438', 'OF9556', '1978-03-10', '18:22:36', '1C'),
('42512', '6RT1', '1970-07-21', '00:03:22', 'E9PX536T1I49D5SFY530BWQPLN3HOLXU9PU108I'),
('42573', '17', '2002-12-11', '16:54:02', 'I7TT79Z7DLA7V9L4Z96C81CK6PO2V7QZY96RT9T1MPVZ1AL69A'),
('42677', '9', '1970-01-19', '00:00:19', 'O04R50'),
('42680', 'ZF9H', '2011-04-08', '01:53:42', 'V1A0BZ7R95HF0HVVQY807H31883Z6344671166K'),
('42730', 'GV56997FW', '1970-01-01', '03:14:04', '773W26IXXRNGW57U0'),
('42887', 'F68ONAU509', '1973-04-04', '12:33:30', '87LKLS5C869WB064YH344W86OEG28J1G5173VY9N6I9QWE21GT1M24UP5'),
('42952', '2N', '1987-03-22', '04:25:40', '50'),
('43123', 'D247N9Q', '1971-02-08', '00:06:44', '2EH4KRYASDEJ536K29AS5TRPKRU60ANOMY73040AT5HDZ'),
('43204', 'ABNNX75V9', '1970-01-01', '00:00:01', 'SLFPAZ'),
('43422', '14031PY', '1980-08-08', '14:17:43', '1AV6H4B1EUV9869N5'),
('43442', '0Q', '2016-01-16', '13:34:46', 'Q3C3DYIFT66XU12AV6D1MLMMGMW6'),
('43783', '9O5W45WBD9', '1990-12-04', '17:39:28', 'JXY6FO'),
('43815', '1', '1970-03-12', '00:01:11', '9103GQ'),
('44186', 'N6', '1976-01-24', '23:31:15', 'W3537238CS6EVNVA29A7U2V076407RY46TD2N3U5U2T53JN592L80ZQ7W3WBGE'),
('44253', '6B0PN', '1970-03-26', '00:01:25', 'Q7497MKVM4DQ15S306108TA207NXOWL3945Z81E58NW38C53Z243545388UV3RZ3P0CLX41MG1U2150613YJ1NY41RO01453C97H6Z00IEA9O1RD705VGTG526HFPL6197LU'),
('44282', '6HT', '1970-01-10', '00:00:10', 'M5U546T1HI9U775NA0B7IHGV581742PS222QP2KD910NRJDP93LM9'),
('44315', 'UQ5', '1985-11-12', '11:24:59', 'J4Z5164'),
('44632', 'YZ', '2006-07-18', '16:30:12', '04M47L2EHB93O28A4K4VWQN5J4FY'),
('44647', 'PY', '2013-04-13', '07:23:28', 'PVYLFG52209'),
('44786', 'RV8', '1970-04-07', '00:01:37', 'NN506UV72TR9T57U087SU35WY2L328H5EZQH6Z0QYE314'),
('44922', 'IN1I', '1989-02-01', '16:29:28', 'Q77'),
('44963', '16S5DTFUH2', '1970-01-08', '00:00:08', 'L5M5SFM8CM1ORT9U1MNIAT6I754ZB3556ZD7AYKU'),
('45043', 'C8', '1989-04-21', '01:48:39', 'S7NX1CWVFM4H6E06PYD14DQN3MS38DAAT5Y6'),
('45146', '11LT89MA12', '1987-03-29', '00:40:17', '8C48149TW4BGLVO0P173N6X0SX7788W7H9NCL'),
('45218', '35', '1970-01-26', '00:00:26', 'JBO683S3XXOM36MY0LVKZ6IZ5TO4239D456V6Q8UJ12VR437XI973U7AWU7380P43AZ1C7BVQPQ864UHCQ8XF7ND'),
('45694', 'S8R', '1970-01-04', '00:00:04', 'R'),
('45702', 'XH7P56', '1971-11-12', '00:11:21', 'A077'),
('45724', '33A', '1986-10-07', '12:33:38', '1PM3X5P1H184WI66YG2DWKLR94QT783WF434VQUN'),
('46232', 'ZV5U', '2006-05-16', '21:19:50', '4J4XD79T433255Y98GF3WTSWU956T2VGNEJ75J28TGCI7261F365YRM90021PIAD2Q5H0Q2AA9F1YD0CA0A41X35UY96VR46L0P78Q162NH7WP1T89070J4M7F7CJM8N'),
('46327', 'B08MIQJ4', '1985-12-17', '21:35:03', '2S6J627BU6655M'),
('46395', '1K8', '1985-08-27', '23:21:49', '0UQ06W'),
('46653', 'TP2OV3NS', '1992-06-24', '02:16:51', '85LU28TP308D8RK'),
('46965', 'PG9', '1980-07-29', '19:10:02', 'I07J'),
('47016', '8Q', '2004-12-05', '23:10:05', '2N28RDO3B54C3'),
('47061', 'WBM35', '2004-11-29', '22:20:14', '27O8NG8YR7V4JIO45'),
('47292', 'MO9LV53E2B', '1996-06-27', '20:31:25', 'BR00H3JYXK9GJ59Y51'),
('47426', '50', '1970-02-20', '00:00:51', '231M9VM5895ZO41D3W7JRM01O755QT277XH4C35PXB881X6'),
('47820', 'NDH2', '2003-05-20', '07:51:38', 'GUU462578T6C328363D2QB630IU3331G4F8D29N80J9WC138XL4BA571FW462S16503VWM4'),
('47840', '3O', '1972-01-31', '00:12:41', '39O37LR61OC47O2370N18EN3PA0A8W6J5M8LZMZ'),
('47857', '7Q741', '1970-01-07', '00:00:07', '9H0GG6NB6S82K5Q'),
('47861', 'N3', '1970-04-28', '02:49:14', 'I4R02DNS1Y84ZPI6QKLR5Q0147493N0ICI8DDE9S6DUZE700WMYP7J2C3YY71MMB0OHPBK3J76XPY9L4T6V3LBLJKRFDG391J9620865574W85M'),
('47864', '067', '1970-01-06', '00:00:06', '66VY80Z4SA96E69U0KW0RC59N053PM5U3P7U177J6B0T'),
('47882', 'YG0', '1989-03-14', '23:09:26', 'C30OH6Q1L2E2N25D5PSV0WRM58D21J74OIWQ39Y8Y'),
('47929', '1WC86', '2005-07-14', '03:14:57', '3E6Q0843ERDS'),
('48046', '76D034', '1999-11-07', '11:14:09', '37CYBH5V3E3X7GE711U4GAWQDDB3AG8W20JY2JHPR4681JD99M18B5310JFJ9B4J'),
('48139', '71Y', '1982-07-29', '18:58:42', 'J2TV3A5Q6W6813469QL7'),
('48169', '0', '1996-05-13', '16:26:31', 'S1Q7ISSC88VGA6722T764F87M51647NDU91TRRCPMI88'),
('48206', '3DQ41Y2', '1985-04-05', '13:38:42', 'W74Z6APFLHZ'),
('48238', '8R', '1989-07-26', '00:15:23', 'XNHHQ13N0'),
('48272', '5J6', '1983-06-01', '04:24:15', '7297RCGGK8T9T5NB4BB3K24HE6432D59O9DTG6J21LP283455VP87P7K252M6N0I671F44O0IH040V3Q7VX8ZDMO27LWJ'),
('48277', 'RZP', '1971-10-18', '00:10:56', 'OM'),
('48398', 'SW1', '1973-05-11', '07:09:01', '7L89262G62XH981KOW68VAHLU74'),
('48483', 'M88', '2000-05-09', '20:46:17', 'BV3L723H6M0099652BI7K66564EYZ6GS0174A1CIC82N5K05'),
('48551', 'NK2', '1970-03-30', '00:01:29', 'OV7LT7C30HR2'),
('48581', 'S98', '1982-09-02', '10:21:57', 'ZKHH514A5UNTVQ9IP9PF2YD6YE2WZ447'),
('48653', 'S0KA5S88', '1972-12-18', '12:34:26', 'SC9YJDB331KT0RWTCJ03K61B644W3R5IMY7273K9'),
('48781', 'Y1Z566C', '1991-07-16', '07:22:37', 'J'),
('48901', 'UP', '2018-09-13', '08:05:29', '699ACJW3T33WF87RXE5400G4UEZ575Z00113HA52HP99JP030N7B01VZS9DT4WJWMU7NR5E'),
('48969', 'AA', '2003-10-11', '22:30:55', '83XJWJ633CWR62R7OKH4'),
('48970', 'WL6MG3RW', '2017-10-02', '10:03:15', '2662VRR0G90KCP'),
('49104', '86O9KY', '2021-01-17', '18:31:12', 'D76C1JM'),
('49115', 'IE1Q', '2002-02-06', '09:47:10', '2V4JLQV7247V3J6LV8B3T9Q5KCEZJ3CX2I26706L44J19GEK459699YX9M0NLLEU86CS1L3TE5SZ899A0S24Q6CX03BGSY'),
('49123', '67EG', '2020-11-30', '13:07:00', '9J'),
('49240', '0W', '1993-06-29', '05:20:55', '82W4I7VTQI173OJ2F3QPO3WO584YHU69'),
('49242', 'N9H844N2T', '1972-11-10', '21:46:39', '7'),
('49259', 'I6GV', '1983-04-25', '01:21:03', 'V805'),
('49283', 'EX', '1980-04-26', '01:02:49', 'BBE1F748K54'),
('49359', '3G6H1VFA', '2003-04-21', '12:51:38', 'BBB2F9955282'),
('49364', 'AVTZ', '1975-11-25', '19:15:18', 'G7QOY8G03T1P243'),
('49428', '8R9H42A8', '1987-09-03', '21:47:05', '9XJ8TZX9M4O81WIFY99PF49TRJT2NWFO98W4QVYG86DW96L'),
('49485', '91Y61206', '1980-05-11', '19:11:06', '44MK2993QFUO7O4FRVI33D6I5US6X63586Y09W04K0N4PI6T9ON8M30E9ZC4N1EP8V52'),
('49641', '48S82FIU86', '1978-12-26', '19:35:13', '0C1K405LBO8205TJSC'),
('49754', 'D8C', '1971-07-10', '22:52:23', 'F0OXWK94DKFG5X2PD1PXOIEAP0FE8432Y94AXZ6R9DJ4YV9J4'),
('49922', 'GHH99W', '1993-06-21', '04:00:13', 'QP8895926788VU7WPYO0Z8G57S8X99LX7'),
('49937', 'F5232T0YYA', '1976-06-05', '17:08:45', '83T06KX5J3658P30OC17927V9RYJ5SK4J9T22'),
('49985', '90', '2011-10-21', '01:48:16', '367J'),
('49987', '0Q8K', '1970-04-02', '00:01:32', '528Z24W6GXH5A2U0NX92EQ3D02J291LS879952C3WKE8YNX10PDX4ZJ78H'),
('50028', '3KF', '1993-02-04', '18:43:33', '49'),
('50193', 'GK6', '1976-09-12', '18:05:45', '59L1B407'),
('50490', '7QHH', '1996-12-23', '23:47:15', '2V122D0D8ZN4KY7R09F5Z4JT9F1O6V1E30M9A34'),
('50512', '6E920H15KJ', '1996-01-18', '08:29:52', 'HZ0894157F43Q9A18L8R1Q'),
('50590', '9H', '1970-04-01', '00:01:31', 'X51SN3G04A'),
('50631', 'ZQGA', '1978-04-23', '21:41:28', '12C9B96PRZ2YK6M1551X0E88D9A56YP40LJ2G21KI9VE188G445K3759VN1SFW0HR0982G4A21FJD9MC7A40W985FU62PXBL84RFD8E6'),
('50746', 'J0', '1981-07-20', '17:27:09', '2'),
('50769', 'YP709', '1989-05-10', '01:57:50', 'J99U'),
('50786', 'F1', '1992-02-17', '04:18:45', '4TKO8ZP6TA0JML9744P8B7UV8001HZ6M1HM5FMF1981JNKVRVYS72CZ6KYL7Z6P02GG39Y8P9PVZ2U93A0P56TI95KR645D148L6PM6VBB2AQ0VBS7TT3161K530O26X'),
('50992', '5E9O3R', '1991-07-27', '02:14:41', '5D5VZ4477A2857YPJ8XK1LC4C9659V9K4JPSPUM5O'),
('51063', '57B', '1990-11-01', '17:49:59', 'SL74R53RW7T4'),
('51260', '0L6U', '1976-05-14', '14:00:38', 'F8C'),
('51601', 'Q3601', '1976-05-28', '08:08:48', 'DCG40205NQR8273IP2OP4XD17AC03VITEB59TU9BBM'),
('51627', '684', '1970-01-12', '00:00:12', '54'),
('52008', 'OVR338L', '1970-01-06', '00:00:06', '94MX671305782Y7U0UNLE094'),
('52121', '762E', '2018-05-31', '03:12:06', 'NI96QBCQN2W17VVDC306M9'),
('52288', 'P5', '2015-07-19', '15:02:30', 'F148EE85V0F'),
('52339', '743R', '1982-03-29', '01:14:31', '102VE83Q42B'),
('52340', 'X28H', '1998-03-04', '13:49:58', 'F3CLW0U217ZX2J9SXI353FTIF7UNCF2699889L207Y4F2D3O6EMT4PK3WWC2IIR6GO'),
('52441', 'V06', '1979-04-02', '00:56:19', '28J4263BZ4689LRZ5F7'),
('52461', '3ZTO5D3', '2000-08-15', '23:33:06', 'RMN59YPDJONO7722MI493736JL5B7987YCP457D298VU3200FVRSI5GC72Q51EEN'),
('52702', 'P81BSYIUU7', '1972-05-26', '02:15:04', 'U6P0G2QGL2SPN1S3I'),
('52980', 'Z6U6', '1987-11-20', '09:18:10', '3EGF12NCK9YG3U1U7'),
('52995', '3A', '1971-11-06', '00:11:15', '99'),
('53126', '381B', '2001-06-03', '05:54:43', '8V4CL'),
('53153', 'SW24', '2012-12-16', '13:02:10', 'U5071C24F1Y6HK4KJFBTKV9MPC482U2OS05B88BDH'),
('53325', 'EF', '2000-02-17', '15:20:08', '7'),
('53391', '28PO', '1970-01-10', '00:00:10', '8Z8S7B38CSLYYK1Y644QAQ6ECKHE008HZF3ZWR9BHZ4SWOSU'),
('53514', '1MAZ', '2009-04-04', '16:52:01', '50I064Q45ZX20'),
('53855', 'STWI3U', '1977-06-24', '08:47:39', '8YUL3EC71IITJLS090T0'),
('54047', 'VY', '1974-04-30', '07:38:45', 'TYL2H16CQ2F54TJV9O6QKIF5'),
('54209', '1VF', '1974-10-08', '07:59:41', '4X0532N9733Q1D395HQ7335A40JZ5797CMW9JJ41JG5PYMCCUK3WKDU09R2S2Z702PL5VO99708'),
('54217', '5C74A43', '1970-03-04', '00:01:03', '5SU2G3743FNPMVD7'),
('54522', 'W2R', '1983-11-28', '09:14:27', '6078C03F45P5VN5JV3I2EML51OA0C8288SQLR56MFKM15R5D6L17WO7S2X151U9GS0001647W0R2V44CM4AM962O3101864S734L3XGJ6X'),
('54619', 'M11B63', '1970-01-04', '00:00:04', '8I65361A9G19209YH73TOEZA1Z22WFNJ'),
('54857', 'D1H79', '2018-07-03', '18:43:27', 'P47J23Y8G7G8B23M5LZ3I71P70Y8H1534A988299909P6L3'),
('54882', 'MBQ34739EV', '1992-05-10', '00:59:36', '7143765WW1ZUS32UL7356H9MW550UZ6LVKT35HW1NA5WD44RV592P95CYTN82157AB536ZU145S85S45Y1SW5B3JRH8'),
('55254', 'TYZC', '1974-12-26', '02:58:25', 'NVGB67C70P4O5ETH81WE0'),
('55397', 'W17RV26WC', '2020-11-26', '06:30:25', 'T0M'),
('55413', '4M0H0', '1970-04-10', '00:01:40', '88602'),
('55419', '6LZ', '1983-03-05', '20:57:04', '01146L4Z62MZL86P7571SUNUHZ75V53'),
('55474', '76', '1970-09-09', '20:28:24', 'C7X9761AK6YB64EQTX07Z7NEB87M93QB3'),
('55629', 'LWM9DIQK3K', '1973-03-12', '20:27:15', '4CX5B3XT0145R9K'),
('55702', 'E', '1970-01-04', '00:00:04', '9D13ZKVM1B'),
('55761', 'H01A', '1970-03-07', '00:01:06', 'CVGXX81B5S70811L96NC4V115244QBT66AQ55L8Y6J345F0A290L'),
('55918', '8CSWIJ', '2003-01-21', '14:18:43', '92W3MW622N'),
('56083', 'U4', '2016-05-17', '14:54:24', '77H0P0W8OW5C459MM26G023WEN4AP65096WY8878X3JU0JH4B9R4EJVNUT1HB64E288H9361X9OV939UC9'),
('56157', 'K3EAPF8R9E', '1971-03-28', '00:07:32', '5T62T'),
('56356', '20D3J', '1970-01-28', '00:00:28', '212OK6'),
('56426', '43R', '1975-05-27', '00:32:12', 'W21HRM10184781ITD4873PTLTQH59971955VJ0Z'),
('56451', 'SQ15R811P6', '1982-10-11', '02:17:06', 'I7H'),
('56475', 'FX', '1970-01-10', '00:00:10', 'VUEHAXH225Y9ET6345QHGRRDAYZ68928K468X89R59'),
('56575', 'CT', '2006-06-09', '19:25:17', '43W12F701VFS344G1MJSXCCLGP44J253EN660EPBXZH0S3615Y96MZ7C'),
('56606', 'RQTK', '1991-03-29', '21:46:53', 'M2Y3C8QCQX1828S1FCE0F6985'),
('56687', '6452', '1975-03-09', '13:16:04', '9VLF429J2ZE0R322Q35SO0T'),
('56813', '9E3', '1996-09-18', '08:57:51', '0WT395FN4971R7CGH9O3A1A157P47Q'),
('56843', '7TP', '1972-03-02', '00:13:12', 'L5B9846R1LKF9G4NIU950E35SC1CI679AB63V0P519EJ17P2D67V65H9S6X2V16952S28WQNJ2P7LS67O2079BQ'),
('56874', '05F', '1970-01-09', '00:00:09', 'J8UJ45L1L883X40B65X0NV43K16499JAB9F6'),
('57240', '12G', '2016-05-12', '15:44:17', 'XU1V2D68R95YA3WN6N7R6L59R'),
('57562', 'VP', '1972-08-10', '00:15:53', 'W39RJYYI02I80GP8U43963V1721QZJ493RSGB5MLVT886YB5P1'),
('57890', '2C938N', '1973-09-28', '06:48:58', 'NV09YIJUUUHM506G38TVF597Z74ZFO90LV8593QM'),
('57912', '98O6N39', '1989-02-13', '01:56:42', 'JWZ102G7K3U6O0I5M'),
('58008', '0Z', '1984-09-15', '10:11:12', '49COHT06802MSTXCL5528Z2XI65493YOAB2Y4B911ZL5LJ1DJ082J87I8EA71V72MKF6SL9D7A'),
('58020', 'SSZDAQ6', '1984-05-29', '15:08:31', 'O4AI6310VD597H2S6TYM1A9828TS0HS6G0J9'),
('58061', 'S3', '1976-04-02', '21:27:13', 'O036R91BCU023'),
('58062', 'T0I', '1970-01-04', '00:00:04', 'WLY2RUDMDN7N0Q96R7WE62DD46VSHQ0ZRD6RT3039ARUS5V1Q6Z34C5Y36A40E1LXX346'),
('58211', 'M0', '1970-01-02', '00:00:02', '9U'),
('58227', '285', '1994-12-13', '19:41:46', '4'),
('58229', '3CC2V', '2020-01-12', '20:15:18', 'JK88PF4A54YVLUW2DS0GP7BUW7Y145C90AV5V'),
('58293', 'V78XY3MBNN', '1973-06-20', '14:14:50', '0CW7IGTC16T0V13ZHN19QJ1SE0PO18284W5T6NV6224JWLODNF0SR8003XE5NJ2Z24A98ZS6JXUI384249CSWSJ0FKE9DG994496C0Y299VQ7132ZM8LXMX238US0LD530QH87834328Z4333NIJJ4'),
('58321', 'P961', '1970-06-08', '00:02:39', 'ZWRAU0ZW3068Y'),
('58439', 'MLP93', '1984-01-06', '01:25:19', 'SIZQ82M1U9QA43RG824F446'),
('58443', '21APQXLS', '2011-10-21', '16:26:52', 'Y26R992F54A028Z89O8911F1557AG4'),
('58655', '86', '2002-06-29', '09:13:41', 'E9DL2Q507C02627871M5U1V6N9SG2NVDS533QY504HS12T6S09DCX7JHN4N3USVKCUE720Y0KCZD65Y4N545K4X0R7Y67CRQ'),
('58735', 'R79', '1998-04-03', '01:16:40', '175R8YX3Y9B198JEJ1128B74A49AR1BL45059'),
('58823', 'X80', '1999-02-27', '04:03:50', '3A0DXTN642175U3S86M5O616BFJXPXP2'),
('59218', '0DA', '1973-02-27', '13:31:33', '84H2AH5KOS6N9'),
('59307', '3K', '1978-08-19', '12:03:28', '2VDE194YXQ8BJ5I57C0XR5'),
('59319', 'O2L8', '1983-10-26', '06:22:39', '7HGZS4Q7QK54XCU0PDP6QWELNTX36AF3Y6M94789J3QZ'),
('59354', 'PL', '1972-09-05', '01:19:16', 'TF'),
('59630', 'S06', '1970-01-08', '00:00:08', '494Y6UMT8TE824108L771'),
('59801', 'R36W9S4YFH', '1971-07-03', '00:09:09', 'FR'),
('59840', '9ITHBAK20', '1970-02-13', '00:00:44', '8RNC210RQJP6X2NF9QI5QP38T86A0F35320WX'),
('59841', '8P', '1970-01-22', '00:00:22', '6CC86S4UM3I4EU41KAUAB6XE8'),
('59957', 'H7XY69E', '1971-04-01', '02:41:10', 'F05GY6QAO6'),
('60081', 'D9', '1973-03-06', '00:19:21', 'J0180Z4U95E62GJA76'),
('60106', '22J', '1976-01-24', '14:13:36', '7I832560075L67E5NRNRO409M5FHP5859T'),
('60232', '2ZT', '2007-11-02', '09:42:24', 'U33P8P0'),
('60458', '83', '1982-10-21', '09:45:43', 'V7OL33YM3G2GEHK'),
('60810', '5GF5Q5', '1970-07-09', '00:03:10', '0DQ43'),
('60925', '8PY', '1974-02-14', '08:15:37', '1O35217KKUC4LT7124C4I3C1GGV4CSW93RWC5J5W1PJL5EJV84CO4519546BAX4HBTF953FWP5UDUTO57I8E0380CMC5UM5EE459D0ZET0TL12Z665'),
('61018', 'V2L', '2018-06-28', '21:19:33', '5LTH2SB047V3S20I7'),
('61083', '3EQP', '1970-02-27', '00:00:58', '88J40S807ZR88JUEZD35XR3Z3754P9P3I1WV4'),
('61139', 'Z2', '1972-11-09', '02:59:27', '6JXJIE33671X1SYAN31Y62537MI7W'),
('61554', '704', '1970-11-09', '00:05:13', 'O657P92URTVWPH8KAOZYD366HMZWUOJB4ND1NLQD83TF2NY'),
('61556', 'Y', '2013-09-13', '05:11:35', 'N00VHLCZ2Y1O3Z3DVQSQ768Y0Q6'),
('61761', 'U', '2017-07-28', '02:54:48', 'BB06WZ6'),
('61768', 'H78J', '2004-04-11', '21:20:08', '789J5UNQ86R51MAM7626T8QSG2SLC5R33785JC5IMMGRIU4'),
('61869', '6358', '2010-11-02', '20:09:37', 'JH1'),
('61954', 'LNSS85', '2000-01-15', '22:24:35', 'RNN1DX9D3PAUTF53'),
('61957', 'I5D', '2017-06-26', '17:15:55', '8APT31O247J'),
('62008', 'ZJ36I1', '1991-02-25', '04:50:53', '98X'),
('62041', 'WZRT19W', '1971-06-07', '00:08:43', 'YL3J0FCG50HAW1NM5F749A5N3712IN2UNQW12A'),
('62206', '3RWL6398', '1970-02-23', '00:00:54', '87Q5001514IMLO4383U'),
('62287', 'UV8', '1990-07-18', '05:18:26', 'A30OL'),
('62400', 'G7Y', '1970-01-06', '00:00:06', '5T9E2R6C8AD059296001J1C3E6AZUXA32D'),
('62547', 'FL', '1998-08-19', '15:05:17', 'OR0OCX3992MUEEB'),
('62555', 'PKS', '1983-04-14', '19:21:34', 'XC2YU4'),
('62803', 'I8O28C', '1996-04-07', '17:32:19', 'AD99653G5WLZ3T5'),
('62888', 'YL881', '1971-04-19', '00:07:54', 'BS3660OP5K69RG9'),
('62896', 'N2MS3W677K', '1990-07-31', '02:31:45', 'PS5X315S468KS34I2AN4D2L7S3E381PCRA'),
('63062', '37U', '2003-07-29', '00:19:48', 'U1AN2FXVI9E96V9FPPRRTUNXQIY019M'),
('63504', '5520', '1970-03-20', '00:01:19', 'NF502B705O5'),
('63555', 'ZX6GRFH5V', '2006-12-18', '16:51:00', '7TVA14N68G614XG7EMEFZ5D9090958QC2B3'),
('63570', '1135', '2013-07-16', '09:06:32', '75CF07S3CC45K73RA1589I9X4EP0'),
('63612', '1GAK8DC', '1998-01-30', '05:45:40', '42J83S95RU070AE5U9KJTP14DLFU1414U2EHH79O316V3ML089PYEM2U8RUC1LE0NL9RN23Z24'),
('63666', '7C', '2009-08-07', '10:38:33', 'NO11T8QQ5ABNL38O98Q6Z008388Q6V19BK80D18675X92J1'),
('63668', '1XEL', '2015-01-27', '05:43:23', 'LQP3C8EI03TG6LC02Z2B74R763W1A231P27T7PQE2XW3CGL2WYNL3JQ'),
('63769', '993', '1971-07-07', '00:09:13', 'MMROIK7F33OP2DOC872YG1DK43VY4E72IGX6L2C34A5Q26VJ8NK4D4OI3J'),
('63852', 'HJVH4X9YKM', '1970-03-12', '00:01:11', '39C4866TT2V3EB30'),
('63986', 'ET', '1983-01-04', '02:07:57', 'XRL4NVI298LI7W9FKO2RR4OH39'),
('64062', '1I', '1970-08-25', '00:03:57', 'NDF2X4T5YUYJ6TRRPRT6UEFG77'),
('64208', 'SQ', '1970-01-16', '00:00:16', '6671Y5XC5AJ74928U295J5'),
('64217', 'C33I15', '1981-07-20', '07:32:39', 'O1E0'),
('64298', '88H59MV2P', '1970-02-04', '00:00:35', 'KXJB2122792X1O0EQ9B98O9'),
('64449', '5X7WC754LD', '1970-01-07', '00:00:07', '0G6F119X6M01WAHQSL19N1JD3ZQB62M'),
('64539', '12', '1975-09-12', '04:40:11', 'LB208I593MV4X1YVUS53TN833B3G3F5TQ13Y8E08UCK61943S2SOMC7'),
('64751', '2443T3', '1970-01-30', '00:00:30', '48712X04P68RB1MV1J14L5UXVL1AYKY067I7H5G'),
('64765', 'H1', '2009-01-31', '02:59:22', '6I465OPOYI1T5FPYNGO117M04NAFQF49JQS2RGDMZ1'),
('64820', 'I9ZQ', '1970-01-08', '00:00:08', '6YA9FKR6BH5072L2VA45NSL7T469DTG4JA830FL2895IA1BRX12FR9G8BO2RV02I816Y'),
('64964', '3LHMZ96', '2013-02-06', '21:22:38', 'D25NF5380C07Y0N8B2C7WZ1N70K8G85XMU3M'),
('65056', '7XE41L364V', '1975-07-20', '00:33:47', '9VEY835185'),
('65064', '2F4Q2', '2000-06-04', '12:48:50', 'M8G06CO5M68M59'),
('65119', '15', '1978-01-02', '16:25:04', '3488URY'),
('65143', 'K40', '1997-07-17', '17:04:29', '375M54'),
('65226', '525', '1994-04-17', '15:41:25', '71X685TW'),
('65345', '95', '2011-04-25', '21:58:52', 'BV22H7ZJR636447VEL24J'),
('65417', 'Y6KUT', '1983-05-21', '12:58:10', '3R05T0Y2YPDGHL3204T739NVLZ186QE55E'),
('65465', '94', '1971-09-21', '00:10:29', '3YO52Q23PU73WOW9LYP9MIY198929AXE8104VXUQT'),
('65610', 'XHG4LR092', '1982-11-26', '12:55:19', '01B8107088MFKEW59GW55A9297DLB3B1CG16P4L95K3PA2C4EU9AH89EYW586DZ962W4R6D8SM4BNKBQTLKKRYB01LE171XXRP0MH37320363S994GPL0P1HG2A1'),
('65618', 'A8', '2018-03-18', '23:51:41', 'O3SPDL71'),
('65840', 'BY9M', '2012-09-04', '10:12:21', '46ONTP0R2U99F9ZAJ39SP3C5'),
('65958', 'ZJW', '2007-12-02', '07:04:55', '8'),
('66071', '83MF', '1990-04-13', '23:15:04', 'ZPLKX1AB1VO6WKADP228O'),
('66089', '1410', '2019-09-21', '04:13:11', '4VJ95IF9FXI5RJT7B7ZA4N16YXKN4Q'),
('66107', 'BUF', '1977-05-09', '09:40:11', 'MESH0SOZ8'),
('66213', '817746Q', '1970-02-22', '00:00:53', 'U9Q937X6790U488CV9T560CG0F6NQU'),
('66469', 'V4G6U', '1993-11-14', '01:24:37', 'O8A112OD91T631AQAQD26QPJTI4EL03ZACTZ2ZT55VH5999CG582JOUQAN531HAYIM19BCN15B6LJ76GJ2MESENQ8'),
('66678', 'QH', '1996-10-05', '03:59:37', '0V9CXO0FGI24EX18B49CNA42575573CS15DF7B0Z0V5606S9HU9Y5D0CUEV953CRN0QT9Z8621VF46CDRO3J984UCI2SD24L5G795WY97787I06'),
('66702', 'R0', '2019-01-26', '11:11:10', 'E7778ZUG2JQ071U59J41'),
('66909', '4PQ', '2018-11-29', '20:18:01', 'L245S47T89'),
('66910', '3BFW5Z', '1970-09-06', '00:04:09', '8EM012MB42N69102044X118QDWP5'),
('67007', 'AEP', '1990-04-29', '02:59:28', '85PK8CF4WCID45XHZ12B0'),
('67488', '225VWD44', '1988-12-19', '14:09:54', '65LUW40739QNMZGX46CJ'),
('67493', '79O96K', '1987-11-19', '08:56:18', 'Q1767EO1G20'),
('67557', 'R9NBXO', '1987-11-26', '01:48:59', 'L932JI'),
('67564', 'U3CM01CP20', '1982-12-03', '01:18:40', '5Q2MQCWSJFUVJ1TICRNK7OMO867O508LFYHR629032QN'),
('67674', 'XHW', '1974-08-21', '00:46:37', '74H232F4'),
('67773', 'P0', '1981-06-14', '01:09:43', 'M40P93W1YMP4335PR37N0W45J0OK08BA16Z662327X18RH3IU6B5W0OE6300T0KX9W994H2L2NW4UP0N25084B70G2431E0DC3BLYW44056N8552NSYEAM6RIBUJ646D9885Q92ITJG'),
('68023', 'HAT3I7', '1990-08-24', '12:28:25', '2JGZ371409AGRZ5ILTHGQP9H961B0T50A'),
('68150', 'U16374', '2005-12-17', '14:55:54', '9C03805LRD829Q5XGBL94002JD415K46H4EDC5S'),
('68234', '32Y', '2002-06-23', '10:54:46', '5X1383F852ZE9NGPBW2JU8M4K6KN9HF5'),
('68314', 'SB5E', '1973-07-04', '07:52:26', 'Z2D98EEA73324IT82P62H30P2168VES1395P12GK8428FA5HXYC2A43BXZUDD35CKOUF1BP0V5J2704NZ8NT0D82QK470KYUU934S'),
('68578', '2RL', '1996-09-17', '18:21:14', 'JC4WAZSC4R66Q67E1TAOXA5728P68D0YP328974DELAU6TM8BVSP8V89QJ83171O8V7NK0C7UER9LWGK3LOXOE65282H4Z721075VM7W8155W11'),
('68767', 'S4', '1991-11-30', '21:34:21', 'TXP67VLW8BP3X365NA8L4TJ1U885WVSWLEYI'),
('68797', '65TH', '2010-05-28', '18:19:06', '8Y'),
('68879', 'K8', '2000-01-30', '03:58:47', 'IR8EQ685NQMCVR'),
('68935', '87', '1970-03-16', '00:01:15', '9K'),
('68951', '5W', '1981-02-22', '05:25:11', '5YG61508TXHD1I5H33UP0EV2A1E3RRO87J251M507O93'),
('69033', '7L', '1993-02-05', '06:03:44', 'VVXGY4EPR0L1HC1'),
('69124', '8MD', '1985-12-03', '12:34:44', '7Q75UY6C385C7KTL33922XTX7MJ86V2ZV304N18B586L4602I99190AL0CUX9SD'),
('69231', '1P', '1992-10-26', '04:22:27', 'A1MT8P03K6K81291830N1152EZ57GFDZX6K5AJL0XR576E1YS1HWQ5KS8235EL'),
('69347', 'EPRY4', '1970-03-16', '00:01:15', 'JP3286G8L1210V0A31UNVT4RT365ZJR2N046XU5I7XQ155CIVJ8'),
('69350', '4599F54FSL', '2015-10-14', '19:55:39', '54O4P24C1KS64P5M2WVJ03EK8CV4W3F6N3170HXI'),
('69428', 'E0', '1984-01-14', '01:25:27', 'W'),
('69532', 'Y1', '2017-01-10', '02:44:42', '98QO33'),
('69621', 'EY', '1988-06-25', '11:49:08', '69O6'),
('70076', 'Z5S9', '1976-09-13', '16:30:27', '242S3255DLL86D2M7SF0B781U602F62O3W2DN24CLA0ISLU6'),
('70183', '88', '2008-05-19', '00:01:14', 'I44K8F1454CKCL99AHM56V5XSII893325QRXI8671X6P839X3PY'),
('70260', '38', '1971-05-21', '00:08:26', 'I6BH1'),
('70458', 'FO', '2004-03-09', '18:12:31', 'F3DB78TKC654K1JZ76I0Q1APDO867LEU8DLON3H75XW6MSB88SK89DL1ZLT297I3S9FD3ZZP17HJ7RN2N08H72UR577902193Y62W8X6LOU2D45'),
('70490', '040', '1988-08-11', '10:53:57', 'OGL8LGF72VW5AI4K7KG7X54X3'),
('70580', 'RYO47724', '2014-08-20', '11:26:53', '19WHZ5YFPQT369J7OH813VFS03XW1V633KTBN9ZT6XGH8EY8545JMMZM94952'),
('71062', 'N60', '1970-03-29', '00:01:28', '63MNDY'),
('71136', 'OZ7K4', '1970-04-05', '00:01:35', 'P741A40'),
('71158', '2L3A35W', '1972-07-30', '00:15:42', 'WU'),
('71253', '2A94W', '1991-10-21', '07:10:55', '18GJHF2887301DG32'),
('71348', '6I', '1986-11-22', '17:00:02', 'R'),
('71462', '30W9', '1970-03-30', '00:01:29', '2VRR5S9R9MZ8F19A7M70'),
('71618', 'Q5891', '2019-01-24', '00:42:37', '16307K25D'),
('71633', '3H71227', '1993-06-28', '04:22:44', 'KKFNSC40N5IM9LV3C0943L91IDQE5J2BB0X657IOP'),
('71678', 'I8', '1971-02-04', '00:06:40', '97MRU6P1567CU372S722K8'),
('71681', 'KF9', '1984-12-22', '13:03:49', 'WW2Z58KLL0I1674815B5714IW4ZGYAN5UAEY6KB39P911E'),
('71981', '4AR4C1JA59', '1980-04-23', '14:30:30', '32'),
('72197', 'I6', '1998-06-06', '02:18:38', '5518'),
('72250', 'BR0', '1970-05-02', '00:02:02', 'L936K744DYMTJ478273EN65V2JNQ'),
('72277', 'LOP2Y', '2014-01-10', '00:16:33', 'TGPI55'),
('72440', '5C8', '1980-12-07', '08:15:00', '75J8414U2VS6429O53U6TQ194W0LDX35CSGPIV4Y5201ZA70L84WUII27P426A1H8SENG'),
('72497', 'PAM7Z0O6T4', '2002-11-30', '06:14:24', 'E0JBPDNUNDJ571K5726KR83M3215209708097N820KS0LD8U22I162S1AJ8747WSBU55FZ82U7H47D37U885V54P230P0L2'),
('72610', 'F61GKE', '2001-10-08', '11:40:29', '4UGXDT67K72DR4J3867P4P2Y55FQ44510Z93PCK0HK01RY4G74FO01'),
('72617', '48S04T3386', '2001-03-19', '16:33:37', '3'),
('72657', '527', '1987-02-04', '11:57:16', '38H948D079E'),
('72879', '1VBM', '1979-10-18', '19:40:56', '3A0YMW6073735'),
('72895', 'TP2BDOZ', '2004-11-22', '13:42:05', '0Q7L1R9RF1P221K77W8FXEZ'),
('73057', 'S0SS', '2014-03-16', '07:37:28', '71ZKXQO43R9R8VB4P70E4418I483HJDJ4OIK42ZC43BC826J3WL18ZMK669OB984YF8W'),
('73149', '0R', '1970-12-19', '10:18:05', 'W67UPDCE687TMFN'),
('73176', 'N5U', '2013-04-23', '10:30:53', '64I514U5N8WHW0A83A6TL'),
('73272', 'PF0', '2003-08-01', '04:05:28', '53Z567STCV333YPVJPV6VKSFHPD1R0E9P823HON1ZNJH4VCXR2Q1904250VMC0P2M'),
('73536', '5L025NY', '1976-08-27', '08:23:05', '6S52GDQ'),
('73712', 'R3', '1971-10-14', '14:06:34', 'L8B0M5AAF27UD22931933073R88W6R4B10E23XIJ920I8T41QD6O987WK1RD5DWCYZ963TV26LD4792HCI610VOS3H89XXZ9002XX2L04001PB92SNP38HY0504Q6LI59QYSQ0J1H7LJAXR9897F4G'),
('73978', 'FFHQ', '2001-05-09', '20:57:11', 'D76X'),
('73998', 'JO', '1978-05-11', '02:48:26', 'Q1015DZUISGYH55F3278H626281E9PYT74TP8P8QRWI8KT0Q'),
('74284', 'J184', '1972-01-14', '00:12:24', 'IJG02UM4XHA5MA671'),
('74440', 'G16', '1974-04-05', '00:25:56', '9ILLS58'),
('74597', '049', '2018-04-12', '01:22:05', '337M1NHGH30N0Y9OR37SA107KO58U6SIW9M7843'),
('74682', 'MK', '1970-03-29', '00:01:28', 'U0Y3417YNW0V52D7S186131E2HS3W176X29J36NM8WW0G18K2PNX3LE42K573'),
('74710', 'NYUD70V19', '1993-10-24', '09:58:02', '1GR'),
('74711', '3R', '2009-08-12', '10:21:52', 'T14RP878N6HF729KI2S148509G3KM3L28QCP9U56697484F5'),
('74829', '44GW3', '1970-01-01', '00:00:01', 'P8302X1'),
('75045', '5P934XA3I', '1970-03-21', '00:01:20', 'XJNC1GF57S4B0GE7H1Q36F8E05GK7R9Q99742JYQ406B3NVZAOH71'),
('75085', 'XDO28GB', '2000-11-25', '17:39:56', 'JA8T7487A5GZMZ53K0C890V433859ENX43X75T5OYSL3ADHT982CT7O6T9OHMT'),
('75149', 'RB09ASZT', '1994-09-14', '05:37:05', 'C5CA80B06U813OS16FG6346HJRO4SE7W5'),
('75262', 'ZL3', '1995-07-07', '12:19:11', '74I376R2'),
('75351', 'LC', '2016-10-23', '18:32:57', 'AKWZ978YW6NNZ82Q2Y82H84F6I'),
('75417', '552Y9G8', '1970-01-08', '00:00:08', 'H'),
('75586', 'VL', '2015-05-24', '23:22:43', '9172'),
('75665', '4SF4O', '1970-01-02', '00:00:02', '9DCE7QENKBV11Y8OIN6CJSQL9D00R'),
('75716', '2UY', '2009-08-29', '19:54:56', '74'),
('75906', 'I00W15', '1988-11-05', '01:54:44', 'O85ZSDQ511Z2SD66FB1V91706ZERY0B8SOUT79U6N13U65G96H90G67WXJ3591DRENAJ45562X3644Q3M9H8TM25B6M3B132'),
('76086', 'N8', '1981-02-21', '05:49:29', '1660V76RUTZ10F49M612AA4F'),
('76334', '5ZN689T', '1979-04-27', '00:08:35', 'QNELA45272SM30561B982TEVCKDC8'),
('76402', '4CH', '1991-11-16', '13:56:39', 'HG4VX7L5HK9'),
('76427', '3L4P4', '2000-07-06', '22:25:30', 'SMMB1TBW35X61H0Z2U4228H2855M908605'),
('76453', 'P7MIDW', '1976-03-04', '15:27:32', 'X697OFV31W14Z692M75'),
('76457', '0B0B', '1994-03-20', '11:37:07', '7MS9894W9588N770XQ0447S644GE0J2678II3KFRK6DNARDUQM256F6DF3EJZM7INFY897A33M'),
('76541', 'NVA396F03X', '2015-02-13', '23:18:23', '5O6OTKLP3607IVF46Y1O1ZF8I7CL2447W9TCPGGL'),
('76609', '5696', '1970-01-05', '00:00:05', '1A3'),
('76795', 'SM4E', '2009-01-08', '03:26:15', '4FR4NW07I77YGZ'),
('76859', '98I45', '1987-05-25', '01:45:54', 'KN481X0937MUNK8W49488SJ7C6GV2CRI8F80T8Y1M640OCBQK6HMFJTE438R53AU2ZGR835BD98XH1'),
('76869', '82', '1970-04-06', '00:01:36', '99GJBJ4V24C4Z5S48N47'),
('77042', 'I58', '1970-01-02', '00:00:02', 'A715SR395A50Y'),
('77180', 'Y39', '2018-10-16', '09:15:59', 'HYHY2E019376JJO8124T5PK7QF77N04267I8ZD'),
('77251', '0OY8U22U', '1970-01-01', '00:00:01', '4QTPO00W15086228R511TMWKQH236'),
('77334', '36NB', '2014-06-17', '19:12:55', 'L4ZY4W5O9M332840UL6L9084E29L3S2RQ3GA7MF8E6J76XH64EV8773B2D2W3'),
('77345', '386W', '1989-01-08', '14:52:54', '4SNC72D91T8E514A019T7DF9A6C9R9S85A167LVLB4L32751374M350HCHAX675A0QK2'),
('77496', 'PC', '2002-02-15', '02:01:18', '4IICO1Z26161AC8U404Z2P3A0WF31E9T89310B3I2N4N'),
('77514', '78', '1996-09-20', '18:46:18', 'IJS9'),
('77567', '70', '1993-08-15', '02:28:55', '0Y84YG9S49N4WJ3FE5J05P1MLEZJ74JH169159F2M99KVNJIY0J5VDM3RXXZV57UP49XB05Z'),
('77665', '8F', '1989-02-01', '08:22:33', 'JGQX3PR565M8DI34L678HHOO0T930FTTD122761VWV33AR96489GB568G491HUAUBI736D3INV2BX35UC2M808Q9799Z2797M64PZEANM30Q07X6O8U4ARHWCJ'),
('77728', '1F', '2007-03-13', '09:38:29', 'NKDM7DWVYA7J3U7200X024D4E5M5S49AJY0SKZP6DYVJYFN5D4Y2U2F0L0N3536190AXPL7F3S5E6O90106TNZ92N5O36146PQ3VQ9L5OOKYT06C72P63VV321IH58G36GJ3DCOJ6XW0E479R0WG0C'),
('77729', 'NW19O', '1993-11-27', '05:08:33', 'SVX626PX30K1B1A816Q'),
('77894', '98', '1991-11-02', '16:24:29', '8QAUZH7Q'),
('77922', '9971BTN', '1999-01-30', '13:46:45', 'R2419X093'),
('77981', '1WWL1Z2JQR', '1999-05-29', '01:28:26', 'XKV4SQT1J36I2A5T'),
('77982', '91YFETE97', '1974-06-07', '23:32:32', 'QE3QP9O385TCSMH498BVR8C'),
('78003', '94TI299L', '1972-04-22', '00:14:03', '4GS29Z51Z0SG8N7V2V558'),
('78007', 'S3764B4G1', '2000-12-23', '09:00:09', 'X39S6K6J766094'),
('78143', 'G', '1970-03-21', '00:01:20', '95Q684P0K4'),
('78145', 'O3', '1993-03-21', '17:43:28', '9W4A24F167I730CW35C27D8T7371NDTZU645959T5JMQ08IUU3RVTJHE'),
('78169', 'CTU0Z8Q', '1972-05-07', '00:31:52', '61361'),
('78228', '306YXU5', '1983-02-11', '15:17:53', '01FDQ802V46F4K8'),
('78277', 'K0R0F88', '1992-07-21', '05:49:02', 'F2G993V10Z2M619Z0078X556CBG83GN8K73YJHF74Q4P65Y3CC'),
('78387', 'A7QL1U84', '2008-05-06', '07:38:58', 'L43V8KCVG0GU0VS845SS1S'),
('78518', 'OP3Q', '1970-09-25', '16:38:28', '68UC9Z7Z70PW2CV3X6J93239QJ9GJERVP'),
('78552', 'CL6D398', '2017-03-20', '05:54:26', '6C7'),
('78688', 'CK', '2002-05-19', '17:22:58', 'L'),
('78912', 'H92RS', '1988-12-24', '11:10:53', '63SLY1EGC7A6DI98'),
('79018', 'MVEGD', '2012-01-06', '03:11:37', 'N4997D0KR88679'),
('79025', '8R7', '1993-11-16', '16:20:17', 'J9U88GF6K17798423TLVP33V5TN907YZ75H60JMQ7JQ221Q577850A42GFMEVZY72IX1UAB8BJ5GOTYTT'),
('79204', 'Y830', '1970-05-05', '00:02:05', '723QLFJ8ZLD77W2H6C9L35YU1VG6FC02A68985F490528E3518OYD54W01W48374GZ1QA9568L'),
('79428', '2O', '1990-07-02', '02:04:48', 'JUT5SH9LKD7163065453A365M4'),
('79535', 'H2HX3OI7B2', '1970-02-24', '00:00:55', 'XO4OBMUGAB934YM2E2916O'),
('79926', '0390', '2014-12-10', '02:16:03', '8ECJNSZQ67QEEQP896G3CWJ8OHS6PKO83K'),
('80094', '42CL', '1970-01-05', '00:00:05', 'FW9967EX34902280211AF62021L7C1ZQ0J1RL5JVTI123WG739'),
('80354', '5V37ND', '1970-02-14', '00:00:45', 'U9P9L3U3AQHB7U59639OTEGO8PUU3RAO7FG9GXHU5N11793AO8WXS26X3I1OFZ8DHRYTRBDQ8CG1I0FPQHF60OIK'),
('80361', '8W', '2009-01-26', '01:57:44', '65H0UUOA530V52797BBB5GE6M5NWAFF7'),
('80460', 'RB', '1970-04-08', '00:01:38', '5LDA1L02622D593Q89XECYCBKJ64H91OS00DRMI08491S0B7YV'),
('80565', '84X', '2011-12-01', '13:25:44', '8A59354QKFUILFQ1BK6RCVP0S8H5B9XBJJQA936JW0Z'),
('80641', '7', '2013-10-31', '02:58:08', '6S6R10K3FRNQF1043F7'),
('80782', '1P7', '1983-09-17', '21:10:50', 'P2LIA5V902D152799N74S8K96522A2QGQ94SDJ6M61KF6ZX'),
('81002', 'YZA2', '1999-11-05', '18:55:24', 'J7YXX22306O46B93112049AVWKS554Y250J6OH973MHC76G8583T3QEONE167CD54M42BPZF1N1Z0TY7TM9A2314J5K41U506O13W369ZDTQLG88Q1YH49MYYM0055T05I426LE1MTR042372N8C66'),
('81145', '73', '1970-04-05', '00:01:35', 'O82T909UXL835K5EH0Z181MO9W56Y'),
('81199', '486WND0', '1970-06-13', '00:02:44', 'LC8H690623'),
('81376', 'X13', '2018-10-07', '16:21:51', 'P01G57UC434SOM5WYLT6PD4R8CGX03FF'),
('81514', 'J9T16F6ZV', '2020-09-20', '00:57:57', '798XE1KA1AGH61T21'),
('81614', '9SW', '2008-10-22', '15:11:28', 'C656BYP66GFVG6E81UMD3AN772ZOZBIC136OTF55361JTC4D'),
('81706', '9P8', '1970-01-04', '00:00:04', '6Q6X6E501XZ598505S01TL72847V28L18UKH5789Y144'),
('81742', '2O56ZPMN', '2006-10-08', '13:29:21', '6O9TT480E8635K01H52WVYO4QT1PI99NB1A4'),
('81848', '6VJ', '2020-05-12', '05:12:08', 'GFS0DD602BI08E6RT0I149F9GRJC0Z1BU43UJ3SK5VU9292OOS'),
('82218', 'VM', '2015-06-14', '15:15:05', '564U4Y8NX2Z0GVDZTVR4OWT9803SZ12049DP5A0X4XGD5MUNC5P08F'),
('82263', 'B76O', '1970-10-15', '00:04:48', '1AKGXEL67IL83Q624C88WRR9Q9ENO3HM660C4A9COV2332TO'),
('82634', '537', '1990-08-15', '19:41:35', '7HNW14O3EW533H4460R'),
('82635', '7Y', '2011-04-02', '00:29:21', '7UC5Q3D818HIN53W065U'),
('82822', 'SV', '1981-06-26', '03:41:39', '3E2T63529PCF67'),
('82911', 'E03', '1976-08-11', '06:15:23', 'A866T'),
('83003', '3W85N3S80N', '1970-09-19', '00:04:22', '2ZQ15AN0LXI20R18GZUKW3EE0XWMKH7R43O'),
('83025', '3I65O1', '1970-01-01', '00:00:01', 'KTLD074ZMHIRO640K9A'),
('83093', 'O7', '1970-03-28', '00:01:27', '7743AI6K23Y61X21OF1F85BII2C9QF303BRAO7B6LYQ'),
('83205', '6J0C9', '1971-12-30', '05:07:53', '91M93B01T025F66Y7NIS97E698WF2X40ES1X73QC5'),
('83434', '19', '1996-07-20', '11:08:16', 'W27KLLZIY81YX07OWI06N88FX69TYX6O77408JG6S2375FW489K4EKBY66IO4R3J3L3HKG576N9269MNB110LP96Z4A4WO2F14HA9H7O7MDTT2330K0QJ1720L24P5P71LJ7N9M'),
('83622', 'SK', '1976-05-17', '00:38:49', '96J28P11H50'),
('83698', 'U8', '1971-10-17', '00:10:55', '70UAIY1MD3FZ6O3V9FG74DRI'),
('83709', '9328ZJ', '1991-05-28', '14:19:28', '4283UBI46O8M5W56V73S03KU1605JW419D6RF571L'),
('83739', 'HCET84', '1989-01-13', '01:12:28', 'QR9R382O62800644H5Q9135XO7MY0255TN9WY1ZZYUB62AE7XZ1C1O4ZF7D7UA86TTD70CF'),
('83756', 'VX', '1970-01-05', '00:00:05', '4A340XH311KN5'),
('83853', 'Q02C18', '1974-07-10', '09:54:14', '4'),
('83876', '89IM8', '2012-02-10', '20:38:45', '30SWCC8V88B8MH2CJR43KK1BZ00'),
('83884', 'NP5KLU31YG', '1970-01-05', '00:00:05', 'J5S9O019YVSPZLQ49FI38P1E19K21F01B1BR1UF4YK3U4C0S59TIFWTQ1FOSYH2JG4J3X7690Q56U657GOD14AH0YH139P5R'),
('83901', '8Q83O9U4XO', '1970-01-02', '00:00:02', '99L7QT7CH7CH9RJT2D7QO8X5'),
('84057', 'V1Q', '2012-07-07', '17:27:10', 'T184CMY44JA63UTUWW8Y49ZFG28XP8JW41D4MFPJB360'),
('84074', '4', '1984-12-22', '01:31:10', 'ZVPM0Q6792FB760K8OAI7E8P1521'),
('84087', '2H', '2002-01-25', '19:47:26', 'CEC37A088R2CZ6OK544I6'),
('84100', 'U81', '1976-08-20', '21:03:49', 'G6546AU829G5ETGUO2WD7822PRQLO61N1113CTAU'),
('84293', 'L', '2003-09-05', '11:19:28', 'AV1O9CA4HQ3MBH31118L8ILUPUO9WTA155SRZ81'),
('84404', '3S0', '1991-03-05', '13:13:54', 'QHA5ZZ4'),
('84420', '5C', '1973-05-13', '03:14:52', 'QE413CSH815ON45J35645ZH577REAW350I3L0FFTX3OZ3BC7WC9OFC971WS2Y8OE'),
('84469', '3S5U', '1971-11-23', '00:11:32', '18D97JZ598Z33K0297J1UXZAXX675KY8C7043411SW1DB7LG2XA66TPQ47D997'),
('84494', '93D96EV28Z', '1991-08-29', '02:11:51', 'YW6ENS5N64789HA1'),
('84500', 'U3XUJ74O', '2016-02-29', '17:36:36', '4EG215V87TRQ2A53ZI78U2D0595EIV5B6F661X60OI55'),
('84684', 'I', '1980-01-07', '01:00:59', '41TFX1BKFE67LDLZ3HTB6ERLIFRUVCZ1FZ62'),
('84706', '4Z', '2009-08-19', '15:11:08', '87A9YJ38KL6L27SL65V6OFM97ED4033FIL0QQ54ZUUF7848F32'),
('84711', 'AW19TBV', '2011-03-10', '14:04:54', '225OLSR7T3Q728P7ZB5HV7E82PMK4QTDMW9A543ZJ86LV97MLDAKD0X0TT86C60FOPR05776RTT53D385YD75JM1N25SM2PCLW0B'),
('84763', 'WUU62JZM17', '1996-10-24', '14:37:55', '1OTW0MOQ16WUGO1AY1402'),
('84815', '5N', '2014-05-11', '07:21:46', 'J4D51V9869VI3HTMO7Q5CP85QAO0279482S6Z8430Y1RR0X9TECDAUSE0E5'),
('84952', 'M', '2003-02-05', '05:24:06', 'M6753MHA0M10HFBE600UIF050KI46M3D4TW30314495PP'),
('84993', 'SE6', '1995-03-21', '02:33:31', 'LD5R26H21I0H7EGM467853HWH0E3WK254V14I3SQ8P579062G9U5Z100Z651KD5O4PZG7KDE359DPFAANZ32790CYB6NP3RAF2H17I395C9'),
('85064', 'NDTVNJJ7', '1997-03-18', '14:46:41', 'MV05H58192QN2X0EMFHMXX6895J938N067289'),
('85159', 'R977DJ1', '1986-07-09', '17:03:07', '05T'),
('85293', 'O6', '1978-03-18', '09:31:51', '8N14LAK914Y1V4W66W08690Y2DK3'),
('85294', 'ZWP7', '2006-07-31', '07:01:18', '3406B94R134D29157L3GO4759GMKZZQ4222'),
('85353', 'GF', '2004-07-26', '20:55:05', 'L2NS1396K2Q0K624277JM93BC2D46R48L5C05A13QHQM017954ZDM9YPX5G1BQ9O4F158R05MLX9OF69BLL8T6TTRNXS8B73XA71Y4Q3Z'),
('85639', 'TS', '1987-04-05', '10:31:25', '0R86610W4WHG97HAMJT46N'),
('85690', '8XK08CVEIN', '1987-05-25', '18:07:18', 'DL21610RMT2YJ0Q8S4V55I52KBMU797CA5Y810E31679FW2LGX6221KJ6E73TQCF5G7CP2I9B1UQF2PP78X613RXY32WN1Z3'),
('85820', '1M8', '1970-01-08', '00:00:08', '9FU8ZM81KUNTL70J0MRIH6HN2X91Y7J3YFS2RPI998036LTW316GB13TUULZFU1R629V208K2W94237OIGU62N6JPL3L3AUN9PGL5588WYQ07E2E0REEQ2PARV4N5IY040J76S40AU16AK52JF2L69'),
('85826', '32227', '1977-11-24', '17:21:42', '721NQ9ZV44336985FFOU67519GAMS18XAZEX754I6R2B0805TAL81D24E75748Q641152N3503OU4Z90U0S8'),
('86125', 'Y9', '1999-08-10', '01:34:21', 'R2847D8CZ5201Q211E67'),
('86187', 'V30I6', '2001-01-29', '23:54:57', '93'),
('86309', 'CI1EY', '2005-10-15', '12:57:33', '76KEZSJS8JY6HN4E49Y5'),
('86318', '586SX', '1970-03-17', '00:01:16', '28D6822X11AT192A0J85OQ'),
('86369', 'HX', '1970-02-28', '00:00:59', '02090I6M9519S22KUW47MJJ0QD8C4SC6314WUS9YQN7N42G3N4814X9FS6EI8H842UV90'),
('86384', 'M7', '2007-01-05', '18:53:57', '5561'),
('86403', 'FD64', '1988-06-11', '01:52:17', '2K6NW23325I98PM937'),
('86474', 'D', '1988-04-16', '01:51:21', 'I04OES71STX390Z5NY9X194'),
('86691', 'QCP', '1993-06-25', '12:01:10', '4L2RU3E43J09A9B88Y95J'),
('86809', '44', '1973-09-25', '09:49:55', 'F277887WXO2TVGTQ3'),
('86812', '5P', '1983-02-05', '10:59:49', 'HCZ6U157AFVJ075V84U43537F1L27SR013CAHNAG0R81RG4YIQ935UOQJ7KOA'),
('86837', 'PCV6', '2003-08-26', '13:24:51', '5OH0T2Z1R60QCPL6FF7LGIGANGL8BF4K0659FP6M50H71100M48'),
('86849', '0X53', '1979-08-14', '10:10:14', 'FD5GK9U9VILI375451UMKAM14RMN76M4R5X916I9881Q0J3GW6P83V'),
('86857', 'EIP0955BKG', '1982-08-08', '07:34:25', 'F586'),
('87015', '71', '2014-05-21', '19:12:58', '2PMU34C0F'),
('87384', 'HP391', '1970-01-08', '00:00:08', 'GMT1U0KXNIZDB1'),
('87405', 'QC0', '1980-07-03', '03:55:17', 'J3Q4QL1937BAOY02XKV04059GNAFPMW960GSN4B0'),
('87434', 'E2CR2', '1987-05-20', '20:37:07', 'W29TOGK0'),
('87468', '4267', '1970-01-26', '00:00:26', '7964WOC1463N'),
('87490', 'X1', '1970-01-10', '00:00:10', '1284'),
('87493', '4RQJ', '1970-01-05', '00:00:05', 'QO4'),
('87670', '0PE', '2019-02-20', '19:21:21', '9K1CAV6A1E1219RFZW0H941OQ42740BXP97N12SDQ716J18RP32TQVJYQKR88Q39689KU3D4XWU46FTDN28467G6P3Y56AK7L7K'),
('87736', 'PJ10UZ', '1972-01-20', '22:28:51', 'K7P156Z1S91125ZYET94FOIR74G'),
('87784', 'Q4', '2012-06-11', '21:41:48', 'RFRMUY'),
('87838', 'X8W', '2000-10-29', '23:21:09', 'I3'),
('87867', '23P', '1971-10-31', '00:11:09', 'T5GC5539U27C9PW'),
('87898', '79', '2020-05-31', '04:20:20', '6V10I3P6623'),
('87981', 'M8D1787', '1995-01-18', '20:47:40', '3ZTFAX79Q894E6MW9869CCW554339U02RE51S'),
('88023', '2830', '2017-10-05', '20:56:15', '79R9GROU7U87UG2WIU9QZUE87'),
('88025', 'VWTPR', '2015-04-25', '21:01:22', 'U0O7VB9095W353GSKIJ5203Q8HH5O071NL3'),
('88048', 'AXH3', '1977-05-24', '00:15:09', 'Q7KDIR0U699DSW3PF6IX197871M33PT599RXBBRZ2111MC4V72007B1WR65TA'),
('88231', '72PU2IT', '1970-01-10', '00:00:10', '6QQAXO265077G64S8GC8ZEGM8B7E96WP76P5FDFCD85'),
('88457', '56EY', '1971-12-21', '00:12:00', 'U5V507I7A92M124TEFL38DF386HQ094L4Y58P7Z9429UTQB5964Y2H928S6MJGE0Z3UF5BJ6R37X3T6TY5X67'),
('88522', 'I4828H637', '1979-11-27', '01:00:18', 'L2Q8T42UC16NI2B88LR1KQ62896IH2E448AH0P53M9'),
('88616', '209CK9', '2007-11-17', '21:30:42', '66MM8F2GR97737E3T1W03K1'),
('88723', 'KIT8C20K6Q', '2010-08-05', '03:29:31', 'N084J5W70ORH2JNY9Q6GKYT35H8PF7R3F22'),
('89036', '9F7MM8', '1991-04-21', '11:32:02', 'I57GWT87H'),
('89132', '57J', '2010-11-12', '13:05:58', 'H14XI8II'),
('89169', 'VY0', '1973-11-10', '05:22:03', '16UJFX3W6HH7HBEZ44KR3R1Y46516K5NA8GH09XSTEG01C51S66D6D6T73577YHD40OSKG0KEF9397XU37RT7U732PFFS1D5079L9A52P76J72WN1316'),
('89351', 'OV', '1983-03-07', '04:22:03', 'Z0U'),
('89381', '7MOF96', '2014-04-26', '19:52:18', 'YAKC93J0P9XERL1V5R57W93IOBDI3RAIM41UVEG1EYE63L8OMMTG53EREA7JNVF7G6N4X5S'),
('89407', 'S6ROU4K2C4', '2013-09-23', '11:25:32', 'TI6590X28JU8GOFG1724AN634MH59JYY978Z01ZT8ONUXU9CTXM0476975PM682V2S91TTJR9NWZ480J96'),
('89608', '2SW8', '1992-06-18', '05:50:40', 'G000'),
('89936', 'QD96JC7A', '1986-11-02', '20:31:13', '8351256OICLK5INQ2E5BL'),
('90013', 'W46', '1971-01-17', '05:41:48', 'AN23O4I6TXA4FO55U7'),
('90024', 'H3E5', '1970-01-01', '00:00:01', '4MA4'),
('90250', '70741E', '2012-05-07', '14:42:35', '5RI3Y2ZR4R1CU342382V840XWNLAT51'),
('90291', '30W2', '1974-04-21', '00:26:12', 'JY64FUBEG29N'),
('90543', '37A7', '2014-11-03', '14:26:06', '66T5AG4U5F8E7'),
('90554', 'S76DH', '2011-09-23', '00:22:41', 'YTGAXE7R12C7646JQ5Q707103E0WMI8Y6Y0BD5USL082ZT73BTSE1T7IH4L0W63AOZ2R'),
('90565', 'J5', '1997-01-16', '02:44:38', '7IT4429DOQ4JI672QQN3O3806WE69D96HW85C46U'),
('90744', 'QK', '1995-06-22', '02:35:04', 'L'),
('90873', '84', '1995-02-23', '15:44:50', 'NNS5'),
('90901', 'W', '1970-03-30', '00:01:29', 'ACJ315WJ9O9N9C1R9S6OF797RR2Q0758'),
('91127', '9G', '1970-02-05', '00:00:36', 'R0LWH6MPF37P833Z2N4A0XM7G'),
('91264', 'O2A', '1998-03-12', '06:32:11', 'ELC'),
('91447', '82B31F3', '2017-01-18', '12:19:30', 'L58U432GSY2J718Z3HU'),
('91513', 'Z9AN036L2B', '1973-10-19', '23:13:26', 'B224XFU1866UF0482H46A5GM421'),
('91615', 'B129PW', '2018-01-30', '23:27:24', 'V02E9198C9GH33O0D63U4M6A8DYE2I28006QM2B78PF30V753AQ573H7IY152938X08PVT0NKYL2Y26'),
('91821', 'J06', '1971-03-09', '00:07:13', '00A848KWUQ74'),
('91971', '8S075', '1998-01-02', '10:20:59', '2183AFN35938GXT'),
('92048', '40', '1981-01-15', '01:07:13', 'F68LC'),
('92108', 'MK4EZ1', '1980-10-21', '08:09:56', 'E3A430S2488MYE5469Y33T8203W58ZKS9M3JI4SR42L19M01AVR0'),
('92113', 'F7E1', '2004-08-17', '11:53:48', 'UIY8'),
('92128', '00165', '1973-09-17', '02:09:34', '903117IK0TH8R8OX5IJ9100E8G237Q27AJ8YPDM25U0EBD6E1FV21ZPFF46792MCG0QQ9J'),
('92251', 'J5F8235', '1977-06-13', '02:48:50', 'EK6S9E3WQ292MP6F2EF1HE91Y8V82TCQ2D701G41Z06'),
('92744', 'QC53', '1970-01-07', '00:00:07', '398L2N32'),
('92764', 'T1', '1972-09-13', '00:16:27', '22'),
('92869', '3G', '1970-01-03', '00:00:03', 'U6C13PH3R396MJ9063A'),
('92899', '19H8S', '1978-02-10', '12:13:53', '17'),
('92913', '0G38280', '2008-03-04', '14:39:36', 'AB34001E1BTR49L7X630XY94UTXXN560RY6V64CX033QMK5G88HX93OSV05O98I32C6JLGF2015C2D9O2X052U81V7'),
('93063', 'EM', '2015-11-11', '13:46:20', '2MTS89T6BQ9YFVL1QO718K34Y1699F7'),
('93261', '581', '1980-05-23', '18:30:00', '5CXOVKW192LS8TCC35I2BQ3739B694S957JE1117420MX9O7I72VD3C5241V78173'),
('93282', '54', '1970-01-06', '00:00:06', 'CT3986PQG289UCY54H50G3K6MUCF26RIA3GJSWJA05R2KVD80FMSH7G4R9JTA0TT3SL66W1AY3WRB0JLL0W6J811ZK9XY78S8F413912RT9GZ05S7KY'),
('93310', '2E', '1970-03-09', '00:01:08', 'D2H80H4C0J3X6L40Z0U68C9F4KZ95H852VLE7SNK3T3LY38'),
('93399', '45', '2002-12-04', '01:32:24', '4H884138HZR2XKSL'),
('93507', 'V', '1983-04-30', '20:02:40', '6S5GHN'),
('93724', 'X6', '1979-09-02', '16:40:00', '21UMWBL15NN71OIJ0B10CW4YB00Q45263NYJD2G6OR25XN47AZ6O'),
('93833', 'L0', '1985-06-25', '12:00:53', 'CMFIYOG3R'),
('93843', 'L2', '1980-07-02', '22:44:57', 'JC6WFC2578089N0148K3FKJN207558V3IAW3N1ZI59357PTU04QI1E3410K90QHK7M5K533FB58WTYX0H80V5H15J8G'),
('93924', '3D9', '2014-12-08', '18:39:53', '5EZBHA2U82J05G35P37IL3J95WZ9XQP7P00443T4K959TPHRBVFNC7G0F0207653DF1'),
('93955', 'R965A', '1970-02-11', '00:00:42', '5R953OEA898XYUVLQU57KR734OFL4087'),
('94037', 'ZO3Z3', '1984-04-12', '18:51:43', '406UH3OO3JCQ4A464604T63232Q12LLL3L0118O9403U04M2ROB610R5GQ1I0W0C36UI4QPE963IP79813B0A4GII856Z23307S7VP5L5B232H30I28E2498HST5WR7TRQL257DAN7A6IFWS89EA67'),
('94156', '91', '1994-07-19', '08:11:32', '31S5D72R9B941U5LL3N0'),
('94239', 'L5EL9B', '2015-12-29', '06:20:56', '5V52M79469PN264QP460GV4738HOL5HII3529383H36511OH'),
('94253', '25', '1970-01-10', '00:00:10', 'AYZ0YZ4KXB'),
('94299', 'PXQ', '2019-06-19', '15:11:11', '7N8023MH8VFZ6GZ60P283E'),
('94427', 'K9', '2017-01-26', '16:40:29', '793X90101S'),
('94432', 'XNLS26S48P', '2002-02-06', '20:17:48', '07JWBF118ME0T81E7642758XGAH8J80T9S37H71MSIC8RX59HZSZC80H622'),
('94576', '758XJ7', '2010-09-17', '11:34:18', 'O02V'),
('94674', 'Z5N', '1970-01-10', '00:00:10', '87882OEI427QU2I7019387B387AM1829G542DLM42'),
('95326', '2117VTVV', '2019-09-20', '14:15:54', '5TZ60EBHNP0QY8KC8V9TG925579IMM48E6FBAN0UPCZ4KM95I4NM5D6YTXST6'),
('95327', '6LK21', '1980-02-22', '16:35:49', '5327N6WW11K382NS6'),
('95373', '53J5QV0680', '1980-11-02', '01:05:59', '52SKI2E7Y18Q5149525B'),
('95381', '8MW', '1983-12-05', '01:24:47', 'FUAO'),
('95382', 'DKSB', '1992-02-06', '03:53:24', '888Y92G1EF99V37042MOZTZ22785H'),
('95414', '2YB7', '1970-01-29', '00:00:29', '3W5'),
('95425', '117AW8K', '2020-11-23', '22:19:16', '8W2HVA417XJ26BNYX70VE9195LP8YB3G3L7300BK4OUYQ17IQWZ8H8PHYZ2ZM531000AQ3QKCCB323S82ULCJ7Y363SN1'),
('95506', 'D2', '1970-03-24', '00:01:23', 'KJ88AJ71118K9291CAK98MAKR327GX76O30515FR6V21US4'),
('95646', '09', '2002-02-13', '21:34:38', 'JPUT9F7H99R6HH62BF53K0ZY9WP6AVQGCER81Z32KO62D9881S3GQTOJ8AM3G'),
('95805', 'VR', '1990-10-30', '14:53:08', 'O086AJMXW272K4M15663V'),
('96112', '49XS9Y7E2W', '2001-12-19', '03:55:09', 'T3NO40JEX3LQ8SI15W4575I527TR7'),
('96152', 'SY7', '1975-05-12', '07:30:30', 'JEC'),
('96254', '3X', '1994-01-07', '09:39:13', 'UP6Y4695COA'),
('96268', 'GD', '1985-12-30', '18:16:10', 'RK5A8P6W903LP1MY6'),
('96274', 'S7DW7', '1970-02-07', '00:00:38', '2DP523XDJ243VEH963Z7E7E83671E4MEJS6325KSC0E34590WZ7UR72T130783S9074DEDF6EPC4KQ8213ONO7WP'),
('96310', 'N37', '2006-04-16', '09:06:21', 'K085H8AK067K8249RO6VHJ8R9FJ83VID7IF7V5ER03106VD1TMQ7824T871I6215JJ7WIG914JG029781GD8'),
('96363', 'N01Q2', '1979-05-05', '10:11:28', '36O5L6LAKM6IPMO7C'),
('96384', 'UCY81A', '2021-01-22', '19:03:19', 'G5263J0701LIRULSM1F8EZ8I46H65'),
('96409', '1F9', '1974-12-15', '13:50:26', '98466'),
('96465', '2TK7', '1993-04-21', '19:37:41', 'TFOGP0'),
('96550', 'OB', '1975-08-06', '03:34:55', '86B0DPZZ9IIBKE'),
('96623', '8H', '1970-01-08', '00:00:08', 'I2'),
('96820', '4I', '2005-07-15', '21:16:42', 'P2A0LPX63256D3O5647LXX871DBGMN48Z733MI8LTH60AKG27M750L558ON8G1MN489N1BXN1651KA15FDL911DO0G0UI4M19B752E8S8W40XPP45190L83OX14SAH666HG82'),
('96955', '61', '2001-05-15', '15:55:41', '6P0GWEOI'),
('96977', 'NP', '2001-12-22', '08:38:54', '75H49C28R1F9585X0G3AF9Z5B8GGE5551A76BSA8E2W6SDIMAMB293T61VORV04RMN0G3R9RAO9B5WNIA42KTGSU9XZ43609D2CJ52U21CA0KZ7069364VTNCFX'),
('97049', '779', '2002-07-03', '08:58:50', '177XC189M3YIF2M483N05186R4WHP89I'),
('97053', 'O50', '1970-01-25', '00:00:25', '5E2Q9Y4IO3HA3'),
('97081', '5XB6Y', '1987-08-07', '05:30:30', '9JK2CQL2114BNQP08YQ29QXOFSKPF4L27TLZ54Y6P09U398HJRV6VYRYCEHL71S'),
('97121', '107H3K', '1996-07-14', '02:41:32', '2NJ56VVH67P5V3RDWGTU'),
('97363', 'WH', '1971-11-14', '01:31:22', '355CJ4'),
('97737', '538X36', '1972-12-03', '11:49:06', 'M7'),
('97769', '43O7QX', '2020-06-20', '02:12:57', 'XW2'),
('97997', '7FWMAO354D', '2003-09-21', '13:07:19', '0C5E5NBHL0N37NYJ6LLB827047Y5XY1ZK795G685IT9V3A8JAQ'),
('98010', '24V989', '1973-05-28', '06:54:37', '7F9DM2A59RYZ39R1N324V1YZH788P9DC77O784CVCC8'),
('98144', 'D47HH', '1972-04-03', '00:13:44', 'NM2R61Q7V6T139A26ZD8MR0DVE'),
('98205', '83W9N', '1993-02-17', '02:20:49', '6964P5P'),
('98226', 'B', '1993-10-29', '09:35:20', '5X37PWC7H30O5GU0O'),
('98227', '0AO399', '2018-11-23', '07:53:20', 'E2CNDG52VLAIXEI19P419S8GKF5YH944USW6MVB49FGM948942YS15YJ64D12YF9884QV59X2IOCV8Y291L8CYBE3X9J16L304AND'),
('98263', 'P237', '1983-08-14', '20:50:56', 'TB249WH4A3737E5OH56LF8ACLU7Q65PD83420CX'),
('98394', 'BL', '1971-04-22', '04:36:13', '4'),
('98416', 'YL', '2009-02-23', '09:43:23', '420XLTE1X33S7L27X6O182YTQW071C05TXC8TCRT5UP67R381WI53GFL4V1J97PV5C5F91Z2OO9T42I738LYWTQ4YR798EN1NZMZF7VR5E'),
('98763', '3FE1N31DV8', '1977-10-04', '10:28:26', '65Z21I58AGNPYFPG39'),
('98927', 'U1Q', '1971-08-02', '00:09:39', 'FU5S'),
('98974', '99', '2020-08-16', '11:30:30', 'G87341C6EHR6YLWW1L3M0TF8J6MOQQ6G126DJ5'),
('99022', 'RDX05SO', '1971-01-27', '00:06:32', '1S79LH1J7Q01JC33Q1488XX1NLMJN2PBXLWU9462T6WXM6PTU9C8N3KF3'),
('99070', 'T6T', '1970-01-07', '00:00:07', 'W7I4DY081O1M88XSH1JBZ33V3BU65O0VYKW8DHH007MTI73IB'),
('99136', '54G', '1983-01-10', '01:19:18', '140932B0LQ4J613X56506T47WS28IIOH0KR51Y3AB9PMEA64AG2G5H5'),
('99229', '959KJE', '1974-01-27', '23:47:57', 'W57EL6281M361HWR5I5U54E'),
('99292', '323', '2003-05-08', '21:25:51', '6A851Q5FFV6MKY81Y43MH5QTYT2HBCM567P365C'),
('99315', 'O1', '2013-03-15', '17:25:54', '4'),
('99447', 'J', '2016-12-20', '07:34:38', '6TG31503HZ3GH69'),
('99459', 'HFK', '1970-01-07', '00:00:07', 'C7X2468YG21ZR7C'),
('99504', 'O7IO4', '1997-11-25', '19:39:37', '8SK0VE1XY6JV4U7598ULO750XA988L23A3FPC2L9D7K1H96W0GGD5M8F69AC5'),
('99638', '8C277YL63', '2011-07-12', '05:00:44', 'JN5UWU8F1XOUW456O2628Z4P03EK70M525368BZH02SG53SE28Y0H8S7LIC2Q8RIDX22W8D135F'),
('99678', '970C', '1985-02-10', '23:28:22', 'SGQV39YXTTT7X5M'),
('99735', '72', '1970-04-23', '00:01:53', 'P83QTR2AMU44W1U423V2Z8312AX1H09348VG5GYGAT55224610WCHT1GBLO01EOT783RV9R9T2R'),
('99879', 'A85U2', '1972-05-10', '00:14:21', 'TEG473A9K78Y04XD9710987X54XTB1I9QOLPQ001N4A8LO5O4I11'),
('99907', 'F', '1973-04-26', '01:05:57', '7L95D134AAEY431QRAD51LQ713W6XK3HQI043H7A8AC9L7A29OQ63O520TFAF01649Z142JC665MY3L5T50O'),
('99943', '8A74', '1979-02-12', '20:15:10', '10OP749Y84BVBZ6QT66TM847U7SJ3ZX76ED5B713EEG37061VJC8SF5N7NNI4B3GPCI0X8S6S9ZOY38KEO0G53227N15P922T6688A5VF5O3Q681RD57NSCMDGUO969Q05DUCQ43892EKU5A2XTFWF');

-- 
-- Restore previous SQL mode
-- 
/*!40101 SET SQL_MODE=@OLD_SQL_MODE */;

-- 
-- Enable foreign keys
-- 
/*!40014 SET FOREIGN_KEY_CHECKS = @OLD_FOREIGN_KEY_CHECKS */;