﻿--
-- Script was generated by Devart dbForge Studio for MySQL, Version 8.0.40.0
-- Product home page: http://www.devart.com/dbforge/mysql/studio
-- Script date 17/07/2019 12:44:07
-- Server version: 5.5.5-10.1.40-MariaDB
-- Client version: 4.1
--

-- 
-- Disable foreign keys
-- 
/*!40014 SET @OLD_FOREIGN_KEY_CHECKS=@@FOREIGN_KEY_CHECKS, FOREIGN_KEY_CHECKS=0 */;

-- 
-- Set SQL mode
-- 
/*!40101 SET @OLD_SQL_MODE=@@SQL_MODE, SQL_MODE='NO_AUTO_VALUE_ON_ZERO' */;

-- 
-- Set character set the client will use to send SQL statements to the server
--
SET NAMES 'utf8';

DROP DATABASE IF EXISTS coches;

CREATE DATABASE IF NOT EXISTS coches
CHARACTER SET latin1
COLLATE latin1_swedish_ci;

--
-- Set default database
--
USE coches;

--
-- Create table `usuarios`
--
CREATE TABLE IF NOT EXISTS usuarios (
  codigoUsuario int(11) NOT NULL AUTO_INCREMENT,
  nombre varchar(50) DEFAULT NULL,
  poblacion varchar(50) DEFAULT NULL,
  sexo varchar(20) DEFAULT NULL,
  CHECK(poblacion = 'Santander'),
  PRIMARY KEY (codigoUsuario)
)
ENGINE = INNODB,
AUTO_INCREMENT = 8,
AVG_ROW_LENGTH = 2340,
CHARACTER SET latin1,
COLLATE latin1_swedish_ci;

--
-- Create table `coches`
--
CREATE TABLE IF NOT EXISTS coches (
  codigoCoche int(11) NOT NULL AUTO_INCREMENT,
  marca varchar(50) DEFAULT NULL,
  color varchar(20) DEFAULT NULL,
  PRIMARY KEY (codigoCoche)
)
ENGINE = INNODB,
AUTO_INCREMENT = 7,
AVG_ROW_LENGTH = 2730,
CHARACTER SET latin1,
COLLATE latin1_swedish_ci;

--
-- Create table `alquileres`
--
CREATE TABLE IF NOT EXISTS alquileres (
  codigoAlquiler int(11) NOT NULL AUTO_INCREMENT,
  usuario int(11) DEFAULT NULL,
  coche int(11) DEFAULT NULL,
  fecha date DEFAULT NULL,
  PRIMARY KEY (codigoAlquiler)
)
ENGINE = INNODB,
AUTO_INCREMENT = 6,
AVG_ROW_LENGTH = 3276,
CHARACTER SET latin1,
COLLATE latin1_swedish_ci;

--
-- Create index `usuario` on table `alquileres`
--
ALTER TABLE alquileres
ADD UNIQUE INDEX usuario (usuario, coche, fecha);

--
-- Create foreign key
--
ALTER TABLE alquileres
ADD CONSTRAINT FK_alquileres_coches_codigoCoche FOREIGN KEY (coche)
REFERENCES coches (codigoCoche) ON DELETE NO ACTION ON UPDATE NO ACTION;

--
-- Create foreign key
--
ALTER TABLE alquileres
ADD CONSTRAINT FK_alquileres_usuarios_codigoUsuario FOREIGN KEY (usuario)
REFERENCES usuarios (codigoUsuario) ON DELETE NO ACTION ON UPDATE NO ACTION;

-- 
-- Dumping data for table usuarios
--
INSERT INTO usuarios VALUES
(1, 'ramon', 'santander', 'hombre'),
(2, 'ana', 'santander', 'mujer'),
(3, 'luis', 'laredo', 'hombre'),
(4, 'silvia', 'potes', 'mujer'),
(5, 'ana', 'laredo', 'mujer'),
(6, 'roberto', 'santander', 'hombre'),
(7, 'jose', 'astillero', NULL);

-- 
-- Dumping data for table coches
--
INSERT INTO coches VALUES
(1, 'renault', 'rojo'),
(2, 'ford', 'rojo'),
(3, 'ford', 'azul'),
(4, 'ford', 'verde'),
(5, 'renault', 'negro'),
(6, 'toyota', 'blanco');

-- 
-- Dumping data for table alquileres
--
INSERT INTO alquileres VALUES
(1, 1, 1, '2019-07-17'),
(2, 1, 1, '2019-07-18'),
(3, 2, 2, '2019-07-16'),
(4, 3, 1, '2019-07-02'),
(5, 4, 2, '2019-07-04');

-- 
-- Restore previous SQL mode
-- 
/*!40101 SET SQL_MODE=@OLD_SQL_MODE */;

-- 
-- Enable foreign keys
-- 
/*!40014 SET FOREIGN_KEY_CHECKS = @OLD_FOREIGN_KEY_CHECKS */;