﻿--
-- Script was generated by Devart dbForge Studio for MySQL, Version 8.0.40.0
-- Product Home Page: http://www.devart.com/dbforge/mysql/studio
-- Script date 15/07/2019 15:37:35
-- Target server version: 5.5.5-10.1.38-MariaDB
-- Target connection string: User Id=root;Host=127.0.0.1;Character Set=utf8
--



SET NAMES 'utf8';
USE parking;
--
-- -- Disable foreign keys
--
/*!40014 SET @OLD_FOREIGN_KEY_CHECKS=@@FOREIGN_KEY_CHECKS, FOREIGN_KEY_CHECKS=0 */;

--
-- Dropping constraints from plazas
--
ALTER TABLE parking.plazas 
   DROP FOREIGN KEY fk_plaza_plantas;

--
-- Dropping constraints from ocupan
--
ALTER TABLE parking.ocupan 
   DROP FOREIGN KEY fk_ocupan_plazas;
ALTER TABLE parking.ocupan 
   DROP FOREIGN KEY fk_ocupan_vehiculos;

--
-- Dropping constraints from ocupanfechas
--
ALTER TABLE parking.ocupanfechas 
   DROP FOREIGN KEY fk_ocupanfechas_ocupan;
--
-- Delete data from the table 'ocupanfechas'
--
TRUNCATE TABLE ocupanfechas;
--
-- Delete data from the table 'ocupan'
--
TRUNCATE TABLE ocupan;
--
-- Delete data from the table 'plazas'
--
TRUNCATE TABLE plazas;
--
-- Delete data from the table 'vehiculos'
--
TRUNCATE TABLE vehiculos;
--
-- Delete data from the table 'plantas'
--
TRUNCATE TABLE plantas;

--
-- Inserting data into table plantas
--
INSERT INTO plantas(numeroplanta, precio) VALUES
(1, 1),
(2, 0.8),
(3, 0.6);

--
-- Inserting data into table vehiculos
--
INSERT INTO vehiculos(matricula, dni, color, modelo) VALUES
('0125BFQ', '43757338D', 'blanco', 'ford fiesta'),
('1362CIK', '65319683M', 'amarillo', 'toyota celica'),
('9545XAT', '88190169W', 'negro', 'renault twingo'),
('4543HXR', '87367586K', 'azul', 'ford mondeo'),
('1575NJQ', '92135741Y', 'rojo', 'renault clio'),
('1818GDE', '83948240R', 'verde', 'citroen saxo'),
('9832FJC', '61520718U', 'amarillo', 'toyota celica'),
('0119DME', '53506265I', 'azul', 'renault clio'),
('2331VQZ', '81761835X', 'rojo', 'ford mondeo'),
('3742SPC', '74688433O', 'blanco', 'renault twingo'),
('7337HED', '07766724G', 'verde', 'citroen saxo'),
('4918UEH', '53004229B', 'negro', 'ford fiesta'),
('8330XCB', '08822395B', 'amarillo', 'toyota celica'),
('5746VIU', '11912460J', 'rojo', 'renault clio'),
('3697NPM', '96330496A', 'negro', 'renault twingo'),
('4242WNC', '73200654O', 'blanco', 'ford fiesta'),
('6123YBD', '96071962P', 'verde', 'ford mondeo'),
('5966GWH', '46984089Q', 'azul', 'citroen saxo'),
('7684FWI', '04892411E', 'negro', 'ford fiesta'),
('1905NHB', '21577919N', 'verde', 'renault clio');

--
-- Inserting data into table plazas
--
INSERT INTO plazas(idplaza, numeroplanta, numeroplaza, espacio) VALUES
(1, 1, 33, 39),
(2, 2, 7, 20),
(3, 2, 15, 66),
(4, 1, 3, 94),
(5, 1, 19, 78),
(6, 1, 34, 22),
(7, 3, 32, 43),
(8, 2, 34, 34),
(9, 1, 31, 54),
(10, 3, 17, 50),
(11, 1, 11, 61),
(12, 3, 16, 77),
(13, 1, 28, 70),
(14, 2, 12, 55),
(15, 1, 8, 41),
(16, 3, 35, 95),
(17, 3, 13, 71),
(18, 3, 26, 43),
(19, 2, 29, 78),
(20, 2, 32, 89),
(21, 2, 20, 24),
(22, 1, 16, 94),
(23, 1, 29, 100),
(24, 3, 8, 40),
(25, 3, 21, 88),
(26, 2, 9, 84),
(27, 1, 12, 100),
(28, 2, 17, 37),
(29, 1, 25, 54),
(30, 3, 30, 22),
(31, 3, 10, 67),
(32, 3, 33, 65),
(33, 2, 4, 53),
(34, 2, 26, 44),
(35, 1, 22, 75),
(36, 1, 20, 89),
(37, 3, 27, 85),
(38, 2, 13, 86),
(39, 1, 9, 23),
(40, 1, 7, 89),
(41, 2, 30, 46),
(42, 1, 32, 88),
(43, 2, 23, 59),
(44, 1, 26, 98),
(45, 3, 5, 60),
(46, 3, 18, 57),
(47, 3, 31, 95),
(48, 2, 33, 53),
(49, 1, 30, 38),
(50, 3, 24, 88),
(51, 3, 34, 88),
(52, 2, 21, 26),
(53, 1, 17, 41),
(54, 2, 8, 98),
(55, 3, 14, 22),
(56, 2, 27, 79),
(57, 2, 10, 33),
(58, 1, 4, 27),
(59, 2, 31, 87),
(60, 1, 23, 81),
(61, 3, 22, 20),
(62, 3, 9, 55),
(63, 2, 18, 86),
(64, 3, 28, 50),
(65, 2, 5, 31),
(66, 1, 1, 34),
(67, 3, 6, 89),
(68, 1, 21, 80),
(69, 2, 24, 48),
(70, 2, 2, 83),
(71, 1, 5, 60),
(72, 1, 13, 21),
(73, 3, 19, 71),
(74, 1, 27, 89),
(75, 2, 22, 75),
(76, 3, 25, 83),
(77, 3, 11, 73),
(78, 2, 28, 37),
(79, 1, 24, 51),
(80, 3, 3, 55),
(81, 2, 14, 46),
(82, 1, 18, 30),
(83, 2, 6, 95),
(84, 3, 29, 94),
(85, 3, 23, 23),
(86, 1, 10, 42),
(87, 2, 25, 61),
(88, 3, 15, 51),
(89, 1, 2, 23),
(90, 3, 7, 60),
(91, 2, 19, 80),
(92, 2, 11, 89),
(93, 1, 15, 62),
(94, 1, 14, 42),
(95, 3, 20, 24),
(96, 2, 3, 99),
(97, 2, 16, 30),
(98, 1, 6, 59),
(99, 3, 4, 34),
(100, 3, 12, 21);

--
-- Inserting data into table ocupan
--
INSERT INTO ocupan(idocupan, matricula, idplaza) VALUES
(1, '7684FWI', 19),
(2, '4918UEH', 12),
(3, '9832FJC', 7),
(4, '3697NPM', 15),
(5, '3742SPC', 10),
(6, '0119DME', 8),
(7, '9545XAT', 3),
(8, '0125BFQ', 1),
(9, '4543HXR', 4),
(10, '1818GDE', 6),
(11, '1362CIK', 2),
(12, '2331VQZ', 9),
(13, '1905NHB', 20),
(14, '4242WNC', 16),
(15, '5966GWH', 18),
(16, '6123YBD', 17),
(17, '8330XCB', 13),
(18, '1575NJQ', 5),
(19, '7337HED', 11),
(20, '5746VIU', 14);

--
-- Inserting data into table ocupanfechas
--
INSERT INTO ocupanfechas(idocupanfechas, idocupan, fechaentrada, fechasalida) VALUES
(1, 19, '2019-03-09 01:55:55', '2019-03-09 11:54:36.652223'),
(2, 12, '2019-05-14 23:18:26', '2019-05-15 12:59:37.167817'),
(3, 7, '2019-06-27 11:22:05', '2019-06-28 07:56:34.214603'),
(4, 15, '2019-06-27 11:22:07', '2019-06-27 18:15:36.225842'),
(5, 10, '2019-04-19 04:11:58', '2019-04-19 11:15:53.341592'),
(6, 8, '2019-03-30 13:47:57', '2019-03-30 21:36:45.953808'),
(7, 3, '2019-01-31 19:37:43', '2019-02-01 09:41:08.212721'),
(8, 1, '2019-02-17 11:31:54', '2019-02-18 05:19:21.821765'),
(9, 4, '2019-06-07 20:58:07', '2019-06-08 11:34:37.121989'),
(10, 6, '2019-04-19 04:11:57', '2019-04-19 15:49:04.542143'),
(11, 2, '2019-03-30 13:47:56', '2019-03-31 13:23:10.313985'),
(12, 9, '2019-06-07 20:58:08', '2019-06-08 12:02:05.536641'),
(13, 20, '2019-06-07 20:58:10', '2019-06-08 06:46:53.301126'),
(14, 16, '2019-04-19 04:11:59', '2019-04-19 13:02:54.745041'),
(15, 18, '2019-03-30 13:47:59', '2019-03-31 05:52:57.225487'),
(16, 17, '2019-01-12 05:13:43', '2019-01-12 19:50:27.403898'),
(17, 13, '2019-03-30 13:47:58', '2019-03-31 03:32:07.425361'),
(18, 5, '2019-06-03 13:42:26', '2019-06-04 02:21:25.199304'),
(19, 11, '2019-06-27 11:22:06', '2019-06-28 07:32:37.450247'),
(20, 14, '2019-06-07 20:58:09', '2019-06-08 16:29:36.424376');
--
-- -- Enable foreign keys
--
/*!40014 SET FOREIGN_KEY_CHECKS=@OLD_FOREIGN_KEY_CHECKS */;

--
-- Creating constraints for plazas
--
ALTER TABLE parking.plazas 
  ADD CONSTRAINT fk_plaza_plantas FOREIGN KEY (numeroplanta)
    REFERENCES parking.plantas(numeroplanta);

--
-- Creating constraints for ocupan
--
ALTER TABLE parking.ocupan 
  ADD CONSTRAINT fk_ocupan_plazas FOREIGN KEY (idplaza)
    REFERENCES parking.plazas(idplaza);
ALTER TABLE parking.ocupan 
  ADD CONSTRAINT fk_ocupan_vehiculos FOREIGN KEY (matricula)
    REFERENCES parking.vehiculos(matricula);

--
-- Creating constraints for ocupanfechas
--
ALTER TABLE parking.ocupanfechas 
  ADD CONSTRAINT fk_ocupanfechas_ocupan FOREIGN KEY (idocupan)
    REFERENCES parking.ocupan(idocupan);