﻿--
-- Script was generated by Devart dbForge Studio for MySQL, Version 8.0.40.0
-- Product home page: http://www.devart.com/dbforge/mysql/studio
-- Script date 18/06/2019 18:53:49
-- Server version: 5.5.5-10.1.38-MariaDB
-- Client version: 4.1
--

-- 
-- Disable foreign keys
-- 
/*!40014 SET @OLD_FOREIGN_KEY_CHECKS=@@FOREIGN_KEY_CHECKS, FOREIGN_KEY_CHECKS=0 */;

-- 
-- Set SQL mode
-- 
/*!40101 SET @OLD_SQL_MODE=@@SQL_MODE, SQL_MODE='NO_AUTO_VALUE_ON_ZERO' */;

-- 
-- Set character set the client will use to send SQL statements to the server
--
SET NAMES 'utf8';

DROP DATABASE IF EXISTS m3u1p1e1;

CREATE DATABASE IF NOT EXISTS m3u1p1e1
CHARACTER SET latin1
COLLATE latin1_swedish_ci;

--
-- Set default database
--
USE m3u1p1e1;

--
-- Create table `productos_importados`
--
CREATE TABLE IF NOT EXISTS productos_importados (
  id int(11) NOT NULL,
  nombre varchar(12) DEFAULT NULL,
  peso int(11) NOT NULL,
  PRIMARY KEY (id)
)
ENGINE = INNODB,
AVG_ROW_LENGTH = 682,
CHARACTER SET latin1,
COLLATE latin1_swedish_ci;

--
-- Create index `peso_index` on table `productos_importados`
--
ALTER TABLE productos_importados
ADD INDEX peso_index (peso);

--
-- Create table `clientes_importados`
--
CREATE TABLE IF NOT EXISTS clientes_importados (
  id int(11) NOT NULL,
  nombre varchar(12) DEFAULT NULL,
  PRIMARY KEY (id)
)
ENGINE = INNODB,
AVG_ROW_LENGTH = 682,
CHARACTER SET latin1,
COLLATE latin1_swedish_ci;

--
-- Create table `compran_importados`
--
CREATE TABLE IF NOT EXISTS compran_importados (
  idcliente int(11) NOT NULL,
  idproducto int(11) NOT NULL,
  fecha datetime DEFAULT NULL,
  cantidad int(11) NOT NULL,
  PRIMARY KEY (idcliente, idproducto)
)
ENGINE = INNODB,
AVG_ROW_LENGTH = 1170,
CHARACTER SET latin1,
COLLATE latin1_swedish_ci;

--
-- Create index `cantidad_index` on table `compran_importados`
--
ALTER TABLE compran_importados
ADD INDEX cantidad_index (cantidad);

--
-- Create foreign key
--
ALTER TABLE compran_importados
ADD CONSTRAINT FK_compran_importados_clientes_importados_id FOREIGN KEY (idcliente)
REFERENCES clientes_importados (id) ON DELETE NO ACTION ON UPDATE NO ACTION;

--
-- Create foreign key
--
ALTER TABLE compran_importados
ADD CONSTRAINT FK_compran_importados_productos_importados_id FOREIGN KEY (idproducto)
REFERENCES productos_importados (id) ON DELETE NO ACTION ON UPDATE NO ACTION;

-- 
-- Dumping data for table productos_importados
--
INSERT INTO productos_importados VALUES
(1, 'producto1', 12),
(2, 'producto2', 13),
(3, 'producto3', 14),
(4, 'producto4', 15),
(5, 'producto5', 16),
(6, 'producto6', 17),
(7, 'producto7', 18),
(8, 'producto8', 19),
(9, 'producto9', 20),
(10, 'producto10', 21),
(11, 'producto11', 22),
(12, 'producto12', 23),
(13, 'producto13', 24),
(14, 'producto14', 25),
(15, 'producto15', 26),
(16, 'producto16', 27),
(17, 'producto17', 28),
(18, 'producto18', 29),
(19, 'producto19', 30),
(20, 'producto20', 31),
(21, 'producto21', 32),
(22, 'producto22', 33),
(23, 'producto23', 34),
(24, 'producto24', 35);

-- 
-- Dumping data for table clientes_importados
--
INSERT INTO clientes_importados VALUES
(1, 'cliente1'),
(2, 'cliente2'),
(3, 'cliente3'),
(4, 'cliente4'),
(5, 'cliente5'),
(6, 'cliente6'),
(7, 'cliente7'),
(8, 'cliente8'),
(9, 'cliente9'),
(10, 'cliente10'),
(11, 'cliente11'),
(12, 'cliente12'),
(13, 'cliente13'),
(14, 'cliente14'),
(15, 'cliente15'),
(16, 'cliente16'),
(17, 'cliente17'),
(18, 'cliente18'),
(19, 'cliente19'),
(20, 'cliente20'),
(21, 'cliente21'),
(22, 'cliente22'),
(23, 'cliente23'),
(24, 'cliente24');

-- 
-- Dumping data for table compran_importados
--
INSERT INTO compran_importados VALUES
(1, 1, '2019-06-18 00:00:00', 1),
(2, 2, '2019-06-18 00:00:00', 2),
(3, 1, '2019-06-18 00:00:00', 3),
(4, 1, '2019-06-18 00:00:00', 4),
(5, 1, '2019-06-18 00:00:00', 5),
(6, 1, '2019-06-18 00:00:00', 6),
(6, 2, '2019-06-18 00:00:00', 7),
(6, 5, '2019-06-18 00:00:00', 8),
(7, 2, '2019-06-18 00:00:00', 9),
(8, 2, '2019-06-18 00:00:00', 10),
(9, 1, '2019-06-18 00:00:00', 11),
(10, 2, '2019-06-18 00:00:00', 12),
(11, 2, '2019-06-18 00:00:00', 13),
(12, 2, '2019-06-18 00:00:00', 14);

-- 
-- Restore previous SQL mode
-- 
/*!40101 SET SQL_MODE=@OLD_SQL_MODE */;

-- 
-- Enable foreign keys
-- 
/*!40014 SET FOREIGN_KEY_CHECKS = @OLD_FOREIGN_KEY_CHECKS */;