INSERT INTO region (id_region, nombre_region, numero_region) VALUES (1 , 'Arica y Parinacota','XV');
INSERT INTO region (id_region, nombre_region, numero_region) VALUES (2 , 'Tarapacá','I');
INSERT INTO region (id_region, nombre_region, numero_region) VALUES (3 , 'Antofagasta','II');
INSERT INTO region (id_region, nombre_region, numero_region) VALUES (4 , 'Atacama','III');
INSERT INTO region (id_region, nombre_region, numero_region) VALUES (5 , 'Coquimbo','IV');
INSERT INTO region (id_region, nombre_region, numero_region) VALUES (6 , 'Valparaiso','V');
INSERT INTO region (id_region, nombre_region, numero_region) VALUES (7 , 'Metropolitana de Santiago','RM');
INSERT INTO region (id_region, nombre_region, numero_region) VALUES (8 , 'Libertador General Bernardo O\'Higgins','VI');
INSERT INTO region (id_region, nombre_region, numero_region) VALUES (9 , 'Maule','VII');
INSERT INTO region (id_region, nombre_region, numero_region) VALUES (10, 'Biobío','VIII');
INSERT INTO region (id_region, nombre_region, numero_region) VALUES (11, 'La Araucanía','IX');
INSERT INTO region (id_region, nombre_region, numero_region) VALUES (12, 'Los Ríos','XIV');
INSERT INTO region (id_region, nombre_region, numero_region) VALUES (13, 'Los Lagos','X');
INSERT INTO region (id_region, nombre_region, numero_region) VALUES (14, 'Aisén del General Carlos Ibáñez del Campo','XI');
INSERT INTO region (id_region, nombre_region, numero_region) VALUES (15, 'Magallanes y de la Antártica Chilena','XII');

INSERT INTO provincia (id_provincia, nombre_provincia, id_region) VALUES (1 , 'Arica',1);
INSERT INTO provincia (id_provincia, nombre_provincia, id_region) VALUES (2 , 'Parinacota',1);
INSERT INTO provincia (id_provincia, nombre_provincia, id_region) VALUES (3 , 'Iquique',2);
INSERT INTO provincia (id_provincia, nombre_provincia, id_region) VALUES (4 , 'El Tamarugal',2);
INSERT INTO provincia (id_provincia, nombre_provincia, id_region) VALUES (5 , 'Antofagasta',3);
INSERT INTO provincia (id_provincia, nombre_provincia, id_region) VALUES (6 , 'El Loa',3);
INSERT INTO provincia (id_provincia, nombre_provincia, id_region) VALUES (7 , 'Tocopilla',3);
INSERT INTO provincia (id_provincia, nombre_provincia, id_region) VALUES (8 , 'Chañaral',4);
INSERT INTO provincia (id_provincia, nombre_provincia, id_region) VALUES (9 , 'Copiapó',4);
INSERT INTO provincia (id_provincia, nombre_provincia, id_region) VALUES (10, 'Huasco',4);
INSERT INTO provincia (id_provincia, nombre_provincia, id_region) VALUES (11, 'Choapa',5);
INSERT INTO provincia (id_provincia, nombre_provincia, id_region) VALUES (12, 'Elqui',5);
INSERT INTO provincia (id_provincia, nombre_provincia, id_region) VALUES (13, 'Limarí',5);
INSERT INTO provincia (id_provincia, nombre_provincia, id_region) VALUES (14, 'Isla de Pascua',6);
INSERT INTO provincia (id_provincia, nombre_provincia, id_region) VALUES (15, 'Los Andes',6);
INSERT INTO provincia (id_provincia, nombre_provincia, id_region) VALUES (16, 'Petorca',6);
INSERT INTO provincia (id_provincia, nombre_provincia, id_region) VALUES (17, 'Quillota',6);
INSERT INTO provincia (id_provincia, nombre_provincia, id_region) VALUES (18, 'San Antonio',6);
INSERT INTO provincia (id_provincia, nombre_provincia, id_region) VALUES (19, 'San Felipe de Aconcagua',6);
INSERT INTO provincia (id_provincia, nombre_provincia, id_region) VALUES (20, 'Valparaiso',6);
INSERT INTO provincia (id_provincia, nombre_provincia, id_region) VALUES (21, 'Chacabuco',7);
INSERT INTO provincia (id_provincia, nombre_provincia, id_region) VALUES (22, 'Cordillera',7);
INSERT INTO provincia (id_provincia, nombre_provincia, id_region) VALUES (23, 'Maipo',7);
INSERT INTO provincia (id_provincia, nombre_provincia, id_region) VALUES (24, 'Melipilla',7);
INSERT INTO provincia (id_provincia, nombre_provincia, id_region) VALUES (25, 'Santiago',7);
INSERT INTO provincia (id_provincia, nombre_provincia, id_region) VALUES (26, 'Talagante',7);
INSERT INTO provincia (id_provincia, nombre_provincia, id_region) VALUES (27, 'Cachapoal',8);
INSERT INTO provincia (id_provincia, nombre_provincia, id_region) VALUES (28, 'Cardenal Caro',8);
INSERT INTO provincia (id_provincia, nombre_provincia, id_region) VALUES (29, 'Colchagua',8);
INSERT INTO provincia (id_provincia, nombre_provincia, id_region) VALUES (30, 'Cauquenes',9);
INSERT INTO provincia (id_provincia, nombre_provincia, id_region) VALUES (31, 'Curicó',9);
INSERT INTO provincia (id_provincia, nombre_provincia, id_region) VALUES (32, 'Linares',9);
INSERT INTO provincia (id_provincia, nombre_provincia, id_region) VALUES (33, 'Talca',9);
INSERT INTO provincia (id_provincia, nombre_provincia, id_region) VALUES (34, 'Arauco',10);
INSERT INTO provincia (id_provincia, nombre_provincia, id_region) VALUES (35, 'Bio Bío',10);
INSERT INTO provincia (id_provincia, nombre_provincia, id_region) VALUES (36, 'Concepción',10);
INSERT INTO provincia (id_provincia, nombre_provincia, id_region) VALUES (37, 'Ñuble',10);
INSERT INTO provincia (id_provincia, nombre_provincia, id_region) VALUES (38, 'Cautín',11);
INSERT INTO provincia (id_provincia, nombre_provincia, id_region) VALUES (39, 'Malleco',11);
INSERT INTO provincia (id_provincia, nombre_provincia, id_region) VALUES (40, 'Valdivia',12);
INSERT INTO provincia (id_provincia, nombre_provincia, id_region) VALUES (41, 'Ranco',12);
INSERT INTO provincia (id_provincia, nombre_provincia, id_region) VALUES (42, 'Chiloé',13);
INSERT INTO provincia (id_provincia, nombre_provincia, id_region) VALUES (43, 'Llanquihue',13);
INSERT INTO provincia (id_provincia, nombre_provincia, id_region) VALUES (44, 'Osorno',13);
INSERT INTO provincia (id_provincia, nombre_provincia, id_region) VALUES (45, 'Palena',13);
INSERT INTO provincia (id_provincia, nombre_provincia, id_region) VALUES (46, 'Aisén',14);
INSERT INTO provincia (id_provincia, nombre_provincia, id_region) VALUES (47, 'Capitán Prat',14);
INSERT INTO provincia (id_provincia, nombre_provincia, id_region) VALUES (48, 'Coihaique',14);
INSERT INTO provincia (id_provincia, nombre_provincia, id_region) VALUES (49, 'General Carrera',14);
INSERT INTO provincia (id_provincia, nombre_provincia, id_region) VALUES (50, 'Antártica Chilena',15);
INSERT INTO provincia (id_provincia, nombre_provincia, id_region) VALUES (51, 'Magallanes',15);
INSERT INTO provincia (id_provincia, nombre_provincia, id_region) VALUES (52, 'Tierra del Fuego',15);
INSERT INTO provincia (id_provincia, nombre_provincia, id_region) VALUES (53, 'Última Esperanza',15);



INSERT INTO comuna (id_comuna,nombre_comuna,id_provincia) VALUES (1,'Arica',1);
INSERT INTO comuna (id_comuna,nombre_comuna,id_provincia) VALUES (2,'Camarones',1);
INSERT INTO comuna (id_comuna,nombre_comuna,id_provincia) VALUES (3,'General Lagos',2);
INSERT INTO comuna (id_comuna,nombre_comuna,id_provincia) VALUES (4,'Putre',2);
INSERT INTO comuna (id_comuna,nombre_comuna,id_provincia) VALUES (5,'Alto Hospicio',3);
INSERT INTO comuna (id_comuna,nombre_comuna,id_provincia) VALUES (6,'Iquique',3);
INSERT INTO comuna (id_comuna,nombre_comuna,id_provincia) VALUES (7,'Camiña',4);
INSERT INTO comuna (id_comuna,nombre_comuna,id_provincia) VALUES (8,'Colchane',4);
INSERT INTO comuna (id_comuna,nombre_comuna,id_provincia) VALUES (9,'Huara',4);
INSERT INTO comuna (id_comuna,nombre_comuna,id_provincia) VALUES (10,'Pica',4);
INSERT INTO comuna (id_comuna,nombre_comuna,id_provincia) VALUES (11,'Pozo Almonte',4);
INSERT INTO comuna (id_comuna,nombre_comuna,id_provincia) VALUES (12,'Antofagasta',5);
INSERT INTO comuna (id_comuna,nombre_comuna,id_provincia) VALUES (13,'Mejillones',5);
INSERT INTO comuna (id_comuna,nombre_comuna,id_provincia) VALUES (14,'Sierra Gorda',5);
INSERT INTO comuna (id_comuna,nombre_comuna,id_provincia) VALUES (15,'Taltal',5);
INSERT INTO comuna (id_comuna,nombre_comuna,id_provincia) VALUES (16,'Calama',6);
INSERT INTO comuna (id_comuna,nombre_comuna,id_provincia) VALUES (17,'Ollague',6);
INSERT INTO comuna (id_comuna,nombre_comuna,id_provincia) VALUES (18,'San Pedro de Atacama',6);
INSERT INTO comuna (id_comuna,nombre_comuna,id_provincia) VALUES (19,'María Elena',7);
INSERT INTO comuna (id_comuna,nombre_comuna,id_provincia) VALUES (20,'Tocopilla',7);
INSERT INTO comuna (id_comuna,nombre_comuna,id_provincia) VALUES (21,'Chañaral',8);
INSERT INTO comuna (id_comuna,nombre_comuna,id_provincia) VALUES (22,'Diego de Almagro',8);
INSERT INTO comuna (id_comuna,nombre_comuna,id_provincia) VALUES (23,'Caldera',9);
INSERT INTO comuna (id_comuna,nombre_comuna,id_provincia) VALUES (24,'Copiapó',9);
INSERT INTO comuna (id_comuna,nombre_comuna,id_provincia) VALUES (25,'Tierra Amarilla',9);
INSERT INTO comuna (id_comuna,nombre_comuna,id_provincia) VALUES (26,'Alto del Carmen',10);
INSERT INTO comuna (id_comuna,nombre_comuna,id_provincia) VALUES (27,'Freirina',10);
INSERT INTO comuna (id_comuna,nombre_comuna,id_provincia) VALUES (28,'Huasco',10);
INSERT INTO comuna (id_comuna,nombre_comuna,id_provincia) VALUES (29,'Vallenar',10);
INSERT INTO comuna (id_comuna,nombre_comuna,id_provincia) VALUES (30,'Canela',11);
INSERT INTO comuna (id_comuna,nombre_comuna,id_provincia) VALUES (31,'Illapel',11);
INSERT INTO comuna (id_comuna,nombre_comuna,id_provincia) VALUES (32,'Los Vilos',11);
INSERT INTO comuna (id_comuna,nombre_comuna,id_provincia) VALUES (33,'Salamanca',11);
INSERT INTO comuna (id_comuna,nombre_comuna,id_provincia) VALUES (34,'Andacollo',12);
INSERT INTO comuna (id_comuna,nombre_comuna,id_provincia) VALUES (35,'Coquimbo',12);
INSERT INTO comuna (id_comuna,nombre_comuna,id_provincia) VALUES (36,'La Higuera',12);
INSERT INTO comuna (id_comuna,nombre_comuna,id_provincia) VALUES (37,'La Serena',12);
INSERT INTO comuna (id_comuna,nombre_comuna,id_provincia) VALUES (38,'Paihuaco',12);
INSERT INTO comuna (id_comuna,nombre_comuna,id_provincia) VALUES (39,'Vicuña',12);
INSERT INTO comuna (id_comuna,nombre_comuna,id_provincia) VALUES (40,'Combarbalá',13);
INSERT INTO comuna (id_comuna,nombre_comuna,id_provincia) VALUES (41,'Monte Patria',13);
INSERT INTO comuna (id_comuna,nombre_comuna,id_provincia) VALUES (42,'Ovalle',13);
INSERT INTO comuna (id_comuna,nombre_comuna,id_provincia) VALUES (43,'Punitaqui',13);
INSERT INTO comuna (id_comuna,nombre_comuna,id_provincia) VALUES (44,'Río Hurtado',13);
INSERT INTO comuna (id_comuna,nombre_comuna,id_provincia) VALUES (45,'Isla de Pascua',14);
INSERT INTO comuna (id_comuna,nombre_comuna,id_provincia) VALUES (46,'Calle Larga',15);
INSERT INTO comuna (id_comuna,nombre_comuna,id_provincia) VALUES (47,'Los Andes',15);
INSERT INTO comuna (id_comuna,nombre_comuna,id_provincia) VALUES (48,'Rinconada',15);
INSERT INTO comuna (id_comuna,nombre_comuna,id_provincia) VALUES (49,'San Esteban',15);
INSERT INTO comuna (id_comuna,nombre_comuna,id_provincia) VALUES (50,'La Ligua',16);
INSERT INTO comuna (id_comuna,nombre_comuna,id_provincia) VALUES (51,'Papudo',16);
INSERT INTO comuna (id_comuna,nombre_comuna,id_provincia) VALUES (52,'Petorca',16);
INSERT INTO comuna (id_comuna,nombre_comuna,id_provincia) VALUES (53,'Zapallar',16);
INSERT INTO comuna (id_comuna,nombre_comuna,id_provincia) VALUES (54,'Hijuelas',17);
INSERT INTO comuna (id_comuna,nombre_comuna,id_provincia) VALUES (55,'La Calera',17);
INSERT INTO comuna (id_comuna,nombre_comuna,id_provincia) VALUES (56,'La Cruz',17);
INSERT INTO comuna (id_comuna,nombre_comuna,id_provincia) VALUES (57,'Limache',17);
INSERT INTO comuna (id_comuna,nombre_comuna,id_provincia) VALUES (58,'Nogales',17);
INSERT INTO comuna (id_comuna,nombre_comuna,id_provincia) VALUES (59,'Olmué',17);
INSERT INTO comuna (id_comuna,nombre_comuna,id_provincia) VALUES (60,'Quillota',17);
INSERT INTO comuna (id_comuna,nombre_comuna,id_provincia) VALUES (61,'Algarrobo',18);
INSERT INTO comuna (id_comuna,nombre_comuna,id_provincia) VALUES (62,'Cartagena',18);
INSERT INTO comuna (id_comuna,nombre_comuna,id_provincia) VALUES (63,'El Quisco',18);
INSERT INTO comuna (id_comuna,nombre_comuna,id_provincia) VALUES (64,'El Tabo',18);
INSERT INTO comuna (id_comuna,nombre_comuna,id_provincia) VALUES (65,'San Antonio',18);
INSERT INTO comuna (id_comuna,nombre_comuna,id_provincia) VALUES (66,'Santo Domingo',18);
INSERT INTO comuna (id_comuna,nombre_comuna,id_provincia) VALUES (67,'Catemu',19);
INSERT INTO comuna (id_comuna,nombre_comuna,id_provincia) VALUES (68,'Llaillay',19);
INSERT INTO comuna (id_comuna,nombre_comuna,id_provincia) VALUES (69,'Panquehue',19);
INSERT INTO comuna (id_comuna,nombre_comuna,id_provincia) VALUES (70,'Putaendo',19);
INSERT INTO comuna (id_comuna,nombre_comuna,id_provincia) VALUES (71,'San Felipe',19);
INSERT INTO comuna (id_comuna,nombre_comuna,id_provincia) VALUES (72,'Santa María',19);
INSERT INTO comuna (id_comuna,nombre_comuna,id_provincia) VALUES (73,'Casablanca',20);
INSERT INTO comuna (id_comuna,nombre_comuna,id_provincia) VALUES (74,'Concón',20);
INSERT INTO comuna (id_comuna,nombre_comuna,id_provincia) VALUES (75,'Juan Fernández',20);
INSERT INTO comuna (id_comuna,nombre_comuna,id_provincia) VALUES (76,'Puchuncaví',20);
INSERT INTO comuna (id_comuna,nombre_comuna,id_provincia) VALUES (77,'Quilpué',20);
INSERT INTO comuna (id_comuna,nombre_comuna,id_provincia) VALUES (78,'Quintero',20);
INSERT INTO comuna (id_comuna,nombre_comuna,id_provincia) VALUES (79,'Valparaíso',20);
INSERT INTO comuna (id_comuna,nombre_comuna,id_provincia) VALUES (80,'Villa Alemana',20);
INSERT INTO comuna (id_comuna,nombre_comuna,id_provincia) VALUES (81,'Viña del Mar',20);
INSERT INTO comuna (id_comuna,nombre_comuna,id_provincia) VALUES (82,'Colina',21);
INSERT INTO comuna (id_comuna,nombre_comuna,id_provincia) VALUES (83,'Lampa',21);
INSERT INTO comuna (id_comuna,nombre_comuna,id_provincia) VALUES (84,'Tiltil',21);
INSERT INTO comuna (id_comuna,nombre_comuna,id_provincia) VALUES (85,'Pirque',22);
INSERT INTO comuna (id_comuna,nombre_comuna,id_provincia) VALUES (86,'Puente Alto',22);
INSERT INTO comuna (id_comuna,nombre_comuna,id_provincia) VALUES (87,'San José de Maipo',22);
INSERT INTO comuna (id_comuna,nombre_comuna,id_provincia) VALUES (88,'Buin',23);
INSERT INTO comuna (id_comuna,nombre_comuna,id_provincia) VALUES (89,'Calera de Tango',23);
INSERT INTO comuna (id_comuna,nombre_comuna,id_provincia) VALUES (90,'Paine',23);
INSERT INTO comuna (id_comuna,nombre_comuna,id_provincia) VALUES (91,'San Bernardo',23);
INSERT INTO comuna (id_comuna,nombre_comuna,id_provincia) VALUES (92,'Alhué',24);
INSERT INTO comuna (id_comuna,nombre_comuna,id_provincia) VALUES (93,'Curacaví',24);
INSERT INTO comuna (id_comuna,nombre_comuna,id_provincia) VALUES (94,'María Pinto',24);
INSERT INTO comuna (id_comuna,nombre_comuna,id_provincia) VALUES (95,'Melipilla',24);
INSERT INTO comuna (id_comuna,nombre_comuna,id_provincia) VALUES (96,'San Pedro',24);
INSERT INTO comuna (id_comuna,nombre_comuna,id_provincia) VALUES (97,'Cerrillos',25);
INSERT INTO comuna (id_comuna,nombre_comuna,id_provincia) VALUES (98,'Cerro Navia',25);
INSERT INTO comuna (id_comuna,nombre_comuna,id_provincia) VALUES (99,'Conchalí',25);
INSERT INTO comuna (id_comuna,nombre_comuna,id_provincia) VALUES (100,'El Bosque',25);
INSERT INTO comuna (id_comuna,nombre_comuna,id_provincia) VALUES (101,'Estación Central',25);
INSERT INTO comuna (id_comuna,nombre_comuna,id_provincia) VALUES (102,'Huechuraba',25);
INSERT INTO comuna (id_comuna,nombre_comuna,id_provincia) VALUES (103,'Independencia',25);
INSERT INTO comuna (id_comuna,nombre_comuna,id_provincia) VALUES (104,'La Cisterna',25);
INSERT INTO comuna (id_comuna,nombre_comuna,id_provincia) VALUES (105,'La Granja',25);
INSERT INTO comuna (id_comuna,nombre_comuna,id_provincia) VALUES (106,'La Florida',25);
INSERT INTO comuna (id_comuna,nombre_comuna,id_provincia) VALUES (107,'La Pintana',25);
INSERT INTO comuna (id_comuna,nombre_comuna,id_provincia) VALUES (108,'La Reina',25);
INSERT INTO comuna (id_comuna,nombre_comuna,id_provincia) VALUES (109,'Las Condes',25);
INSERT INTO comuna (id_comuna,nombre_comuna,id_provincia) VALUES (110,'Lo Barnechea',25);
INSERT INTO comuna (id_comuna,nombre_comuna,id_provincia) VALUES (111,'Lo Espejo',25);
INSERT INTO comuna (id_comuna,nombre_comuna,id_provincia) VALUES (112,'Lo Prado',25);
INSERT INTO comuna (id_comuna,nombre_comuna,id_provincia) VALUES (113,'Macul',25);
INSERT INTO comuna (id_comuna,nombre_comuna,id_provincia) VALUES (114,'Maipú',25);
INSERT INTO comuna (id_comuna,nombre_comuna,id_provincia) VALUES (115,'Ñuñoa',25);
INSERT INTO comuna (id_comuna,nombre_comuna,id_provincia) VALUES (116,'Pedro Aguirre Cerda',25);
INSERT INTO comuna (id_comuna,nombre_comuna,id_provincia) VALUES (117,'Peñalolén',25);
INSERT INTO comuna (id_comuna,nombre_comuna,id_provincia) VALUES (118,'Providencia',25);
INSERT INTO comuna (id_comuna,nombre_comuna,id_provincia) VALUES (119,'Pudahuel',25);
INSERT INTO comuna (id_comuna,nombre_comuna,id_provincia) VALUES (120,'Quilicura',25);
INSERT INTO comuna (id_comuna,nombre_comuna,id_provincia) VALUES (121,'Quinta Normal',25);
INSERT INTO comuna (id_comuna,nombre_comuna,id_provincia) VALUES (122,'Recoleta',25);
INSERT INTO comuna (id_comuna,nombre_comuna,id_provincia) VALUES (123,'Renca',25);
INSERT INTO comuna (id_comuna,nombre_comuna,id_provincia) VALUES (124,'San Miguel',25);
INSERT INTO comuna (id_comuna,nombre_comuna,id_provincia) VALUES (125,'San Joaquín',25);
INSERT INTO comuna (id_comuna,nombre_comuna,id_provincia) VALUES (126,'San Ramón',25);
INSERT INTO comuna (id_comuna,nombre_comuna,id_provincia) VALUES (127,'Santiago',25);
INSERT INTO comuna (id_comuna,nombre_comuna,id_provincia) VALUES (128,'Vitacura',25);
INSERT INTO comuna (id_comuna,nombre_comuna,id_provincia) VALUES (129,'El Monte',26);
INSERT INTO comuna (id_comuna,nombre_comuna,id_provincia) VALUES (130,'Isla de Maipo',26);
INSERT INTO comuna (id_comuna,nombre_comuna,id_provincia) VALUES (131,'Padre Hurtado',26);
INSERT INTO comuna (id_comuna,nombre_comuna,id_provincia) VALUES (132,'Peñaflor',26);
INSERT INTO comuna (id_comuna,nombre_comuna,id_provincia) VALUES (133,'Talagante',26);
INSERT INTO comuna (id_comuna,nombre_comuna,id_provincia) VALUES (134,'Codegua',27);
INSERT INTO comuna (id_comuna,nombre_comuna,id_provincia) VALUES (135,'Coínco',27);
INSERT INTO comuna (id_comuna,nombre_comuna,id_provincia) VALUES (136,'Coltauco',27);
INSERT INTO comuna (id_comuna,nombre_comuna,id_provincia) VALUES (137,'Doñihue',27);
INSERT INTO comuna (id_comuna,nombre_comuna,id_provincia) VALUES (138,'Graneros',27);
INSERT INTO comuna (id_comuna,nombre_comuna,id_provincia) VALUES (139,'Las Cabras',27);
INSERT INTO comuna (id_comuna,nombre_comuna,id_provincia) VALUES (140,'Machalí',27);
INSERT INTO comuna (id_comuna,nombre_comuna,id_provincia) VALUES (141,'Malloa',27);
INSERT INTO comuna (id_comuna,nombre_comuna,id_provincia) VALUES (142,'Mostazal',27);
INSERT INTO comuna (id_comuna,nombre_comuna,id_provincia) VALUES (143,'Olivar',27);
INSERT INTO comuna (id_comuna,nombre_comuna,id_provincia) VALUES (144,'Peumo',27);
INSERT INTO comuna (id_comuna,nombre_comuna,id_provincia) VALUES (145,'Pichidegua',27);
INSERT INTO comuna (id_comuna,nombre_comuna,id_provincia) VALUES (146,'Quinta de Tilcoco',27);
INSERT INTO comuna (id_comuna,nombre_comuna,id_provincia) VALUES (147,'Rancagua',27);
INSERT INTO comuna (id_comuna,nombre_comuna,id_provincia) VALUES (148,'Rengo',27);
INSERT INTO comuna (id_comuna,nombre_comuna,id_provincia) VALUES (149,'Requínoa',27);
INSERT INTO comuna (id_comuna,nombre_comuna,id_provincia) VALUES (150,'San Vicente de Tagua Tagua',27);
INSERT INTO comuna (id_comuna,nombre_comuna,id_provincia) VALUES (151,'La Estrella',28);
INSERT INTO comuna (id_comuna,nombre_comuna,id_provincia) VALUES (152,'Litueche',28);
INSERT INTO comuna (id_comuna,nombre_comuna,id_provincia) VALUES (153,'Marchihue',28);
INSERT INTO comuna (id_comuna,nombre_comuna,id_provincia) VALUES (154,'Navidad',28);
INSERT INTO comuna (id_comuna,nombre_comuna,id_provincia) VALUES (155,'Peredones',28);
INSERT INTO comuna (id_comuna,nombre_comuna,id_provincia) VALUES (156,'Pichilemu',28);
INSERT INTO comuna (id_comuna,nombre_comuna,id_provincia) VALUES (157,'Chépica',29);
INSERT INTO comuna (id_comuna,nombre_comuna,id_provincia) VALUES (158,'Chimbarongo',29);
INSERT INTO comuna (id_comuna,nombre_comuna,id_provincia) VALUES (159,'Lolol',29);
INSERT INTO comuna (id_comuna,nombre_comuna,id_provincia) VALUES (160,'Nancagua',29);
INSERT INTO comuna (id_comuna,nombre_comuna,id_provincia) VALUES (161,'Palmilla',29);
INSERT INTO comuna (id_comuna,nombre_comuna,id_provincia) VALUES (162,'Peralillo',29);
INSERT INTO comuna (id_comuna,nombre_comuna,id_provincia) VALUES (163,'Placilla',29);
INSERT INTO comuna (id_comuna,nombre_comuna,id_provincia) VALUES (164,'Pumanque',29);
INSERT INTO comuna (id_comuna,nombre_comuna,id_provincia) VALUES (165,'San Fernando',29);
INSERT INTO comuna (id_comuna,nombre_comuna,id_provincia) VALUES (166,'Santa Cruz',29);
INSERT INTO comuna (id_comuna,nombre_comuna,id_provincia) VALUES (167,'Cauquenes',30);
INSERT INTO comuna (id_comuna,nombre_comuna,id_provincia) VALUES (168,'Chanco',30);
INSERT INTO comuna (id_comuna,nombre_comuna,id_provincia) VALUES (169,'Pelluhue',30);
INSERT INTO comuna (id_comuna,nombre_comuna,id_provincia) VALUES (170,'Curicó',31);
INSERT INTO comuna (id_comuna,nombre_comuna,id_provincia) VALUES (171,'Hualañé',31);
INSERT INTO comuna (id_comuna,nombre_comuna,id_provincia) VALUES (172,'Licantén',31);
INSERT INTO comuna (id_comuna,nombre_comuna,id_provincia) VALUES (173,'Molina',31);
INSERT INTO comuna (id_comuna,nombre_comuna,id_provincia) VALUES (174,'Rauco',31);
INSERT INTO comuna (id_comuna,nombre_comuna,id_provincia) VALUES (175,'Romeral',31);
INSERT INTO comuna (id_comuna,nombre_comuna,id_provincia) VALUES (176,'Sagrada Familia',31);
INSERT INTO comuna (id_comuna,nombre_comuna,id_provincia) VALUES (177,'Teno',31);
INSERT INTO comuna (id_comuna,nombre_comuna,id_provincia) VALUES (178,'Vichuquén',31);
INSERT INTO comuna (id_comuna,nombre_comuna,id_provincia) VALUES (179,'Colbún',32);
INSERT INTO comuna (id_comuna,nombre_comuna,id_provincia) VALUES (180,'Linares',32);
INSERT INTO comuna (id_comuna,nombre_comuna,id_provincia) VALUES (181,'Longaví',32);
INSERT INTO comuna (id_comuna,nombre_comuna,id_provincia) VALUES (182,'Parral',32);
INSERT INTO comuna (id_comuna,nombre_comuna,id_provincia) VALUES (183,'Retiro',32);
INSERT INTO comuna (id_comuna,nombre_comuna,id_provincia) VALUES (184,'San Javier',32);
INSERT INTO comuna (id_comuna,nombre_comuna,id_provincia) VALUES (185,'Villa Alegre',32);
INSERT INTO comuna (id_comuna,nombre_comuna,id_provincia) VALUES (186,'Yerbas Buenas',32);
INSERT INTO comuna (id_comuna,nombre_comuna,id_provincia) VALUES (187,'Constitución',33);
INSERT INTO comuna (id_comuna,nombre_comuna,id_provincia) VALUES (188,'Curepto',33);
INSERT INTO comuna (id_comuna,nombre_comuna,id_provincia) VALUES (189,'Empedrado',33);
INSERT INTO comuna (id_comuna,nombre_comuna,id_provincia) VALUES (190,'Maule',33);
INSERT INTO comuna (id_comuna,nombre_comuna,id_provincia) VALUES (191,'Pelarco',33);
INSERT INTO comuna (id_comuna,nombre_comuna,id_provincia) VALUES (192,'Pencahue',33);
INSERT INTO comuna (id_comuna,nombre_comuna,id_provincia) VALUES (193,'Río Claro',33);
INSERT INTO comuna (id_comuna,nombre_comuna,id_provincia) VALUES (194,'San Clemente',33);
INSERT INTO comuna (id_comuna,nombre_comuna,id_provincia) VALUES (195,'San Rafael',33);
INSERT INTO comuna (id_comuna,nombre_comuna,id_provincia) VALUES (196,'Talca',33);
INSERT INTO comuna (id_comuna,nombre_comuna,id_provincia) VALUES (197,'Arauco',34);
INSERT INTO comuna (id_comuna,nombre_comuna,id_provincia) VALUES (198,'Cañete',34);
INSERT INTO comuna (id_comuna,nombre_comuna,id_provincia) VALUES (199,'Contulmo',34);
INSERT INTO comuna (id_comuna,nombre_comuna,id_provincia) VALUES (200,'Curanilahue',34);
INSERT INTO comuna (id_comuna,nombre_comuna,id_provincia) VALUES (201,'Lebu',34);
INSERT INTO comuna (id_comuna,nombre_comuna,id_provincia) VALUES (202,'Los Álamos',34);
INSERT INTO comuna (id_comuna,nombre_comuna,id_provincia) VALUES (203,'Tirúa',34);
INSERT INTO comuna (id_comuna,nombre_comuna,id_provincia) VALUES (204,'Alto Biobío',35);
INSERT INTO comuna (id_comuna,nombre_comuna,id_provincia) VALUES (205,'Antuco',35);
INSERT INTO comuna (id_comuna,nombre_comuna,id_provincia) VALUES (206,'Cabrero',35);
INSERT INTO comuna (id_comuna,nombre_comuna,id_provincia) VALUES (207,'Laja',35);
INSERT INTO comuna (id_comuna,nombre_comuna,id_provincia) VALUES (208,'Los Ángeles',35);
INSERT INTO comuna (id_comuna,nombre_comuna,id_provincia) VALUES (209,'Mulchén',35);
INSERT INTO comuna (id_comuna,nombre_comuna,id_provincia) VALUES (210,'Nacimiento',35);
INSERT INTO comuna (id_comuna,nombre_comuna,id_provincia) VALUES (211,'Negrete',35);
INSERT INTO comuna (id_comuna,nombre_comuna,id_provincia) VALUES (212,'Quilaco',35);
INSERT INTO comuna (id_comuna,nombre_comuna,id_provincia) VALUES (213,'Quilleco',35);
INSERT INTO comuna (id_comuna,nombre_comuna,id_provincia) VALUES (214,'San Rosendo',35);
INSERT INTO comuna (id_comuna,nombre_comuna,id_provincia) VALUES (215,'Santa Bárbara',35);
INSERT INTO comuna (id_comuna,nombre_comuna,id_provincia) VALUES (216,'Tucapel',35);
INSERT INTO comuna (id_comuna,nombre_comuna,id_provincia) VALUES (217,'Yumbel',35);
INSERT INTO comuna (id_comuna,nombre_comuna,id_provincia) VALUES (218,'Chiguayante',36);
INSERT INTO comuna (id_comuna,nombre_comuna,id_provincia) VALUES (219,'Concepción',36);
INSERT INTO comuna (id_comuna,nombre_comuna,id_provincia) VALUES (220,'Coronel',36);
INSERT INTO comuna (id_comuna,nombre_comuna,id_provincia) VALUES (221,'Florida',36);
INSERT INTO comuna (id_comuna,nombre_comuna,id_provincia) VALUES (222,'Hualpén',36);
INSERT INTO comuna (id_comuna,nombre_comuna,id_provincia) VALUES (223,'Hualqui',36);
INSERT INTO comuna (id_comuna,nombre_comuna,id_provincia) VALUES (224,'Lota',36);
INSERT INTO comuna (id_comuna,nombre_comuna,id_provincia) VALUES (225,'Penco',36);
INSERT INTO comuna (id_comuna,nombre_comuna,id_provincia) VALUES (226,'San Pedro de La Paz',36);
INSERT INTO comuna (id_comuna,nombre_comuna,id_provincia) VALUES (227,'Santa Juana',36);
INSERT INTO comuna (id_comuna,nombre_comuna,id_provincia) VALUES (228,'Talcahuano',36);
INSERT INTO comuna (id_comuna,nombre_comuna,id_provincia) VALUES (229,'Tomé',36);
INSERT INTO comuna (id_comuna,nombre_comuna,id_provincia) VALUES (230,'Bulnes',37);
INSERT INTO comuna (id_comuna,nombre_comuna,id_provincia) VALUES (231,'Chillán',37);
INSERT INTO comuna (id_comuna,nombre_comuna,id_provincia) VALUES (232,'Chillán Viejo',37);
INSERT INTO comuna (id_comuna,nombre_comuna,id_provincia) VALUES (233,'Cobquecura',37);
INSERT INTO comuna (id_comuna,nombre_comuna,id_provincia) VALUES (234,'Coelemu',37);
INSERT INTO comuna (id_comuna,nombre_comuna,id_provincia) VALUES (235,'Coihueco',37);
INSERT INTO comuna (id_comuna,nombre_comuna,id_provincia) VALUES (236,'El Carmen',37);
INSERT INTO comuna (id_comuna,nombre_comuna,id_provincia) VALUES (237,'Ninhue',37);
INSERT INTO comuna (id_comuna,nombre_comuna,id_provincia) VALUES (238,'Ñiquen',37);
INSERT INTO comuna (id_comuna,nombre_comuna,id_provincia) VALUES (239,'Pemuco',37);
INSERT INTO comuna (id_comuna,nombre_comuna,id_provincia) VALUES (240,'Pinto',37);
INSERT INTO comuna (id_comuna,nombre_comuna,id_provincia) VALUES (241,'Portezuelo',37);
INSERT INTO comuna (id_comuna,nombre_comuna,id_provincia) VALUES (242,'Quillón',37);
INSERT INTO comuna (id_comuna,nombre_comuna,id_provincia) VALUES (243,'Quirihue',37);
INSERT INTO comuna (id_comuna,nombre_comuna,id_provincia) VALUES (244,'Ránquil',37);
INSERT INTO comuna (id_comuna,nombre_comuna,id_provincia) VALUES (245,'San Carlos',37);
INSERT INTO comuna (id_comuna,nombre_comuna,id_provincia) VALUES (246,'San Fabián',37);
INSERT INTO comuna (id_comuna,nombre_comuna,id_provincia) VALUES (247,'San Ignacio',37);
INSERT INTO comuna (id_comuna,nombre_comuna,id_provincia) VALUES (248,'San Nicolás',37);
INSERT INTO comuna (id_comuna,nombre_comuna,id_provincia) VALUES (249,'Treguaco',37);
INSERT INTO comuna (id_comuna,nombre_comuna,id_provincia) VALUES (250,'Yungay',37);
INSERT INTO comuna (id_comuna,nombre_comuna,id_provincia) VALUES (251,'Carahue',38);
INSERT INTO comuna (id_comuna,nombre_comuna,id_provincia) VALUES (252,'Cholchol',38);
INSERT INTO comuna (id_comuna,nombre_comuna,id_provincia) VALUES (253,'Cunco',38);
INSERT INTO comuna (id_comuna,nombre_comuna,id_provincia) VALUES (254,'Curarrehue',38);
INSERT INTO comuna (id_comuna,nombre_comuna,id_provincia) VALUES (255,'Freire',38);
INSERT INTO comuna (id_comuna,nombre_comuna,id_provincia) VALUES (256,'Galvarino',38);
INSERT INTO comuna (id_comuna,nombre_comuna,id_provincia) VALUES (257,'Gorbea',38);
INSERT INTO comuna (id_comuna,nombre_comuna,id_provincia) VALUES (258,'Lautaro',38);
INSERT INTO comuna (id_comuna,nombre_comuna,id_provincia) VALUES (259,'Loncoche',38);
INSERT INTO comuna (id_comuna,nombre_comuna,id_provincia) VALUES (260,'Melipeuco',38);
INSERT INTO comuna (id_comuna,nombre_comuna,id_provincia) VALUES (261,'Nueva Imperial',38);
INSERT INTO comuna (id_comuna,nombre_comuna,id_provincia) VALUES (262,'Padre Las Casas',38);
INSERT INTO comuna (id_comuna,nombre_comuna,id_provincia) VALUES (263,'Perquenco',38);
INSERT INTO comuna (id_comuna,nombre_comuna,id_provincia) VALUES (264,'Pitrufquén',38);
INSERT INTO comuna (id_comuna,nombre_comuna,id_provincia) VALUES (265,'Pucón',38);
INSERT INTO comuna (id_comuna,nombre_comuna,id_provincia) VALUES (266,'Saavedra',38);
INSERT INTO comuna (id_comuna,nombre_comuna,id_provincia) VALUES (267,'Temuco',38);
INSERT INTO comuna (id_comuna,nombre_comuna,id_provincia) VALUES (268,'Teodoro Schmidt',38);
INSERT INTO comuna (id_comuna,nombre_comuna,id_provincia) VALUES (269,'Toltén',38);
INSERT INTO comuna (id_comuna,nombre_comuna,id_provincia) VALUES (270,'Vilcún',38);
INSERT INTO comuna (id_comuna,nombre_comuna,id_provincia) VALUES (271,'Villarrica',38);
INSERT INTO comuna (id_comuna,nombre_comuna,id_provincia) VALUES (272,'Angol',39);
INSERT INTO comuna (id_comuna,nombre_comuna,id_provincia) VALUES (273,'Collipulli',39);
INSERT INTO comuna (id_comuna,nombre_comuna,id_provincia) VALUES (274,'Curacautín',39);
INSERT INTO comuna (id_comuna,nombre_comuna,id_provincia) VALUES (275,'Ercilla',39);
INSERT INTO comuna (id_comuna,nombre_comuna,id_provincia) VALUES (276,'Lonquimay',39);
INSERT INTO comuna (id_comuna,nombre_comuna,id_provincia) VALUES (277,'Los Sauces',39);
INSERT INTO comuna (id_comuna,nombre_comuna,id_provincia) VALUES (278,'Lumaco',39);
INSERT INTO comuna (id_comuna,nombre_comuna,id_provincia) VALUES (279,'Purén',39);
INSERT INTO comuna (id_comuna,nombre_comuna,id_provincia) VALUES (280,'Renaico',39);
INSERT INTO comuna (id_comuna,nombre_comuna,id_provincia) VALUES (281,'Traiguén',39);
INSERT INTO comuna (id_comuna,nombre_comuna,id_provincia) VALUES (282,'Victoria',39);
INSERT INTO comuna (id_comuna,nombre_comuna,id_provincia) VALUES (283,'Corral',40);
INSERT INTO comuna (id_comuna,nombre_comuna,id_provincia) VALUES (284,'Lanco',40);
INSERT INTO comuna (id_comuna,nombre_comuna,id_provincia) VALUES (285,'Los Lagos',40);
INSERT INTO comuna (id_comuna,nombre_comuna,id_provincia) VALUES (286,'Máfil',40);
INSERT INTO comuna (id_comuna,nombre_comuna,id_provincia) VALUES (287,'Mariquina',40);
INSERT INTO comuna (id_comuna,nombre_comuna,id_provincia) VALUES (288,'Paillaco',40);
INSERT INTO comuna (id_comuna,nombre_comuna,id_provincia) VALUES (289,'Panguipulli',40);
INSERT INTO comuna (id_comuna,nombre_comuna,id_provincia) VALUES (290,'Valdivia',40);
INSERT INTO comuna (id_comuna,nombre_comuna,id_provincia) VALUES (291,'Futrono',41);
INSERT INTO comuna (id_comuna,nombre_comuna,id_provincia) VALUES (292,'La Unión',41);
INSERT INTO comuna (id_comuna,nombre_comuna,id_provincia) VALUES (293,'Lago Ranco',41);
INSERT INTO comuna (id_comuna,nombre_comuna,id_provincia) VALUES (294,'Río Bueno',41);
INSERT INTO comuna (id_comuna,nombre_comuna,id_provincia) VALUES (295,'Ancud',42);
INSERT INTO comuna (id_comuna,nombre_comuna,id_provincia) VALUES (296,'Castro',42);
INSERT INTO comuna (id_comuna,nombre_comuna,id_provincia) VALUES (297,'Chonchi',42);
INSERT INTO comuna (id_comuna,nombre_comuna,id_provincia) VALUES (298,'Curaco de Vélez',42);
INSERT INTO comuna (id_comuna,nombre_comuna,id_provincia) VALUES (299,'Dalcahue',42);
INSERT INTO comuna (id_comuna,nombre_comuna,id_provincia) VALUES (300,'Puqueldón',42);
INSERT INTO comuna (id_comuna,nombre_comuna,id_provincia) VALUES (301,'Queilén',42);
INSERT INTO comuna (id_comuna,nombre_comuna,id_provincia) VALUES (302,'Quemchi',42);
INSERT INTO comuna (id_comuna,nombre_comuna,id_provincia) VALUES (303,'Quellón',42);
INSERT INTO comuna (id_comuna,nombre_comuna,id_provincia) VALUES (304,'Quinchao',42);
INSERT INTO comuna (id_comuna,nombre_comuna,id_provincia) VALUES (305,'Calbuco',43);
INSERT INTO comuna (id_comuna,nombre_comuna,id_provincia) VALUES (306,'Cochamó',43);
INSERT INTO comuna (id_comuna,nombre_comuna,id_provincia) VALUES (307,'Fresia',43);
INSERT INTO comuna (id_comuna,nombre_comuna,id_provincia) VALUES (308,'Frutillar',43);
INSERT INTO comuna (id_comuna,nombre_comuna,id_provincia) VALUES (309,'Llanquihue',43);
INSERT INTO comuna (id_comuna,nombre_comuna,id_provincia) VALUES (310,'Los Muermos',43);
INSERT INTO comuna (id_comuna,nombre_comuna,id_provincia) VALUES (311,'Maullín',43);
INSERT INTO comuna (id_comuna,nombre_comuna,id_provincia) VALUES (312,'Puerto Montt',43);
INSERT INTO comuna (id_comuna,nombre_comuna,id_provincia) VALUES (313,'Puerto Varas',43);
INSERT INTO comuna (id_comuna,nombre_comuna,id_provincia) VALUES (314,'Osorno',44);
INSERT INTO comuna (id_comuna,nombre_comuna,id_provincia) VALUES (315,'Puero Octay',44);
INSERT INTO comuna (id_comuna,nombre_comuna,id_provincia) VALUES (316,'Purranque',44);
INSERT INTO comuna (id_comuna,nombre_comuna,id_provincia) VALUES (317,'Puyehue',44);
INSERT INTO comuna (id_comuna,nombre_comuna,id_provincia) VALUES (318,'Río Negro',44);
INSERT INTO comuna (id_comuna,nombre_comuna,id_provincia) VALUES (319,'San Juan de la Costa',44);
INSERT INTO comuna (id_comuna,nombre_comuna,id_provincia) VALUES (320,'San Pablo',44);
INSERT INTO comuna (id_comuna,nombre_comuna,id_provincia) VALUES (321,'Chaitén',45);
INSERT INTO comuna (id_comuna,nombre_comuna,id_provincia) VALUES (322,'Futaleufú',45);
INSERT INTO comuna (id_comuna,nombre_comuna,id_provincia) VALUES (323,'Hualaihué',45);
INSERT INTO comuna (id_comuna,nombre_comuna,id_provincia) VALUES (324,'Palena',45);
INSERT INTO comuna (id_comuna,nombre_comuna,id_provincia) VALUES (325,'Aisén',46);
INSERT INTO comuna (id_comuna,nombre_comuna,id_provincia) VALUES (326,'Cisnes',46);
INSERT INTO comuna (id_comuna,nombre_comuna,id_provincia) VALUES (327,'Guaitecas',46);
INSERT INTO comuna (id_comuna,nombre_comuna,id_provincia) VALUES (328,'Cochrane',47);
INSERT INTO comuna (id_comuna,nombre_comuna,id_provincia) VALUES (329,'O\'higgins',47);
INSERT INTO comuna (id_comuna,nombre_comuna,id_provincia) VALUES (330,'Tortel',47);
INSERT INTO comuna (id_comuna,nombre_comuna,id_provincia) VALUES (331,'Coihaique',48);
INSERT INTO comuna (id_comuna,nombre_comuna,id_provincia) VALUES (332,'Lago Verde',48);
INSERT INTO comuna (id_comuna,nombre_comuna,id_provincia) VALUES (333,'Chile Chico',49);
INSERT INTO comuna (id_comuna,nombre_comuna,id_provincia) VALUES (334,'Río Ibáñez',49);
INSERT INTO comuna (id_comuna,nombre_comuna,id_provincia) VALUES (335,'Antártica',50);
INSERT INTO comuna (id_comuna,nombre_comuna,id_provincia) VALUES (336,'Cabo de Hornos',50);
INSERT INTO comuna (id_comuna,nombre_comuna,id_provincia) VALUES (337,'Laguna Blanca',51);
INSERT INTO comuna (id_comuna,nombre_comuna,id_provincia) VALUES (338,'Punta Arenas',51);
INSERT INTO comuna (id_comuna,nombre_comuna,id_provincia) VALUES (339,'Río Verde',51);
INSERT INTO comuna (id_comuna,nombre_comuna,id_provincia) VALUES (340,'San Gregorio',51);
INSERT INTO comuna (id_comuna,nombre_comuna,id_provincia) VALUES (341,'Porvenir',52);
INSERT INTO comuna (id_comuna,nombre_comuna,id_provincia) VALUES (342,'Primavera',52);
INSERT INTO comuna (id_comuna,nombre_comuna,id_provincia) VALUES (343,'Timaukel',52);
INSERT INTO comuna (id_comuna,nombre_comuna,id_provincia) VALUES (344,'Natales',53);
INSERT INTO comuna (id_comuna,nombre_comuna,id_provincia) VALUES (345,'Torres del Paine',53);



INSERT INTO bodega (id_bodega,id_comuna,direccion,nombre_bodega) VALUES (2052,'2','Rio Tolten 804','Don Maximiliano');
INSERT INTO bodega (id_bodega,id_comuna,direccion,nombre_bodega) VALUES (2053,'3','Francisco Bilbao 95','Don Alonso');
INSERT INTO bodega (id_bodega,id_comuna,direccion,nombre_bodega) VALUES (2054,'4','Patricio Lynch 950','Don Francisco');
INSERT INTO bodega (id_bodega,id_comuna,direccion,nombre_bodega) VALUES (2055,'5','Sarmineto 878','Don David');
INSERT INTO bodega (id_bodega,id_comuna,direccion,nombre_bodega) VALUES (2056,'6','Rio Allipen 350','Don Roberto');
INSERT INTO bodega (id_bodega,id_comuna,direccion,nombre_bodega) VALUES (2057,'7','Caupolican 656','Don Carlos');
INSERT INTO bodega (id_bodega,id_comuna,direccion,nombre_bodega) VALUES (2058,'8','Cacique Paillalef 234','Don Jose');
INSERT INTO bodega (id_bodega,id_comuna,direccion,nombre_bodega) VALUES (2059,'9','Aníbal Pincheira 34','Don Ramón');
INSERT INTO bodega (id_bodega,id_comuna,direccion,nombre_bodega) VALUES (2060,'10','Arauco 345','Don Ruben');
INSERT INTO bodega (id_bodega,id_comuna,direccion,nombre_bodega) VALUES (2061,'11','Artemio Gutiérrez 577','Don Alejandro');
INSERT INTO bodega (id_bodega,id_comuna,direccion,nombre_bodega) VALUES (2062,'12','18 de Septiembre 56765','Don Agustin');
INSERT INTO bodega (id_bodega,id_comuna,direccion,nombre_bodega) VALUES (2063,'13','Alessandri 12','Don Omar');
INSERT INTO bodega (id_bodega,id_comuna,direccion,nombre_bodega) VALUES (2064,'14','Holanda 45','Don Gustavo');
INSERT INTO bodega (id_bodega,id_comuna,direccion,nombre_bodega) VALUES (2065,'15','Alonso del Pozo 453','Don Lazaro');
INSERT INTO bodega (id_bodega,id_comuna,direccion,nombre_bodega) VALUES (2066,'16','Compañía de Jesús 123','Don Enrique');
INSERT INTO bodega (id_bodega,id_comuna,direccion,nombre_bodega) VALUES (2067,'17','José María Caro 777','Don Edgar');
INSERT INTO bodega (id_bodega,id_comuna,direccion,nombre_bodega) VALUES (2068,'18','Los Maitenes 888','Don Elias');
INSERT INTO bodega (id_bodega,id_comuna,direccion,nombre_bodega) VALUES (2069,'19','Los Peumos 976','Don Felipe');
INSERT INTO bodega (id_bodega,id_comuna,direccion,nombre_bodega) VALUES (2070,'20','21 de Mayo 556','Don Cristobal');
INSERT INTO bodega (id_bodega,id_comuna,direccion,nombre_bodega) VALUES (2071,'21','Echaurren 876','Don Dagoberto');
INSERT INTO bodega (id_bodega,id_comuna,direccion,nombre_bodega) VALUES (2072,'22','Santo Domingo 565','Don Emiliano');
INSERT INTO bodega (id_bodega,id_comuna,direccion,nombre_bodega) VALUES (2073,'23','2 Oriente 564','Don Hernando');
INSERT INTO bodega (id_bodega,id_comuna,direccion,nombre_bodega) VALUES (2074,'24','2 Poniente 765','Don Cristian');
INSERT INTO bodega (id_bodega,id_comuna,direccion,nombre_bodega) VALUES (2075,'25','Santa María 987','Don Juan');
INSERT INTO bodega (id_bodega,id_comuna,direccion,nombre_bodega) VALUES (2076,'26','Jaime Torrent 34','Don Marcial');
INSERT INTO bodega (id_bodega,id_comuna,direccion,nombre_bodega) VALUES (2077,'27','Juan Canuillan 54','Don Aurelio');
INSERT INTO bodega (id_bodega,id_comuna,direccion,nombre_bodega) VALUES (2078,'28','Juan de Salcedo 564','Don Efrain');
INSERT INTO bodega (id_bodega,id_comuna,direccion,nombre_bodega) VALUES (2079,'29','Juan Egaña 704','Don Armando');
INSERT INTO bodega (id_bodega,id_comuna,direccion,nombre_bodega) VALUES (2080,'30','Alejandro Volta 603','Don Eliseo');
INSERT INTO bodega (id_bodega,id_comuna,direccion,nombre_bodega) VALUES (2081,'31','Javiera Carrera 782','Don Adolfo');



INSERT INTO proveedor (id_proveedor,id_comuna,direccion,email,giro,nombre_proveedor,rut_proveedor) VALUES (1,'1','Pisa 2031','mano@malinator.com','fabrica','Sodimac','1.111.111-3');
INSERT INTO proveedor (id_proveedor,id_comuna,direccion,email,giro,nombre_proveedor,rut_proveedor) VALUES (2,'2','Rio Tolten 804','mano@malinator.com','nada','Easy','1.111.111-4');
INSERT INTO proveedor (id_proveedor,id_comuna,direccion,email,giro,nombre_proveedor,rut_proveedor) VALUES (3,'3','Francisco Bilbao 95','mano@malinator.com','que hacen','Chispita','1.111.111-5');
INSERT INTO proveedor (id_proveedor,id_comuna,direccion,email,giro,nombre_proveedor,rut_proveedor) VALUES (4,'4','Patricio Lynch 950','mano@malinator.com','ni idea','Sodimac','1.111.111-6');
INSERT INTO proveedor (id_proveedor,id_comuna,direccion,email,giro,nombre_proveedor,rut_proveedor) VALUES (5,'5','Sarmineto 878','mano@malinator.com','fabrica','Easy','1.111.111-7');
INSERT INTO proveedor (id_proveedor,id_comuna,direccion,email,giro,nombre_proveedor,rut_proveedor) VALUES (6,'6','Rio Allipen 350','mano@malinator.com','nada','Chispita','1.111.111-8');
INSERT INTO proveedor (id_proveedor,id_comuna,direccion,email,giro,nombre_proveedor,rut_proveedor) VALUES (7,'7','Caupolican 656','mano@malinator.com','que hacen','Sodimac','1.111.111-9');
INSERT INTO proveedor (id_proveedor,id_comuna,direccion,email,giro,nombre_proveedor,rut_proveedor) VALUES (8,'8','Cacique Paillalef 234','mano@malinator.com','ni idea','Easy','1.111.111-10');
INSERT INTO proveedor (id_proveedor,id_comuna,direccion,email,giro,nombre_proveedor,rut_proveedor) VALUES (9,'9','Aníbal Pincheira 34','mano@malinator.com','fabrica','Chispita','1.111.111-11');
INSERT INTO proveedor (id_proveedor,id_comuna,direccion,email,giro,nombre_proveedor,rut_proveedor) VALUES (10,'10','Arauco 345','mano@malinator.com','nada','Sodimac','1.111.111-12');
INSERT INTO proveedor (id_proveedor,id_comuna,direccion,email,giro,nombre_proveedor,rut_proveedor) VALUES (11,'11','Artemio Gutiérrez 577','mano@malinator.com','que hacen','Easy','1.111.111-13');
INSERT INTO proveedor (id_proveedor,id_comuna,direccion,email,giro,nombre_proveedor,rut_proveedor) VALUES (12,'12','18 de Septiembre 56765','mano@malinator.com','ni idea','Chispita','1.111.111-14');
INSERT INTO proveedor (id_proveedor,id_comuna,direccion,email,giro,nombre_proveedor,rut_proveedor) VALUES (13,'13','Alessandri 12','mano@malinator.com','fabrica','Sodimac','1.111.111-15');
INSERT INTO proveedor (id_proveedor,id_comuna,direccion,email,giro,nombre_proveedor,rut_proveedor) VALUES (14,'14','Holanda 45','mano@malinator.com','nada','Easy','1.111.111-16');
INSERT INTO proveedor (id_proveedor,id_comuna,direccion,email,giro,nombre_proveedor,rut_proveedor) VALUES (15,'15','Alonso del Pozo 453','mano@malinator.com','que hacen','Chispita','1.111.111-17');
INSERT INTO proveedor (id_proveedor,id_comuna,direccion,email,giro,nombre_proveedor,rut_proveedor) VALUES (16,'16','Compañía de Jesús 123','mano@malinator.com','ni idea','Sodimac','1.111.111-18');
INSERT INTO proveedor (id_proveedor,id_comuna,direccion,email,giro,nombre_proveedor,rut_proveedor) VALUES (17,'17','José María Caro 777','mano@malinator.com','fabrica','Easy','1.111.111-19');
INSERT INTO proveedor (id_proveedor,id_comuna,direccion,email,giro,nombre_proveedor,rut_proveedor) VALUES (18,'18','Los Maitenes 888','mano@malinator.com','nada','Chispita','1.111.111-20');
INSERT INTO proveedor (id_proveedor,id_comuna,direccion,email,giro,nombre_proveedor,rut_proveedor) VALUES (19,'19','Los Peumos 976','mano@malinator.com','que hacen','Sodimac','1.111.111-21');
INSERT INTO proveedor (id_proveedor,id_comuna,direccion,email,giro,nombre_proveedor,rut_proveedor) VALUES (20,'20','21 de Mayo 556','mano@malinator.com','ni idea','Easy','1.111.111-22');
INSERT INTO proveedor (id_proveedor,id_comuna,direccion,email,giro,nombre_proveedor,rut_proveedor) VALUES (21,'21','Echaurren 876','mano@malinator.com','fabrica','Chispita','1.111.111-23');
INSERT INTO proveedor (id_proveedor,id_comuna,direccion,email,giro,nombre_proveedor,rut_proveedor) VALUES (22,'22','Santo Domingo 565','mano@malinator.com','nada','Sodimac','1.111.111-24');
INSERT INTO proveedor (id_proveedor,id_comuna,direccion,email,giro,nombre_proveedor,rut_proveedor) VALUES (23,'23','2 Oriente 564','mano@malinator.com','que hacen','Easy','1.111.111-25');
INSERT INTO proveedor (id_proveedor,id_comuna,direccion,email,giro,nombre_proveedor,rut_proveedor) VALUES (24,'24','2 Poniente 765','mano@malinator.com','ni idea','Chispita','1.111.111-26');
INSERT INTO proveedor (id_proveedor,id_comuna,direccion,email,giro,nombre_proveedor,rut_proveedor) VALUES (25,'25','Santa María 987','mano@malinator.com','fabrica','Sodimac','1.111.111-27');
INSERT INTO proveedor (id_proveedor,id_comuna,direccion,email,giro,nombre_proveedor,rut_proveedor) VALUES (26,'26','Jaime Torrent 34','mano@malinator.com','nada','Easy','1.111.111-28');
INSERT INTO proveedor (id_proveedor,id_comuna,direccion,email,giro,nombre_proveedor,rut_proveedor) VALUES (27,'27','Juan Canuillan 54','mano@malinator.com','que hacen','Chispita','1.111.111-29');
INSERT INTO proveedor (id_proveedor,id_comuna,direccion,email,giro,nombre_proveedor,rut_proveedor) VALUES (28,'28','Juan de Salcedo 564','mano@malinator.com','ni idea','Sodimac','1.111.111-30');
INSERT INTO proveedor (id_proveedor,id_comuna,direccion,email,giro,nombre_proveedor,rut_proveedor) VALUES (29,'29','Juan Egaña 704','mano@malinator.com','fabrica','Easy','1.111.111-31');
INSERT INTO proveedor (id_proveedor,id_comuna,direccion,email,giro,nombre_proveedor,rut_proveedor) VALUES (30,'30','Alejandro Volta 603','mano@malinator.com','nada','Chispita','1.111.111-32');
INSERT INTO proveedor (id_proveedor,id_comuna,direccion,email,giro,nombre_proveedor,rut_proveedor) VALUES (31,'31','Javiera Carrera 782','mano@malinator.com','que hacen','Sodimac','1.111.111-33');
										   
INSERT INTO tipo_producto (id_tipo_producto,nombre_tipo_producto) VALUES (1,'Herramientas de mano');
INSERT INTO tipo_producto (id_tipo_producto,nombre_tipo_producto) VALUES (2,'Herramientas de sujeción');
INSERT INTO tipo_producto (id_tipo_producto,nombre_tipo_producto) VALUES (3,'Elementos de unión');
INSERT INTO tipo_producto (id_tipo_producto,nombre_tipo_producto) VALUES (4,'Productos de fijación y sellado ');
INSERT INTO tipo_producto (id_tipo_producto,nombre_tipo_producto) VALUES (5,'Herramientas para construcción e instaladores');
INSERT INTO tipo_producto (id_tipo_producto,nombre_tipo_producto) VALUES (6,'Utensilios de limpieza');
INSERT INTO tipo_producto (id_tipo_producto,nombre_tipo_producto) VALUES (7,'Equipos de protección individual');
INSERT INTO tipo_producto (id_tipo_producto,nombre_tipo_producto) VALUES (8,'Herramientas de Medición y Trazado');
INSERT INTO tipo_producto (id_tipo_producto,nombre_tipo_producto) VALUES (9,'Herramientas eléctricas');
INSERT INTO tipo_producto (id_tipo_producto,nombre_tipo_producto) VALUES (10,'Tuberías y sus accesorios');
INSERT INTO tipo_producto (id_tipo_producto,nombre_tipo_producto) VALUES (11,'Pinturas, esmaltes y barnices');
INSERT INTO tipo_producto (id_tipo_producto,nombre_tipo_producto) VALUES (12,'Materiales de Construcción');
INSERT INTO tipo_producto (id_tipo_producto,nombre_tipo_producto) VALUES (13,'materiales de electricidad');

INSERT INTO usuario (apellido_materno,apellido_paterno,contrasena,direccion,email,nombre_usuario,rut_usuario,tipo_usuario,username,id_comuna) VALUES ('rodriguez','sandoval','$2a$10$C3Uln5uqnzx/GswADURJGOIdBqYrly9731fnwKDaUdBkt/M3qvtLq','rio tolten 804','manuel@gmail.com','manuel','16843596-7',1, 'manolo', 1);
INSERT INTO usuario (apellido_materno,apellido_paterno,contrasena,direccion,email,nombre_usuario,rut_usuario,tipo_usuario,username,id_comuna) VALUES ('ssdsad','adad','$2a$10$C3Uln5uqnzx/GswADURJGOIdBqYrly9731fnwKDaUdBkt/M3qvtLq','rioadsadaen 804','adfd@gmail.com','dfsd','16dfd',1, 'dfdf', 2);

INSERT INTO roles (nombre) VALUES ('ROLE_USER');
INSERT INTO roles (nombre) VALUES ('ROLE_ADMIN');

INSERT INTO usuarios_roles (id_usuario, id_roles) VALUES (1, 1);
INSERT INTO usuarios_roles (id_usuario, id_roles) VALUES (2, 2);
INSERT INTO usuarios_roles (id_usuario, id_roles) VALUES (2, 1);

INSERT INTO `cliente` (`apellido_materno`,`apellido_paterno`,`desc_cliente`,`direccion`,`email`,`nombre_cliente`,`rut_cliente`,`id_comuna`) VALUES ("Ray","Dakota","Non Inc.","4581 Nullam Av.","tortor.at.risus@sollicitudinorcisem.org","Alvin","34.049.844",1),("Neil","Amelia","Metus Eu Erat Incorporated","P.O. Box 464, 6397 Lacus. Street","consectetuer@ametorciUt.ca","Lamar","19.383.297",2),("Cairo","Macey","Ipsum Ltd","610-1520 Sed Rd.","sem@Mauris.com","Devin","46.574.130",3),("Laith","McKenzie","At PC","Ap #432-1580 Sapien. St.","sociosqu@Sedauctorodio.edu","Joel","13.492.745",4),("Brody","Madonna","Facilisis Associates","184-5201 A Av.","magnis.dis@netusetmalesuada.org","Thor","32.549.431",5),("Elton","Marcia","Pharetra Nam Ac Corp.","Ap #953-7038 Quisque St.","nulla.In@Sedmalesuada.com","Tad","19.404.591",6),("Grant","Wynter","Cubilia Inc.","284-4044 Pharetra. St.","nunc.sit@Fuscefermentum.net","Erich","37.958.936",7),("Herman","Carol","Vitae Sodales PC","6051 Mi Rd.","Proin.mi@eu.edu","Christopher","28.669.170",8),("Wesley","Bree","Nibh Dolor Nonummy Industries","832-6292 Enim Rd.","purus.Maecenas.libero@tortor.com","Dante","47.576.690",9),("Alan","Ramona","Tincidunt Dui Consulting","256-1631 Ut Av.","cursus.a.enim@cursusvestibulum.net","Raja","20.475.394",10),("Warren","Lila","Metus Urna LLP","343-5218 Dolor St.","magna@malesuadafringillaest.edu","Ezra","13.092.482",11),("Orson","Aileen","Nullam Suscipit Consulting","880-4339 Pharetra. St.","enim@euismodmauris.net","Hashim","7.678.685",12),("Dean","Amena","Duis Corporation","P.O. Box 517, 9955 Cum Road","nibh.vulputate@nonjusto.net","Griffin","11.761.603",13),("Hilel","Briar","Lacus Quisque LLP","863-8044 Vulputate, Av.","Integer.aliquam@urna.org","Odysseus","15.846.366",14),("Quentin","Keelie","Est Consulting","482-2234 Donec Rd.","feugiat.metus.sit@antelectusconvallis.co.uk","Chancellor","34.851.376",15),("Octavius","Ainsley","Ullamcorper Duis Industries","882-6224 Diam. Avenue","aptent.taciti.sociosqu@natoque.edu","Grady","43.211.668",16),("Wyatt","Delilah","Justo Eu Consulting","5417 Aenean St.","sed@turpisAliquamadipiscing.edu","Yoshio","30.742.130",17),("Oleg","Hollee","Sem Nulla Company","Ap #546-1084 Lacus. St.","at@imperdiet.com","Kelly","5.851.552",18),("Herrod","Pearl","Sem Eget Massa Limited","9564 In Ave","elit.erat.vitae@Cumsociis.com","Steven","50.336.996",19),("Jesse","Noelani","Tincidunt Orci Limited","403-5878 Amet Rd.","placerat.Cras.dictum@auctor.edu","Zeus","18.776.307",20);
INSERT INTO `cliente` (`apellido_materno`,`apellido_paterno`,`desc_cliente`,`direccion`,`email`,`nombre_cliente`,`rut_cliente`,`id_comuna`) VALUES ("Duncan","Kalia","Tempus Mauris Incorporated","708-2976 Eget Road","lectus.quis.massa@quismassaMauris.net","Sebastian","25.052.938",21),("Chancellor","Priscilla","Non Industries","P.O. Box 619, 1858 Ante. Street","Phasellus@idenim.edu","Rahim","15.815.222",22),("Dean","Ariana","Vitae Corporation","9280 Nibh. Ave","faucibus.ut@Mauris.edu","Bernard","9.471.380",23),("Reuben","Xandra","Mus Ltd","2562 Cum Road","sed.leo.Cras@dolorNulla.com","Peter","35.965.956",24),("Vance","Whoopi","Metus Vivamus Associates","4133 Convallis St.","felis.Donec@convallis.com","Richard","30.483.563",25),("Wang","Ruby","Non Lorem Corporation","P.O. Box 609, 957 Tortor, Av.","Nam.ligula@posuereenimnisl.com","Quamar","20.810.282",26),("Edward","Whoopi","Nullam Limited","Ap #144-676 Quis Road","nulla.In.tincidunt@quisarcu.net","Coby","39.730.502",27),("Hamish","Serina","Auctor Nunc Nulla Incorporated","P.O. Box 287, 7159 Auctor Road","est.arcu.ac@ligula.org","Conan","36.143.296",28),("Hop","Maya","Cras Vulputate LLP","8856 Non Road","dapibus.id.blandit@purusDuis.net","Sawyer","22.424.841",29),("Paul","Clementine","Phasellus Inc.","Ap #176-9005 Fringilla St.","Nullam@dictumProin.org","Hyatt","10.939.707",30),("Eric","Destiny","Magna Sed LLP","Ap #925-2243 Posuere Rd.","tortor.dictum@ipsum.co.uk","Tiger","37.243.402",31),("Fitzgerald","Venus","Eleifend PC","427-6934 Dolor Av.","Suspendisse.non@nec.com","Ryan","49.561.943",32),("Caldwell","Naomi","Class Aptent Incorporated","1796 Proin Avenue","natoque.penatibus@lobortis.org","Fitzgerald","6.148.585",33),("Alden","Lunea","Dictum Mi Ac LLP","P.O. Box 951, 7932 Mollis Street","Phasellus.at.augue@ante.ca","Merrill","42.118.331",34),("Ralph","Tana","In At Pede Foundation","994-4546 Sit St.","Donec@necurna.co.uk","Hiram","21.920.472",35),("Addison","Cassandra","Mauris Ipsum Industries","Ap #822-1999 Duis Rd.","ligula.elit@orcisem.net","Leo","19.108.115",36),("Dale","Charissa","Enim Condimentum Institute","P.O. Box 601, 9679 Morbi Road","Maecenas@ultricesVivamusrhoncus.edu","Hamilton","37.040.751",37),("Sylvester","Ruby","Nec Corp.","9674 Proin Av.","consequat@Sedeu.edu","Nero","11.808.494",38),("Evan","Jana","Blandit LLC","710-7493 Natoque St.","consequat.dolor.vitae@justoProin.net","Craig","37.724.054",39),("Julian","Chastity","Magnis Dis Parturient Limited","126-5590 Augue Road","pellentesque.tellus.sem@anteipsumprimis.com","Allen","44.950.424",40);
INSERT INTO `cliente` (`apellido_materno`,`apellido_paterno`,`desc_cliente`,`direccion`,`email`,`nombre_cliente`,`rut_cliente`,`id_comuna`) VALUES ("Vladimir","Jenna","Gravida Sagittis Associates","Ap #489-4361 Posuere Av.","venenatis.vel.faucibus@Nullamut.net","Randall","32.199.287",41),("Logan","Candice","Tristique Incorporated","P.O. Box 778, 4193 Ridiculus Road","dictum@fringilla.ca","Sylvester","45.631.646",42),("Davis","Glenna","Condimentum Eget Consulting","Ap #872-8830 Mi St.","dolor.sit@Namtempor.org","Beck","44.159.364",43),("Avram","Aimee","Nullam Vitae Inc.","P.O. Box 402, 4890 Tempus Rd.","nibh.Aliquam.ornare@velit.co.uk","Dalton","48.008.178",44),("Justin","Lysandra","Egestas Fusce Corporation","548-2409 Enim Avenue","malesuada@id.org","Solomon","7.915.269",45),("August","Madonna","Non Ltd","Ap #504-9985 Mollis St.","vestibulum@loremloremluctus.ca","Philip","40.528.857",46),("Ahmed","Nell","Integer Aliquam LLP","723-7942 Magna. Road","blandit@quispede.net","Rogan","30.811.844",47),("Ciaran","Alyssa","Leo In Lobortis Institute","P.O. Box 336, 1921 Risus. Road","ornare.facilisis.eget@enim.net","Chaney","21.947.041",48),("Kato","Ocean","Egestas LLP","P.O. Box 683, 151 Nunc Road","tincidunt@sociisnatoque.edu","Phelan","41.066.080",49),("Daniel","Daryl","Enim Limited","P.O. Box 486, 8117 Montes, Street","odio.semper@Nullamvelit.ca","Fletcher","30.603.723",50),("Gannon","Quail","Gravida Non Sollicitudin Consulting","9221 Sagittis Road","sit.amet.ultricies@etnetus.net","Duncan","22.201.168",51),("William","Tara","Commodo Tincidunt LLC","P.O. Box 107, 2508 Luctus, Av.","lacus.Etiam@necurna.edu","Logan","6.589.857",52),("Lucas","Aimee","Sodales Purus LLC","432-4775 Diam St.","in.lobortis.tellus@ProinvelitSed.net","Tyrone","17.660.908",53),("Isaiah","Ingrid","Mollis Nec Inc.","4870 Ligula. Avenue","dictum.sapien@risusIn.edu","Chaney","35.824.647",54),("Prescott","Cameran","Sem Consequat Nec LLP","390 Sed St.","tempor@disparturient.com","Branden","27.478.860",55),("Ivan","Ursa","Non Ltd","P.O. Box 823, 1927 Iaculis Ave","eu.neque.pellentesque@sapienNunc.co.uk","Walker","48.430.969",56),("Addison","Jemima","Erat Eget Tincidunt Ltd","9328 Mus. Ave","facilisis@Pellentesque.co.uk","Ali","20.082.500",57),("Leo","Gemma","Nullam PC","Ap #507-3682 Facilisis St.","Donec.feugiat.metus@ullamcorper.com","Brendan","35.616.189",58),("Herrod","Leah","Nulla LLC","Ap #494-3387 Cursus, Av.","dui.quis.accumsan@pellentesquetellussem.edu","Chaney","13.090.557",59),("Chaney","Daphne","Quis Industries","790-6445 Elementum Ave","ac.urna@semvitae.edu","Baker","44.664.087",60);
INSERT INTO `cliente` (`apellido_materno`,`apellido_paterno`,`desc_cliente`,`direccion`,`email`,`nombre_cliente`,`rut_cliente`,`id_comuna`) VALUES ("Aladdin","Florence","Iaculis Quis Pede Inc.","6583 Non Rd.","mauris@nequeMorbi.co.uk","Baker","43.104.112",61),("Lionel","Rae","Magna PC","459-7750 Pellentesque St.","quam@aliquamerosturpis.com","Brandon","38.067.831",62),("Octavius","Harriet","Euismod Mauris Eu Foundation","6725 Id, Rd.","orci.luctus@quamdignissimpharetra.co.uk","Wyatt","30.895.467",63),("Ignatius","Iliana","Eu Incorporated","P.O. Box 103, 1597 Gravida Road","eget@mauris.net","Beau","12.007.985",64),("Brady","Quintessa","Faucibus Company","7639 Urna. St.","ultricies@Morbineque.ca","Valentine","9.882.863",65),("Joseph","Shannon","Vulputate Lacus Company","P.O. Box 914, 9826 Elit. St.","amet.risus.Donec@egestas.com","Len","43.726.565",66),("Perry","Martena","Dictum Ultricies Ltd","P.O. Box 385, 7821 Cras Avenue","varius@turpisNulla.ca","Hunter","32.842.387",67),("Brendan","Alea","Mauris Sagittis Industries","304-5144 Id, Rd.","consectetuer@Uttinciduntorci.edu","Octavius","41.614.559",68),("Fulton","Rebecca","Mattis Institute","170-3576 Praesent Street","arcu@Praesenteudui.co.uk","Edward","37.065.446",69),("Gary","Margaret","Faucibus Ltd","P.O. Box 359, 9317 Felis. Road","quam.dignissim.pharetra@Phasellus.org","Curran","7.823.706",70),("Ferris","Meredith","Dui Company","323-5451 Placerat. St.","sit@Ut.net","Yoshio","29.668.618",71),("Caesar","Macey","Fermentum Risus Corp.","Ap #188-2757 Dui. Street","et@Donecluctusaliquet.org","Arsenio","38.328.552",72),("Kevin","Regina","In LLP","Ap #892-8816 Eget Road","urna.Nullam.lobortis@velquamdignissim.edu","Jakeem","15.173.210",73),("Graiden","Urielle","Ac Libero Nec Associates","Ap #252-9507 Malesuada Road","hendrerit@parturientmontesnascetur.co.uk","Samson","19.025.532",74),("Ivor","Pandora","Velit Ltd","1420 Quisque Ave","fermentum@vehicularisus.ca","Kennan","10.914.623",75),("Donovan","Winifred","Enim Nec Tempus Incorporated","5421 Donec Street","molestie@eu.com","Zephania","33.341.889",76),("Melvin","Meghan","Enim Commodo Corporation","Ap #928-3887 Aliquam St.","Sed@dui.ca","Stone","26.575.454",77),("Eric","Audra","Aliquet Incorporated","P.O. Box 863, 6340 Enim, St.","placerat.eget.venenatis@tempus.co.uk","Matthew","35.688.572",78),("Hu","Breanna","Viverra Donec Limited","367-856 Quis Rd.","ultrices.mauris@nisl.net","Perry","48.424.492",79),("Harding","Urielle","Eleifend Vitae Consulting","Ap #598-3337 Duis St.","mollis@nibhPhasellusnulla.ca","Luke","30.626.234",80);
INSERT INTO `cliente` (`apellido_materno`,`apellido_paterno`,`desc_cliente`,`direccion`,`email`,`nombre_cliente`,`rut_cliente`,`id_comuna`) VALUES ("Ignatius","Jane","Lacus Quisque Inc.","Ap #437-6327 Rutrum Street","Donec.felis@velarcuCurabitur.net","Jesse","26.524.786",81),("Garth","Jescie","Magna Inc.","Ap #644-7554 Commodo Avenue","Suspendisse.ac@pharetraNam.edu","Lane","40.550.609",82),("Wyatt","Wynne","Vehicula Aliquet Inc.","5771 Orci Avenue","tellus.faucibus@urna.edu","Victor","31.499.053",83),("Elmo","Kylan","Auctor Ullamcorper PC","7374 Ultrices Road","hendrerit.Donec@primis.co.uk","Elliott","45.550.401",84),("Hoyt","Martena","Fringilla Cursus Purus Corp.","Ap #217-969 Etiam Rd.","eu@ipsumDonec.org","Porter","28.636.437",85),("Dominic","Gwendolyn","Erat Sed PC","Ap #482-648 Ac Rd.","ridiculus.mus.Proin@laciniaorci.org","Nissim","20.416.016",86),("Magee","Hayfa","Adipiscing Enim Mi Associates","P.O. Box 642, 4977 A, Ave","arcu.Nunc@Phasellusdolor.co.uk","Cairo","41.409.066",87),("Coby","Urielle","Tempus Eu PC","Ap #984-1576 Cum Av.","lobortis.quis@nonummyFuscefermentum.co.uk","Sylvester","10.118.298",88),("Hayden","Christine","Metus Industries","P.O. Box 114, 6053 Feugiat. Av.","lacus.Aliquam@quisturpis.ca","Avram","17.170.889",89),("Blake","Flavia","Libero Consulting","527-7953 Tincidunt St.","Etiam@sitamet.com","Simon","26.849.464",90),("Judah","Skyler","Ac Orci PC","8446 Nunc. Rd.","dictum.cursus@vitaesodalesnisi.net","Cameron","11.201.762",91),("Elmo","Lael","Cursus Corporation","4783 Vitae Avenue","eros@nec.ca","Carl","36.576.931",92),("William","Fiona","Mi Aliquam LLP","714 Vel, Rd.","et.tristique.pellentesque@noncursus.ca","Macaulay","16.282.393",93),("Knox","Ciara","Condimentum Corporation","7812 Quis Av.","dui@penatibuset.org","Nehru","18.641.298",94),("Gannon","Gloria","Amet Industries","Ap #497-8553 Mattis. Avenue","egestas.ligula@eteuismodet.edu","Theodore","34.120.419",95),("Marsden","Erica","Sem Semper Erat Corporation","756-4944 Et Rd.","a.purus@Nunc.com","Brent","19.611.393",96),("Hunter","Irene","Commodo Ipsum Suspendisse Company","Ap #212-4214 Donec Rd.","neque@atauctorullamcorper.ca","Otto","46.708.153",97),("Sylvester","Camilla","Metus Company","9957 Risus Ave","velit.eu.sem@lobortisultrices.com","Thor","26.729.402",98),("Josiah","Reagan","Ornare Lectus Industries","Ap #839-9215 Justo Av.","at.egestas@consequatnecmollis.org","Gareth","28.499.590",99),("Wyatt","Denise","Erat Vivamus PC","2779 Mollis Road","dis.parturient.montes@leo.com","Thomas","34.155.287",100);

INSERT INTO producto (id_producto,marca_producto,nombre_producto,unidad_medida,id_tipo_producto) VALUES (9788496859548,"nada","martillo","Unidad",1),(7891035613005,"esto","pala","Unidad",2),(110,"nose","mesa","Unidad",3),(115,"nose","computador","Unidad",4),(120,"nose","mouse","Unidad",5),(125,"nose","teclado","Unidad",6),(130,"nada","tecla","Unidad",7),(135,"nada","pantalla","Unidad",8),(140,"nada","silla","Unidad",9),(145,"nada","respaldo","Unidad",10);

								   